2024-05-10T03:57:19.380 INFO:teuthology.orchestra.run.smithi150.stdout:/usr/bin/ceph: stderr
2024-05-10T03:57:18.581+0000 7fdc4543e700 1 -- 172.21.15.150:0/2024823794 shutdown_connections
2024-05-10T03:57:19.380 INFO:teuthology.orchestra.run.smithi150.stdout:/usr/bin/ceph: stderr
2024-05-10T03:57:18.581+0000 7fdc4543e700 1 --2- 172.21.15.150:0/2024823794 >> [v2:172.21.15.150:3300/0,v1:172.21.15.150:6789/0] conn(0x7fdc40107840 0x7fdc40107c50 unknown :-1 s=CLOSED pgs=49 cs=0 l=1 rev1=1 crypto rx=0 tx=0 comp rx=0 tx=0).stop
2024-05-10T03:57:19.380 INFO:teuthology.orchestra.run.smithi150.stdout:/usr/bin/ceph: stderr
2024-05-10T03:57:18.581+0000 7fdc4543e700 1 -- 172.21.15.150:0/2024823794 >> 172.21.15.150:0/2024823794 conn(0x7fdc40101030 msgr2=0x7fdc40103480 unknown :-1 s=STATE_NONE l=0).mark_down
2024-05-10T03:57:19.380 INFO:teuthology.orchestra.run.smithi150.stdout:/usr/bin/ceph: stderr
2024-05-10T03:57:18.581+0000 7fdc4543e700 1 -- 172.21.15.150:0/2024823794 shutdown_connections
2024-05-10T03:57:19.380 INFO:teuthology.orchestra.run.smithi150.stdout:/usr/bin/ceph: stderr
2024-05-10T03:57:18.581+0000 7fdc4543e700 1 -- 172.21.15.150:0/2024823794 wait complete.
2024-05-10T03:57:19.381 INFO:teuthology.orchestra.run.smithi150.stdout:/usr/bin/ceph: stderr
2024-05-10T03:57:18.581+0000 7fdc4543e700 1 Processor -- start
2024-05-10T03:57:19.381 INFO:teuthology.orchestra.run.smithi150.stdout:/usr/bin/ceph: stderr
2024-05-10T03:57:18.582+0000 7fdc4543e700 1 -- start start
2024-05-10T03:57:19.381 INFO:teuthology.orchestra.run.smithi150.stdout:/usr/bin/ceph: stderr
2024-05-10T03:57:18.582+0000 7fdc4543e700 1 --2- >> [v2:172.21.15.150:3300/0,v1:172.21.15.150:6789/0] conn(0x7fdc40107840 0x7fdc4019d6a0 unknown :-1 s=NONE pgs=0 cs=0 l=1 rev1=0 crypto rx=0 tx=0 comp rx=0 tx=0).connect
2024-05-10T03:57:19.381 INFO:teuthology.orchestra.run.smithi150.stdout:/usr/bin/ceph: stderr
2024-05-10T03:57:18.582+0000 7fdc4543e700 1 -- --> [v2:172.21.15.150:3300/0,v1:172.21.15.150:6789/0] -- mon_getmap magic: 0 v1 -- 0x7fdc4019dbe0 con 0x7fdc40107840
2024-05-10T03:57:19.381 INFO:teuthology.orchestra.run.smithi150.stdout:/usr/bin/ceph: stderr
2024-05-10T03:57:18.582+0000 7fdc3effd700 1 --2- >> [v2:172.21.15.150:3300/0,v1:172.21.15.150:6789/0] conn(0x7fdc40107840 0x7fdc4019d6a0 unknown :-1 s=BANNER_CONNECTING pgs=0 cs=0 l=1 rev1=0 crypto rx=0 tx=0 comp rx=0 tx=0)._handle_peer_banner_payload supported=3 required=0
2024-05-10T03:57:19.381 INFO:teuthology.orchestra.run.smithi150.stdout:/usr/bin/ceph: stderr
2024-05-10T03:57:18.582+0000 7fdc3effd700 1 --2- >> [v2:172.21.15.150:3300/0,v1:172.21.15.150:6789/0] conn(0x7fdc40107840 0x7fdc4019d6a0 unknown :-1 s=HELLO_CONNECTING pgs=0 cs=0 l=1 rev1=1 crypto rx=0 tx=0 comp rx=0 tx=0).handle_hello peer v2:172.21.15.150:3300/0 says I am v2:172.21.15.150:32942/0 (socket says 172.21.15.150:32942)
2024-05-10T03:57:19.381 INFO:teuthology.orchestra.run.smithi150.stdout:/usr/bin/ceph: stderr
2024-05-10T03:57:18.582+0000 7fdc3effd700 1 -- 172.21.15.150:0/1974524801 learned_addr learned my addr 172.21.15.150:0/1974524801 (peer_addr_for_me v2:172.21.15.150:0/0)
2024-05-10T03:57:19.381 INFO:teuthology.orchestra.run.smithi150.stdout:/usr/bin/ceph: stderr
2024-05-10T03:57:18.582+0000 7fdc3effd700 1 -- 172.21.15.150:0/1974524801 --> [v2:172.21.15.150:3300/0,v1:172.21.15.150:6789/0] -- mon_subscribe({config=0+,monmap=0+}) v3 -- 0x7fdc30009550 con 0x7fdc40107840
2024-05-10T03:57:19.381 INFO:teuthology.orchestra.run.smithi150.stdout:/usr/bin/ceph: stderr
2024-05-10T03:57:18.582+0000 7fdc3effd700 1 --2- 172.21.15.150:0/1974524801 >> [v2:172.21.15.150:3300/0,v1:172.21.15.150:6789/0] conn(0x7fdc40107840 0x7fdc4019d6a0 secure :-1 s=READY pgs=50 cs=0 l=1 rev1=1 crypto rx=0x7fdc30011670 tx=0x7fdc30011a30 comp rx=0 tx=0).ready entity=mon.0 client_cookie=0 server_cookie=0 in_seq=0 out_seq=0
2024-05-10T03:57:19.381 INFO:teuthology.orchestra.run.smithi150.stdout:/usr/bin/ceph: stderr
2024-05-10T03:57:18.583+0000 7fdc27fff700 1 -- 172.21.15.150:0/1974524801 <== mon.0 v2:172.21.15.150:3300/0 1 ==== mon_map magic: 0 v1 ==== 205+0+0 (secure 0 0 0) 0x7fdc30003af0 con 0x7fdc40107840
2024-05-10T03:57:19.381 INFO:teuthology.orchestra.run.smithi150.stdout:/usr/bin/ceph: stderr
2024-05-10T03:57:18.583+0000 7fdc27fff700 1 -- 172.21.15.150:0/1974524801 <== mon.0 v2:172.21.15.150:3300/0 2 ==== config(26 keys) v1 ==== 1105+0+0 (secure 0 0 0) 0x7fdc30003c50 con 0x7fdc40107840
2024-05-10T03:57:19.381 INFO:teuthology.orchestra.run.smithi150.stdout:/usr/bin/ceph: stderr
2024-05-10T03:57:18.583+0000 7fdc27fff700 1 -- 172.21.15.150:0/1974524801 <== mon.0 v2:172.21.15.150:3300/0 3 ==== mon_map magic: 0 v1 ==== 205+0+0 (secure 0 0 0) 0x7fdc30024820 con 0x7fdc40107840
2024-05-10T03:57:19.382 INFO:teuthology.orchestra.run.smithi150.stdout:/usr/bin/ceph: stderr
2024-05-10T03:57:18.583+0000 7fdc4543e700 1 -- 172.21.15.150:0/1974524801 --> [v2:172.21.15.150:3300/0,v1:172.21.15.150:6789/0] -- mon_subscribe({mgrmap=0+}) v3 -- 0x7fdc4019dde0 con 0x7fdc40107840
2024-05-10T03:57:19.382 INFO:teuthology.orchestra.run.smithi150.stdout:/usr/bin/ceph: stderr
2024-05-10T03:57:18.583+0000 7fdc4543e700 1 -- 172.21.15.150:0/1974524801 --> [v2:172.21.15.150:3300/0,v1:172.21.15.150:6789/0] -- mon_subscribe({osdmap=0}) v3 -- 0x7fdc4019e280 con 0x7fdc40107840
2024-05-10T03:57:19.382 INFO:teuthology.orchestra.run.smithi150.stdout:/usr/bin/ceph: stderr
2024-05-10T03:57:18.584+0000 7fdc27fff700 1 -- 172.21.15.150:0/1974524801 <== mon.0 v2:172.21.15.150:3300/0 4 ==== mgrmap(e 8) v1 ==== 45541+0+0 (secure 0 0 0) 0x7fdc30024aa0 con 0x7fdc40107840
2024-05-10T03:57:19.382 INFO:teuthology.orchestra.run.smithi150.stdout:/usr/bin/ceph: stderr
2024-05-10T03:57:18.584+0000 7fdc4543e700 1 -- 172.21.15.150:0/1974524801 --> [v2:172.21.15.150:3300/0,v1:172.21.15.150:6789/0] -- mon_command({"prefix": "get_command_descriptions"} v 0) v1 -- 0x7fdc4010d740 con 0x7fdc40107840
2024-05-10T03:57:19.382 INFO:teuthology.orchestra.run.smithi150.stdout:/usr/bin/ceph: stderr
2024-05-10T03:57:18.584+0000 7fdc27fff700 1 --2- 172.21.15.150:0/1974524801 >> [v2:172.21.15.150:6800/999775795,v1:172.21.15.150:6801/999775795] conn(0x7fdc28038700 0x7fdc2803ac10 unknown :-1 s=NONE pgs=0 cs=0 l=1 rev1=0 crypto rx=0 tx=0 comp rx=0 tx=0).connect
2024-05-10T03:57:19.382 INFO:teuthology.orchestra.run.smithi150.stdout:/usr/bin/ceph: stderr
2024-05-10T03:57:18.584+0000 7fdc27fff700 1 -- 172.21.15.150:0/1974524801 <== mon.0 v2:172.21.15.150:3300/0 5 ==== osd_map(2..2 src has 1..2) v4 ==== 940+0+0 (secure 0 0 0) 0x7fdc3004d860 con 0x7fdc40107840
2024-05-10T03:57:19.382 INFO:teuthology.orchestra.run.smithi150.stdout:/usr/bin/ceph: stderr
2024-05-10T03:57:18.584+0000 7fdc3e7fc700 1 --2- 172.21.15.150:0/1974524801 >> [v2:172.21.15.150:6800/999775795,v1:172.21.15.150:6801/999775795] conn(0x7fdc28038700 0x7fdc2803ac10 unknown :-1 s=BANNER_CONNECTING pgs=0 cs=0 l=1 rev1=0 crypto rx=0 tx=0 comp rx=0 tx=0)._handle_peer_banner_payload supported=3 required=0
2024-05-10T03:57:19.382 INFO:teuthology.orchestra.run.smithi150.stdout:/usr/bin/ceph: stderr
2024-05-10T03:57:18.584+0000 7fdc3e7fc700 1 --2- 172.21.15.150:0/1974524801 >> [v2:172.21.15.150:6800/999775795,v1:172.21.15.150:6801/999775795] conn(0x7fdc28038700 0x7fdc2803ac10 secure :-1 s=READY pgs=13 cs=0 l=1 rev1=1 crypto rx=0x7fdc34006fd0 tx=0x7fdc34006e40 comp rx=0 tx=0).ready entity=mgr.14120 client_cookie=0 server_cookie=0 in_seq=0 out_seq=0
2024-05-10T03:57:19.382 INFO:teuthology.orchestra.run.smithi150.stdout:/usr/bin/ceph: stderr
2024-05-10T03:57:18.589+0000 7fdc27fff700 1 -- 172.21.15.150:0/1974524801 <== mon.0 v2:172.21.15.150:3300/0 6 ==== mon_command_ack([{"prefix": "get_command_descriptions"}]=0 v0) v1 ==== 72+0+183622 (secure 0 0 0) 0x7fdc30010380 con 0x7fdc40107840
2024-05-10T03:57:19.382 INFO:teuthology.orchestra.run.smithi150.stdout:/usr/bin/ceph: stderr
2024-05-10T03:57:18.827+0000 7fdc4543e700 1 -- 172.21.15.150:0/1974524801 --> [v2:172.21.15.150:6800/999775795,v1:172.21.15.150:6801/999775795] -- mgr_command(tid 0: {"prefix": "orch apply", "service_type": "mgr", "unmanaged": true, "target": ["mon-mgr", ""]}) v1 -- 0x7fdc401a0a80 con 0x7fdc28038700
2024-05-10T03:57:19.382 INFO:teuthology.orchestra.run.smithi150.stdout:/usr/bin/ceph: stderr
2024-05-10T03:57:18.833+0000 7fdc27fff700 1 -- 172.21.15.150:0/1974524801 <== mgr.14120 v2:172.21.15.150:6800/999775795 1 ==== mgr_command_reply(tid 0: 0 ) v1 ==== 8+0+24 (secure 0 0 0) 0x7fdc401a0a80 con 0x7fdc28038700
2024-05-10T03:57:19.382 INFO:teuthology.orchestra.run.smithi150.stdout:/usr/bin/ceph: stderr
2024-05-10T03:57:18.835+0000 7fdc4543e700 1 -- 172.21.15.150:0/1974524801 >> [v2:172.21.15.150:6800/999775795,v1:172.21.15.150:6801/999775795] conn(0x7fdc28038700 msgr2=0x7fdc2803ac10 secure :-1 s=STATE_CONNECTION_ESTABLISHED l=1).mark_down
2024-05-10T03:57:19.382 INFO:teuthology.orchestra.run.smithi150.stdout:/usr/bin/ceph: stderr
2024-05-10T03:57:18.835+0000 7fdc4543e700 1 --2- 172.21.15.150:0/1974524801 >> [v2:172.21.15.150:6800/999775795,v1:172.21.15.150:6801/999775795] conn(0x7fdc28038700 0x7fdc2803ac10 secure :-1 s=READY pgs=13 cs=0 l=1 rev1=1 crypto rx=0x7fdc34006fd0 tx=0x7fdc34006e40 comp rx=0 tx=0).stop
2024-05-10T03:57:19.382 INFO:teuthology.orchestra.run.smithi150.stdout:/usr/bin/ceph: stderr
2024-05-10T03:57:18.835+0000 7fdc4543e700 1 -- 172.21.15.150:0/1974524801 >> [v2:172.21.15.150:3300/0,v1:172.21.15.150:6789/0] conn(0x7fdc40107840 msgr2=0x7fdc4019d6a0 secure :-1 s=STATE_CONNECTION_ESTABLISHED l=1).mark_down
2024-05-10T03:57:19.383 INFO:teuthology.orchestra.run.smithi150.stdout:/usr/bin/ceph: stderr
2024-05-10T03:57:18.835+0000 7fdc4543e700 1 --2- 172.21.15.150:0/1974524801 >> [v2:172.21.15.150:3300/0,v1:172.21.15.150:6789/0] conn(0x7fdc40107840 0x7fdc4019d6a0 secure :-1 s=READY pgs=50 cs=0 l=1 rev1=1 crypto rx=0x7fdc30011670 tx=0x7fdc30011a30 comp rx=0 tx=0).stop
2024-05-10T03:57:19.383 INFO:teuthology.orchestra.run.smithi150.stdout:/usr/bin/ceph: stderr
2024-05-10T03:57:18.835+0000 7fdc4543e700 1 -- 172.21.15.150:0/1974524801 shutdown_connections
2024-05-10T03:57:19.383 INFO:teuthology.orchestra.run.smithi150.stdout:/usr/bin/ceph: stderr
2024-05-10T03:57:18.835+0000 7fdc4543e700 1 --2- 172.21.15.150:0/1974524801 >> [v2:172.21.15.150:6800/999775795,v1:172.21.15.150:6801/999775795] conn(0x7fdc28038700 0x7fdc2803ac10 unknown :-1 s=CLOSED pgs=13 cs=0 l=1 rev1=1 crypto rx=0 tx=0 comp rx=0 tx=0).stop
2024-05-10T03:57:19.383 INFO:teuthology.orchestra.run.smithi150.stdout:/usr/bin/ceph: stderr
2024-05-10T03:57:18.835+0000 7fdc4543e700 1 --2- 172.21.15.150:0/1974524801 >> [v2:172.21.15.150:3300/0,v1:172.21.15.150:6789/0] conn(0x7fdc40107840 0x7fdc4019d6a0 unknown :-1 s=CLOSED pgs=50 cs=0 l=1 rev1=1 crypto rx=0 tx=0 comp rx=0 tx=0).stop
2024-05-10T03:57:19.383 INFO:teuthology.orchestra.run.smithi150.stdout:/usr/bin/ceph: stderr
2024-05-10T03:57:18.835+0000 7fdc4543e700 1 -- 172.21.15.150:0/1974524801 >> 172.21.15.150:0/1974524801 conn(0x7fdc40101030 msgr2=0x7fdc40102950 unknown :-1 s=STATE_NONE l=0).mark_down
2024-05-10T03:57:19.383 INFO:teuthology.orchestra.run.smithi150.stdout:/usr/bin/ceph: stderr
2024-05-10T03:57:18.836+0000 7fdc4543e700 1 -- 172.21.15.150:0/1974524801 shutdown_connections
2024-05-10T03:57:19.383 INFO:teuthology.orchestra.run.smithi150.stdout:/usr/bin/ceph: stderr
2024-05-10T03:57:18.836+0000 7fdc4543e700 1 -- 172.21.15.150:0/1974524801 wait complete.
2024-05-10T03:57:20.138 INFO:journalctl@ceph.mon.a.smithi150.stdout:May 10 03:57:19 smithi150 ceph-mon[42477]: from='client.14144 -' entity='client.admin' cmd=[{"prefix": "orch apply", "service_type": "mgr", "unmanaged": true, "target": ["mon-mgr", ""]}]: dispatch
2024-05-10T03:57:20.139 INFO:journalctl@ceph.mon.a.smithi150.stdout:May 10 03:57:19 smithi150 ceph-mon[42477]: Saving service mgr spec with placement count:2
2024-05-10T03:57:20.139 INFO:journalctl@ceph.mon.a.smithi150.stdout:May 10 03:57:19 smithi150 ceph-mon[42477]: from='mgr.14120 172.21.15.150:0/720668380' entity='mgr.x'
2024-05-10T03:57:20.344 INFO:teuthology.orchestra.run.smithi150.stdout:/usr/bin/ceph: stderr
2024-05-10T03:57:19.742+0000 7f654f8f6700 1 Processor -- start
2024-05-10T03:57:20.344 INFO:teuthology.orchestra.run.smithi150.stdout:/usr/bin/ceph: stderr
2024-05-10T03:57:19.742+0000 7f654f8f6700 1 -- start start
2024-05-10T03:57:20.344 INFO:teuthology.orchestra.run.smithi150.stdout:/usr/bin/ceph: stderr
2024-05-10T03:57:19.742+0000 7f654f8f6700 1 --2- >> [v2:172.21.15.150:3300/0,v1:172.21.15.150:6789/0] conn(0x7f65481077a0 0x7f6548107bb0 unknown :-1 s=NONE pgs=0 cs=0 l=0 rev1=0 crypto rx=0 tx=0 comp rx=0 tx=0).connect
2024-05-10T03:57:20.344 INFO:teuthology.orchestra.run.smithi150.stdout:/usr/bin/ceph: stderr
2024-05-10T03:57:19.742+0000 7f654f8f6700 1 -- --> [v2:172.21.15.150:3300/0,v1:172.21.15.150:6789/0] -- mon_getmap magic: 0 v1 -- 0x7f65481081c0 con 0x7f65481077a0
2024-05-10T03:57:20.345 INFO:teuthology.orchestra.run.smithi150.stdout:/usr/bin/ceph: stderr
2024-05-10T03:57:19.743+0000 7f654d692700 1 --2- >> [v2:172.21.15.150:3300/0,v1:172.21.15.150:6789/0] conn(0x7f65481077a0 0x7f6548107bb0 unknown :-1 s=BANNER_CONNECTING pgs=0 cs=0 l=0 rev1=0 crypto rx=0 tx=0 comp rx=0 tx=0)._handle_peer_banner_payload supported=3 required=0
2024-05-10T03:57:20.345 INFO:teuthology.orchestra.run.smithi150.stdout:/usr/bin/ceph: stderr
2024-05-10T03:57:19.743+0000 7f654d692700 1 --2- >> [v2:172.21.15.150:3300/0,v1:172.21.15.150:6789/0] conn(0x7f65481077a0 0x7f6548107bb0 unknown :-1 s=HELLO_CONNECTING pgs=0 cs=0 l=0 rev1=1 crypto rx=0 tx=0 comp rx=0 tx=0).handle_hello peer v2:172.21.15.150:3300/0 says I am v2:172.21.15.150:58322/0 (socket says 172.21.15.150:58322)
2024-05-10T03:57:20.345 INFO:teuthology.orchestra.run.smithi150.stdout:/usr/bin/ceph: stderr
2024-05-10T03:57:19.743+0000 7f654d692700 1 -- 172.21.15.150:0/177115791 learned_addr learned my addr 172.21.15.150:0/177115791 (peer_addr_for_me v2:172.21.15.150:0/0)
2024-05-10T03:57:20.345 INFO:teuthology.orchestra.run.smithi150.stdout:/usr/bin/ceph: stderr
2024-05-10T03:57:19.743+0000 7f654d692700 1 -- 172.21.15.150:0/177115791 --> [v2:172.21.15.150:3300/0,v1:172.21.15.150:6789/0] -- mon_subscribe({config=0+,monmap=0+}) v3 -- 0x7f65481063d0 con 0x7f65481077a0
2024-05-10T03:57:20.345 INFO:teuthology.orchestra.run.smithi150.stdout:/usr/bin/ceph: stderr
2024-05-10T03:57:19.743+0000 7f654d692700 1 --2- 172.21.15.150:0/177115791 >> [v2:172.21.15.150:3300/0,v1:172.21.15.150:6789/0] conn(0x7f65481077a0 0x7f6548107bb0 secure :-1 s=READY pgs=51 cs=0 l=1 rev1=1 crypto rx=0x7f65440098a0 tx=0x7f6544009bb0 comp rx=0 tx=0).ready entity=mon.0 client_cookie=b15a92931d325a9a server_cookie=0 in_seq=0 out_seq=0
2024-05-10T03:57:20.345 INFO:teuthology.orchestra.run.smithi150.stdout:/usr/bin/ceph: stderr
2024-05-10T03:57:19.744+0000 7f653ffff700 1 -- 172.21.15.150:0/177115791 <== mon.0 v2:172.21.15.150:3300/0 1 ==== mon_map magic: 0 v1 ==== 205+0+0 (secure 0 0 0) 0x7f6544004160 con 0x7f65481077a0
2024-05-10T03:57:20.345 INFO:teuthology.orchestra.run.smithi150.stdout:/usr/bin/ceph: stderr
2024-05-10T03:57:19.744+0000 7f653ffff700 1 -- 172.21.15.150:0/177115791 <== mon.0 v2:172.21.15.150:3300/0 2 ==== config(26 keys) v1 ==== 1105+0+0 (secure 0 0 0) 0x7f65440042c0 con 0x7f65481077a0
2024-05-10T03:57:20.345 INFO:teuthology.orchestra.run.smithi150.stdout:/usr/bin/ceph: stderr
2024-05-10T03:57:19.744+0000 7f653ffff700 1 -- 172.21.15.150:0/177115791 <== mon.0 v2:172.21.15.150:3300/0 3 ==== mon_map magic: 0 v1 ==== 205+0+0 (secure 0 0 0) 0x7f65440119b0 con 0x7f65481077a0
2024-05-10T03:57:20.345 INFO:teuthology.orchestra.run.smithi150.stdout:/usr/bin/ceph: stderr
2024-05-10T03:57:19.745+0000 7f654f8f6700 1 -- 172.21.15.150:0/177115791 >> [v2:172.21.15.150:3300/0,v1:172.21.15.150:6789/0] conn(0x7f65481077a0 msgr2=0x7f6548107bb0 secure :-1 s=STATE_CONNECTION_ESTABLISHED l=1).mark_down
2024-05-10T03:57:20.345 INFO:teuthology.orchestra.run.smithi150.stdout:/usr/bin/ceph: stderr
2024-05-10T03:57:19.745+0000 7f654f8f6700 1 --2- 172.21.15.150:0/177115791 >> [v2:172.21.15.150:3300/0,v1:172.21.15.150:6789/0] conn(0x7f65481077a0 0x7f6548107bb0 secure :-1 s=READY pgs=51 cs=0 l=1 rev1=1 crypto rx=0x7f65440098a0 tx=0x7f6544009bb0 comp rx=0 tx=0).stop
2024-05-10T03:57:20.345 INFO:teuthology.orchestra.run.smithi150.stdout:/usr/bin/ceph: stderr
2024-05-10T03:57:19.745+0000 7f654f8f6700 1 -- 172.21.15.150:0/177115791 shutdown_connections
2024-05-10T03:57:20.345 INFO:teuthology.orchestra.run.smithi150.stdout:/usr/bin/ceph: stderr
2024-05-10T03:57:19.745+0000 7f654f8f6700 1 --2- 172.21.15.150:0/177115791 >> [v2:172.21.15.150:3300/0,v1:172.21.15.150:6789/0] conn(0x7f65481077a0 0x7f6548107bb0 unknown :-1 s=CLOSED pgs=51 cs=0 l=1 rev1=1 crypto rx=0 tx=0 comp rx=0 tx=0).stop
2024-05-10T03:57:20.345 INFO:teuthology.orchestra.run.smithi150.stdout:/usr/bin/ceph: stderr
2024-05-10T03:57:19.745+0000 7f654f8f6700 1 -- 172.21.15.150:0/177115791 >> 172.21.15.150:0/177115791 conn(0x7f6548100ff0 msgr2=0x7f6548103460 unknown :-1 s=STATE_NONE l=0).mark_down
2024-05-10T03:57:20.345 INFO:teuthology.orchestra.run.smithi150.stdout:/usr/bin/ceph: stderr
2024-05-10T03:57:19.745+0000 7f654f8f6700 1 -- 172.21.15.150:0/177115791 shutdown_connections
2024-05-10T03:57:20.346 INFO:teuthology.orchestra.run.smithi150.stdout:/usr/bin/ceph: stderr
2024-05-10T03:57:19.745+0000 7f654f8f6700 1 -- 172.21.15.150:0/177115791 wait complete.
2024-05-10T03:57:20.346 INFO:teuthology.orchestra.run.smithi150.stdout:/usr/bin/ceph: stderr
2024-05-10T03:57:19.746+0000 7f654f8f6700 1 Processor -- start
2024-05-10T03:57:20.346 INFO:teuthology.orchestra.run.smithi150.stdout:/usr/bin/ceph: stderr
2024-05-10T03:57:19.746+0000 7f654f8f6700 1 -- start start
2024-05-10T03:57:20.346 INFO:teuthology.orchestra.run.smithi150.stdout:/usr/bin/ceph: stderr
2024-05-10T03:57:19.746+0000 7f654f8f6700 1 --2- >> [v2:172.21.15.150:3300/0,v1:172.21.15.150:6789/0] conn(0x7f65481077a0 0x7f654819a3c0 unknown :-1 s=NONE pgs=0 cs=0 l=1 rev1=0 crypto rx=0 tx=0 comp rx=0 tx=0).connect
2024-05-10T03:57:20.346 INFO:teuthology.orchestra.run.smithi150.stdout:/usr/bin/ceph: stderr
2024-05-10T03:57:19.746+0000 7f654f8f6700 1 -- --> [v2:172.21.15.150:3300/0,v1:172.21.15.150:6789/0] -- mon_getmap magic: 0 v1 -- 0x7f654819a900 con 0x7f65481077a0
2024-05-10T03:57:20.346 INFO:teuthology.orchestra.run.smithi150.stdout:/usr/bin/ceph: stderr
2024-05-10T03:57:19.746+0000 7f654d692700 1 --2- >> [v2:172.21.15.150:3300/0,v1:172.21.15.150:6789/0] conn(0x7f65481077a0 0x7f654819a3c0 unknown :-1 s=BANNER_CONNECTING pgs=0 cs=0 l=1 rev1=0 crypto rx=0 tx=0 comp rx=0 tx=0)._handle_peer_banner_payload supported=3 required=0
2024-05-10T03:57:20.346 INFO:teuthology.orchestra.run.smithi150.stdout:/usr/bin/ceph: stderr
2024-05-10T03:57:19.746+0000 7f654d692700 1 --2- >> [v2:172.21.15.150:3300/0,v1:172.21.15.150:6789/0] conn(0x7f65481077a0 0x7f654819a3c0 unknown :-1 s=HELLO_CONNECTING pgs=0 cs=0 l=1 rev1=1 crypto rx=0 tx=0 comp rx=0 tx=0).handle_hello peer v2:172.21.15.150:3300/0 says I am v2:172.21.15.150:58328/0 (socket says 172.21.15.150:58328)
2024-05-10T03:57:20.346 INFO:teuthology.orchestra.run.smithi150.stdout:/usr/bin/ceph: stderr
2024-05-10T03:57:19.746+0000 7f654d692700 1 -- 172.21.15.150:0/3749310298 learned_addr learned my addr 172.21.15.150:0/3749310298 (peer_addr_for_me v2:172.21.15.150:0/0)
2024-05-10T03:57:20.346 INFO:teuthology.orchestra.run.smithi150.stdout:/usr/bin/ceph: stderr
2024-05-10T03:57:19.746+0000 7f654d692700 1 -- 172.21.15.150:0/3749310298 --> [v2:172.21.15.150:3300/0,v1:172.21.15.150:6789/0] -- mon_subscribe({config=0+,monmap=0+}) v3 -- 0x7f6544009550 con 0x7f65481077a0
2024-05-10T03:57:20.346 INFO:teuthology.orchestra.run.smithi150.stdout:/usr/bin/ceph: stderr
2024-05-10T03:57:19.747+0000 7f654d692700 1 --2- 172.21.15.150:0/3749310298 >> [v2:172.21.15.150:3300/0,v1:172.21.15.150:6789/0] conn(0x7f65481077a0 0x7f654819a3c0 secure :-1 s=READY pgs=52 cs=0 l=1 rev1=1 crypto rx=0x7f6544003e60 tx=0x7f6544011a30 comp rx=0 tx=0).ready entity=mon.0 client_cookie=0 server_cookie=0 in_seq=0 out_seq=0
2024-05-10T03:57:20.346 INFO:teuthology.orchestra.run.smithi150.stdout:/usr/bin/ceph: stderr
2024-05-10T03:57:19.747+0000 7f653e7fc700 1 -- 172.21.15.150:0/3749310298 <== mon.0 v2:172.21.15.150:3300/0 1 ==== mon_map magic: 0 v1 ==== 205+0+0 (secure 0 0 0) 0x7f65440038b0 con 0x7f65481077a0
2024-05-10T03:57:20.346 INFO:teuthology.orchestra.run.smithi150.stdout:/usr/bin/ceph: stderr
2024-05-10T03:57:19.747+0000 7f654f8f6700 1 -- 172.21.15.150:0/3749310298 --> [v2:172.21.15.150:3300/0,v1:172.21.15.150:6789/0] -- mon_subscribe({mgrmap=0+}) v3 -- 0x7f654819ab00 con 0x7f65481077a0
2024-05-10T03:57:20.346 INFO:teuthology.orchestra.run.smithi150.stdout:/usr/bin/ceph: stderr
2024-05-10T03:57:19.747+0000 7f653e7fc700 1 -- 172.21.15.150:0/3749310298 <== mon.0 v2:172.21.15.150:3300/0 2 ==== config(26 keys) v1 ==== 1105+0+0 (secure 0 0 0) 0x7f6544003a10 con 0x7f65481077a0
2024-05-10T03:57:20.346 INFO:teuthology.orchestra.run.smithi150.stdout:/usr/bin/ceph: stderr
2024-05-10T03:57:19.747+0000 7f653e7fc700 1 -- 172.21.15.150:0/3749310298 <== mon.0 v2:172.21.15.150:3300/0 3 ==== mon_map magic: 0 v1 ==== 205+0+0 (secure 0 0 0) 0x7f6544019530 con 0x7f65481077a0
2024-05-10T03:57:20.347 INFO:teuthology.orchestra.run.smithi150.stdout:/usr/bin/ceph: stderr
2024-05-10T03:57:19.747+0000 7f654f8f6700 1 -- 172.21.15.150:0/3749310298 --> [v2:172.21.15.150:3300/0,v1:172.21.15.150:6789/0] -- mon_subscribe({osdmap=0}) v3 -- 0x7f654819afa0 con 0x7f65481077a0
2024-05-10T03:57:20.347 INFO:teuthology.orchestra.run.smithi150.stdout:/usr/bin/ceph: stderr
2024-05-10T03:57:19.748+0000 7f653e7fc700 1 -- 172.21.15.150:0/3749310298 <== mon.0 v2:172.21.15.150:3300/0 4 ==== mgrmap(e 8) v1 ==== 45541+0+0 (secure 0 0 0) 0x7f6544019830 con 0x7f65481077a0
2024-05-10T03:57:20.347 INFO:teuthology.orchestra.run.smithi150.stdout:/usr/bin/ceph: stderr
2024-05-10T03:57:19.748+0000 7f653e7fc700 1 --2- 172.21.15.150:0/3749310298 >> [v2:172.21.15.150:6800/999775795,v1:172.21.15.150:6801/999775795] conn(0x7f65340386b0 0x7f653403abc0 unknown :-1 s=NONE pgs=0 cs=0 l=1 rev1=0 crypto rx=0 tx=0 comp rx=0 tx=0).connect
2024-05-10T03:57:20.347 INFO:teuthology.orchestra.run.smithi150.stdout:/usr/bin/ceph: stderr
2024-05-10T03:57:19.748+0000 7f653e7fc700 1 -- 172.21.15.150:0/3749310298 <== mon.0 v2:172.21.15.150:3300/0 5 ==== osd_map(2..2 src has 1..2) v4 ==== 940+0+0 (secure 0 0 0) 0x7f654404d870 con 0x7f65481077a0
2024-05-10T03:57:20.347 INFO:teuthology.orchestra.run.smithi150.stdout:/usr/bin/ceph: stderr
2024-05-10T03:57:19.748+0000 7f654ce91700 1 --2- 172.21.15.150:0/3749310298 >> [v2:172.21.15.150:6800/999775795,v1:172.21.15.150:6801/999775795] conn(0x7f65340386b0 0x7f653403abc0 unknown :-1 s=BANNER_CONNECTING pgs=0 cs=0 l=1 rev1=0 crypto rx=0 tx=0 comp rx=0 tx=0)._handle_peer_banner_payload supported=3 required=0
2024-05-10T03:57:20.347 INFO:teuthology.orchestra.run.smithi150.stdout:/usr/bin/ceph: stderr
2024-05-10T03:57:19.748+0000 7f654f8f6700 1 -- 172.21.15.150:0/3749310298 --> [v2:172.21.15.150:3300/0,v1:172.21.15.150:6789/0] -- mon_command({"prefix": "get_command_descriptions"} v 0) v1 -- 0x7f654810a610 con 0x7f65481077a0
2024-05-10T03:57:20.347 INFO:teuthology.orchestra.run.smithi150.stdout:/usr/bin/ceph: stderr
2024-05-10T03:57:19.748+0000 7f654ce91700 1 --2- 172.21.15.150:0/3749310298 >> [v2:172.21.15.150:6800/999775795,v1:172.21.15.150:6801/999775795] conn(0x7f65340386b0 0x7f653403abc0 secure :-1 s=READY pgs=14 cs=0 l=1 rev1=1 crypto rx=0x7f6538006fd0 tx=0x7f6538006e40 comp rx=0 tx=0).ready entity=mgr.14120 client_cookie=0 server_cookie=0 in_seq=0 out_seq=0
2024-05-10T03:57:20.347 INFO:teuthology.orchestra.run.smithi150.stdout:/usr/bin/ceph: stderr
2024-05-10T03:57:19.753+0000 7f653e7fc700 1 -- 172.21.15.150:0/3749310298 <== mon.0 v2:172.21.15.150:3300/0 6 ==== mon_command_ack([{"prefix": "get_command_descriptions"}]=0 v0) v1 ==== 72+0+183622 (secure 0 0 0) 0x7f6544019b30 con 0x7f65481077a0
2024-05-10T03:57:20.347 INFO:teuthology.orchestra.run.smithi150.stdout:/usr/bin/ceph: stderr
2024-05-10T03:57:19.971+0000 7f654f8f6700 1 -- 172.21.15.150:0/3749310298 --> [v2:172.21.15.150:3300/0,v1:172.21.15.150:6789/0] -- mon_command([{prefix=config set, name=mgr/cephadm/container_init}] v 0) v1 -- 0x7f654819d8e0 con 0x7f65481077a0
2024-05-10T03:57:20.347 INFO:teuthology.orchestra.run.smithi150.stdout:/usr/bin/ceph: stderr
2024-05-10T03:57:19.976+0000 7f653e7fc700 1 -- 172.21.15.150:0/3749310298 <== mon.0 v2:172.21.15.150:3300/0 7 ==== mon_command_ack([{prefix=config set, name=mgr/cephadm/container_init}]=0 v7)=0 v7) v1 ==== 142+0+0 (secure 0 0 0) 0x7f6544018350 con 0x7f65481077a0
2024-05-10T03:57:20.347 INFO:teuthology.orchestra.run.smithi150.stdout:/usr/bin/ceph: stderr
2024-05-10T03:57:19.979+0000 7f654f8f6700 1 -- 172.21.15.150:0/3749310298 >> [v2:172.21.15.150:6800/999775795,v1:172.21.15.150:6801/999775795] conn(0x7f65340386b0 msgr2=0x7f653403abc0 secure :-1 s=STATE_CONNECTION_ESTABLISHED l=1).mark_down
2024-05-10T03:57:20.347 INFO:teuthology.orchestra.run.smithi150.stdout:/usr/bin/ceph: stderr
2024-05-10T03:57:19.979+0000 7f654f8f6700 1 --2- 172.21.15.150:0/3749310298 >> [v2:172.21.15.150:6800/999775795,v1:172.21.15.150:6801/999775795] conn(0x7f65340386b0 0x7f653403abc0 secure :-1 s=READY pgs=14 cs=0 l=1 rev1=1 crypto rx=0x7f6538006fd0 tx=0x7f6538006e40 comp rx=0 tx=0).stop
2024-05-10T03:57:20.347 INFO:teuthology.orchestra.run.smithi150.stdout:/usr/bin/ceph: stderr
2024-05-10T03:57:19.979+0000 7f654f8f6700 1 -- 172.21.15.150:0/3749310298 >> [v2:172.21.15.150:3300/0,v1:172.21.15.150:6789/0] conn(0x7f65481077a0 msgr2=0x7f654819a3c0 secure :-1 s=STATE_CONNECTION_ESTABLISHED l=1).mark_down
2024-05-10T03:57:20.347 INFO:teuthology.orchestra.run.smithi150.stdout:/usr/bin/ceph: stderr
2024-05-10T03:57:19.979+0000 7f654f8f6700 1 --2- 172.21.15.150:0/3749310298 >> [v2:172.21.15.150:3300/0,v1:172.21.15.150:6789/0] conn(0x7f65481077a0 0x7f654819a3c0 secure :-1 s=READY pgs=52 cs=0 l=1 rev1=1 crypto rx=0x7f6544003e60 tx=0x7f6544011a30 comp rx=0 tx=0).stop
2024-05-10T03:57:20.347 INFO:teuthology.orchestra.run.smithi150.stdout:/usr/bin/ceph: stderr
2024-05-10T03:57:19.979+0000 7f654f8f6700 1 -- 172.21.15.150:0/3749310298 shutdown_connections
2024-05-10T03:57:20.348 INFO:teuthology.orchestra.run.smithi150.stdout:/usr/bin/ceph: stderr
2024-05-10T03:57:19.979+0000 7f654f8f6700 1 --2- 172.21.15.150:0/3749310298 >> [v2:172.21.15.150:6800/999775795,v1:172.21.15.150:6801/999775795] conn(0x7f65340386b0 0x7f653403abc0 unknown :-1 s=CLOSED pgs=14 cs=0 l=1 rev1=1 crypto rx=0 tx=0 comp rx=0 tx=0).stop
2024-05-10T03:57:20.348 INFO:teuthology.orchestra.run.smithi150.stdout:/usr/bin/ceph: stderr
2024-05-10T03:57:19.979+0000 7f654f8f6700 1 --2- 172.21.15.150:0/3749310298 >> [v2:172.21.15.150:3300/0,v1:172.21.15.150:6789/0] conn(0x7f65481077a0 0x7f654819a3c0 unknown :-1 s=CLOSED pgs=52 cs=0 l=1 rev1=1 crypto rx=0 tx=0 comp rx=0 tx=0).stop
2024-05-10T03:57:20.348 INFO:teuthology.orchestra.run.smithi150.stdout:/usr/bin/ceph: stderr
2024-05-10T03:57:19.979+0000 7f654f8f6700 1 -- 172.21.15.150:0/3749310298 >> 172.21.15.150:0/3749310298 conn(0x7f6548100ff0 msgr2=0x7f65481017e0 unknown :-1 s=STATE_NONE l=0).mark_down
2024-05-10T03:57:20.348 INFO:teuthology.orchestra.run.smithi150.stdout:/usr/bin/ceph: stderr
2024-05-10T03:57:19.979+0000 7f654f8f6700 1 -- 172.21.15.150:0/3749310298 shutdown_connections
2024-05-10T03:57:20.348 INFO:teuthology.orchestra.run.smithi150.stdout:/usr/bin/ceph: stderr
2024-05-10T03:57:19.979+0000 7f654f8f6700 1 -- 172.21.15.150:0/3749310298 wait complete.
2024-05-10T03:57:21.214 INFO:journalctl@ceph.mon.a.smithi150.stdout:May 10 03:57:20 smithi150 ceph-mon[42477]: from='mgr.14120 172.21.15.150:0/720668380' entity='mgr.x'
2024-05-10T03:57:21.214 INFO:journalctl@ceph.mon.a.smithi150.stdout:May 10 03:57:20 smithi150 ceph-mon[42477]: from='client.? 172.21.15.150:0/3749310298' entity='client.admin'
2024-05-10T03:57:21.381 INFO:teuthology.orchestra.run.smithi150.stdout:/usr/bin/ceph: stderr
2024-05-10T03:57:20.825+0000 7f084d1a1700 1 Processor -- start
2024-05-10T03:57:21.387 INFO:teuthology.orchestra.run.smithi150.stdout:/usr/bin/ceph: stderr
2024-05-10T03:57:20.825+0000 7f084d1a1700 1 -- start start
2024-05-10T03:57:21.387 INFO:teuthology.orchestra.run.smithi150.stdout:/usr/bin/ceph: stderr
2024-05-10T03:57:20.825+0000 7f084d1a1700 1 --2- >> [v2:172.21.15.150:3300/0,v1:172.21.15.150:6789/0] conn(0x7f0848107e40 0x7f084810a260 unknown :-1 s=NONE pgs=0 cs=0 l=0 rev1=0 crypto rx=0 tx=0 comp rx=0 tx=0).connect
2024-05-10T03:57:21.387 INFO:teuthology.orchestra.run.smithi150.stdout:/usr/bin/ceph: stderr
2024-05-10T03:57:20.825+0000 7f084d1a1700 1 -- --> [v2:172.21.15.150:3300/0,v1:172.21.15.150:6789/0] -- mon_getmap magic: 0 v1 -- 0x7f084807adc0 con 0x7f0848107e40
2024-05-10T03:57:21.387 INFO:teuthology.orchestra.run.smithi150.stdout:/usr/bin/ceph: stderr
2024-05-10T03:57:20.825+0000 7f0846d9d700 1 --2- >> [v2:172.21.15.150:3300/0,v1:172.21.15.150:6789/0] conn(0x7f0848107e40 0x7f084810a260 unknown :-1 s=BANNER_CONNECTING pgs=0 cs=0 l=0 rev1=0 crypto rx=0 tx=0 comp rx=0 tx=0)._handle_peer_banner_payload supported=3 required=0
2024-05-10T03:57:21.387 INFO:teuthology.orchestra.run.smithi150.stdout:/usr/bin/ceph: stderr
2024-05-10T03:57:20.825+0000 7f0846d9d700 1 --2- >> [v2:172.21.15.150:3300/0,v1:172.21.15.150:6789/0] conn(0x7f0848107e40 0x7f084810a260 unknown :-1 s=HELLO_CONNECTING pgs=0 cs=0 l=0 rev1=1 crypto rx=0 tx=0 comp rx=0 tx=0).handle_hello peer v2:172.21.15.150:3300/0 says I am v2:172.21.15.150:58332/0 (socket says 172.21.15.150:58332)
2024-05-10T03:57:21.387 INFO:teuthology.orchestra.run.smithi150.stdout:/usr/bin/ceph: stderr
2024-05-10T03:57:20.825+0000 7f0846d9d700 1 -- 172.21.15.150:0/1387606063 learned_addr learned my addr 172.21.15.150:0/1387606063 (peer_addr_for_me v2:172.21.15.150:0/0)
2024-05-10T03:57:21.387 INFO:teuthology.orchestra.run.smithi150.stdout:/usr/bin/ceph: stderr
2024-05-10T03:57:20.825+0000 7f0846d9d700 1 -- 172.21.15.150:0/1387606063 --> [v2:172.21.15.150:3300/0,v1:172.21.15.150:6789/0] -- mon_subscribe({config=0+,monmap=0+}) v3 -- 0x7f084810a7a0 con 0x7f0848107e40
2024-05-10T03:57:21.387 INFO:teuthology.orchestra.run.smithi150.stdout:/usr/bin/ceph: stderr
2024-05-10T03:57:20.826+0000 7f0846d9d700 1 --2- 172.21.15.150:0/1387606063 >> [v2:172.21.15.150:3300/0,v1:172.21.15.150:6789/0] conn(0x7f0848107e40 0x7f084810a260 secure :-1 s=READY pgs=53 cs=0 l=1 rev1=1 crypto rx=0x7f08380098a0 tx=0x7f0838009bb0 comp rx=0 tx=0).ready entity=mon.0 client_cookie=1f485a87913e250e server_cookie=0 in_seq=0 out_seq=0
2024-05-10T03:57:21.388 INFO:teuthology.orchestra.run.smithi150.stdout:/usr/bin/ceph: stderr
2024-05-10T03:57:20.826+0000 7f0845d9b700 1 -- 172.21.15.150:0/1387606063 <== mon.0 v2:172.21.15.150:3300/0 1 ==== mon_map magic: 0 v1 ==== 205+0+0 (secure 0 0 0) 0x7f0838004160 con 0x7f0848107e40
2024-05-10T03:57:21.388 INFO:teuthology.orchestra.run.smithi150.stdout:/usr/bin/ceph: stderr
2024-05-10T03:57:20.826+0000 7f0845d9b700 1 -- 172.21.15.150:0/1387606063 <== mon.0 v2:172.21.15.150:3300/0 2 ==== config(26 keys) v1 ==== 1105+0+0 (secure 0 0 0) 0x7f08380042c0 con 0x7f0848107e40
2024-05-10T03:57:21.388 INFO:teuthology.orchestra.run.smithi150.stdout:/usr/bin/ceph: stderr
2024-05-10T03:57:20.826+0000 7f0845d9b700 1 -- 172.21.15.150:0/1387606063 <== mon.0 v2:172.21.15.150:3300/0 3 ==== mon_map magic: 0 v1 ==== 205+0+0 (secure 0 0 0) 0x7f08380119b0 con 0x7f0848107e40
2024-05-10T03:57:21.388 INFO:teuthology.orchestra.run.smithi150.stdout:/usr/bin/ceph: stderr
2024-05-10T03:57:20.827+0000 7f084d1a1700 1 -- 172.21.15.150:0/1387606063 >> [v2:172.21.15.150:3300/0,v1:172.21.15.150:6789/0] conn(0x7f0848107e40 msgr2=0x7f084810a260 secure :-1 s=STATE_CONNECTION_ESTABLISHED l=1).mark_down
2024-05-10T03:57:21.388 INFO:teuthology.orchestra.run.smithi150.stdout:/usr/bin/ceph: stderr
2024-05-10T03:57:20.827+0000 7f084d1a1700 1 --2- 172.21.15.150:0/1387606063 >> [v2:172.21.15.150:3300/0,v1:172.21.15.150:6789/0] conn(0x7f0848107e40 0x7f084810a260 secure :-1 s=READY pgs=53 cs=0 l=1 rev1=1 crypto rx=0x7f08380098a0 tx=0x7f0838009bb0 comp rx=0 tx=0).stop
2024-05-10T03:57:21.388 INFO:teuthology.orchestra.run.smithi150.stdout:/usr/bin/ceph: stderr
2024-05-10T03:57:20.827+0000 7f084d1a1700 1 -- 172.21.15.150:0/1387606063 shutdown_connections
2024-05-10T03:57:21.388 INFO:teuthology.orchestra.run.smithi150.stdout:/usr/bin/ceph: stderr
2024-05-10T03:57:20.827+0000 7f084d1a1700 1 --2- 172.21.15.150:0/1387606063 >> [v2:172.21.15.150:3300/0,v1:172.21.15.150:6789/0] conn(0x7f0848107e40 0x7f084810a260 unknown :-1 s=CLOSED pgs=53 cs=0 l=1 rev1=1 crypto rx=0 tx=0 comp rx=0 tx=0).stop
2024-05-10T03:57:21.388 INFO:teuthology.orchestra.run.smithi150.stdout:/usr/bin/ceph: stderr
2024-05-10T03:57:20.827+0000 7f084d1a1700 1 -- 172.21.15.150:0/1387606063 >> 172.21.15.150:0/1387606063 conn(0x7f0848101820 msgr2=0x7f0848103cf0 unknown :-1 s=STATE_NONE l=0).mark_down
2024-05-10T03:57:21.388 INFO:teuthology.orchestra.run.smithi150.stdout:/usr/bin/ceph: stderr
2024-05-10T03:57:20.827+0000 7f084d1a1700 1 -- 172.21.15.150:0/1387606063 shutdown_connections
2024-05-10T03:57:21.388 INFO:teuthology.orchestra.run.smithi150.stdout:/usr/bin/ceph: stderr
2024-05-10T03:57:20.827+0000 7f084d1a1700 1 -- 172.21.15.150:0/1387606063 wait complete.
2024-05-10T03:57:21.388 INFO:teuthology.orchestra.run.smithi150.stdout:/usr/bin/ceph: stderr
2024-05-10T03:57:20.828+0000 7f084d1a1700 1 Processor -- start
2024-05-10T03:57:21.388 INFO:teuthology.orchestra.run.smithi150.stdout:/usr/bin/ceph: stderr
2024-05-10T03:57:20.828+0000 7f084d1a1700 1 -- start start
2024-05-10T03:57:21.388 INFO:teuthology.orchestra.run.smithi150.stdout:/usr/bin/ceph: stderr
2024-05-10T03:57:20.828+0000 7f084d1a1700 1 --2- >> [v2:172.21.15.150:3300/0,v1:172.21.15.150:6789/0] conn(0x7f0848107e40 0x7f084819b480 unknown :-1 s=NONE pgs=0 cs=0 l=1 rev1=0 crypto rx=0 tx=0 comp rx=0 tx=0).connect
2024-05-10T03:57:21.389 INFO:teuthology.orchestra.run.smithi150.stdout:/usr/bin/ceph: stderr
2024-05-10T03:57:20.828+0000 7f084d1a1700 1 -- --> [v2:172.21.15.150:3300/0,v1:172.21.15.150:6789/0] -- mon_getmap magic: 0 v1 -- 0x7f084819b9c0 con 0x7f0848107e40
2024-05-10T03:57:21.389 INFO:teuthology.orchestra.run.smithi150.stdout:/usr/bin/ceph: stderr
2024-05-10T03:57:20.828+0000 7f0846d9d700 1 --2- >> [v2:172.21.15.150:3300/0,v1:172.21.15.150:6789/0] conn(0x7f0848107e40 0x7f084819b480 unknown :-1 s=BANNER_CONNECTING pgs=0 cs=0 l=1 rev1=0 crypto rx=0 tx=0 comp rx=0 tx=0)._handle_peer_banner_payload supported=3 required=0
2024-05-10T03:57:21.389 INFO:teuthology.orchestra.run.smithi150.stdout:/usr/bin/ceph: stderr
2024-05-10T03:57:20.828+0000 7f0846d9d700 1 --2- >> [v2:172.21.15.150:3300/0,v1:172.21.15.150:6789/0] conn(0x7f0848107e40 0x7f084819b480 unknown :-1 s=HELLO_CONNECTING pgs=0 cs=0 l=1 rev1=1 crypto rx=0 tx=0 comp rx=0 tx=0).handle_hello peer v2:172.21.15.150:3300/0 says I am v2:172.21.15.150:58344/0 (socket says 172.21.15.150:58344)
2024-05-10T03:57:21.389 INFO:teuthology.orchestra.run.smithi150.stdout:/usr/bin/ceph: stderr
2024-05-10T03:57:20.828+0000 7f0846d9d700 1 -- 172.21.15.150:0/1625308729 learned_addr learned my addr 172.21.15.150:0/1625308729 (peer_addr_for_me v2:172.21.15.150:0/0)
2024-05-10T03:57:21.389 INFO:teuthology.orchestra.run.smithi150.stdout:/usr/bin/ceph: stderr
2024-05-10T03:57:20.829+0000 7f0846d9d700 1 -- 172.21.15.150:0/1625308729 --> [v2:172.21.15.150:3300/0,v1:172.21.15.150:6789/0] -- mon_subscribe({config=0+,monmap=0+}) v3 -- 0x7f0838009550 con 0x7f0848107e40
2024-05-10T03:57:21.389 INFO:teuthology.orchestra.run.smithi150.stdout:/usr/bin/ceph: stderr
2024-05-10T03:57:20.829+0000 7f0846d9d700 1 --2- 172.21.15.150:0/1625308729 >> [v2:172.21.15.150:3300/0,v1:172.21.15.150:6789/0] conn(0x7f0848107e40 0x7f084819b480 secure :-1 s=READY pgs=54 cs=0 l=1 rev1=1 crypto rx=0x7f0838003e60 tx=0x7f0838011a30 comp rx=0 tx=0).ready entity=mon.0 client_cookie=0 server_cookie=0 in_seq=0 out_seq=0
2024-05-10T03:57:21.389 INFO:teuthology.orchestra.run.smithi150.stdout:/usr/bin/ceph: stderr
2024-05-10T03:57:20.829+0000 7f082ffff700 1 -- 172.21.15.150:0/1625308729 <== mon.0 v2:172.21.15.150:3300/0 1 ==== mon_map magic: 0 v1 ==== 205+0+0 (secure 0 0 0) 0x7f08380038b0 con 0x7f0848107e40
2024-05-10T03:57:21.389 INFO:teuthology.orchestra.run.smithi150.stdout:/usr/bin/ceph: stderr
2024-05-10T03:57:20.829+0000 7f082ffff700 1 -- 172.21.15.150:0/1625308729 <== mon.0 v2:172.21.15.150:3300/0 2 ==== config(26 keys) v1 ==== 1105+0+0 (secure 0 0 0) 0x7f0838003a10 con 0x7f0848107e40
2024-05-10T03:57:21.389 INFO:teuthology.orchestra.run.smithi150.stdout:/usr/bin/ceph: stderr
2024-05-10T03:57:20.829+0000 7f082ffff700 1 -- 172.21.15.150:0/1625308729 <== mon.0 v2:172.21.15.150:3300/0 3 ==== mon_map magic: 0 v1 ==== 205+0+0 (secure 0 0 0) 0x7f0838019530 con 0x7f0848107e40
2024-05-10T03:57:21.389 INFO:teuthology.orchestra.run.smithi150.stdout:/usr/bin/ceph: stderr
2024-05-10T03:57:20.829+0000 7f084d1a1700 1 -- 172.21.15.150:0/1625308729 --> [v2:172.21.15.150:3300/0,v1:172.21.15.150:6789/0] -- mon_subscribe({mgrmap=0+}) v3 -- 0x7f084819bbc0 con 0x7f0848107e40
2024-05-10T03:57:21.389 INFO:teuthology.orchestra.run.smithi150.stdout:/usr/bin/ceph: stderr
2024-05-10T03:57:20.829+0000 7f084d1a1700 1 -- 172.21.15.150:0/1625308729 --> [v2:172.21.15.150:3300/0,v1:172.21.15.150:6789/0] -- mon_subscribe({osdmap=0}) v3 -- 0x7f084819c060 con 0x7f0848107e40
2024-05-10T03:57:21.389 INFO:teuthology.orchestra.run.smithi150.stdout:/usr/bin/ceph: stderr
2024-05-10T03:57:20.830+0000 7f082ffff700 1 -- 172.21.15.150:0/1625308729 <== mon.0 v2:172.21.15.150:3300/0 4 ==== mgrmap(e 8) v1 ==== 45541+0+0 (secure 0 0 0) 0x7f08380197f0 con 0x7f0848107e40
2024-05-10T03:57:21.389 INFO:teuthology.orchestra.run.smithi150.stdout:/usr/bin/ceph: stderr
2024-05-10T03:57:20.830+0000 7f084d1a1700 1 -- 172.21.15.150:0/1625308729 --> [v2:172.21.15.150:3300/0,v1:172.21.15.150:6789/0] -- mon_command({"prefix": "get_command_descriptions"} v 0) v1 -- 0x7f084810b520 con 0x7f0848107e40
2024-05-10T03:57:21.389 INFO:teuthology.orchestra.run.smithi150.stdout:/usr/bin/ceph: stderr
2024-05-10T03:57:20.830+0000 7f082ffff700 1 --2- 172.21.15.150:0/1625308729 >> [v2:172.21.15.150:6800/999775795,v1:172.21.15.150:6801/999775795] conn(0x7f08300386b0 0x7f083003abc0 unknown :-1 s=NONE pgs=0 cs=0 l=1 rev1=0 crypto rx=0 tx=0 comp rx=0 tx=0).connect
2024-05-10T03:57:21.389 INFO:teuthology.orchestra.run.smithi150.stdout:/usr/bin/ceph: stderr
2024-05-10T03:57:20.831+0000 7f082ffff700 1 -- 172.21.15.150:0/1625308729 <== mon.0 v2:172.21.15.150:3300/0 5 ==== osd_map(2..2 src has 1..2) v4 ==== 940+0+0 (secure 0 0 0) 0x7f083804d820 con 0x7f0848107e40
2024-05-10T03:57:21.390 INFO:teuthology.orchestra.run.smithi150.stdout:/usr/bin/ceph: stderr
2024-05-10T03:57:20.832+0000 7f084659c700 1 --2- 172.21.15.150:0/1625308729 >> [v2:172.21.15.150:6800/999775795,v1:172.21.15.150:6801/999775795] conn(0x7f08300386b0 0x7f083003abc0 unknown :-1 s=BANNER_CONNECTING pgs=0 cs=0 l=1 rev1=0 crypto rx=0 tx=0 comp rx=0 tx=0)._handle_peer_banner_payload supported=3 required=0
2024-05-10T03:57:21.390 INFO:teuthology.orchestra.run.smithi150.stdout:/usr/bin/ceph: stderr
2024-05-10T03:57:20.832+0000 7f084659c700 1 --2- 172.21.15.150:0/1625308729 >> [v2:172.21.15.150:6800/999775795,v1:172.21.15.150:6801/999775795] conn(0x7f08300386b0 0x7f083003abc0 secure :-1 s=READY pgs=15 cs=0 l=1 rev1=1 crypto rx=0x7f083c006fd0 tx=0x7f083c006e40 comp rx=0 tx=0).ready entity=mgr.14120 client_cookie=0 server_cookie=0 in_seq=0 out_seq=0
2024-05-10T03:57:21.390 INFO:teuthology.orchestra.run.smithi150.stdout:/usr/bin/ceph: stderr
2024-05-10T03:57:20.837+0000 7f082ffff700 1 -- 172.21.15.150:0/1625308729 <== mon.0 v2:172.21.15.150:3300/0 6 ==== mon_command_ack([{"prefix": "get_command_descriptions"}]=0 v0) v1 ==== 72+0+183622 (secure 0 0 0) 0x7f083802b340 con 0x7f0848107e40
2024-05-10T03:57:21.390 INFO:teuthology.orchestra.run.smithi150.stdout:/usr/bin/ceph: stderr
2024-05-10T03:57:21.037+0000 7f084d1a1700 1 -- 172.21.15.150:0/1625308729 --> [v2:172.21.15.150:3300/0,v1:172.21.15.150:6789/0] -- mon_command([{prefix=config set, name=mgr/dashboard/ssl_server_port}] v 0) v1 -- 0x7f084819e860 con 0x7f0848107e40
2024-05-10T03:57:21.390 INFO:teuthology.orchestra.run.smithi150.stdout:/usr/bin/ceph: stderr
2024-05-10T03:57:21.042+0000 7f082ffff700 1 -- 172.21.15.150:0/1625308729 <== mon.0 v2:172.21.15.150:3300/0 7 ==== mon_command_ack([{prefix=config set, name=mgr/dashboard/ssl_server_port}]=0 v8)=0 v8) v1 ==== 130+0+0 (secure 0 0 0) 0x7f083804d190 con 0x7f0848107e40
2024-05-10T03:57:21.390 INFO:teuthology.orchestra.run.smithi150.stdout:/usr/bin/ceph: stderr
2024-05-10T03:57:21.044+0000 7f084d1a1700 1 -- 172.21.15.150:0/1625308729 >> [v2:172.21.15.150:6800/999775795,v1:172.21.15.150:6801/999775795] conn(0x7f08300386b0 msgr2=0x7f083003abc0 secure :-1 s=STATE_CONNECTION_ESTABLISHED l=1).mark_down
2024-05-10T03:57:21.390 INFO:teuthology.orchestra.run.smithi150.stdout:/usr/bin/ceph: stderr
2024-05-10T03:57:21.044+0000 7f084d1a1700 1 --2- 172.21.15.150:0/1625308729 >> [v2:172.21.15.150:6800/999775795,v1:172.21.15.150:6801/999775795] conn(0x7f08300386b0 0x7f083003abc0 secure :-1 s=READY pgs=15 cs=0 l=1 rev1=1 crypto rx=0x7f083c006fd0 tx=0x7f083c006e40 comp rx=0 tx=0).stop
2024-05-10T03:57:21.390 INFO:teuthology.orchestra.run.smithi150.stdout:/usr/bin/ceph: stderr
2024-05-10T03:57:21.044+0000 7f084d1a1700 1 -- 172.21.15.150:0/1625308729 >> [v2:172.21.15.150:3300/0,v1:172.21.15.150:6789/0] conn(0x7f0848107e40 msgr2=0x7f084819b480 secure :-1 s=STATE_CONNECTION_ESTABLISHED l=1).mark_down
2024-05-10T03:57:21.390 INFO:teuthology.orchestra.run.smithi150.stdout:/usr/bin/ceph: stderr
2024-05-10T03:57:21.044+0000 7f084d1a1700 1 --2- 172.21.15.150:0/1625308729 >> [v2:172.21.15.150:3300/0,v1:172.21.15.150:6789/0] conn(0x7f0848107e40 0x7f084819b480 secure :-1 s=READY pgs=54 cs=0 l=1 rev1=1 crypto rx=0x7f0838003e60 tx=0x7f0838011a30 comp rx=0 tx=0).stop
2024-05-10T03:57:21.390 INFO:teuthology.orchestra.run.smithi150.stdout:/usr/bin/ceph: stderr
2024-05-10T03:57:21.044+0000 7f084d1a1700 1 -- 172.21.15.150:0/1625308729 shutdown_connections
2024-05-10T03:57:21.390 INFO:teuthology.orchestra.run.smithi150.stdout:/usr/bin/ceph: stderr
2024-05-10T03:57:21.044+0000 7f084d1a1700 1 --2- 172.21.15.150:0/1625308729 >> [v2:172.21.15.150:6800/999775795,v1:172.21.15.150:6801/999775795] conn(0x7f08300386b0 0x7f083003abc0 unknown :-1 s=CLOSED pgs=15 cs=0 l=1 rev1=1 crypto rx=0 tx=0 comp rx=0 tx=0).stop
2024-05-10T03:57:21.390 INFO:teuthology.orchestra.run.smithi150.stdout:/usr/bin/ceph: stderr
2024-05-10T03:57:21.044+0000 7f084d1a1700 1 --2- 172.21.15.150:0/1625308729 >> [v2:172.21.15.150:3300/0,v1:172.21.15.150:6789/0] conn(0x7f0848107e40 0x7f084819b480 unknown :-1 s=CLOSED pgs=54 cs=0 l=1 rev1=1 crypto rx=0 tx=0 comp rx=0 tx=0).stop
2024-05-10T03:57:21.390 INFO:teuthology.orchestra.run.smithi150.stdout:/usr/bin/ceph: stderr
2024-05-10T03:57:21.044+0000 7f084d1a1700 1 -- 172.21.15.150:0/1625308729 >> 172.21.15.150:0/1625308729 conn(0x7f0848101820 msgr2=0x7f0848102130 unknown :-1 s=STATE_NONE l=0).mark_down
2024-05-10T03:57:21.391 INFO:teuthology.orchestra.run.smithi150.stdout:/usr/bin/ceph: stderr
2024-05-10T03:57:21.044+0000 7f084d1a1700 1 -- 172.21.15.150:0/1625308729 shutdown_connections
2024-05-10T03:57:21.391 INFO:teuthology.orchestra.run.smithi150.stdout:/usr/bin/ceph: stderr
2024-05-10T03:57:21.044+0000 7f084d1a1700 1 -- 172.21.15.150:0/1625308729 wait complete.
2024-05-10T03:57:21.391 INFO:teuthology.orchestra.run.smithi150.stdout:Enabling the dashboard module...
2024-05-10T03:57:22.367 INFO:journalctl@ceph.mon.a.smithi150.stdout:May 10 03:57:22 smithi150 ceph-mon[42477]: from='client.? 172.21.15.150:0/1625308729' entity='client.admin'
2024-05-10T03:57:22.367 INFO:journalctl@ceph.mon.a.smithi150.stdout:May 10 03:57:22 smithi150 ceph-mon[42477]: from='client.? 172.21.15.150:0/1471872359' entity='client.admin' cmd=[{"prefix": "mgr module enable", "module": "dashboard"}]: dispatch
2024-05-10T03:57:22.367 INFO:journalctl@ceph.mgr.x.smithi150.stdout:May 10 03:57:22 smithi150 ceph-325b4c82-0e81-11ef-bc98-c7b262605968-mgr-x[42727]: ignoring --setuser ceph since I am not root
2024-05-10T03:57:22.367 INFO:journalctl@ceph.mgr.x.smithi150.stdout:May 10 03:57:22 smithi150 ceph-325b4c82-0e81-11ef-bc98-c7b262605968-mgr-x[42727]: ignoring --setgroup ceph since I am not root
2024-05-10T03:57:22.436 INFO:teuthology.orchestra.run.smithi150.stdout:/usr/bin/ceph: stderr
2024-05-10T03:57:21.730+0000 7f7b89532700 1 Processor -- start
2024-05-10T03:57:22.436 INFO:teuthology.orchestra.run.smithi150.stdout:/usr/bin/ceph: stderr
2024-05-10T03:57:21.730+0000 7f7b89532700 1 -- start start
2024-05-10T03:57:22.436 INFO:teuthology.orchestra.run.smithi150.stdout:/usr/bin/ceph: stderr
2024-05-10T03:57:21.730+0000 7f7b89532700 1 --2- >> [v2:172.21.15.150:3300/0,v1:172.21.15.150:6789/0] conn(0x7f7b841077d0 0x7f7b84107be0 unknown :-1 s=NONE pgs=0 cs=0 l=0 rev1=0 crypto rx=0 tx=0 comp rx=0 tx=0).connect
2024-05-10T03:57:22.436 INFO:teuthology.orchestra.run.smithi150.stdout:/usr/bin/ceph: stderr
2024-05-10T03:57:21.730+0000 7f7b89532700 1 -- --> [v2:172.21.15.150:3300/0,v1:172.21.15.150:6789/0] -- mon_getmap magic: 0 v1 -- 0x7f7b841081f0 con 0x7f7b841077d0
2024-05-10T03:57:22.436 INFO:teuthology.orchestra.run.smithi150.stdout:/usr/bin/ceph: stderr
2024-05-10T03:57:21.730+0000 7f7b82ffd700 1 --2- >> [v2:172.21.15.150:3300/0,v1:172.21.15.150:6789/0] conn(0x7f7b841077d0 0x7f7b84107be0 unknown :-1 s=BANNER_CONNECTING pgs=0 cs=0 l=0 rev1=0 crypto rx=0 tx=0 comp rx=0 tx=0)._handle_peer_banner_payload supported=3 required=0
2024-05-10T03:57:22.436 INFO:teuthology.orchestra.run.smithi150.stdout:/usr/bin/ceph: stderr
2024-05-10T03:57:21.730+0000 7f7b82ffd700 1 --2- >> [v2:172.21.15.150:3300/0,v1:172.21.15.150:6789/0] conn(0x7f7b841077d0 0x7f7b84107be0 unknown :-1 s=HELLO_CONNECTING pgs=0 cs=0 l=0 rev1=1 crypto rx=0 tx=0 comp rx=0 tx=0).handle_hello peer v2:172.21.15.150:3300/0 says I am v2:172.21.15.150:58356/0 (socket says 172.21.15.150:58356)
2024-05-10T03:57:22.437 INFO:teuthology.orchestra.run.smithi150.stdout:/usr/bin/ceph: stderr
2024-05-10T03:57:21.730+0000 7f7b82ffd700 1 -- 172.21.15.150:0/1630709467 learned_addr learned my addr 172.21.15.150:0/1630709467 (peer_addr_for_me v2:172.21.15.150:0/0)
2024-05-10T03:57:22.437 INFO:teuthology.orchestra.run.smithi150.stdout:/usr/bin/ceph: stderr
2024-05-10T03:57:21.730+0000 7f7b82ffd700 1 -- 172.21.15.150:0/1630709467 --> [v2:172.21.15.150:3300/0,v1:172.21.15.150:6789/0] -- mon_subscribe({config=0+,monmap=0+}) v3 -- 0x7f7b84106400 con 0x7f7b841077d0
2024-05-10T03:57:22.437 INFO:teuthology.orchestra.run.smithi150.stdout:/usr/bin/ceph: stderr
2024-05-10T03:57:21.731+0000 7f7b82ffd700 1 --2- 172.21.15.150:0/1630709467 >> [v2:172.21.15.150:3300/0,v1:172.21.15.150:6789/0] conn(0x7f7b841077d0 0x7f7b84107be0 secure :-1 s=READY pgs=55 cs=0 l=1 rev1=1 crypto rx=0x7f7b740098a0 tx=0x7f7b74009bb0 comp rx=0 tx=0).ready entity=mon.0 client_cookie=6b663caa5c9a7f32 server_cookie=0 in_seq=0 out_seq=0
2024-05-10T03:57:22.437 INFO:teuthology.orchestra.run.smithi150.stdout:/usr/bin/ceph: stderr
2024-05-10T03:57:21.731+0000 7f7b81ffb700 1 -- 172.21.15.150:0/1630709467 <== mon.0 v2:172.21.15.150:3300/0 1 ==== mon_map magic: 0 v1 ==== 205+0+0 (secure 0 0 0) 0x7f7b74004160 con 0x7f7b841077d0
2024-05-10T03:57:22.437 INFO:teuthology.orchestra.run.smithi150.stdout:/usr/bin/ceph: stderr
2024-05-10T03:57:21.731+0000 7f7b81ffb700 1 -- 172.21.15.150:0/1630709467 <== mon.0 v2:172.21.15.150:3300/0 2 ==== config(26 keys) v1 ==== 1105+0+0 (secure 0 0 0) 0x7f7b740042c0 con 0x7f7b841077d0
2024-05-10T03:57:22.437 INFO:teuthology.orchestra.run.smithi150.stdout:/usr/bin/ceph: stderr
2024-05-10T03:57:21.731+0000 7f7b81ffb700 1 -- 172.21.15.150:0/1630709467 <== mon.0 v2:172.21.15.150:3300/0 3 ==== mon_map magic: 0 v1 ==== 205+0+0 (secure 0 0 0) 0x7f7b740119b0 con 0x7f7b841077d0
2024-05-10T03:57:22.437 INFO:teuthology.orchestra.run.smithi150.stdout:/usr/bin/ceph: stderr
2024-05-10T03:57:21.731+0000 7f7b89532700 1 -- 172.21.15.150:0/1630709467 >> [v2:172.21.15.150:3300/0,v1:172.21.15.150:6789/0] conn(0x7f7b841077d0 msgr2=0x7f7b84107be0 secure :-1 s=STATE_CONNECTION_ESTABLISHED l=1).mark_down
2024-05-10T03:57:22.437 INFO:teuthology.orchestra.run.smithi150.stdout:/usr/bin/ceph: stderr
2024-05-10T03:57:21.731+0000 7f7b89532700 1 --2- 172.21.15.150:0/1630709467 >> [v2:172.21.15.150:3300/0,v1:172.21.15.150:6789/0] conn(0x7f7b841077d0 0x7f7b84107be0 secure :-1 s=READY pgs=55 cs=0 l=1 rev1=1 crypto rx=0x7f7b740098a0 tx=0x7f7b74009bb0 comp rx=0 tx=0).stop
2024-05-10T03:57:22.437 INFO:teuthology.orchestra.run.smithi150.stdout:/usr/bin/ceph: stderr
2024-05-10T03:57:21.732+0000 7f7b89532700 1 -- 172.21.15.150:0/1630709467 shutdown_connections
2024-05-10T03:57:22.437 INFO:teuthology.orchestra.run.smithi150.stdout:/usr/bin/ceph: stderr
2024-05-10T03:57:21.732+0000 7f7b89532700 1 --2- 172.21.15.150:0/1630709467 >> [v2:172.21.15.150:3300/0,v1:172.21.15.150:6789/0] conn(0x7f7b841077d0 0x7f7b84107be0 unknown :-1 s=CLOSED pgs=55 cs=0 l=1 rev1=1 crypto rx=0 tx=0 comp rx=0 tx=0).stop
2024-05-10T03:57:22.437 INFO:teuthology.orchestra.run.smithi150.stdout:/usr/bin/ceph: stderr
2024-05-10T03:57:21.732+0000 7f7b89532700 1 -- 172.21.15.150:0/1630709467 >> 172.21.15.150:0/1630709467 conn(0x7f7b84101080 msgr2=0x7f7b841034d0 unknown :-1 s=STATE_NONE l=0).mark_down
2024-05-10T03:57:22.437 INFO:teuthology.orchestra.run.smithi150.stdout:/usr/bin/ceph: stderr
2024-05-10T03:57:21.732+0000 7f7b89532700 1 -- 172.21.15.150:0/1630709467 shutdown_connections
2024-05-10T03:57:22.437 INFO:teuthology.orchestra.run.smithi150.stdout:/usr/bin/ceph: stderr
2024-05-10T03:57:21.732+0000 7f7b89532700 1 -- 172.21.15.150:0/1630709467 wait complete.
2024-05-10T03:57:22.437 INFO:teuthology.orchestra.run.smithi150.stdout:/usr/bin/ceph: stderr
2024-05-10T03:57:21.732+0000 7f7b89532700 1 Processor -- start
