2024-05-10T04:33:03.935+0000 7f329797d700 1 --2- >> [v2:172.21.15.150:3300/0,v1:172.21.15.150:6789/0] conn(0x7f329007acb0 0x7f329019d700 unknown :-1 s=NONE pgs=0 cs=0 l=1 rev1=0 crypto rx=0 tx=0 comp rx=0 tx=0).connect
2024-05-10T04:33:04.647 INFO:teuthology.orchestra.run.smithi150.stdout:/usr/bin/ceph: stderr
2024-05-10T04:33:03.935+0000 7f329797d700 1 -- --> [v2:172.21.15.150:3300/0,v1:172.21.15.150:6789/0] -- mon_getmap magic: 0 v1 -- 0x7f329019dc40 con 0x7f329007acb0
2024-05-10T04:33:04.647 INFO:teuthology.orchestra.run.smithi150.stdout:/usr/bin/ceph: stderr
2024-05-10T04:33:03.935+0000 7f3295719700 1 --2- >> [v2:172.21.15.150:3300/0,v1:172.21.15.150:6789/0] conn(0x7f329007acb0 0x7f329019d700 unknown :-1 s=BANNER_CONNECTING pgs=0 cs=0 l=1 rev1=0 crypto rx=0 tx=0 comp rx=0 tx=0)._handle_peer_banner_payload supported=3 required=0
2024-05-10T04:33:04.647 INFO:teuthology.orchestra.run.smithi150.stdout:/usr/bin/ceph: stderr
2024-05-10T04:33:03.935+0000 7f3295719700 1 --2- >> [v2:172.21.15.150:3300/0,v1:172.21.15.150:6789/0] conn(0x7f329007acb0 0x7f329019d700 unknown :-1 s=HELLO_CONNECTING pgs=0 cs=0 l=1 rev1=1 crypto rx=0 tx=0 comp rx=0 tx=0).handle_hello peer v2:172.21.15.150:3300/0 says I am v2:172.21.15.150:39596/0 (socket says 172.21.15.150:39596)
2024-05-10T04:33:04.647 INFO:teuthology.orchestra.run.smithi150.stdout:/usr/bin/ceph: stderr
2024-05-10T04:33:03.935+0000 7f3295719700 1 -- 172.21.15.150:0/3424093416 learned_addr learned my addr 172.21.15.150:0/3424093416 (peer_addr_for_me v2:172.21.15.150:0/0)
2024-05-10T04:33:04.647 INFO:teuthology.orchestra.run.smithi150.stdout:/usr/bin/ceph: stderr
2024-05-10T04:33:03.935+0000 7f3295719700 1 -- 172.21.15.150:0/3424093416 --> [v2:172.21.15.150:3300/0,v1:172.21.15.150:6789/0] -- mon_subscribe({config=0+,monmap=0+}) v3 -- 0x7f3280009550 con 0x7f329007acb0
2024-05-10T04:33:04.647 INFO:teuthology.orchestra.run.smithi150.stdout:/usr/bin/ceph: stderr
2024-05-10T04:33:03.935+0000 7f3295719700 1 --2- 172.21.15.150:0/3424093416 >> [v2:172.21.15.150:3300/0,v1:172.21.15.150:6789/0] conn(0x7f329007acb0 0x7f329019d700 secure :-1 s=READY pgs=56 cs=0 l=1 rev1=1 crypto rx=0x7f3280006af0 tx=0x7f3280011980 comp rx=0 tx=0).ready entity=mon.0 client_cookie=0 server_cookie=0 in_seq=0 out_seq=0
2024-05-10T04:33:04.647 INFO:teuthology.orchestra.run.smithi150.stdout:/usr/bin/ceph: stderr
2024-05-10T04:33:03.936+0000 7f32867fc700 1 -- 172.21.15.150:0/3424093416 <== mon.0 v2:172.21.15.150:3300/0 1 ==== mon_map magic: 0 v1 ==== 205+0+0 (secure 0 0 0) 0x7f32800038b0 con 0x7f329007acb0
2024-05-10T04:33:04.647 INFO:teuthology.orchestra.run.smithi150.stdout:/usr/bin/ceph: stderr
2024-05-10T04:33:03.936+0000 7f32867fc700 1 -- 172.21.15.150:0/3424093416 <== mon.0 v2:172.21.15.150:3300/0 2 ==== config(26 keys) v1 ==== 1105+0+0 (secure 0 0 0) 0x7f3280003a10 con 0x7f329007acb0
2024-05-10T04:33:04.647 INFO:teuthology.orchestra.run.smithi150.stdout:/usr/bin/ceph: stderr
2024-05-10T04:33:03.936+0000 7f329797d700 1 -- 172.21.15.150:0/3424093416 --> [v2:172.21.15.150:3300/0,v1:172.21.15.150:6789/0] -- mon_subscribe({mgrmap=0+}) v3 -- 0x7f329019de40 con 0x7f329007acb0
2024-05-10T04:33:04.647 INFO:teuthology.orchestra.run.smithi150.stdout:/usr/bin/ceph: stderr
2024-05-10T04:33:03.936+0000 7f32867fc700 1 -- 172.21.15.150:0/3424093416 <== mon.0 v2:172.21.15.150:3300/0 3 ==== mon_map magic: 0 v1 ==== 205+0+0 (secure 0 0 0) 0x7f3280019550 con 0x7f329007acb0
2024-05-10T04:33:04.647 INFO:teuthology.orchestra.run.smithi150.stdout:/usr/bin/ceph: stderr
2024-05-10T04:33:03.936+0000 7f329797d700 1 -- 172.21.15.150:0/3424093416 --> [v2:172.21.15.150:3300/0,v1:172.21.15.150:6789/0] -- mon_subscribe({osdmap=0}) v3 -- 0x7f329019e2e0 con 0x7f329007acb0
2024-05-10T04:33:04.647 INFO:teuthology.orchestra.run.smithi150.stdout:/usr/bin/ceph: stderr
2024-05-10T04:33:03.937+0000 7f32867fc700 1 -- 172.21.15.150:0/3424093416 <== mon.0 v2:172.21.15.150:3300/0 4 ==== mgrmap(e 8) v1 ==== 45541+0+0 (secure 0 0 0) 0x7f3280019810 con 0x7f329007acb0
2024-05-10T04:33:04.648 INFO:teuthology.orchestra.run.smithi150.stdout:/usr/bin/ceph: stderr
2024-05-10T04:33:03.937+0000 7f329797d700 1 -- 172.21.15.150:0/3424093416 --> [v2:172.21.15.150:3300/0,v1:172.21.15.150:6789/0] -- mon_command({"prefix": "get_command_descriptions"} v 0) v1 -- 0x7f329010d810 con 0x7f329007acb0
2024-05-10T04:33:04.648 INFO:teuthology.orchestra.run.smithi150.stdout:/usr/bin/ceph: stderr
2024-05-10T04:33:03.937+0000 7f32867fc700 1 --2- 172.21.15.150:0/3424093416 >> [v2:172.21.15.150:6800/881426482,v1:172.21.15.150:6801/881426482] conn(0x7f327c038770 0x7f327c03ac80 unknown :-1 s=NONE pgs=0 cs=0 l=1 rev1=0 crypto rx=0 tx=0 comp rx=0 tx=0).connect
2024-05-10T04:33:04.648 INFO:teuthology.orchestra.run.smithi150.stdout:/usr/bin/ceph: stderr
2024-05-10T04:33:03.937+0000 7f32867fc700 1 -- 172.21.15.150:0/3424093416 <== mon.0 v2:172.21.15.150:3300/0 5 ==== osd_map(2..2 src has 1..2) v4 ==== 940+0+0 (secure 0 0 0) 0x7f328004c820 con 0x7f329007acb0
2024-05-10T04:33:04.648 INFO:teuthology.orchestra.run.smithi150.stdout:/usr/bin/ceph: stderr
2024-05-10T04:33:03.937+0000 7f3294f18700 1 --2- 172.21.15.150:0/3424093416 >> [v2:172.21.15.150:6800/881426482,v1:172.21.15.150:6801/881426482] conn(0x7f327c038770 0x7f327c03ac80 unknown :-1 s=BANNER_CONNECTING pgs=0 cs=0 l=1 rev1=0 crypto rx=0 tx=0 comp rx=0 tx=0)._handle_peer_banner_payload supported=3 required=0
2024-05-10T04:33:04.648 INFO:teuthology.orchestra.run.smithi150.stdout:/usr/bin/ceph: stderr
2024-05-10T04:33:03.937+0000 7f3294f18700 1 --2- 172.21.15.150:0/3424093416 >> [v2:172.21.15.150:6800/881426482,v1:172.21.15.150:6801/881426482] conn(0x7f327c038770 0x7f327c03ac80 secure :-1 s=READY pgs=16 cs=0 l=1 rev1=1 crypto rx=0x7f328c006fd0 tx=0x7f328c006e40 comp rx=0 tx=0).ready entity=mgr.14120 client_cookie=0 server_cookie=0 in_seq=0 out_seq=0
2024-05-10T04:33:04.648 INFO:teuthology.orchestra.run.smithi150.stdout:/usr/bin/ceph: stderr
2024-05-10T04:33:03.942+0000 7f32867fc700 1 -- 172.21.15.150:0/3424093416 <== mon.0 v2:172.21.15.150:3300/0 6 ==== mon_command_ack([{"prefix": "get_command_descriptions"}]=0 v0) v1 ==== 72+0+183622 (secure 0 0 0) 0x7f32800189a0 con 0x7f329007acb0
2024-05-10T04:33:04.648 INFO:teuthology.orchestra.run.smithi150.stdout:/usr/bin/ceph: stderr
2024-05-10T04:33:04.191+0000 7f329797d700 1 -- 172.21.15.150:0/3424093416 --> [v2:172.21.15.150:3300/0,v1:172.21.15.150:6789/0] -- mon_command({"prefix": "mgr module enable", "module": "dashboard"} v 0) v1 -- 0x7f329010da20 con 0x7f329007acb0
2024-05-10T04:33:04.648 INFO:teuthology.orchestra.run.smithi150.stdout:/usr/bin/ceph: stderr
2024-05-10T04:33:04.268+0000 7f32867fc700 1 -- 172.21.15.150:0/3424093416 <== mon.0 v2:172.21.15.150:3300/0 7 ==== mgrmap(e 9) v1 ==== 45554+0+0 (secure 0 0 0) 0x7f328002d960 con 0x7f329007acb0
2024-05-10T04:33:04.648 INFO:teuthology.orchestra.run.smithi150.stdout:/usr/bin/ceph: stderr
2024-05-10T04:33:04.270+0000 7f32867fc700 1 -- 172.21.15.150:0/3424093416 <== mon.0 v2:172.21.15.150:3300/0 8 ==== mon_command_ack([{"prefix": "mgr module enable", "module": "dashboard"}]=0 v9) v1 ==== 88+0+0 (secure 0 0 0) 0x7f3280018b80 con 0x7f329007acb0
2024-05-10T04:33:04.649 INFO:teuthology.orchestra.run.smithi150.stdout:/usr/bin/ceph: stderr
2024-05-10T04:33:04.272+0000 7f329797d700 1 -- 172.21.15.150:0/3424093416 >> [v2:172.21.15.150:6800/881426482,v1:172.21.15.150:6801/881426482] conn(0x7f327c038770 msgr2=0x7f327c03ac80 secure :-1 s=STATE_CONNECTION_ESTABLISHED l=1).mark_down
2024-05-10T04:33:04.649 INFO:teuthology.orchestra.run.smithi150.stdout:/usr/bin/ceph: stderr
2024-05-10T04:33:04.272+0000 7f329797d700 1 --2- 172.21.15.150:0/3424093416 >> [v2:172.21.15.150:6800/881426482,v1:172.21.15.150:6801/881426482] conn(0x7f327c038770 0x7f327c03ac80 secure :-1 s=READY pgs=16 cs=0 l=1 rev1=1 crypto rx=0x7f328c006fd0 tx=0x7f328c006e40 comp rx=0 tx=0).stop
2024-05-10T04:33:04.649 INFO:teuthology.orchestra.run.smithi150.stdout:/usr/bin/ceph: stderr
2024-05-10T04:33:04.272+0000 7f329797d700 1 -- 172.21.15.150:0/3424093416 >> [v2:172.21.15.150:3300/0,v1:172.21.15.150:6789/0] conn(0x7f329007acb0 msgr2=0x7f329019d700 secure :-1 s=STATE_CONNECTION_ESTABLISHED l=1).mark_down
2024-05-10T04:33:04.650 INFO:teuthology.orchestra.run.smithi150.stdout:/usr/bin/ceph: stderr
2024-05-10T04:33:04.272+0000 7f329797d700 1 --2- 172.21.15.150:0/3424093416 >> [v2:172.21.15.150:3300/0,v1:172.21.15.150:6789/0] conn(0x7f329007acb0 0x7f329019d700 secure :-1 s=READY pgs=56 cs=0 l=1 rev1=1 crypto rx=0x7f3280006af0 tx=0x7f3280011980 comp rx=0 tx=0).stop
2024-05-10T04:33:04.650 INFO:teuthology.orchestra.run.smithi150.stdout:/usr/bin/ceph: stderr
2024-05-10T04:33:04.272+0000 7f329797d700 1 -- 172.21.15.150:0/3424093416 shutdown_connections
2024-05-10T04:33:04.650 INFO:teuthology.orchestra.run.smithi150.stdout:/usr/bin/ceph: stderr
2024-05-10T04:33:04.272+0000 7f329797d700 1 --2- 172.21.15.150:0/3424093416 >> [v2:172.21.15.150:6800/881426482,v1:172.21.15.150:6801/881426482] conn(0x7f327c038770 0x7f327c03ac80 unknown :-1 s=CLOSED pgs=16 cs=0 l=1 rev1=1 crypto rx=0 tx=0 comp rx=0 tx=0).stop
2024-05-10T04:33:04.650 INFO:teuthology.orchestra.run.smithi150.stdout:/usr/bin/ceph: stderr
2024-05-10T04:33:04.272+0000 7f329797d700 1 --2- 172.21.15.150:0/3424093416 >> [v2:172.21.15.150:3300/0,v1:172.21.15.150:6789/0] conn(0x7f329007acb0 0x7f329019d700 unknown :-1 s=CLOSED pgs=56 cs=0 l=1 rev1=1 crypto rx=0 tx=0 comp rx=0 tx=0).stop
2024-05-10T04:33:04.650 INFO:teuthology.orchestra.run.smithi150.stdout:/usr/bin/ceph: stderr
2024-05-10T04:33:04.272+0000 7f329797d700 1 -- 172.21.15.150:0/3424093416 >> 172.21.15.150:0/3424093416 conn(0x7f32901019c0 msgr2=0x7f3290102280 unknown :-1 s=STATE_NONE l=0).mark_down
2024-05-10T04:33:04.650 INFO:teuthology.orchestra.run.smithi150.stdout:/usr/bin/ceph: stderr
2024-05-10T04:33:04.272+0000 7f329797d700 1 -- 172.21.15.150:0/3424093416 shutdown_connections
2024-05-10T04:33:04.651 INFO:teuthology.orchestra.run.smithi150.stdout:/usr/bin/ceph: stderr
2024-05-10T04:33:04.272+0000 7f329797d700 1 -- 172.21.15.150:0/3424093416 wait complete.
2024-05-10T04:33:04.871 INFO:journalctl@ceph.mgr.x.smithi150.stdout:May 10 04:33:04 smithi150 ceph-28928ad0-0e86-11ef-bc98-c7b262605968-mgr-x[42654]:
2024-05-10T04:33:04.754+0000 7f78c23f2200 -1 mgr[py] Module prometheus has missing NOTIFY_TYPES member
2024-05-10T04:33:04.871 INFO:journalctl@ceph.mgr.x.smithi150.stdout:May 10 04:33:04 smithi150 ceph-28928ad0-0e86-11ef-bc98-c7b262605968-mgr-x[42654]:
2024-05-10T04:33:04.869+0000 7f78c23f2200 -1 mgr[py] Module alerts has missing NOTIFY_TYPES member
2024-05-10T04:33:05.161 INFO:journalctl@ceph.mgr.x.smithi150.stdout:May 10 04:33:04 smithi150 ceph-28928ad0-0e86-11ef-bc98-c7b262605968-mgr-x[42654]:
2024-05-10T04:33:04.963+0000 7f78c23f2200 -1 mgr[py] Module osd_perf_query has missing NOTIFY_TYPES member
2024-05-10T04:33:05.161 INFO:journalctl@ceph.mgr.x.smithi150.stdout:May 10 04:33:05 smithi150 ceph-28928ad0-0e86-11ef-bc98-c7b262605968-mgr-x[42654]:
2024-05-10T04:33:05.056+0000 7f78c23f2200 -1 mgr[py] Module progress has missing NOTIFY_TYPES member
2024-05-10T04:33:05.528 INFO:journalctl@ceph.mon.a.smithi150.stdout:May 10 04:33:05 smithi150 ceph-mon[42404]: from='client.? 172.21.15.150:0/3424093416' entity='client.admin' cmd='[{"prefix": "mgr module enable", "module": "dashboard"}]': finished
2024-05-10T04:33:05.528 INFO:journalctl@ceph.mon.a.smithi150.stdout:May 10 04:33:05 smithi150 ceph-mon[42404]: mgrmap e9: x(active, since 16s)
2024-05-10T04:33:05.621 INFO:teuthology.orchestra.run.smithi150.stdout:/usr/bin/ceph: stdout {
2024-05-10T04:33:05.621 INFO:teuthology.orchestra.run.smithi150.stdout:/usr/bin/ceph: stdout "epoch": 9,
2024-05-10T04:33:05.621 INFO:teuthology.orchestra.run.smithi150.stdout:/usr/bin/ceph: stdout "available": true,
2024-05-10T04:33:05.621 INFO:teuthology.orchestra.run.smithi150.stdout:/usr/bin/ceph: stdout "active_name": "x",
2024-05-10T04:33:05.621 INFO:teuthology.orchestra.run.smithi150.stdout:/usr/bin/ceph: stdout "num_standby": 0
2024-05-10T04:33:05.621 INFO:teuthology.orchestra.run.smithi150.stdout:/usr/bin/ceph: stdout }
2024-05-10T04:33:05.621 INFO:teuthology.orchestra.run.smithi150.stdout:/usr/bin/ceph: stderr
2024-05-10T04:33:05.009+0000 7f1539e41700 1 Processor -- start
2024-05-10T04:33:05.621 INFO:teuthology.orchestra.run.smithi150.stdout:/usr/bin/ceph: stderr
2024-05-10T04:33:05.009+0000 7f1539e41700 1 -- start start
2024-05-10T04:33:05.622 INFO:teuthology.orchestra.run.smithi150.stdout:/usr/bin/ceph: stderr
2024-05-10T04:33:05.009+0000 7f1539e41700 1 --2- >> [v2:172.21.15.150:3300/0,v1:172.21.15.150:6789/0] conn(0x7f153407acd0 0x7f1534109f30 unknown :-1 s=NONE pgs=0 cs=0 l=0 rev1=0 crypto rx=0 tx=0 comp rx=0 tx=0).connect
2024-05-10T04:33:05.622 INFO:teuthology.orchestra.run.smithi150.stdout:/usr/bin/ceph: stderr
2024-05-10T04:33:05.009+0000 7f1539e41700 1 -- --> [v2:172.21.15.150:3300/0,v1:172.21.15.150:6789/0] -- mon_getmap magic: 0 v1 -- 0x7f153410a520 con 0x7f153407acd0
2024-05-10T04:33:05.622 INFO:teuthology.orchestra.run.smithi150.stdout:/usr/bin/ceph: stderr
2024-05-10T04:33:05.010+0000 7f15337fe700 1 --2- >> [v2:172.21.15.150:3300/0,v1:172.21.15.150:6789/0] conn(0x7f153407acd0 0x7f1534109f30 unknown :-1 s=BANNER_CONNECTING pgs=0 cs=0 l=0 rev1=0 crypto rx=0 tx=0 comp rx=0 tx=0)._handle_peer_banner_payload supported=3 required=0
2024-05-10T04:33:05.622 INFO:teuthology.orchestra.run.smithi150.stdout:/usr/bin/ceph: stderr
2024-05-10T04:33:05.010+0000 7f15337fe700 1 --2- >> [v2:172.21.15.150:3300/0,v1:172.21.15.150:6789/0] conn(0x7f153407acd0 0x7f1534109f30 unknown :-1 s=HELLO_CONNECTING pgs=0 cs=0 l=0 rev1=1 crypto rx=0 tx=0 comp rx=0 tx=0).handle_hello peer v2:172.21.15.150:3300/0 says I am v2:172.21.15.150:39626/0 (socket says 172.21.15.150:39626)
2024-05-10T04:33:05.622 INFO:teuthology.orchestra.run.smithi150.stdout:/usr/bin/ceph: stderr
2024-05-10T04:33:05.010+0000 7f15337fe700 1 -- 172.21.15.150:0/2017677701 learned_addr learned my addr 172.21.15.150:0/2017677701 (peer_addr_for_me v2:172.21.15.150:0/0)
2024-05-10T04:33:05.622 INFO:teuthology.orchestra.run.smithi150.stdout:/usr/bin/ceph: stderr
2024-05-10T04:33:05.010+0000 7f15337fe700 1 -- 172.21.15.150:0/2017677701 --> [v2:172.21.15.150:3300/0,v1:172.21.15.150:6789/0] -- mon_subscribe({config=0+,monmap=0+}) v3 -- 0x7f153410a660 con 0x7f153407acd0
2024-05-10T04:33:05.622 INFO:teuthology.orchestra.run.smithi150.stdout:/usr/bin/ceph: stderr
2024-05-10T04:33:05.010+0000 7f15337fe700 1 --2- 172.21.15.150:0/2017677701 >> [v2:172.21.15.150:3300/0,v1:172.21.15.150:6789/0] conn(0x7f153407acd0 0x7f1534109f30 secure :-1 s=READY pgs=59 cs=0 l=1 rev1=1 crypto rx=0x7f15240098a0 tx=0x7f1524009bb0 comp rx=0 tx=0).ready entity=mon.0 client_cookie=d5f33cf5d084ed0f server_cookie=0 in_seq=0 out_seq=0
2024-05-10T04:33:05.622 INFO:teuthology.orchestra.run.smithi150.stdout:/usr/bin/ceph: stderr
2024-05-10T04:33:05.010+0000 7f15327fc700 1 -- 172.21.15.150:0/2017677701 <== mon.0 v2:172.21.15.150:3300/0 1 ==== mon_map magic: 0 v1 ==== 205+0+0 (secure 0 0 0) 0x7f1524004160 con 0x7f153407acd0
2024-05-10T04:33:05.622 INFO:teuthology.orchestra.run.smithi150.stdout:/usr/bin/ceph: stderr
2024-05-10T04:33:05.011+0000 7f15327fc700 1 -- 172.21.15.150:0/2017677701 <== mon.0 v2:172.21.15.150:3300/0 2 ==== config(26 keys) v1 ==== 1105+0+0 (secure 0 0 0) 0x7f15240042c0 con 0x7f153407acd0
2024-05-10T04:33:05.622 INFO:teuthology.orchestra.run.smithi150.stdout:/usr/bin/ceph: stderr
2024-05-10T04:33:05.011+0000 7f15327fc700 1 -- 172.21.15.150:0/2017677701 <== mon.0 v2:172.21.15.150:3300/0 3 ==== mon_map magic: 0 v1 ==== 205+0+0 (secure 0 0 0) 0x7f15240119b0 con 0x7f153407acd0
2024-05-10T04:33:05.622 INFO:teuthology.orchestra.run.smithi150.stdout:/usr/bin/ceph: stderr
2024-05-10T04:33:05.011+0000 7f1539e41700 1 -- 172.21.15.150:0/2017677701 >> [v2:172.21.15.150:3300/0,v1:172.21.15.150:6789/0] conn(0x7f153407acd0 msgr2=0x7f1534109f30 secure :-1 s=STATE_CONNECTION_ESTABLISHED l=1).mark_down
2024-05-10T04:33:05.622 INFO:teuthology.orchestra.run.smithi150.stdout:/usr/bin/ceph: stderr
2024-05-10T04:33:05.011+0000 7f1539e41700 1 --2- 172.21.15.150:0/2017677701 >> [v2:172.21.15.150:3300/0,v1:172.21.15.150:6789/0] conn(0x7f153407acd0 0x7f1534109f30 secure :-1 s=READY pgs=59 cs=0 l=1 rev1=1 crypto rx=0x7f15240098a0 tx=0x7f1524009bb0 comp rx=0 tx=0).stop
2024-05-10T04:33:05.622 INFO:teuthology.orchestra.run.smithi150.stdout:/usr/bin/ceph: stderr
2024-05-10T04:33:05.011+0000 7f1539e41700 1 -- 172.21.15.150:0/2017677701 shutdown_connections
2024-05-10T04:33:05.622 INFO:teuthology.orchestra.run.smithi150.stdout:/usr/bin/ceph: stderr
2024-05-10T04:33:05.011+0000 7f1539e41700 1 --2- 172.21.15.150:0/2017677701 >> [v2:172.21.15.150:3300/0,v1:172.21.15.150:6789/0] conn(0x7f153407acd0 0x7f1534109f30 unknown :-1 s=CLOSED pgs=59 cs=0 l=1 rev1=1 crypto rx=0 tx=0 comp rx=0 tx=0).stop
2024-05-10T04:33:05.623 INFO:teuthology.orchestra.run.smithi150.stdout:/usr/bin/ceph: stderr
2024-05-10T04:33:05.011+0000 7f1539e41700 1 -- 172.21.15.150:0/2017677701 >> 172.21.15.150:0/2017677701 conn(0x7f1534101980 msgr2=0x7f1534103dd0 unknown :-1 s=STATE_NONE l=0).mark_down
2024-05-10T04:33:05.623 INFO:teuthology.orchestra.run.smithi150.stdout:/usr/bin/ceph: stderr
2024-05-10T04:33:05.011+0000 7f1539e41700 1 -- 172.21.15.150:0/2017677701 shutdown_connections
2024-05-10T04:33:05.623 INFO:teuthology.orchestra.run.smithi150.stdout:/usr/bin/ceph: stderr
2024-05-10T04:33:05.011+0000 7f1539e41700 1 -- 172.21.15.150:0/2017677701 wait complete.
2024-05-10T04:33:05.623 INFO:teuthology.orchestra.run.smithi150.stdout:/usr/bin/ceph: stderr
2024-05-10T04:33:05.012+0000 7f1539e41700 1 Processor -- start
2024-05-10T04:33:05.623 INFO:teuthology.orchestra.run.smithi150.stdout:/usr/bin/ceph: stderr
2024-05-10T04:33:05.012+0000 7f1539e41700 1 -- start start
2024-05-10T04:33:05.623 INFO:teuthology.orchestra.run.smithi150.stdout:/usr/bin/ceph: stderr
2024-05-10T04:33:05.012+0000 7f1539e41700 1 --2- >> [v2:172.21.15.150:3300/0,v1:172.21.15.150:6789/0] conn(0x7f153407acd0 0x7f153419d710 unknown :-1 s=NONE pgs=0 cs=0 l=1 rev1=0 crypto rx=0 tx=0 comp rx=0 tx=0).connect
2024-05-10T04:33:05.623 INFO:teuthology.orchestra.run.smithi150.stdout:/usr/bin/ceph: stderr
2024-05-10T04:33:05.012+0000 7f1539e41700 1 -- --> [v2:172.21.15.150:3300/0,v1:172.21.15.150:6789/0] -- mon_getmap magic: 0 v1 -- 0x7f153419dc50 con 0x7f153407acd0
2024-05-10T04:33:05.623 INFO:teuthology.orchestra.run.smithi150.stdout:/usr/bin/ceph: stderr
2024-05-10T04:33:05.013+0000 7f15337fe700 1 --2- >> [v2:172.21.15.150:3300/0,v1:172.21.15.150:6789/0] conn(0x7f153407acd0 0x7f153419d710 unknown :-1 s=BANNER_CONNECTING pgs=0 cs=0 l=1 rev1=0 crypto rx=0 tx=0 comp rx=0 tx=0)._handle_peer_banner_payload supported=3 required=0
2024-05-10T04:33:05.623 INFO:teuthology.orchestra.run.smithi150.stdout:/usr/bin/ceph: stderr
2024-05-10T04:33:05.013+0000 7f15337fe700 1 --2- >> [v2:172.21.15.150:3300/0,v1:172.21.15.150:6789/0] conn(0x7f153407acd0 0x7f153419d710 unknown :-1 s=HELLO_CONNECTING pgs=0 cs=0 l=1 rev1=1 crypto rx=0 tx=0 comp rx=0 tx=0).handle_hello peer v2:172.21.15.150:3300/0 says I am v2:172.21.15.150:39634/0 (socket says 172.21.15.150:39634)
2024-05-10T04:33:05.623 INFO:teuthology.orchestra.run.smithi150.stdout:/usr/bin/ceph: stderr
2024-05-10T04:33:05.013+0000 7f15337fe700 1 -- 172.21.15.150:0/3900274802 learned_addr learned my addr 172.21.15.150:0/3900274802 (peer_addr_for_me v2:172.21.15.150:0/0)
2024-05-10T04:33:05.623 INFO:teuthology.orchestra.run.smithi150.stdout:/usr/bin/ceph: stderr
2024-05-10T04:33:05.013+0000 7f15337fe700 1 -- 172.21.15.150:0/3900274802 --> [v2:172.21.15.150:3300/0,v1:172.21.15.150:6789/0] -- mon_subscribe({config=0+,monmap=0+}) v3 -- 0x7f1524009550 con 0x7f153407acd0
2024-05-10T04:33:05.623 INFO:teuthology.orchestra.run.smithi150.stdout:/usr/bin/ceph: stderr
2024-05-10T04:33:05.013+0000 7f15337fe700 1 --2- 172.21.15.150:0/3900274802 >> [v2:172.21.15.150:3300/0,v1:172.21.15.150:6789/0] conn(0x7f153407acd0 0x7f153419d710 secure :-1 s=READY pgs=60 cs=0 l=1 rev1=1 crypto rx=0x7f1524006af0 tx=0x7f1524011980 comp rx=0 tx=0).ready entity=mon.0 client_cookie=0 server_cookie=0 in_seq=0 out_seq=0
2024-05-10T04:33:05.623 INFO:teuthology.orchestra.run.smithi150.stdout:/usr/bin/ceph: stderr
2024-05-10T04:33:05.013+0000 7f1530ff9700 1 -- 172.21.15.150:0/3900274802 <== mon.0 v2:172.21.15.150:3300/0 1 ==== mon_map magic: 0 v1 ==== 205+0+0 (secure 0 0 0) 0x7f15240038b0 con 0x7f153407acd0
2024-05-10T04:33:05.623 INFO:teuthology.orchestra.run.smithi150.stdout:/usr/bin/ceph: stderr
2024-05-10T04:33:05.013+0000 7f1530ff9700 1 -- 172.21.15.150:0/3900274802 <== mon.0 v2:172.21.15.150:3300/0 2 ==== config(26 keys) v1 ==== 1105+0+0 (secure 0 0 0) 0x7f1524003a10 con 0x7f153407acd0
2024-05-10T04:33:05.623 INFO:teuthology.orchestra.run.smithi150.stdout:/usr/bin/ceph: stderr
2024-05-10T04:33:05.013+0000 7f1539e41700 1 -- 172.21.15.150:0/3900274802 --> [v2:172.21.15.150:3300/0,v1:172.21.15.150:6789/0] -- mon_subscribe({mgrmap=0+}) v3 -- 0x7f153419de50 con 0x7f153407acd0
2024-05-10T04:33:05.624 INFO:teuthology.orchestra.run.smithi150.stdout:/usr/bin/ceph: stderr
2024-05-10T04:33:05.013+0000 7f1530ff9700 1 -- 172.21.15.150:0/3900274802 <== mon.0 v2:172.21.15.150:3300/0 3 ==== mon_map magic: 0 v1 ==== 205+0+0 (secure 0 0 0) 0x7f1524019550 con 0x7f153407acd0
2024-05-10T04:33:05.624 INFO:teuthology.orchestra.run.smithi150.stdout:/usr/bin/ceph: stderr
2024-05-10T04:33:05.013+0000 7f1539e41700 1 -- 172.21.15.150:0/3900274802 --> [v2:172.21.15.150:3300/0,v1:172.21.15.150:6789/0] -- mon_subscribe({osdmap=0}) v3 -- 0x7f153419e2f0 con 0x7f153407acd0
2024-05-10T04:33:05.624 INFO:teuthology.orchestra.run.smithi150.stdout:/usr/bin/ceph: stderr
2024-05-10T04:33:05.014+0000 7f1530ff9700 1 -- 172.21.15.150:0/3900274802 <== mon.0 v2:172.21.15.150:3300/0 4 ==== mgrmap(e 9) v1 ==== 45554+0+0 (secure 0 0 0) 0x7f15240197c0 con 0x7f153407acd0
2024-05-10T04:33:05.624 INFO:teuthology.orchestra.run.smithi150.stdout:/usr/bin/ceph: stderr
2024-05-10T04:33:05.014+0000 7f1539e41700 1 -- 172.21.15.150:0/3900274802 --> [v2:172.21.15.150:3300/0,v1:172.21.15.150:6789/0] -- mon_command({"prefix": "get_command_descriptions"} v 0) v1 -- 0x7f153410b560 con 0x7f153407acd0
2024-05-10T04:33:05.624 INFO:teuthology.orchestra.run.smithi150.stdout:/usr/bin/ceph: stderr
2024-05-10T04:33:05.015+0000 7f1530ff9700 1 --2- 172.21.15.150:0/3900274802 >> [v2:172.21.15.150:6800/881426482,v1:172.21.15.150:6801/881426482] conn(0x7f151c038810 0x7f151c03ad20 unknown :-1 s=NONE pgs=0 cs=0 l=1 rev1=0 crypto rx=0 tx=0 comp rx=0 tx=0).connect
2024-05-10T04:33:05.624 INFO:teuthology.orchestra.run.smithi150.stdout:/usr/bin/ceph: stderr
2024-05-10T04:33:05.015+0000 7f1530ff9700 1 -- 172.21.15.150:0/3900274802 <== mon.0 v2:172.21.15.150:3300/0 5 ==== osd_map(2..2 src has 1..2) v4 ==== 940+0+0 (secure 0 0 0) 0x7f152404d740 con 0x7f153407acd0
2024-05-10T04:33:05.624 INFO:teuthology.orchestra.run.smithi150.stdout:/usr/bin/ceph: stderr
2024-05-10T04:33:05.015+0000 7f1532ffd700 1 -- 172.21.15.150:0/3900274802 >> [v2:172.21.15.150:6800/881426482,v1:172.21.15.150:6801/881426482] conn(0x7f151c038810 msgr2=0x7f151c03ad20 unknown :-1 s=STATE_CONNECTING_RE l=1).process reconnect failed to v2:172.21.15.150:6800/881426482
2024-05-10T04:33:05.624 INFO:teuthology.orchestra.run.smithi150.stdout:/usr/bin/ceph: stderr
2024-05-10T04:33:05.015+0000 7f1532ffd700 1 --2- 172.21.15.150:0/3900274802 >> [v2:172.21.15.150:6800/881426482,v1:172.21.15.150:6801/881426482] conn(0x7f151c038810 0x7f151c03ad20 unknown :-1 s=START_CONNECT pgs=0 cs=0 l=1 rev1=0 crypto rx=0 tx=0 comp rx=0 tx=0)._fault waiting 0.200000
2024-05-10T04:33:05.624 INFO:teuthology.orchestra.run.smithi150.stdout:/usr/bin/ceph: stderr
2024-05-10T04:33:05.020+0000 7f1530ff9700 1 -- 172.21.15.150:0/3900274802 <== mon.0 v2:172.21.15.150:3300/0 6 ==== mon_command_ack([{"prefix": "get_command_descriptions"}]=0 v0) v1 ==== 72+0+183622 (secure 0 0 0) 0x7f1524018d90 con 0x7f153407acd0
2024-05-10T04:33:05.624 INFO:teuthology.orchestra.run.smithi150.stdout:/usr/bin/ceph: stderr
2024-05-10T04:33:05.216+0000 7f1532ffd700 1 -- 172.21.15.150:0/3900274802 >> [v2:172.21.15.150:6800/881426482,v1:172.21.15.150:6801/881426482] conn(0x7f151c038810 msgr2=0x7f151c03ad20 unknown :-1 s=STATE_CONNECTING_RE l=1).process reconnect failed to v2:172.21.15.150:6800/881426482
2024-05-10T04:33:05.624 INFO:teuthology.orchestra.run.smithi150.stdout:/usr/bin/ceph: stderr
2024-05-10T04:33:05.216+0000 7f1532ffd700 1 --2- 172.21.15.150:0/3900274802 >> [v2:172.21.15.150:6800/881426482,v1:172.21.15.150:6801/881426482] conn(0x7f151c038810 0x7f151c03ad20 unknown :-1 s=START_CONNECT pgs=0 cs=0 l=1 rev1=0 crypto rx=0 tx=0 comp rx=0 tx=0)._fault waiting 0.400000
2024-05-10T04:33:05.624 INFO:teuthology.orchestra.run.smithi150.stdout:/usr/bin/ceph: stderr
2024-05-10T04:33:05.277+0000 7f1539e41700 1 -- 172.21.15.150:0/3900274802 --> [v2:172.21.15.150:3300/0,v1:172.21.15.150:6789/0] -- mon_command({"prefix": "mgr stat"} v 0) v1 -- 0x7f15341a0af0 con 0x7f153407acd0
2024-05-10T04:33:05.624 INFO:teuthology.orchestra.run.smithi150.stdout:/usr/bin/ceph: stderr
2024-05-10T04:33:05.277+0000 7f1530ff9700 1 -- 172.21.15.150:0/3900274802 <== mon.0 v2:172.21.15.150:3300/0 7 ==== mon_command_ack([{"prefix": "mgr stat"}]=0 v9) v1 ==== 56+0+88 (secure 0 0 0) 0x7f1524018350 con 0x7f153407acd0
2024-05-10T04:33:05.624 INFO:teuthology.orchestra.run.smithi150.stdout:/usr/bin/ceph: stderr
2024-05-10T04:33:05.279+0000 7f1539e41700 1 -- 172.21.15.150:0/3900274802 >> [v2:172.21.15.150:6800/881426482,v1:172.21.15.150:6801/881426482] conn(0x7f151c038810 msgr2=0x7f151c03ad20 unknown :-1 s=STATE_CONNECTING l=1).mark_down
2024-05-10T04:33:05.624 INFO:teuthology.orchestra.run.smithi150.stdout:/usr/bin/ceph: stderr
2024-05-10T04:33:05.279+0000 7f1539e41700 1 --2- 172.21.15.150:0/3900274802 >> [v2:172.21.15.150:6800/881426482,v1:172.21.15.150:6801/881426482] conn(0x7f151c038810 0x7f151c03ad20 unknown :-1 s=START_CONNECT pgs=0 cs=0 l=1 rev1=0 crypto rx=0 tx=0 comp rx=0 tx=0).stop
2024-05-10T04:33:05.625 INFO:teuthology.orchestra.run.smithi150.stdout:/usr/bin/ceph: stderr
2024-05-10T04:33:05.279+0000 7f1539e41700 1 -- 172.21.15.150:0/3900274802 >> [v2:172.21.15.150:3300/0,v1:172.21.15.150:6789/0] conn(0x7f153407acd0 msgr2=0x7f153419d710 secure :-1 s=STATE_CONNECTION_ESTABLISHED l=1).mark_down
2024-05-10T04:33:05.625 INFO:teuthology.orchestra.run.smithi150.stdout:/usr/bin/ceph: stderr
2024-05-10T04:33:05.279+0000 7f1539e41700 1 --2- 172.21.15.150:0/3900274802 >> [v2:172.21.15.150:3300/0,v1:172.21.15.150:6789/0] conn(0x7f153407acd0 0x7f153419d710 secure :-1 s=READY pgs=60 cs=0 l=1 rev1=1 crypto rx=0x7f1524006af0 tx=0x7f1524011980 comp rx=0 tx=0).stop
2024-05-10T04:33:05.625 INFO:teuthology.orchestra.run.smithi150.stdout:/usr/bin/ceph: stderr
2024-05-10T04:33:05.279+0000 7f1539e41700 1 -- 172.21.15.150:0/3900274802 shutdown_connections
2024-05-10T04:33:05.625 INFO:teuthology.orchestra.run.smithi150.stdout:/usr/bin/ceph: stderr
2024-05-10T04:33:05.279+0000 7f1539e41700 1 --2- 172.21.15.150:0/3900274802 >> [v2:172.21.15.150:6800/881426482,v1:172.21.15.150:6801/881426482] conn(0x7f151c038810 0x7f151c03ad20 unknown :-1 s=CLOSED pgs=0 cs=0 l=1 rev1=0 crypto rx=0 tx=0 comp rx=0 tx=0).stop
2024-05-10T04:33:05.625 INFO:teuthology.orchestra.run.smithi150.stdout:/usr/bin/ceph: stderr
2024-05-10T04:33:05.279+0000 7f1539e41700 1 --2- 172.21.15.150:0/3900274802 >> [v2:172.21.15.150:3300/0,v1:172.21.15.150:6789/0] conn(0x7f153407acd0 0x7f153419d710 unknown :-1 s=CLOSED pgs=60 cs=0 l=1 rev1=1 crypto rx=0 tx=0 comp rx=0 tx=0).stop
2024-05-10T04:33:05.625 INFO:teuthology.orchestra.run.smithi150.stdout:/usr/bin/ceph: stderr
2024-05-10T04:33:05.279+0000 7f1539e41700 1 -- 172.21.15.150:0/3900274802 >> 172.21.15.150:0/3900274802 conn(0x7f1534101980 msgr2=0x7f1534102300 unknown :-1 s=STATE_NONE l=0).mark_down
2024-05-10T04:33:05.625 INFO:teuthology.orchestra.run.smithi150.stdout:/usr/bin/ceph: stderr
2024-05-10T04:33:05.279+0000 7f1539e41700 1 -- 172.21.15.150:0/3900274802 shutdown_connections
2024-05-10T04:33:05.625 INFO:teuthology.orchestra.run.smithi150.stdout:/usr/bin/ceph: stderr
2024-05-10T04:33:05.279+0000 7f1539e41700 1 -- 172.21.15.150:0/3900274802 wait complete.
2024-05-10T04:33:05.625 INFO:teuthology.orchestra.run.smithi150.stdout:Waiting for the mgr to restart...
2024-05-10T04:33:05.625 INFO:teuthology.orchestra.run.smithi150.stdout:Waiting for mgr epoch 9...
2024-05-10T04:33:05.794 INFO:journalctl@ceph.mgr.x.smithi150.stdout:May 10 04:33:05 smithi150 ceph-28928ad0-0e86-11ef-bc98-c7b262605968-mgr-x[42654]:
2024-05-10T04:33:05.718+0000 7f78c23f2200 -1 mgr[py] Module orchestrator has missing NOTIFY_TYPES member
2024-05-10T04:33:06.269 INFO:journalctl@ceph.mgr.x.smithi150.stdout:May 10 04:33:05 smithi150 ceph-28928ad0-0e86-11ef-bc98-c7b262605968-mgr-x[42654]:
2024-05-10T04:33:05.993+0000 7f78c23f2200 -1 mgr[py] Module nfs has missing NOTIFY_TYPES member
2024-05-10T04:33:06.269 INFO:journalctl@ceph.mgr.x.smithi150.stdout:May 10 04:33:06 smithi150 ceph-28928ad0-0e86-11ef-bc98-c7b262605968-mgr-x[42654]:
2024-05-10T04:33:06.084+0000 7f78c23f2200 -1 mgr[py] Module zabbix has missing NOTIFY_TYPES member
2024-05-10T04:33:06.269 INFO:journalctl@ceph.mgr.x.smithi150.stdout:May 10 04:33:06 smithi150 ceph-28928ad0-0e86-11ef-bc98-c7b262605968-mgr-x[42654]:
2024-05-10T04:33:06.197+0000 7f78c23f2200 -1 mgr[py] Module rbd_support has missing NOTIFY_TYPES member
2024-05-10T04:33:06.575 INFO:journalctl@ceph.mon.a.smithi150.stdout:May 10 04:33:06 smithi150 ceph-mon[42404]: from='client.? 172.21.15.150:0/3900274802' entity='client.admin' cmd=[{"prefix": "mgr stat"}]: dispatch
2024-05-10T04:33:06.576 INFO:journalctl@ceph.mgr.x.smithi150.stdout:May 10 04:33:06 smithi150 ceph-28928ad0-0e86-11ef-bc98-c7b262605968-mgr-x[42654]:
2024-05-10T04:33:06.358+0000 7f78c23f2200 -1 mgr[py] Module status has missing NOTIFY_TYPES member
2024-05-10T04:33:06.576 INFO:journalctl@ceph.mgr.x.smithi150.stdout:May 10 04:33:06 smithi150 ceph-28928ad0-0e86-11ef-bc98-c7b262605968-mgr-x[42654]:
2024-05-10T04:33:06.486+0000 7f78c23f2200 -1 mgr[py] Module diskprediction_local has missing NOTIFY_TYPES member
2024-05-10T04:33:06.911 INFO:journalctl@ceph.mgr.x.smithi150.stdout:May 10 04:33:06 smithi150 ceph-28928ad0-0e86-11ef-bc98-c7b262605968-mgr-x[42654]:
2024-05-10T04:33:06.573+0000 7f78c23f2200 -1 mgr[py] Module telegraf has missing NOTIFY_TYPES member
2024-05-10T04:33:07.349 INFO:journalctl@ceph.mgr.x.smithi150.stdout:May 10 04:33:06 smithi150 ceph-28928ad0-0e86-11ef-bc98-c7b262605968-mgr-x[42654]:
2024-05-10T04:33:06.951+0000 7f78c23f2200 -1 mgr[py] Module influx has missing NOTIFY_TYPES member
2024-05-10T04:33:07.643 INFO:journalctl@ceph.mgr.x.smithi150.stdout:May 10 04:33:07 smithi150 ceph-28928ad0-0e86-11ef-bc98-c7b262605968-mgr-x[42654]:
2024-05-10T04:33:07.348+0000 7f78c23f2200 -1 mgr[py] Module pg_autoscaler has missing NOTIFY_TYPES member
2024-05-10T04:33:07.643 INFO:journalctl@ceph.mgr.x.smithi150.stdout:May 10 04:33:07 smithi150 ceph-28928ad0-0e86-11ef-bc98-c7b262605968-mgr-x[42654]:
2024-05-10T04:33:07.547+0000 7f78c23f2200 -1 mgr[py] Module rgw has missing NOTIFY_TYPES member
2024-05-10T04:33:08.671 INFO:journalctl@ceph.mgr.x.smithi150.stdout:May 10 04:33:07 smithi150 ceph-28928ad0-0e86-11ef-bc98-c7b262605968-mgr-x[42654]:
2024-05-10T04:33:07.642+0000 7f78c23f2200 -1 mgr[py] Module balancer has missing NOTIFY_TYPES member
2024-05-10T04:33:08.671 INFO:journalctl@ceph.mgr.x.smithi150.stdout:May 10 04:33:08 smithi150 ceph-28928ad0-0e86-11ef-bc98-c7b262605968-mgr-x[42654]:
2024-05-10T04:33:08.419+0000 7f78c23f2200 -1 mgr[py] Module iostat has missing NOTIFY_TYPES member
2024-05-10T04:33:08.671 INFO:journalctl@ceph.mgr.x.smithi150.stdout:May 10 04:33:08 smithi150 ceph-28928ad0-0e86-11ef-bc98-c7b262605968-mgr-x[42654]:
2024-05-10T04:33:08.519+0000 7f78c23f2200 -1 mgr[py] Module snap_schedule has missing NOTIFY_TYPES member
2024-05-10T04:33:09.661 INFO:journalctl@ceph.mgr.x.smithi150.stdout:May 10 04:33:08 smithi150 ceph-28928ad0-0e86-11ef-bc98-c7b262605968-mgr-x[42654]:
2024-05-10T04:33:08.669+0000 7f78c23f2200 -1 mgr[py] Module telemetry has missing NOTIFY_TYPES member
2024-05-10T04:33:09.661 INFO:journalctl@ceph.mgr.x.smithi150.stdout:May 10 04:33:09 smithi150 ceph-28928ad0-0e86-11ef-bc98-c7b262605968-mgr-x[42654]:
2024-05-10T04:33:09.306+0000 7f78c23f2200 -1 mgr[py] Module rook has missing NOTIFY_TYPES member
2024-05-10T04:33:09.661 INFO:journalctl@ceph.mgr.x.smithi150.stdout:May 10 04:33:09 smithi150 ceph-28928ad0-0e86-11ef-bc98-c7b262605968-mgr-x[42654]:
2024-05-10T04:33:09.493+0000 7f78c23f2200 -1 mgr[py] Module selftest has missing NOTIFY_TYPES member
2024-05-10T04:33:10.161 INFO:journalctl@ceph.mgr.x.smithi150.stdout:May 10 04:33:09 smithi150 ceph-28928ad0-0e86-11ef-bc98-c7b262605968-mgr-x[42654]:
2024-05-10T04:33:09.692+0000 7f78c23f2200 -1 mgr[py] Module devicehealth has missing NOTIFY_TYPES member
2024-05-10T04:33:10.911 INFO:journalctl@ceph.mgr.x.smithi150.stdout:May 10 04:33:10 smithi150 ceph-28928ad0-0e86-11ef-bc98-c7b262605968-mgr-x[42654]:
2024-05-10T04:33:10.642+0000 7f78c23f2200 -1 mgr[py] Module volumes has missing NOTIFY_TYPES member
2024-05-10T04:33:11.226 INFO:journalctl@ceph.mgr.x.smithi150.stdout:May 10 04:33:10 smithi150 ceph-28928ad0-0e86-11ef-bc98-c7b262605968-mgr-x[42654]:
2024-05-10T04:33:10.937+0000 7f78c23f2200 -1 mgr[py] Module test_orchestrator has missing NOTIFY_TYPES member
2024-05-10T04:33:11.226 INFO:journalctl@ceph.mgr.x.smithi150.stdout:May 10 04:33:11 smithi150 ceph-28928ad0-0e86-11ef-bc98-c7b262605968-mgr-x[42654]:
2024-05-10T04:33:11.028+0000 7f78c23f2200 -1 mgr[py] Module osd_support has missing NOTIFY_TYPES member
2024-05-10T04:33:11.661 INFO:journalctl@ceph.mgr.x.smithi150.stdout:May 10 04:33:11 smithi150 ceph-28928ad0-0e86-11ef-bc98-c7b262605968-mgr-x[42654]:
2024-05-10T04:33:11.224+0000 7f78c23f2200 -1 mgr[py] Module crash has missing NOTIFY_TYPES member
2024-05-10T04:33:11.662 INFO:journalctl@ceph.mon.a.smithi150.stdout:May 10 04:33:11 smithi150 ceph-mon[42404]: Active manager daemon x restarted
2024-05-10T04:33:11.662 INFO:journalctl@ceph.mon.a.smithi150.stdout:May 10 04:33:11 smithi150 ceph-mon[42404]: Activating manager daemon x
2024-05-10T04:33:11.662 INFO:journalctl@ceph.mon.a.smithi150.stdout:May 10 04:33:11 smithi150 ceph-mon[42404]: osdmap e3: 0 total, 0 up, 0 in
2024-05-10T04:33:11.662 INFO:journalctl@ceph.mon.a.smithi150.stdout:May 10 04:33:11 smithi150 ceph-mon[42404]: mgrmap e10: x(active, starting, since 0.00382137s)
2024-05-10T04:33:11.662 INFO:journalctl@ceph.mon.a.smithi150.stdout:May 10 04:33:11 smithi150 ceph-mon[42404]: from='mgr.14152 172.21.15.150:0/993715438' entity='mgr.x' cmd=[{"prefix": "mon metadata", "id": "a"}]: dispatch
2024-05-10T04:33:11.662 INFO:journalctl@ceph.mon.a.smithi150.stdout:May 10 04:33:11 smithi150 ceph-mon[42404]: from='mgr.14152 172.21.15.150:0/993715438' entity='mgr.x' cmd=[{"prefix": "mgr metadata", "who": "x", "id": "x"}]: dispatch
2024-05-10T04:33:11.662 INFO:journalctl@ceph.mon.a.smithi150.stdout:May 10 04:33:11 smithi150 ceph-mon[42404]: from='mgr.14152 172.21.15.150:0/993715438' entity='mgr.x' cmd=[{"prefix": "mds metadata"}]: dispatch
2024-05-10T04:33:11.662 INFO:journalctl@ceph.mon.a.smithi150.stdout:May 10 04:33:11 smithi150 ceph-mon[42404]: from='mgr.14152 172.21.15.150:0/993715438' entity='mgr.x' cmd=[{"prefix": "osd metadata"}]: dispatch
2024-05-10T04:33:11.662 INFO:journalctl@ceph.mon.a.smithi150.stdout:May 10 04:33:11 smithi150 ceph-mon[42404]: from='mgr.14152 172.21.15.150:0/993715438' entity='mgr.x' cmd=[{"prefix": "mon metadata"}]: dispatch
2024-05-10T04:33:11.662 INFO:journalctl@ceph.mon.a.smithi150.stdout:May 10 04:33:11 smithi150 ceph-mon[42404]: Manager daemon x is now available
2024-05-10T04:33:11.662 INFO:journalctl@ceph.mon.a.smithi150.stdout:May 10 04:33:11 smithi150 ceph-mon[42404]: from='mgr.14152 172.21.15.150:0/993715438' entity='mgr.x' cmd=[{"prefix": "config dump", "format": "json"}]: dispatch
2024-05-10T04:33:12.588 INFO:teuthology.orchestra.run.smithi150.stdout:/usr/bin/ceph: stdout {
2024-05-10T04:33:12.588 INFO:teuthology.orchestra.run.smithi150.stdout:/usr/bin/ceph: stdout "mgrmap_epoch": 11,
2024-05-10T04:33:12.588 INFO:teuthology.orchestra.run.smithi150.stdout:/usr/bin/ceph: stdout "initialized": true
2024-05-10T04:33:12.588 INFO:teuthology.orchestra.run.smithi150.stdout:/usr/bin/ceph: stdout }
2024-05-10T04:33:12.588 INFO:teuthology.orchestra.run.smithi150.stdout:/usr/bin/ceph: stderr
2024-05-10T04:33:05.992+0000 7fa13ccc7700 1 Processor -- start
2024-05-10T04:33:12.588 INFO:teuthology.orchestra.run.smithi150.stdout:/usr/bin/ceph: stderr
2024-05-10T04:33:05.992+0000 7fa13ccc7700 1 -- start start
2024-05-10T04:33:12.588 INFO:teuthology.orchestra.run.smithi150.stdout:/usr/bin/ceph: stderr
2024-05-10T04:33:05.993+0000 7fa13ccc7700 1 --2- >> [v2:172.21.15.150:3300/0,v1:172.21.15.150:6789/0] conn(0x7fa13807cdd0 0x7fa13807b2a0 unknown :-1 s=NONE pgs=0 cs=0 l=0 rev1=0 crypto rx=0 tx=0 comp rx=0 tx=0).connect
2024-05-10T04:33:12.589 INFO:teuthology.orchestra.run.smithi150.stdout:/usr/bin/ceph: stderr
2024-05-10T04:33:05.993+0000 7fa13ccc7700 1 -- --> [v2:172.21.15.150:3300/0,v1:172.21.15.150:6789/0] -- mon_getmap magic: 0 v1 -- 0x7fa13807b7e0 con 0x7fa13807cdd0
2024-05-10T04:33:12.589 INFO:teuthology.orchestra.run.smithi150.stdout:/usr/bin/ceph: stderr
2024-05-10T04:33:05.993+0000 7fa13659c700 1 --2- >> [v2:172.21.15.150:3300/0,v1:172.21.15.150:6789/0] conn(0x7fa13807cdd0 0x7fa13807b2a0 unknown :-1 s=BANNER_CONNECTING pgs=0 cs=0 l=0 rev1=0 crypto rx=0 tx=0 comp rx=0 tx=0)._handle_peer_banner_payload supported=3 required=0
2024-05-10T04:33:12.589 INFO:teuthology.orchestra.run.smithi150.stdout:/usr/bin/ceph: stderr
2024-05-10T04:33:05.993+0000 7fa13659c700 1 --2- >> [v2:172.21.15.150:3300/0,v1:172.21.15.150:6789/0] conn(0x7fa13807cdd0 0x7fa13807b2a0 unknown :-1 s=HELLO_CONNECTING pgs=0 cs=0 l=0 rev1=1 crypto rx=0 tx=0 comp rx=0 tx=0).handle_hello peer v2:172.21.15.150:3300/0 says I am v2:172.21.15.150:39642/0 (socket says 172.21.15.150:39642)
2024-05-10T04:33:12.589 INFO:teuthology.orchestra.run.smithi150.stdout:/usr/bin/ceph: stderr
2024-05-10T04:33:05.993+0000 7fa13659c700 1 -- 172.21.15.150:0/928233094 learned_addr learned my addr 172.21.15.150:0/928233094 (peer_addr_for_me v2:172.21.15.150:0/0)
2024-05-10T04:33:12.589 INFO:teuthology.orchestra.run.smithi150.stdout:/usr/bin/ceph: stderr
2024-05-10T04:33:05.993+0000 7fa13659c700 1 -- 172.21.15.150:0/928233094 --> [v2:172.21.15.150:3300/0,v1:172.21.15.150:6789/0] -- mon_subscribe({config=0+,monmap=0+}) v3 -- 0x7fa13807b920 con 0x7fa13807cdd0
2024-05-10T04:33:12.589 INFO:teuthology.orchestra.run.smithi150.stdout:/usr/bin/ceph: stderr
2024-05-10T04:33:05.994+0000 7fa13659c700 1 --2- 172.21.15.150:0/928233094 >> [v2:172.21.15.150:3300/0,v1:172.21.15.150:6789/0] conn(0x7fa13807cdd0 0x7fa13807b2a0 secure :-1 s=READY pgs=61 cs=0 l=1 rev1=1 crypto rx=0x7fa1280098a0 tx=0x7fa128009bb0 comp rx=0 tx=0).ready entity=mon.0 client_cookie=29d8de731285d477 server_cookie=0 in_seq=0 out_seq=0
2024-05-10T04:33:12.589 INFO:teuthology.orchestra.run.smithi150.stdout:/usr/bin/ceph: stderr
2024-05-10T04:33:05.994+0000 7fa13559a700 1 -- 172.21.15.150:0/928233094 <== mon.0 v2:172.21.15.150:3300/0 1 ==== mon_map magic: 0 v1 ==== 205+0+0 (secure 0 0 0) 0x7fa128004160 con 0x7fa13807cdd0
2024-05-10T04:33:12.589 INFO:teuthology.orchestra.run.smithi150.stdout:/usr/bin/ceph: stderr
2024-05-10T04:33:05.994+0000 7fa13559a700 1 -- 172.21.15.150:0/928233094 <== mon.0 v2:172.21.15.150:3300/0 2 ==== config(26 keys) v1 ==== 1105+0+0 (secure 0 0 0) 0x7fa1280042c0 con 0x7fa13807cdd0
2024-05-10T04:33:12.589 INFO:teuthology.orchestra.run.smithi150.stdout:/usr/bin/ceph: stderr
2024-05-10T04:33:05.994+0000 7fa13559a700 1 -- 172.21.15.150:0/928233094 <== mon.0 v2:172.21.15.150:3300/0 3 ==== mon_map magic: 0 v1 ==== 205+0+0 (secure 0 0 0) 0x7fa1280119b0 con 0x7fa13807cdd0
2024-05-10T04:33:12.589 INFO:teuthology.orchestra.run.smithi150.stdout:/usr/bin/ceph: stderr
2024-05-10T04:33:05.995+0000 7fa13ccc7700 1 -- 172.21.15.150:0/928233094 >> [v2:172.21.15.150:3300/0,v1:172.21.15.150:6789/0] conn(0x7fa13807cdd0 msgr2=0x7fa13807b2a0 secure :-1 s=STATE_CONNECTION_ESTABLISHED l=1).mark_down
2024-05-10T04:33:12.589 INFO:teuthology.orchestra.run.smithi150.stdout:/usr/bin/ceph: stderr
2024-05-10T04:33:05.995+0000 7fa13ccc7700 1 --2- 172.21.15.150:0/928233094 >> [v2:172.21.15.150:3300/0,v1:172.21.15.150:6789/0] conn(0x7fa13807cdd0 0x7fa13807b2a0 secure :-1 s=READY pgs=61 cs=0 l=1 rev1=1 crypto rx=0x7fa1280098a0 tx=0x7fa128009bb0 comp rx=0 tx=0).stop
2024-05-10T04:33:12.589 INFO:teuthology.orchestra.run.smithi150.stdout:/usr/bin/ceph: stderr
2024-05-10T04:33:05.995+0000 7fa13ccc7700 1 -- 172.21.15.150:0/928233094 shutdown_connections
2024-05-10T04:33:12.589 INFO:teuthology.orchestra.run.smithi150.stdout:/usr/bin/ceph: stderr
2024-05-10T04:33:05.995+0000 7fa13ccc7700 1 --2- 172.21.15.150:0/928233094 >> [v2:172.21.15.150:3300/0,v1:172.21.15.150:6789/0] conn(0x7fa13807cdd0 0x7fa13807b2a0 unknown :-1 s=CLOSED pgs=61 cs=0 l=1 rev1=1 crypto rx=0 tx=0 comp rx=0 tx=0).stop
2024-05-10T04:33:12.590 INFO:teuthology.orchestra.run.smithi150.stdout:/usr/bin/ceph: stderr
2024-05-10T04:33:05.995+0000 7fa13ccc7700 1 -- 172.21.15.150:0/928233094 >> 172.21.15.150:0/928233094 conn(0x7fa138102aa0 msgr2=0x7fa138104f30 unknown :-1 s=STATE_NONE l=0).mark_down
2024-05-10T04:33:12.590 INFO:teuthology.orchestra.run.smithi150.stdout:/usr/bin/ceph: stderr
2024-05-10T04:33:05.995+0000 7fa13ccc7700 1 -- 172.21.15.150:0/928233094 shutdown_connections
2024-05-10T04:33:12.590 INFO:teuthology.orchestra.run.smithi150.stdout:/usr/bin/ceph: stderr
2024-05-10T04:33:05.995+0000 7fa13ccc7700 1 -- 172.21.15.150:0/928233094 wait complete.
2024-05-10T04:33:12.590 INFO:teuthology.orchestra.run.smithi150.stdout:/usr/bin/ceph: stderr
2024-05-10T04:33:05.996+0000 7fa13ccc7700 1 Processor -- start
2024-05-10T04:33:12.590 INFO:teuthology.orchestra.run.smithi150.stdout:/usr/bin/ceph: stderr
2024-05-10T04:33:05.996+0000 7fa13ccc7700 1 -- start start
2024-05-10T04:33:12.590 INFO:teuthology.orchestra.run.smithi150.stdout:/usr/bin/ceph: stderr
2024-05-10T04:33:05.996+0000 7fa13ccc7700 1 --2- >> [v2:172.21.15.150:3300/0,v1:172.21.15.150:6789/0] conn(0x7fa13807cdd0 0x7fa13819d6e0 unknown :-1 s=NONE pgs=0 cs=0 l=1 rev1=0 crypto rx=0 tx=0 comp rx=0 tx=0).connect
2024-05-10T04:33:12.590 INFO:teuthology.orchestra.run.smithi150.stdout:/usr/bin/ceph: stderr
2024-05-10T04:33:05.996+0000 7fa13ccc7700 1 -- --> [v2:172.21.15.150:3300/0,v1:172.21.15.150:6789/0] -- mon_getmap magic: 0 v1 -- 0x7fa13819dc20 con 0x7fa13807cdd0
2024-05-10T04:33:12.590 INFO:teuthology.orchestra.run.smithi150.stdout:/usr/bin/ceph: stderr
2024-05-10T04:33:05.996+0000 7fa13659c700 1 --2- >> [v2:172.21.15.150:3300/0,v1:172.21.15.150:6789/0] conn(0x7fa13807cdd0 0x7fa13819d6e0 unknown :-1 s=BANNER_CONNECTING pgs=0 cs=0 l=1 rev1=0 crypto rx=0 tx=0 comp rx=0 tx=0)._handle_peer_banner_payload supported=3 required=0
2024-05-10T04:33:12.590 INFO:teuthology.orchestra.run.smithi150.stdout:/usr/bin/ceph: stderr
2024-05-10T04:33:05.996+0000 7fa13659c700 1 --2- >> [v2:172.21.15.150:3300/0,v1:172.21.15.150:6789/0] conn(0x7fa13807cdd0 0x7fa13819d6e0 unknown :-1 s=HELLO_CONNECTING pgs=0 cs=0 l=1 rev1=1 crypto rx=0 tx=0 comp rx=0 tx=0).handle_hello peer v2:172.21.15.150:3300/0 says I am v2:172.21.15.150:39652/0 (socket says 172.21.15.150:39652)
2024-05-10T04:33:12.590 INFO:teuthology.orchestra.run.smithi150.stdout:/usr/bin/ceph: stderr
2024-05-10T04:33:05.996+0000 7fa13659c700 1 -- 172.21.15.150:0/1042577657 learned_addr learned my addr 172.21.15.150:0/1042577657 (peer_addr_for_me v2:172.21.15.150:0/0)
2024-05-10T04:33:12.590 INFO:teuthology.orchestra.run.smithi150.stdout:/usr/bin/ceph: stderr
2024-05-10T04:33:05.997+0000 7fa13659c700 1 -- 172.21.15.150:0/1042577657 --> [v2:172.21.15.150:3300/0,v1:172.21.15.150:6789/0] -- mon_subscribe({config=0+,monmap=0+}) v3 -- 0x7fa128009550 con 0x7fa13807cdd0
2024-05-10T04:33:12.590 INFO:teuthology.orchestra.run.smithi150.stdout:/usr/bin/ceph: stderr
2024-05-10T04:33:05.997+0000 7fa13659c700 1 --2- 172.21.15.150:0/1042577657 >> [v2:172.21.15.150:3300/0,v1:172.21.15.150:6789/0] conn(0x7fa13807cdd0 0x7fa13819d6e0 secure :-1 s=READY pgs=62 cs=0 l=1 rev1=1 crypto rx=0x7fa128003e60 tx=0x7fa128011a30 comp rx=0 tx=0).ready entity=mon.0 client_cookie=0 server_cookie=0 in_seq=0 out_seq=0
2024-05-10T04:33:12.590 INFO:teuthology.orchestra.run.smithi150.stdout:/usr/bin/ceph: stderr
2024-05-10T04:33:05.997+0000 7fa1277fe700 1 -- 172.21.15.150:0/1042577657 <== mon.0 v2:172.21.15.150:3300/0 1 ==== mon_map magic: 0 v1 ==== 205+0+0 (secure 0 0 0) 0x7fa1280038b0 con 0x7fa13807cdd0
2024-05-10T04:33:12.590 INFO:teuthology.orchestra.run.smithi150.stdout:/usr/bin/ceph: stderr
2024-05-10T04:33:05.997+0000 7fa13ccc7700 1 -- 172.21.15.150:0/1042577657 --> [v2:172.21.15.150:3300/0,v1:172.21.15.150:6789/0] -- mon_subscribe({mgrmap=0+}) v3 -- 0x7fa13819de20 con 0x7fa13807cdd0
2024-05-10T04:33:12.591 INFO:teuthology.orchestra.run.smithi150.stdout:/usr/bin/ceph: stderr
2024-05-10T04:33:05.997+0000 7fa1277fe700 1 -- 172.21.15.150:0/1042577657 <== mon.0 v2:172.21.15.150:3300/0 2 ==== config(26 keys) v1 ==== 1105+0+0 (secure 0 0 0) 0x7fa128003a10 con 0x7fa13807cdd0
2024-05-10T04:33:12.591 INFO:teuthology.orchestra.run.smithi150.stdout:/usr/bin/ceph: stderr
2024-05-10T04:33:05.997+0000 7fa1277fe700 1 -- 172.21.15.150:0/1042577657 <== mon.0 v2:172.21.15.150:3300/0 3 ==== mon_map magic: 0 v1 ==== 205+0+0 (secure 0 0 0) 0x7fa128019530 con 0x7fa13807cdd0
2024-05-10T04:33:12.591 INFO:teuthology.orchestra.run.smithi150.stdout:/usr/bin/ceph: stderr
2024-05-10T04:33:05.997+0000 7fa13ccc7700 1 -- 172.21.15.150:0/1042577657 --> [v2:172.21.15.150:3300/0,v1:172.21.15.150:6789/0] -- mon_subscribe({osdmap=0}) v3 -- 0x7fa13819e2c0 con 0x7fa13807cdd0
2024-05-10T04:33:12.591 INFO:teuthology.orchestra.run.smithi150.stdout:/usr/bin/ceph: stderr
2024-05-10T04:33:05.998+0000 7fa1277fe700 1 -- 172.21.15.150:0/1042577657 <== mon.0 v2:172.21.15.150:3300/0 4 ==== mgrmap(e 9) v1 ==== 45554+0+0 (secure 0 0 0) 0x7fa128019810 con 0x7fa13807cdd0
2024-05-10T04:33:12.591 INFO:teuthology.orchestra.run.smithi150.stdout:/usr/bin/ceph: stderr
2024-05-10T04:33:05.998+0000 7fa1277fe700 1 --2- 172.21.15.150:0/1042577657 >> [v2:172.21.15.150:6800/881426482,v1:172.21.15.150:6801/881426482] conn(0x7fa1200387c0 0x7fa12003acd0 unknown :-1 s=NONE pgs=0 cs=0 l=1 rev1=0 crypto rx=0 tx=0 comp rx=0 tx=0).connect
2024-05-10T04:33:12.591 INFO:teuthology.orchestra.run.smithi150.stdout:/usr/bin/ceph: stderr
2024-05-10T04:33:05.998+0000 7fa1277fe700 1 -- 172.21.15.150:0/1042577657 --> [v2:172.21.15.150:6800/881426482,v1:172.21.15.150:6801/881426482] -- command(tid 0: {"prefix": "get_command_descriptions"}) v1 -- 0x7fa12003b3e0 con 0x7fa1200387c0
2024-05-10T04:33:12.591 INFO:teuthology.orchestra.run.smithi150.stdout:/usr/bin/ceph: stderr
2024-05-10T04:33:05.998+0000 7fa135d9b700 1 -- 172.21.15.150:0/1042577657 >> [v2:172.21.15.150:6800/881426482,v1:172.21.15.150:6801/881426482] conn(0x7fa1200387c0 msgr2=0x7fa12003acd0 unknown :-1 s=STATE_CONNECTING_RE l=1).process reconnect failed to v2:172.21.15.150:6800/881426482
2024-05-10T04:33:12.591 INFO:teuthology.orchestra.run.smithi150.stdout:/usr/bin/ceph: stderr
2024-05-10T04:33:05.998+0000 7fa1277fe700 1 -- 172.21.15.150:0/1042577657 <== mon.0 v2:172.21.15.150:3300/0 5 ==== osd_map(2..2 src has 1..2) v4 ==== 940+0+0 (secure 0 0 0) 0x7fa12804c890 con 0x7fa13807cdd0
2024-05-10T04:33:12.591 INFO:teuthology.orchestra.run.smithi150.stdout:/usr/bin/ceph: stderr
2024-05-10T04:33:05.998+0000 7fa135d9b700 1 --2- 172.21.15.150:0/1042577657 >> [v2:172.21.15.150:6800/881426482,v1:172.21.15.150:6801/881426482] conn(0x7fa1200387c0 0x7fa12003acd0 unknown :-1 s=START_CONNECT pgs=0 cs=0 l=1 rev1=0 crypto rx=0 tx=0 comp rx=0 tx=0)._fault waiting 0.200000
2024-05-10T04:33:12.591 INFO:teuthology.orchestra.run.smithi150.stdout:/usr/bin/ceph: stderr
2024-05-10T04:33:06.199+0000 7fa135d9b700 1 -- 172.21.15.150:0/1042577657 >> [v2:172.21.15.150:6800/881426482,v1:172.21.15.150:6801/881426482] conn(0x7fa1200387c0 msgr2=0x7fa12003acd0 unknown :-1 s=STATE_CONNECTING_RE l=1).process reconnect failed to v2:172.21.15.150:6800/881426482
2024-05-10T04:33:12.591 INFO:teuthology.orchestra.run.smithi150.stdout:/usr/bin/ceph: stderr
2024-05-10T04:33:06.199+0000 7fa135d9b700 1 --2- 172.21.15.150:0/1042577657 >> [v2:172.21.15.150:6800/881426482,v1:172.21.15.150:6801/881426482] conn(0x7fa1200387c0 0x7fa12003acd0 unknown :-1 s=START_CONNECT pgs=0 cs=0 l=1 rev1=0 crypto rx=0 tx=0 comp rx=0 tx=0)._fault waiting 0.400000
2024-05-10T04:33:12.591 INFO:teuthology.orchestra.run.smithi150.stdout:/usr/bin/ceph: stderr
2024-05-10T04:33:06.600+0000 7fa135d9b700 1 -- 172.21.15.150:0/1042577657 >> [v2:172.21.15.150:6800/881426482,v1:172.21.15.150:6801/881426482] conn(0x7fa1200387c0 msgr2=0x7fa12003acd0 unknown :-1 s=STATE_CONNECTING_RE l=1).process reconnect failed to v2:172.21.15.150:6800/881426482
2024-05-10T04:33:12.591 INFO:teuthology.orchestra.run.smithi150.stdout:/usr/bin/ceph: stderr
2024-05-10T04:33:06.600+0000 7fa135d9b700 1 --2- 172.21.15.150:0/1042577657 >> [v2:172.21.15.150:6800/881426482,v1:172.21.15.150:6801/881426482] conn(0x7fa1200387c0 0x7fa12003acd0 unknown :-1 s=START_CONNECT pgs=0 cs=0 l=1 rev1=0 crypto rx=0 tx=0 comp rx=0 tx=0)._fault waiting 0.800000
2024-05-10T04:33:12.591 INFO:teuthology.orchestra.run.smithi150.stdout:/usr/bin/ceph: stderr
2024-05-10T04:33:07.401+0000 7fa135d9b700 1 -- 172.21.15.150:0/1042577657 >> [v2:172.21.15.150:6800/881426482,v1:172.21.15.150:6801/881426482] conn(0x7fa1200387c0 msgr2=0x7fa12003acd0 unknown :-1 s=STATE_CONNECTING_RE l=1).process reconnect failed to v2:172.21.15.150:6800/881426482
2024-05-10T04:33:12.592 INFO:teuthology.orchestra.run.smithi150.stdout:/usr/bin/ceph: stderr
