2024-05-10T04:33:15.359+0000 7f9f3d44e700 1 --2- >> [v2:172.21.15.150:3300/0,v1:172.21.15.150:6789/0] conn(0x7f9f38107880 0x7f9f38105e70 unknown :-1 s=HELLO_CONNECTING pgs=0 cs=0 l=1 rev1=1 crypto rx=0 tx=0 comp rx=0 tx=0).handle_hello peer v2:172.21.15.150:3300/0 says I am v2:172.21.15.150:59058/0 (socket says 172.21.15.150:59058)
2024-05-10T04:33:15.904 INFO:teuthology.orchestra.run.smithi150.stdout:/usr/bin/ceph: stderr
2024-05-10T04:33:15.359+0000 7f9f3d44e700 1 -- 172.21.15.150:0/188443713 learned_addr learned my addr 172.21.15.150:0/188443713 (peer_addr_for_me v2:172.21.15.150:0/0)
2024-05-10T04:33:15.904 INFO:teuthology.orchestra.run.smithi150.stdout:/usr/bin/ceph: stderr
2024-05-10T04:33:15.359+0000 7f9f3d44e700 1 -- 172.21.15.150:0/188443713 --> [v2:172.21.15.150:3300/0,v1:172.21.15.150:6789/0] -- mon_subscribe({config=0+,monmap=0+}) v3 -- 0x7f9f28009550 con 0x7f9f38107880
2024-05-10T04:33:15.904 INFO:teuthology.orchestra.run.smithi150.stdout:/usr/bin/ceph: stderr
2024-05-10T04:33:15.359+0000 7f9f3d44e700 1 --2- 172.21.15.150:0/188443713 >> [v2:172.21.15.150:3300/0,v1:172.21.15.150:6789/0] conn(0x7f9f38107880 0x7f9f38105e70 secure :-1 s=READY pgs=75 cs=0 l=1 rev1=1 crypto rx=0x7f9f28003f00 tx=0x7f9f28011a30 comp rx=0 tx=0).ready entity=mon.0 client_cookie=0 server_cookie=0 in_seq=0 out_seq=0
2024-05-10T04:33:15.904 INFO:teuthology.orchestra.run.smithi150.stdout:/usr/bin/ceph: stderr
2024-05-10T04:33:15.359+0000 7f9f2e7fc700 1 -- 172.21.15.150:0/188443713 <== mon.0 v2:172.21.15.150:3300/0 1 ==== mon_map magic: 0 v1 ==== 205+0+0 (secure 0 0 0) 0x7f9f280038b0 con 0x7f9f38107880
2024-05-10T04:33:15.904 INFO:teuthology.orchestra.run.smithi150.stdout:/usr/bin/ceph: stderr
2024-05-10T04:33:15.360+0000 7f9f2e7fc700 1 -- 172.21.15.150:0/188443713 <== mon.0 v2:172.21.15.150:3300/0 2 ==== config(26 keys) v1 ==== 1105+0+0 (secure 0 0 0) 0x7f9f28003a10 con 0x7f9f38107880
2024-05-10T04:33:15.904 INFO:teuthology.orchestra.run.smithi150.stdout:/usr/bin/ceph: stderr
2024-05-10T04:33:15.360+0000 7f9f2e7fc700 1 -- 172.21.15.150:0/188443713 <== mon.0 v2:172.21.15.150:3300/0 3 ==== mon_map magic: 0 v1 ==== 205+0+0 (secure 0 0 0) 0x7f9f28019550 con 0x7f9f38107880
2024-05-10T04:33:15.904 INFO:teuthology.orchestra.run.smithi150.stdout:/usr/bin/ceph: stderr
2024-05-10T04:33:15.360+0000 7f9f3f6b2700 1 -- 172.21.15.150:0/188443713 --> [v2:172.21.15.150:3300/0,v1:172.21.15.150:6789/0] -- mon_subscribe({mgrmap=0+}) v3 -- 0x7f9f3819e260 con 0x7f9f38107880
2024-05-10T04:33:15.904 INFO:teuthology.orchestra.run.smithi150.stdout:/usr/bin/ceph: stderr
2024-05-10T04:33:15.360+0000 7f9f3f6b2700 1 -- 172.21.15.150:0/188443713 --> [v2:172.21.15.150:3300/0,v1:172.21.15.150:6789/0] -- mon_subscribe({osdmap=0}) v3 -- 0x7f9f3819e760 con 0x7f9f38107880
2024-05-10T04:33:15.904 INFO:teuthology.orchestra.run.smithi150.stdout:/usr/bin/ceph: stderr
2024-05-10T04:33:15.360+0000 7f9f2e7fc700 1 -- 172.21.15.150:0/188443713 <== mon.0 v2:172.21.15.150:3300/0 4 ==== mgrmap(e 12) v1 ==== 45554+0+0 (secure 0 0 0) 0x7f9f28019780 con 0x7f9f38107880
2024-05-10T04:33:15.904 INFO:teuthology.orchestra.run.smithi150.stdout:/usr/bin/ceph: stderr
2024-05-10T04:33:15.360+0000 7f9f3f6b2700 1 -- 172.21.15.150:0/188443713 --> [v2:172.21.15.150:3300/0,v1:172.21.15.150:6789/0] -- mon_command({"prefix": "get_command_descriptions"} v 0) v1 -- 0x7f9f38062840 con 0x7f9f38107880
2024-05-10T04:33:15.904 INFO:teuthology.orchestra.run.smithi150.stdout:/usr/bin/ceph: stderr
2024-05-10T04:33:15.361+0000 7f9f2e7fc700 1 --2- 172.21.15.150:0/188443713 >> [v2:172.21.15.150:6800/3064659046,v1:172.21.15.150:6801/3064659046] conn(0x7f9f24038810 0x7f9f2403ad20 unknown :-1 s=NONE pgs=0 cs=0 l=1 rev1=0 crypto rx=0 tx=0 comp rx=0 tx=0).connect
2024-05-10T04:33:15.905 INFO:teuthology.orchestra.run.smithi150.stdout:/usr/bin/ceph: stderr
2024-05-10T04:33:15.361+0000 7f9f2e7fc700 1 -- 172.21.15.150:0/188443713 <== mon.0 v2:172.21.15.150:3300/0 5 ==== osd_map(3..3 src has 1..3) v4 ==== 1155+0+0 (secure 0 0 0) 0x7f9f2804c970 con 0x7f9f38107880
2024-05-10T04:33:15.905 INFO:teuthology.orchestra.run.smithi150.stdout:/usr/bin/ceph: stderr
2024-05-10T04:33:15.361+0000 7f9f3cc4d700 1 --2- 172.21.15.150:0/188443713 >> [v2:172.21.15.150:6800/3064659046,v1:172.21.15.150:6801/3064659046] conn(0x7f9f24038810 0x7f9f2403ad20 unknown :-1 s=BANNER_CONNECTING pgs=0 cs=0 l=1 rev1=0 crypto rx=0 tx=0 comp rx=0 tx=0)._handle_peer_banner_payload supported=3 required=0
2024-05-10T04:33:15.905 INFO:teuthology.orchestra.run.smithi150.stdout:/usr/bin/ceph: stderr
2024-05-10T04:33:15.361+0000 7f9f3cc4d700 1 --2- 172.21.15.150:0/188443713 >> [v2:172.21.15.150:6800/3064659046,v1:172.21.15.150:6801/3064659046] conn(0x7f9f24038810 0x7f9f2403ad20 secure :-1 s=READY pgs=9 cs=0 l=1 rev1=1 crypto rx=0x7f9f34006fd0 tx=0x7f9f34006e40 comp rx=0 tx=0).ready entity=mgr.14152 client_cookie=0 server_cookie=0 in_seq=0 out_seq=0
2024-05-10T04:33:15.905 INFO:teuthology.orchestra.run.smithi150.stdout:/usr/bin/ceph: stderr
2024-05-10T04:33:15.366+0000 7f9f2e7fc700 1 -- 172.21.15.150:0/188443713 <== mon.0 v2:172.21.15.150:3300/0 6 ==== mon_command_ack([{"prefix": "get_command_descriptions"}]=0 v0) v1 ==== 72+0+183622 (secure 0 0 0) 0x7f9f280187c0 con 0x7f9f38107880
2024-05-10T04:33:15.905 INFO:teuthology.orchestra.run.smithi150.stdout:/usr/bin/ceph: stderr
2024-05-10T04:33:15.558+0000 7f9f3f6b2700 1 -- 172.21.15.150:0/188443713 --> [v2:172.21.15.150:3300/0,v1:172.21.15.150:6789/0] -- mon_command({"prefix": "config get", "who": "mgr", "key": "mgr/dashboard/ssl_server_port"} v 0) v1 -- 0x7f9f3819ec60 con 0x7f9f38107880
2024-05-10T04:33:15.905 INFO:teuthology.orchestra.run.smithi150.stdout:/usr/bin/ceph: stderr
2024-05-10T04:33:15.558+0000 7f9f2e7fc700 1 -- 172.21.15.150:0/188443713 <== mon.0 v2:172.21.15.150:3300/0 7 ==== mon_command_ack([{"prefix": "config get", "who": "mgr", "key": "mgr/dashboard/ssl_server_port"}]=0 v8) v1 ==== 112+0+5 (secure 0 0 0) 0x7f9f2800bea0 con 0x7f9f38107880
2024-05-10T04:33:15.905 INFO:teuthology.orchestra.run.smithi150.stdout:/usr/bin/ceph: stderr
2024-05-10T04:33:15.561+0000 7f9f3f6b2700 1 -- 172.21.15.150:0/188443713 >> [v2:172.21.15.150:6800/3064659046,v1:172.21.15.150:6801/3064659046] conn(0x7f9f24038810 msgr2=0x7f9f2403ad20 secure :-1 s=STATE_CONNECTION_ESTABLISHED l=1).mark_down
2024-05-10T04:33:15.905 INFO:teuthology.orchestra.run.smithi150.stdout:/usr/bin/ceph: stderr
2024-05-10T04:33:15.561+0000 7f9f3f6b2700 1 --2- 172.21.15.150:0/188443713 >> [v2:172.21.15.150:6800/3064659046,v1:172.21.15.150:6801/3064659046] conn(0x7f9f24038810 0x7f9f2403ad20 secure :-1 s=READY pgs=9 cs=0 l=1 rev1=1 crypto rx=0x7f9f34006fd0 tx=0x7f9f34006e40 comp rx=0 tx=0).stop
2024-05-10T04:33:15.905 INFO:teuthology.orchestra.run.smithi150.stdout:/usr/bin/ceph: stderr
2024-05-10T04:33:15.561+0000 7f9f3f6b2700 1 -- 172.21.15.150:0/188443713 >> [v2:172.21.15.150:3300/0,v1:172.21.15.150:6789/0] conn(0x7f9f38107880 msgr2=0x7f9f38105e70 secure :-1 s=STATE_CONNECTION_ESTABLISHED l=1).mark_down
2024-05-10T04:33:15.905 INFO:teuthology.orchestra.run.smithi150.stdout:/usr/bin/ceph: stderr
2024-05-10T04:33:15.561+0000 7f9f3f6b2700 1 --2- 172.21.15.150:0/188443713 >> [v2:172.21.15.150:3300/0,v1:172.21.15.150:6789/0] conn(0x7f9f38107880 0x7f9f38105e70 secure :-1 s=READY pgs=75 cs=0 l=1 rev1=1 crypto rx=0x7f9f28003f00 tx=0x7f9f28011a30 comp rx=0 tx=0).stop
2024-05-10T04:33:15.905 INFO:teuthology.orchestra.run.smithi150.stdout:/usr/bin/ceph: stderr
2024-05-10T04:33:15.561+0000 7f9f3f6b2700 1 -- 172.21.15.150:0/188443713 shutdown_connections
2024-05-10T04:33:15.905 INFO:teuthology.orchestra.run.smithi150.stdout:/usr/bin/ceph: stderr
2024-05-10T04:33:15.561+0000 7f9f3f6b2700 1 --2- 172.21.15.150:0/188443713 >> [v2:172.21.15.150:6800/3064659046,v1:172.21.15.150:6801/3064659046] conn(0x7f9f24038810 0x7f9f2403ad20 unknown :-1 s=CLOSED pgs=9 cs=0 l=1 rev1=1 crypto rx=0 tx=0 comp rx=0 tx=0).stop
2024-05-10T04:33:15.905 INFO:teuthology.orchestra.run.smithi150.stdout:/usr/bin/ceph: stderr
2024-05-10T04:33:15.561+0000 7f9f3f6b2700 1 --2- 172.21.15.150:0/188443713 >> [v2:172.21.15.150:3300/0,v1:172.21.15.150:6789/0] conn(0x7f9f38107880 0x7f9f38105e70 unknown :-1 s=CLOSED pgs=75 cs=0 l=1 rev1=1 crypto rx=0 tx=0 comp rx=0 tx=0).stop
2024-05-10T04:33:15.905 INFO:teuthology.orchestra.run.smithi150.stdout:/usr/bin/ceph: stderr
2024-05-10T04:33:15.561+0000 7f9f3f6b2700 1 -- 172.21.15.150:0/188443713 >> 172.21.15.150:0/188443713 conn(0x7f9f381011a0 msgr2=0x7f9f38102b70 unknown :-1 s=STATE_NONE l=0).mark_down
2024-05-10T04:33:15.906 INFO:teuthology.orchestra.run.smithi150.stdout:/usr/bin/ceph: stderr
2024-05-10T04:33:15.561+0000 7f9f3f6b2700 1 -- 172.21.15.150:0/188443713 shutdown_connections
2024-05-10T04:33:15.906 INFO:teuthology.orchestra.run.smithi150.stdout:/usr/bin/ceph: stderr
2024-05-10T04:33:15.561+0000 7f9f3f6b2700 1 -- 172.21.15.150:0/188443713 wait complete.
2024-05-10T04:33:15.909 INFO:teuthology.orchestra.run.smithi150.stdout:Non-zero exit code 1 from systemctl is-enabled firewalld.service
2024-05-10T04:33:15.909 INFO:teuthology.orchestra.run.smithi150.stdout:systemctl: stdout disabled
2024-05-10T04:33:15.911 INFO:journalctl@ceph.mon.a.smithi150.stdout:May 10 04:33:15 smithi150 ceph-mon[42404]: from='client.14166 -' entity='client.admin' cmd=[{"prefix": "dashboard ac-user-create", "username": "admin", "rolename": "administrator", "force_password": true, "pwd_update_required": true, "target": ["mon-mgr", ""]}]: dispatch
2024-05-10T04:33:15.911 INFO:journalctl@ceph.mon.a.smithi150.stdout:May 10 04:33:15 smithi150 ceph-mon[42404]: from='mgr.14152 172.21.15.150:0/993715438' entity='mgr.x'
2024-05-10T04:33:15.911 INFO:journalctl@ceph.mon.a.smithi150.stdout:May 10 04:33:15 smithi150 ceph-mon[42404]: from='client.? 172.21.15.150:0/188443713' entity='client.admin' cmd=[{"prefix": "config get", "who": "mgr", "key": "mgr/dashboard/ssl_server_port"}]: dispatch
2024-05-10T04:33:15.916 INFO:teuthology.orchestra.run.smithi150.stdout:Non-zero exit code 3 from systemctl is-active firewalld.service
2024-05-10T04:33:15.916 INFO:teuthology.orchestra.run.smithi150.stdout:systemctl: stdout inactive
2024-05-10T04:33:15.916 INFO:teuthology.orchestra.run.smithi150.stdout:firewalld.service is not enabled
2024-05-10T04:33:15.916 INFO:teuthology.orchestra.run.smithi150.stdout:Not possible to open ports <[8443]>. firewalld.service is not available
2024-05-10T04:33:15.917 INFO:teuthology.orchestra.run.smithi150.stdout:Ceph Dashboard is now available at:
2024-05-10T04:33:15.918 INFO:teuthology.orchestra.run.smithi150.stdout:
2024-05-10T04:33:15.918 INFO:teuthology.orchestra.run.smithi150.stdout: URL: https://smithi150:8443/
2024-05-10T04:33:15.918 INFO:teuthology.orchestra.run.smithi150.stdout: User: admin
2024-05-10T04:33:15.918 INFO:teuthology.orchestra.run.smithi150.stdout: Password: 6ja7zotdmy
2024-05-10T04:33:15.918 INFO:teuthology.orchestra.run.smithi150.stdout:
2024-05-10T04:33:15.918 INFO:teuthology.orchestra.run.smithi150.stdout:Saving cluster configuration to /var/lib/ceph/28928ad0-0e86-11ef-bc98-c7b262605968/config directory
2024-05-10T04:33:15.918 INFO:teuthology.orchestra.run.smithi150.stdout:Enabling autotune for osd_memory_target
2024-05-10T04:33:16.852 INFO:teuthology.orchestra.run.smithi150.stdout:/usr/bin/ceph: stderr
2024-05-10T04:33:16.264+0000 7f9a2f196700 1 Processor -- start
2024-05-10T04:33:16.853 INFO:teuthology.orchestra.run.smithi150.stdout:/usr/bin/ceph: stderr
2024-05-10T04:33:16.264+0000 7f9a2f196700 1 -- start start
2024-05-10T04:33:16.853 INFO:teuthology.orchestra.run.smithi150.stdout:/usr/bin/ceph: stderr
2024-05-10T04:33:16.265+0000 7f9a2f196700 1 --2- >> [v2:172.21.15.150:3300/0,v1:172.21.15.150:6789/0] conn(0x7f9a2807acf0 0x7f9a28109f90 unknown :-1 s=NONE pgs=0 cs=0 l=0 rev1=0 crypto rx=0 tx=0 comp rx=0 tx=0).connect
2024-05-10T04:33:16.853 INFO:teuthology.orchestra.run.smithi150.stdout:/usr/bin/ceph: stderr
2024-05-10T04:33:16.265+0000 7f9a2f196700 1 -- --> [v2:172.21.15.150:3300/0,v1:172.21.15.150:6789/0] -- mon_getmap magic: 0 v1 -- 0x7f9a2810a5a0 con 0x7f9a2807acf0
2024-05-10T04:33:16.853 INFO:teuthology.orchestra.run.smithi150.stdout:/usr/bin/ceph: stderr
2024-05-10T04:33:16.265+0000 7f9a2cf32700 1 --2- >> [v2:172.21.15.150:3300/0,v1:172.21.15.150:6789/0] conn(0x7f9a2807acf0 0x7f9a28109f90 unknown :-1 s=BANNER_CONNECTING pgs=0 cs=0 l=0 rev1=0 crypto rx=0 tx=0 comp rx=0 tx=0)._handle_peer_banner_payload supported=3 required=0
2024-05-10T04:33:16.853 INFO:teuthology.orchestra.run.smithi150.stdout:/usr/bin/ceph: stderr
2024-05-10T04:33:16.265+0000 7f9a2cf32700 1 --2- >> [v2:172.21.15.150:3300/0,v1:172.21.15.150:6789/0] conn(0x7f9a2807acf0 0x7f9a28109f90 unknown :-1 s=HELLO_CONNECTING pgs=0 cs=0 l=0 rev1=1 crypto rx=0 tx=0 comp rx=0 tx=0).handle_hello peer v2:172.21.15.150:3300/0 says I am v2:172.21.15.150:59068/0 (socket says 172.21.15.150:59068)
2024-05-10T04:33:16.853 INFO:teuthology.orchestra.run.smithi150.stdout:/usr/bin/ceph: stderr
2024-05-10T04:33:16.265+0000 7f9a2cf32700 1 -- 172.21.15.150:0/591334333 learned_addr learned my addr 172.21.15.150:0/591334333 (peer_addr_for_me v2:172.21.15.150:0/0)
2024-05-10T04:33:16.853 INFO:teuthology.orchestra.run.smithi150.stdout:/usr/bin/ceph: stderr
2024-05-10T04:33:16.265+0000 7f9a2cf32700 1 -- 172.21.15.150:0/591334333 --> [v2:172.21.15.150:3300/0,v1:172.21.15.150:6789/0] -- mon_subscribe({config=0+,monmap=0+}) v3 -- 0x7f9a2810a6e0 con 0x7f9a2807acf0
2024-05-10T04:33:16.853 INFO:teuthology.orchestra.run.smithi150.stdout:/usr/bin/ceph: stderr
2024-05-10T04:33:16.265+0000 7f9a2cf32700 1 --2- 172.21.15.150:0/591334333 >> [v2:172.21.15.150:3300/0,v1:172.21.15.150:6789/0] conn(0x7f9a2807acf0 0x7f9a28109f90 secure :-1 s=READY pgs=76 cs=0 l=1 rev1=1 crypto rx=0x7f9a1c0098a0 tx=0x7f9a1c009bb0 comp rx=0 tx=0).ready entity=mon.0 client_cookie=cdf30321e2dcb192 server_cookie=0 in_seq=0 out_seq=0
2024-05-10T04:33:16.853 INFO:teuthology.orchestra.run.smithi150.stdout:/usr/bin/ceph: stderr
2024-05-10T04:33:16.265+0000 7f9a277fe700 1 -- 172.21.15.150:0/591334333 <== mon.0 v2:172.21.15.150:3300/0 1 ==== mon_map magic: 0 v1 ==== 205+0+0 (secure 0 0 0) 0x7f9a1c004160 con 0x7f9a2807acf0
2024-05-10T04:33:16.853 INFO:teuthology.orchestra.run.smithi150.stdout:/usr/bin/ceph: stderr
2024-05-10T04:33:16.266+0000 7f9a277fe700 1 -- 172.21.15.150:0/591334333 <== mon.0 v2:172.21.15.150:3300/0 2 ==== config(26 keys) v1 ==== 1105+0+0 (secure 0 0 0) 0x7f9a1c0042c0 con 0x7f9a2807acf0
2024-05-10T04:33:16.853 INFO:teuthology.orchestra.run.smithi150.stdout:/usr/bin/ceph: stderr
2024-05-10T04:33:16.266+0000 7f9a277fe700 1 -- 172.21.15.150:0/591334333 <== mon.0 v2:172.21.15.150:3300/0 3 ==== mon_map magic: 0 v1 ==== 205+0+0 (secure 0 0 0) 0x7f9a1c0119b0 con 0x7f9a2807acf0
2024-05-10T04:33:16.854 INFO:teuthology.orchestra.run.smithi150.stdout:/usr/bin/ceph: stderr
2024-05-10T04:33:16.266+0000 7f9a2f196700 1 -- 172.21.15.150:0/591334333 >> [v2:172.21.15.150:3300/0,v1:172.21.15.150:6789/0] conn(0x7f9a2807acf0 msgr2=0x7f9a28109f90 secure :-1 s=STATE_CONNECTION_ESTABLISHED l=1).mark_down
2024-05-10T04:33:16.854 INFO:teuthology.orchestra.run.smithi150.stdout:/usr/bin/ceph: stderr
2024-05-10T04:33:16.266+0000 7f9a2f196700 1 --2- 172.21.15.150:0/591334333 >> [v2:172.21.15.150:3300/0,v1:172.21.15.150:6789/0] conn(0x7f9a2807acf0 0x7f9a28109f90 secure :-1 s=READY pgs=76 cs=0 l=1 rev1=1 crypto rx=0x7f9a1c0098a0 tx=0x7f9a1c009bb0 comp rx=0 tx=0).stop
2024-05-10T04:33:16.854 INFO:teuthology.orchestra.run.smithi150.stdout:/usr/bin/ceph: stderr
2024-05-10T04:33:16.266+0000 7f9a2f196700 1 -- 172.21.15.150:0/591334333 shutdown_connections
2024-05-10T04:33:16.854 INFO:teuthology.orchestra.run.smithi150.stdout:/usr/bin/ceph: stderr
2024-05-10T04:33:16.266+0000 7f9a2f196700 1 --2- 172.21.15.150:0/591334333 >> [v2:172.21.15.150:3300/0,v1:172.21.15.150:6789/0] conn(0x7f9a2807acf0 0x7f9a28109f90 unknown :-1 s=CLOSED pgs=76 cs=0 l=1 rev1=1 crypto rx=0 tx=0 comp rx=0 tx=0).stop
2024-05-10T04:33:16.854 INFO:teuthology.orchestra.run.smithi150.stdout:/usr/bin/ceph: stderr
2024-05-10T04:33:16.266+0000 7f9a2f196700 1 -- 172.21.15.150:0/591334333 >> 172.21.15.150:0/591334333 conn(0x7f9a281019c0 msgr2=0x7f9a28103e50 unknown :-1 s=STATE_NONE l=0).mark_down
2024-05-10T04:33:16.854 INFO:teuthology.orchestra.run.smithi150.stdout:/usr/bin/ceph: stderr
2024-05-10T04:33:16.266+0000 7f9a2f196700 1 -- 172.21.15.150:0/591334333 shutdown_connections
2024-05-10T04:33:16.854 INFO:teuthology.orchestra.run.smithi150.stdout:/usr/bin/ceph: stderr
2024-05-10T04:33:16.266+0000 7f9a2f196700 1 -- 172.21.15.150:0/591334333 wait complete.
2024-05-10T04:33:16.854 INFO:teuthology.orchestra.run.smithi150.stdout:/usr/bin/ceph: stderr
2024-05-10T04:33:16.267+0000 7f9a2f196700 1 Processor -- start
2024-05-10T04:33:16.854 INFO:teuthology.orchestra.run.smithi150.stdout:/usr/bin/ceph: stderr
2024-05-10T04:33:16.267+0000 7f9a2f196700 1 -- start start
2024-05-10T04:33:16.854 INFO:teuthology.orchestra.run.smithi150.stdout:/usr/bin/ceph: stderr
2024-05-10T04:33:16.267+0000 7f9a2f196700 1 --2- >> [v2:172.21.15.150:3300/0,v1:172.21.15.150:6789/0] conn(0x7f9a2807acf0 0x7f9a2819d760 unknown :-1 s=NONE pgs=0 cs=0 l=1 rev1=0 crypto rx=0 tx=0 comp rx=0 tx=0).connect
2024-05-10T04:33:16.854 INFO:teuthology.orchestra.run.smithi150.stdout:/usr/bin/ceph: stderr
2024-05-10T04:33:16.267+0000 7f9a2f196700 1 -- --> [v2:172.21.15.150:3300/0,v1:172.21.15.150:6789/0] -- mon_getmap magic: 0 v1 -- 0x7f9a2819dca0 con 0x7f9a2807acf0
2024-05-10T04:33:16.854 INFO:teuthology.orchestra.run.smithi150.stdout:/usr/bin/ceph: stderr
2024-05-10T04:33:16.267+0000 7f9a2cf32700 1 --2- >> [v2:172.21.15.150:3300/0,v1:172.21.15.150:6789/0] conn(0x7f9a2807acf0 0x7f9a2819d760 unknown :-1 s=BANNER_CONNECTING pgs=0 cs=0 l=1 rev1=0 crypto rx=0 tx=0 comp rx=0 tx=0)._handle_peer_banner_payload supported=3 required=0
2024-05-10T04:33:16.855 INFO:teuthology.orchestra.run.smithi150.stdout:/usr/bin/ceph: stderr
2024-05-10T04:33:16.267+0000 7f9a2cf32700 1 --2- >> [v2:172.21.15.150:3300/0,v1:172.21.15.150:6789/0] conn(0x7f9a2807acf0 0x7f9a2819d760 unknown :-1 s=HELLO_CONNECTING pgs=0 cs=0 l=1 rev1=1 crypto rx=0 tx=0 comp rx=0 tx=0).handle_hello peer v2:172.21.15.150:3300/0 says I am v2:172.21.15.150:59072/0 (socket says 172.21.15.150:59072)
2024-05-10T04:33:16.855 INFO:teuthology.orchestra.run.smithi150.stdout:/usr/bin/ceph: stderr
2024-05-10T04:33:16.267+0000 7f9a2cf32700 1 -- 172.21.15.150:0/882620452 learned_addr learned my addr 172.21.15.150:0/882620452 (peer_addr_for_me v2:172.21.15.150:0/0)
2024-05-10T04:33:16.855 INFO:teuthology.orchestra.run.smithi150.stdout:/usr/bin/ceph: stderr
2024-05-10T04:33:16.268+0000 7f9a2cf32700 1 -- 172.21.15.150:0/882620452 --> [v2:172.21.15.150:3300/0,v1:172.21.15.150:6789/0] -- mon_subscribe({config=0+,monmap=0+}) v3 -- 0x7f9a1c009550 con 0x7f9a2807acf0
2024-05-10T04:33:16.855 INFO:teuthology.orchestra.run.smithi150.stdout:/usr/bin/ceph: stderr
2024-05-10T04:33:16.268+0000 7f9a2cf32700 1 --2- 172.21.15.150:0/882620452 >> [v2:172.21.15.150:3300/0,v1:172.21.15.150:6789/0] conn(0x7f9a2807acf0 0x7f9a2819d760 secure :-1 s=READY pgs=77 cs=0 l=1 rev1=1 crypto rx=0x7f9a1c011670 tx=0x7f9a1c011a30 comp rx=0 tx=0).ready entity=mon.0 client_cookie=0 server_cookie=0 in_seq=0 out_seq=0
2024-05-10T04:33:16.855 INFO:teuthology.orchestra.run.smithi150.stdout:/usr/bin/ceph: stderr
2024-05-10T04:33:16.268+0000 7f9a25ffb700 1 -- 172.21.15.150:0/882620452 <== mon.0 v2:172.21.15.150:3300/0 1 ==== mon_map magic: 0 v1 ==== 205+0+0 (secure 0 0 0) 0x7f9a1c003af0 con 0x7f9a2807acf0
2024-05-10T04:33:16.855 INFO:teuthology.orchestra.run.smithi150.stdout:/usr/bin/ceph: stderr
2024-05-10T04:33:16.268+0000 7f9a25ffb700 1 -- 172.21.15.150:0/882620452 <== mon.0 v2:172.21.15.150:3300/0 2 ==== config(26 keys) v1 ==== 1105+0+0 (secure 0 0 0) 0x7f9a1c003c50 con 0x7f9a2807acf0
2024-05-10T04:33:16.855 INFO:teuthology.orchestra.run.smithi150.stdout:/usr/bin/ceph: stderr
2024-05-10T04:33:16.268+0000 7f9a2f196700 1 -- 172.21.15.150:0/882620452 --> [v2:172.21.15.150:3300/0,v1:172.21.15.150:6789/0] -- mon_subscribe({mgrmap=0+}) v3 -- 0x7f9a2819dea0 con 0x7f9a2807acf0
2024-05-10T04:33:16.855 INFO:teuthology.orchestra.run.smithi150.stdout:/usr/bin/ceph: stderr
2024-05-10T04:33:16.268+0000 7f9a25ffb700 1 -- 172.21.15.150:0/882620452 <== mon.0 v2:172.21.15.150:3300/0 3 ==== mon_map magic: 0 v1 ==== 205+0+0 (secure 0 0 0) 0x7f9a1c024730 con 0x7f9a2807acf0
2024-05-10T04:33:16.855 INFO:teuthology.orchestra.run.smithi150.stdout:/usr/bin/ceph: stderr
2024-05-10T04:33:16.268+0000 7f9a2f196700 1 -- 172.21.15.150:0/882620452 --> [v2:172.21.15.150:3300/0,v1:172.21.15.150:6789/0] -- mon_subscribe({osdmap=0}) v3 -- 0x7f9a2819e340 con 0x7f9a2807acf0
2024-05-10T04:33:16.856 INFO:teuthology.orchestra.run.smithi150.stdout:/usr/bin/ceph: stderr
2024-05-10T04:33:16.269+0000 7f9a25ffb700 1 -- 172.21.15.150:0/882620452 <== mon.0 v2:172.21.15.150:3300/0 4 ==== mgrmap(e 12) v1 ==== 45554+0+0 (secure 0 0 0) 0x7f9a1c024920 con 0x7f9a2807acf0
2024-05-10T04:33:16.856 INFO:teuthology.orchestra.run.smithi150.stdout:/usr/bin/ceph: stderr
2024-05-10T04:33:16.269+0000 7f9a2f196700 1 -- 172.21.15.150:0/882620452 --> [v2:172.21.15.150:3300/0,v1:172.21.15.150:6789/0] -- mon_command({"prefix": "get_command_descriptions"} v 0) v1 -- 0x7f9a28197630 con 0x7f9a2807acf0
2024-05-10T04:33:16.856 INFO:teuthology.orchestra.run.smithi150.stdout:/usr/bin/ceph: stderr
2024-05-10T04:33:16.269+0000 7f9a25ffb700 1 --2- 172.21.15.150:0/882620452 >> [v2:172.21.15.150:6800/3064659046,v1:172.21.15.150:6801/3064659046] conn(0x7f9a18038860 0x7f9a1803ad70 unknown :-1 s=NONE pgs=0 cs=0 l=1 rev1=0 crypto rx=0 tx=0 comp rx=0 tx=0).connect
2024-05-10T04:33:16.856 INFO:teuthology.orchestra.run.smithi150.stdout:/usr/bin/ceph: stderr
2024-05-10T04:33:16.269+0000 7f9a25ffb700 1 -- 172.21.15.150:0/882620452 <== mon.0 v2:172.21.15.150:3300/0 5 ==== osd_map(3..3 src has 1..3) v4 ==== 1155+0+0 (secure 0 0 0) 0x7f9a1c04c7b0 con 0x7f9a2807acf0
2024-05-10T04:33:16.856 INFO:teuthology.orchestra.run.smithi150.stdout:/usr/bin/ceph: stderr
2024-05-10T04:33:16.270+0000 7f9a27fff700 1 --2- 172.21.15.150:0/882620452 >> [v2:172.21.15.150:6800/3064659046,v1:172.21.15.150:6801/3064659046] conn(0x7f9a18038860 0x7f9a1803ad70 unknown :-1 s=BANNER_CONNECTING pgs=0 cs=0 l=1 rev1=0 crypto rx=0 tx=0 comp rx=0 tx=0)._handle_peer_banner_payload supported=3 required=0
2024-05-10T04:33:16.856 INFO:teuthology.orchestra.run.smithi150.stdout:/usr/bin/ceph: stderr
2024-05-10T04:33:16.270+0000 7f9a27fff700 1 --2- 172.21.15.150:0/882620452 >> [v2:172.21.15.150:6800/3064659046,v1:172.21.15.150:6801/3064659046] conn(0x7f9a18038860 0x7f9a1803ad70 secure :-1 s=READY pgs=10 cs=0 l=1 rev1=1 crypto rx=0x7f9a14006fd0 tx=0x7f9a14006e40 comp rx=0 tx=0).ready entity=mgr.14152 client_cookie=0 server_cookie=0 in_seq=0 out_seq=0
2024-05-10T04:33:16.856 INFO:teuthology.orchestra.run.smithi150.stdout:/usr/bin/ceph: stderr
2024-05-10T04:33:16.274+0000 7f9a25ffb700 1 -- 172.21.15.150:0/882620452 <== mon.0 v2:172.21.15.150:3300/0 6 ==== mon_command_ack([{"prefix": "get_command_descriptions"}]=0 v0) v1 ==== 72+0+183622 (secure 0 0 0) 0x7f9a1c018b80 con 0x7f9a2807acf0
2024-05-10T04:33:16.856 INFO:teuthology.orchestra.run.smithi150.stdout:/usr/bin/ceph: stderr
2024-05-10T04:33:16.476+0000 7f9a2f196700 1 -- 172.21.15.150:0/882620452 --> [v2:172.21.15.150:3300/0,v1:172.21.15.150:6789/0] -- mon_command([{prefix=config set, name=osd_memory_target_autotune}] v 0) v1 -- 0x7f9a2810b5e0 con 0x7f9a2807acf0
2024-05-10T04:33:16.856 INFO:teuthology.orchestra.run.smithi150.stdout:/usr/bin/ceph: stderr
2024-05-10T04:33:16.476+0000 7f9a25ffb700 1 -- 172.21.15.150:0/882620452 <== mon.0 v2:172.21.15.150:3300/0 7 ==== mon_command_ack([{prefix=config set, name=osd_memory_target_autotune}]=0 v8)=0 v8) v1 ==== 127+0+0 (secure 0 0 0) 0x7f9a1c018350 con 0x7f9a2807acf0
2024-05-10T04:33:16.856 INFO:teuthology.orchestra.run.smithi150.stdout:/usr/bin/ceph: stderr
2024-05-10T04:33:16.478+0000 7f9a2f196700 1 -- 172.21.15.150:0/882620452 >> [v2:172.21.15.150:6800/3064659046,v1:172.21.15.150:6801/3064659046] conn(0x7f9a18038860 msgr2=0x7f9a1803ad70 secure :-1 s=STATE_CONNECTION_ESTABLISHED l=1).mark_down
2024-05-10T04:33:16.856 INFO:teuthology.orchestra.run.smithi150.stdout:/usr/bin/ceph: stderr
2024-05-10T04:33:16.478+0000 7f9a2f196700 1 --2- 172.21.15.150:0/882620452 >> [v2:172.21.15.150:6800/3064659046,v1:172.21.15.150:6801/3064659046] conn(0x7f9a18038860 0x7f9a1803ad70 secure :-1 s=READY pgs=10 cs=0 l=1 rev1=1 crypto rx=0x7f9a14006fd0 tx=0x7f9a14006e40 comp rx=0 tx=0).stop
2024-05-10T04:33:16.856 INFO:teuthology.orchestra.run.smithi150.stdout:/usr/bin/ceph: stderr
2024-05-10T04:33:16.478+0000 7f9a2f196700 1 -- 172.21.15.150:0/882620452 >> [v2:172.21.15.150:3300/0,v1:172.21.15.150:6789/0] conn(0x7f9a2807acf0 msgr2=0x7f9a2819d760 secure :-1 s=STATE_CONNECTION_ESTABLISHED l=1).mark_down
2024-05-10T04:33:16.856 INFO:teuthology.orchestra.run.smithi150.stdout:/usr/bin/ceph: stderr
2024-05-10T04:33:16.478+0000 7f9a2f196700 1 --2- 172.21.15.150:0/882620452 >> [v2:172.21.15.150:3300/0,v1:172.21.15.150:6789/0] conn(0x7f9a2807acf0 0x7f9a2819d760 secure :-1 s=READY pgs=77 cs=0 l=1 rev1=1 crypto rx=0x7f9a1c011670 tx=0x7f9a1c011a30 comp rx=0 tx=0).stop
2024-05-10T04:33:16.856 INFO:teuthology.orchestra.run.smithi150.stdout:/usr/bin/ceph: stderr
2024-05-10T04:33:16.478+0000 7f9a2f196700 1 -- 172.21.15.150:0/882620452 shutdown_connections
2024-05-10T04:33:16.857 INFO:teuthology.orchestra.run.smithi150.stdout:/usr/bin/ceph: stderr
2024-05-10T04:33:16.478+0000 7f9a2f196700 1 --2- 172.21.15.150:0/882620452 >> [v2:172.21.15.150:6800/3064659046,v1:172.21.15.150:6801/3064659046] conn(0x7f9a18038860 0x7f9a1803ad70 unknown :-1 s=CLOSED pgs=10 cs=0 l=1 rev1=1 crypto rx=0 tx=0 comp rx=0 tx=0).stop
2024-05-10T04:33:16.857 INFO:teuthology.orchestra.run.smithi150.stdout:/usr/bin/ceph: stderr
2024-05-10T04:33:16.478+0000 7f9a2f196700 1 --2- 172.21.15.150:0/882620452 >> [v2:172.21.15.150:3300/0,v1:172.21.15.150:6789/0] conn(0x7f9a2807acf0 0x7f9a2819d760 unknown :-1 s=CLOSED pgs=77 cs=0 l=1 rev1=1 crypto rx=0 tx=0 comp rx=0 tx=0).stop
2024-05-10T04:33:16.857 INFO:teuthology.orchestra.run.smithi150.stdout:/usr/bin/ceph: stderr
2024-05-10T04:33:16.478+0000 7f9a2f196700 1 -- 172.21.15.150:0/882620452 >> 172.21.15.150:0/882620452 conn(0x7f9a281019c0 msgr2=0x7f9a28105f00 unknown :-1 s=STATE_NONE l=0).mark_down
2024-05-10T04:33:16.857 INFO:teuthology.orchestra.run.smithi150.stdout:/usr/bin/ceph: stderr
2024-05-10T04:33:16.479+0000 7f9a2f196700 1 -- 172.21.15.150:0/882620452 shutdown_connections
2024-05-10T04:33:16.857 INFO:teuthology.orchestra.run.smithi150.stdout:/usr/bin/ceph: stderr
2024-05-10T04:33:16.479+0000 7f9a2f196700 1 -- 172.21.15.150:0/882620452 wait complete.
2024-05-10T04:33:17.829 INFO:teuthology.orchestra.run.smithi150.stdout:/usr/bin/ceph: stderr
2024-05-10T04:33:17.164+0000 7fa43f0d3700 1 Processor -- start
2024-05-10T04:33:17.829 INFO:teuthology.orchestra.run.smithi150.stdout:/usr/bin/ceph: stderr
2024-05-10T04:33:17.164+0000 7fa43f0d3700 1 -- start start
2024-05-10T04:33:17.829 INFO:teuthology.orchestra.run.smithi150.stdout:/usr/bin/ceph: stderr
2024-05-10T04:33:17.164+0000 7fa43f0d3700 1 --2- >> [v2:172.21.15.150:3300/0,v1:172.21.15.150:6789/0] conn(0x7fa438105a90 0x7fa438105ea0 unknown :-1 s=NONE pgs=0 cs=0 l=0 rev1=0 crypto rx=0 tx=0 comp rx=0 tx=0).connect
2024-05-10T04:33:17.829 INFO:teuthology.orchestra.run.smithi150.stdout:/usr/bin/ceph: stderr
2024-05-10T04:33:17.164+0000 7fa43f0d3700 1 -- --> [v2:172.21.15.150:3300/0,v1:172.21.15.150:6789/0] -- mon_getmap magic: 0 v1 -- 0x7fa438106490 con 0x7fa438105a90
2024-05-10T04:33:17.830 INFO:teuthology.orchestra.run.smithi150.stdout:/usr/bin/ceph: stderr
2024-05-10T04:33:17.164+0000 7fa43ce6f700 1 --2- >> [v2:172.21.15.150:3300/0,v1:172.21.15.150:6789/0] conn(0x7fa438105a90 0x7fa438105ea0 unknown :-1 s=BANNER_CONNECTING pgs=0 cs=0 l=0 rev1=0 crypto rx=0 tx=0 comp rx=0 tx=0)._handle_peer_banner_payload supported=3 required=0
2024-05-10T04:33:17.830 INFO:teuthology.orchestra.run.smithi150.stdout:/usr/bin/ceph: stderr
2024-05-10T04:33:17.164+0000 7fa43ce6f700 1 --2- >> [v2:172.21.15.150:3300/0,v1:172.21.15.150:6789/0] conn(0x7fa438105a90 0x7fa438105ea0 unknown :-1 s=HELLO_CONNECTING pgs=0 cs=0 l=0 rev1=1 crypto rx=0 tx=0 comp rx=0 tx=0).handle_hello peer v2:172.21.15.150:3300/0 says I am v2:172.21.15.150:59080/0 (socket says 172.21.15.150:59080)
2024-05-10T04:33:17.830 INFO:teuthology.orchestra.run.smithi150.stdout:/usr/bin/ceph: stderr
2024-05-10T04:33:17.164+0000 7fa43ce6f700 1 -- 172.21.15.150:0/3234056773 learned_addr learned my addr 172.21.15.150:0/3234056773 (peer_addr_for_me v2:172.21.15.150:0/0)
2024-05-10T04:33:17.830 INFO:teuthology.orchestra.run.smithi150.stdout:/usr/bin/ceph: stderr
2024-05-10T04:33:17.165+0000 7fa43ce6f700 1 -- 172.21.15.150:0/3234056773 --> [v2:172.21.15.150:3300/0,v1:172.21.15.150:6789/0] -- mon_subscribe({config=0+,monmap=0+}) v3 -- 0x7fa438106bc0 con 0x7fa438105a90
2024-05-10T04:33:17.830 INFO:teuthology.orchestra.run.smithi150.stdout:/usr/bin/ceph: stderr
2024-05-10T04:33:17.165+0000 7fa43ce6f700 1 --2- 172.21.15.150:0/3234056773 >> [v2:172.21.15.150:3300/0,v1:172.21.15.150:6789/0] conn(0x7fa438105a90 0x7fa438105ea0 secure :-1 s=READY pgs=78 cs=0 l=1 rev1=1 crypto rx=0x7fa42c0098a0 tx=0x7fa42c009bb0 comp rx=0 tx=0).ready entity=mon.0 client_cookie=99a6c0a03ec8390c server_cookie=0 in_seq=0 out_seq=0
2024-05-10T04:33:17.830 INFO:teuthology.orchestra.run.smithi150.stdout:/usr/bin/ceph: stderr
2024-05-10T04:33:17.165+0000 7fa4377fe700 1 -- 172.21.15.150:0/3234056773 <== mon.0 v2:172.21.15.150:3300/0 1 ==== mon_map magic: 0 v1 ==== 205+0+0 (secure 0 0 0) 0x7fa42c004160 con 0x7fa438105a90
2024-05-10T04:33:17.830 INFO:teuthology.orchestra.run.smithi150.stdout:/usr/bin/ceph: stderr
2024-05-10T04:33:17.165+0000 7fa4377fe700 1 -- 172.21.15.150:0/3234056773 <== mon.0 v2:172.21.15.150:3300/0 2 ==== config(26 keys) v1 ==== 1105+0+0 (secure 0 0 0) 0x7fa42c0042c0 con 0x7fa438105a90
2024-05-10T04:33:17.830 INFO:teuthology.orchestra.run.smithi150.stdout:/usr/bin/ceph: stderr
2024-05-10T04:33:17.165+0000 7fa4377fe700 1 -- 172.21.15.150:0/3234056773 <== mon.0 v2:172.21.15.150:3300/0 3 ==== mon_map magic: 0 v1 ==== 205+0+0 (secure 0 0 0) 0x7fa42c0119b0 con 0x7fa438105a90
2024-05-10T04:33:17.830 INFO:teuthology.orchestra.run.smithi150.stdout:/usr/bin/ceph: stderr
2024-05-10T04:33:17.166+0000 7fa43f0d3700 1 -- 172.21.15.150:0/3234056773 >> [v2:172.21.15.150:3300/0,v1:172.21.15.150:6789/0] conn(0x7fa438105a90 msgr2=0x7fa438105ea0 secure :-1 s=STATE_CONNECTION_ESTABLISHED l=1).mark_down
2024-05-10T04:33:17.830 INFO:teuthology.orchestra.run.smithi150.stdout:/usr/bin/ceph: stderr
2024-05-10T04:33:17.166+0000 7fa43f0d3700 1 --2- 172.21.15.150:0/3234056773 >> [v2:172.21.15.150:3300/0,v1:172.21.15.150:6789/0] conn(0x7fa438105a90 0x7fa438105ea0 secure :-1 s=READY pgs=78 cs=0 l=1 rev1=1 crypto rx=0x7fa42c0098a0 tx=0x7fa42c009bb0 comp rx=0 tx=0).stop
2024-05-10T04:33:17.831 INFO:teuthology.orchestra.run.smithi150.stdout:/usr/bin/ceph: stderr
2024-05-10T04:33:17.166+0000 7fa43f0d3700 1 -- 172.21.15.150:0/3234056773 shutdown_connections
2024-05-10T04:33:17.831 INFO:teuthology.orchestra.run.smithi150.stdout:/usr/bin/ceph: stderr
2024-05-10T04:33:17.166+0000 7fa43f0d3700 1 --2- 172.21.15.150:0/3234056773 >> [v2:172.21.15.150:3300/0,v1:172.21.15.150:6789/0] conn(0x7fa438105a90 0x7fa438105ea0 unknown :-1 s=CLOSED pgs=78 cs=0 l=1 rev1=1 crypto rx=0 tx=0 comp rx=0 tx=0).stop
2024-05-10T04:33:17.831 INFO:teuthology.orchestra.run.smithi150.stdout:/usr/bin/ceph: stderr
2024-05-10T04:33:17.166+0000 7fa43f0d3700 1 -- 172.21.15.150:0/3234056773 >> 172.21.15.150:0/3234056773 conn(0x7fa438101150 msgr2=0x7fa4381035a0 unknown :-1 s=STATE_NONE l=0).mark_down
2024-05-10T04:33:17.831 INFO:teuthology.orchestra.run.smithi150.stdout:/usr/bin/ceph: stderr
2024-05-10T04:33:17.166+0000 7fa43f0d3700 1 -- 172.21.15.150:0/3234056773 shutdown_connections
2024-05-10T04:33:17.831 INFO:teuthology.orchestra.run.smithi150.stdout:/usr/bin/ceph: stderr
2024-05-10T04:33:17.166+0000 7fa43f0d3700 1 -- 172.21.15.150:0/3234056773 wait complete.
2024-05-10T04:33:17.831 INFO:teuthology.orchestra.run.smithi150.stdout:/usr/bin/ceph: stderr
2024-05-10T04:33:17.166+0000 7fa43f0d3700 1 Processor -- start
2024-05-10T04:33:17.831 INFO:teuthology.orchestra.run.smithi150.stdout:/usr/bin/ceph: stderr
2024-05-10T04:33:17.166+0000 7fa43f0d3700 1 -- start start
2024-05-10T04:33:17.831 INFO:teuthology.orchestra.run.smithi150.stdout:/usr/bin/ceph: stderr
2024-05-10T04:33:17.167+0000 7fa43f0d3700 1 --2- >> [v2:172.21.15.150:3300/0,v1:172.21.15.150:6789/0] conn(0x7fa438105a90 0x7fa43819a4c0 unknown :-1 s=NONE pgs=0 cs=0 l=1 rev1=0 crypto rx=0 tx=0 comp rx=0 tx=0).connect
2024-05-10T04:33:17.831 INFO:teuthology.orchestra.run.smithi150.stdout:/usr/bin/ceph: stderr
2024-05-10T04:33:17.167+0000 7fa43f0d3700 1 -- --> [v2:172.21.15.150:3300/0,v1:172.21.15.150:6789/0] -- mon_getmap magic: 0 v1 -- 0x7fa43819aa00 con 0x7fa438105a90
2024-05-10T04:33:17.831 INFO:teuthology.orchestra.run.smithi150.stdout:/usr/bin/ceph: stderr
2024-05-10T04:33:17.167+0000 7fa43ce6f700 1 --2- >> [v2:172.21.15.150:3300/0,v1:172.21.15.150:6789/0] conn(0x7fa438105a90 0x7fa43819a4c0 unknown :-1 s=BANNER_CONNECTING pgs=0 cs=0 l=1 rev1=0 crypto rx=0 tx=0 comp rx=0 tx=0)._handle_peer_banner_payload supported=3 required=0
2024-05-10T04:33:17.831 INFO:teuthology.orchestra.run.smithi150.stdout:/usr/bin/ceph: stderr
2024-05-10T04:33:17.167+0000 7fa43ce6f700 1 --2- >> [v2:172.21.15.150:3300/0,v1:172.21.15.150:6789/0] conn(0x7fa438105a90 0x7fa43819a4c0 unknown :-1 s=HELLO_CONNECTING pgs=0 cs=0 l=1 rev1=1 crypto rx=0 tx=0 comp rx=0 tx=0).handle_hello peer v2:172.21.15.150:3300/0 says I am v2:172.21.15.150:59096/0 (socket says 172.21.15.150:59096)
2024-05-10T04:33:17.831 INFO:teuthology.orchestra.run.smithi150.stdout:/usr/bin/ceph: stderr
2024-05-10T04:33:17.167+0000 7fa43ce6f700 1 -- 172.21.15.150:0/3014296563 learned_addr learned my addr 172.21.15.150:0/3014296563 (peer_addr_for_me v2:172.21.15.150:0/0)
2024-05-10T04:33:17.831 INFO:teuthology.orchestra.run.smithi150.stdout:/usr/bin/ceph: stderr
2024-05-10T04:33:17.167+0000 7fa43ce6f700 1 -- 172.21.15.150:0/3014296563 --> [v2:172.21.15.150:3300/0,v1:172.21.15.150:6789/0] -- mon_subscribe({config=0+,monmap=0+}) v3 -- 0x7fa42c009550 con 0x7fa438105a90
2024-05-10T04:33:17.832 INFO:teuthology.orchestra.run.smithi150.stdout:/usr/bin/ceph: stderr
2024-05-10T04:33:17.167+0000 7fa43ce6f700 1 --2- 172.21.15.150:0/3014296563 >> [v2:172.21.15.150:3300/0,v1:172.21.15.150:6789/0] conn(0x7fa438105a90 0x7fa43819a4c0 secure :-1 s=READY pgs=79 cs=0 l=1 rev1=1 crypto rx=0x7fa42c003f00 tx=0x7fa42c011a30 comp rx=0 tx=0).ready entity=mon.0 client_cookie=0 server_cookie=0 in_seq=0 out_seq=0
2024-05-10T04:33:17.832 INFO:teuthology.orchestra.run.smithi150.stdout:/usr/bin/ceph: stderr
2024-05-10T04:33:17.167+0000 7fa435ffb700 1 -- 172.21.15.150:0/3014296563 <== mon.0 v2:172.21.15.150:3300/0 1 ==== mon_map magic: 0 v1 ==== 205+0+0 (secure 0 0 0) 0x7fa42c0038b0 con 0x7fa438105a90
2024-05-10T04:33:17.832 INFO:teuthology.orchestra.run.smithi150.stdout:/usr/bin/ceph: stderr
2024-05-10T04:33:17.167+0000 7fa435ffb700 1 -- 172.21.15.150:0/3014296563 <== mon.0 v2:172.21.15.150:3300/0 2 ==== config(26 keys) v1 ==== 1105+0+0 (secure 0 0 0) 0x7fa42c003a10 con 0x7fa438105a90
2024-05-10T04:33:17.832 INFO:teuthology.orchestra.run.smithi150.stdout:/usr/bin/ceph: stderr
2024-05-10T04:33:17.167+0000 7fa43f0d3700 1 -- 172.21.15.150:0/3014296563 --> [v2:172.21.15.150:3300/0,v1:172.21.15.150:6789/0] -- mon_subscribe({mgrmap=0+}) v3 -- 0x7fa43819ac00 con 0x7fa438105a90
2024-05-10T04:33:17.832 INFO:teuthology.orchestra.run.smithi150.stdout:/usr/bin/ceph: stderr
2024-05-10T04:33:17.167+0000 7fa435ffb700 1 -- 172.21.15.150:0/3014296563 <== mon.0 v2:172.21.15.150:3300/0 3 ==== mon_map magic: 0 v1 ==== 205+0+0 (secure 0 0 0) 0x7fa42c019550 con 0x7fa438105a90
2024-05-10T04:33:17.832 INFO:teuthology.orchestra.run.smithi150.stdout:/usr/bin/ceph: stderr
2024-05-10T04:33:17.167+0000 7fa43f0d3700 1 -- 172.21.15.150:0/3014296563 --> [v2:172.21.15.150:3300/0,v1:172.21.15.150:6789/0] -- mon_subscribe({osdmap=0}) v3 -- 0x7fa43819b0a0 con 0x7fa438105a90
2024-05-10T04:33:17.832 INFO:teuthology.orchestra.run.smithi150.stdout:/usr/bin/ceph: stderr
2024-05-10T04:33:17.168+0000 7fa435ffb700 1 -- 172.21.15.150:0/3014296563 <== mon.0 v2:172.21.15.150:3300/0 4 ==== mgrmap(e 12) v1 ==== 45554+0+0 (secure 0 0 0) 0x7fa42c0197d0 con 0x7fa438105a90
2024-05-10T04:33:17.832 INFO:teuthology.orchestra.run.smithi150.stdout:/usr/bin/ceph: stderr
2024-05-10T04:33:17.168+0000 7fa43f0d3700 1 -- 172.21.15.150:0/3014296563 --> [v2:172.21.15.150:3300/0,v1:172.21.15.150:6789/0] -- mon_command({"prefix": "get_command_descriptions"} v 0) v1 -- 0x7fa438193fb0 con 0x7fa438105a90
2024-05-10T04:33:17.832 INFO:teuthology.orchestra.run.smithi150.stdout:/usr/bin/ceph: stderr
2024-05-10T04:33:17.169+0000 7fa435ffb700 1 --2- 172.21.15.150:0/3014296563 >> [v2:172.21.15.150:6800/3064659046,v1:172.21.15.150:6801/3064659046] conn(0x7fa4280387c0 0x7fa42803acd0 unknown :-1 s=NONE pgs=0 cs=0 l=1 rev1=0 crypto rx=0 tx=0 comp rx=0 tx=0).connect
2024-05-10T04:33:17.832 INFO:teuthology.orchestra.run.smithi150.stdout:/usr/bin/ceph: stderr
2024-05-10T04:33:17.169+0000 7fa435ffb700 1 -- 172.21.15.150:0/3014296563 <== mon.0 v2:172.21.15.150:3300/0 5 ==== osd_map(3..3 src has 1..3) v4 ==== 1155+0+0 (secure 0 0 0) 0x7fa42c04ca20 con 0x7fa438105a90
2024-05-10T04:33:17.832 INFO:teuthology.orchestra.run.smithi150.stdout:/usr/bin/ceph: stderr
2024-05-10T04:33:17.169+0000 7fa437fff700 1 --2- 172.21.15.150:0/3014296563 >> [v2:172.21.15.150:6800/3064659046,v1:172.21.15.150:6801/3064659046] conn(0x7fa4280387c0 0x7fa42803acd0 unknown :-1 s=BANNER_CONNECTING pgs=0 cs=0 l=1 rev1=0 crypto rx=0 tx=0 comp rx=0 tx=0)._handle_peer_banner_payload supported=3 required=0
2024-05-10T04:33:17.832 INFO:teuthology.orchestra.run.smithi150.stdout:/usr/bin/ceph: stderr
2024-05-10T04:33:17.169+0000 7fa437fff700 1 --2- 172.21.15.150:0/3014296563 >> [v2:172.21.15.150:6800/3064659046,v1:172.21.15.150:6801/3064659046] conn(0x7fa4280387c0 0x7fa42803acd0 secure :-1 s=READY pgs=11 cs=0 l=1 rev1=1 crypto rx=0x7fa424006fd0 tx=0x7fa424006e40 comp rx=0 tx=0).ready entity=mgr.14152 client_cookie=0 server_cookie=0 in_seq=0 out_seq=0
2024-05-10T04:33:17.832 INFO:teuthology.orchestra.run.smithi150.stdout:/usr/bin/ceph: stderr
2024-05-10T04:33:17.174+0000 7fa435ffb700 1 -- 172.21.15.150:0/3014296563 <== mon.0 v2:172.21.15.150:3300/0 6 ==== mon_command_ack([{"prefix": "get_command_descriptions"}]=0 v0) v1 ==== 72+0+183622 (secure 0 0 0) 0x7fa42c018d20 con 0x7fa438105a90
2024-05-10T04:33:17.833 INFO:teuthology.orchestra.run.smithi150.stdout:/usr/bin/ceph: stderr
2024-05-10T04:33:17.328+0000 7fa435ffb700 1 -- 172.21.15.150:0/3014296563 <== mon.0 v2:172.21.15.150:3300/0 7 ==== mgrmap(e 13) v1 ==== 45598+0+0 (secure 0 0 0) 0x7fa42c02d960 con 0x7fa438105a90
2024-05-10T04:33:17.833 INFO:teuthology.orchestra.run.smithi150.stdout:/usr/bin/ceph: stderr
2024-05-10T04:33:17.478+0000 7fa43f0d3700 1 -- 172.21.15.150:0/3014296563 --> [v2:172.21.15.150:3300/0,v1:172.21.15.150:6789/0] -- mon_command([{prefix=config-key set, key=mgr/dashboard/cluster/status}] v 0) v1 -- 0x7fa438109df0 con 0x7fa438105a90
2024-05-10T04:33:17.833 INFO:teuthology.orchestra.run.smithi150.stdout:/usr/bin/ceph: stderr
2024-05-10T04:33:17.481+0000 7fa435ffb700 1 -- 172.21.15.150:0/3014296563 <== mon.0 v2:172.21.15.150:3300/0 8 ==== mon_command_ack([{prefix=config-key set, key=mgr/dashboard/cluster/status}]=0 set mgr/dashboard/cluster/status v28)=0 set mgr/dashboard/cluster/status v28) v1 ==== 153+0+0 (secure 0 0 0) 0x7fa42c018d20 con 0x7fa438105a90
2024-05-10T04:33:17.833 INFO:teuthology.orchestra.run.smithi150.stdout:/usr/bin/ceph: stderr
2024-05-10T04:33:17.483+0000 7fa43f0d3700 1 -- 172.21.15.150:0/3014296563 >> [v2:172.21.15.150:6800/3064659046,v1:172.21.15.150:6801/3064659046] conn(0x7fa4280387c0 msgr2=0x7fa42803acd0 secure :-1 s=STATE_CONNECTION_ESTABLISHED l=1).mark_down
2024-05-10T04:33:17.833 INFO:teuthology.orchestra.run.smithi150.stdout:/usr/bin/ceph: stderr
2024-05-10T04:33:17.483+0000 7fa43f0d3700 1 --2- 172.21.15.150:0/3014296563 >> [v2:172.21.15.150:6800/3064659046,v1:172.21.15.150:6801/3064659046] conn(0x7fa4280387c0 0x7fa42803acd0 secure :-1 s=READY pgs=11 cs=0 l=1 rev1=1 crypto rx=0x7fa424006fd0 tx=0x7fa424006e40 comp rx=0 tx=0).stop
2024-05-10T04:33:17.833 INFO:teuthology.orchestra.run.smithi150.stdout:/usr/bin/ceph: stderr
2024-05-10T04:33:17.483+0000 7fa43f0d3700 1 -- 172.21.15.150:0/3014296563 >> [v2:172.21.15.150:3300/0,v1:172.21.15.150:6789/0] conn(0x7fa438105a90 msgr2=0x7fa43819a4c0 secure :-1 s=STATE_CONNECTION_ESTABLISHED l=1).mark_down
2024-05-10T04:33:17.833 INFO:teuthology.orchestra.run.smithi150.stdout:/usr/bin/ceph: stderr
2024-05-10T04:33:17.483+0000 7fa43f0d3700 1 --2- 172.21.15.150:0/3014296563 >> [v2:172.21.15.150:3300/0,v1:172.21.15.150:6789/0] conn(0x7fa438105a90 0x7fa43819a4c0 secure :-1 s=READY pgs=79 cs=0 l=1 rev1=1 crypto rx=0x7fa42c003f00 tx=0x7fa42c011a30 comp rx=0 tx=0).stop
2024-05-10T04:33:17.833 INFO:teuthology.orchestra.run.smithi150.stdout:/usr/bin/ceph: stderr
2024-05-10T04:33:17.483+0000 7fa43f0d3700 1 -- 172.21.15.150:0/3014296563 shutdown_connections
2024-05-10T04:33:17.833 INFO:teuthology.orchestra.run.smithi150.stdout:/usr/bin/ceph: stderr
2024-05-10T04:33:17.483+0000 7fa43f0d3700 1 --2- 172.21.15.150:0/3014296563 >> [v2:172.21.15.150:6800/3064659046,v1:172.21.15.150:6801/3064659046] conn(0x7fa4280387c0 0x7fa42803acd0 unknown :-1 s=CLOSED pgs=11 cs=0 l=1 rev1=1 crypto rx=0 tx=0 comp rx=0 tx=0).stop
2024-05-10T04:33:17.833 INFO:teuthology.orchestra.run.smithi150.stdout:/usr/bin/ceph: stderr
2024-05-10T04:33:17.483+0000 7fa43f0d3700 1 --2- 172.21.15.150:0/3014296563 >> [v2:172.21.15.150:3300/0,v1:172.21.15.150:6789/0] conn(0x7fa438105a90 0x7fa43819a4c0 unknown :-1 s=CLOSED pgs=79 cs=0 l=1 rev1=1 crypto rx=0 tx=0 comp rx=0 tx=0).stop
2024-05-10T04:33:17.833 INFO:teuthology.orchestra.run.smithi150.stdout:/usr/bin/ceph: stderr
2024-05-10T04:33:17.483+0000 7fa43f0d3700 1 -- 172.21.15.150:0/3014296563 >> 172.21.15.150:0/3014296563 conn(0x7fa438101150 msgr2=0x7fa4381910f0 unknown :-1 s=STATE_NONE l=0).mark_down
2024-05-10T04:33:17.834 INFO:teuthology.orchestra.run.smithi150.stdout:/usr/bin/ceph: stderr
2024-05-10T04:33:17.483+0000 7fa43f0d3700 1 -- 172.21.15.150:0/3014296563 shutdown_connections
2024-05-10T04:33:17.834 INFO:teuthology.orchestra.run.smithi150.stdout:/usr/bin/ceph: stderr
2024-05-10T04:33:17.483+0000 7fa43f0d3700 1 -- 172.21.15.150:0/3014296563 wait complete.
2024-05-10T04:33:17.834 INFO:teuthology.orchestra.run.smithi150.stdout:/usr/bin/ceph: stderr set mgr/dashboard/cluster/status
2024-05-10T04:33:17.834 INFO:teuthology.orchestra.run.smithi150.stdout:You can access the Ceph CLI as following in case of multi-cluster or non-default config:
2024-05-10T04:33:17.834 INFO:teuthology.orchestra.run.smithi150.stdout:
2024-05-10T04:33:17.834 INFO:teuthology.orchestra.run.smithi150.stdout: sudo /home/ubuntu/cephtest/cephadm shell --fsid 28928ad0-0e86-11ef-bc98-c7b262605968 -c /etc/ceph/ceph.conf -k /etc/ceph/ceph.client.admin.keyring
2024-05-10T04:33:17.834 INFO:teuthology.orchestra.run.smithi150.stdout:
2024-05-10T04:33:17.834 INFO:teuthology.orchestra.run.smithi150.stdout:Or, if you are only running a single cluster on this host:
2024-05-10T04:33:17.834 INFO:teuthology.orchestra.run.smithi150.stdout:
2024-05-10T04:33:17.834 INFO:teuthology.orchestra.run.smithi150.stdout: sudo /home/ubuntu/cephtest/cephadm shell
2024-05-10T04:33:17.834 INFO:teuthology.orchestra.run.smithi150.stdout:
2024-05-10T04:33:17.834 INFO:teuthology.orchestra.run.smithi150.stdout:Please consider enabling telemetry to help improve Ceph:
2024-05-10T04:33:17.835 INFO:teuthology.orchestra.run.smithi150.stdout:
2024-05-10T04:33:17.835 INFO:teuthology.orchestra.run.smithi150.stdout: ceph telemetry on
2024-05-10T04:33:17.835 INFO:teuthology.orchestra.run.smithi150.stdout:
2024-05-10T04:33:17.835 INFO:teuthology.orchestra.run.smithi150.stdout:For more information see:
2024-05-10T04:33:17.835 INFO:teuthology.orchestra.run.smithi150.stdout:
2024-05-10T04:33:17.835 INFO:teuthology.orchestra.run.smithi150.stdout: https://docs.ceph.com/en/latest/mgr/telemetry/
2024-05-10T04:33:17.835 INFO:teuthology.orchestra.run.smithi150.stdout:
2024-05-10T04:33:17.835 INFO:teuthology.orchestra.run.smithi150.stdout:Bootstrap complete.
2024-05-10T04:33:17.859 INFO:tasks.cephadm:Fetching config...
2024-05-10T04:33:17.860 DEBUG:teuthology.orchestra.run.smithi150:> set -ex
2024-05-10T04:33:17.860 DEBUG:teuthology.orchestra.run.smithi150:> dd if=/etc/ceph/ceph.conf of=/dev/stdout
2024-05-10T04:33:17.877 INFO:tasks.cephadm:Fetching client.admin keyring...
2024-05-10T04:33:17.877 DEBUG:teuthology.orchestra.run.smithi150:> set -ex
2024-05-10T04:33:17.877 DEBUG:teuthology.orchestra.run.smithi150:> dd if=/etc/ceph/ceph.client.admin.keyring of=/dev/stdout
2024-05-10T04:33:17.936 INFO:tasks.cephadm:Fetching mon keyring...
2024-05-10T04:33:17.936 DEBUG:teuthology.orchestra.run.smithi150:> set -ex
2024-05-10T04:33:17.936 DEBUG:teuthology.orchestra.run.smithi150:> sudo dd if=/var/lib/ceph/28928ad0-0e86-11ef-bc98-c7b262605968/mon.a/keyring of=/dev/stdout
2024-05-10T04:33:18.008 INFO:tasks.cephadm:Fetching pub ssh key...
2024-05-10T04:33:18.009 DEBUG:teuthology.orchestra.run.smithi150:> set -ex
2024-05-10T04:33:18.009 DEBUG:teuthology.orchestra.run.smithi150:> dd if=/home/ubuntu/cephtest/ceph.pub of=/dev/stdout
2024-05-10T04:33:18.067 INFO:tasks.cephadm:Installing pub ssh key for root users...
2024-05-10T04:33:18.067 DEBUG:teuthology.orchestra.run.smithi150:> sudo install -d -m 0700 /root/.ssh && echo 'ssh-rsa AAAAB3NzaC1yc2EAAAADAQABAAABgQDe0KzPJi3dfGbQEJEvpk6InMc5wxSLusLVu3ZTnAwu6n2HHH0FznMmtN8Xka9eeVBapg+AK5TFnLG59ssVsFhAXV0gyVaTHCKfPUWCadAsFaJwP1dNJISXqndcsSl1xv2dzZe5bY6tBjTyL9yuIQ5T6H6hcPhXrV5w8Zi5ovE8/wXdNQ0AEmGxjMDwSqy7J85JYahEgnLDUysyHkGtd3kNEORW7Lvk62uBvmIZgWoOCL1izEXPb8quAbazGlRvyghjK3fdLjDo56wUKUUD5dx0fh6e7qn5zI+kp5WAsqbRrmSJFNhkqiBzpZYziyhNsUh+S/G7Sv6RPDko95lyUTsBH/gd5Cu87QH7F0+MnHOnSANNEernkJnZ03jhC7fSPBC2wfTFRb6x29PdBL4/MA9UyqUcM3v/K4XBq1Bo5eEnwNTcGhJ1V1QEPaQPerFeM3Em4x8+1JPIWD5uhE7vJHfQuGW76Tex/l0vgOvJiFxD7gacWI99ng60S4KM2FV7sls= ceph-28928ad0-0e86-11ef-bc98-c7b262605968' | sudo tee -a /root/.ssh/authorized_keys && sudo chmod 0600 /root/.ssh/authorized_keys
2024-05-10T04:33:18.145 INFO:teuthology.orchestra.run.smithi150.stdout:ssh-rsa AAAAB3NzaC1yc2EAAAADAQABAAABgQDe0KzPJi3dfGbQEJEvpk6InMc5wxSLusLVu3ZTnAwu6n2HHH0FznMmtN8Xka9eeVBapg+AK5TFnLG59ssVsFhAXV0gyVaTHCKfPUWCadAsFaJwP1dNJISXqndcsSl1xv2dzZe5bY6tBjTyL9yuIQ5T6H6hcPhXrV5w8Zi5ovE8/wXdNQ0AEmGxjMDwSqy7J85JYahEgnLDUysyHkGtd3kNEORW7Lvk62uBvmIZgWoOCL1izEXPb8quAbazGlRvyghjK3fdLjDo56wUKUUD5dx0fh6e7qn5zI+kp5WAsqbRrmSJFNhkqiBzpZYziyhNsUh+S/G7Sv6RPDko95lyUTsBH/gd5Cu87QH7F0+MnHOnSANNEernkJnZ03jhC7fSPBC2wfTFRb6x29PdBL4/MA9UyqUcM3v/K4XBq1Bo5eEnwNTcGhJ1V1QEPaQPerFeM3Em4x8+1JPIWD5uhE7vJHfQuGW76Tex/l0vgOvJiFxD7gacWI99ng60S4KM2FV7sls= ceph-28928ad0-0e86-11ef-bc98-c7b262605968
2024-05-10T04:33:18.157 DEBUG:teuthology.orchestra.run.smithi161:> sudo install -d -m 0700 /root/.ssh && echo 'ssh-rsa AAAAB3NzaC1yc2EAAAADAQABAAABgQDe0KzPJi3dfGbQEJEvpk6InMc5wxSLusLVu3ZTnAwu6n2HHH0FznMmtN8Xka9eeVBapg+AK5TFnLG59ssVsFhAXV0gyVaTHCKfPUWCadAsFaJwP1dNJISXqndcsSl1xv2dzZe5bY6tBjTyL9yuIQ5T6H6hcPhXrV5w8Zi5ovE8/wXdNQ0AEmGxjMDwSqy7J85JYahEgnLDUysyHkGtd3kNEORW7Lvk62uBvmIZgWoOCL1izEXPb8quAbazGlRvyghjK3fdLjDo56wUKUUD5dx0fh6e7qn5zI+kp5WAsqbRrmSJFNhkqiBzpZYziyhNsUh+S/G7Sv6RPDko95lyUTsBH/gd5Cu87QH7F0+MnHOnSANNEernkJnZ03jhC7fSPBC2wfTFRb6x29PdBL4/MA9UyqUcM3v/K4XBq1Bo5eEnwNTcGhJ1V1QEPaQPerFeM3Em4x8+1JPIWD5uhE7vJHfQuGW76Tex/l0vgOvJiFxD7gacWI99ng60S4KM2FV7sls= ceph-28928ad0-0e86-11ef-bc98-c7b262605968' | sudo tee -a /root/.ssh/authorized_keys && sudo chmod 0600 /root/.ssh/authorized_keys
2024-05-10T04:33:18.203 INFO:teuthology.orchestra.run.smithi161.stdout:ssh-rsa AAAAB3NzaC1yc2EAAAADAQABAAABgQDe0KzPJi3dfGbQEJEvpk6InMc5wxSLusLVu3ZTnAwu6n2HHH0FznMmtN8Xka9eeVBapg+AK5TFnLG59ssVsFhAXV0gyVaTHCKfPUWCadAsFaJwP1dNJISXqndcsSl1xv2dzZe5bY6tBjTyL9yuIQ5T6H6hcPhXrV5w8Zi5ovE8/wXdNQ0AEmGxjMDwSqy7J85JYahEgnLDUysyHkGtd3kNEORW7Lvk62uBvmIZgWoOCL1izEXPb8quAbazGlRvyghjK3fdLjDo56wUKUUD5dx0fh6e7qn5zI+kp5WAsqbRrmSJFNhkqiBzpZYziyhNsUh+S/G7Sv6RPDko95lyUTsBH/gd5Cu87QH7F0+MnHOnSANNEernkJnZ03jhC7fSPBC2wfTFRb6x29PdBL4/MA9UyqUcM3v/K4XBq1Bo5eEnwNTcGhJ1V1QEPaQPerFeM3Em4x8+1JPIWD5uhE7vJHfQuGW76Tex/l0vgOvJiFxD7gacWI99ng60S4KM2FV7sls= ceph-28928ad0-0e86-11ef-bc98-c7b262605968
2024-05-10T04:33:18.216 DEBUG:teuthology.orchestra.run.smithi181:> sudo install -d -m 0700 /root/.ssh && echo 'ssh-rsa AAAAB3NzaC1yc2EAAAADAQABAAABgQDe0KzPJi3dfGbQEJEvpk6InMc5wxSLusLVu3ZTnAwu6n2HHH0FznMmtN8Xka9eeVBapg+AK5TFnLG59ssVsFhAXV0gyVaTHCKfPUWCadAsFaJwP1dNJISXqndcsSl1xv2dzZe5bY6tBjTyL9yuIQ5T6H6hcPhXrV5w8Zi5ovE8/wXdNQ0AEmGxjMDwSqy7J85JYahEgnLDUysyHkGtd3kNEORW7Lvk62uBvmIZgWoOCL1izEXPb8quAbazGlRvyghjK3fdLjDo56wUKUUD5dx0fh6e7qn5zI+kp5WAsqbRrmSJFNhkqiBzpZYziyhNsUh+S/G7Sv6RPDko95lyUTsBH/gd5Cu87QH7F0+MnHOnSANNEernkJnZ03jhC7fSPBC2wfTFRb6x29PdBL4/MA9UyqUcM3v/K4XBq1Bo5eEnwNTcGhJ1V1QEPaQPerFeM3Em4x8+1JPIWD5uhE7vJHfQuGW76Tex/l0vgOvJiFxD7gacWI99ng60S4KM2FV7sls= ceph-28928ad0-0e86-11ef-bc98-c7b262605968' | sudo tee -a /root/.ssh/authorized_keys && sudo chmod 0600 /root/.ssh/authorized_keys
