2024-05-10T04:54:29.723 INFO:teuthology.orchestra.run.smithi018.stdout:/usr/bin/ceph: stderr
2024-05-10T04:54:28.652+0000 7f691f400700 1 --2- 172.21.15.18:0/1515206900 >> [v2:172.21.15.18:3300/0,v1:172.21.15.18:6789/0] conn(0x7f6920107c40 0x7f692019b320 secure :-1 s=READY pgs=71 cs=0 l=1 rev1=1 crypto rx=0x7f6910006af0 tx=0x7f6910011980 comp rx=0 tx=0).ready entity=mon.0 client_cookie=0 server_cookie=0 in_seq=0 out_seq=0
2024-05-10T04:54:29.723 INFO:teuthology.orchestra.run.smithi018.stdout:/usr/bin/ceph: stderr
2024-05-10T04:54:28.652+0000 7f6917e00700 1 -- 172.21.15.18:0/1515206900 <== mon.0 v2:172.21.15.18:3300/0 1 ==== mon_map magic: 0 v1 ==== 205+0+0 (secure 0 0 0) 0x7f69100038b0 con 0x7f6920107c40
2024-05-10T04:54:29.723 INFO:teuthology.orchestra.run.smithi018.stdout:/usr/bin/ceph: stderr
2024-05-10T04:54:28.652+0000 7f6917e00700 1 -- 172.21.15.18:0/1515206900 <== mon.0 v2:172.21.15.18:3300/0 2 ==== config(26 keys) v1 ==== 1105+0+0 (secure 0 0 0) 0x7f6910003a10 con 0x7f6920107c40
2024-05-10T04:54:29.724 INFO:teuthology.orchestra.run.smithi018.stdout:/usr/bin/ceph: stderr
2024-05-10T04:54:28.652+0000 7f6924e00700 1 -- 172.21.15.18:0/1515206900 --> [v2:172.21.15.18:3300/0,v1:172.21.15.18:6789/0] -- mon_subscribe({mgrmap=0+}) v3 -- 0x7f692019ba60 con 0x7f6920107c40
2024-05-10T04:54:29.724 INFO:teuthology.orchestra.run.smithi018.stdout:/usr/bin/ceph: stderr
2024-05-10T04:54:28.652+0000 7f6917e00700 1 -- 172.21.15.18:0/1515206900 <== mon.0 v2:172.21.15.18:3300/0 3 ==== mon_map magic: 0 v1 ==== 205+0+0 (secure 0 0 0) 0x7f6910019550 con 0x7f6920107c40
2024-05-10T04:54:29.724 INFO:teuthology.orchestra.run.smithi018.stdout:/usr/bin/ceph: stderr
2024-05-10T04:54:28.652+0000 7f6924e00700 1 -- 172.21.15.18:0/1515206900 --> [v2:172.21.15.18:3300/0,v1:172.21.15.18:6789/0] -- mon_subscribe({osdmap=0}) v3 -- 0x7f692019bf00 con 0x7f6920107c40
2024-05-10T04:54:29.724 INFO:teuthology.orchestra.run.smithi018.stdout:/usr/bin/ceph: stderr
2024-05-10T04:54:28.654+0000 7f6917e00700 1 -- 172.21.15.18:0/1515206900 <== mon.0 v2:172.21.15.18:3300/0 4 ==== mgrmap(e 12) v1 ==== 45554+0+0 (secure 0 0 0) 0x7f6910019810 con 0x7f6920107c40
2024-05-10T04:54:29.724 INFO:teuthology.orchestra.run.smithi018.stdout:/usr/bin/ceph: stderr
2024-05-10T04:54:28.654+0000 7f6924e00700 1 -- 172.21.15.18:0/1515206900 --> [v2:172.21.15.18:3300/0,v1:172.21.15.18:6789/0] -- mon_command({"prefix": "get_command_descriptions"} v 0) v1 -- 0x7f692010b380 con 0x7f6920107c40
2024-05-10T04:54:29.724 INFO:teuthology.orchestra.run.smithi018.stdout:/usr/bin/ceph: stderr
2024-05-10T04:54:28.654+0000 7f6917e00700 1 --2- 172.21.15.18:0/1515206900 >> [v2:172.21.15.18:6800/484461834,v1:172.21.15.18:6801/484461834] conn(0x7f6904038700 0x7f690403ac10 unknown :-1 s=NONE pgs=0 cs=0 l=1 rev1=0 crypto rx=0 tx=0 comp rx=0 tx=0).connect
2024-05-10T04:54:29.724 INFO:teuthology.orchestra.run.smithi018.stdout:/usr/bin/ceph: stderr
2024-05-10T04:54:28.654+0000 7f6917e00700 1 -- 172.21.15.18:0/1515206900 <== mon.0 v2:172.21.15.18:3300/0 5 ==== osd_map(3..3 src has 1..3) v4 ==== 1155+0+0 (secure 0 0 0) 0x7f691004c9c0 con 0x7f6920107c40
2024-05-10T04:54:29.724 INFO:teuthology.orchestra.run.smithi018.stdout:/usr/bin/ceph: stderr
2024-05-10T04:54:28.655+0000 7f691ea00700 1 --2- 172.21.15.18:0/1515206900 >> [v2:172.21.15.18:6800/484461834,v1:172.21.15.18:6801/484461834] conn(0x7f6904038700 0x7f690403ac10 unknown :-1 s=BANNER_CONNECTING pgs=0 cs=0 l=1 rev1=0 crypto rx=0 tx=0 comp rx=0 tx=0)._handle_peer_banner_payload supported=3 required=0
2024-05-10T04:54:29.724 INFO:teuthology.orchestra.run.smithi018.stdout:/usr/bin/ceph: stderr
2024-05-10T04:54:28.655+0000 7f691ea00700 1 --2- 172.21.15.18:0/1515206900 >> [v2:172.21.15.18:6800/484461834,v1:172.21.15.18:6801/484461834] conn(0x7f6904038700 0x7f690403ac10 secure :-1 s=READY pgs=8 cs=0 l=1 rev1=1 crypto rx=0x7f690c006fd0 tx=0x7f690c006e40 comp rx=0 tx=0).ready entity=mgr.14150 client_cookie=0 server_cookie=0 in_seq=0 out_seq=0
2024-05-10T04:54:29.724 INFO:teuthology.orchestra.run.smithi018.stdout:/usr/bin/ceph: stderr
2024-05-10T04:54:28.660+0000 7f6917e00700 1 -- 172.21.15.18:0/1515206900 <== mon.0 v2:172.21.15.18:3300/0 6 ==== mon_command_ack([{"prefix": "get_command_descriptions"}]=0 v0) v1 ==== 72+0+183622 (secure 0 0 0) 0x7f6910003b80 con 0x7f6920107c40
2024-05-10T04:54:29.724 INFO:teuthology.orchestra.run.smithi018.stdout:/usr/bin/ceph: stderr
2024-05-10T04:54:28.920+0000 7f6924e00700 1 -- 172.21.15.18:0/1515206900 --> [v2:172.21.15.18:6800/484461834,v1:172.21.15.18:6801/484461834] -- mgr_command(tid 0: {"prefix": "dashboard ac-user-create", "username": "admin", "rolename": "administrator", "force_password": true, "pwd_update_required": true, "target": ["mon-mgr", ""]}) v1 -- 0x7f6920062660 con 0x7f6904038700
2024-05-10T04:54:29.724 INFO:teuthology.orchestra.run.smithi018.stdout:/usr/bin/ceph: stderr
2024-05-10T04:54:29.168+0000 7f6917e00700 1 -- 172.21.15.18:0/1515206900 <== mgr.14150 v2:172.21.15.18:6800/484461834 1 ==== mgr_command_reply(tid 0: 0 ) v1 ==== 8+0+252 (secure 0 0 0) 0x7f6920062660 con 0x7f6904038700
2024-05-10T04:54:29.724 INFO:teuthology.orchestra.run.smithi018.stdout:/usr/bin/ceph: stderr
2024-05-10T04:54:29.170+0000 7f6924e00700 1 -- 172.21.15.18:0/1515206900 >> [v2:172.21.15.18:6800/484461834,v1:172.21.15.18:6801/484461834] conn(0x7f6904038700 msgr2=0x7f690403ac10 secure :-1 s=STATE_CONNECTION_ESTABLISHED l=1).mark_down
2024-05-10T04:54:29.724 INFO:teuthology.orchestra.run.smithi018.stdout:/usr/bin/ceph: stderr
2024-05-10T04:54:29.170+0000 7f6924e00700 1 --2- 172.21.15.18:0/1515206900 >> [v2:172.21.15.18:6800/484461834,v1:172.21.15.18:6801/484461834] conn(0x7f6904038700 0x7f690403ac10 secure :-1 s=READY pgs=8 cs=0 l=1 rev1=1 crypto rx=0x7f690c006fd0 tx=0x7f690c006e40 comp rx=0 tx=0).stop
2024-05-10T04:54:29.724 INFO:teuthology.orchestra.run.smithi018.stdout:/usr/bin/ceph: stderr
2024-05-10T04:54:29.170+0000 7f6924e00700 1 -- 172.21.15.18:0/1515206900 >> [v2:172.21.15.18:3300/0,v1:172.21.15.18:6789/0] conn(0x7f6920107c40 msgr2=0x7f692019b320 secure :-1 s=STATE_CONNECTION_ESTABLISHED l=1).mark_down
2024-05-10T04:54:29.725 INFO:teuthology.orchestra.run.smithi018.stdout:/usr/bin/ceph: stderr
2024-05-10T04:54:29.170+0000 7f6924e00700 1 --2- 172.21.15.18:0/1515206900 >> [v2:172.21.15.18:3300/0,v1:172.21.15.18:6789/0] conn(0x7f6920107c40 0x7f692019b320 secure :-1 s=READY pgs=71 cs=0 l=1 rev1=1 crypto rx=0x7f6910006af0 tx=0x7f6910011980 comp rx=0 tx=0).stop
2024-05-10T04:54:29.725 INFO:teuthology.orchestra.run.smithi018.stdout:/usr/bin/ceph: stderr
2024-05-10T04:54:29.170+0000 7f6924e00700 1 -- 172.21.15.18:0/1515206900 shutdown_connections
2024-05-10T04:54:29.725 INFO:teuthology.orchestra.run.smithi018.stdout:/usr/bin/ceph: stderr
2024-05-10T04:54:29.170+0000 7f6924e00700 1 --2- 172.21.15.18:0/1515206900 >> [v2:172.21.15.18:6800/484461834,v1:172.21.15.18:6801/484461834] conn(0x7f6904038700 0x7f690403ac10 unknown :-1 s=CLOSED pgs=8 cs=0 l=1 rev1=1 crypto rx=0 tx=0 comp rx=0 tx=0).stop
2024-05-10T04:54:29.725 INFO:teuthology.orchestra.run.smithi018.stdout:/usr/bin/ceph: stderr
2024-05-10T04:54:29.170+0000 7f6924e00700 1 --2- 172.21.15.18:0/1515206900 >> [v2:172.21.15.18:3300/0,v1:172.21.15.18:6789/0] conn(0x7f6920107c40 0x7f692019b320 unknown :-1 s=CLOSED pgs=71 cs=0 l=1 rev1=1 crypto rx=0 tx=0 comp rx=0 tx=0).stop
2024-05-10T04:54:29.725 INFO:teuthology.orchestra.run.smithi018.stdout:/usr/bin/ceph: stderr
2024-05-10T04:54:29.170+0000 7f6924e00700 1 -- 172.21.15.18:0/1515206900 >> 172.21.15.18:0/1515206900 conn(0x7f69201016c0 msgr2=0x7f6920101fe0 unknown :-1 s=STATE_NONE l=0).mark_down
2024-05-10T04:54:29.725 INFO:teuthology.orchestra.run.smithi018.stdout:/usr/bin/ceph: stderr
2024-05-10T04:54:29.171+0000 7f6924e00700 1 -- 172.21.15.18:0/1515206900 shutdown_connections
2024-05-10T04:54:29.725 INFO:teuthology.orchestra.run.smithi018.stdout:/usr/bin/ceph: stderr
2024-05-10T04:54:29.171+0000 7f6924e00700 1 -- 172.21.15.18:0/1515206900 wait complete.
2024-05-10T04:54:29.725 INFO:teuthology.orchestra.run.smithi018.stdout:Fetching dashboard port number...
2024-05-10T04:54:30.457 INFO:journalctl@ceph.mon.a.smithi018.stdout:May 10 04:54:30 smithi018 ceph-mon[37093]: from='client.14164 -' entity='client.admin' cmd=[{"prefix": "dashboard ac-user-create", "username": "admin", "rolename": "administrator", "force_password": true, "pwd_update_required": true, "target": ["mon-mgr", ""]}]: dispatch
2024-05-10T04:54:30.457 INFO:journalctl@ceph.mon.a.smithi018.stdout:May 10 04:54:30 smithi018 ceph-mon[37093]: from='mgr.14150 172.21.15.18:0/553937277' entity='mgr.x'
2024-05-10T04:54:30.829 INFO:teuthology.orchestra.run.smithi018.stdout:/usr/bin/ceph: stdout 8443
2024-05-10T04:54:30.829 INFO:teuthology.orchestra.run.smithi018.stdout:/usr/bin/ceph: stderr
2024-05-10T04:54:30.199+0000 7fa9d1200700 1 Processor -- start
2024-05-10T04:54:30.829 INFO:teuthology.orchestra.run.smithi018.stdout:/usr/bin/ceph: stderr
2024-05-10T04:54:30.199+0000 7fa9d1200700 1 -- start start
2024-05-10T04:54:30.829 INFO:teuthology.orchestra.run.smithi018.stdout:/usr/bin/ceph: stderr
2024-05-10T04:54:30.200+0000 7fa9d1200700 1 --2- >> [v2:172.21.15.18:3300/0,v1:172.21.15.18:6789/0] conn(0x7fa9cc07cdb0 0x7fa9cc07b1e0 unknown :-1 s=NONE pgs=0 cs=0 l=0 rev1=0 crypto rx=0 tx=0 comp rx=0 tx=0).connect
2024-05-10T04:54:30.829 INFO:teuthology.orchestra.run.smithi018.stdout:/usr/bin/ceph: stderr
2024-05-10T04:54:30.200+0000 7fa9d1200700 1 -- --> [v2:172.21.15.18:3300/0,v1:172.21.15.18:6789/0] -- mon_getmap magic: 0 v1 -- 0x7fa9cc07b720 con 0x7fa9cc07cdb0
2024-05-10T04:54:30.829 INFO:teuthology.orchestra.run.smithi018.stdout:/usr/bin/ceph: stderr
2024-05-10T04:54:30.200+0000 7fa9cb400700 1 --2- >> [v2:172.21.15.18:3300/0,v1:172.21.15.18:6789/0] conn(0x7fa9cc07cdb0 0x7fa9cc07b1e0 unknown :-1 s=BANNER_CONNECTING pgs=0 cs=0 l=0 rev1=0 crypto rx=0 tx=0 comp rx=0 tx=0)._handle_peer_banner_payload supported=3 required=0
2024-05-10T04:54:30.829 INFO:teuthology.orchestra.run.smithi018.stdout:/usr/bin/ceph: stderr
2024-05-10T04:54:30.200+0000 7fa9cb400700 1 --2- >> [v2:172.21.15.18:3300/0,v1:172.21.15.18:6789/0] conn(0x7fa9cc07cdb0 0x7fa9cc07b1e0 unknown :-1 s=HELLO_CONNECTING pgs=0 cs=0 l=0 rev1=1 crypto rx=0 tx=0 comp rx=0 tx=0).handle_hello peer v2:172.21.15.18:3300/0 says I am v2:172.21.15.18:59634/0 (socket says 172.21.15.18:59634)
2024-05-10T04:54:30.829 INFO:teuthology.orchestra.run.smithi018.stdout:/usr/bin/ceph: stderr
2024-05-10T04:54:30.200+0000 7fa9cb400700 1 -- 172.21.15.18:0/2783491941 learned_addr learned my addr 172.21.15.18:0/2783491941 (peer_addr_for_me v2:172.21.15.18:0/0)
2024-05-10T04:54:30.829 INFO:teuthology.orchestra.run.smithi018.stdout:/usr/bin/ceph: stderr
2024-05-10T04:54:30.200+0000 7fa9cb400700 1 -- 172.21.15.18:0/2783491941 --> [v2:172.21.15.18:3300/0,v1:172.21.15.18:6789/0] -- mon_subscribe({config=0+,monmap=0+}) v3 -- 0x7fa9cc07b860 con 0x7fa9cc07cdb0
2024-05-10T04:54:30.830 INFO:teuthology.orchestra.run.smithi018.stdout:/usr/bin/ceph: stderr
2024-05-10T04:54:30.201+0000 7fa9cb400700 1 --2- 172.21.15.18:0/2783491941 >> [v2:172.21.15.18:3300/0,v1:172.21.15.18:6789/0] conn(0x7fa9cc07cdb0 0x7fa9cc07b1e0 secure :-1 s=READY pgs=72 cs=0 l=1 rev1=1 crypto rx=0x7fa9bc0098a0 tx=0x7fa9bc009bb0 comp rx=0 tx=0).ready entity=mon.0 client_cookie=9ae5a9384bfd3e43 server_cookie=0 in_seq=0 out_seq=0
2024-05-10T04:54:30.830 INFO:teuthology.orchestra.run.smithi018.stdout:/usr/bin/ceph: stderr
2024-05-10T04:54:30.201+0000 7fa9caa00700 1 -- 172.21.15.18:0/2783491941 <== mon.0 v2:172.21.15.18:3300/0 1 ==== mon_map magic: 0 v1 ==== 205+0+0 (secure 0 0 0) 0x7fa9bc004160 con 0x7fa9cc07cdb0
2024-05-10T04:54:30.830 INFO:teuthology.orchestra.run.smithi018.stdout:/usr/bin/ceph: stderr
2024-05-10T04:54:30.201+0000 7fa9caa00700 1 -- 172.21.15.18:0/2783491941 <== mon.0 v2:172.21.15.18:3300/0 2 ==== config(26 keys) v1 ==== 1105+0+0 (secure 0 0 0) 0x7fa9bc0042c0 con 0x7fa9cc07cdb0
2024-05-10T04:54:30.830 INFO:teuthology.orchestra.run.smithi018.stdout:/usr/bin/ceph: stderr
2024-05-10T04:54:30.201+0000 7fa9caa00700 1 -- 172.21.15.18:0/2783491941 <== mon.0 v2:172.21.15.18:3300/0 3 ==== mon_map magic: 0 v1 ==== 205+0+0 (secure 0 0 0) 0x7fa9bc0119b0 con 0x7fa9cc07cdb0
2024-05-10T04:54:30.830 INFO:teuthology.orchestra.run.smithi018.stdout:/usr/bin/ceph: stderr
2024-05-10T04:54:30.201+0000 7fa9d1200700 1 -- 172.21.15.18:0/2783491941 >> [v2:172.21.15.18:3300/0,v1:172.21.15.18:6789/0] conn(0x7fa9cc07cdb0 msgr2=0x7fa9cc07b1e0 secure :-1 s=STATE_CONNECTION_ESTABLISHED l=1).mark_down
2024-05-10T04:54:30.830 INFO:teuthology.orchestra.run.smithi018.stdout:/usr/bin/ceph: stderr
2024-05-10T04:54:30.201+0000 7fa9d1200700 1 --2- 172.21.15.18:0/2783491941 >> [v2:172.21.15.18:3300/0,v1:172.21.15.18:6789/0] conn(0x7fa9cc07cdb0 0x7fa9cc07b1e0 secure :-1 s=READY pgs=72 cs=0 l=1 rev1=1 crypto rx=0x7fa9bc0098a0 tx=0x7fa9bc009bb0 comp rx=0 tx=0).stop
2024-05-10T04:54:30.830 INFO:teuthology.orchestra.run.smithi018.stdout:/usr/bin/ceph: stderr
2024-05-10T04:54:30.202+0000 7fa9d1200700 1 -- 172.21.15.18:0/2783491941 shutdown_connections
2024-05-10T04:54:30.830 INFO:teuthology.orchestra.run.smithi018.stdout:/usr/bin/ceph: stderr
2024-05-10T04:54:30.202+0000 7fa9d1200700 1 --2- 172.21.15.18:0/2783491941 >> [v2:172.21.15.18:3300/0,v1:172.21.15.18:6789/0] conn(0x7fa9cc07cdb0 0x7fa9cc07b1e0 unknown :-1 s=CLOSED pgs=72 cs=0 l=1 rev1=1 crypto rx=0 tx=0 comp rx=0 tx=0).stop
2024-05-10T04:54:30.830 INFO:teuthology.orchestra.run.smithi018.stdout:/usr/bin/ceph: stderr
2024-05-10T04:54:30.202+0000 7fa9d1200700 1 -- 172.21.15.18:0/2783491941 >> 172.21.15.18:0/2783491941 conn(0x7fa9cc1027e0 msgr2=0x7fa9cc104c70 unknown :-1 s=STATE_NONE l=0).mark_down
2024-05-10T04:54:30.830 INFO:teuthology.orchestra.run.smithi018.stdout:/usr/bin/ceph: stderr
2024-05-10T04:54:30.202+0000 7fa9d1200700 1 -- 172.21.15.18:0/2783491941 shutdown_connections
2024-05-10T04:54:30.830 INFO:teuthology.orchestra.run.smithi018.stdout:/usr/bin/ceph: stderr
2024-05-10T04:54:30.202+0000 7fa9d1200700 1 -- 172.21.15.18:0/2783491941 wait complete.
2024-05-10T04:54:30.831 INFO:teuthology.orchestra.run.smithi018.stdout:/usr/bin/ceph: stderr
2024-05-10T04:54:30.203+0000 7fa9d1200700 1 Processor -- start
2024-05-10T04:54:30.831 INFO:teuthology.orchestra.run.smithi018.stdout:/usr/bin/ceph: stderr
2024-05-10T04:54:30.203+0000 7fa9d1200700 1 -- start start
2024-05-10T04:54:30.831 INFO:teuthology.orchestra.run.smithi018.stdout:/usr/bin/ceph: stderr
2024-05-10T04:54:30.204+0000 7fa9d1200700 1 --2- >> [v2:172.21.15.18:3300/0,v1:172.21.15.18:6789/0] conn(0x7fa9cc07cdb0 0x7fa9cc19d570 unknown :-1 s=NONE pgs=0 cs=0 l=1 rev1=0 crypto rx=0 tx=0 comp rx=0 tx=0).connect
2024-05-10T04:54:30.831 INFO:teuthology.orchestra.run.smithi018.stdout:/usr/bin/ceph: stderr
2024-05-10T04:54:30.204+0000 7fa9d1200700 1 -- --> [v2:172.21.15.18:3300/0,v1:172.21.15.18:6789/0] -- mon_getmap magic: 0 v1 -- 0x7fa9cc19dab0 con 0x7fa9cc07cdb0
2024-05-10T04:54:30.831 INFO:teuthology.orchestra.run.smithi018.stdout:/usr/bin/ceph: stderr
2024-05-10T04:54:30.204+0000 7fa9cb400700 1 --2- >> [v2:172.21.15.18:3300/0,v1:172.21.15.18:6789/0] conn(0x7fa9cc07cdb0 0x7fa9cc19d570 unknown :-1 s=BANNER_CONNECTING pgs=0 cs=0 l=1 rev1=0 crypto rx=0 tx=0 comp rx=0 tx=0)._handle_peer_banner_payload supported=3 required=0
2024-05-10T04:54:30.831 INFO:teuthology.orchestra.run.smithi018.stdout:/usr/bin/ceph: stderr
2024-05-10T04:54:30.204+0000 7fa9cb400700 1 --2- >> [v2:172.21.15.18:3300/0,v1:172.21.15.18:6789/0] conn(0x7fa9cc07cdb0 0x7fa9cc19d570 unknown :-1 s=HELLO_CONNECTING pgs=0 cs=0 l=1 rev1=1 crypto rx=0 tx=0 comp rx=0 tx=0).handle_hello peer v2:172.21.15.18:3300/0 says I am v2:172.21.15.18:59640/0 (socket says 172.21.15.18:59640)
2024-05-10T04:54:30.831 INFO:teuthology.orchestra.run.smithi018.stdout:/usr/bin/ceph: stderr
2024-05-10T04:54:30.204+0000 7fa9cb400700 1 -- 172.21.15.18:0/3376925737 learned_addr learned my addr 172.21.15.18:0/3376925737 (peer_addr_for_me v2:172.21.15.18:0/0)
2024-05-10T04:54:30.831 INFO:teuthology.orchestra.run.smithi018.stdout:/usr/bin/ceph: stderr
2024-05-10T04:54:30.204+0000 7fa9cb400700 1 -- 172.21.15.18:0/3376925737 --> [v2:172.21.15.18:3300/0,v1:172.21.15.18:6789/0] -- mon_subscribe({config=0+,monmap=0+}) v3 -- 0x7fa9bc009550 con 0x7fa9cc07cdb0
2024-05-10T04:54:30.831 INFO:teuthology.orchestra.run.smithi018.stdout:/usr/bin/ceph: stderr
2024-05-10T04:54:30.205+0000 7fa9cb400700 1 --2- 172.21.15.18:0/3376925737 >> [v2:172.21.15.18:3300/0,v1:172.21.15.18:6789/0] conn(0x7fa9cc07cdb0 0x7fa9cc19d570 secure :-1 s=READY pgs=73 cs=0 l=1 rev1=1 crypto rx=0x7fa9bc011670 tx=0x7fa9bc011a30 comp rx=0 tx=0).ready entity=mon.0 client_cookie=0 server_cookie=0 in_seq=0 out_seq=0
2024-05-10T04:54:30.831 INFO:teuthology.orchestra.run.smithi018.stdout:/usr/bin/ceph: stderr
2024-05-10T04:54:30.205+0000 7fa9c8c00700 1 -- 172.21.15.18:0/3376925737 <== mon.0 v2:172.21.15.18:3300/0 1 ==== mon_map magic: 0 v1 ==== 205+0+0 (secure 0 0 0) 0x7fa9bc003af0 con 0x7fa9cc07cdb0
2024-05-10T04:54:30.831 INFO:teuthology.orchestra.run.smithi018.stdout:/usr/bin/ceph: stderr
2024-05-10T04:54:30.205+0000 7fa9c8c00700 1 -- 172.21.15.18:0/3376925737 <== mon.0 v2:172.21.15.18:3300/0 2 ==== config(26 keys) v1 ==== 1105+0+0 (secure 0 0 0) 0x7fa9bc003c50 con 0x7fa9cc07cdb0
2024-05-10T04:54:30.831 INFO:teuthology.orchestra.run.smithi018.stdout:/usr/bin/ceph: stderr
2024-05-10T04:54:30.205+0000 7fa9c8c00700 1 -- 172.21.15.18:0/3376925737 <== mon.0 v2:172.21.15.18:3300/0 3 ==== mon_map magic: 0 v1 ==== 205+0+0 (secure 0 0 0) 0x7fa9bc024730 con 0x7fa9cc07cdb0
2024-05-10T04:54:30.832 INFO:teuthology.orchestra.run.smithi018.stdout:/usr/bin/ceph: stderr
2024-05-10T04:54:30.205+0000 7fa9d1200700 1 -- 172.21.15.18:0/3376925737 --> [v2:172.21.15.18:3300/0,v1:172.21.15.18:6789/0] -- mon_subscribe({mgrmap=0+}) v3 -- 0x7fa9cc19dcb0 con 0x7fa9cc07cdb0
2024-05-10T04:54:30.832 INFO:teuthology.orchestra.run.smithi018.stdout:/usr/bin/ceph: stderr
2024-05-10T04:54:30.205+0000 7fa9d1200700 1 -- 172.21.15.18:0/3376925737 --> [v2:172.21.15.18:3300/0,v1:172.21.15.18:6789/0] -- mon_subscribe({osdmap=0}) v3 -- 0x7fa9cc19e150 con 0x7fa9cc07cdb0
2024-05-10T04:54:30.832 INFO:teuthology.orchestra.run.smithi018.stdout:/usr/bin/ceph: stderr
2024-05-10T04:54:30.206+0000 7fa9d1200700 1 -- 172.21.15.18:0/3376925737 --> [v2:172.21.15.18:3300/0,v1:172.21.15.18:6789/0] -- mon_command({"prefix": "get_command_descriptions"} v 0) v1 -- 0x7fa9cc10d5c0 con 0x7fa9cc07cdb0
2024-05-10T04:54:30.832 INFO:teuthology.orchestra.run.smithi018.stdout:/usr/bin/ceph: stderr
2024-05-10T04:54:30.206+0000 7fa9c8c00700 1 -- 172.21.15.18:0/3376925737 <== mon.0 v2:172.21.15.18:3300/0 4 ==== mgrmap(e 12) v1 ==== 45554+0+0 (secure 0 0 0) 0x7fa9bc01ab60 con 0x7fa9cc07cdb0
2024-05-10T04:54:30.832 INFO:teuthology.orchestra.run.smithi018.stdout:/usr/bin/ceph: stderr
2024-05-10T04:54:30.207+0000 7fa9c8c00700 1 --2- 172.21.15.18:0/3376925737 >> [v2:172.21.15.18:6800/484461834,v1:172.21.15.18:6801/484461834] conn(0x7fa9b0038750 0x7fa9b003ac60 unknown :-1 s=NONE pgs=0 cs=0 l=1 rev1=0 crypto rx=0 tx=0 comp rx=0 tx=0).connect
2024-05-10T04:54:30.832 INFO:teuthology.orchestra.run.smithi018.stdout:/usr/bin/ceph: stderr
2024-05-10T04:54:30.207+0000 7fa9c8c00700 1 -- 172.21.15.18:0/3376925737 <== mon.0 v2:172.21.15.18:3300/0 5 ==== osd_map(3..3 src has 1..3) v4 ==== 1155+0+0 (secure 0 0 0) 0x7fa9bc04c870 con 0x7fa9cc07cdb0
2024-05-10T04:54:30.832 INFO:teuthology.orchestra.run.smithi018.stdout:/usr/bin/ceph: stderr
2024-05-10T04:54:30.207+0000 7fa9c3e00700 1 --2- 172.21.15.18:0/3376925737 >> [v2:172.21.15.18:6800/484461834,v1:172.21.15.18:6801/484461834] conn(0x7fa9b0038750 0x7fa9b003ac60 unknown :-1 s=BANNER_CONNECTING pgs=0 cs=0 l=1 rev1=0 crypto rx=0 tx=0 comp rx=0 tx=0)._handle_peer_banner_payload supported=3 required=0
2024-05-10T04:54:30.832 INFO:teuthology.orchestra.run.smithi018.stdout:/usr/bin/ceph: stderr
2024-05-10T04:54:30.208+0000 7fa9c3e00700 1 --2- 172.21.15.18:0/3376925737 >> [v2:172.21.15.18:6800/484461834,v1:172.21.15.18:6801/484461834] conn(0x7fa9b0038750 0x7fa9b003ac60 secure :-1 s=READY pgs=9 cs=0 l=1 rev1=1 crypto rx=0x7fa9b4006fd0 tx=0x7fa9b4006e40 comp rx=0 tx=0).ready entity=mgr.14150 client_cookie=0 server_cookie=0 in_seq=0 out_seq=0
2024-05-10T04:54:30.832 INFO:teuthology.orchestra.run.smithi018.stdout:/usr/bin/ceph: stderr
2024-05-10T04:54:30.212+0000 7fa9c8c00700 1 -- 172.21.15.18:0/3376925737 <== mon.0 v2:172.21.15.18:3300/0 6 ==== mon_command_ack([{"prefix": "get_command_descriptions"}]=0 v0) v1 ==== 72+0+183622 (secure 0 0 0) 0x7fa9bc018760 con 0x7fa9cc07cdb0
2024-05-10T04:54:30.832 INFO:teuthology.orchestra.run.smithi018.stdout:/usr/bin/ceph: stderr
2024-05-10T04:54:30.425+0000 7fa9d1200700 1 -- 172.21.15.18:0/3376925737 --> [v2:172.21.15.18:3300/0,v1:172.21.15.18:6789/0] -- mon_command({"prefix": "config get", "who": "mgr", "key": "mgr/dashboard/ssl_server_port"} v 0) v1 -- 0x7fa9cc10d7d0 con 0x7fa9cc07cdb0
2024-05-10T04:54:30.832 INFO:teuthology.orchestra.run.smithi018.stdout:/usr/bin/ceph: stderr
2024-05-10T04:54:30.426+0000 7fa9c8c00700 1 -- 172.21.15.18:0/3376925737 <== mon.0 v2:172.21.15.18:3300/0 7 ==== mon_command_ack([{"prefix": "config get", "who": "mgr", "key": "mgr/dashboard/ssl_server_port"}]=0 v8) v1 ==== 112+0+5 (secure 0 0 0) 0x7fa9bc00b3e0 con 0x7fa9cc07cdb0
2024-05-10T04:54:30.832 INFO:teuthology.orchestra.run.smithi018.stdout:/usr/bin/ceph: stderr
2024-05-10T04:54:30.428+0000 7fa9d1200700 1 -- 172.21.15.18:0/3376925737 >> [v2:172.21.15.18:6800/484461834,v1:172.21.15.18:6801/484461834] conn(0x7fa9b0038750 msgr2=0x7fa9b003ac60 secure :-1 s=STATE_CONNECTION_ESTABLISHED l=1).mark_down
2024-05-10T04:54:30.833 INFO:teuthology.orchestra.run.smithi018.stdout:/usr/bin/ceph: stderr
2024-05-10T04:54:30.428+0000 7fa9d1200700 1 --2- 172.21.15.18:0/3376925737 >> [v2:172.21.15.18:6800/484461834,v1:172.21.15.18:6801/484461834] conn(0x7fa9b0038750 0x7fa9b003ac60 secure :-1 s=READY pgs=9 cs=0 l=1 rev1=1 crypto rx=0x7fa9b4006fd0 tx=0x7fa9b4006e40 comp rx=0 tx=0).stop
2024-05-10T04:54:30.833 INFO:teuthology.orchestra.run.smithi018.stdout:/usr/bin/ceph: stderr
2024-05-10T04:54:30.428+0000 7fa9d1200700 1 -- 172.21.15.18:0/3376925737 >> [v2:172.21.15.18:3300/0,v1:172.21.15.18:6789/0] conn(0x7fa9cc07cdb0 msgr2=0x7fa9cc19d570 secure :-1 s=STATE_CONNECTION_ESTABLISHED l=1).mark_down
2024-05-10T04:54:30.833 INFO:teuthology.orchestra.run.smithi018.stdout:/usr/bin/ceph: stderr
2024-05-10T04:54:30.428+0000 7fa9d1200700 1 --2- 172.21.15.18:0/3376925737 >> [v2:172.21.15.18:3300/0,v1:172.21.15.18:6789/0] conn(0x7fa9cc07cdb0 0x7fa9cc19d570 secure :-1 s=READY pgs=73 cs=0 l=1 rev1=1 crypto rx=0x7fa9bc011670 tx=0x7fa9bc011a30 comp rx=0 tx=0).stop
2024-05-10T04:54:30.833 INFO:teuthology.orchestra.run.smithi018.stdout:/usr/bin/ceph: stderr
2024-05-10T04:54:30.428+0000 7fa9d1200700 1 -- 172.21.15.18:0/3376925737 shutdown_connections
2024-05-10T04:54:30.833 INFO:teuthology.orchestra.run.smithi018.stdout:/usr/bin/ceph: stderr
2024-05-10T04:54:30.428+0000 7fa9d1200700 1 --2- 172.21.15.18:0/3376925737 >> [v2:172.21.15.18:6800/484461834,v1:172.21.15.18:6801/484461834] conn(0x7fa9b0038750 0x7fa9b003ac60 unknown :-1 s=CLOSED pgs=9 cs=0 l=1 rev1=1 crypto rx=0 tx=0 comp rx=0 tx=0).stop
2024-05-10T04:54:30.833 INFO:teuthology.orchestra.run.smithi018.stdout:/usr/bin/ceph: stderr
2024-05-10T04:54:30.428+0000 7fa9d1200700 1 --2- 172.21.15.18:0/3376925737 >> [v2:172.21.15.18:3300/0,v1:172.21.15.18:6789/0] conn(0x7fa9cc07cdb0 0x7fa9cc19d570 unknown :-1 s=CLOSED pgs=73 cs=0 l=1 rev1=1 crypto rx=0 tx=0 comp rx=0 tx=0).stop
2024-05-10T04:54:30.833 INFO:teuthology.orchestra.run.smithi018.stdout:/usr/bin/ceph: stderr
2024-05-10T04:54:30.428+0000 7fa9d1200700 1 -- 172.21.15.18:0/3376925737 >> 172.21.15.18:0/3376925737 conn(0x7fa9cc1027e0 msgr2=0x7fa9cc1031c0 unknown :-1 s=STATE_NONE l=0).mark_down
2024-05-10T04:54:30.833 INFO:teuthology.orchestra.run.smithi018.stdout:/usr/bin/ceph: stderr
2024-05-10T04:54:30.429+0000 7fa9d1200700 1 -- 172.21.15.18:0/3376925737 shutdown_connections
2024-05-10T04:54:30.833 INFO:teuthology.orchestra.run.smithi018.stdout:/usr/bin/ceph: stderr
2024-05-10T04:54:30.429+0000 7fa9d1200700 1 -- 172.21.15.18:0/3376925737 wait complete.
2024-05-10T04:54:30.846 INFO:teuthology.orchestra.run.smithi018.stdout:Non-zero exit code 1 from systemctl is-enabled firewalld.service
2024-05-10T04:54:30.846 INFO:teuthology.orchestra.run.smithi018.stdout:systemctl: stdout disabled
2024-05-10T04:54:30.861 INFO:teuthology.orchestra.run.smithi018.stdout:Non-zero exit code 3 from systemctl is-active firewalld.service
2024-05-10T04:54:30.861 INFO:teuthology.orchestra.run.smithi018.stdout:systemctl: stdout inactive
2024-05-10T04:54:30.862 INFO:teuthology.orchestra.run.smithi018.stdout:firewalld.service is not enabled
2024-05-10T04:54:30.862 INFO:teuthology.orchestra.run.smithi018.stdout:Not possible to open ports <[8443]>. firewalld.service is not available
2024-05-10T04:54:30.863 INFO:teuthology.orchestra.run.smithi018.stdout:Ceph Dashboard is now available at:
2024-05-10T04:54:30.864 INFO:teuthology.orchestra.run.smithi018.stdout:
2024-05-10T04:54:30.864 INFO:teuthology.orchestra.run.smithi018.stdout: URL: https://smithi018.front.sepia.ceph.com:8443/
2024-05-10T04:54:30.864 INFO:teuthology.orchestra.run.smithi018.stdout: User: admin
2024-05-10T04:54:30.864 INFO:teuthology.orchestra.run.smithi018.stdout: Password: mdv8m70hu5
2024-05-10T04:54:30.864 INFO:teuthology.orchestra.run.smithi018.stdout:
2024-05-10T04:54:30.864 INFO:teuthology.orchestra.run.smithi018.stdout:Saving cluster configuration to /var/lib/ceph/1e0971b6-0e89-11ef-bc98-c7b262605968/config directory
2024-05-10T04:54:30.865 INFO:teuthology.orchestra.run.smithi018.stdout:Enabling autotune for osd_memory_target
2024-05-10T04:54:31.488 INFO:journalctl@ceph.mon.a.smithi018.stdout:May 10 04:54:31 smithi018 ceph-mon[37093]: from='client.? 172.21.15.18:0/3376925737' entity='client.admin' cmd=[{"prefix": "config get", "who": "mgr", "key": "mgr/dashboard/ssl_server_port"}]: dispatch
2024-05-10T04:54:31.950 INFO:teuthology.orchestra.run.smithi018.stdout:/usr/bin/ceph: stderr
2024-05-10T04:54:31.357+0000 7f53b5c00700 1 Processor -- start
2024-05-10T04:54:31.951 INFO:teuthology.orchestra.run.smithi018.stdout:/usr/bin/ceph: stderr
2024-05-10T04:54:31.357+0000 7f53b5c00700 1 -- start start
2024-05-10T04:54:31.951 INFO:teuthology.orchestra.run.smithi018.stdout:/usr/bin/ceph: stderr
2024-05-10T04:54:31.357+0000 7f53b5c00700 1 --2- >> [v2:172.21.15.18:3300/0,v1:172.21.15.18:6789/0] conn(0x7f53b007cdb0 0x7f53b007b1e0 unknown :-1 s=NONE pgs=0 cs=0 l=0 rev1=0 crypto rx=0 tx=0 comp rx=0 tx=0).connect
2024-05-10T04:54:31.951 INFO:teuthology.orchestra.run.smithi018.stdout:/usr/bin/ceph: stderr
2024-05-10T04:54:31.357+0000 7f53b5c00700 1 -- --> [v2:172.21.15.18:3300/0,v1:172.21.15.18:6789/0] -- mon_getmap magic: 0 v1 -- 0x7f53b007b720 con 0x7f53b007cdb0
2024-05-10T04:54:31.951 INFO:teuthology.orchestra.run.smithi018.stdout:/usr/bin/ceph: stderr
2024-05-10T04:54:31.357+0000 7f53aea00700 1 --2- >> [v2:172.21.15.18:3300/0,v1:172.21.15.18:6789/0] conn(0x7f53b007cdb0 0x7f53b007b1e0 unknown :-1 s=BANNER_CONNECTING pgs=0 cs=0 l=0 rev1=0 crypto rx=0 tx=0 comp rx=0 tx=0)._handle_peer_banner_payload supported=3 required=0
2024-05-10T04:54:31.951 INFO:teuthology.orchestra.run.smithi018.stdout:/usr/bin/ceph: stderr
2024-05-10T04:54:31.357+0000 7f53aea00700 1 --2- >> [v2:172.21.15.18:3300/0,v1:172.21.15.18:6789/0] conn(0x7f53b007cdb0 0x7f53b007b1e0 unknown :-1 s=HELLO_CONNECTING pgs=0 cs=0 l=0 rev1=1 crypto rx=0 tx=0 comp rx=0 tx=0).handle_hello peer v2:172.21.15.18:3300/0 says I am v2:172.21.15.18:59652/0 (socket says 172.21.15.18:59652)
2024-05-10T04:54:31.951 INFO:teuthology.orchestra.run.smithi018.stdout:/usr/bin/ceph: stderr
2024-05-10T04:54:31.357+0000 7f53aea00700 1 -- 172.21.15.18:0/2727540436 learned_addr learned my addr 172.21.15.18:0/2727540436 (peer_addr_for_me v2:172.21.15.18:0/0)
2024-05-10T04:54:31.951 INFO:teuthology.orchestra.run.smithi018.stdout:/usr/bin/ceph: stderr
2024-05-10T04:54:31.358+0000 7f53aea00700 1 -- 172.21.15.18:0/2727540436 --> [v2:172.21.15.18:3300/0,v1:172.21.15.18:6789/0] -- mon_subscribe({config=0+,monmap=0+}) v3 -- 0x7f53b007b860 con 0x7f53b007cdb0
2024-05-10T04:54:31.951 INFO:teuthology.orchestra.run.smithi018.stdout:/usr/bin/ceph: stderr
2024-05-10T04:54:31.358+0000 7f53aea00700 1 --2- 172.21.15.18:0/2727540436 >> [v2:172.21.15.18:3300/0,v1:172.21.15.18:6789/0] conn(0x7f53b007cdb0 0x7f53b007b1e0 secure :-1 s=READY pgs=74 cs=0 l=1 rev1=1 crypto rx=0x7f53a00098a0 tx=0x7f53a0009bb0 comp rx=0 tx=0).ready entity=mon.0 client_cookie=5f80ba0efa6cdde5 server_cookie=0 in_seq=0 out_seq=0
2024-05-10T04:54:31.951 INFO:teuthology.orchestra.run.smithi018.stdout:/usr/bin/ceph: stderr
2024-05-10T04:54:31.358+0000 7f53ad600700 1 -- 172.21.15.18:0/2727540436 <== mon.0 v2:172.21.15.18:3300/0 1 ==== mon_map magic: 0 v1 ==== 205+0+0 (secure 0 0 0) 0x7f53a0004160 con 0x7f53b007cdb0
2024-05-10T04:54:31.952 INFO:teuthology.orchestra.run.smithi018.stdout:/usr/bin/ceph: stderr
2024-05-10T04:54:31.359+0000 7f53ad600700 1 -- 172.21.15.18:0/2727540436 <== mon.0 v2:172.21.15.18:3300/0 2 ==== config(26 keys) v1 ==== 1105+0+0 (secure 0 0 0) 0x7f53a00042c0 con 0x7f53b007cdb0
2024-05-10T04:54:31.952 INFO:teuthology.orchestra.run.smithi018.stdout:/usr/bin/ceph: stderr
2024-05-10T04:54:31.359+0000 7f53ad600700 1 -- 172.21.15.18:0/2727540436 <== mon.0 v2:172.21.15.18:3300/0 3 ==== mon_map magic: 0 v1 ==== 205+0+0 (secure 0 0 0) 0x7f53a00119b0 con 0x7f53b007cdb0
2024-05-10T04:54:31.952 INFO:teuthology.orchestra.run.smithi018.stdout:/usr/bin/ceph: stderr
2024-05-10T04:54:31.359+0000 7f53b5c00700 1 -- 172.21.15.18:0/2727540436 >> [v2:172.21.15.18:3300/0,v1:172.21.15.18:6789/0] conn(0x7f53b007cdb0 msgr2=0x7f53b007b1e0 secure :-1 s=STATE_CONNECTION_ESTABLISHED l=1).mark_down
2024-05-10T04:54:31.952 INFO:teuthology.orchestra.run.smithi018.stdout:/usr/bin/ceph: stderr
2024-05-10T04:54:31.359+0000 7f53b5c00700 1 --2- 172.21.15.18:0/2727540436 >> [v2:172.21.15.18:3300/0,v1:172.21.15.18:6789/0] conn(0x7f53b007cdb0 0x7f53b007b1e0 secure :-1 s=READY pgs=74 cs=0 l=1 rev1=1 crypto rx=0x7f53a00098a0 tx=0x7f53a0009bb0 comp rx=0 tx=0).stop
2024-05-10T04:54:31.952 INFO:teuthology.orchestra.run.smithi018.stdout:/usr/bin/ceph: stderr
2024-05-10T04:54:31.359+0000 7f53b5c00700 1 -- 172.21.15.18:0/2727540436 shutdown_connections
2024-05-10T04:54:31.952 INFO:teuthology.orchestra.run.smithi018.stdout:/usr/bin/ceph: stderr
2024-05-10T04:54:31.359+0000 7f53b5c00700 1 --2- 172.21.15.18:0/2727540436 >> [v2:172.21.15.18:3300/0,v1:172.21.15.18:6789/0] conn(0x7f53b007cdb0 0x7f53b007b1e0 unknown :-1 s=CLOSED pgs=74 cs=0 l=1 rev1=1 crypto rx=0 tx=0 comp rx=0 tx=0).stop
2024-05-10T04:54:31.952 INFO:teuthology.orchestra.run.smithi018.stdout:/usr/bin/ceph: stderr
2024-05-10T04:54:31.359+0000 7f53b5c00700 1 -- 172.21.15.18:0/2727540436 >> 172.21.15.18:0/2727540436 conn(0x7f53b0102940 msgr2=0x7f53b0104db0 unknown :-1 s=STATE_NONE l=0).mark_down
2024-05-10T04:54:31.952 INFO:teuthology.orchestra.run.smithi018.stdout:/usr/bin/ceph: stderr
2024-05-10T04:54:31.359+0000 7f53b5c00700 1 -- 172.21.15.18:0/2727540436 shutdown_connections
2024-05-10T04:54:31.952 INFO:teuthology.orchestra.run.smithi018.stdout:/usr/bin/ceph: stderr
2024-05-10T04:54:31.360+0000 7f53b5c00700 1 -- 172.21.15.18:0/2727540436 wait complete.
2024-05-10T04:54:31.953 INFO:teuthology.orchestra.run.smithi018.stdout:/usr/bin/ceph: stderr
2024-05-10T04:54:31.361+0000 7f53b5c00700 1 Processor -- start
2024-05-10T04:54:31.953 INFO:teuthology.orchestra.run.smithi018.stdout:/usr/bin/ceph: stderr
2024-05-10T04:54:31.361+0000 7f53b5c00700 1 -- start start
2024-05-10T04:54:31.953 INFO:teuthology.orchestra.run.smithi018.stdout:/usr/bin/ceph: stderr
2024-05-10T04:54:31.361+0000 7f53b5c00700 1 --2- >> [v2:172.21.15.18:3300/0,v1:172.21.15.18:6789/0] conn(0x7f53b007cdb0 0x7f53b019d660 unknown :-1 s=NONE pgs=0 cs=0 l=1 rev1=0 crypto rx=0 tx=0 comp rx=0 tx=0).connect
2024-05-10T04:54:31.953 INFO:teuthology.orchestra.run.smithi018.stdout:/usr/bin/ceph: stderr
2024-05-10T04:54:31.361+0000 7f53b5c00700 1 -- --> [v2:172.21.15.18:3300/0,v1:172.21.15.18:6789/0] -- mon_getmap magic: 0 v1 -- 0x7f53b019dba0 con 0x7f53b007cdb0
2024-05-10T04:54:31.953 INFO:teuthology.orchestra.run.smithi018.stdout:/usr/bin/ceph: stderr
2024-05-10T04:54:31.361+0000 7f53aea00700 1 --2- >> [v2:172.21.15.18:3300/0,v1:172.21.15.18:6789/0] conn(0x7f53b007cdb0 0x7f53b019d660 unknown :-1 s=BANNER_CONNECTING pgs=0 cs=0 l=1 rev1=0 crypto rx=0 tx=0 comp rx=0 tx=0)._handle_peer_banner_payload supported=3 required=0
2024-05-10T04:54:31.953 INFO:teuthology.orchestra.run.smithi018.stdout:/usr/bin/ceph: stderr
2024-05-10T04:54:31.361+0000 7f53aea00700 1 --2- >> [v2:172.21.15.18:3300/0,v1:172.21.15.18:6789/0] conn(0x7f53b007cdb0 0x7f53b019d660 unknown :-1 s=HELLO_CONNECTING pgs=0 cs=0 l=1 rev1=1 crypto rx=0 tx=0 comp rx=0 tx=0).handle_hello peer v2:172.21.15.18:3300/0 says I am v2:172.21.15.18:59664/0 (socket says 172.21.15.18:59664)
2024-05-10T04:54:31.953 INFO:teuthology.orchestra.run.smithi018.stdout:/usr/bin/ceph: stderr
2024-05-10T04:54:31.361+0000 7f53aea00700 1 -- 172.21.15.18:0/1059628032 learned_addr learned my addr 172.21.15.18:0/1059628032 (peer_addr_for_me v2:172.21.15.18:0/0)
2024-05-10T04:54:31.953 INFO:teuthology.orchestra.run.smithi018.stdout:/usr/bin/ceph: stderr
2024-05-10T04:54:31.362+0000 7f53aea00700 1 -- 172.21.15.18:0/1059628032 --> [v2:172.21.15.18:3300/0,v1:172.21.15.18:6789/0] -- mon_subscribe({config=0+,monmap=0+}) v3 -- 0x7f53a0009550 con 0x7f53b007cdb0
2024-05-10T04:54:31.953 INFO:teuthology.orchestra.run.smithi018.stdout:/usr/bin/ceph: stderr
2024-05-10T04:54:31.362+0000 7f53aea00700 1 --2- 172.21.15.18:0/1059628032 >> [v2:172.21.15.18:3300/0,v1:172.21.15.18:6789/0] conn(0x7f53b007cdb0 0x7f53b019d660 secure :-1 s=READY pgs=75 cs=0 l=1 rev1=1 crypto rx=0x7f53a0011670 tx=0x7f53a0011a30 comp rx=0 tx=0).ready entity=mon.0 client_cookie=0 server_cookie=0 in_seq=0 out_seq=0
2024-05-10T04:54:31.953 INFO:teuthology.orchestra.run.smithi018.stdout:/usr/bin/ceph: stderr
2024-05-10T04:54:31.362+0000 7f53a7400700 1 -- 172.21.15.18:0/1059628032 <== mon.0 v2:172.21.15.18:3300/0 1 ==== mon_map magic: 0 v1 ==== 205+0+0 (secure 0 0 0) 0x7f53a0003af0 con 0x7f53b007cdb0
2024-05-10T04:54:31.953 INFO:teuthology.orchestra.run.smithi018.stdout:/usr/bin/ceph: stderr
2024-05-10T04:54:31.362+0000 7f53a7400700 1 -- 172.21.15.18:0/1059628032 <== mon.0 v2:172.21.15.18:3300/0 2 ==== config(26 keys) v1 ==== 1105+0+0 (secure 0 0 0) 0x7f53a0003c50 con 0x7f53b007cdb0
2024-05-10T04:54:31.954 INFO:teuthology.orchestra.run.smithi018.stdout:/usr/bin/ceph: stderr
2024-05-10T04:54:31.362+0000 7f53a7400700 1 -- 172.21.15.18:0/1059628032 <== mon.0 v2:172.21.15.18:3300/0 3 ==== mon_map magic: 0 v1 ==== 205+0+0 (secure 0 0 0) 0x7f53a0024820 con 0x7f53b007cdb0
2024-05-10T04:54:31.954 INFO:teuthology.orchestra.run.smithi018.stdout:/usr/bin/ceph: stderr
2024-05-10T04:54:31.362+0000 7f53b5c00700 1 -- 172.21.15.18:0/1059628032 --> [v2:172.21.15.18:3300/0,v1:172.21.15.18:6789/0] -- mon_subscribe({mgrmap=0+}) v3 -- 0x7f53b019dda0 con 0x7f53b007cdb0
2024-05-10T04:54:31.954 INFO:teuthology.orchestra.run.smithi018.stdout:/usr/bin/ceph: stderr
2024-05-10T04:54:31.362+0000 7f53b5c00700 1 -- 172.21.15.18:0/1059628032 --> [v2:172.21.15.18:3300/0,v1:172.21.15.18:6789/0] -- mon_subscribe({osdmap=0}) v3 -- 0x7f53b019e240 con 0x7f53b007cdb0
2024-05-10T04:54:31.954 INFO:teuthology.orchestra.run.smithi018.stdout:/usr/bin/ceph: stderr
2024-05-10T04:54:31.363+0000 7f53b5c00700 1 -- 172.21.15.18:0/1059628032 --> [v2:172.21.15.18:3300/0,v1:172.21.15.18:6789/0] -- mon_command({"prefix": "get_command_descriptions"} v 0) v1 -- 0x7f53b010d700 con 0x7f53b007cdb0
2024-05-10T04:54:31.954 INFO:teuthology.orchestra.run.smithi018.stdout:/usr/bin/ceph: stderr
2024-05-10T04:54:31.363+0000 7f53a7400700 1 -- 172.21.15.18:0/1059628032 <== mon.0 v2:172.21.15.18:3300/0 4 ==== mgrmap(e 12) v1 ==== 45554+0+0 (secure 0 0 0) 0x7f53a0024a50 con 0x7f53b007cdb0
2024-05-10T04:54:31.954 INFO:teuthology.orchestra.run.smithi018.stdout:/usr/bin/ceph: stderr
2024-05-10T04:54:31.364+0000 7f53a7400700 1 --2- 172.21.15.18:0/1059628032 >> [v2:172.21.15.18:6800/484461834,v1:172.21.15.18:6801/484461834] conn(0x7f53940387a0 0x7f539403acb0 unknown :-1 s=NONE pgs=0 cs=0 l=1 rev1=0 crypto rx=0 tx=0 comp rx=0 tx=0).connect
2024-05-10T04:54:31.954 INFO:teuthology.orchestra.run.smithi018.stdout:/usr/bin/ceph: stderr
2024-05-10T04:54:31.364+0000 7f53a7400700 1 -- 172.21.15.18:0/1059628032 <== mon.0 v2:172.21.15.18:3300/0 5 ==== osd_map(3..3 src has 1..3) v4 ==== 1155+0+0 (secure 0 0 0) 0x7f53a004ca00 con 0x7f53b007cdb0
2024-05-10T04:54:31.954 INFO:teuthology.orchestra.run.smithi018.stdout:/usr/bin/ceph: stderr
2024-05-10T04:54:31.364+0000 7f53ae000700 1 --2- 172.21.15.18:0/1059628032 >> [v2:172.21.15.18:6800/484461834,v1:172.21.15.18:6801/484461834] conn(0x7f53940387a0 0x7f539403acb0 unknown :-1 s=BANNER_CONNECTING pgs=0 cs=0 l=1 rev1=0 crypto rx=0 tx=0 comp rx=0 tx=0)._handle_peer_banner_payload supported=3 required=0
2024-05-10T04:54:31.954 INFO:teuthology.orchestra.run.smithi018.stdout:/usr/bin/ceph: stderr
2024-05-10T04:54:31.365+0000 7f53ae000700 1 --2- 172.21.15.18:0/1059628032 >> [v2:172.21.15.18:6800/484461834,v1:172.21.15.18:6801/484461834] conn(0x7f53940387a0 0x7f539403acb0 secure :-1 s=READY pgs=10 cs=0 l=1 rev1=1 crypto rx=0x7f539c006fd0 tx=0x7f539c006e40 comp rx=0 tx=0).ready entity=mgr.14150 client_cookie=0 server_cookie=0 in_seq=0 out_seq=0
2024-05-10T04:54:31.955 INFO:teuthology.orchestra.run.smithi018.stdout:/usr/bin/ceph: stderr
2024-05-10T04:54:31.370+0000 7f53a7400700 1 -- 172.21.15.18:0/1059628032 <== mon.0 v2:172.21.15.18:3300/0 6 ==== mon_command_ack([{"prefix": "get_command_descriptions"}]=0 v0) v1 ==== 72+0+183622 (secure 0 0 0) 0x7f53a0010790 con 0x7f53b007cdb0
2024-05-10T04:54:31.955 INFO:teuthology.orchestra.run.smithi018.stdout:/usr/bin/ceph: stderr
2024-05-10T04:54:31.580+0000 7f53b5c00700 1 -- 172.21.15.18:0/1059628032 --> [v2:172.21.15.18:3300/0,v1:172.21.15.18:6789/0] -- mon_command([{prefix=config set, name=osd_memory_target_autotune}] v 0) v1 -- 0x7f53b010d910 con 0x7f53b007cdb0
2024-05-10T04:54:31.955 INFO:teuthology.orchestra.run.smithi018.stdout:/usr/bin/ceph: stderr
2024-05-10T04:54:31.581+0000 7f53a7400700 1 -- 172.21.15.18:0/1059628032 <== mon.0 v2:172.21.15.18:3300/0 7 ==== mon_command_ack([{prefix=config set, name=osd_memory_target_autotune}]=0 v8)=0 v8) v1 ==== 127+0+0 (secure 0 0 0) 0x7f53a002c350 con 0x7f53b007cdb0
2024-05-10T04:54:31.955 INFO:teuthology.orchestra.run.smithi018.stdout:/usr/bin/ceph: stderr
2024-05-10T04:54:31.583+0000 7f53b5c00700 1 -- 172.21.15.18:0/1059628032 >> [v2:172.21.15.18:6800/484461834,v1:172.21.15.18:6801/484461834] conn(0x7f53940387a0 msgr2=0x7f539403acb0 secure :-1 s=STATE_CONNECTION_ESTABLISHED l=1).mark_down
2024-05-10T04:54:31.955 INFO:teuthology.orchestra.run.smithi018.stdout:/usr/bin/ceph: stderr
2024-05-10T04:54:31.583+0000 7f53b5c00700 1 --2- 172.21.15.18:0/1059628032 >> [v2:172.21.15.18:6800/484461834,v1:172.21.15.18:6801/484461834] conn(0x7f53940387a0 0x7f539403acb0 secure :-1 s=READY pgs=10 cs=0 l=1 rev1=1 crypto rx=0x7f539c006fd0 tx=0x7f539c006e40 comp rx=0 tx=0).stop
2024-05-10T04:54:31.955 INFO:teuthology.orchestra.run.smithi018.stdout:/usr/bin/ceph: stderr
2024-05-10T04:54:31.583+0000 7f53b5c00700 1 -- 172.21.15.18:0/1059628032 >> [v2:172.21.15.18:3300/0,v1:172.21.15.18:6789/0] conn(0x7f53b007cdb0 msgr2=0x7f53b019d660 secure :-1 s=STATE_CONNECTION_ESTABLISHED l=1).mark_down
2024-05-10T04:54:31.955 INFO:teuthology.orchestra.run.smithi018.stdout:/usr/bin/ceph: stderr
2024-05-10T04:54:31.583+0000 7f53b5c00700 1 --2- 172.21.15.18:0/1059628032 >> [v2:172.21.15.18:3300/0,v1:172.21.15.18:6789/0] conn(0x7f53b007cdb0 0x7f53b019d660 secure :-1 s=READY pgs=75 cs=0 l=1 rev1=1 crypto rx=0x7f53a0011670 tx=0x7f53a0011a30 comp rx=0 tx=0).stop
2024-05-10T04:54:31.955 INFO:teuthology.orchestra.run.smithi018.stdout:/usr/bin/ceph: stderr
2024-05-10T04:54:31.583+0000 7f53b5c00700 1 -- 172.21.15.18:0/1059628032 shutdown_connections
2024-05-10T04:54:31.955 INFO:teuthology.orchestra.run.smithi018.stdout:/usr/bin/ceph: stderr
2024-05-10T04:54:31.583+0000 7f53b5c00700 1 --2- 172.21.15.18:0/1059628032 >> [v2:172.21.15.18:6800/484461834,v1:172.21.15.18:6801/484461834] conn(0x7f53940387a0 0x7f539403acb0 unknown :-1 s=CLOSED pgs=10 cs=0 l=1 rev1=1 crypto rx=0 tx=0 comp rx=0 tx=0).stop
2024-05-10T04:54:31.955 INFO:teuthology.orchestra.run.smithi018.stdout:/usr/bin/ceph: stderr
2024-05-10T04:54:31.583+0000 7f53b5c00700 1 --2- 172.21.15.18:0/1059628032 >> [v2:172.21.15.18:3300/0,v1:172.21.15.18:6789/0] conn(0x7f53b007cdb0 0x7f53b019d660 unknown :-1 s=CLOSED pgs=75 cs=0 l=1 rev1=1 crypto rx=0 tx=0 comp rx=0 tx=0).stop
2024-05-10T04:54:31.955 INFO:teuthology.orchestra.run.smithi018.stdout:/usr/bin/ceph: stderr
2024-05-10T04:54:31.583+0000 7f53b5c00700 1 -- 172.21.15.18:0/1059628032 >> 172.21.15.18:0/1059628032 conn(0x7f53b0102940 msgr2=0x7f53b01032b0 unknown :-1 s=STATE_NONE l=0).mark_down
2024-05-10T04:54:31.955 INFO:teuthology.orchestra.run.smithi018.stdout:/usr/bin/ceph: stderr
2024-05-10T04:54:31.583+0000 7f53b5c00700 1 -- 172.21.15.18:0/1059628032 shutdown_connections
2024-05-10T04:54:31.956 INFO:teuthology.orchestra.run.smithi018.stdout:/usr/bin/ceph: stderr
2024-05-10T04:54:31.583+0000 7f53b5c00700 1 -- 172.21.15.18:0/1059628032 wait complete.
2024-05-10T04:54:33.151 INFO:teuthology.orchestra.run.smithi018.stdout:/usr/bin/ceph: stderr
2024-05-10T04:54:32.421+0000 7f6e6a400700 1 Processor -- start
2024-05-10T04:54:33.151 INFO:teuthology.orchestra.run.smithi018.stdout:/usr/bin/ceph: stderr
2024-05-10T04:54:32.421+0000 7f6e6a400700 1 -- start start
2024-05-10T04:54:33.151 INFO:teuthology.orchestra.run.smithi018.stdout:/usr/bin/ceph: stderr
2024-05-10T04:54:32.421+0000 7f6e6a400700 1 --2- >> [v2:172.21.15.18:3300/0,v1:172.21.15.18:6789/0] conn(0x7f6e641072c0 0x7f6e641076d0 unknown :-1 s=NONE pgs=0 cs=0 l=0 rev1=0 crypto rx=0 tx=0 comp rx=0 tx=0).connect
2024-05-10T04:54:33.151 INFO:teuthology.orchestra.run.smithi018.stdout:/usr/bin/ceph: stderr
2024-05-10T04:54:32.421+0000 7f6e6a400700 1 -- --> [v2:172.21.15.18:3300/0,v1:172.21.15.18:6789/0] -- mon_getmap magic: 0 v1 -- 0x7f6e64107cc0 con 0x7f6e641072c0
2024-05-10T04:54:33.152 INFO:teuthology.orchestra.run.smithi018.stdout:/usr/bin/ceph: stderr
2024-05-10T04:54:32.421+0000 7f6e63400700 1 --2- >> [v2:172.21.15.18:3300/0,v1:172.21.15.18:6789/0] conn(0x7f6e641072c0 0x7f6e641076d0 unknown :-1 s=BANNER_CONNECTING pgs=0 cs=0 l=0 rev1=0 crypto rx=0 tx=0 comp rx=0 tx=0)._handle_peer_banner_payload supported=3 required=0
2024-05-10T04:54:33.152 INFO:teuthology.orchestra.run.smithi018.stdout:/usr/bin/ceph: stderr
2024-05-10T04:54:32.422+0000 7f6e63400700 1 --2- >> [v2:172.21.15.18:3300/0,v1:172.21.15.18:6789/0] conn(0x7f6e641072c0 0x7f6e641076d0 unknown :-1 s=HELLO_CONNECTING pgs=0 cs=0 l=0 rev1=1 crypto rx=0 tx=0 comp rx=0 tx=0).handle_hello peer v2:172.21.15.18:3300/0 says I am v2:172.21.15.18:59666/0 (socket says 172.21.15.18:59666)
2024-05-10T04:54:33.152 INFO:teuthology.orchestra.run.smithi018.stdout:/usr/bin/ceph: stderr
2024-05-10T04:54:32.422+0000 7f6e63400700 1 -- 172.21.15.18:0/1874770488 learned_addr learned my addr 172.21.15.18:0/1874770488 (peer_addr_for_me v2:172.21.15.18:0/0)
2024-05-10T04:54:33.152 INFO:teuthology.orchestra.run.smithi018.stdout:/usr/bin/ceph: stderr
2024-05-10T04:54:32.422+0000 7f6e63400700 1 -- 172.21.15.18:0/1874770488 --> [v2:172.21.15.18:3300/0,v1:172.21.15.18:6789/0] -- mon_subscribe({config=0+,monmap=0+}) v3 -- 0x7f6e64108490 con 0x7f6e641072c0
2024-05-10T04:54:33.153 INFO:teuthology.orchestra.run.smithi018.stdout:/usr/bin/ceph: stderr
2024-05-10T04:54:32.422+0000 7f6e63400700 1 --2- 172.21.15.18:0/1874770488 >> [v2:172.21.15.18:3300/0,v1:172.21.15.18:6789/0] conn(0x7f6e641072c0 0x7f6e641076d0 secure :-1 s=READY pgs=76 cs=0 l=1 rev1=1 crypto rx=0x7f6e540098a0 tx=0x7f6e54009bb0 comp rx=0 tx=0).ready entity=mon.0 client_cookie=62b86192633b97b5 server_cookie=0 in_seq=0 out_seq=0
2024-05-10T04:54:33.153 INFO:teuthology.orchestra.run.smithi018.stdout:/usr/bin/ceph: stderr
2024-05-10T04:54:32.422+0000 7f6e62000700 1 -- 172.21.15.18:0/1874770488 <== mon.0 v2:172.21.15.18:3300/0 1 ==== mon_map magic: 0 v1 ==== 205+0+0 (secure 0 0 0) 0x7f6e54004160 con 0x7f6e641072c0
2024-05-10T04:54:33.153 INFO:teuthology.orchestra.run.smithi018.stdout:/usr/bin/ceph: stderr
2024-05-10T04:54:32.422+0000 7f6e62000700 1 -- 172.21.15.18:0/1874770488 <== mon.0 v2:172.21.15.18:3300/0 2 ==== config(26 keys) v1 ==== 1105+0+0 (secure 0 0 0) 0x7f6e540042c0 con 0x7f6e641072c0
2024-05-10T04:54:33.153 INFO:teuthology.orchestra.run.smithi018.stdout:/usr/bin/ceph: stderr
2024-05-10T04:54:32.423+0000 7f6e62000700 1 -- 172.21.15.18:0/1874770488 <== mon.0 v2:172.21.15.18:3300/0 3 ==== mon_map magic: 0 v1 ==== 205+0+0 (secure 0 0 0) 0x7f6e540119b0 con 0x7f6e641072c0
2024-05-10T04:54:33.153 INFO:teuthology.orchestra.run.smithi018.stdout:/usr/bin/ceph: stderr
2024-05-10T04:54:32.423+0000 7f6e6a400700 1 -- 172.21.15.18:0/1874770488 >> [v2:172.21.15.18:3300/0,v1:172.21.15.18:6789/0] conn(0x7f6e641072c0 msgr2=0x7f6e641076d0 secure :-1 s=STATE_CONNECTION_ESTABLISHED l=1).mark_down
2024-05-10T04:54:33.153 INFO:teuthology.orchestra.run.smithi018.stdout:/usr/bin/ceph: stderr
2024-05-10T04:54:32.423+0000 7f6e6a400700 1 --2- 172.21.15.18:0/1874770488 >> [v2:172.21.15.18:3300/0,v1:172.21.15.18:6789/0] conn(0x7f6e641072c0 0x7f6e641076d0 secure :-1 s=READY pgs=76 cs=0 l=1 rev1=1 crypto rx=0x7f6e540098a0 tx=0x7f6e54009bb0 comp rx=0 tx=0).stop
2024-05-10T04:54:33.153 INFO:teuthology.orchestra.run.smithi018.stdout:/usr/bin/ceph: stderr
2024-05-10T04:54:32.423+0000 7f6e6a400700 1 -- 172.21.15.18:0/1874770488 shutdown_connections
2024-05-10T04:54:33.153 INFO:teuthology.orchestra.run.smithi018.stdout:/usr/bin/ceph: stderr
2024-05-10T04:54:32.423+0000 7f6e6a400700 1 --2- 172.21.15.18:0/1874770488 >> [v2:172.21.15.18:3300/0,v1:172.21.15.18:6789/0] conn(0x7f6e641072c0 0x7f6e641076d0 unknown :-1 s=CLOSED pgs=76 cs=0 l=1 rev1=1 crypto rx=0 tx=0 comp rx=0 tx=0).stop
2024-05-10T04:54:33.153 INFO:teuthology.orchestra.run.smithi018.stdout:/usr/bin/ceph: stderr
2024-05-10T04:54:32.423+0000 7f6e6a400700 1 -- 172.21.15.18:0/1874770488 >> 172.21.15.18:0/1874770488 conn(0x7f6e64102940 msgr2=0x7f6e64104db0 unknown :-1 s=STATE_NONE l=0).mark_down
2024-05-10T04:54:33.153 INFO:teuthology.orchestra.run.smithi018.stdout:/usr/bin/ceph: stderr
2024-05-10T04:54:32.423+0000 7f6e6a400700 1 -- 172.21.15.18:0/1874770488 shutdown_connections
2024-05-10T04:54:33.153 INFO:teuthology.orchestra.run.smithi018.stdout:/usr/bin/ceph: stderr
2024-05-10T04:54:32.423+0000 7f6e6a400700 1 -- 172.21.15.18:0/1874770488 wait complete.
2024-05-10T04:54:33.153 INFO:teuthology.orchestra.run.smithi018.stdout:/usr/bin/ceph: stderr
2024-05-10T04:54:32.424+0000 7f6e6a400700 1 Processor -- start
2024-05-10T04:54:33.153 INFO:teuthology.orchestra.run.smithi018.stdout:/usr/bin/ceph: stderr
2024-05-10T04:54:32.425+0000 7f6e6a400700 1 -- start start
2024-05-10T04:54:33.153 INFO:teuthology.orchestra.run.smithi018.stdout:/usr/bin/ceph: stderr
2024-05-10T04:54:32.425+0000 7f6e6a400700 1 --2- >> [v2:172.21.15.18:3300/0,v1:172.21.15.18:6789/0] conn(0x7f6e641072c0 0x7f6e6419d6c0 unknown :-1 s=NONE pgs=0 cs=0 l=1 rev1=0 crypto rx=0 tx=0 comp rx=0 tx=0).connect
2024-05-10T04:54:33.154 INFO:teuthology.orchestra.run.smithi018.stdout:/usr/bin/ceph: stderr
2024-05-10T04:54:32.425+0000 7f6e6a400700 1 -- --> [v2:172.21.15.18:3300/0,v1:172.21.15.18:6789/0] -- mon_getmap magic: 0 v1 -- 0x7f6e6419dc00 con 0x7f6e641072c0
2024-05-10T04:54:33.154 INFO:teuthology.orchestra.run.smithi018.stdout:/usr/bin/ceph: stderr
2024-05-10T04:54:32.425+0000 7f6e63400700 1 --2- >> [v2:172.21.15.18:3300/0,v1:172.21.15.18:6789/0] conn(0x7f6e641072c0 0x7f6e6419d6c0 unknown :-1 s=BANNER_CONNECTING pgs=0 cs=0 l=1 rev1=0 crypto rx=0 tx=0 comp rx=0 tx=0)._handle_peer_banner_payload supported=3 required=0
2024-05-10T04:54:33.154 INFO:teuthology.orchestra.run.smithi018.stdout:/usr/bin/ceph: stderr
2024-05-10T04:54:32.425+0000 7f6e63400700 1 --2- >> [v2:172.21.15.18:3300/0,v1:172.21.15.18:6789/0] conn(0x7f6e641072c0 0x7f6e6419d6c0 unknown :-1 s=HELLO_CONNECTING pgs=0 cs=0 l=1 rev1=1 crypto rx=0 tx=0 comp rx=0 tx=0).handle_hello peer v2:172.21.15.18:3300/0 says I am v2:172.21.15.18:59668/0 (socket says 172.21.15.18:59668)
2024-05-10T04:54:33.154 INFO:teuthology.orchestra.run.smithi018.stdout:/usr/bin/ceph: stderr
2024-05-10T04:54:32.425+0000 7f6e63400700 1 -- 172.21.15.18:0/2299797046 learned_addr learned my addr 172.21.15.18:0/2299797046 (peer_addr_for_me v2:172.21.15.18:0/0)
2024-05-10T04:54:33.154 INFO:teuthology.orchestra.run.smithi018.stdout:/usr/bin/ceph: stderr
2024-05-10T04:54:32.426+0000 7f6e63400700 1 -- 172.21.15.18:0/2299797046 --> [v2:172.21.15.18:3300/0,v1:172.21.15.18:6789/0] -- mon_subscribe({config=0+,monmap=0+}) v3 -- 0x7f6e54009550 con 0x7f6e641072c0
2024-05-10T04:54:33.154 INFO:teuthology.orchestra.run.smithi018.stdout:/usr/bin/ceph: stderr
2024-05-10T04:54:32.426+0000 7f6e63400700 1 --2- 172.21.15.18:0/2299797046 >> [v2:172.21.15.18:3300/0,v1:172.21.15.18:6789/0] conn(0x7f6e641072c0 0x7f6e6419d6c0 secure :-1 s=READY pgs=77 cs=0 l=1 rev1=1 crypto rx=0x7f6e54011980 tx=0x7f6e54011a60 comp rx=0 tx=0).ready entity=mon.0 client_cookie=0 server_cookie=0 in_seq=0 out_seq=0
2024-05-10T04:54:33.154 INFO:teuthology.orchestra.run.smithi018.stdout:/usr/bin/ceph: stderr
2024-05-10T04:54:32.426+0000 7f6e5be00700 1 -- 172.21.15.18:0/2299797046 <== mon.0 v2:172.21.15.18:3300/0 1 ==== mon_map magic: 0 v1 ==== 205+0+0 (secure 0 0 0) 0x7f6e54003aa0 con 0x7f6e641072c0
2024-05-10T04:54:33.154 INFO:teuthology.orchestra.run.smithi018.stdout:/usr/bin/ceph: stderr
