2024-05-10T04:54:25.739 INFO:journalctl@ceph.mon.a.smithi018.stdout:May 10 04:54:25 smithi018 ceph-mon[37093]: Manager daemon x is now available
2024-05-10T04:54:25.739 INFO:journalctl@ceph.mon.a.smithi018.stdout:May 10 04:54:25 smithi018 ceph-mon[37093]: from='mgr.14150 172.21.15.18:0/553937277' entity='mgr.x' cmd=[{"prefix": "config dump", "format": "json"}]: dispatch
2024-05-10T04:54:26.738 INFO:journalctl@ceph.mon.a.smithi018.stdout:May 10 04:54:26 smithi018 ceph-mon[37093]: from='mgr.14150 172.21.15.18:0/553937277' entity='mgr.x' cmd=[{"prefix":"config rm","who":"mgr","name":"mgr/rbd_support/x/mirror_snapshot_schedule"}]: dispatch
2024-05-10T04:54:26.738 INFO:journalctl@ceph.mon.a.smithi018.stdout:May 10 04:54:26 smithi018 ceph-mon[37093]: from='mgr.14150 172.21.15.18:0/553937277' entity='mgr.x' cmd=[{"prefix":"config rm","who":"mgr","name":"mgr/rbd_support/x/trash_purge_schedule"}]: dispatch
2024-05-10T04:54:26.738 INFO:journalctl@ceph.mon.a.smithi018.stdout:May 10 04:54:26 smithi018 ceph-mon[37093]: [10/May/2024:04:54:25] ENGINE Bus STARTING
2024-05-10T04:54:26.738 INFO:journalctl@ceph.mon.a.smithi018.stdout:May 10 04:54:26 smithi018 ceph-mon[37093]: [10/May/2024:04:54:26] ENGINE Serving on https://172.21.15.18:7150
2024-05-10T04:54:26.738 INFO:journalctl@ceph.mon.a.smithi018.stdout:May 10 04:54:26 smithi018 ceph-mon[37093]: [10/May/2024:04:54:26] ENGINE Serving on http://172.21.15.18:8765
2024-05-10T04:54:26.738 INFO:journalctl@ceph.mon.a.smithi018.stdout:May 10 04:54:26 smithi018 ceph-mon[37093]: [10/May/2024:04:54:26] ENGINE Bus STARTED
2024-05-10T04:54:26.738 INFO:journalctl@ceph.mon.a.smithi018.stdout:May 10 04:54:26 smithi018 ceph-mon[37093]: from='client.14154 -' entity='client.admin' cmd=[{"prefix": "get_command_descriptions"}]: dispatch
2024-05-10T04:54:26.738 INFO:journalctl@ceph.mon.a.smithi018.stdout:May 10 04:54:26 smithi018 ceph-mon[37093]: mgrmap e11: x(active, since 1.00816s)
2024-05-10T04:54:26.738 INFO:journalctl@ceph.mon.a.smithi018.stdout:May 10 04:54:26 smithi018 ceph-mon[37093]: from='client.14154 -' entity='client.admin' cmd=[{"prefix": "mgr_status"}]: dispatch
2024-05-10T04:54:26.797 INFO:teuthology.orchestra.run.smithi018.stdout:/usr/bin/ceph: stdout {
2024-05-10T04:54:26.797 INFO:teuthology.orchestra.run.smithi018.stdout:/usr/bin/ceph: stdout "mgrmap_epoch": 11,
2024-05-10T04:54:26.797 INFO:teuthology.orchestra.run.smithi018.stdout:/usr/bin/ceph: stdout "initialized": true
2024-05-10T04:54:26.797 INFO:teuthology.orchestra.run.smithi018.stdout:/usr/bin/ceph: stdout }
2024-05-10T04:54:26.797 INFO:teuthology.orchestra.run.smithi018.stdout:/usr/bin/ceph: stderr
2024-05-10T04:54:18.226+0000 7f42a9c00700 1 Processor -- start
2024-05-10T04:54:26.804 INFO:teuthology.orchestra.run.smithi018.stdout:/usr/bin/ceph: stderr
2024-05-10T04:54:18.226+0000 7f42a9c00700 1 -- start start
2024-05-10T04:54:26.805 INFO:teuthology.orchestra.run.smithi018.stdout:/usr/bin/ceph: stderr
2024-05-10T04:54:18.227+0000 7f42a9c00700 1 --2- >> [v2:172.21.15.18:3300/0,v1:172.21.15.18:6789/0] conn(0x7f42a407cdf0 0x7f42a407b220 unknown :-1 s=NONE pgs=0 cs=0 l=0 rev1=0 crypto rx=0 tx=0 comp rx=0 tx=0).connect
2024-05-10T04:54:26.805 INFO:teuthology.orchestra.run.smithi018.stdout:/usr/bin/ceph: stderr
2024-05-10T04:54:18.227+0000 7f42a9c00700 1 -- --> [v2:172.21.15.18:3300/0,v1:172.21.15.18:6789/0] -- mon_getmap magic: 0 v1 -- 0x7f42a407b7f0 con 0x7f42a407cdf0
2024-05-10T04:54:26.805 INFO:teuthology.orchestra.run.smithi018.stdout:/usr/bin/ceph: stderr
2024-05-10T04:54:18.227+0000 7f42a2a00700 1 --2- >> [v2:172.21.15.18:3300/0,v1:172.21.15.18:6789/0] conn(0x7f42a407cdf0 0x7f42a407b220 unknown :-1 s=BANNER_CONNECTING pgs=0 cs=0 l=0 rev1=0 crypto rx=0 tx=0 comp rx=0 tx=0)._handle_peer_banner_payload supported=3 required=0
2024-05-10T04:54:26.805 INFO:teuthology.orchestra.run.smithi018.stdout:/usr/bin/ceph: stderr
2024-05-10T04:54:18.227+0000 7f42a2a00700 1 --2- >> [v2:172.21.15.18:3300/0,v1:172.21.15.18:6789/0] conn(0x7f42a407cdf0 0x7f42a407b220 unknown :-1 s=HELLO_CONNECTING pgs=0 cs=0 l=0 rev1=1 crypto rx=0 tx=0 comp rx=0 tx=0).handle_hello peer v2:172.21.15.18:3300/0 says I am v2:172.21.15.18:33588/0 (socket says 172.21.15.18:33588)
2024-05-10T04:54:26.805 INFO:teuthology.orchestra.run.smithi018.stdout:/usr/bin/ceph: stderr
2024-05-10T04:54:18.227+0000 7f42a2a00700 1 -- 172.21.15.18:0/539910320 learned_addr learned my addr 172.21.15.18:0/539910320 (peer_addr_for_me v2:172.21.15.18:0/0)
2024-05-10T04:54:26.805 INFO:teuthology.orchestra.run.smithi018.stdout:/usr/bin/ceph: stderr
2024-05-10T04:54:18.228+0000 7f42a2a00700 1 -- 172.21.15.18:0/539910320 --> [v2:172.21.15.18:3300/0,v1:172.21.15.18:6789/0] -- mon_subscribe({config=0+,monmap=0+}) v3 -- 0x7f42a407b930 con 0x7f42a407cdf0
2024-05-10T04:54:26.805 INFO:teuthology.orchestra.run.smithi018.stdout:/usr/bin/ceph: stderr
2024-05-10T04:54:18.228+0000 7f42a2a00700 1 --2- 172.21.15.18:0/539910320 >> [v2:172.21.15.18:3300/0,v1:172.21.15.18:6789/0] conn(0x7f42a407cdf0 0x7f42a407b220 secure :-1 s=READY pgs=59 cs=0 l=1 rev1=1 crypto rx=0x7f42940098a0 tx=0x7f4294009bb0 comp rx=0 tx=0).ready entity=mon.0 client_cookie=8d3943fa2058f0ab server_cookie=0 in_seq=0 out_seq=0
2024-05-10T04:54:26.805 INFO:teuthology.orchestra.run.smithi018.stdout:/usr/bin/ceph: stderr
2024-05-10T04:54:18.228+0000 7f42a1600700 1 -- 172.21.15.18:0/539910320 <== mon.0 v2:172.21.15.18:3300/0 1 ==== mon_map magic: 0 v1 ==== 205+0+0 (secure 0 0 0) 0x7f4294004160 con 0x7f42a407cdf0
2024-05-10T04:54:26.805 INFO:teuthology.orchestra.run.smithi018.stdout:/usr/bin/ceph: stderr
2024-05-10T04:54:18.228+0000 7f42a1600700 1 -- 172.21.15.18:0/539910320 <== mon.0 v2:172.21.15.18:3300/0 2 ==== config(26 keys) v1 ==== 1105+0+0 (secure 0 0 0) 0x7f42940042c0 con 0x7f42a407cdf0
2024-05-10T04:54:26.805 INFO:teuthology.orchestra.run.smithi018.stdout:/usr/bin/ceph: stderr
2024-05-10T04:54:18.228+0000 7f42a1600700 1 -- 172.21.15.18:0/539910320 <== mon.0 v2:172.21.15.18:3300/0 3 ==== mon_map magic: 0 v1 ==== 205+0+0 (secure 0 0 0) 0x7f42940119b0 con 0x7f42a407cdf0
2024-05-10T04:54:26.805 INFO:teuthology.orchestra.run.smithi018.stdout:/usr/bin/ceph: stderr
2024-05-10T04:54:18.229+0000 7f42a9c00700 1 -- 172.21.15.18:0/539910320 >> [v2:172.21.15.18:3300/0,v1:172.21.15.18:6789/0] conn(0x7f42a407cdf0 msgr2=0x7f42a407b220 secure :-1 s=STATE_CONNECTION_ESTABLISHED l=1).mark_down
2024-05-10T04:54:26.805 INFO:teuthology.orchestra.run.smithi018.stdout:/usr/bin/ceph: stderr
2024-05-10T04:54:18.229+0000 7f42a9c00700 1 --2- 172.21.15.18:0/539910320 >> [v2:172.21.15.18:3300/0,v1:172.21.15.18:6789/0] conn(0x7f42a407cdf0 0x7f42a407b220 secure :-1 s=READY pgs=59 cs=0 l=1 rev1=1 crypto rx=0x7f42940098a0 tx=0x7f4294009bb0 comp rx=0 tx=0).stop
2024-05-10T04:54:26.806 INFO:teuthology.orchestra.run.smithi018.stdout:/usr/bin/ceph: stderr
2024-05-10T04:54:18.229+0000 7f42a9c00700 1 -- 172.21.15.18:0/539910320 shutdown_connections
2024-05-10T04:54:26.806 INFO:teuthology.orchestra.run.smithi018.stdout:/usr/bin/ceph: stderr
2024-05-10T04:54:18.229+0000 7f42a9c00700 1 --2- 172.21.15.18:0/539910320 >> [v2:172.21.15.18:3300/0,v1:172.21.15.18:6789/0] conn(0x7f42a407cdf0 0x7f42a407b220 unknown :-1 s=CLOSED pgs=59 cs=0 l=1 rev1=1 crypto rx=0 tx=0 comp rx=0 tx=0).stop
2024-05-10T04:54:26.806 INFO:teuthology.orchestra.run.smithi018.stdout:/usr/bin/ceph: stderr
2024-05-10T04:54:18.229+0000 7f42a9c00700 1 -- 172.21.15.18:0/539910320 >> 172.21.15.18:0/539910320 conn(0x7f42a4102970 msgr2=0x7f42a4104de0 unknown :-1 s=STATE_NONE l=0).mark_down
2024-05-10T04:54:26.806 INFO:teuthology.orchestra.run.smithi018.stdout:/usr/bin/ceph: stderr
2024-05-10T04:54:18.229+0000 7f42a9c00700 1 -- 172.21.15.18:0/539910320 shutdown_connections
2024-05-10T04:54:26.806 INFO:teuthology.orchestra.run.smithi018.stdout:/usr/bin/ceph: stderr
2024-05-10T04:54:18.229+0000 7f42a9c00700 1 -- 172.21.15.18:0/539910320 wait complete.
2024-05-10T04:54:26.806 INFO:teuthology.orchestra.run.smithi018.stdout:/usr/bin/ceph: stderr
2024-05-10T04:54:18.230+0000 7f42a9c00700 1 Processor -- start
2024-05-10T04:54:26.806 INFO:teuthology.orchestra.run.smithi018.stdout:/usr/bin/ceph: stderr
2024-05-10T04:54:18.230+0000 7f42a9c00700 1 -- start start
2024-05-10T04:54:26.806 INFO:teuthology.orchestra.run.smithi018.stdout:/usr/bin/ceph: stderr
2024-05-10T04:54:18.231+0000 7f42a9c00700 1 --2- >> [v2:172.21.15.18:3300/0,v1:172.21.15.18:6789/0] conn(0x7f42a407cdf0 0x7f42a419d6e0 unknown :-1 s=NONE pgs=0 cs=0 l=1 rev1=0 crypto rx=0 tx=0 comp rx=0 tx=0).connect
2024-05-10T04:54:26.806 INFO:teuthology.orchestra.run.smithi018.stdout:/usr/bin/ceph: stderr
2024-05-10T04:54:18.231+0000 7f42a9c00700 1 -- --> [v2:172.21.15.18:3300/0,v1:172.21.15.18:6789/0] -- mon_getmap magic: 0 v1 -- 0x7f42a419dc20 con 0x7f42a407cdf0
2024-05-10T04:54:26.806 INFO:teuthology.orchestra.run.smithi018.stdout:/usr/bin/ceph: stderr
2024-05-10T04:54:18.231+0000 7f42a2a00700 1 --2- >> [v2:172.21.15.18:3300/0,v1:172.21.15.18:6789/0] conn(0x7f42a407cdf0 0x7f42a419d6e0 unknown :-1 s=BANNER_CONNECTING pgs=0 cs=0 l=1 rev1=0 crypto rx=0 tx=0 comp rx=0 tx=0)._handle_peer_banner_payload supported=3 required=0
2024-05-10T04:54:26.806 INFO:teuthology.orchestra.run.smithi018.stdout:/usr/bin/ceph: stderr
2024-05-10T04:54:18.231+0000 7f42a2a00700 1 --2- >> [v2:172.21.15.18:3300/0,v1:172.21.15.18:6789/0] conn(0x7f42a407cdf0 0x7f42a419d6e0 unknown :-1 s=HELLO_CONNECTING pgs=0 cs=0 l=1 rev1=1 crypto rx=0 tx=0 comp rx=0 tx=0).handle_hello peer v2:172.21.15.18:3300/0 says I am v2:172.21.15.18:33598/0 (socket says 172.21.15.18:33598)
2024-05-10T04:54:26.806 INFO:teuthology.orchestra.run.smithi018.stdout:/usr/bin/ceph: stderr
2024-05-10T04:54:18.231+0000 7f42a2a00700 1 -- 172.21.15.18:0/3745147638 learned_addr learned my addr 172.21.15.18:0/3745147638 (peer_addr_for_me v2:172.21.15.18:0/0)
2024-05-10T04:54:26.806 INFO:teuthology.orchestra.run.smithi018.stdout:/usr/bin/ceph: stderr
2024-05-10T04:54:18.231+0000 7f42a2a00700 1 -- 172.21.15.18:0/3745147638 --> [v2:172.21.15.18:3300/0,v1:172.21.15.18:6789/0] -- mon_subscribe({config=0+,monmap=0+}) v3 -- 0x7f4294009550 con 0x7f42a407cdf0
2024-05-10T04:54:26.806 INFO:teuthology.orchestra.run.smithi018.stdout:/usr/bin/ceph: stderr
2024-05-10T04:54:18.232+0000 7f42a2a00700 1 --2- 172.21.15.18:0/3745147638 >> [v2:172.21.15.18:3300/0,v1:172.21.15.18:6789/0] conn(0x7f42a407cdf0 0x7f42a419d6e0 secure :-1 s=READY pgs=60 cs=0 l=1 rev1=1 crypto rx=0x7f4294011670 tx=0x7f4294011a30 comp rx=0 tx=0).ready entity=mon.0 client_cookie=0 server_cookie=0 in_seq=0 out_seq=0
2024-05-10T04:54:26.807 INFO:teuthology.orchestra.run.smithi018.stdout:/usr/bin/ceph: stderr
2024-05-10T04:54:18.232+0000 7f429b400700 1 -- 172.21.15.18:0/3745147638 <== mon.0 v2:172.21.15.18:3300/0 1 ==== mon_map magic: 0 v1 ==== 205+0+0 (secure 0 0 0) 0x7f4294003af0 con 0x7f42a407cdf0
2024-05-10T04:54:26.807 INFO:teuthology.orchestra.run.smithi018.stdout:/usr/bin/ceph: stderr
2024-05-10T04:54:18.232+0000 7f429b400700 1 -- 172.21.15.18:0/3745147638 <== mon.0 v2:172.21.15.18:3300/0 2 ==== config(26 keys) v1 ==== 1105+0+0 (secure 0 0 0) 0x7f4294003c50 con 0x7f42a407cdf0
2024-05-10T04:54:26.807 INFO:teuthology.orchestra.run.smithi018.stdout:/usr/bin/ceph: stderr
2024-05-10T04:54:18.232+0000 7f42a9c00700 1 -- 172.21.15.18:0/3745147638 --> [v2:172.21.15.18:3300/0,v1:172.21.15.18:6789/0] -- mon_subscribe({mgrmap=0+}) v3 -- 0x7f42a419de20 con 0x7f42a407cdf0
2024-05-10T04:54:26.807 INFO:teuthology.orchestra.run.smithi018.stdout:/usr/bin/ceph: stderr
2024-05-10T04:54:18.232+0000 7f429b400700 1 -- 172.21.15.18:0/3745147638 <== mon.0 v2:172.21.15.18:3300/0 3 ==== mon_map magic: 0 v1 ==== 205+0+0 (secure 0 0 0) 0x7f4294024730 con 0x7f42a407cdf0
2024-05-10T04:54:26.807 INFO:teuthology.orchestra.run.smithi018.stdout:/usr/bin/ceph: stderr
2024-05-10T04:54:18.232+0000 7f42a9c00700 1 -- 172.21.15.18:0/3745147638 --> [v2:172.21.15.18:3300/0,v1:172.21.15.18:6789/0] -- mon_subscribe({osdmap=0}) v3 -- 0x7f42a419e2c0 con 0x7f42a407cdf0
2024-05-10T04:54:26.807 INFO:teuthology.orchestra.run.smithi018.stdout:/usr/bin/ceph: stderr
2024-05-10T04:54:18.233+0000 7f429b400700 1 -- 172.21.15.18:0/3745147638 <== mon.0 v2:172.21.15.18:3300/0 4 ==== mgrmap(e 9) v1 ==== 45554+0+0 (secure 0 0 0) 0x7f4294024920 con 0x7f42a407cdf0
2024-05-10T04:54:26.807 INFO:teuthology.orchestra.run.smithi018.stdout:/usr/bin/ceph: stderr
2024-05-10T04:54:18.234+0000 7f429b400700 1 --2- 172.21.15.18:0/3745147638 >> [v2:172.21.15.18:6800/2555525604,v1:172.21.15.18:6801/2555525604] conn(0x7f42880387a0 0x7f428803acb0 unknown :-1 s=NONE pgs=0 cs=0 l=1 rev1=0 crypto rx=0 tx=0 comp rx=0 tx=0).connect
2024-05-10T04:54:26.807 INFO:teuthology.orchestra.run.smithi018.stdout:/usr/bin/ceph: stderr
2024-05-10T04:54:18.234+0000 7f429b400700 1 -- 172.21.15.18:0/3745147638 --> [v2:172.21.15.18:6800/2555525604,v1:172.21.15.18:6801/2555525604] -- command(tid 0: {"prefix": "get_command_descriptions"}) v1 -- 0x7f428803b3c0 con 0x7f42880387a0
2024-05-10T04:54:26.807 INFO:teuthology.orchestra.run.smithi018.stdout:/usr/bin/ceph: stderr
2024-05-10T04:54:18.234+0000 7f429b400700 1 -- 172.21.15.18:0/3745147638 <== mon.0 v2:172.21.15.18:3300/0 5 ==== osd_map(2..2 src has 1..2) v4 ==== 940+0+0 (secure 0 0 0) 0x7f429404c960 con 0x7f42a407cdf0
2024-05-10T04:54:26.807 INFO:teuthology.orchestra.run.smithi018.stdout:/usr/bin/ceph: stderr
2024-05-10T04:54:18.234+0000 7f42a2000700 1 -- 172.21.15.18:0/3745147638 >> [v2:172.21.15.18:6800/2555525604,v1:172.21.15.18:6801/2555525604] conn(0x7f42880387a0 msgr2=0x7f428803acb0 unknown :-1 s=STATE_CONNECTING_RE l=1).process reconnect failed to v2:172.21.15.18:6800/2555525604
2024-05-10T04:54:26.807 INFO:teuthology.orchestra.run.smithi018.stdout:/usr/bin/ceph: stderr
2024-05-10T04:54:18.234+0000 7f42a2000700 1 --2- 172.21.15.18:0/3745147638 >> [v2:172.21.15.18:6800/2555525604,v1:172.21.15.18:6801/2555525604] conn(0x7f42880387a0 0x7f428803acb0 unknown :-1 s=START_CONNECT pgs=0 cs=0 l=1 rev1=0 crypto rx=0 tx=0 comp rx=0 tx=0)._fault waiting 0.200000
2024-05-10T04:54:26.807 INFO:teuthology.orchestra.run.smithi018.stdout:/usr/bin/ceph: stderr
2024-05-10T04:54:18.435+0000 7f42a2000700 1 -- 172.21.15.18:0/3745147638 >> [v2:172.21.15.18:6800/2555525604,v1:172.21.15.18:6801/2555525604] conn(0x7f42880387a0 msgr2=0x7f428803acb0 unknown :-1 s=STATE_CONNECTING_RE l=1).process reconnect failed to v2:172.21.15.18:6800/2555525604
2024-05-10T04:54:26.807 INFO:teuthology.orchestra.run.smithi018.stdout:/usr/bin/ceph: stderr
2024-05-10T04:54:18.435+0000 7f42a2000700 1 --2- 172.21.15.18:0/3745147638 >> [v2:172.21.15.18:6800/2555525604,v1:172.21.15.18:6801/2555525604] conn(0x7f42880387a0 0x7f428803acb0 unknown :-1 s=START_CONNECT pgs=0 cs=0 l=1 rev1=0 crypto rx=0 tx=0 comp rx=0 tx=0)._fault waiting 0.400000
2024-05-10T04:54:26.808 INFO:teuthology.orchestra.run.smithi018.stdout:/usr/bin/ceph: stderr
2024-05-10T04:54:18.836+0000 7f42a2000700 1 -- 172.21.15.18:0/3745147638 >> [v2:172.21.15.18:6800/2555525604,v1:172.21.15.18:6801/2555525604] conn(0x7f42880387a0 msgr2=0x7f428803acb0 unknown :-1 s=STATE_CONNECTING_RE l=1).process reconnect failed to v2:172.21.15.18:6800/2555525604
2024-05-10T04:54:26.808 INFO:teuthology.orchestra.run.smithi018.stdout:/usr/bin/ceph: stderr
2024-05-10T04:54:18.836+0000 7f42a2000700 1 --2- 172.21.15.18:0/3745147638 >> [v2:172.21.15.18:6800/2555525604,v1:172.21.15.18:6801/2555525604] conn(0x7f42880387a0 0x7f428803acb0 unknown :-1 s=START_CONNECT pgs=0 cs=0 l=1 rev1=0 crypto rx=0 tx=0 comp rx=0 tx=0)._fault waiting 0.800000
2024-05-10T04:54:26.808 INFO:teuthology.orchestra.run.smithi018.stdout:/usr/bin/ceph: stderr
2024-05-10T04:54:19.637+0000 7f42a2000700 1 -- 172.21.15.18:0/3745147638 >> [v2:172.21.15.18:6800/2555525604,v1:172.21.15.18:6801/2555525604] conn(0x7f42880387a0 msgr2=0x7f428803acb0 unknown :-1 s=STATE_CONNECTING_RE l=1).process reconnect failed to v2:172.21.15.18:6800/2555525604
2024-05-10T04:54:26.808 INFO:teuthology.orchestra.run.smithi018.stdout:/usr/bin/ceph: stderr
2024-05-10T04:54:19.637+0000 7f42a2000700 1 --2- 172.21.15.18:0/3745147638 >> [v2:172.21.15.18:6800/2555525604,v1:172.21.15.18:6801/2555525604] conn(0x7f42880387a0 0x7f428803acb0 unknown :-1 s=START_CONNECT pgs=0 cs=0 l=1 rev1=0 crypto rx=0 tx=0 comp rx=0 tx=0)._fault waiting 1.600000
2024-05-10T04:54:26.808 INFO:teuthology.orchestra.run.smithi018.stdout:/usr/bin/ceph: stderr
2024-05-10T04:54:21.238+0000 7f42a2000700 1 -- 172.21.15.18:0/3745147638 >> [v2:172.21.15.18:6800/2555525604,v1:172.21.15.18:6801/2555525604] conn(0x7f42880387a0 msgr2=0x7f428803acb0 unknown :-1 s=STATE_CONNECTING_RE l=1).process reconnect failed to v2:172.21.15.18:6800/2555525604
2024-05-10T04:54:26.808 INFO:teuthology.orchestra.run.smithi018.stdout:/usr/bin/ceph: stderr
2024-05-10T04:54:21.238+0000 7f42a2000700 1 --2- 172.21.15.18:0/3745147638 >> [v2:172.21.15.18:6800/2555525604,v1:172.21.15.18:6801/2555525604] conn(0x7f42880387a0 0x7f428803acb0 unknown :-1 s=START_CONNECT pgs=0 cs=0 l=1 rev1=0 crypto rx=0 tx=0 comp rx=0 tx=0)._fault waiting 3.200000
2024-05-10T04:54:26.808 INFO:teuthology.orchestra.run.smithi018.stdout:/usr/bin/ceph: stderr
2024-05-10T04:54:24.441+0000 7f42a2000700 1 -- 172.21.15.18:0/3745147638 >> [v2:172.21.15.18:6800/2555525604,v1:172.21.15.18:6801/2555525604] conn(0x7f42880387a0 msgr2=0x7f428803acb0 unknown :-1 s=STATE_CONNECTING_RE l=1).process reconnect failed to v2:172.21.15.18:6800/2555525604
2024-05-10T04:54:26.808 INFO:teuthology.orchestra.run.smithi018.stdout:/usr/bin/ceph: stderr
2024-05-10T04:54:24.441+0000 7f42a2000700 1 --2- 172.21.15.18:0/3745147638 >> [v2:172.21.15.18:6800/2555525604,v1:172.21.15.18:6801/2555525604] conn(0x7f42880387a0 0x7f428803acb0 unknown :-1 s=START_CONNECT pgs=0 cs=0 l=1 rev1=0 crypto rx=0 tx=0 comp rx=0 tx=0)._fault waiting 6.400000
2024-05-10T04:54:26.808 INFO:teuthology.orchestra.run.smithi018.stdout:/usr/bin/ceph: stderr
2024-05-10T04:54:25.371+0000 7f429b400700 1 -- 172.21.15.18:0/3745147638 <== mon.0 v2:172.21.15.18:3300/0 6 ==== mgrmap(e 10) v1 ==== 45321+0+0 (secure 0 0 0) 0x7f429402d9b0 con 0x7f42a407cdf0
2024-05-10T04:54:26.808 INFO:teuthology.orchestra.run.smithi018.stdout:/usr/bin/ceph: stderr
2024-05-10T04:54:25.371+0000 7f429b400700 1 -- 172.21.15.18:0/3745147638 >> [v2:172.21.15.18:6800/2555525604,v1:172.21.15.18:6801/2555525604] conn(0x7f42880387a0 msgr2=0x7f428803acb0 unknown :-1 s=STATE_CONNECTING l=1).mark_down
2024-05-10T04:54:26.808 INFO:teuthology.orchestra.run.smithi018.stdout:/usr/bin/ceph: stderr
2024-05-10T04:54:25.371+0000 7f429b400700 1 --2- 172.21.15.18:0/3745147638 >> [v2:172.21.15.18:6800/2555525604,v1:172.21.15.18:6801/2555525604] conn(0x7f42880387a0 0x7f428803acb0 unknown :-1 s=START_CONNECT pgs=0 cs=0 l=1 rev1=0 crypto rx=0 tx=0 comp rx=0 tx=0).stop
2024-05-10T04:54:26.808 INFO:teuthology.orchestra.run.smithi018.stdout:/usr/bin/ceph: stderr
2024-05-10T04:54:26.373+0000 7f429b400700 1 -- 172.21.15.18:0/3745147638 <== mon.0 v2:172.21.15.18:3300/0 7 ==== mgrmap(e 11) v1 ==== 45448+0+0 (secure 0 0 0) 0x7f429402ad30 con 0x7f42a407cdf0
2024-05-10T04:54:26.808 INFO:teuthology.orchestra.run.smithi018.stdout:/usr/bin/ceph: stderr
2024-05-10T04:54:26.374+0000 7f429b400700 1 --2- 172.21.15.18:0/3745147638 >> [v2:172.21.15.18:6800/484461834,v1:172.21.15.18:6801/484461834] conn(0x7f429404c4f0 0x7f428803e000 unknown :-1 s=NONE pgs=0 cs=0 l=1 rev1=0 crypto rx=0 tx=0 comp rx=0 tx=0).connect
2024-05-10T04:54:26.808 INFO:teuthology.orchestra.run.smithi018.stdout:/usr/bin/ceph: stderr
2024-05-10T04:54:26.374+0000 7f429b400700 1 -- 172.21.15.18:0/3745147638 --> [v2:172.21.15.18:6800/484461834,v1:172.21.15.18:6801/484461834] -- command(tid 0: {"prefix": "get_command_descriptions"}) v1 -- 0x7f428803b3c0 con 0x7f429404c4f0
2024-05-10T04:54:26.808 INFO:teuthology.orchestra.run.smithi018.stdout:/usr/bin/ceph: stderr
2024-05-10T04:54:26.375+0000 7f42a2000700 1 --2- 172.21.15.18:0/3745147638 >> [v2:172.21.15.18:6800/484461834,v1:172.21.15.18:6801/484461834] conn(0x7f429404c4f0 0x7f428803e000 unknown :-1 s=BANNER_CONNECTING pgs=0 cs=0 l=1 rev1=0 crypto rx=0 tx=0 comp rx=0 tx=0)._handle_peer_banner_payload supported=3 required=0
2024-05-10T04:54:26.809 INFO:teuthology.orchestra.run.smithi018.stdout:/usr/bin/ceph: stderr
2024-05-10T04:54:26.375+0000 7f42a2000700 1 --2- 172.21.15.18:0/3745147638 >> [v2:172.21.15.18:6800/484461834,v1:172.21.15.18:6801/484461834] conn(0x7f429404c4f0 0x7f428803e000 secure :-1 s=READY pgs=1 cs=0 l=1 rev1=1 crypto rx=0x7f4290003a10 tx=0x7f4290009270 comp rx=0 tx=0).ready entity=mgr.14150 client_cookie=0 server_cookie=0 in_seq=0 out_seq=0
2024-05-10T04:54:26.809 INFO:teuthology.orchestra.run.smithi018.stdout:/usr/bin/ceph: stderr
2024-05-10T04:54:26.376+0000 7f429b400700 1 -- 172.21.15.18:0/3745147638 <== mgr.14150 v2:172.21.15.18:6800/484461834 1 ==== command_reply(tid 0: 0 ) v1 ==== 8+0+7774 (secure 0 0 0) 0x7f428803b3c0 con 0x7f429404c4f0
2024-05-10T04:54:26.809 INFO:teuthology.orchestra.run.smithi018.stdout:/usr/bin/ceph: stderr
2024-05-10T04:54:26.384+0000 7f42a9c00700 1 -- 172.21.15.18:0/3745147638 --> [v2:172.21.15.18:6800/484461834,v1:172.21.15.18:6801/484461834] -- command(tid 1: {"prefix": "mgr_status"}) v1 -- 0x7f42a410d760 con 0x7f429404c4f0
2024-05-10T04:54:26.809 INFO:teuthology.orchestra.run.smithi018.stdout:/usr/bin/ceph: stderr
2024-05-10T04:54:26.384+0000 7f429b400700 1 -- 172.21.15.18:0/3745147638 <== mgr.14150 v2:172.21.15.18:6800/484461834 2 ==== command_reply(tid 1: 0 ) v1 ==== 8+0+52 (secure 0 0 0) 0x7f42a410d760 con 0x7f429404c4f0
2024-05-10T04:54:26.809 INFO:teuthology.orchestra.run.smithi018.stdout:/usr/bin/ceph: stderr
2024-05-10T04:54:26.385+0000 7f42a9c00700 1 -- 172.21.15.18:0/3745147638 >> [v2:172.21.15.18:6800/484461834,v1:172.21.15.18:6801/484461834] conn(0x7f429404c4f0 msgr2=0x7f428803e000 secure :-1 s=STATE_CONNECTION_ESTABLISHED l=1).mark_down
2024-05-10T04:54:26.809 INFO:teuthology.orchestra.run.smithi018.stdout:/usr/bin/ceph: stderr
2024-05-10T04:54:26.385+0000 7f42a9c00700 1 --2- 172.21.15.18:0/3745147638 >> [v2:172.21.15.18:6800/484461834,v1:172.21.15.18:6801/484461834] conn(0x7f429404c4f0 0x7f428803e000 secure :-1 s=READY pgs=1 cs=0 l=1 rev1=1 crypto rx=0x7f4290003a10 tx=0x7f4290009270 comp rx=0 tx=0).stop
2024-05-10T04:54:26.809 INFO:teuthology.orchestra.run.smithi018.stdout:/usr/bin/ceph: stderr
2024-05-10T04:54:26.385+0000 7f42a9c00700 1 -- 172.21.15.18:0/3745147638 >> [v2:172.21.15.18:3300/0,v1:172.21.15.18:6789/0] conn(0x7f42a407cdf0 msgr2=0x7f42a419d6e0 secure :-1 s=STATE_CONNECTION_ESTABLISHED l=1).mark_down
2024-05-10T04:54:26.809 INFO:teuthology.orchestra.run.smithi018.stdout:/usr/bin/ceph: stderr
2024-05-10T04:54:26.385+0000 7f42a9c00700 1 --2- 172.21.15.18:0/3745147638 >> [v2:172.21.15.18:3300/0,v1:172.21.15.18:6789/0] conn(0x7f42a407cdf0 0x7f42a419d6e0 secure :-1 s=READY pgs=60 cs=0 l=1 rev1=1 crypto rx=0x7f4294011670 tx=0x7f4294011a30 comp rx=0 tx=0).stop
2024-05-10T04:54:26.809 INFO:teuthology.orchestra.run.smithi018.stdout:/usr/bin/ceph: stderr
2024-05-10T04:54:26.385+0000 7f42a9c00700 1 -- 172.21.15.18:0/3745147638 shutdown_connections
2024-05-10T04:54:26.809 INFO:teuthology.orchestra.run.smithi018.stdout:/usr/bin/ceph: stderr
2024-05-10T04:54:26.385+0000 7f42a9c00700 1 --2- 172.21.15.18:0/3745147638 >> [v2:172.21.15.18:6800/484461834,v1:172.21.15.18:6801/484461834] conn(0x7f429404c4f0 0x7f428803e000 unknown :-1 s=CLOSED pgs=1 cs=0 l=1 rev1=1 crypto rx=0 tx=0 comp rx=0 tx=0).stop
2024-05-10T04:54:26.809 INFO:teuthology.orchestra.run.smithi018.stdout:/usr/bin/ceph: stderr
2024-05-10T04:54:26.385+0000 7f42a9c00700 1 --2- 172.21.15.18:0/3745147638 >> [v2:172.21.15.18:3300/0,v1:172.21.15.18:6789/0] conn(0x7f42a407cdf0 0x7f42a419d6e0 unknown :-1 s=CLOSED pgs=60 cs=0 l=1 rev1=1 crypto rx=0 tx=0 comp rx=0 tx=0).stop
2024-05-10T04:54:26.809 INFO:teuthology.orchestra.run.smithi018.stdout:/usr/bin/ceph: stderr
2024-05-10T04:54:26.385+0000 7f42a9c00700 1 --2- 172.21.15.18:0/3745147638 >> [v2:172.21.15.18:6800/2555525604,v1:172.21.15.18:6801/2555525604] conn(0x7f42880387a0 0x7f428803acb0 unknown :-1 s=CLOSED pgs=0 cs=0 l=1 rev1=0 crypto rx=0 tx=0 comp rx=0 tx=0).stop
2024-05-10T04:54:26.809 INFO:teuthology.orchestra.run.smithi018.stdout:/usr/bin/ceph: stderr
2024-05-10T04:54:26.385+0000 7f42a9c00700 1 -- 172.21.15.18:0/3745147638 >> 172.21.15.18:0/3745147638 conn(0x7f42a4102970 msgr2=0x7f42a4103370 unknown :-1 s=STATE_NONE l=0).mark_down
2024-05-10T04:54:26.809 INFO:teuthology.orchestra.run.smithi018.stdout:/usr/bin/ceph: stderr
2024-05-10T04:54:26.385+0000 7f42a9c00700 1 -- 172.21.15.18:0/3745147638 shutdown_connections
2024-05-10T04:54:26.810 INFO:teuthology.orchestra.run.smithi018.stdout:/usr/bin/ceph: stderr
2024-05-10T04:54:26.385+0000 7f42a9c00700 1 -- 172.21.15.18:0/3745147638 wait complete.
2024-05-10T04:54:26.810 INFO:teuthology.orchestra.run.smithi018.stdout:mgr epoch 9 is available
2024-05-10T04:54:26.810 INFO:teuthology.orchestra.run.smithi018.stdout:Generating a dashboard self-signed certificate...
2024-05-10T04:54:27.991 INFO:journalctl@ceph.mon.a.smithi018.stdout:May 10 04:54:27 smithi018 ceph-mon[37093]: from='mgr.14150 172.21.15.18:0/553937277' entity='mgr.x'
2024-05-10T04:54:28.127 INFO:teuthology.orchestra.run.smithi018.stdout:/usr/bin/ceph: stdout Self-signed certificate created
2024-05-10T04:54:28.127 INFO:teuthology.orchestra.run.smithi018.stdout:/usr/bin/ceph: stderr
2024-05-10T04:54:27.300+0000 7f7e56200700 1 Processor -- start
2024-05-10T04:54:28.127 INFO:teuthology.orchestra.run.smithi018.stdout:/usr/bin/ceph: stderr
2024-05-10T04:54:27.300+0000 7f7e56200700 1 -- start start
2024-05-10T04:54:28.127 INFO:teuthology.orchestra.run.smithi018.stdout:/usr/bin/ceph: stderr
2024-05-10T04:54:27.300+0000 7f7e56200700 1 --2- >> [v2:172.21.15.18:3300/0,v1:172.21.15.18:6789/0] conn(0x7f7e5007cdb0 0x7f7e5007b1e0 unknown :-1 s=NONE pgs=0 cs=0 l=0 rev1=0 crypto rx=0 tx=0 comp rx=0 tx=0).connect
2024-05-10T04:54:28.127 INFO:teuthology.orchestra.run.smithi018.stdout:/usr/bin/ceph: stderr
2024-05-10T04:54:27.300+0000 7f7e56200700 1 -- --> [v2:172.21.15.18:3300/0,v1:172.21.15.18:6789/0] -- mon_getmap magic: 0 v1 -- 0x7f7e5007b720 con 0x7f7e5007cdb0
2024-05-10T04:54:28.127 INFO:teuthology.orchestra.run.smithi018.stdout:/usr/bin/ceph: stderr
2024-05-10T04:54:27.301+0000 7f7e4f400700 1 --2- >> [v2:172.21.15.18:3300/0,v1:172.21.15.18:6789/0] conn(0x7f7e5007cdb0 0x7f7e5007b1e0 unknown :-1 s=BANNER_CONNECTING pgs=0 cs=0 l=0 rev1=0 crypto rx=0 tx=0 comp rx=0 tx=0)._handle_peer_banner_payload supported=3 required=0
2024-05-10T04:54:28.128 INFO:teuthology.orchestra.run.smithi018.stdout:/usr/bin/ceph: stderr
2024-05-10T04:54:27.301+0000 7f7e4f400700 1 --2- >> [v2:172.21.15.18:3300/0,v1:172.21.15.18:6789/0] conn(0x7f7e5007cdb0 0x7f7e5007b1e0 unknown :-1 s=HELLO_CONNECTING pgs=0 cs=0 l=0 rev1=1 crypto rx=0 tx=0 comp rx=0 tx=0).handle_hello peer v2:172.21.15.18:3300/0 says I am v2:172.21.15.18:59618/0 (socket says 172.21.15.18:59618)
2024-05-10T04:54:28.128 INFO:teuthology.orchestra.run.smithi018.stdout:/usr/bin/ceph: stderr
2024-05-10T04:54:27.301+0000 7f7e4f400700 1 -- 172.21.15.18:0/134500485 learned_addr learned my addr 172.21.15.18:0/134500485 (peer_addr_for_me v2:172.21.15.18:0/0)
2024-05-10T04:54:28.128 INFO:teuthology.orchestra.run.smithi018.stdout:/usr/bin/ceph: stderr
2024-05-10T04:54:27.301+0000 7f7e4f400700 1 -- 172.21.15.18:0/134500485 --> [v2:172.21.15.18:3300/0,v1:172.21.15.18:6789/0] -- mon_subscribe({config=0+,monmap=0+}) v3 -- 0x7f7e5007b860 con 0x7f7e5007cdb0
2024-05-10T04:54:28.128 INFO:teuthology.orchestra.run.smithi018.stdout:/usr/bin/ceph: stderr
2024-05-10T04:54:27.301+0000 7f7e4f400700 1 --2- 172.21.15.18:0/134500485 >> [v2:172.21.15.18:3300/0,v1:172.21.15.18:6789/0] conn(0x7f7e5007cdb0 0x7f7e5007b1e0 secure :-1 s=READY pgs=68 cs=0 l=1 rev1=1 crypto rx=0x7f7e400098a0 tx=0x7f7e40009bb0 comp rx=0 tx=0).ready entity=mon.0 client_cookie=e5e3b59a79c44c1b server_cookie=0 in_seq=0 out_seq=0
2024-05-10T04:54:28.128 INFO:teuthology.orchestra.run.smithi018.stdout:/usr/bin/ceph: stderr
2024-05-10T04:54:27.302+0000 7f7e4e000700 1 -- 172.21.15.18:0/134500485 <== mon.0 v2:172.21.15.18:3300/0 1 ==== mon_map magic: 0 v1 ==== 205+0+0 (secure 0 0 0) 0x7f7e40004160 con 0x7f7e5007cdb0
2024-05-10T04:54:28.128 INFO:teuthology.orchestra.run.smithi018.stdout:/usr/bin/ceph: stderr
2024-05-10T04:54:27.302+0000 7f7e4e000700 1 -- 172.21.15.18:0/134500485 <== mon.0 v2:172.21.15.18:3300/0 2 ==== config(26 keys) v1 ==== 1105+0+0 (secure 0 0 0) 0x7f7e400042c0 con 0x7f7e5007cdb0
2024-05-10T04:54:28.128 INFO:teuthology.orchestra.run.smithi018.stdout:/usr/bin/ceph: stderr
2024-05-10T04:54:27.302+0000 7f7e4e000700 1 -- 172.21.15.18:0/134500485 <== mon.0 v2:172.21.15.18:3300/0 3 ==== mon_map magic: 0 v1 ==== 205+0+0 (secure 0 0 0) 0x7f7e400119b0 con 0x7f7e5007cdb0
2024-05-10T04:54:28.128 INFO:teuthology.orchestra.run.smithi018.stdout:/usr/bin/ceph: stderr
2024-05-10T04:54:27.302+0000 7f7e56200700 1 -- 172.21.15.18:0/134500485 >> [v2:172.21.15.18:3300/0,v1:172.21.15.18:6789/0] conn(0x7f7e5007cdb0 msgr2=0x7f7e5007b1e0 secure :-1 s=STATE_CONNECTION_ESTABLISHED l=1).mark_down
2024-05-10T04:54:28.128 INFO:teuthology.orchestra.run.smithi018.stdout:/usr/bin/ceph: stderr
2024-05-10T04:54:27.302+0000 7f7e56200700 1 --2- 172.21.15.18:0/134500485 >> [v2:172.21.15.18:3300/0,v1:172.21.15.18:6789/0] conn(0x7f7e5007cdb0 0x7f7e5007b1e0 secure :-1 s=READY pgs=68 cs=0 l=1 rev1=1 crypto rx=0x7f7e400098a0 tx=0x7f7e40009bb0 comp rx=0 tx=0).stop
2024-05-10T04:54:28.128 INFO:teuthology.orchestra.run.smithi018.stdout:/usr/bin/ceph: stderr
2024-05-10T04:54:27.302+0000 7f7e56200700 1 -- 172.21.15.18:0/134500485 shutdown_connections
2024-05-10T04:54:28.128 INFO:teuthology.orchestra.run.smithi018.stdout:/usr/bin/ceph: stderr
2024-05-10T04:54:27.302+0000 7f7e56200700 1 --2- 172.21.15.18:0/134500485 >> [v2:172.21.15.18:3300/0,v1:172.21.15.18:6789/0] conn(0x7f7e5007cdb0 0x7f7e5007b1e0 unknown :-1 s=CLOSED pgs=68 cs=0 l=1 rev1=1 crypto rx=0 tx=0 comp rx=0 tx=0).stop
2024-05-10T04:54:28.129 INFO:teuthology.orchestra.run.smithi018.stdout:/usr/bin/ceph: stderr
2024-05-10T04:54:27.302+0000 7f7e56200700 1 -- 172.21.15.18:0/134500485 >> 172.21.15.18:0/134500485 conn(0x7f7e50102970 msgr2=0x7f7e50104de0 unknown :-1 s=STATE_NONE l=0).mark_down
2024-05-10T04:54:28.129 INFO:teuthology.orchestra.run.smithi018.stdout:/usr/bin/ceph: stderr
2024-05-10T04:54:27.302+0000 7f7e56200700 1 -- 172.21.15.18:0/134500485 shutdown_connections
2024-05-10T04:54:28.129 INFO:teuthology.orchestra.run.smithi018.stdout:/usr/bin/ceph: stderr
2024-05-10T04:54:27.303+0000 7f7e56200700 1 -- 172.21.15.18:0/134500485 wait complete.
2024-05-10T04:54:28.129 INFO:teuthology.orchestra.run.smithi018.stdout:/usr/bin/ceph: stderr
2024-05-10T04:54:27.304+0000 7f7e56200700 1 Processor -- start
2024-05-10T04:54:28.129 INFO:teuthology.orchestra.run.smithi018.stdout:/usr/bin/ceph: stderr
2024-05-10T04:54:27.304+0000 7f7e56200700 1 -- start start
2024-05-10T04:54:28.129 INFO:teuthology.orchestra.run.smithi018.stdout:/usr/bin/ceph: stderr
2024-05-10T04:54:27.305+0000 7f7e56200700 1 --2- >> [v2:172.21.15.18:3300/0,v1:172.21.15.18:6789/0] conn(0x7f7e5007cdb0 0x7f7e5019d6e0 unknown :-1 s=NONE pgs=0 cs=0 l=1 rev1=0 crypto rx=0 tx=0 comp rx=0 tx=0).connect
2024-05-10T04:54:28.129 INFO:teuthology.orchestra.run.smithi018.stdout:/usr/bin/ceph: stderr
2024-05-10T04:54:27.305+0000 7f7e56200700 1 -- --> [v2:172.21.15.18:3300/0,v1:172.21.15.18:6789/0] -- mon_getmap magic: 0 v1 -- 0x7f7e5019dc20 con 0x7f7e5007cdb0
2024-05-10T04:54:28.129 INFO:teuthology.orchestra.run.smithi018.stdout:/usr/bin/ceph: stderr
2024-05-10T04:54:27.305+0000 7f7e4f400700 1 --2- >> [v2:172.21.15.18:3300/0,v1:172.21.15.18:6789/0] conn(0x7f7e5007cdb0 0x7f7e5019d6e0 unknown :-1 s=BANNER_CONNECTING pgs=0 cs=0 l=1 rev1=0 crypto rx=0 tx=0 comp rx=0 tx=0)._handle_peer_banner_payload supported=3 required=0
2024-05-10T04:54:28.129 INFO:teuthology.orchestra.run.smithi018.stdout:/usr/bin/ceph: stderr
2024-05-10T04:54:27.305+0000 7f7e4f400700 1 --2- >> [v2:172.21.15.18:3300/0,v1:172.21.15.18:6789/0] conn(0x7f7e5007cdb0 0x7f7e5019d6e0 unknown :-1 s=HELLO_CONNECTING pgs=0 cs=0 l=1 rev1=1 crypto rx=0 tx=0 comp rx=0 tx=0).handle_hello peer v2:172.21.15.18:3300/0 says I am v2:172.21.15.18:59624/0 (socket says 172.21.15.18:59624)
2024-05-10T04:54:28.129 INFO:teuthology.orchestra.run.smithi018.stdout:/usr/bin/ceph: stderr
2024-05-10T04:54:27.305+0000 7f7e4f400700 1 -- 172.21.15.18:0/3276601823 learned_addr learned my addr 172.21.15.18:0/3276601823 (peer_addr_for_me v2:172.21.15.18:0/0)
2024-05-10T04:54:28.130 INFO:teuthology.orchestra.run.smithi018.stdout:/usr/bin/ceph: stderr
2024-05-10T04:54:27.305+0000 7f7e4f400700 1 -- 172.21.15.18:0/3276601823 --> [v2:172.21.15.18:3300/0,v1:172.21.15.18:6789/0] -- mon_subscribe({config=0+,monmap=0+}) v3 -- 0x7f7e40009550 con 0x7f7e5007cdb0
2024-05-10T04:54:28.130 INFO:teuthology.orchestra.run.smithi018.stdout:/usr/bin/ceph: stderr
2024-05-10T04:54:27.306+0000 7f7e4f400700 1 --2- 172.21.15.18:0/3276601823 >> [v2:172.21.15.18:3300/0,v1:172.21.15.18:6789/0] conn(0x7f7e5007cdb0 0x7f7e5019d6e0 secure :-1 s=READY pgs=69 cs=0 l=1 rev1=1 crypto rx=0x7f7e40011670 tx=0x7f7e40011a30 comp rx=0 tx=0).ready entity=mon.0 client_cookie=0 server_cookie=0 in_seq=0 out_seq=0
2024-05-10T04:54:28.130 INFO:teuthology.orchestra.run.smithi018.stdout:/usr/bin/ceph: stderr
2024-05-10T04:54:27.306+0000 7f7e47e00700 1 -- 172.21.15.18:0/3276601823 <== mon.0 v2:172.21.15.18:3300/0 1 ==== mon_map magic: 0 v1 ==== 205+0+0 (secure 0 0 0) 0x7f7e40003af0 con 0x7f7e5007cdb0
2024-05-10T04:54:28.130 INFO:teuthology.orchestra.run.smithi018.stdout:/usr/bin/ceph: stderr
2024-05-10T04:54:27.306+0000 7f7e47e00700 1 -- 172.21.15.18:0/3276601823 <== mon.0 v2:172.21.15.18:3300/0 2 ==== config(26 keys) v1 ==== 1105+0+0 (secure 0 0 0) 0x7f7e40003c50 con 0x7f7e5007cdb0
2024-05-10T04:54:28.130 INFO:teuthology.orchestra.run.smithi018.stdout:/usr/bin/ceph: stderr
2024-05-10T04:54:27.306+0000 7f7e56200700 1 -- 172.21.15.18:0/3276601823 --> [v2:172.21.15.18:3300/0,v1:172.21.15.18:6789/0] -- mon_subscribe({mgrmap=0+}) v3 -- 0x7f7e5019de20 con 0x7f7e5007cdb0
2024-05-10T04:54:28.130 INFO:teuthology.orchestra.run.smithi018.stdout:/usr/bin/ceph: stderr
2024-05-10T04:54:27.306+0000 7f7e47e00700 1 -- 172.21.15.18:0/3276601823 <== mon.0 v2:172.21.15.18:3300/0 3 ==== mon_map magic: 0 v1 ==== 205+0+0 (secure 0 0 0) 0x7f7e40024730 con 0x7f7e5007cdb0
2024-05-10T04:54:28.130 INFO:teuthology.orchestra.run.smithi018.stdout:/usr/bin/ceph: stderr
2024-05-10T04:54:27.306+0000 7f7e56200700 1 -- 172.21.15.18:0/3276601823 --> [v2:172.21.15.18:3300/0,v1:172.21.15.18:6789/0] -- mon_subscribe({osdmap=0}) v3 -- 0x7f7e5019e2c0 con 0x7f7e5007cdb0
2024-05-10T04:54:28.130 INFO:teuthology.orchestra.run.smithi018.stdout:/usr/bin/ceph: stderr
2024-05-10T04:54:27.307+0000 7f7e47e00700 1 -- 172.21.15.18:0/3276601823 <== mon.0 v2:172.21.15.18:3300/0 4 ==== mgrmap(e 11) v1 ==== 45448+0+0 (secure 0 0 0) 0x7f7e4001a430 con 0x7f7e5007cdb0
2024-05-10T04:54:28.130 INFO:teuthology.orchestra.run.smithi018.stdout:/usr/bin/ceph: stderr
2024-05-10T04:54:27.308+0000 7f7e56200700 1 -- 172.21.15.18:0/3276601823 --> [v2:172.21.15.18:3300/0,v1:172.21.15.18:6789/0] -- mon_command({"prefix": "get_command_descriptions"} v 0) v1 -- 0x7f7e5010d730 con 0x7f7e5007cdb0
2024-05-10T04:54:28.130 INFO:teuthology.orchestra.run.smithi018.stdout:/usr/bin/ceph: stderr
2024-05-10T04:54:27.308+0000 7f7e47e00700 1 --2- 172.21.15.18:0/3276601823 >> [v2:172.21.15.18:6800/484461834,v1:172.21.15.18:6801/484461834] conn(0x7f7e340386d0 0x7f7e3403abe0 unknown :-1 s=NONE pgs=0 cs=0 l=1 rev1=0 crypto rx=0 tx=0 comp rx=0 tx=0).connect
2024-05-10T04:54:28.131 INFO:teuthology.orchestra.run.smithi018.stdout:/usr/bin/ceph: stderr
2024-05-10T04:54:27.308+0000 7f7e47e00700 1 -- 172.21.15.18:0/3276601823 <== mon.0 v2:172.21.15.18:3300/0 5 ==== osd_map(3..3 src has 1..3) v4 ==== 1155+0+0 (secure 0 0 0) 0x7f7e4004c620 con 0x7f7e5007cdb0
2024-05-10T04:54:28.131 INFO:teuthology.orchestra.run.smithi018.stdout:/usr/bin/ceph: stderr
2024-05-10T04:54:27.308+0000 7f7e4ea00700 1 --2- 172.21.15.18:0/3276601823 >> [v2:172.21.15.18:6800/484461834,v1:172.21.15.18:6801/484461834] conn(0x7f7e340386d0 0x7f7e3403abe0 unknown :-1 s=BANNER_CONNECTING pgs=0 cs=0 l=1 rev1=0 crypto rx=0 tx=0 comp rx=0 tx=0)._handle_peer_banner_payload supported=3 required=0
2024-05-10T04:54:28.131 INFO:teuthology.orchestra.run.smithi018.stdout:/usr/bin/ceph: stderr
2024-05-10T04:54:27.309+0000 7f7e4ea00700 1 --2- 172.21.15.18:0/3276601823 >> [v2:172.21.15.18:6800/484461834,v1:172.21.15.18:6801/484461834] conn(0x7f7e340386d0 0x7f7e3403abe0 secure :-1 s=READY pgs=7 cs=0 l=1 rev1=1 crypto rx=0x7f7e3c006fd0 tx=0x7f7e3c006e40 comp rx=0 tx=0).ready entity=mgr.14150 client_cookie=0 server_cookie=0 in_seq=0 out_seq=0
2024-05-10T04:54:28.131 INFO:teuthology.orchestra.run.smithi018.stdout:/usr/bin/ceph: stderr
2024-05-10T04:54:27.314+0000 7f7e47e00700 1 -- 172.21.15.18:0/3276601823 <== mon.0 v2:172.21.15.18:3300/0 6 ==== mon_command_ack([{"prefix": "get_command_descriptions"}]=0 v0) v1 ==== 72+0+183622 (secure 0 0 0) 0x7f7e40024e40 con 0x7f7e5007cdb0
2024-05-10T04:54:28.131 INFO:teuthology.orchestra.run.smithi018.stdout:/usr/bin/ceph: stderr
2024-05-10T04:54:27.560+0000 7f7e56200700 1 -- 172.21.15.18:0/3276601823 --> [v2:172.21.15.18:6800/484461834,v1:172.21.15.18:6801/484461834] -- mgr_command(tid 0: {"prefix": "dashboard create-self-signed-cert", "target": ["mon-mgr", ""]}) v1 -- 0x7f7e50103b10 con 0x7f7e340386d0
2024-05-10T04:54:28.131 INFO:teuthology.orchestra.run.smithi018.stdout:/usr/bin/ceph: stderr
2024-05-10T04:54:27.743+0000 7f7e47e00700 1 -- 172.21.15.18:0/3276601823 <== mon.0 v2:172.21.15.18:3300/0 7 ==== mgrmap(e 12) v1 ==== 45554+0+0 (secure 0 0 0) 0x7f7e4001a6e0 con 0x7f7e5007cdb0
2024-05-10T04:54:28.132 INFO:teuthology.orchestra.run.smithi018.stdout:/usr/bin/ceph: stderr
2024-05-10T04:54:27.775+0000 7f7e47e00700 1 -- 172.21.15.18:0/3276601823 <== mgr.14150 v2:172.21.15.18:6800/484461834 1 ==== mgr_command_reply(tid 0: 0 ) v1 ==== 8+0+32 (secure 0 0 0) 0x7f7e50103b10 con 0x7f7e340386d0
2024-05-10T04:54:28.132 INFO:teuthology.orchestra.run.smithi018.stdout:/usr/bin/ceph: stderr
2024-05-10T04:54:27.778+0000 7f7e56200700 1 -- 172.21.15.18:0/3276601823 >> [v2:172.21.15.18:6800/484461834,v1:172.21.15.18:6801/484461834] conn(0x7f7e340386d0 msgr2=0x7f7e3403abe0 secure :-1 s=STATE_CONNECTION_ESTABLISHED l=1).mark_down
2024-05-10T04:54:28.132 INFO:teuthology.orchestra.run.smithi018.stdout:/usr/bin/ceph: stderr
2024-05-10T04:54:27.778+0000 7f7e56200700 1 --2- 172.21.15.18:0/3276601823 >> [v2:172.21.15.18:6800/484461834,v1:172.21.15.18:6801/484461834] conn(0x7f7e340386d0 0x7f7e3403abe0 secure :-1 s=READY pgs=7 cs=0 l=1 rev1=1 crypto rx=0x7f7e3c006fd0 tx=0x7f7e3c006e40 comp rx=0 tx=0).stop
2024-05-10T04:54:28.132 INFO:teuthology.orchestra.run.smithi018.stdout:/usr/bin/ceph: stderr
2024-05-10T04:54:27.778+0000 7f7e56200700 1 -- 172.21.15.18:0/3276601823 >> [v2:172.21.15.18:3300/0,v1:172.21.15.18:6789/0] conn(0x7f7e5007cdb0 msgr2=0x7f7e5019d6e0 secure :-1 s=STATE_CONNECTION_ESTABLISHED l=1).mark_down
2024-05-10T04:54:28.132 INFO:teuthology.orchestra.run.smithi018.stdout:/usr/bin/ceph: stderr
2024-05-10T04:54:27.778+0000 7f7e56200700 1 --2- 172.21.15.18:0/3276601823 >> [v2:172.21.15.18:3300/0,v1:172.21.15.18:6789/0] conn(0x7f7e5007cdb0 0x7f7e5019d6e0 secure :-1 s=READY pgs=69 cs=0 l=1 rev1=1 crypto rx=0x7f7e40011670 tx=0x7f7e40011a30 comp rx=0 tx=0).stop
2024-05-10T04:54:28.132 INFO:teuthology.orchestra.run.smithi018.stdout:/usr/bin/ceph: stderr
2024-05-10T04:54:27.778+0000 7f7e56200700 1 -- 172.21.15.18:0/3276601823 shutdown_connections
2024-05-10T04:54:28.132 INFO:teuthology.orchestra.run.smithi018.stdout:/usr/bin/ceph: stderr
2024-05-10T04:54:27.778+0000 7f7e56200700 1 --2- 172.21.15.18:0/3276601823 >> [v2:172.21.15.18:6800/484461834,v1:172.21.15.18:6801/484461834] conn(0x7f7e340386d0 0x7f7e3403abe0 unknown :-1 s=CLOSED pgs=7 cs=0 l=1 rev1=1 crypto rx=0 tx=0 comp rx=0 tx=0).stop
2024-05-10T04:54:28.132 INFO:teuthology.orchestra.run.smithi018.stdout:/usr/bin/ceph: stderr
2024-05-10T04:54:27.778+0000 7f7e56200700 1 --2- 172.21.15.18:0/3276601823 >> [v2:172.21.15.18:3300/0,v1:172.21.15.18:6789/0] conn(0x7f7e5007cdb0 0x7f7e5019d6e0 unknown :-1 s=CLOSED pgs=69 cs=0 l=1 rev1=1 crypto rx=0 tx=0 comp rx=0 tx=0).stop
2024-05-10T04:54:28.132 INFO:teuthology.orchestra.run.smithi018.stdout:/usr/bin/ceph: stderr
2024-05-10T04:54:27.778+0000 7f7e56200700 1 -- 172.21.15.18:0/3276601823 >> 172.21.15.18:0/3276601823 conn(0x7f7e50102970 msgr2=0x7f7e50103380 unknown :-1 s=STATE_NONE l=0).mark_down
2024-05-10T04:54:28.132 INFO:teuthology.orchestra.run.smithi018.stdout:/usr/bin/ceph: stderr
2024-05-10T04:54:27.778+0000 7f7e56200700 1 -- 172.21.15.18:0/3276601823 shutdown_connections
2024-05-10T04:54:28.132 INFO:teuthology.orchestra.run.smithi018.stdout:/usr/bin/ceph: stderr
2024-05-10T04:54:27.778+0000 7f7e56200700 1 -- 172.21.15.18:0/3276601823 wait complete.
2024-05-10T04:54:28.133 INFO:teuthology.orchestra.run.smithi018.stdout:Creating initial admin user...
2024-05-10T04:54:28.988 INFO:journalctl@ceph.mon.a.smithi018.stdout:May 10 04:54:28 smithi018 ceph-mon[37093]: from='client.14162 -' entity='client.admin' cmd=[{"prefix": "dashboard create-self-signed-cert", "target": ["mon-mgr", ""]}]: dispatch
2024-05-10T04:54:28.988 INFO:journalctl@ceph.mon.a.smithi018.stdout:May 10 04:54:28 smithi018 ceph-mon[37093]: mgrmap e12: x(active, since 2s)
2024-05-10T04:54:28.988 INFO:journalctl@ceph.mon.a.smithi018.stdout:May 10 04:54:28 smithi018 ceph-mon[37093]: from='mgr.14150 172.21.15.18:0/553937277' entity='mgr.x'
2024-05-10T04:54:28.988 INFO:journalctl@ceph.mon.a.smithi018.stdout:May 10 04:54:28 smithi018 ceph-mon[37093]: from='mgr.14150 172.21.15.18:0/553937277' entity='mgr.x'
2024-05-10T04:54:28.988 INFO:journalctl@ceph.mon.a.smithi018.stdout:May 10 04:54:28 smithi018 ceph-mon[37093]: from='mgr.14150 172.21.15.18:0/553937277' entity='mgr.x'
2024-05-10T04:54:29.721 INFO:teuthology.orchestra.run.smithi018.stdout:/usr/bin/ceph: stdout {"username": "admin", "password": "$2b$12$wC4GZFQfyIjGWZjfxdNp5O1ofO/tDHBt9S/DzGgwRvy7sTjRQ13sa", "roles": ["administrator"], "name": null, "email": null, "lastUpdate": 1715316869, "enabled": true, "pwdExpirationDate": null, "pwdUpdateRequired": true}
2024-05-10T04:54:29.721 INFO:teuthology.orchestra.run.smithi018.stdout:/usr/bin/ceph: stderr
2024-05-10T04:54:28.645+0000 7f6924e00700 1 Processor -- start
2024-05-10T04:54:29.721 INFO:teuthology.orchestra.run.smithi018.stdout:/usr/bin/ceph: stderr
2024-05-10T04:54:28.646+0000 7f6924e00700 1 -- start start
2024-05-10T04:54:29.721 INFO:teuthology.orchestra.run.smithi018.stdout:/usr/bin/ceph: stderr
2024-05-10T04:54:28.646+0000 7f6924e00700 1 --2- >> [v2:172.21.15.18:3300/0,v1:172.21.15.18:6789/0] conn(0x7f6920107c40 0x7f692010a060 unknown :-1 s=NONE pgs=0 cs=0 l=0 rev1=0 crypto rx=0 tx=0 comp rx=0 tx=0).connect
2024-05-10T04:54:29.721 INFO:teuthology.orchestra.run.smithi018.stdout:/usr/bin/ceph: stderr
2024-05-10T04:54:28.646+0000 7f6924e00700 1 -- --> [v2:172.21.15.18:3300/0,v1:172.21.15.18:6789/0] -- mon_getmap magic: 0 v1 -- 0x7f692007ae20 con 0x7f6920107c40
2024-05-10T04:54:29.721 INFO:teuthology.orchestra.run.smithi018.stdout:/usr/bin/ceph: stderr
2024-05-10T04:54:28.647+0000 7f691f400700 1 --2- >> [v2:172.21.15.18:3300/0,v1:172.21.15.18:6789/0] conn(0x7f6920107c40 0x7f692010a060 unknown :-1 s=BANNER_CONNECTING pgs=0 cs=0 l=0 rev1=0 crypto rx=0 tx=0 comp rx=0 tx=0)._handle_peer_banner_payload supported=3 required=0
2024-05-10T04:54:29.722 INFO:teuthology.orchestra.run.smithi018.stdout:/usr/bin/ceph: stderr
2024-05-10T04:54:28.647+0000 7f691f400700 1 --2- >> [v2:172.21.15.18:3300/0,v1:172.21.15.18:6789/0] conn(0x7f6920107c40 0x7f692010a060 unknown :-1 s=HELLO_CONNECTING pgs=0 cs=0 l=0 rev1=1 crypto rx=0 tx=0 comp rx=0 tx=0).handle_hello peer v2:172.21.15.18:3300/0 says I am v2:172.21.15.18:59626/0 (socket says 172.21.15.18:59626)
2024-05-10T04:54:29.722 INFO:teuthology.orchestra.run.smithi018.stdout:/usr/bin/ceph: stderr
2024-05-10T04:54:28.647+0000 7f691f400700 1 -- 172.21.15.18:0/262245178 learned_addr learned my addr 172.21.15.18:0/262245178 (peer_addr_for_me v2:172.21.15.18:0/0)
2024-05-10T04:54:29.722 INFO:teuthology.orchestra.run.smithi018.stdout:/usr/bin/ceph: stderr
2024-05-10T04:54:28.647+0000 7f691f400700 1 -- 172.21.15.18:0/262245178 --> [v2:172.21.15.18:3300/0,v1:172.21.15.18:6789/0] -- mon_subscribe({config=0+,monmap=0+}) v3 -- 0x7f692010a5a0 con 0x7f6920107c40
2024-05-10T04:54:29.722 INFO:teuthology.orchestra.run.smithi018.stdout:/usr/bin/ceph: stderr
2024-05-10T04:54:28.648+0000 7f691f400700 1 --2- 172.21.15.18:0/262245178 >> [v2:172.21.15.18:3300/0,v1:172.21.15.18:6789/0] conn(0x7f6920107c40 0x7f692010a060 secure :-1 s=READY pgs=70 cs=0 l=1 rev1=1 crypto rx=0x7f69100098a0 tx=0x7f6910009bb0 comp rx=0 tx=0).ready entity=mon.0 client_cookie=7cb37eb6e5bc0e0e server_cookie=0 in_seq=0 out_seq=0
2024-05-10T04:54:29.722 INFO:teuthology.orchestra.run.smithi018.stdout:/usr/bin/ceph: stderr
2024-05-10T04:54:28.648+0000 7f691e000700 1 -- 172.21.15.18:0/262245178 <== mon.0 v2:172.21.15.18:3300/0 1 ==== mon_map magic: 0 v1 ==== 205+0+0 (secure 0 0 0) 0x7f6910004160 con 0x7f6920107c40
2024-05-10T04:54:29.722 INFO:teuthology.orchestra.run.smithi018.stdout:/usr/bin/ceph: stderr
2024-05-10T04:54:28.648+0000 7f691e000700 1 -- 172.21.15.18:0/262245178 <== mon.0 v2:172.21.15.18:3300/0 2 ==== config(26 keys) v1 ==== 1105+0+0 (secure 0 0 0) 0x7f69100042c0 con 0x7f6920107c40
2024-05-10T04:54:29.722 INFO:teuthology.orchestra.run.smithi018.stdout:/usr/bin/ceph: stderr
2024-05-10T04:54:28.648+0000 7f691e000700 1 -- 172.21.15.18:0/262245178 <== mon.0 v2:172.21.15.18:3300/0 3 ==== mon_map magic: 0 v1 ==== 205+0+0 (secure 0 0 0) 0x7f69100119b0 con 0x7f6920107c40
2024-05-10T04:54:29.722 INFO:teuthology.orchestra.run.smithi018.stdout:/usr/bin/ceph: stderr
2024-05-10T04:54:28.649+0000 7f6924e00700 1 -- 172.21.15.18:0/262245178 >> [v2:172.21.15.18:3300/0,v1:172.21.15.18:6789/0] conn(0x7f6920107c40 msgr2=0x7f692010a060 secure :-1 s=STATE_CONNECTION_ESTABLISHED l=1).mark_down
2024-05-10T04:54:29.722 INFO:teuthology.orchestra.run.smithi018.stdout:/usr/bin/ceph: stderr
2024-05-10T04:54:28.649+0000 7f6924e00700 1 --2- 172.21.15.18:0/262245178 >> [v2:172.21.15.18:3300/0,v1:172.21.15.18:6789/0] conn(0x7f6920107c40 0x7f692010a060 secure :-1 s=READY pgs=70 cs=0 l=1 rev1=1 crypto rx=0x7f69100098a0 tx=0x7f6910009bb0 comp rx=0 tx=0).stop
2024-05-10T04:54:29.722 INFO:teuthology.orchestra.run.smithi018.stdout:/usr/bin/ceph: stderr
2024-05-10T04:54:28.649+0000 7f6924e00700 1 -- 172.21.15.18:0/262245178 shutdown_connections
2024-05-10T04:54:29.722 INFO:teuthology.orchestra.run.smithi018.stdout:/usr/bin/ceph: stderr
2024-05-10T04:54:28.649+0000 7f6924e00700 1 --2- 172.21.15.18:0/262245178 >> [v2:172.21.15.18:3300/0,v1:172.21.15.18:6789/0] conn(0x7f6920107c40 0x7f692010a060 unknown :-1 s=CLOSED pgs=70 cs=0 l=1 rev1=1 crypto rx=0 tx=0 comp rx=0 tx=0).stop
2024-05-10T04:54:29.722 INFO:teuthology.orchestra.run.smithi018.stdout:/usr/bin/ceph: stderr
2024-05-10T04:54:28.649+0000 7f6924e00700 1 -- 172.21.15.18:0/262245178 >> 172.21.15.18:0/262245178 conn(0x7f69201016c0 msgr2=0x7f6920103b50 unknown :-1 s=STATE_NONE l=0).mark_down
2024-05-10T04:54:29.723 INFO:teuthology.orchestra.run.smithi018.stdout:/usr/bin/ceph: stderr
2024-05-10T04:54:28.649+0000 7f6924e00700 1 -- 172.21.15.18:0/262245178 shutdown_connections
2024-05-10T04:54:29.723 INFO:teuthology.orchestra.run.smithi018.stdout:/usr/bin/ceph: stderr
2024-05-10T04:54:28.649+0000 7f6924e00700 1 -- 172.21.15.18:0/262245178 wait complete.
2024-05-10T04:54:29.723 INFO:teuthology.orchestra.run.smithi018.stdout:/usr/bin/ceph: stderr
2024-05-10T04:54:28.651+0000 7f6924e00700 1 Processor -- start
2024-05-10T04:54:29.723 INFO:teuthology.orchestra.run.smithi018.stdout:/usr/bin/ceph: stderr
2024-05-10T04:54:28.651+0000 7f6924e00700 1 -- start start
2024-05-10T04:54:29.723 INFO:teuthology.orchestra.run.smithi018.stdout:/usr/bin/ceph: stderr
2024-05-10T04:54:28.651+0000 7f6924e00700 1 --2- >> [v2:172.21.15.18:3300/0,v1:172.21.15.18:6789/0] conn(0x7f6920107c40 0x7f692019b320 unknown :-1 s=NONE pgs=0 cs=0 l=1 rev1=0 crypto rx=0 tx=0 comp rx=0 tx=0).connect
2024-05-10T04:54:29.723 INFO:teuthology.orchestra.run.smithi018.stdout:/usr/bin/ceph: stderr
2024-05-10T04:54:28.651+0000 7f6924e00700 1 -- --> [v2:172.21.15.18:3300/0,v1:172.21.15.18:6789/0] -- mon_getmap magic: 0 v1 -- 0x7f692019b860 con 0x7f6920107c40
2024-05-10T04:54:29.723 INFO:teuthology.orchestra.run.smithi018.stdout:/usr/bin/ceph: stderr
2024-05-10T04:54:28.651+0000 7f691f400700 1 --2- >> [v2:172.21.15.18:3300/0,v1:172.21.15.18:6789/0] conn(0x7f6920107c40 0x7f692019b320 unknown :-1 s=BANNER_CONNECTING pgs=0 cs=0 l=1 rev1=0 crypto rx=0 tx=0 comp rx=0 tx=0)._handle_peer_banner_payload supported=3 required=0
2024-05-10T04:54:29.723 INFO:teuthology.orchestra.run.smithi018.stdout:/usr/bin/ceph: stderr
2024-05-10T04:54:28.651+0000 7f691f400700 1 --2- >> [v2:172.21.15.18:3300/0,v1:172.21.15.18:6789/0] conn(0x7f6920107c40 0x7f692019b320 unknown :-1 s=HELLO_CONNECTING pgs=0 cs=0 l=1 rev1=1 crypto rx=0 tx=0 comp rx=0 tx=0).handle_hello peer v2:172.21.15.18:3300/0 says I am v2:172.21.15.18:59632/0 (socket says 172.21.15.18:59632)
2024-05-10T04:54:29.723 INFO:teuthology.orchestra.run.smithi018.stdout:/usr/bin/ceph: stderr
2024-05-10T04:54:28.651+0000 7f691f400700 1 -- 172.21.15.18:0/1515206900 learned_addr learned my addr 172.21.15.18:0/1515206900 (peer_addr_for_me v2:172.21.15.18:0/0)
2024-05-10T04:54:29.723 INFO:teuthology.orchestra.run.smithi018.stdout:/usr/bin/ceph: stderr
2024-05-10T04:54:28.652+0000 7f691f400700 1 -- 172.21.15.18:0/1515206900 --> [v2:172.21.15.18:3300/0,v1:172.21.15.18:6789/0] -- mon_subscribe({config=0+,monmap=0+}) v3 -- 0x7f6910009550 con 0x7f6920107c40
