2024-05-10T05:08:17.953 INFO:teuthology.orchestra.run.smithi016.stdout:/usr/bin/ceph: stdout "services": {}
2024-05-10T05:08:17.953 INFO:teuthology.orchestra.run.smithi016.stdout:/usr/bin/ceph: stdout },
2024-05-10T05:08:17.953 INFO:teuthology.orchestra.run.smithi016.stdout:/usr/bin/ceph: stdout "progress_events": {}
2024-05-10T05:08:17.953 INFO:teuthology.orchestra.run.smithi016.stdout:/usr/bin/ceph: stdout }
2024-05-10T05:08:17.953 INFO:teuthology.orchestra.run.smithi016.stdout:/usr/bin/ceph: stderr
2024-05-10T05:08:17.237+0000 7f21ddca5700 1 Processor -- start
2024-05-10T05:08:17.953 INFO:teuthology.orchestra.run.smithi016.stdout:/usr/bin/ceph: stderr
2024-05-10T05:08:17.237+0000 7f21ddca5700 1 -- start start
2024-05-10T05:08:17.953 INFO:teuthology.orchestra.run.smithi016.stdout:/usr/bin/ceph: stderr
2024-05-10T05:08:17.237+0000 7f21ddca5700 1 --2- >> [v2:172.21.15.16:3300/0,v1:172.21.15.16:6789/0] conn(0x7f21d81062d0 0x7f21d81066e0 unknown :-1 s=NONE pgs=0 cs=0 l=0 rev1=0 crypto rx=0 tx=0 comp rx=0 tx=0).connect
2024-05-10T05:08:17.953 INFO:teuthology.orchestra.run.smithi016.stdout:/usr/bin/ceph: stderr
2024-05-10T05:08:17.237+0000 7f21ddca5700 1 -- --> [v2:172.21.15.16:3300/0,v1:172.21.15.16:6789/0] -- mon_getmap magic: 0 v1 -- 0x7f21d8106cd0 con 0x7f21d81062d0
2024-05-10T05:08:17.953 INFO:teuthology.orchestra.run.smithi016.stdout:/usr/bin/ceph: stderr
2024-05-10T05:08:17.237+0000 7f21d77fe700 1 --2- >> [v2:172.21.15.16:3300/0,v1:172.21.15.16:6789/0] conn(0x7f21d81062d0 0x7f21d81066e0 unknown :-1 s=BANNER_CONNECTING pgs=0 cs=0 l=0 rev1=0 crypto rx=0 tx=0 comp rx=0 tx=0)._handle_peer_banner_payload supported=3 required=0
2024-05-10T05:08:17.953 INFO:teuthology.orchestra.run.smithi016.stdout:/usr/bin/ceph: stderr
2024-05-10T05:08:17.237+0000 7f21d77fe700 1 --2- >> [v2:172.21.15.16:3300/0,v1:172.21.15.16:6789/0] conn(0x7f21d81062d0 0x7f21d81066e0 unknown :-1 s=HELLO_CONNECTING pgs=0 cs=0 l=0 rev1=1 crypto rx=0 tx=0 comp rx=0 tx=0).handle_hello peer v2:172.21.15.16:3300/0 says I am v2:172.21.15.16:47114/0 (socket says 172.21.15.16:47114)
2024-05-10T05:08:17.954 INFO:teuthology.orchestra.run.smithi016.stdout:/usr/bin/ceph: stderr
2024-05-10T05:08:17.237+0000 7f21d77fe700 1 -- 172.21.15.16:0/142705911 learned_addr learned my addr 172.21.15.16:0/142705911 (peer_addr_for_me v2:172.21.15.16:0/0)
2024-05-10T05:08:17.954 INFO:teuthology.orchestra.run.smithi016.stdout:/usr/bin/ceph: stderr
2024-05-10T05:08:17.238+0000 7f21d77fe700 1 -- 172.21.15.16:0/142705911 --> [v2:172.21.15.16:3300/0,v1:172.21.15.16:6789/0] -- mon_subscribe({config=0+,monmap=0+}) v3 -- 0x7f21d8107400 con 0x7f21d81062d0
2024-05-10T05:08:17.954 INFO:teuthology.orchestra.run.smithi016.stdout:/usr/bin/ceph: stderr
2024-05-10T05:08:17.238+0000 7f21d77fe700 1 --2- 172.21.15.16:0/142705911 >> [v2:172.21.15.16:3300/0,v1:172.21.15.16:6789/0] conn(0x7f21d81062d0 0x7f21d81066e0 secure :-1 s=READY pgs=18 cs=0 l=1 rev1=1 crypto rx=0x7f21c00098a0 tx=0x7f21c0009bb0 comp rx=0 tx=0).ready entity=mon.0 client_cookie=d3c799e25b74ccb2 server_cookie=0 in_seq=0 out_seq=0
2024-05-10T05:08:17.954 INFO:teuthology.orchestra.run.smithi016.stdout:/usr/bin/ceph: stderr
2024-05-10T05:08:17.238+0000 7f21d67fc700 1 -- 172.21.15.16:0/142705911 <== mon.0 v2:172.21.15.16:3300/0 1 ==== mon_map magic: 0 v1 ==== 205+0+0 (secure 0 0 0) 0x7f21c0004160 con 0x7f21d81062d0
2024-05-10T05:08:17.954 INFO:teuthology.orchestra.run.smithi016.stdout:/usr/bin/ceph: stderr
2024-05-10T05:08:17.238+0000 7f21d67fc700 1 -- 172.21.15.16:0/142705911 <== mon.0 v2:172.21.15.16:3300/0 2 ==== config(25 keys) v1 ==== 1036+0+0 (secure 0 0 0) 0x7f21c00042c0 con 0x7f21d81062d0
2024-05-10T05:08:17.954 INFO:teuthology.orchestra.run.smithi016.stdout:/usr/bin/ceph: stderr
2024-05-10T05:08:17.238+0000 7f21d67fc700 1 -- 172.21.15.16:0/142705911 <== mon.0 v2:172.21.15.16:3300/0 3 ==== mon_map magic: 0 v1 ==== 205+0+0 (secure 0 0 0) 0x7f21c0011940 con 0x7f21d81062d0
2024-05-10T05:08:17.954 INFO:teuthology.orchestra.run.smithi016.stdout:/usr/bin/ceph: stderr
2024-05-10T05:08:17.239+0000 7f21ddca5700 1 -- 172.21.15.16:0/142705911 >> [v2:172.21.15.16:3300/0,v1:172.21.15.16:6789/0] conn(0x7f21d81062d0 msgr2=0x7f21d81066e0 secure :-1 s=STATE_CONNECTION_ESTABLISHED l=1).mark_down
2024-05-10T05:08:17.954 INFO:teuthology.orchestra.run.smithi016.stdout:/usr/bin/ceph: stderr
2024-05-10T05:08:17.239+0000 7f21ddca5700 1 --2- 172.21.15.16:0/142705911 >> [v2:172.21.15.16:3300/0,v1:172.21.15.16:6789/0] conn(0x7f21d81062d0 0x7f21d81066e0 secure :-1 s=READY pgs=18 cs=0 l=1 rev1=1 crypto rx=0x7f21c00098a0 tx=0x7f21c0009bb0 comp rx=0 tx=0).stop
2024-05-10T05:08:17.954 INFO:teuthology.orchestra.run.smithi016.stdout:/usr/bin/ceph: stderr
2024-05-10T05:08:17.239+0000 7f21ddca5700 1 -- 172.21.15.16:0/142705911 shutdown_connections
2024-05-10T05:08:17.954 INFO:teuthology.orchestra.run.smithi016.stdout:/usr/bin/ceph: stderr
2024-05-10T05:08:17.239+0000 7f21ddca5700 1 --2- 172.21.15.16:0/142705911 >> [v2:172.21.15.16:3300/0,v1:172.21.15.16:6789/0] conn(0x7f21d81062d0 0x7f21d81066e0 unknown :-1 s=CLOSED pgs=18 cs=0 l=1 rev1=1 crypto rx=0 tx=0 comp rx=0 tx=0).stop
2024-05-10T05:08:17.954 INFO:teuthology.orchestra.run.smithi016.stdout:/usr/bin/ceph: stderr
2024-05-10T05:08:17.239+0000 7f21ddca5700 1 -- 172.21.15.16:0/142705911 >> 172.21.15.16:0/142705911 conn(0x7f21d8101930 msgr2=0x7f21d8103dc0 unknown :-1 s=STATE_NONE l=0).mark_down
2024-05-10T05:08:17.954 INFO:teuthology.orchestra.run.smithi016.stdout:/usr/bin/ceph: stderr
2024-05-10T05:08:17.239+0000 7f21ddca5700 1 -- 172.21.15.16:0/142705911 shutdown_connections
2024-05-10T05:08:17.954 INFO:teuthology.orchestra.run.smithi016.stdout:/usr/bin/ceph: stderr
2024-05-10T05:08:17.239+0000 7f21ddca5700 1 -- 172.21.15.16:0/142705911 wait complete.
2024-05-10T05:08:17.954 INFO:teuthology.orchestra.run.smithi016.stdout:/usr/bin/ceph: stderr
2024-05-10T05:08:17.240+0000 7f21ddca5700 1 Processor -- start
2024-05-10T05:08:17.955 INFO:teuthology.orchestra.run.smithi016.stdout:/usr/bin/ceph: stderr
2024-05-10T05:08:17.240+0000 7f21ddca5700 1 -- start start
2024-05-10T05:08:17.955 INFO:teuthology.orchestra.run.smithi016.stdout:/usr/bin/ceph: stderr
2024-05-10T05:08:17.240+0000 7f21ddca5700 1 --2- >> [v2:172.21.15.16:3300/0,v1:172.21.15.16:6789/0] conn(0x7f21d81062d0 0x7f21d8103ac0 unknown :-1 s=NONE pgs=0 cs=0 l=1 rev1=0 crypto rx=0 tx=0 comp rx=0 tx=0).connect
2024-05-10T05:08:17.955 INFO:teuthology.orchestra.run.smithi016.stdout:/usr/bin/ceph: stderr
2024-05-10T05:08:17.240+0000 7f21ddca5700 1 -- --> [v2:172.21.15.16:3300/0,v1:172.21.15.16:6789/0] -- mon_getmap magic: 0 v1 -- 0x7f21d8104000 con 0x7f21d81062d0
2024-05-10T05:08:17.955 INFO:teuthology.orchestra.run.smithi016.stdout:/usr/bin/ceph: stderr
2024-05-10T05:08:17.240+0000 7f21d77fe700 1 --2- >> [v2:172.21.15.16:3300/0,v1:172.21.15.16:6789/0] conn(0x7f21d81062d0 0x7f21d8103ac0 unknown :-1 s=BANNER_CONNECTING pgs=0 cs=0 l=1 rev1=0 crypto rx=0 tx=0 comp rx=0 tx=0)._handle_peer_banner_payload supported=3 required=0
2024-05-10T05:08:17.955 INFO:teuthology.orchestra.run.smithi016.stdout:/usr/bin/ceph: stderr
2024-05-10T05:08:17.240+0000 7f21d77fe700 1 --2- >> [v2:172.21.15.16:3300/0,v1:172.21.15.16:6789/0] conn(0x7f21d81062d0 0x7f21d8103ac0 unknown :-1 s=HELLO_CONNECTING pgs=0 cs=0 l=1 rev1=1 crypto rx=0 tx=0 comp rx=0 tx=0).handle_hello peer v2:172.21.15.16:3300/0 says I am v2:172.21.15.16:47126/0 (socket says 172.21.15.16:47126)
2024-05-10T05:08:17.955 INFO:teuthology.orchestra.run.smithi016.stdout:/usr/bin/ceph: stderr
2024-05-10T05:08:17.240+0000 7f21d77fe700 1 -- 172.21.15.16:0/2275995174 learned_addr learned my addr 172.21.15.16:0/2275995174 (peer_addr_for_me v2:172.21.15.16:0/0)
2024-05-10T05:08:17.955 INFO:teuthology.orchestra.run.smithi016.stdout:/usr/bin/ceph: stderr
2024-05-10T05:08:17.241+0000 7f21d77fe700 1 -- 172.21.15.16:0/2275995174 --> [v2:172.21.15.16:3300/0,v1:172.21.15.16:6789/0] -- mon_subscribe({config=0+,monmap=0+}) v3 -- 0x7f21c0009550 con 0x7f21d81062d0
2024-05-10T05:08:17.955 INFO:teuthology.orchestra.run.smithi016.stdout:/usr/bin/ceph: stderr
2024-05-10T05:08:17.241+0000 7f21d77fe700 1 --2- 172.21.15.16:0/2275995174 >> [v2:172.21.15.16:3300/0,v1:172.21.15.16:6789/0] conn(0x7f21d81062d0 0x7f21d8103ac0 secure :-1 s=READY pgs=19 cs=0 l=1 rev1=1 crypto rx=0x7f21c0009fb0 tx=0x7f21c00119a0 comp rx=0 tx=0).ready entity=mon.0 client_cookie=0 server_cookie=0 in_seq=0 out_seq=0
2024-05-10T05:08:17.955 INFO:teuthology.orchestra.run.smithi016.stdout:/usr/bin/ceph: stderr
2024-05-10T05:08:17.241+0000 7f21d4ff9700 1 -- 172.21.15.16:0/2275995174 <== mon.0 v2:172.21.15.16:3300/0 1 ==== mon_map magic: 0 v1 ==== 205+0+0 (secure 0 0 0) 0x7f21c0003af0 con 0x7f21d81062d0
2024-05-10T05:08:17.955 INFO:teuthology.orchestra.run.smithi016.stdout:/usr/bin/ceph: stderr
2024-05-10T05:08:17.241+0000 7f21d4ff9700 1 -- 172.21.15.16:0/2275995174 <== mon.0 v2:172.21.15.16:3300/0 2 ==== config(25 keys) v1 ==== 1036+0+0 (secure 0 0 0) 0x7f21c0003c50 con 0x7f21d81062d0
2024-05-10T05:08:17.955 INFO:teuthology.orchestra.run.smithi016.stdout:/usr/bin/ceph: stderr
2024-05-10T05:08:17.241+0000 7f21ddca5700 1 -- 172.21.15.16:0/2275995174 --> [v2:172.21.15.16:3300/0,v1:172.21.15.16:6789/0] -- mon_subscribe({mgrmap=0+}) v3 -- 0x7f21d8102250 con 0x7f21d81062d0
2024-05-10T05:08:17.955 INFO:teuthology.orchestra.run.smithi016.stdout:/usr/bin/ceph: stderr
2024-05-10T05:08:17.241+0000 7f21d4ff9700 1 -- 172.21.15.16:0/2275995174 <== mon.0 v2:172.21.15.16:3300/0 3 ==== mon_map magic: 0 v1 ==== 205+0+0 (secure 0 0 0) 0x7f21c0023720 con 0x7f21d81062d0
2024-05-10T05:08:17.955 INFO:teuthology.orchestra.run.smithi016.stdout:/usr/bin/ceph: stderr
2024-05-10T05:08:17.241+0000 7f21ddca5700 1 -- 172.21.15.16:0/2275995174 --> [v2:172.21.15.16:3300/0,v1:172.21.15.16:6789/0] -- mon_subscribe({osdmap=0}) v3 -- 0x7f21d8102670 con 0x7f21d81062d0
2024-05-10T05:08:17.956 INFO:teuthology.orchestra.run.smithi016.stdout:/usr/bin/ceph: stderr
2024-05-10T05:08:17.242+0000 7f21d4ff9700 1 -- 172.21.15.16:0/2275995174 <== mon.0 v2:172.21.15.16:3300/0 4 ==== mgrmap(e 4) v1 ==== 45530+0+0 (secure 0 0 0) 0x7f21c0023920 con 0x7f21d81062d0
2024-05-10T05:08:17.956 INFO:teuthology.orchestra.run.smithi016.stdout:/usr/bin/ceph: stderr
2024-05-10T05:08:17.242+0000 7f21ddca5700 1 -- 172.21.15.16:0/2275995174 --> [v2:172.21.15.16:3300/0,v1:172.21.15.16:6789/0] -- mon_command({"prefix": "get_command_descriptions"} v 0) v1 -- 0x7f21d8062840 con 0x7f21d81062d0
2024-05-10T05:08:17.956 INFO:teuthology.orchestra.run.smithi016.stdout:/usr/bin/ceph: stderr
2024-05-10T05:08:17.242+0000 7f21d4ff9700 1 --2- 172.21.15.16:0/2275995174 >> [v2:172.21.15.16:6800/2711725304,v1:172.21.15.16:6801/2711725304] conn(0x7f21c4038660 0x7f21c403ab70 unknown :-1 s=NONE pgs=0 cs=0 l=1 rev1=0 crypto rx=0 tx=0 comp rx=0 tx=0).connect
2024-05-10T05:08:17.956 INFO:teuthology.orchestra.run.smithi016.stdout:/usr/bin/ceph: stderr
2024-05-10T05:08:17.242+0000 7f21d4ff9700 1 -- 172.21.15.16:0/2275995174 <== mon.0 v2:172.21.15.16:3300/0 5 ==== osd_map(1..1 src has 1..1) v4 ==== 725+0+0 (secure 0 0 0) 0x7f21c004ca80 con 0x7f21d81062d0
2024-05-10T05:08:17.956 INFO:teuthology.orchestra.run.smithi016.stdout:/usr/bin/ceph: stderr
2024-05-10T05:08:17.243+0000 7f21d6ffd700 1 --2- 172.21.15.16:0/2275995174 >> [v2:172.21.15.16:6800/2711725304,v1:172.21.15.16:6801/2711725304] conn(0x7f21c4038660 0x7f21c403ab70 unknown :-1 s=BANNER_CONNECTING pgs=0 cs=0 l=1 rev1=0 crypto rx=0 tx=0 comp rx=0 tx=0)._handle_peer_banner_payload supported=3 required=0
2024-05-10T05:08:17.956 INFO:teuthology.orchestra.run.smithi016.stdout:/usr/bin/ceph: stderr
2024-05-10T05:08:17.243+0000 7f21d6ffd700 1 --2- 172.21.15.16:0/2275995174 >> [v2:172.21.15.16:6800/2711725304,v1:172.21.15.16:6801/2711725304] conn(0x7f21c4038660 0x7f21c403ab70 secure :-1 s=READY pgs=6 cs=0 l=1 rev1=1 crypto rx=0x7f21c8006fd0 tx=0x7f21c8006e40 comp rx=0 tx=0).ready entity=mgr.14100 client_cookie=0 server_cookie=0 in_seq=0 out_seq=0
2024-05-10T05:08:17.956 INFO:teuthology.orchestra.run.smithi016.stdout:/usr/bin/ceph: stderr
2024-05-10T05:08:17.248+0000 7f21d4ff9700 1 -- 172.21.15.16:0/2275995174 <== mon.0 v2:172.21.15.16:3300/0 6 ==== mon_command_ack([{"prefix": "get_command_descriptions"}]=0 v0) v1 ==== 72+0+183622 (secure 0 0 0) 0x7f21c0018350 con 0x7f21d81062d0
2024-05-10T05:08:17.956 INFO:teuthology.orchestra.run.smithi016.stdout:/usr/bin/ceph: stderr
2024-05-10T05:08:17.546+0000 7f21ddca5700 1 -- 172.21.15.16:0/2275995174 --> [v2:172.21.15.16:3300/0,v1:172.21.15.16:6789/0] -- mon_command({"prefix": "status", "format": "json-pretty"} v 0) v1 -- 0x7f21d8103080 con 0x7f21d81062d0
2024-05-10T05:08:17.956 INFO:teuthology.orchestra.run.smithi016.stdout:/usr/bin/ceph: stderr
2024-05-10T05:08:17.547+0000 7f21d4ff9700 1 -- 172.21.15.16:0/2275995174 <== mon.0 v2:172.21.15.16:3300/0 7 ==== mon_command_ack([{"prefix": "status", "format": "json-pretty"}]=0 v0) v1 ==== 79+0+1238 (secure 0 0 0) 0x7f21c002bb40 con 0x7f21d81062d0
2024-05-10T05:08:17.956 INFO:teuthology.orchestra.run.smithi016.stdout:/usr/bin/ceph: stderr
2024-05-10T05:08:17.549+0000 7f21ddca5700 1 -- 172.21.15.16:0/2275995174 >> [v2:172.21.15.16:6800/2711725304,v1:172.21.15.16:6801/2711725304] conn(0x7f21c4038660 msgr2=0x7f21c403ab70 secure :-1 s=STATE_CONNECTION_ESTABLISHED l=1).mark_down
2024-05-10T05:08:17.956 INFO:teuthology.orchestra.run.smithi016.stdout:/usr/bin/ceph: stderr
2024-05-10T05:08:17.549+0000 7f21ddca5700 1 --2- 172.21.15.16:0/2275995174 >> [v2:172.21.15.16:6800/2711725304,v1:172.21.15.16:6801/2711725304] conn(0x7f21c4038660 0x7f21c403ab70 secure :-1 s=READY pgs=6 cs=0 l=1 rev1=1 crypto rx=0x7f21c8006fd0 tx=0x7f21c8006e40 comp rx=0 tx=0).stop
2024-05-10T05:08:17.956 INFO:teuthology.orchestra.run.smithi016.stdout:/usr/bin/ceph: stderr
2024-05-10T05:08:17.549+0000 7f21ddca5700 1 -- 172.21.15.16:0/2275995174 >> [v2:172.21.15.16:3300/0,v1:172.21.15.16:6789/0] conn(0x7f21d81062d0 msgr2=0x7f21d8103ac0 secure :-1 s=STATE_CONNECTION_ESTABLISHED l=1).mark_down
2024-05-10T05:08:17.956 INFO:teuthology.orchestra.run.smithi016.stdout:/usr/bin/ceph: stderr
2024-05-10T05:08:17.549+0000 7f21ddca5700 1 --2- 172.21.15.16:0/2275995174 >> [v2:172.21.15.16:3300/0,v1:172.21.15.16:6789/0] conn(0x7f21d81062d0 0x7f21d8103ac0 secure :-1 s=READY pgs=19 cs=0 l=1 rev1=1 crypto rx=0x7f21c0009fb0 tx=0x7f21c00119a0 comp rx=0 tx=0).stop
2024-05-10T05:08:17.956 INFO:teuthology.orchestra.run.smithi016.stdout:/usr/bin/ceph: stderr
2024-05-10T05:08:17.550+0000 7f21ddca5700 1 -- 172.21.15.16:0/2275995174 shutdown_connections
2024-05-10T05:08:17.956 INFO:teuthology.orchestra.run.smithi016.stdout:/usr/bin/ceph: stderr
2024-05-10T05:08:17.550+0000 7f21ddca5700 1 --2- 172.21.15.16:0/2275995174 >> [v2:172.21.15.16:6800/2711725304,v1:172.21.15.16:6801/2711725304] conn(0x7f21c4038660 0x7f21c403ab70 unknown :-1 s=CLOSED pgs=6 cs=0 l=1 rev1=1 crypto rx=0 tx=0 comp rx=0 tx=0).stop
2024-05-10T05:08:17.957 INFO:teuthology.orchestra.run.smithi016.stdout:/usr/bin/ceph: stderr
2024-05-10T05:08:17.550+0000 7f21ddca5700 1 --2- 172.21.15.16:0/2275995174 >> [v2:172.21.15.16:3300/0,v1:172.21.15.16:6789/0] conn(0x7f21d81062d0 0x7f21d8103ac0 unknown :-1 s=CLOSED pgs=19 cs=0 l=1 rev1=1 crypto rx=0 tx=0 comp rx=0 tx=0).stop
2024-05-10T05:08:17.957 INFO:teuthology.orchestra.run.smithi016.stdout:/usr/bin/ceph: stderr
2024-05-10T05:08:17.550+0000 7f21ddca5700 1 -- 172.21.15.16:0/2275995174 >> 172.21.15.16:0/2275995174 conn(0x7f21d8101930 msgr2=0x7f21d8191d20 unknown :-1 s=STATE_NONE l=0).mark_down
2024-05-10T05:08:17.957 INFO:teuthology.orchestra.run.smithi016.stdout:/usr/bin/ceph: stderr
2024-05-10T05:08:17.550+0000 7f21ddca5700 1 -- 172.21.15.16:0/2275995174 shutdown_connections
2024-05-10T05:08:17.957 INFO:teuthology.orchestra.run.smithi016.stdout:/usr/bin/ceph: stderr
2024-05-10T05:08:17.550+0000 7f21ddca5700 1 -- 172.21.15.16:0/2275995174 wait complete.
2024-05-10T05:08:17.957 INFO:teuthology.orchestra.run.smithi016.stdout:mgr is available
2024-05-10T05:08:18.880 INFO:journalctl@ceph.mon.a.smithi016.stdout:May 10 05:08:18 smithi016 ceph-mon[42460]: from='client.? 172.21.15.16:0/2501896180' entity='client.admin' cmd=[{"prefix": "config assimilate-conf"}]: dispatch
2024-05-10T05:08:18.925 INFO:teuthology.orchestra.run.smithi016.stdout:/usr/bin/ceph: stdout
2024-05-10T05:08:18.926 INFO:teuthology.orchestra.run.smithi016.stdout:/usr/bin/ceph: stdout [global]
2024-05-10T05:08:18.926 INFO:teuthology.orchestra.run.smithi016.stdout:/usr/bin/ceph: stdout fsid = 2779a200-0e8b-11ef-bc98-c7b262605968
2024-05-10T05:08:18.926 INFO:teuthology.orchestra.run.smithi016.stdout:/usr/bin/ceph: stdout mon_osd_allow_pg_remap = true
2024-05-10T05:08:18.926 INFO:teuthology.orchestra.run.smithi016.stdout:/usr/bin/ceph: stdout mon_osd_allow_primary_affinity = true
2024-05-10T05:08:18.926 INFO:teuthology.orchestra.run.smithi016.stdout:/usr/bin/ceph: stdout mon_warn_on_no_sortbitwise = false
2024-05-10T05:08:18.926 INFO:teuthology.orchestra.run.smithi016.stdout:/usr/bin/ceph: stdout osd_crush_chooseleaf_type = 0
2024-05-10T05:08:18.927 INFO:teuthology.orchestra.run.smithi016.stdout:/usr/bin/ceph: stdout
2024-05-10T05:08:18.927 INFO:teuthology.orchestra.run.smithi016.stdout:/usr/bin/ceph: stdout [mgr]
2024-05-10T05:08:18.927 INFO:teuthology.orchestra.run.smithi016.stdout:/usr/bin/ceph: stdout mgr/telemetry/nag = false
2024-05-10T05:08:18.927 INFO:teuthology.orchestra.run.smithi016.stdout:/usr/bin/ceph: stdout
2024-05-10T05:08:18.927 INFO:teuthology.orchestra.run.smithi016.stdout:/usr/bin/ceph: stdout [osd]
2024-05-10T05:08:18.927 INFO:teuthology.orchestra.run.smithi016.stdout:/usr/bin/ceph: stdout filestore_flush_min = 0
2024-05-10T05:08:18.927 INFO:teuthology.orchestra.run.smithi016.stdout:/usr/bin/ceph: stdout mon_osd_backfillfull_ratio = 0.85
2024-05-10T05:08:18.928 INFO:teuthology.orchestra.run.smithi016.stdout:/usr/bin/ceph: stdout mon_osd_full_ratio = 0.9
2024-05-10T05:08:18.928 INFO:teuthology.orchestra.run.smithi016.stdout:/usr/bin/ceph: stdout mon_osd_nearfull_ratio = 0.8
2024-05-10T05:08:18.928 INFO:teuthology.orchestra.run.smithi016.stdout:/usr/bin/ceph: stdout osd_map_max_advance = 10
2024-05-10T05:08:18.928 INFO:teuthology.orchestra.run.smithi016.stdout:/usr/bin/ceph: stdout osd_sloppy_crc = true
2024-05-10T05:08:18.928 INFO:teuthology.orchestra.run.smithi016.stdout:/usr/bin/ceph: stderr
2024-05-10T05:08:18.320+0000 7f6c3263f700 1 Processor -- start
2024-05-10T05:08:18.928 INFO:teuthology.orchestra.run.smithi016.stdout:/usr/bin/ceph: stderr
2024-05-10T05:08:18.320+0000 7f6c3263f700 1 -- start start
2024-05-10T05:08:18.928 INFO:teuthology.orchestra.run.smithi016.stdout:/usr/bin/ceph: stderr
2024-05-10T05:08:18.320+0000 7f6c3263f700 1 --2- >> [v2:172.21.15.16:3300/0,v1:172.21.15.16:6789/0] conn(0x7f6c2c107ea0 0x7f6c2c10a2c0 unknown :-1 s=NONE pgs=0 cs=0 l=0 rev1=0 crypto rx=0 tx=0 comp rx=0 tx=0).connect
2024-05-10T05:08:18.929 INFO:teuthology.orchestra.run.smithi016.stdout:/usr/bin/ceph: stderr
2024-05-10T05:08:18.320+0000 7f6c3263f700 1 -- --> [v2:172.21.15.16:3300/0,v1:172.21.15.16:6789/0] -- mon_getmap magic: 0 v1 -- 0x7f6c2c07ad90 con 0x7f6c2c107ea0
2024-05-10T05:08:18.929 INFO:teuthology.orchestra.run.smithi016.stdout:/usr/bin/ceph: stderr
2024-05-10T05:08:18.320+0000 7f6c2bfff700 1 --2- >> [v2:172.21.15.16:3300/0,v1:172.21.15.16:6789/0] conn(0x7f6c2c107ea0 0x7f6c2c10a2c0 unknown :-1 s=BANNER_CONNECTING pgs=0 cs=0 l=0 rev1=0 crypto rx=0 tx=0 comp rx=0 tx=0)._handle_peer_banner_payload supported=3 required=0
2024-05-10T05:08:18.930 INFO:teuthology.orchestra.run.smithi016.stdout:/usr/bin/ceph: stderr
2024-05-10T05:08:18.320+0000 7f6c2bfff700 1 --2- >> [v2:172.21.15.16:3300/0,v1:172.21.15.16:6789/0] conn(0x7f6c2c107ea0 0x7f6c2c10a2c0 unknown :-1 s=HELLO_CONNECTING pgs=0 cs=0 l=0 rev1=1 crypto rx=0 tx=0 comp rx=0 tx=0).handle_hello peer v2:172.21.15.16:3300/0 says I am v2:172.21.15.16:47130/0 (socket says 172.21.15.16:47130)
2024-05-10T05:08:18.930 INFO:teuthology.orchestra.run.smithi016.stdout:/usr/bin/ceph: stderr
2024-05-10T05:08:18.320+0000 7f6c2bfff700 1 -- 172.21.15.16:0/2724852777 learned_addr learned my addr 172.21.15.16:0/2724852777 (peer_addr_for_me v2:172.21.15.16:0/0)
2024-05-10T05:08:18.930 INFO:teuthology.orchestra.run.smithi016.stdout:/usr/bin/ceph: stderr
2024-05-10T05:08:18.321+0000 7f6c2bfff700 1 -- 172.21.15.16:0/2724852777 --> [v2:172.21.15.16:3300/0,v1:172.21.15.16:6789/0] -- mon_subscribe({config=0+,monmap=0+}) v3 -- 0x7f6c2c07aed0 con 0x7f6c2c107ea0
2024-05-10T05:08:18.930 INFO:teuthology.orchestra.run.smithi016.stdout:/usr/bin/ceph: stderr
2024-05-10T05:08:18.321+0000 7f6c2bfff700 1 --2- 172.21.15.16:0/2724852777 >> [v2:172.21.15.16:3300/0,v1:172.21.15.16:6789/0] conn(0x7f6c2c107ea0 0x7f6c2c10a2c0 secure :-1 s=READY pgs=20 cs=0 l=1 rev1=1 crypto rx=0x7f6c1c0098a0 tx=0x7f6c1c009bb0 comp rx=0 tx=0).ready entity=mon.0 client_cookie=db4f892e1833e464 server_cookie=0 in_seq=0 out_seq=0
2024-05-10T05:08:18.930 INFO:teuthology.orchestra.run.smithi016.stdout:/usr/bin/ceph: stderr
2024-05-10T05:08:18.321+0000 7f6c2affd700 1 -- 172.21.15.16:0/2724852777 <== mon.0 v2:172.21.15.16:3300/0 1 ==== mon_map magic: 0 v1 ==== 205+0+0 (secure 0 0 0) 0x7f6c1c004160 con 0x7f6c2c107ea0
2024-05-10T05:08:18.930 INFO:teuthology.orchestra.run.smithi016.stdout:/usr/bin/ceph: stderr
2024-05-10T05:08:18.321+0000 7f6c2affd700 1 -- 172.21.15.16:0/2724852777 <== mon.0 v2:172.21.15.16:3300/0 2 ==== config(25 keys) v1 ==== 1036+0+0 (secure 0 0 0) 0x7f6c1c0042c0 con 0x7f6c2c107ea0
2024-05-10T05:08:18.931 INFO:teuthology.orchestra.run.smithi016.stdout:/usr/bin/ceph: stderr
2024-05-10T05:08:18.321+0000 7f6c2affd700 1 -- 172.21.15.16:0/2724852777 <== mon.0 v2:172.21.15.16:3300/0 3 ==== mon_map magic: 0 v1 ==== 205+0+0 (secure 0 0 0) 0x7f6c1c011940 con 0x7f6c2c107ea0
2024-05-10T05:08:18.931 INFO:teuthology.orchestra.run.smithi016.stdout:/usr/bin/ceph: stderr
2024-05-10T05:08:18.322+0000 7f6c3263f700 1 -- 172.21.15.16:0/2724852777 >> [v2:172.21.15.16:3300/0,v1:172.21.15.16:6789/0] conn(0x7f6c2c107ea0 msgr2=0x7f6c2c10a2c0 secure :-1 s=STATE_CONNECTION_ESTABLISHED l=1).mark_down
2024-05-10T05:08:18.931 INFO:teuthology.orchestra.run.smithi016.stdout:/usr/bin/ceph: stderr
2024-05-10T05:08:18.322+0000 7f6c3263f700 1 --2- 172.21.15.16:0/2724852777 >> [v2:172.21.15.16:3300/0,v1:172.21.15.16:6789/0] conn(0x7f6c2c107ea0 0x7f6c2c10a2c0 secure :-1 s=READY pgs=20 cs=0 l=1 rev1=1 crypto rx=0x7f6c1c0098a0 tx=0x7f6c1c009bb0 comp rx=0 tx=0).stop
2024-05-10T05:08:18.931 INFO:teuthology.orchestra.run.smithi016.stdout:/usr/bin/ceph: stderr
2024-05-10T05:08:18.322+0000 7f6c3263f700 1 -- 172.21.15.16:0/2724852777 shutdown_connections
2024-05-10T05:08:18.931 INFO:teuthology.orchestra.run.smithi016.stdout:/usr/bin/ceph: stderr
2024-05-10T05:08:18.322+0000 7f6c3263f700 1 --2- 172.21.15.16:0/2724852777 >> [v2:172.21.15.16:3300/0,v1:172.21.15.16:6789/0] conn(0x7f6c2c107ea0 0x7f6c2c10a2c0 unknown :-1 s=CLOSED pgs=20 cs=0 l=1 rev1=1 crypto rx=0 tx=0 comp rx=0 tx=0).stop
2024-05-10T05:08:18.931 INFO:teuthology.orchestra.run.smithi016.stdout:/usr/bin/ceph: stderr
2024-05-10T05:08:18.322+0000 7f6c3263f700 1 -- 172.21.15.16:0/2724852777 >> 172.21.15.16:0/2724852777 conn(0x7f6c2c101920 msgr2=0x7f6c2c103db0 unknown :-1 s=STATE_NONE l=0).mark_down
2024-05-10T05:08:18.931 INFO:teuthology.orchestra.run.smithi016.stdout:/usr/bin/ceph: stderr
2024-05-10T05:08:18.322+0000 7f6c3263f700 1 -- 172.21.15.16:0/2724852777 shutdown_connections
2024-05-10T05:08:18.932 INFO:teuthology.orchestra.run.smithi016.stdout:/usr/bin/ceph: stderr
2024-05-10T05:08:18.322+0000 7f6c3263f700 1 -- 172.21.15.16:0/2724852777 wait complete.
2024-05-10T05:08:18.932 INFO:teuthology.orchestra.run.smithi016.stdout:/usr/bin/ceph: stderr
2024-05-10T05:08:18.323+0000 7f6c3263f700 1 Processor -- start
2024-05-10T05:08:18.932 INFO:teuthology.orchestra.run.smithi016.stdout:/usr/bin/ceph: stderr
2024-05-10T05:08:18.323+0000 7f6c3263f700 1 -- start start
2024-05-10T05:08:18.932 INFO:teuthology.orchestra.run.smithi016.stdout:/usr/bin/ceph: stderr
2024-05-10T05:08:18.323+0000 7f6c3263f700 1 --2- >> [v2:172.21.15.16:3300/0,v1:172.21.15.16:6789/0] conn(0x7f6c2c107ea0 0x7f6c2c107620 unknown :-1 s=NONE pgs=0 cs=0 l=1 rev1=0 crypto rx=0 tx=0 comp rx=0 tx=0).connect
2024-05-10T05:08:18.932 INFO:teuthology.orchestra.run.smithi016.stdout:/usr/bin/ceph: stderr
2024-05-10T05:08:18.323+0000 7f6c3263f700 1 -- --> [v2:172.21.15.16:3300/0,v1:172.21.15.16:6789/0] -- mon_getmap magic: 0 v1 -- 0x7f6c2c107b60 con 0x7f6c2c107ea0
2024-05-10T05:08:18.932 INFO:teuthology.orchestra.run.smithi016.stdout:/usr/bin/ceph: stderr
2024-05-10T05:08:18.323+0000 7f6c2bfff700 1 --2- >> [v2:172.21.15.16:3300/0,v1:172.21.15.16:6789/0] conn(0x7f6c2c107ea0 0x7f6c2c107620 unknown :-1 s=BANNER_CONNECTING pgs=0 cs=0 l=1 rev1=0 crypto rx=0 tx=0 comp rx=0 tx=0)._handle_peer_banner_payload supported=3 required=0
2024-05-10T05:08:18.932 INFO:teuthology.orchestra.run.smithi016.stdout:/usr/bin/ceph: stderr
2024-05-10T05:08:18.323+0000 7f6c2bfff700 1 --2- >> [v2:172.21.15.16:3300/0,v1:172.21.15.16:6789/0] conn(0x7f6c2c107ea0 0x7f6c2c107620 unknown :-1 s=HELLO_CONNECTING pgs=0 cs=0 l=1 rev1=1 crypto rx=0 tx=0 comp rx=0 tx=0).handle_hello peer v2:172.21.15.16:3300/0 says I am v2:172.21.15.16:47144/0 (socket says 172.21.15.16:47144)
2024-05-10T05:08:18.933 INFO:teuthology.orchestra.run.smithi016.stdout:/usr/bin/ceph: stderr
2024-05-10T05:08:18.323+0000 7f6c2bfff700 1 -- 172.21.15.16:0/2501896180 learned_addr learned my addr 172.21.15.16:0/2501896180 (peer_addr_for_me v2:172.21.15.16:0/0)
2024-05-10T05:08:18.933 INFO:teuthology.orchestra.run.smithi016.stdout:/usr/bin/ceph: stderr
2024-05-10T05:08:18.324+0000 7f6c2bfff700 1 -- 172.21.15.16:0/2501896180 --> [v2:172.21.15.16:3300/0,v1:172.21.15.16:6789/0] -- mon_subscribe({config=0+,monmap=0+}) v3 -- 0x7f6c1c009550 con 0x7f6c2c107ea0
2024-05-10T05:08:18.933 INFO:teuthology.orchestra.run.smithi016.stdout:/usr/bin/ceph: stderr
2024-05-10T05:08:18.324+0000 7f6c2bfff700 1 --2- 172.21.15.16:0/2501896180 >> [v2:172.21.15.16:3300/0,v1:172.21.15.16:6789/0] conn(0x7f6c2c107ea0 0x7f6c2c107620 secure :-1 s=READY pgs=21 cs=0 l=1 rev1=1 crypto rx=0x7f6c1c003f20 tx=0x7f6c1c011e70 comp rx=0 tx=0).ready entity=mon.0 client_cookie=0 server_cookie=0 in_seq=0 out_seq=0
2024-05-10T05:08:18.933 INFO:teuthology.orchestra.run.smithi016.stdout:/usr/bin/ceph: stderr
2024-05-10T05:08:18.324+0000 7f6c297fa700 1 -- 172.21.15.16:0/2501896180 <== mon.0 v2:172.21.15.16:3300/0 1 ==== mon_map magic: 0 v1 ==== 205+0+0 (secure 0 0 0) 0x7f6c1c0037d0 con 0x7f6c2c107ea0
2024-05-10T05:08:18.933 INFO:teuthology.orchestra.run.smithi016.stdout:/usr/bin/ceph: stderr
2024-05-10T05:08:18.324+0000 7f6c297fa700 1 -- 172.21.15.16:0/2501896180 <== mon.0 v2:172.21.15.16:3300/0 2 ==== config(25 keys) v1 ==== 1036+0+0 (secure 0 0 0) 0x7f6c1c01b440 con 0x7f6c2c107ea0
2024-05-10T05:08:18.933 INFO:teuthology.orchestra.run.smithi016.stdout:/usr/bin/ceph: stderr
2024-05-10T05:08:18.324+0000 7f6c3263f700 1 -- 172.21.15.16:0/2501896180 --> [v2:172.21.15.16:3300/0,v1:172.21.15.16:6789/0] -- mon_subscribe({mgrmap=0+}) v3 -- 0x7f6c2c105db0 con 0x7f6c2c107ea0
2024-05-10T05:08:18.933 INFO:teuthology.orchestra.run.smithi016.stdout:/usr/bin/ceph: stderr
2024-05-10T05:08:18.324+0000 7f6c297fa700 1 -- 172.21.15.16:0/2501896180 <== mon.0 v2:172.21.15.16:3300/0 3 ==== mon_map magic: 0 v1 ==== 205+0+0 (secure 0 0 0) 0x7f6c1c019560 con 0x7f6c2c107ea0
2024-05-10T05:08:18.934 INFO:teuthology.orchestra.run.smithi016.stdout:/usr/bin/ceph: stderr
2024-05-10T05:08:18.324+0000 7f6c3263f700 1 -- 172.21.15.16:0/2501896180 --> [v2:172.21.15.16:3300/0,v1:172.21.15.16:6789/0] -- mon_subscribe({osdmap=0}) v3 -- 0x7f6c2c106250 con 0x7f6c2c107ea0
2024-05-10T05:08:18.934 INFO:teuthology.orchestra.run.smithi016.stdout:/usr/bin/ceph: stderr
2024-05-10T05:08:18.325+0000 7f6c297fa700 1 -- 172.21.15.16:0/2501896180 <== mon.0 v2:172.21.15.16:3300/0 4 ==== mgrmap(e 4) v1 ==== 45530+0+0 (secure 0 0 0) 0x7f6c1c0197e0 con 0x7f6c2c107ea0
2024-05-10T05:08:18.934 INFO:teuthology.orchestra.run.smithi016.stdout:/usr/bin/ceph: stderr
2024-05-10T05:08:18.325+0000 7f6c3263f700 1 -- 172.21.15.16:0/2501896180 --> [v2:172.21.15.16:3300/0,v1:172.21.15.16:6789/0] -- mon_command({"prefix": "get_command_descriptions"} v 0) v1 -- 0x7f6c2c106c60 con 0x7f6c2c107ea0
2024-05-10T05:08:18.934 INFO:teuthology.orchestra.run.smithi016.stdout:/usr/bin/ceph: stderr
2024-05-10T05:08:18.325+0000 7f6c297fa700 1 --2- 172.21.15.16:0/2501896180 >> [v2:172.21.15.16:6800/2711725304,v1:172.21.15.16:6801/2711725304] conn(0x7f6c140386b0 0x7f6c1403abc0 unknown :-1 s=NONE pgs=0 cs=0 l=1 rev1=0 crypto rx=0 tx=0 comp rx=0 tx=0).connect
2024-05-10T05:08:18.934 INFO:teuthology.orchestra.run.smithi016.stdout:/usr/bin/ceph: stderr
2024-05-10T05:08:18.325+0000 7f6c297fa700 1 -- 172.21.15.16:0/2501896180 <== mon.0 v2:172.21.15.16:3300/0 5 ==== osd_map(1..1 src has 1..1) v4 ==== 725+0+0 (secure 0 0 0) 0x7f6c1c04c590 con 0x7f6c2c107ea0
2024-05-10T05:08:18.934 INFO:teuthology.orchestra.run.smithi016.stdout:/usr/bin/ceph: stderr
2024-05-10T05:08:18.325+0000 7f6c2b7fe700 1 --2- 172.21.15.16:0/2501896180 >> [v2:172.21.15.16:6800/2711725304,v1:172.21.15.16:6801/2711725304] conn(0x7f6c140386b0 0x7f6c1403abc0 unknown :-1 s=BANNER_CONNECTING pgs=0 cs=0 l=1 rev1=0 crypto rx=0 tx=0 comp rx=0 tx=0)._handle_peer_banner_payload supported=3 required=0
2024-05-10T05:08:18.935 INFO:teuthology.orchestra.run.smithi016.stdout:/usr/bin/ceph: stderr
2024-05-10T05:08:18.326+0000 7f6c2b7fe700 1 --2- 172.21.15.16:0/2501896180 >> [v2:172.21.15.16:6800/2711725304,v1:172.21.15.16:6801/2711725304] conn(0x7f6c140386b0 0x7f6c1403abc0 secure :-1 s=READY pgs=7 cs=0 l=1 rev1=1 crypto rx=0x7f6c20006fd0 tx=0x7f6c20006e40 comp rx=0 tx=0).ready entity=mgr.14100 client_cookie=0 server_cookie=0 in_seq=0 out_seq=0
2024-05-10T05:08:18.935 INFO:teuthology.orchestra.run.smithi016.stdout:/usr/bin/ceph: stderr
2024-05-10T05:08:18.331+0000 7f6c297fa700 1 -- 172.21.15.16:0/2501896180 <== mon.0 v2:172.21.15.16:3300/0 6 ==== mon_command_ack([{"prefix": "get_command_descriptions"}]=0 v0) v1 ==== 72+0+183622 (secure 0 0 0) 0x7f6c1c01a3d0 con 0x7f6c2c107ea0
2024-05-10T05:08:18.935 INFO:teuthology.orchestra.run.smithi016.stdout:/usr/bin/ceph: stderr
2024-05-10T05:08:18.542+0000 7f6c3263f700 1 -- 172.21.15.16:0/2501896180 --> [v2:172.21.15.16:3300/0,v1:172.21.15.16:6789/0] -- mon_command({"prefix": "config assimilate-conf"} v 0) v1 -- 0x7f6c2c062840 con 0x7f6c2c107ea0
2024-05-10T05:08:18.935 INFO:teuthology.orchestra.run.smithi016.stdout:/usr/bin/ceph: stderr
2024-05-10T05:08:18.544+0000 7f6c297fa700 1 -- 172.21.15.16:0/2501896180 <== mon.0 v2:172.21.15.16:3300/0 7 ==== mon_command_ack([{"prefix": "config assimilate-conf"}]=0 v3) v1 ==== 70+0+398 (secure 0 0 0) 0x7f6c1c01f020 con 0x7f6c2c107ea0
2024-05-10T05:08:18.935 INFO:teuthology.orchestra.run.smithi016.stdout:/usr/bin/ceph: stderr
2024-05-10T05:08:18.546+0000 7f6c3263f700 1 -- 172.21.15.16:0/2501896180 >> [v2:172.21.15.16:6800/2711725304,v1:172.21.15.16:6801/2711725304] conn(0x7f6c140386b0 msgr2=0x7f6c1403abc0 secure :-1 s=STATE_CONNECTION_ESTABLISHED l=1).mark_down
2024-05-10T05:08:18.935 INFO:teuthology.orchestra.run.smithi016.stdout:/usr/bin/ceph: stderr
2024-05-10T05:08:18.546+0000 7f6c3263f700 1 --2- 172.21.15.16:0/2501896180 >> [v2:172.21.15.16:6800/2711725304,v1:172.21.15.16:6801/2711725304] conn(0x7f6c140386b0 0x7f6c1403abc0 secure :-1 s=READY pgs=7 cs=0 l=1 rev1=1 crypto rx=0x7f6c20006fd0 tx=0x7f6c20006e40 comp rx=0 tx=0).stop
2024-05-10T05:08:18.935 INFO:teuthology.orchestra.run.smithi016.stdout:/usr/bin/ceph: stderr
2024-05-10T05:08:18.546+0000 7f6c3263f700 1 -- 172.21.15.16:0/2501896180 >> [v2:172.21.15.16:3300/0,v1:172.21.15.16:6789/0] conn(0x7f6c2c107ea0 msgr2=0x7f6c2c107620 secure :-1 s=STATE_CONNECTION_ESTABLISHED l=1).mark_down
2024-05-10T05:08:18.936 INFO:teuthology.orchestra.run.smithi016.stdout:/usr/bin/ceph: stderr
2024-05-10T05:08:18.546+0000 7f6c3263f700 1 --2- 172.21.15.16:0/2501896180 >> [v2:172.21.15.16:3300/0,v1:172.21.15.16:6789/0] conn(0x7f6c2c107ea0 0x7f6c2c107620 secure :-1 s=READY pgs=21 cs=0 l=1 rev1=1 crypto rx=0x7f6c1c003f20 tx=0x7f6c1c011e70 comp rx=0 tx=0).stop
2024-05-10T05:08:18.936 INFO:teuthology.orchestra.run.smithi016.stdout:/usr/bin/ceph: stderr
2024-05-10T05:08:18.547+0000 7f6c3263f700 1 -- 172.21.15.16:0/2501896180 shutdown_connections
2024-05-10T05:08:18.936 INFO:teuthology.orchestra.run.smithi016.stdout:/usr/bin/ceph: stderr
2024-05-10T05:08:18.547+0000 7f6c3263f700 1 --2- 172.21.15.16:0/2501896180 >> [v2:172.21.15.16:6800/2711725304,v1:172.21.15.16:6801/2711725304] conn(0x7f6c140386b0 0x7f6c1403abc0 unknown :-1 s=CLOSED pgs=7 cs=0 l=1 rev1=1 crypto rx=0 tx=0 comp rx=0 tx=0).stop
2024-05-10T05:08:18.936 INFO:teuthology.orchestra.run.smithi016.stdout:/usr/bin/ceph: stderr
2024-05-10T05:08:18.547+0000 7f6c3263f700 1 --2- 172.21.15.16:0/2501896180 >> [v2:172.21.15.16:3300/0,v1:172.21.15.16:6789/0] conn(0x7f6c2c107ea0 0x7f6c2c107620 unknown :-1 s=CLOSED pgs=21 cs=0 l=1 rev1=1 crypto rx=0 tx=0 comp rx=0 tx=0).stop
2024-05-10T05:08:18.936 INFO:teuthology.orchestra.run.smithi016.stdout:/usr/bin/ceph: stderr
2024-05-10T05:08:18.547+0000 7f6c3263f700 1 -- 172.21.15.16:0/2501896180 >> 172.21.15.16:0/2501896180 conn(0x7f6c2c101920 msgr2=0x7f6c2c1024c0 unknown :-1 s=STATE_NONE l=0).mark_down
2024-05-10T05:08:18.936 INFO:teuthology.orchestra.run.smithi016.stdout:/usr/bin/ceph: stderr
2024-05-10T05:08:18.547+0000 7f6c3263f700 1 -- 172.21.15.16:0/2501896180 shutdown_connections
2024-05-10T05:08:18.936 INFO:teuthology.orchestra.run.smithi016.stdout:/usr/bin/ceph: stderr
2024-05-10T05:08:18.547+0000 7f6c3263f700 1 -- 172.21.15.16:0/2501896180 wait complete.
2024-05-10T05:08:18.937 INFO:teuthology.orchestra.run.smithi016.stdout:Enabling cephadm module...
2024-05-10T05:08:19.954 INFO:journalctl@ceph.mon.a.smithi016.stdout:May 10 05:08:19 smithi016 ceph-mon[42460]: from='client.? 172.21.15.16:0/2363963628' entity='client.admin' cmd=[{"prefix": "mgr module enable", "module": "cephadm"}]: dispatch
2024-05-10T05:08:19.954 INFO:journalctl@ceph.mgr.x.smithi016.stdout:May 10 05:08:19 smithi016 ceph-2779a200-0e8b-11ef-bc98-c7b262605968-mgr-x[42712]: ignoring --setuser ceph since I am not root
2024-05-10T05:08:19.954 INFO:journalctl@ceph.mgr.x.smithi016.stdout:May 10 05:08:19 smithi016 ceph-2779a200-0e8b-11ef-bc98-c7b262605968-mgr-x[42712]: ignoring --setgroup ceph since I am not root
2024-05-10T05:08:20.017 INFO:teuthology.orchestra.run.smithi016.stdout:/usr/bin/ceph: stderr
2024-05-10T05:08:19.296+0000 7f252c9aa700 1 Processor -- start
2024-05-10T05:08:20.017 INFO:teuthology.orchestra.run.smithi016.stdout:/usr/bin/ceph: stderr
2024-05-10T05:08:19.296+0000 7f252c9aa700 1 -- start start
2024-05-10T05:08:20.017 INFO:teuthology.orchestra.run.smithi016.stdout:/usr/bin/ceph: stderr
2024-05-10T05:08:19.297+0000 7f252c9aa700 1 --2- >> [v2:172.21.15.16:3300/0,v1:172.21.15.16:6789/0] conn(0x7f2528108900 0x7f2528108d10 unknown :-1 s=NONE pgs=0 cs=0 l=0 rev1=0 crypto rx=0 tx=0 comp rx=0 tx=0).connect
2024-05-10T05:08:20.017 INFO:teuthology.orchestra.run.smithi016.stdout:/usr/bin/ceph: stderr
2024-05-10T05:08:19.297+0000 7f252c9aa700 1 -- --> [v2:172.21.15.16:3300/0,v1:172.21.15.16:6789/0] -- mon_getmap magic: 0 v1 -- 0x7f25281092e0 con 0x7f2528108900
2024-05-10T05:08:20.018 INFO:teuthology.orchestra.run.smithi016.stdout:/usr/bin/ceph: stderr
2024-05-10T05:08:19.297+0000 7f252659c700 1 --2- >> [v2:172.21.15.16:3300/0,v1:172.21.15.16:6789/0] conn(0x7f2528108900 0x7f2528108d10 unknown :-1 s=BANNER_CONNECTING pgs=0 cs=0 l=0 rev1=0 crypto rx=0 tx=0 comp rx=0 tx=0)._handle_peer_banner_payload supported=3 required=0
2024-05-10T05:08:20.018 INFO:teuthology.orchestra.run.smithi016.stdout:/usr/bin/ceph: stderr
2024-05-10T05:08:19.297+0000 7f252659c700 1 --2- >> [v2:172.21.15.16:3300/0,v1:172.21.15.16:6789/0] conn(0x7f2528108900 0x7f2528108d10 unknown :-1 s=HELLO_CONNECTING pgs=0 cs=0 l=0 rev1=1 crypto rx=0 tx=0 comp rx=0 tx=0).handle_hello peer v2:172.21.15.16:3300/0 says I am v2:172.21.15.16:47150/0 (socket says 172.21.15.16:47150)
2024-05-10T05:08:20.018 INFO:teuthology.orchestra.run.smithi016.stdout:/usr/bin/ceph: stderr
2024-05-10T05:08:19.297+0000 7f252659c700 1 -- 172.21.15.16:0/945972639 learned_addr learned my addr 172.21.15.16:0/945972639 (peer_addr_for_me v2:172.21.15.16:0/0)
2024-05-10T05:08:20.018 INFO:teuthology.orchestra.run.smithi016.stdout:/usr/bin/ceph: stderr
2024-05-10T05:08:19.297+0000 7f252659c700 1 -- 172.21.15.16:0/945972639 --> [v2:172.21.15.16:3300/0,v1:172.21.15.16:6789/0] -- mon_subscribe({config=0+,monmap=0+}) v3 -- 0x7f2528109420 con 0x7f2528108900
2024-05-10T05:08:20.018 INFO:teuthology.orchestra.run.smithi016.stdout:/usr/bin/ceph: stderr
2024-05-10T05:08:19.297+0000 7f252659c700 1 --2- 172.21.15.16:0/945972639 >> [v2:172.21.15.16:3300/0,v1:172.21.15.16:6789/0] conn(0x7f2528108900 0x7f2528108d10 secure :-1 s=READY pgs=22 cs=0 l=1 rev1=1 crypto rx=0x7f25180098a0 tx=0x7f2518009bb0 comp rx=0 tx=0).ready entity=mon.0 client_cookie=fbfc408debf727a8 server_cookie=0 in_seq=0 out_seq=0
2024-05-10T05:08:20.018 INFO:teuthology.orchestra.run.smithi016.stdout:/usr/bin/ceph: stderr
2024-05-10T05:08:19.298+0000 7f252559a700 1 -- 172.21.15.16:0/945972639 <== mon.0 v2:172.21.15.16:3300/0 1 ==== mon_map magic: 0 v1 ==== 205+0+0 (secure 0 0 0) 0x7f2518004160 con 0x7f2528108900
2024-05-10T05:08:20.018 INFO:teuthology.orchestra.run.smithi016.stdout:/usr/bin/ceph: stderr
2024-05-10T05:08:19.298+0000 7f252559a700 1 -- 172.21.15.16:0/945972639 <== mon.0 v2:172.21.15.16:3300/0 2 ==== config(25 keys) v1 ==== 1036+0+0 (secure 0 0 0) 0x7f25180042c0 con 0x7f2528108900
2024-05-10T05:08:20.019 INFO:teuthology.orchestra.run.smithi016.stdout:/usr/bin/ceph: stderr
2024-05-10T05:08:19.298+0000 7f252559a700 1 -- 172.21.15.16:0/945972639 <== mon.0 v2:172.21.15.16:3300/0 3 ==== mon_map magic: 0 v1 ==== 205+0+0 (secure 0 0 0) 0x7f2518011940 con 0x7f2528108900
2024-05-10T05:08:20.019 INFO:teuthology.orchestra.run.smithi016.stdout:/usr/bin/ceph: stderr
2024-05-10T05:08:19.298+0000 7f252c9aa700 1 -- 172.21.15.16:0/945972639 >> [v2:172.21.15.16:3300/0,v1:172.21.15.16:6789/0] conn(0x7f2528108900 msgr2=0x7f2528108d10 secure :-1 s=STATE_CONNECTION_ESTABLISHED l=1).mark_down
2024-05-10T05:08:20.019 INFO:teuthology.orchestra.run.smithi016.stdout:/usr/bin/ceph: stderr
2024-05-10T05:08:19.298+0000 7f252c9aa700 1 --2- 172.21.15.16:0/945972639 >> [v2:172.21.15.16:3300/0,v1:172.21.15.16:6789/0] conn(0x7f2528108900 0x7f2528108d10 secure :-1 s=READY pgs=22 cs=0 l=1 rev1=1 crypto rx=0x7f25180098a0 tx=0x7f2518009bb0 comp rx=0 tx=0).stop
2024-05-10T05:08:20.019 INFO:teuthology.orchestra.run.smithi016.stdout:/usr/bin/ceph: stderr
2024-05-10T05:08:19.298+0000 7f252c9aa700 1 -- 172.21.15.16:0/945972639 shutdown_connections
2024-05-10T05:08:20.019 INFO:teuthology.orchestra.run.smithi016.stdout:/usr/bin/ceph: stderr
2024-05-10T05:08:19.298+0000 7f252c9aa700 1 --2- 172.21.15.16:0/945972639 >> [v2:172.21.15.16:3300/0,v1:172.21.15.16:6789/0] conn(0x7f2528108900 0x7f2528108d10 unknown :-1 s=CLOSED pgs=22 cs=0 l=1 rev1=1 crypto rx=0 tx=0 comp rx=0 tx=0).stop
2024-05-10T05:08:20.021 INFO:teuthology.orchestra.run.smithi016.stdout:/usr/bin/ceph: stderr
2024-05-10T05:08:19.298+0000 7f252c9aa700 1 -- 172.21.15.16:0/945972639 >> 172.21.15.16:0/945972639 conn(0x7f2528101080 msgr2=0x7f25281034f0 unknown :-1 s=STATE_NONE l=0).mark_down
2024-05-10T05:08:20.021 INFO:teuthology.orchestra.run.smithi016.stdout:/usr/bin/ceph: stderr
2024-05-10T05:08:19.298+0000 7f252c9aa700 1 -- 172.21.15.16:0/945972639 shutdown_connections
2024-05-10T05:08:20.021 INFO:teuthology.orchestra.run.smithi016.stdout:/usr/bin/ceph: stderr
2024-05-10T05:08:19.299+0000 7f252c9aa700 1 -- 172.21.15.16:0/945972639 wait complete.
2024-05-10T05:08:20.021 INFO:teuthology.orchestra.run.smithi016.stdout:/usr/bin/ceph: stderr
2024-05-10T05:08:19.299+0000 7f252c9aa700 1 Processor -- start
2024-05-10T05:08:20.021 INFO:teuthology.orchestra.run.smithi016.stdout:/usr/bin/ceph: stderr
2024-05-10T05:08:19.299+0000 7f252c9aa700 1 -- start start
2024-05-10T05:08:20.021 INFO:teuthology.orchestra.run.smithi016.stdout:/usr/bin/ceph: stderr
2024-05-10T05:08:19.300+0000 7f252c9aa700 1 --2- >> [v2:172.21.15.16:3300/0,v1:172.21.15.16:6789/0] conn(0x7f2528108900 0x7f2528107df0 unknown :-1 s=NONE pgs=0 cs=0 l=1 rev1=0 crypto rx=0 tx=0 comp rx=0 tx=0).connect
2024-05-10T05:08:20.022 INFO:teuthology.orchestra.run.smithi016.stdout:/usr/bin/ceph: stderr
2024-05-10T05:08:19.300+0000 7f252c9aa700 1 -- --> [v2:172.21.15.16:3300/0,v1:172.21.15.16:6789/0] -- mon_getmap magic: 0 v1 -- 0x7f2528108330 con 0x7f2528108900
2024-05-10T05:08:20.022 INFO:teuthology.orchestra.run.smithi016.stdout:/usr/bin/ceph: stderr
2024-05-10T05:08:19.300+0000 7f252659c700 1 --2- >> [v2:172.21.15.16:3300/0,v1:172.21.15.16:6789/0] conn(0x7f2528108900 0x7f2528107df0 unknown :-1 s=BANNER_CONNECTING pgs=0 cs=0 l=1 rev1=0 crypto rx=0 tx=0 comp rx=0 tx=0)._handle_peer_banner_payload supported=3 required=0
2024-05-10T05:08:20.022 INFO:teuthology.orchestra.run.smithi016.stdout:/usr/bin/ceph: stderr
2024-05-10T05:08:19.300+0000 7f252659c700 1 --2- >> [v2:172.21.15.16:3300/0,v1:172.21.15.16:6789/0] conn(0x7f2528108900 0x7f2528107df0 unknown :-1 s=HELLO_CONNECTING pgs=0 cs=0 l=1 rev1=1 crypto rx=0 tx=0 comp rx=0 tx=0).handle_hello peer v2:172.21.15.16:3300/0 says I am v2:172.21.15.16:47162/0 (socket says 172.21.15.16:47162)
2024-05-10T05:08:20.022 INFO:teuthology.orchestra.run.smithi016.stdout:/usr/bin/ceph: stderr
2024-05-10T05:08:19.300+0000 7f252659c700 1 -- 172.21.15.16:0/2363963628 learned_addr learned my addr 172.21.15.16:0/2363963628 (peer_addr_for_me v2:172.21.15.16:0/0)
2024-05-10T05:08:20.022 INFO:teuthology.orchestra.run.smithi016.stdout:/usr/bin/ceph: stderr
2024-05-10T05:08:19.300+0000 7f252659c700 1 -- 172.21.15.16:0/2363963628 --> [v2:172.21.15.16:3300/0,v1:172.21.15.16:6789/0] -- mon_subscribe({config=0+,monmap=0+}) v3 -- 0x7f2518009550 con 0x7f2528108900
2024-05-10T05:08:20.022 INFO:teuthology.orchestra.run.smithi016.stdout:/usr/bin/ceph: stderr
2024-05-10T05:08:19.300+0000 7f252659c700 1 --2- 172.21.15.16:0/2363963628 >> [v2:172.21.15.16:3300/0,v1:172.21.15.16:6789/0] conn(0x7f2528108900 0x7f2528107df0 secure :-1 s=READY pgs=23 cs=0 l=1 rev1=1 crypto rx=0x7f2518003e80 tx=0x7f2518011a30 comp rx=0 tx=0).ready entity=mon.0 client_cookie=0 server_cookie=0 in_seq=0 out_seq=0
2024-05-10T05:08:20.023 INFO:teuthology.orchestra.run.smithi016.stdout:/usr/bin/ceph: stderr
2024-05-10T05:08:19.300+0000 7f25177fe700 1 -- 172.21.15.16:0/2363963628 <== mon.0 v2:172.21.15.16:3300/0 1 ==== mon_map magic: 0 v1 ==== 205+0+0 (secure 0 0 0) 0x7f2518003ae0 con 0x7f2528108900
2024-05-10T05:08:20.023 INFO:teuthology.orchestra.run.smithi016.stdout:/usr/bin/ceph: stderr
2024-05-10T05:08:19.301+0000 7f25177fe700 1 -- 172.21.15.16:0/2363963628 <== mon.0 v2:172.21.15.16:3300/0 2 ==== config(25 keys) v1 ==== 1036+0+0 (secure 0 0 0) 0x7f2518003c40 con 0x7f2528108900
2024-05-10T05:08:20.023 INFO:teuthology.orchestra.run.smithi016.stdout:/usr/bin/ceph: stderr
2024-05-10T05:08:19.301+0000 7f252c9aa700 1 -- 172.21.15.16:0/2363963628 --> [v2:172.21.15.16:3300/0,v1:172.21.15.16:6789/0] -- mon_subscribe({mgrmap=0+}) v3 -- 0x7f2528106580 con 0x7f2528108900
2024-05-10T05:08:20.023 INFO:teuthology.orchestra.run.smithi016.stdout:/usr/bin/ceph: stderr
2024-05-10T05:08:19.301+0000 7f25177fe700 1 -- 172.21.15.16:0/2363963628 <== mon.0 v2:172.21.15.16:3300/0 3 ==== mon_map magic: 0 v1 ==== 205+0+0 (secure 0 0 0) 0x7f2518019740 con 0x7f2528108900
2024-05-10T05:08:20.023 INFO:teuthology.orchestra.run.smithi016.stdout:/usr/bin/ceph: stderr
2024-05-10T05:08:19.301+0000 7f252c9aa700 1 -- 172.21.15.16:0/2363963628 --> [v2:172.21.15.16:3300/0,v1:172.21.15.16:6789/0] -- mon_subscribe({osdmap=0}) v3 -- 0x7f2528106a80 con 0x7f2528108900
2024-05-10T05:08:20.023 INFO:teuthology.orchestra.run.smithi016.stdout:/usr/bin/ceph: stderr
2024-05-10T05:08:19.301+0000 7f25177fe700 1 -- 172.21.15.16:0/2363963628 <== mon.0 v2:172.21.15.16:3300/0 4 ==== mgrmap(e 4) v1 ==== 45530+0+0 (secure 0 0 0) 0x7f25180199b0 con 0x7f2528108900
2024-05-10T05:08:20.023 INFO:teuthology.orchestra.run.smithi016.stdout:/usr/bin/ceph: stderr
2024-05-10T05:08:19.302+0000 7f25177fe700 1 --2- 172.21.15.16:0/2363963628 >> [v2:172.21.15.16:6800/2711725304,v1:172.21.15.16:6801/2711725304] conn(0x7f25100386b0 0x7f251003abc0 unknown :-1 s=NONE pgs=0 cs=0 l=1 rev1=0 crypto rx=0 tx=0 comp rx=0 tx=0).connect
2024-05-10T05:08:20.024 INFO:teuthology.orchestra.run.smithi016.stdout:/usr/bin/ceph: stderr
2024-05-10T05:08:19.302+0000 7f25177fe700 1 -- 172.21.15.16:0/2363963628 <== mon.0 v2:172.21.15.16:3300/0 5 ==== osd_map(1..1 src has 1..1) v4 ==== 725+0+0 (secure 0 0 0) 0x7f251804d710 con 0x7f2528108900
2024-05-10T05:08:20.024 INFO:teuthology.orchestra.run.smithi016.stdout:/usr/bin/ceph: stderr
2024-05-10T05:08:19.302+0000 7f2525d9b700 1 --2- 172.21.15.16:0/2363963628 >> [v2:172.21.15.16:6800/2711725304,v1:172.21.15.16:6801/2711725304] conn(0x7f25100386b0 0x7f251003abc0 unknown :-1 s=BANNER_CONNECTING pgs=0 cs=0 l=1 rev1=0 crypto rx=0 tx=0 comp rx=0 tx=0)._handle_peer_banner_payload supported=3 required=0
2024-05-10T05:08:20.024 INFO:teuthology.orchestra.run.smithi016.stdout:/usr/bin/ceph: stderr
2024-05-10T05:08:19.302+0000 7f252c9aa700 1 -- 172.21.15.16:0/2363963628 --> [v2:172.21.15.16:3300/0,v1:172.21.15.16:6789/0] -- mon_command({"prefix": "get_command_descriptions"} v 0) v1 -- 0x7f2528062840 con 0x7f2528108900
2024-05-10T05:08:20.024 INFO:teuthology.orchestra.run.smithi016.stdout:/usr/bin/ceph: stderr
2024-05-10T05:08:19.302+0000 7f2525d9b700 1 --2- 172.21.15.16:0/2363963628 >> [v2:172.21.15.16:6800/2711725304,v1:172.21.15.16:6801/2711725304] conn(0x7f25100386b0 0x7f251003abc0 secure :-1 s=READY pgs=8 cs=0 l=1 rev1=1 crypto rx=0x7f251c006fd0 tx=0x7f251c006e40 comp rx=0 tx=0).ready entity=mgr.14100 client_cookie=0 server_cookie=0 in_seq=0 out_seq=0
2024-05-10T05:08:20.024 INFO:teuthology.orchestra.run.smithi016.stdout:/usr/bin/ceph: stderr
2024-05-10T05:08:19.307+0000 7f25177fe700 1 -- 172.21.15.16:0/2363963628 <== mon.0 v2:172.21.15.16:3300/0 6 ==== mon_command_ack([{"prefix": "get_command_descriptions"}]=0 v0) v1 ==== 72+0+183622 (secure 0 0 0) 0x7f2518018b80 con 0x7f2528108900
2024-05-10T05:08:20.024 INFO:teuthology.orchestra.run.smithi016.stdout:/usr/bin/ceph: stderr
2024-05-10T05:08:19.582+0000 7f252c9aa700 1 -- 172.21.15.16:0/2363963628 --> [v2:172.21.15.16:3300/0,v1:172.21.15.16:6789/0] -- mon_command({"prefix": "mgr module enable", "module": "cephadm"} v 0) v1 -- 0x7f2528107490 con 0x7f2528108900
2024-05-10T05:08:20.025 INFO:teuthology.orchestra.run.smithi016.stdout:/usr/bin/ceph: stderr
2024-05-10T05:08:19.603+0000 7f25177fe700 1 -- 172.21.15.16:0/2363963628 <== mon.0 v2:172.21.15.16:3300/0 7 ==== mgrmap(e 5) v1 ==== 45541+0+0 (secure 0 0 0) 0x7f251801a8f0 con 0x7f2528108900
2024-05-10T05:08:20.025 INFO:teuthology.orchestra.run.smithi016.stdout:/usr/bin/ceph: stderr
2024-05-10T05:08:19.605+0000 7f25177fe700 1 -- 172.21.15.16:0/2363963628 <== mon.0 v2:172.21.15.16:3300/0 8 ==== mon_command_ack([{"prefix": "mgr module enable", "module": "cephadm"}]=0 v5) v1 ==== 86+0+0 (secure 0 0 0) 0x7f2518018db0 con 0x7f2528108900
2024-05-10T05:08:20.025 INFO:teuthology.orchestra.run.smithi016.stdout:/usr/bin/ceph: stderr
2024-05-10T05:08:19.607+0000 7f252c9aa700 1 -- 172.21.15.16:0/2363963628 >> [v2:172.21.15.16:6800/2711725304,v1:172.21.15.16:6801/2711725304] conn(0x7f25100386b0 msgr2=0x7f251003abc0 secure :-1 s=STATE_CONNECTION_ESTABLISHED l=1).mark_down
2024-05-10T05:08:20.025 INFO:teuthology.orchestra.run.smithi016.stdout:/usr/bin/ceph: stderr
2024-05-10T05:08:19.607+0000 7f252c9aa700 1 --2- 172.21.15.16:0/2363963628 >> [v2:172.21.15.16:6800/2711725304,v1:172.21.15.16:6801/2711725304] conn(0x7f25100386b0 0x7f251003abc0 secure :-1 s=READY pgs=8 cs=0 l=1 rev1=1 crypto rx=0x7f251c006fd0 tx=0x7f251c006e40 comp rx=0 tx=0).stop
2024-05-10T05:08:20.025 INFO:teuthology.orchestra.run.smithi016.stdout:/usr/bin/ceph: stderr
2024-05-10T05:08:19.607+0000 7f252c9aa700 1 -- 172.21.15.16:0/2363963628 >> [v2:172.21.15.16:3300/0,v1:172.21.15.16:6789/0] conn(0x7f2528108900 msgr2=0x7f2528107df0 secure :-1 s=STATE_CONNECTION_ESTABLISHED l=1).mark_down
2024-05-10T05:08:20.025 INFO:teuthology.orchestra.run.smithi016.stdout:/usr/bin/ceph: stderr
2024-05-10T05:08:19.607+0000 7f252c9aa700 1 --2- 172.21.15.16:0/2363963628 >> [v2:172.21.15.16:3300/0,v1:172.21.15.16:6789/0] conn(0x7f2528108900 0x7f2528107df0 secure :-1 s=READY pgs=23 cs=0 l=1 rev1=1 crypto rx=0x7f2518003e80 tx=0x7f2518011a30 comp rx=0 tx=0).stop
2024-05-10T05:08:20.025 INFO:teuthology.orchestra.run.smithi016.stdout:/usr/bin/ceph: stderr
2024-05-10T05:08:19.607+0000 7f252c9aa700 1 -- 172.21.15.16:0/2363963628 shutdown_connections
2024-05-10T05:08:20.025 INFO:teuthology.orchestra.run.smithi016.stdout:/usr/bin/ceph: stderr
2024-05-10T05:08:19.607+0000 7f252c9aa700 1 --2- 172.21.15.16:0/2363963628 >> [v2:172.21.15.16:6800/2711725304,v1:172.21.15.16:6801/2711725304] conn(0x7f25100386b0 0x7f251003abc0 unknown :-1 s=CLOSED pgs=8 cs=0 l=1 rev1=1 crypto rx=0 tx=0 comp rx=0 tx=0).stop
2024-05-10T05:08:20.026 INFO:teuthology.orchestra.run.smithi016.stdout:/usr/bin/ceph: stderr
2024-05-10T05:08:19.607+0000 7f252c9aa700 1 --2- 172.21.15.16:0/2363963628 >> [v2:172.21.15.16:3300/0,v1:172.21.15.16:6789/0] conn(0x7f2528108900 0x7f2528107df0 unknown :-1 s=CLOSED pgs=23 cs=0 l=1 rev1=1 crypto rx=0 tx=0 comp rx=0 tx=0).stop
2024-05-10T05:08:20.026 INFO:teuthology.orchestra.run.smithi016.stdout:/usr/bin/ceph: stderr
2024-05-10T05:08:19.608+0000 7f252c9aa700 1 -- 172.21.15.16:0/2363963628 >> 172.21.15.16:0/2363963628 conn(0x7f2528101080 msgr2=0x7f2528101cc0 unknown :-1 s=STATE_NONE l=0).mark_down
2024-05-10T05:08:20.026 INFO:teuthology.orchestra.run.smithi016.stdout:/usr/bin/ceph: stderr
2024-05-10T05:08:19.608+0000 7f252c9aa700 1 -- 172.21.15.16:0/2363963628 shutdown_connections
