2024-05-10T05:08:50.891 INFO:teuthology.orchestra.run.smithi016.stdout:/usr/bin/ceph: stderr
2024-05-10T05:08:44.450+0000 7fd442a6a700 1 -- start start
2024-05-10T05:08:50.891 INFO:teuthology.orchestra.run.smithi016.stdout:/usr/bin/ceph: stderr
2024-05-10T05:08:44.450+0000 7fd442a6a700 1 --2- >> [v2:172.21.15.16:3300/0,v1:172.21.15.16:6789/0] conn(0x7fd43c1073d0 0x7fd43c07ca20 unknown :-1 s=NONE pgs=0 cs=0 l=1 rev1=0 crypto rx=0 tx=0 comp rx=0 tx=0).connect
2024-05-10T05:08:50.891 INFO:teuthology.orchestra.run.smithi016.stdout:/usr/bin/ceph: stderr
2024-05-10T05:08:44.450+0000 7fd442a6a700 1 -- --> [v2:172.21.15.16:3300/0,v1:172.21.15.16:6789/0] -- mon_getmap magic: 0 v1 -- 0x7fd43c07cf60 con 0x7fd43c1073d0
2024-05-10T05:08:50.892 INFO:teuthology.orchestra.run.smithi016.stdout:/usr/bin/ceph: stderr
2024-05-10T05:08:44.450+0000 7fd440806700 1 --2- >> [v2:172.21.15.16:3300/0,v1:172.21.15.16:6789/0] conn(0x7fd43c1073d0 0x7fd43c07ca20 unknown :-1 s=BANNER_CONNECTING pgs=0 cs=0 l=1 rev1=0 crypto rx=0 tx=0 comp rx=0 tx=0)._handle_peer_banner_payload supported=3 required=0
2024-05-10T05:08:50.892 INFO:teuthology.orchestra.run.smithi016.stdout:/usr/bin/ceph: stderr
2024-05-10T05:08:44.450+0000 7fd440806700 1 --2- >> [v2:172.21.15.16:3300/0,v1:172.21.15.16:6789/0] conn(0x7fd43c1073d0 0x7fd43c07ca20 unknown :-1 s=HELLO_CONNECTING pgs=0 cs=0 l=1 rev1=1 crypto rx=0 tx=0 comp rx=0 tx=0).handle_hello peer v2:172.21.15.16:3300/0 says I am v2:172.21.15.16:51174/0 (socket says 172.21.15.16:51174)
2024-05-10T05:08:50.892 INFO:teuthology.orchestra.run.smithi016.stdout:/usr/bin/ceph: stderr
2024-05-10T05:08:44.450+0000 7fd440806700 1 -- 172.21.15.16:0/2645913878 learned_addr learned my addr 172.21.15.16:0/2645913878 (peer_addr_for_me v2:172.21.15.16:0/0)
2024-05-10T05:08:50.892 INFO:teuthology.orchestra.run.smithi016.stdout:/usr/bin/ceph: stderr
2024-05-10T05:08:44.450+0000 7fd440806700 1 -- 172.21.15.16:0/2645913878 --> [v2:172.21.15.16:3300/0,v1:172.21.15.16:6789/0] -- mon_subscribe({config=0+,monmap=0+}) v3 -- 0x7fd430009550 con 0x7fd43c1073d0
2024-05-10T05:08:50.892 INFO:teuthology.orchestra.run.smithi016.stdout:/usr/bin/ceph: stderr
2024-05-10T05:08:44.451+0000 7fd440806700 1 --2- 172.21.15.16:0/2645913878 >> [v2:172.21.15.16:3300/0,v1:172.21.15.16:6789/0] conn(0x7fd43c1073d0 0x7fd43c07ca20 secure :-1 s=READY pgs=62 cs=0 l=1 rev1=1 crypto rx=0x7fd430000c00 tx=0x7fd4300119a0 comp rx=0 tx=0).ready entity=mon.0 client_cookie=0 server_cookie=0 in_seq=0 out_seq=0
2024-05-10T05:08:50.892 INFO:teuthology.orchestra.run.smithi016.stdout:/usr/bin/ceph: stderr
2024-05-10T05:08:44.451+0000 7fd439ffb700 1 -- 172.21.15.16:0/2645913878 <== mon.0 v2:172.21.15.16:3300/0 1 ==== mon_map magic: 0 v1 ==== 205+0+0 (secure 0 0 0) 0x7fd4300036a0 con 0x7fd43c1073d0
2024-05-10T05:08:50.892 INFO:teuthology.orchestra.run.smithi016.stdout:/usr/bin/ceph: stderr
2024-05-10T05:08:44.451+0000 7fd439ffb700 1 -- 172.21.15.16:0/2645913878 <== mon.0 v2:172.21.15.16:3300/0 2 ==== config(25 keys) v1 ==== 1067+0+0 (secure 0 0 0) 0x7fd43001b440 con 0x7fd43c1073d0
2024-05-10T05:08:50.892 INFO:teuthology.orchestra.run.smithi016.stdout:/usr/bin/ceph: stderr
2024-05-10T05:08:44.451+0000 7fd442a6a700 1 -- 172.21.15.16:0/2645913878 --> [v2:172.21.15.16:3300/0,v1:172.21.15.16:6789/0] -- mon_subscribe({mgrmap=0+}) v3 -- 0x7fd43c07b1b0 con 0x7fd43c1073d0
2024-05-10T05:08:50.892 INFO:teuthology.orchestra.run.smithi016.stdout:/usr/bin/ceph: stderr
2024-05-10T05:08:44.451+0000 7fd439ffb700 1 -- 172.21.15.16:0/2645913878 <== mon.0 v2:172.21.15.16:3300/0 3 ==== mon_map magic: 0 v1 ==== 205+0+0 (secure 0 0 0) 0x7fd4300193f0 con 0x7fd43c1073d0
2024-05-10T05:08:50.892 INFO:teuthology.orchestra.run.smithi016.stdout:/usr/bin/ceph: stderr
2024-05-10T05:08:44.451+0000 7fd442a6a700 1 -- 172.21.15.16:0/2645913878 --> [v2:172.21.15.16:3300/0,v1:172.21.15.16:6789/0] -- mon_subscribe({osdmap=0}) v3 -- 0x7fd43c07b650 con 0x7fd43c1073d0
2024-05-10T05:08:50.892 INFO:teuthology.orchestra.run.smithi016.stdout:/usr/bin/ceph: stderr
2024-05-10T05:08:44.452+0000 7fd439ffb700 1 -- 172.21.15.16:0/2645913878 <== mon.0 v2:172.21.15.16:3300/0 4 ==== mgrmap(e 9) v1 ==== 45554+0+0 (secure 0 0 0) 0x7fd430019660 con 0x7fd43c1073d0
2024-05-10T05:08:50.892 INFO:teuthology.orchestra.run.smithi016.stdout:/usr/bin/ceph: stderr
2024-05-10T05:08:44.452+0000 7fd439ffb700 1 --2- 172.21.15.16:0/2645913878 >> [v2:172.21.15.16:6800/47031243,v1:172.21.15.16:6801/47031243] conn(0x7fd42c0387a0 0x7fd42c03acb0 unknown :-1 s=NONE pgs=0 cs=0 l=1 rev1=0 crypto rx=0 tx=0 comp rx=0 tx=0).connect
2024-05-10T05:08:50.892 INFO:teuthology.orchestra.run.smithi016.stdout:/usr/bin/ceph: stderr
2024-05-10T05:08:44.452+0000 7fd439ffb700 1 -- 172.21.15.16:0/2645913878 --> [v2:172.21.15.16:6800/47031243,v1:172.21.15.16:6801/47031243] -- command(tid 0: {"prefix": "get_command_descriptions"}) v1 -- 0x7fd42c03b3c0 con 0x7fd42c0387a0
2024-05-10T05:08:50.893 INFO:teuthology.orchestra.run.smithi016.stdout:/usr/bin/ceph: stderr
2024-05-10T05:08:44.452+0000 7fd439ffb700 1 -- 172.21.15.16:0/2645913878 <== mon.0 v2:172.21.15.16:3300/0 5 ==== osd_map(2..2 src has 1..2) v4 ==== 940+0+0 (secure 0 0 0) 0x7fd43004d320 con 0x7fd43c1073d0
2024-05-10T05:08:50.893 INFO:teuthology.orchestra.run.smithi016.stdout:/usr/bin/ceph: stderr
2024-05-10T05:08:44.452+0000 7fd43bfff700 1 -- 172.21.15.16:0/2645913878 >> [v2:172.21.15.16:6800/47031243,v1:172.21.15.16:6801/47031243] conn(0x7fd42c0387a0 msgr2=0x7fd42c03acb0 unknown :-1 s=STATE_CONNECTING_RE l=1).process reconnect failed to v2:172.21.15.16:6800/47031243
2024-05-10T05:08:50.893 INFO:teuthology.orchestra.run.smithi016.stdout:/usr/bin/ceph: stderr
2024-05-10T05:08:44.452+0000 7fd43bfff700 1 --2- 172.21.15.16:0/2645913878 >> [v2:172.21.15.16:6800/47031243,v1:172.21.15.16:6801/47031243] conn(0x7fd42c0387a0 0x7fd42c03acb0 unknown :-1 s=START_CONNECT pgs=0 cs=0 l=1 rev1=0 crypto rx=0 tx=0 comp rx=0 tx=0)._fault waiting 0.200000
2024-05-10T05:08:50.893 INFO:teuthology.orchestra.run.smithi016.stdout:/usr/bin/ceph: stderr
2024-05-10T05:08:44.653+0000 7fd43bfff700 1 -- 172.21.15.16:0/2645913878 >> [v2:172.21.15.16:6800/47031243,v1:172.21.15.16:6801/47031243] conn(0x7fd42c0387a0 msgr2=0x7fd42c03acb0 unknown :-1 s=STATE_CONNECTING_RE l=1).process reconnect failed to v2:172.21.15.16:6800/47031243
2024-05-10T05:08:50.893 INFO:teuthology.orchestra.run.smithi016.stdout:/usr/bin/ceph: stderr
2024-05-10T05:08:44.653+0000 7fd43bfff700 1 --2- 172.21.15.16:0/2645913878 >> [v2:172.21.15.16:6800/47031243,v1:172.21.15.16:6801/47031243] conn(0x7fd42c0387a0 0x7fd42c03acb0 unknown :-1 s=START_CONNECT pgs=0 cs=0 l=1 rev1=0 crypto rx=0 tx=0 comp rx=0 tx=0)._fault waiting 0.400000
2024-05-10T05:08:50.893 INFO:teuthology.orchestra.run.smithi016.stdout:/usr/bin/ceph: stderr
2024-05-10T05:08:45.054+0000 7fd43bfff700 1 -- 172.21.15.16:0/2645913878 >> [v2:172.21.15.16:6800/47031243,v1:172.21.15.16:6801/47031243] conn(0x7fd42c0387a0 msgr2=0x7fd42c03acb0 unknown :-1 s=STATE_CONNECTING_RE l=1).process reconnect failed to v2:172.21.15.16:6800/47031243
2024-05-10T05:08:50.893 INFO:teuthology.orchestra.run.smithi016.stdout:/usr/bin/ceph: stderr
2024-05-10T05:08:45.054+0000 7fd43bfff700 1 --2- 172.21.15.16:0/2645913878 >> [v2:172.21.15.16:6800/47031243,v1:172.21.15.16:6801/47031243] conn(0x7fd42c0387a0 0x7fd42c03acb0 unknown :-1 s=START_CONNECT pgs=0 cs=0 l=1 rev1=0 crypto rx=0 tx=0 comp rx=0 tx=0)._fault waiting 0.800000
2024-05-10T05:08:50.893 INFO:teuthology.orchestra.run.smithi016.stdout:/usr/bin/ceph: stderr
2024-05-10T05:08:45.855+0000 7fd43bfff700 1 -- 172.21.15.16:0/2645913878 >> [v2:172.21.15.16:6800/47031243,v1:172.21.15.16:6801/47031243] conn(0x7fd42c0387a0 msgr2=0x7fd42c03acb0 unknown :-1 s=STATE_CONNECTING_RE l=1).process reconnect failed to v2:172.21.15.16:6800/47031243
2024-05-10T05:08:50.893 INFO:teuthology.orchestra.run.smithi016.stdout:/usr/bin/ceph: stderr
2024-05-10T05:08:45.855+0000 7fd43bfff700 1 --2- 172.21.15.16:0/2645913878 >> [v2:172.21.15.16:6800/47031243,v1:172.21.15.16:6801/47031243] conn(0x7fd42c0387a0 0x7fd42c03acb0 unknown :-1 s=START_CONNECT pgs=0 cs=0 l=1 rev1=0 crypto rx=0 tx=0 comp rx=0 tx=0)._fault waiting 1.600000
2024-05-10T05:08:50.893 INFO:teuthology.orchestra.run.smithi016.stdout:/usr/bin/ceph: stderr
2024-05-10T05:08:47.456+0000 7fd43bfff700 1 -- 172.21.15.16:0/2645913878 >> [v2:172.21.15.16:6800/47031243,v1:172.21.15.16:6801/47031243] conn(0x7fd42c0387a0 msgr2=0x7fd42c03acb0 unknown :-1 s=STATE_CONNECTING_RE l=1).process reconnect failed to v2:172.21.15.16:6800/47031243
2024-05-10T05:08:50.893 INFO:teuthology.orchestra.run.smithi016.stdout:/usr/bin/ceph: stderr
2024-05-10T05:08:47.456+0000 7fd43bfff700 1 --2- 172.21.15.16:0/2645913878 >> [v2:172.21.15.16:6800/47031243,v1:172.21.15.16:6801/47031243] conn(0x7fd42c0387a0 0x7fd42c03acb0 unknown :-1 s=START_CONNECT pgs=0 cs=0 l=1 rev1=0 crypto rx=0 tx=0 comp rx=0 tx=0)._fault waiting 3.200000
2024-05-10T05:08:50.893 INFO:teuthology.orchestra.run.smithi016.stdout:/usr/bin/ceph: stderr
2024-05-10T05:08:49.479+0000 7fd439ffb700 1 -- 172.21.15.16:0/2645913878 <== mon.0 v2:172.21.15.16:3300/0 6 ==== mgrmap(e 10) v1 ==== 45321+0+0 (secure 0 0 0) 0x7fd43001b5b0 con 0x7fd43c1073d0
2024-05-10T05:08:50.893 INFO:teuthology.orchestra.run.smithi016.stdout:/usr/bin/ceph: stderr
2024-05-10T05:08:49.479+0000 7fd439ffb700 1 -- 172.21.15.16:0/2645913878 >> [v2:172.21.15.16:6800/47031243,v1:172.21.15.16:6801/47031243] conn(0x7fd42c0387a0 msgr2=0x7fd42c03acb0 unknown :-1 s=STATE_CONNECTING l=1).mark_down
2024-05-10T05:08:50.893 INFO:teuthology.orchestra.run.smithi016.stdout:/usr/bin/ceph: stderr
2024-05-10T05:08:49.479+0000 7fd439ffb700 1 --2- 172.21.15.16:0/2645913878 >> [v2:172.21.15.16:6800/47031243,v1:172.21.15.16:6801/47031243] conn(0x7fd42c0387a0 0x7fd42c03acb0 unknown :-1 s=START_CONNECT pgs=0 cs=0 l=1 rev1=0 crypto rx=0 tx=0 comp rx=0 tx=0).stop
2024-05-10T05:08:50.894 INFO:teuthology.orchestra.run.smithi016.stdout:/usr/bin/ceph: stderr
2024-05-10T05:08:50.481+0000 7fd439ffb700 1 -- 172.21.15.16:0/2645913878 <== mon.0 v2:172.21.15.16:3300/0 7 ==== mgrmap(e 11) v1 ==== 45448+0+0 (secure 0 0 0) 0x7fd43004de20 con 0x7fd43c1073d0
2024-05-10T05:08:50.894 INFO:teuthology.orchestra.run.smithi016.stdout:/usr/bin/ceph: stderr
2024-05-10T05:08:50.481+0000 7fd439ffb700 1 --2- 172.21.15.16:0/2645913878 >> [v2:172.21.15.16:6800/1912888050,v1:172.21.15.16:6801/1912888050] conn(0x7fd43004ceb0 0x7fd42c03e000 unknown :-1 s=NONE pgs=0 cs=0 l=1 rev1=0 crypto rx=0 tx=0 comp rx=0 tx=0).connect
2024-05-10T05:08:50.894 INFO:teuthology.orchestra.run.smithi016.stdout:/usr/bin/ceph: stderr
2024-05-10T05:08:50.481+0000 7fd439ffb700 1 -- 172.21.15.16:0/2645913878 --> [v2:172.21.15.16:6800/1912888050,v1:172.21.15.16:6801/1912888050] -- command(tid 0: {"prefix": "get_command_descriptions"}) v1 -- 0x7fd42c03b3c0 con 0x7fd43004ceb0
2024-05-10T05:08:50.894 INFO:teuthology.orchestra.run.smithi016.stdout:/usr/bin/ceph: stderr
2024-05-10T05:08:50.482+0000 7fd43bfff700 1 --2- 172.21.15.16:0/2645913878 >> [v2:172.21.15.16:6800/1912888050,v1:172.21.15.16:6801/1912888050] conn(0x7fd43004ceb0 0x7fd42c03e000 unknown :-1 s=BANNER_CONNECTING pgs=0 cs=0 l=1 rev1=0 crypto rx=0 tx=0 comp rx=0 tx=0)._handle_peer_banner_payload supported=3 required=0
2024-05-10T05:08:50.894 INFO:teuthology.orchestra.run.smithi016.stdout:/usr/bin/ceph: stderr
2024-05-10T05:08:50.483+0000 7fd43bfff700 1 --2- 172.21.15.16:0/2645913878 >> [v2:172.21.15.16:6800/1912888050,v1:172.21.15.16:6801/1912888050] conn(0x7fd43004ceb0 0x7fd42c03e000 secure :-1 s=READY pgs=1 cs=0 l=1 rev1=1 crypto rx=0x7fd428003a10 tx=0x7fd428009270 comp rx=0 tx=0).ready entity=mgr.14152 client_cookie=0 server_cookie=0 in_seq=0 out_seq=0
2024-05-10T05:08:50.894 INFO:teuthology.orchestra.run.smithi016.stdout:/usr/bin/ceph: stderr
2024-05-10T05:08:50.484+0000 7fd439ffb700 1 -- 172.21.15.16:0/2645913878 <== mgr.14152 v2:172.21.15.16:6800/1912888050 1 ==== command_reply(tid 0: 0 ) v1 ==== 8+0+7774 (secure 0 0 0) 0x7fd42c03b3c0 con 0x7fd43004ceb0
2024-05-10T05:08:50.894 INFO:teuthology.orchestra.run.smithi016.stdout:/usr/bin/ceph: stderr
2024-05-10T05:08:50.491+0000 7fd442a6a700 1 -- 172.21.15.16:0/2645913878 --> [v2:172.21.15.16:6800/1912888050,v1:172.21.15.16:6801/1912888050] -- command(tid 1: {"prefix": "mgr_status"}) v1 -- 0x7fd43c062840 con 0x7fd43004ceb0
2024-05-10T05:08:50.894 INFO:teuthology.orchestra.run.smithi016.stdout:/usr/bin/ceph: stderr
2024-05-10T05:08:50.492+0000 7fd439ffb700 1 -- 172.21.15.16:0/2645913878 <== mgr.14152 v2:172.21.15.16:6800/1912888050 2 ==== command_reply(tid 1: 0 ) v1 ==== 8+0+52 (secure 0 0 0) 0x7fd43c062840 con 0x7fd43004ceb0
2024-05-10T05:08:50.894 INFO:teuthology.orchestra.run.smithi016.stdout:/usr/bin/ceph: stderr
2024-05-10T05:08:50.492+0000 7fd442a6a700 1 -- 172.21.15.16:0/2645913878 >> [v2:172.21.15.16:6800/1912888050,v1:172.21.15.16:6801/1912888050] conn(0x7fd43004ceb0 msgr2=0x7fd42c03e000 secure :-1 s=STATE_CONNECTION_ESTABLISHED l=1).mark_down
2024-05-10T05:08:50.894 INFO:teuthology.orchestra.run.smithi016.stdout:/usr/bin/ceph: stderr
2024-05-10T05:08:50.492+0000 7fd442a6a700 1 --2- 172.21.15.16:0/2645913878 >> [v2:172.21.15.16:6800/1912888050,v1:172.21.15.16:6801/1912888050] conn(0x7fd43004ceb0 0x7fd42c03e000 secure :-1 s=READY pgs=1 cs=0 l=1 rev1=1 crypto rx=0x7fd428003a10 tx=0x7fd428009270 comp rx=0 tx=0).stop
2024-05-10T05:08:50.894 INFO:teuthology.orchestra.run.smithi016.stdout:/usr/bin/ceph: stderr
2024-05-10T05:08:50.492+0000 7fd442a6a700 1 -- 172.21.15.16:0/2645913878 >> [v2:172.21.15.16:3300/0,v1:172.21.15.16:6789/0] conn(0x7fd43c1073d0 msgr2=0x7fd43c07ca20 secure :-1 s=STATE_CONNECTION_ESTABLISHED l=1).mark_down
2024-05-10T05:08:50.894 INFO:teuthology.orchestra.run.smithi016.stdout:/usr/bin/ceph: stderr
2024-05-10T05:08:50.492+0000 7fd442a6a700 1 --2- 172.21.15.16:0/2645913878 >> [v2:172.21.15.16:3300/0,v1:172.21.15.16:6789/0] conn(0x7fd43c1073d0 0x7fd43c07ca20 secure :-1 s=READY pgs=62 cs=0 l=1 rev1=1 crypto rx=0x7fd430000c00 tx=0x7fd4300119a0 comp rx=0 tx=0).stop
2024-05-10T05:08:50.894 INFO:teuthology.orchestra.run.smithi016.stdout:/usr/bin/ceph: stderr
2024-05-10T05:08:50.492+0000 7fd442a6a700 1 -- 172.21.15.16:0/2645913878 shutdown_connections
2024-05-10T05:08:50.894 INFO:teuthology.orchestra.run.smithi016.stdout:/usr/bin/ceph: stderr
2024-05-10T05:08:50.492+0000 7fd442a6a700 1 --2- 172.21.15.16:0/2645913878 >> [v2:172.21.15.16:6800/1912888050,v1:172.21.15.16:6801/1912888050] conn(0x7fd43004ceb0 0x7fd42c03e000 unknown :-1 s=CLOSED pgs=1 cs=0 l=1 rev1=1 crypto rx=0 tx=0 comp rx=0 tx=0).stop
2024-05-10T05:08:50.895 INFO:teuthology.orchestra.run.smithi016.stdout:/usr/bin/ceph: stderr
2024-05-10T05:08:50.492+0000 7fd442a6a700 1 --2- 172.21.15.16:0/2645913878 >> [v2:172.21.15.16:3300/0,v1:172.21.15.16:6789/0] conn(0x7fd43c1073d0 0x7fd43c07ca20 unknown :-1 s=CLOSED pgs=62 cs=0 l=1 rev1=1 crypto rx=0 tx=0 comp rx=0 tx=0).stop
2024-05-10T05:08:50.895 INFO:teuthology.orchestra.run.smithi016.stdout:/usr/bin/ceph: stderr
2024-05-10T05:08:50.492+0000 7fd442a6a700 1 --2- 172.21.15.16:0/2645913878 >> [v2:172.21.15.16:6800/47031243,v1:172.21.15.16:6801/47031243] conn(0x7fd42c0387a0 0x7fd42c03acb0 unknown :-1 s=CLOSED pgs=0 cs=0 l=1 rev1=0 crypto rx=0 tx=0 comp rx=0 tx=0).stop
2024-05-10T05:08:50.895 INFO:teuthology.orchestra.run.smithi016.stdout:/usr/bin/ceph: stderr
2024-05-10T05:08:50.492+0000 7fd442a6a700 1 -- 172.21.15.16:0/2645913878 >> 172.21.15.16:0/2645913878 conn(0x7fd43c102a30 msgr2=0x7fd43c103830 unknown :-1 s=STATE_NONE l=0).mark_down
2024-05-10T05:08:50.895 INFO:teuthology.orchestra.run.smithi016.stdout:/usr/bin/ceph: stderr
2024-05-10T05:08:50.493+0000 7fd442a6a700 1 -- 172.21.15.16:0/2645913878 shutdown_connections
2024-05-10T05:08:50.895 INFO:teuthology.orchestra.run.smithi016.stdout:/usr/bin/ceph: stderr
2024-05-10T05:08:50.493+0000 7fd442a6a700 1 -- 172.21.15.16:0/2645913878 wait complete.
2024-05-10T05:08:50.895 INFO:teuthology.orchestra.run.smithi016.stdout:mgr epoch 9 is available
2024-05-10T05:08:50.895 INFO:teuthology.orchestra.run.smithi016.stdout:Generating a dashboard self-signed certificate...
2024-05-10T05:08:51.846 INFO:journalctl@ceph.mon.a.smithi016.stdout:May 10 05:08:51 smithi016 ceph-mon[42460]: [10/May/2024:05:08:50] ENGINE Bus STARTING
2024-05-10T05:08:51.846 INFO:journalctl@ceph.mon.a.smithi016.stdout:May 10 05:08:51 smithi016 ceph-mon[42460]: [10/May/2024:05:08:50] ENGINE Serving on https://172.21.15.16:7150
2024-05-10T05:08:51.846 INFO:journalctl@ceph.mon.a.smithi016.stdout:May 10 05:08:51 smithi016 ceph-mon[42460]: from='client.14156 -' entity='client.admin' cmd=[{"prefix": "get_command_descriptions"}]: dispatch
2024-05-10T05:08:51.846 INFO:journalctl@ceph.mon.a.smithi016.stdout:May 10 05:08:51 smithi016 ceph-mon[42460]: from='client.14156 -' entity='client.admin' cmd=[{"prefix": "mgr_status"}]: dispatch
2024-05-10T05:08:51.846 INFO:journalctl@ceph.mon.a.smithi016.stdout:May 10 05:08:51 smithi016 ceph-mon[42460]: [10/May/2024:05:08:50] ENGINE Serving on http://172.21.15.16:8765
2024-05-10T05:08:51.846 INFO:journalctl@ceph.mon.a.smithi016.stdout:May 10 05:08:51 smithi016 ceph-mon[42460]: [10/May/2024:05:08:50] ENGINE Bus STARTED
2024-05-10T05:08:51.847 INFO:journalctl@ceph.mon.a.smithi016.stdout:May 10 05:08:51 smithi016 ceph-mon[42460]: from='mgr.14152 172.21.15.16:0/1732702551' entity='mgr.x'
2024-05-10T05:08:52.172 INFO:teuthology.orchestra.run.smithi016.stdout:/usr/bin/ceph: stdout Self-signed certificate created
2024-05-10T05:08:52.173 INFO:teuthology.orchestra.run.smithi016.stdout:/usr/bin/ceph: stderr
2024-05-10T05:08:51.265+0000 7fb03d5c1700 1 Processor -- start
2024-05-10T05:08:52.173 INFO:teuthology.orchestra.run.smithi016.stdout:/usr/bin/ceph: stderr
2024-05-10T05:08:51.265+0000 7fb03d5c1700 1 -- start start
2024-05-10T05:08:52.173 INFO:teuthology.orchestra.run.smithi016.stdout:/usr/bin/ceph: stderr
2024-05-10T05:08:51.265+0000 7fb03d5c1700 1 --2- >> [v2:172.21.15.16:3300/0,v1:172.21.15.16:6789/0] conn(0x7fb03807ac60 0x7fb038109f10 unknown :-1 s=NONE pgs=0 cs=0 l=0 rev1=0 crypto rx=0 tx=0 comp rx=0 tx=0).connect
2024-05-10T05:08:52.173 INFO:teuthology.orchestra.run.smithi016.stdout:/usr/bin/ceph: stderr
2024-05-10T05:08:51.265+0000 7fb03d5c1700 1 -- --> [v2:172.21.15.16:3300/0,v1:172.21.15.16:6789/0] -- mon_getmap magic: 0 v1 -- 0x7fb03810a500 con 0x7fb03807ac60
2024-05-10T05:08:52.173 INFO:teuthology.orchestra.run.smithi016.stdout:/usr/bin/ceph: stderr
2024-05-10T05:08:51.266+0000 7fb036ffd700 1 --2- >> [v2:172.21.15.16:3300/0,v1:172.21.15.16:6789/0] conn(0x7fb03807ac60 0x7fb038109f10 unknown :-1 s=BANNER_CONNECTING pgs=0 cs=0 l=0 rev1=0 crypto rx=0 tx=0 comp rx=0 tx=0)._handle_peer_banner_payload supported=3 required=0
2024-05-10T05:08:52.173 INFO:teuthology.orchestra.run.smithi016.stdout:/usr/bin/ceph: stderr
2024-05-10T05:08:51.266+0000 7fb036ffd700 1 --2- >> [v2:172.21.15.16:3300/0,v1:172.21.15.16:6789/0] conn(0x7fb03807ac60 0x7fb038109f10 unknown :-1 s=HELLO_CONNECTING pgs=0 cs=0 l=0 rev1=1 crypto rx=0 tx=0 comp rx=0 tx=0).handle_hello peer v2:172.21.15.16:3300/0 says I am v2:172.21.15.16:40204/0 (socket says 172.21.15.16:40204)
2024-05-10T05:08:52.173 INFO:teuthology.orchestra.run.smithi016.stdout:/usr/bin/ceph: stderr
2024-05-10T05:08:51.266+0000 7fb036ffd700 1 -- 172.21.15.16:0/2101220802 learned_addr learned my addr 172.21.15.16:0/2101220802 (peer_addr_for_me v2:172.21.15.16:0/0)
2024-05-10T05:08:52.173 INFO:teuthology.orchestra.run.smithi016.stdout:/usr/bin/ceph: stderr
2024-05-10T05:08:51.266+0000 7fb036ffd700 1 -- 172.21.15.16:0/2101220802 --> [v2:172.21.15.16:3300/0,v1:172.21.15.16:6789/0] -- mon_subscribe({config=0+,monmap=0+}) v3 -- 0x7fb03810a640 con 0x7fb03807ac60
2024-05-10T05:08:52.173 INFO:teuthology.orchestra.run.smithi016.stdout:/usr/bin/ceph: stderr
2024-05-10T05:08:51.266+0000 7fb036ffd700 1 --2- 172.21.15.16:0/2101220802 >> [v2:172.21.15.16:3300/0,v1:172.21.15.16:6789/0] conn(0x7fb03807ac60 0x7fb038109f10 secure :-1 s=READY pgs=70 cs=0 l=1 rev1=1 crypto rx=0x7fb028009e80 tx=0x7fb02800b330 comp rx=0 tx=0).ready entity=mon.0 client_cookie=9274ecb7aaf0b550 server_cookie=0 in_seq=0 out_seq=0
2024-05-10T05:08:52.173 INFO:teuthology.orchestra.run.smithi016.stdout:/usr/bin/ceph: stderr
2024-05-10T05:08:51.266+0000 7fb035ffb700 1 -- 172.21.15.16:0/2101220802 <== mon.0 v2:172.21.15.16:3300/0 1 ==== mon_map magic: 0 v1 ==== 205+0+0 (secure 0 0 0) 0x7fb02800e070 con 0x7fb03807ac60
2024-05-10T05:08:52.173 INFO:teuthology.orchestra.run.smithi016.stdout:/usr/bin/ceph: stderr
2024-05-10T05:08:51.266+0000 7fb035ffb700 1 -- 172.21.15.16:0/2101220802 <== mon.0 v2:172.21.15.16:3300/0 2 ==== config(25 keys) v1 ==== 1067+0+0 (secure 0 0 0) 0x7fb02800b8c0 con 0x7fb03807ac60
2024-05-10T05:08:52.173 INFO:teuthology.orchestra.run.smithi016.stdout:/usr/bin/ceph: stderr
2024-05-10T05:08:51.266+0000 7fb035ffb700 1 -- 172.21.15.16:0/2101220802 <== mon.0 v2:172.21.15.16:3300/0 3 ==== mon_map magic: 0 v1 ==== 205+0+0 (secure 0 0 0) 0x7fb028004360 con 0x7fb03807ac60
2024-05-10T05:08:52.173 INFO:teuthology.orchestra.run.smithi016.stdout:/usr/bin/ceph: stderr
2024-05-10T05:08:51.267+0000 7fb03d5c1700 1 -- 172.21.15.16:0/2101220802 >> [v2:172.21.15.16:3300/0,v1:172.21.15.16:6789/0] conn(0x7fb03807ac60 msgr2=0x7fb038109f10 secure :-1 s=STATE_CONNECTION_ESTABLISHED l=1).mark_down
2024-05-10T05:08:52.174 INFO:teuthology.orchestra.run.smithi016.stdout:/usr/bin/ceph: stderr
2024-05-10T05:08:51.267+0000 7fb03d5c1700 1 --2- 172.21.15.16:0/2101220802 >> [v2:172.21.15.16:3300/0,v1:172.21.15.16:6789/0] conn(0x7fb03807ac60 0x7fb038109f10 secure :-1 s=READY pgs=70 cs=0 l=1 rev1=1 crypto rx=0x7fb028009e80 tx=0x7fb02800b330 comp rx=0 tx=0).stop
2024-05-10T05:08:52.174 INFO:teuthology.orchestra.run.smithi016.stdout:/usr/bin/ceph: stderr
2024-05-10T05:08:51.267+0000 7fb03d5c1700 1 -- 172.21.15.16:0/2101220802 shutdown_connections
2024-05-10T05:08:52.174 INFO:teuthology.orchestra.run.smithi016.stdout:/usr/bin/ceph: stderr
2024-05-10T05:08:51.267+0000 7fb03d5c1700 1 --2- 172.21.15.16:0/2101220802 >> [v2:172.21.15.16:3300/0,v1:172.21.15.16:6789/0] conn(0x7fb03807ac60 0x7fb038109f10 unknown :-1 s=CLOSED pgs=70 cs=0 l=1 rev1=1 crypto rx=0 tx=0 comp rx=0 tx=0).stop
2024-05-10T05:08:52.174 INFO:teuthology.orchestra.run.smithi016.stdout:/usr/bin/ceph: stderr
2024-05-10T05:08:51.268+0000 7fb03d5c1700 1 -- 172.21.15.16:0/2101220802 >> 172.21.15.16:0/2101220802 conn(0x7fb038101920 msgr2=0x7fb038103db0 unknown :-1 s=STATE_NONE l=0).mark_down
2024-05-10T05:08:52.174 INFO:teuthology.orchestra.run.smithi016.stdout:/usr/bin/ceph: stderr
2024-05-10T05:08:51.268+0000 7fb03d5c1700 1 -- 172.21.15.16:0/2101220802 shutdown_connections
2024-05-10T05:08:52.174 INFO:teuthology.orchestra.run.smithi016.stdout:/usr/bin/ceph: stderr
2024-05-10T05:08:51.268+0000 7fb03d5c1700 1 -- 172.21.15.16:0/2101220802 wait complete.
2024-05-10T05:08:52.174 INFO:teuthology.orchestra.run.smithi016.stdout:/usr/bin/ceph: stderr
2024-05-10T05:08:51.268+0000 7fb03d5c1700 1 Processor -- start
2024-05-10T05:08:52.174 INFO:teuthology.orchestra.run.smithi016.stdout:/usr/bin/ceph: stderr
2024-05-10T05:08:51.269+0000 7fb03d5c1700 1 -- start start
2024-05-10T05:08:52.174 INFO:teuthology.orchestra.run.smithi016.stdout:/usr/bin/ceph: stderr
2024-05-10T05:08:51.269+0000 7fb03d5c1700 1 --2- >> [v2:172.21.15.16:3300/0,v1:172.21.15.16:6789/0] conn(0x7fb03807ac60 0x7fb03819b730 unknown :-1 s=NONE pgs=0 cs=0 l=1 rev1=0 crypto rx=0 tx=0 comp rx=0 tx=0).connect
2024-05-10T05:08:52.174 INFO:teuthology.orchestra.run.smithi016.stdout:/usr/bin/ceph: stderr
2024-05-10T05:08:51.269+0000 7fb03d5c1700 1 -- --> [v2:172.21.15.16:3300/0,v1:172.21.15.16:6789/0] -- mon_getmap magic: 0 v1 -- 0x7fb03819bc70 con 0x7fb03807ac60
2024-05-10T05:08:52.174 INFO:teuthology.orchestra.run.smithi016.stdout:/usr/bin/ceph: stderr
2024-05-10T05:08:51.269+0000 7fb036ffd700 1 --2- >> [v2:172.21.15.16:3300/0,v1:172.21.15.16:6789/0] conn(0x7fb03807ac60 0x7fb03819b730 unknown :-1 s=BANNER_CONNECTING pgs=0 cs=0 l=1 rev1=0 crypto rx=0 tx=0 comp rx=0 tx=0)._handle_peer_banner_payload supported=3 required=0
2024-05-10T05:08:52.174 INFO:teuthology.orchestra.run.smithi016.stdout:/usr/bin/ceph: stderr
2024-05-10T05:08:51.269+0000 7fb036ffd700 1 --2- >> [v2:172.21.15.16:3300/0,v1:172.21.15.16:6789/0] conn(0x7fb03807ac60 0x7fb03819b730 unknown :-1 s=HELLO_CONNECTING pgs=0 cs=0 l=1 rev1=1 crypto rx=0 tx=0 comp rx=0 tx=0).handle_hello peer v2:172.21.15.16:3300/0 says I am v2:172.21.15.16:40216/0 (socket says 172.21.15.16:40216)
2024-05-10T05:08:52.174 INFO:teuthology.orchestra.run.smithi016.stdout:/usr/bin/ceph: stderr
2024-05-10T05:08:51.269+0000 7fb036ffd700 1 -- 172.21.15.16:0/1260369912 learned_addr learned my addr 172.21.15.16:0/1260369912 (peer_addr_for_me v2:172.21.15.16:0/0)
2024-05-10T05:08:52.175 INFO:teuthology.orchestra.run.smithi016.stdout:/usr/bin/ceph: stderr
2024-05-10T05:08:51.269+0000 7fb036ffd700 1 -- 172.21.15.16:0/1260369912 --> [v2:172.21.15.16:3300/0,v1:172.21.15.16:6789/0] -- mon_subscribe({config=0+,monmap=0+}) v3 -- 0x7fb028009b30 con 0x7fb03807ac60
2024-05-10T05:08:52.175 INFO:teuthology.orchestra.run.smithi016.stdout:/usr/bin/ceph: stderr
2024-05-10T05:08:51.270+0000 7fb036ffd700 1 --2- 172.21.15.16:0/1260369912 >> [v2:172.21.15.16:3300/0,v1:172.21.15.16:6789/0] conn(0x7fb03807ac60 0x7fb03819b730 secure :-1 s=READY pgs=71 cs=0 l=1 rev1=1 crypto rx=0x7fb028009530 tx=0x7fb028003d00 comp rx=0 tx=0).ready entity=mon.0 client_cookie=0 server_cookie=0 in_seq=0 out_seq=0
2024-05-10T05:08:52.175 INFO:teuthology.orchestra.run.smithi016.stdout:/usr/bin/ceph: stderr
2024-05-10T05:08:51.270+0000 7fb01ffff700 1 -- 172.21.15.16:0/1260369912 <== mon.0 v2:172.21.15.16:3300/0 1 ==== mon_map magic: 0 v1 ==== 205+0+0 (secure 0 0 0) 0x7fb02800e040 con 0x7fb03807ac60
2024-05-10T05:08:52.175 INFO:teuthology.orchestra.run.smithi016.stdout:/usr/bin/ceph: stderr
2024-05-10T05:08:51.270+0000 7fb01ffff700 1 -- 172.21.15.16:0/1260369912 <== mon.0 v2:172.21.15.16:3300/0 2 ==== config(25 keys) v1 ==== 1067+0+0 (secure 0 0 0) 0x7fb02800bd70 con 0x7fb03807ac60
2024-05-10T05:08:52.175 INFO:teuthology.orchestra.run.smithi016.stdout:/usr/bin/ceph: stderr
2024-05-10T05:08:51.270+0000 7fb03d5c1700 1 -- 172.21.15.16:0/1260369912 --> [v2:172.21.15.16:3300/0,v1:172.21.15.16:6789/0] -- mon_subscribe({mgrmap=0+}) v3 -- 0x7fb03819be70 con 0x7fb03807ac60
2024-05-10T05:08:52.175 INFO:teuthology.orchestra.run.smithi016.stdout:/usr/bin/ceph: stderr
2024-05-10T05:08:51.270+0000 7fb01ffff700 1 -- 172.21.15.16:0/1260369912 <== mon.0 v2:172.21.15.16:3300/0 3 ==== mon_map magic: 0 v1 ==== 205+0+0 (secure 0 0 0) 0x7fb02801c590 con 0x7fb03807ac60
2024-05-10T05:08:52.175 INFO:teuthology.orchestra.run.smithi016.stdout:/usr/bin/ceph: stderr
2024-05-10T05:08:51.270+0000 7fb03d5c1700 1 -- 172.21.15.16:0/1260369912 --> [v2:172.21.15.16:3300/0,v1:172.21.15.16:6789/0] -- mon_subscribe({osdmap=0}) v3 -- 0x7fb03819eb10 con 0x7fb03807ac60
2024-05-10T05:08:52.175 INFO:teuthology.orchestra.run.smithi016.stdout:/usr/bin/ceph: stderr
2024-05-10T05:08:51.271+0000 7fb01ffff700 1 -- 172.21.15.16:0/1260369912 <== mon.0 v2:172.21.15.16:3300/0 4 ==== mgrmap(e 11) v1 ==== 45448+0+0 (secure 0 0 0) 0x7fb02801c850 con 0x7fb03807ac60
2024-05-10T05:08:52.175 INFO:teuthology.orchestra.run.smithi016.stdout:/usr/bin/ceph: stderr
2024-05-10T05:08:51.271+0000 7fb01ffff700 1 --2- 172.21.15.16:0/1260369912 >> [v2:172.21.15.16:6800/1912888050,v1:172.21.15.16:6801/1912888050] conn(0x7fb020038620 0x7fb02003ab30 unknown :-1 s=NONE pgs=0 cs=0 l=1 rev1=0 crypto rx=0 tx=0 comp rx=0 tx=0).connect
2024-05-10T05:08:52.175 INFO:teuthology.orchestra.run.smithi016.stdout:/usr/bin/ceph: stderr
2024-05-10T05:08:51.271+0000 7fb01ffff700 1 -- 172.21.15.16:0/1260369912 <== mon.0 v2:172.21.15.16:3300/0 5 ==== osd_map(3..3 src has 1..3) v4 ==== 1155+0+0 (secure 0 0 0) 0x7fb02804d310 con 0x7fb03807ac60
2024-05-10T05:08:52.175 INFO:teuthology.orchestra.run.smithi016.stdout:/usr/bin/ceph: stderr
2024-05-10T05:08:51.271+0000 7fb0367fc700 1 --2- 172.21.15.16:0/1260369912 >> [v2:172.21.15.16:6800/1912888050,v1:172.21.15.16:6801/1912888050] conn(0x7fb020038620 0x7fb02003ab30 unknown :-1 s=BANNER_CONNECTING pgs=0 cs=0 l=1 rev1=0 crypto rx=0 tx=0 comp rx=0 tx=0)._handle_peer_banner_payload supported=3 required=0
2024-05-10T05:08:52.175 INFO:teuthology.orchestra.run.smithi016.stdout:/usr/bin/ceph: stderr
2024-05-10T05:08:51.271+0000 7fb03d5c1700 1 -- 172.21.15.16:0/1260369912 --> [v2:172.21.15.16:3300/0,v1:172.21.15.16:6789/0] -- mon_command({"prefix": "get_command_descriptions"} v 0) v1 -- 0x7fb038195130 con 0x7fb03807ac60
2024-05-10T05:08:52.175 INFO:teuthology.orchestra.run.smithi016.stdout:/usr/bin/ceph: stderr
2024-05-10T05:08:51.272+0000 7fb0367fc700 1 --2- 172.21.15.16:0/1260369912 >> [v2:172.21.15.16:6800/1912888050,v1:172.21.15.16:6801/1912888050] conn(0x7fb020038620 0x7fb02003ab30 secure :-1 s=READY pgs=7 cs=0 l=1 rev1=1 crypto rx=0x7fb02c006fd0 tx=0x7fb02c006e40 comp rx=0 tx=0).ready entity=mgr.14152 client_cookie=0 server_cookie=0 in_seq=0 out_seq=0
2024-05-10T05:08:52.176 INFO:teuthology.orchestra.run.smithi016.stdout:/usr/bin/ceph: stderr
2024-05-10T05:08:51.277+0000 7fb01ffff700 1 -- 172.21.15.16:0/1260369912 <== mon.0 v2:172.21.15.16:3300/0 6 ==== mon_command_ack([{"prefix": "get_command_descriptions"}]=0 v0) v1 ==== 72+0+183622 (secure 0 0 0) 0x7fb028017020 con 0x7fb03807ac60
2024-05-10T05:08:52.176 INFO:teuthology.orchestra.run.smithi016.stdout:/usr/bin/ceph: stderr
2024-05-10T05:08:51.499+0000 7fb03d5c1700 1 -- 172.21.15.16:0/1260369912 --> [v2:172.21.15.16:6800/1912888050,v1:172.21.15.16:6801/1912888050] -- mgr_command(tid 0: {"prefix": "dashboard create-self-signed-cert", "target": ["mon-mgr", ""]}) v1 -- 0x7fb038061650 con 0x7fb020038620
2024-05-10T05:08:52.176 INFO:teuthology.orchestra.run.smithi016.stdout:/usr/bin/ceph: stderr
2024-05-10T05:08:51.558+0000 7fb01ffff700 1 -- 172.21.15.16:0/1260369912 <== mgr.14152 v2:172.21.15.16:6800/1912888050 1 ==== mgr_command_reply(tid 0: 0 ) v1 ==== 8+0+32 (secure 0 0 0) 0x7fb038061650 con 0x7fb020038620
2024-05-10T05:08:52.176 INFO:teuthology.orchestra.run.smithi016.stdout:/usr/bin/ceph: stderr
2024-05-10T05:08:51.560+0000 7fb03d5c1700 1 -- 172.21.15.16:0/1260369912 >> [v2:172.21.15.16:6800/1912888050,v1:172.21.15.16:6801/1912888050] conn(0x7fb020038620 msgr2=0x7fb02003ab30 secure :-1 s=STATE_CONNECTION_ESTABLISHED l=1).mark_down
2024-05-10T05:08:52.176 INFO:teuthology.orchestra.run.smithi016.stdout:/usr/bin/ceph: stderr
2024-05-10T05:08:51.560+0000 7fb03d5c1700 1 --2- 172.21.15.16:0/1260369912 >> [v2:172.21.15.16:6800/1912888050,v1:172.21.15.16:6801/1912888050] conn(0x7fb020038620 0x7fb02003ab30 secure :-1 s=READY pgs=7 cs=0 l=1 rev1=1 crypto rx=0x7fb02c006fd0 tx=0x7fb02c006e40 comp rx=0 tx=0).stop
2024-05-10T05:08:52.176 INFO:teuthology.orchestra.run.smithi016.stdout:/usr/bin/ceph: stderr
2024-05-10T05:08:51.560+0000 7fb03d5c1700 1 -- 172.21.15.16:0/1260369912 >> [v2:172.21.15.16:3300/0,v1:172.21.15.16:6789/0] conn(0x7fb03807ac60 msgr2=0x7fb03819b730 secure :-1 s=STATE_CONNECTION_ESTABLISHED l=1).mark_down
2024-05-10T05:08:52.176 INFO:teuthology.orchestra.run.smithi016.stdout:/usr/bin/ceph: stderr
2024-05-10T05:08:51.560+0000 7fb03d5c1700 1 --2- 172.21.15.16:0/1260369912 >> [v2:172.21.15.16:3300/0,v1:172.21.15.16:6789/0] conn(0x7fb03807ac60 0x7fb03819b730 secure :-1 s=READY pgs=71 cs=0 l=1 rev1=1 crypto rx=0x7fb028009530 tx=0x7fb028003d00 comp rx=0 tx=0).stop
2024-05-10T05:08:52.176 INFO:teuthology.orchestra.run.smithi016.stdout:/usr/bin/ceph: stderr
2024-05-10T05:08:51.561+0000 7fb03d5c1700 1 -- 172.21.15.16:0/1260369912 shutdown_connections
2024-05-10T05:08:52.176 INFO:teuthology.orchestra.run.smithi016.stdout:/usr/bin/ceph: stderr
2024-05-10T05:08:51.561+0000 7fb03d5c1700 1 --2- 172.21.15.16:0/1260369912 >> [v2:172.21.15.16:6800/1912888050,v1:172.21.15.16:6801/1912888050] conn(0x7fb020038620 0x7fb02003ab30 unknown :-1 s=CLOSED pgs=7 cs=0 l=1 rev1=1 crypto rx=0 tx=0 comp rx=0 tx=0).stop
2024-05-10T05:08:52.176 INFO:teuthology.orchestra.run.smithi016.stdout:/usr/bin/ceph: stderr
2024-05-10T05:08:51.561+0000 7fb03d5c1700 1 --2- 172.21.15.16:0/1260369912 >> [v2:172.21.15.16:3300/0,v1:172.21.15.16:6789/0] conn(0x7fb03807ac60 0x7fb03819b730 unknown :-1 s=CLOSED pgs=71 cs=0 l=1 rev1=1 crypto rx=0 tx=0 comp rx=0 tx=0).stop
2024-05-10T05:08:52.176 INFO:teuthology.orchestra.run.smithi016.stdout:/usr/bin/ceph: stderr
2024-05-10T05:08:51.561+0000 7fb03d5c1700 1 -- 172.21.15.16:0/1260369912 >> 172.21.15.16:0/1260369912 conn(0x7fb038101920 msgr2=0x7fb0381024b0 unknown :-1 s=STATE_NONE l=0).mark_down
2024-05-10T05:08:52.176 INFO:teuthology.orchestra.run.smithi016.stdout:/usr/bin/ceph: stderr
2024-05-10T05:08:51.561+0000 7fb03d5c1700 1 -- 172.21.15.16:0/1260369912 shutdown_connections
2024-05-10T05:08:52.176 INFO:teuthology.orchestra.run.smithi016.stdout:/usr/bin/ceph: stderr
2024-05-10T05:08:51.561+0000 7fb03d5c1700 1 -- 172.21.15.16:0/1260369912 wait complete.
2024-05-10T05:08:52.176 INFO:teuthology.orchestra.run.smithi016.stdout:Creating initial admin user...
2024-05-10T05:08:52.965 INFO:journalctl@ceph.mon.a.smithi016.stdout:May 10 05:08:52 smithi016 ceph-mon[42460]: from='client.14164 -' entity='client.admin' cmd=[{"prefix": "dashboard create-self-signed-cert", "target": ["mon-mgr", ""]}]: dispatch
2024-05-10T05:08:52.965 INFO:journalctl@ceph.mon.a.smithi016.stdout:May 10 05:08:52 smithi016 ceph-mon[42460]: from='mgr.14152 172.21.15.16:0/1732702551' entity='mgr.x'
2024-05-10T05:08:52.965 INFO:journalctl@ceph.mon.a.smithi016.stdout:May 10 05:08:52 smithi016 ceph-mon[42460]: from='mgr.14152 172.21.15.16:0/1732702551' entity='mgr.x'
2024-05-10T05:08:52.965 INFO:journalctl@ceph.mon.a.smithi016.stdout:May 10 05:08:52 smithi016 ceph-mon[42460]: mgrmap e12: x(active, since 2s)
2024-05-10T05:08:53.648 INFO:teuthology.orchestra.run.smithi016.stdout:/usr/bin/ceph: stdout {"username": "admin", "password": "$2b$12$bBCXyw2CKOOJBteTheUdEOsutQdt/B2XCXD1BbZdTwIclpQ/QoK/G", "roles": ["administrator"], "name": null, "email": null, "lastUpdate": 1715317733, "enabled": true, "pwdExpirationDate": null, "pwdUpdateRequired": true}
2024-05-10T05:08:53.648 INFO:teuthology.orchestra.run.smithi016.stdout:/usr/bin/ceph: stderr
2024-05-10T05:08:52.750+0000 7ff319663700 1 Processor -- start
2024-05-10T05:08:53.649 INFO:teuthology.orchestra.run.smithi016.stdout:/usr/bin/ceph: stderr
2024-05-10T05:08:52.750+0000 7ff319663700 1 -- start start
2024-05-10T05:08:53.649 INFO:teuthology.orchestra.run.smithi016.stdout:/usr/bin/ceph: stderr
2024-05-10T05:08:52.750+0000 7ff319663700 1 --2- >> [v2:172.21.15.16:3300/0,v1:172.21.15.16:6789/0] conn(0x7ff314108a70 0x7ff314108e80 unknown :-1 s=NONE pgs=0 cs=0 l=0 rev1=0 crypto rx=0 tx=0 comp rx=0 tx=0).connect
2024-05-10T05:08:53.649 INFO:teuthology.orchestra.run.smithi016.stdout:/usr/bin/ceph: stderr
2024-05-10T05:08:52.750+0000 7ff319663700 1 -- --> [v2:172.21.15.16:3300/0,v1:172.21.15.16:6789/0] -- mon_getmap magic: 0 v1 -- 0x7ff314109450 con 0x7ff314108a70
2024-05-10T05:08:53.649 INFO:teuthology.orchestra.run.smithi016.stdout:/usr/bin/ceph: stderr
2024-05-10T05:08:52.750+0000 7ff312ffd700 1 --2- >> [v2:172.21.15.16:3300/0,v1:172.21.15.16:6789/0] conn(0x7ff314108a70 0x7ff314108e80 unknown :-1 s=BANNER_CONNECTING pgs=0 cs=0 l=0 rev1=0 crypto rx=0 tx=0 comp rx=0 tx=0)._handle_peer_banner_payload supported=3 required=0
2024-05-10T05:08:53.649 INFO:teuthology.orchestra.run.smithi016.stdout:/usr/bin/ceph: stderr
2024-05-10T05:08:52.751+0000 7ff312ffd700 1 --2- >> [v2:172.21.15.16:3300/0,v1:172.21.15.16:6789/0] conn(0x7ff314108a70 0x7ff314108e80 unknown :-1 s=HELLO_CONNECTING pgs=0 cs=0 l=0 rev1=1 crypto rx=0 tx=0 comp rx=0 tx=0).handle_hello peer v2:172.21.15.16:3300/0 says I am v2:172.21.15.16:40230/0 (socket says 172.21.15.16:40230)
2024-05-10T05:08:53.649 INFO:teuthology.orchestra.run.smithi016.stdout:/usr/bin/ceph: stderr
2024-05-10T05:08:52.751+0000 7ff312ffd700 1 -- 172.21.15.16:0/3104461159 learned_addr learned my addr 172.21.15.16:0/3104461159 (peer_addr_for_me v2:172.21.15.16:0/0)
2024-05-10T05:08:53.649 INFO:teuthology.orchestra.run.smithi016.stdout:/usr/bin/ceph: stderr
2024-05-10T05:08:52.751+0000 7ff312ffd700 1 -- 172.21.15.16:0/3104461159 --> [v2:172.21.15.16:3300/0,v1:172.21.15.16:6789/0] -- mon_subscribe({config=0+,monmap=0+}) v3 -- 0x7ff3141053e0 con 0x7ff314108a70
2024-05-10T05:08:53.650 INFO:teuthology.orchestra.run.smithi016.stdout:/usr/bin/ceph: stderr
2024-05-10T05:08:52.751+0000 7ff312ffd700 1 --2- 172.21.15.16:0/3104461159 >> [v2:172.21.15.16:3300/0,v1:172.21.15.16:6789/0] conn(0x7ff314108a70 0x7ff314108e80 secure :-1 s=READY pgs=72 cs=0 l=1 rev1=1 crypto rx=0x7ff3040098a0 tx=0x7ff304009bb0 comp rx=0 tx=0).ready entity=mon.0 client_cookie=1b0d6270ab3ea511 server_cookie=0 in_seq=0 out_seq=0
2024-05-10T05:08:53.650 INFO:teuthology.orchestra.run.smithi016.stdout:/usr/bin/ceph: stderr
2024-05-10T05:08:52.751+0000 7ff311ffb700 1 -- 172.21.15.16:0/3104461159 <== mon.0 v2:172.21.15.16:3300/0 1 ==== mon_map magic: 0 v1 ==== 205+0+0 (secure 0 0 0) 0x7ff304004160 con 0x7ff314108a70
2024-05-10T05:08:53.650 INFO:teuthology.orchestra.run.smithi016.stdout:/usr/bin/ceph: stderr
2024-05-10T05:08:52.751+0000 7ff311ffb700 1 -- 172.21.15.16:0/3104461159 <== mon.0 v2:172.21.15.16:3300/0 2 ==== config(25 keys) v1 ==== 1067+0+0 (secure 0 0 0) 0x7ff3040042c0 con 0x7ff314108a70
2024-05-10T05:08:53.650 INFO:teuthology.orchestra.run.smithi016.stdout:/usr/bin/ceph: stderr
2024-05-10T05:08:52.751+0000 7ff311ffb700 1 -- 172.21.15.16:0/3104461159 <== mon.0 v2:172.21.15.16:3300/0 3 ==== mon_map magic: 0 v1 ==== 205+0+0 (secure 0 0 0) 0x7ff3040118e0 con 0x7ff314108a70
2024-05-10T05:08:53.650 INFO:teuthology.orchestra.run.smithi016.stdout:/usr/bin/ceph: stderr
2024-05-10T05:08:52.752+0000 7ff319663700 1 -- 172.21.15.16:0/3104461159 >> [v2:172.21.15.16:3300/0,v1:172.21.15.16:6789/0] conn(0x7ff314108a70 msgr2=0x7ff314108e80 secure :-1 s=STATE_CONNECTION_ESTABLISHED l=1).mark_down
2024-05-10T05:08:53.651 INFO:teuthology.orchestra.run.smithi016.stdout:/usr/bin/ceph: stderr
2024-05-10T05:08:52.752+0000 7ff319663700 1 --2- 172.21.15.16:0/3104461159 >> [v2:172.21.15.16:3300/0,v1:172.21.15.16:6789/0] conn(0x7ff314108a70 0x7ff314108e80 secure :-1 s=READY pgs=72 cs=0 l=1 rev1=1 crypto rx=0x7ff3040098a0 tx=0x7ff304009bb0 comp rx=0 tx=0).stop
2024-05-10T05:08:53.651 INFO:teuthology.orchestra.run.smithi016.stdout:/usr/bin/ceph: stderr
2024-05-10T05:08:52.752+0000 7ff319663700 1 -- 172.21.15.16:0/3104461159 shutdown_connections
2024-05-10T05:08:53.651 INFO:teuthology.orchestra.run.smithi016.stdout:/usr/bin/ceph: stderr
2024-05-10T05:08:52.752+0000 7ff319663700 1 --2- 172.21.15.16:0/3104461159 >> [v2:172.21.15.16:3300/0,v1:172.21.15.16:6789/0] conn(0x7ff314108a70 0x7ff314108e80 unknown :-1 s=CLOSED pgs=72 cs=0 l=1 rev1=1 crypto rx=0 tx=0 comp rx=0 tx=0).stop
2024-05-10T05:08:53.651 INFO:teuthology.orchestra.run.smithi016.stdout:/usr/bin/ceph: stderr
2024-05-10T05:08:52.752+0000 7ff319663700 1 -- 172.21.15.16:0/3104461159 >> 172.21.15.16:0/3104461159 conn(0x7ff314101130 msgr2=0x7ff314103580 unknown :-1 s=STATE_NONE l=0).mark_down
2024-05-10T05:08:53.651 INFO:teuthology.orchestra.run.smithi016.stdout:/usr/bin/ceph: stderr
2024-05-10T05:08:52.752+0000 7ff319663700 1 -- 172.21.15.16:0/3104461159 shutdown_connections
2024-05-10T05:08:53.651 INFO:teuthology.orchestra.run.smithi016.stdout:/usr/bin/ceph: stderr
2024-05-10T05:08:52.752+0000 7ff319663700 1 -- 172.21.15.16:0/3104461159 wait complete.
2024-05-10T05:08:53.651 INFO:teuthology.orchestra.run.smithi016.stdout:/usr/bin/ceph: stderr
2024-05-10T05:08:52.753+0000 7ff319663700 1 Processor -- start
2024-05-10T05:08:53.652 INFO:teuthology.orchestra.run.smithi016.stdout:/usr/bin/ceph: stderr
2024-05-10T05:08:52.753+0000 7ff319663700 1 -- start start
2024-05-10T05:08:53.652 INFO:teuthology.orchestra.run.smithi016.stdout:/usr/bin/ceph: stderr
2024-05-10T05:08:52.753+0000 7ff319663700 1 --2- >> [v2:172.21.15.16:3300/0,v1:172.21.15.16:6789/0] conn(0x7ff314108a70 0x7ff314107e80 unknown :-1 s=NONE pgs=0 cs=0 l=1 rev1=0 crypto rx=0 tx=0 comp rx=0 tx=0).connect
2024-05-10T05:08:53.652 INFO:teuthology.orchestra.run.smithi016.stdout:/usr/bin/ceph: stderr
2024-05-10T05:08:52.753+0000 7ff319663700 1 -- --> [v2:172.21.15.16:3300/0,v1:172.21.15.16:6789/0] -- mon_getmap magic: 0 v1 -- 0x7ff3141083c0 con 0x7ff314108a70
2024-05-10T05:08:53.652 INFO:teuthology.orchestra.run.smithi016.stdout:/usr/bin/ceph: stderr
2024-05-10T05:08:52.753+0000 7ff312ffd700 1 --2- >> [v2:172.21.15.16:3300/0,v1:172.21.15.16:6789/0] conn(0x7ff314108a70 0x7ff314107e80 unknown :-1 s=BANNER_CONNECTING pgs=0 cs=0 l=1 rev1=0 crypto rx=0 tx=0 comp rx=0 tx=0)._handle_peer_banner_payload supported=3 required=0
2024-05-10T05:08:53.652 INFO:teuthology.orchestra.run.smithi016.stdout:/usr/bin/ceph: stderr
2024-05-10T05:08:52.753+0000 7ff312ffd700 1 --2- >> [v2:172.21.15.16:3300/0,v1:172.21.15.16:6789/0] conn(0x7ff314108a70 0x7ff314107e80 unknown :-1 s=HELLO_CONNECTING pgs=0 cs=0 l=1 rev1=1 crypto rx=0 tx=0 comp rx=0 tx=0).handle_hello peer v2:172.21.15.16:3300/0 says I am v2:172.21.15.16:40232/0 (socket says 172.21.15.16:40232)
2024-05-10T05:08:53.652 INFO:teuthology.orchestra.run.smithi016.stdout:/usr/bin/ceph: stderr
2024-05-10T05:08:52.753+0000 7ff312ffd700 1 -- 172.21.15.16:0/4196357956 learned_addr learned my addr 172.21.15.16:0/4196357956 (peer_addr_for_me v2:172.21.15.16:0/0)
2024-05-10T05:08:53.653 INFO:teuthology.orchestra.run.smithi016.stdout:/usr/bin/ceph: stderr
2024-05-10T05:08:52.754+0000 7ff312ffd700 1 -- 172.21.15.16:0/4196357956 --> [v2:172.21.15.16:3300/0,v1:172.21.15.16:6789/0] -- mon_subscribe({config=0+,monmap=0+}) v3 -- 0x7ff304009550 con 0x7ff314108a70
2024-05-10T05:08:53.653 INFO:teuthology.orchestra.run.smithi016.stdout:/usr/bin/ceph: stderr
2024-05-10T05:08:52.754+0000 7ff312ffd700 1 --2- 172.21.15.16:0/4196357956 >> [v2:172.21.15.16:3300/0,v1:172.21.15.16:6789/0] conn(0x7ff314108a70 0x7ff314107e80 secure :-1 s=READY pgs=73 cs=0 l=1 rev1=1 crypto rx=0x7ff304000c00 tx=0x7ff3040119a0 comp rx=0 tx=0).ready entity=mon.0 client_cookie=0 server_cookie=0 in_seq=0 out_seq=0
2024-05-10T05:08:53.653 INFO:teuthology.orchestra.run.smithi016.stdout:/usr/bin/ceph: stderr
2024-05-10T05:08:52.754+0000 7ff2fbfff700 1 -- 172.21.15.16:0/4196357956 <== mon.0 v2:172.21.15.16:3300/0 1 ==== mon_map magic: 0 v1 ==== 205+0+0 (secure 0 0 0) 0x7ff3040036a0 con 0x7ff314108a70
2024-05-10T05:08:53.653 INFO:teuthology.orchestra.run.smithi016.stdout:/usr/bin/ceph: stderr
2024-05-10T05:08:52.754+0000 7ff2fbfff700 1 -- 172.21.15.16:0/4196357956 <== mon.0 v2:172.21.15.16:3300/0 2 ==== config(25 keys) v1 ==== 1067+0+0 (secure 0 0 0) 0x7ff30401b440 con 0x7ff314108a70
2024-05-10T05:08:53.653 INFO:teuthology.orchestra.run.smithi016.stdout:/usr/bin/ceph: stderr
2024-05-10T05:08:52.754+0000 7ff319663700 1 -- 172.21.15.16:0/4196357956 --> [v2:172.21.15.16:3300/0,v1:172.21.15.16:6789/0] -- mon_subscribe({mgrmap=0+}) v3 -- 0x7ff314106610 con 0x7ff314108a70
2024-05-10T05:08:53.653 INFO:teuthology.orchestra.run.smithi016.stdout:/usr/bin/ceph: stderr
2024-05-10T05:08:52.754+0000 7ff2fbfff700 1 -- 172.21.15.16:0/4196357956 <== mon.0 v2:172.21.15.16:3300/0 3 ==== mon_map magic: 0 v1 ==== 205+0+0 (secure 0 0 0) 0x7ff3040193f0 con 0x7ff314108a70
2024-05-10T05:08:53.654 INFO:teuthology.orchestra.run.smithi016.stdout:/usr/bin/ceph: stderr
2024-05-10T05:08:52.754+0000 7ff319663700 1 -- 172.21.15.16:0/4196357956 --> [v2:172.21.15.16:3300/0,v1:172.21.15.16:6789/0] -- mon_subscribe({osdmap=0}) v3 -- 0x7ff314106ab0 con 0x7ff314108a70
2024-05-10T05:08:53.654 INFO:teuthology.orchestra.run.smithi016.stdout:/usr/bin/ceph: stderr
2024-05-10T05:08:52.755+0000 7ff2fbfff700 1 -- 172.21.15.16:0/4196357956 <== mon.0 v2:172.21.15.16:3300/0 4 ==== mgrmap(e 12) v1 ==== 45554+0+0 (secure 0 0 0) 0x7ff304019670 con 0x7ff314108a70
2024-05-10T05:08:53.654 INFO:teuthology.orchestra.run.smithi016.stdout:/usr/bin/ceph: stderr
2024-05-10T05:08:52.755+0000 7ff2fbfff700 1 --2- 172.21.15.16:0/4196357956 >> [v2:172.21.15.16:6800/1912888050,v1:172.21.15.16:6801/1912888050] conn(0x7ff2fc038750 0x7ff2fc03ac60 unknown :-1 s=NONE pgs=0 cs=0 l=1 rev1=0 crypto rx=0 tx=0 comp rx=0 tx=0).connect
2024-05-10T05:08:53.654 INFO:teuthology.orchestra.run.smithi016.stdout:/usr/bin/ceph: stderr
2024-05-10T05:08:52.755+0000 7ff2fbfff700 1 -- 172.21.15.16:0/4196357956 <== mon.0 v2:172.21.15.16:3300/0 5 ==== osd_map(3..3 src has 1..3) v4 ==== 1155+0+0 (secure 0 0 0) 0x7ff30404c640 con 0x7ff314108a70
2024-05-10T05:08:53.654 INFO:teuthology.orchestra.run.smithi016.stdout:/usr/bin/ceph: stderr
2024-05-10T05:08:52.755+0000 7ff3127fc700 1 --2- 172.21.15.16:0/4196357956 >> [v2:172.21.15.16:6800/1912888050,v1:172.21.15.16:6801/1912888050] conn(0x7ff2fc038750 0x7ff2fc03ac60 unknown :-1 s=BANNER_CONNECTING pgs=0 cs=0 l=1 rev1=0 crypto rx=0 tx=0 comp rx=0 tx=0)._handle_peer_banner_payload supported=3 required=0
2024-05-10T05:08:53.655 INFO:teuthology.orchestra.run.smithi016.stdout:/usr/bin/ceph: stderr
2024-05-10T05:08:52.756+0000 7ff319663700 1 -- 172.21.15.16:0/4196357956 --> [v2:172.21.15.16:3300/0,v1:172.21.15.16:6789/0] -- mon_command({"prefix": "get_command_descriptions"} v 0) v1 -- 0x7ff3141074c0 con 0x7ff314108a70
2024-05-10T05:08:53.655 INFO:teuthology.orchestra.run.smithi016.stdout:/usr/bin/ceph: stderr
2024-05-10T05:08:52.756+0000 7ff3127fc700 1 --2- 172.21.15.16:0/4196357956 >> [v2:172.21.15.16:6800/1912888050,v1:172.21.15.16:6801/1912888050] conn(0x7ff2fc038750 0x7ff2fc03ac60 secure :-1 s=READY pgs=8 cs=0 l=1 rev1=1 crypto rx=0x7ff308006fd0 tx=0x7ff308006e40 comp rx=0 tx=0).ready entity=mgr.14152 client_cookie=0 server_cookie=0 in_seq=0 out_seq=0
2024-05-10T05:08:53.655 INFO:teuthology.orchestra.run.smithi016.stdout:/usr/bin/ceph: stderr
2024-05-10T05:08:52.761+0000 7ff2fbfff700 1 -- 172.21.15.16:0/4196357956 <== mon.0 v2:172.21.15.16:3300/0 6 ==== mon_command_ack([{"prefix": "get_command_descriptions"}]=0 v0) v1 ==== 72+0+183622 (secure 0 0 0) 0x7ff30401f020 con 0x7ff314108a70
2024-05-10T05:08:53.655 INFO:teuthology.orchestra.run.smithi016.stdout:/usr/bin/ceph: stderr
2024-05-10T05:08:52.989+0000 7ff319663700 1 -- 172.21.15.16:0/4196357956 --> [v2:172.21.15.16:6800/1912888050,v1:172.21.15.16:6801/1912888050] -- mgr_command(tid 0: {"prefix": "dashboard ac-user-create", "username": "admin", "rolename": "administrator", "force_password": true, "pwd_update_required": true, "target": ["mon-mgr", ""]}) v1 -- 0x7ff314062660 con 0x7ff2fc038750
2024-05-10T05:08:53.655 INFO:teuthology.orchestra.run.smithi016.stdout:/usr/bin/ceph: stderr
2024-05-10T05:08:53.243+0000 7ff2fbfff700 1 -- 172.21.15.16:0/4196357956 <== mgr.14152 v2:172.21.15.16:6800/1912888050 1 ==== mgr_command_reply(tid 0: 0 ) v1 ==== 8+0+252 (secure 0 0 0) 0x7ff314062660 con 0x7ff2fc038750
2024-05-10T05:08:53.655 INFO:teuthology.orchestra.run.smithi016.stdout:/usr/bin/ceph: stderr
2024-05-10T05:08:53.245+0000 7ff319663700 1 -- 172.21.15.16:0/4196357956 >> [v2:172.21.15.16:6800/1912888050,v1:172.21.15.16:6801/1912888050] conn(0x7ff2fc038750 msgr2=0x7ff2fc03ac60 secure :-1 s=STATE_CONNECTION_ESTABLISHED l=1).mark_down
2024-05-10T05:08:53.655 INFO:teuthology.orchestra.run.smithi016.stdout:/usr/bin/ceph: stderr
2024-05-10T05:08:53.245+0000 7ff319663700 1 --2- 172.21.15.16:0/4196357956 >> [v2:172.21.15.16:6800/1912888050,v1:172.21.15.16:6801/1912888050] conn(0x7ff2fc038750 0x7ff2fc03ac60 secure :-1 s=READY pgs=8 cs=0 l=1 rev1=1 crypto rx=0x7ff308006fd0 tx=0x7ff308006e40 comp rx=0 tx=0).stop
2024-05-10T05:08:53.656 INFO:teuthology.orchestra.run.smithi016.stdout:/usr/bin/ceph: stderr
2024-05-10T05:08:53.245+0000 7ff319663700 1 -- 172.21.15.16:0/4196357956 >> [v2:172.21.15.16:3300/0,v1:172.21.15.16:6789/0] conn(0x7ff314108a70 msgr2=0x7ff314107e80 secure :-1 s=STATE_CONNECTION_ESTABLISHED l=1).mark_down
2024-05-10T05:08:53.656 INFO:teuthology.orchestra.run.smithi016.stdout:/usr/bin/ceph: stderr
2024-05-10T05:08:53.245+0000 7ff319663700 1 --2- 172.21.15.16:0/4196357956 >> [v2:172.21.15.16:3300/0,v1:172.21.15.16:6789/0] conn(0x7ff314108a70 0x7ff314107e80 secure :-1 s=READY pgs=73 cs=0 l=1 rev1=1 crypto rx=0x7ff304000c00 tx=0x7ff3040119a0 comp rx=0 tx=0).stop
2024-05-10T05:08:53.656 INFO:teuthology.orchestra.run.smithi016.stdout:/usr/bin/ceph: stderr
2024-05-10T05:08:53.245+0000 7ff319663700 1 -- 172.21.15.16:0/4196357956 shutdown_connections
2024-05-10T05:08:53.656 INFO:teuthology.orchestra.run.smithi016.stdout:/usr/bin/ceph: stderr
2024-05-10T05:08:53.245+0000 7ff319663700 1 --2- 172.21.15.16:0/4196357956 >> [v2:172.21.15.16:6800/1912888050,v1:172.21.15.16:6801/1912888050] conn(0x7ff2fc038750 0x7ff2fc03ac60 unknown :-1 s=CLOSED pgs=8 cs=0 l=1 rev1=1 crypto rx=0 tx=0 comp rx=0 tx=0).stop
2024-05-10T05:08:53.656 INFO:teuthology.orchestra.run.smithi016.stdout:/usr/bin/ceph: stderr
2024-05-10T05:08:53.245+0000 7ff319663700 1 --2- 172.21.15.16:0/4196357956 >> [v2:172.21.15.16:3300/0,v1:172.21.15.16:6789/0] conn(0x7ff314108a70 0x7ff314107e80 unknown :-1 s=CLOSED pgs=73 cs=0 l=1 rev1=1 crypto rx=0 tx=0 comp rx=0 tx=0).stop
2024-05-10T05:08:53.656 INFO:teuthology.orchestra.run.smithi016.stdout:/usr/bin/ceph: stderr
2024-05-10T05:08:53.245+0000 7ff319663700 1 -- 172.21.15.16:0/4196357956 >> 172.21.15.16:0/4196357956 conn(0x7ff314101130 msgr2=0x7ff314101d90 unknown :-1 s=STATE_NONE l=0).mark_down
2024-05-10T05:08:53.656 INFO:teuthology.orchestra.run.smithi016.stdout:/usr/bin/ceph: stderr
2024-05-10T05:08:53.246+0000 7ff319663700 1 -- 172.21.15.16:0/4196357956 shutdown_connections
2024-05-10T05:08:53.656 INFO:teuthology.orchestra.run.smithi016.stdout:/usr/bin/ceph: stderr
2024-05-10T05:08:53.246+0000 7ff319663700 1 -- 172.21.15.16:0/4196357956 wait complete.
2024-05-10T05:08:53.657 INFO:teuthology.orchestra.run.smithi016.stdout:Fetching dashboard port number...
