2024-05-10T05:25:37.832+0000 7f7773400700 1 --2- >> [v2:172.21.15.131:3300/0,v1:172.21.15.131:6789/0] conn(0x7f7774107220 0x7f7774107630 unknown :-1 s=HELLO_CONNECTING pgs=0 cs=0 l=0 rev1=1 crypto rx=0 tx=0 comp rx=0 tx=0).handle_hello peer v2:172.21.15.131:3300/0 says I am v2:172.21.15.131:41764/0 (socket says 172.21.15.131:41764)
2024-05-10T05:25:38.488 INFO:teuthology.orchestra.run.smithi131.stdout:/usr/bin/ceph: stderr
2024-05-10T05:25:37.832+0000 7f7773400700 1 -- 172.21.15.131:0/3845903676 learned_addr learned my addr 172.21.15.131:0/3845903676 (peer_addr_for_me v2:172.21.15.131:0/0)
2024-05-10T05:25:38.488 INFO:teuthology.orchestra.run.smithi131.stdout:/usr/bin/ceph: stderr
2024-05-10T05:25:37.833+0000 7f7773400700 1 -- 172.21.15.131:0/3845903676 --> [v2:172.21.15.131:3300/0,v1:172.21.15.131:6789/0] -- mon_subscribe({config=0+,monmap=0+}) v3 -- 0x7f77741083f0 con 0x7f7774107220
2024-05-10T05:25:38.488 INFO:teuthology.orchestra.run.smithi131.stdout:/usr/bin/ceph: stderr
2024-05-10T05:25:37.833+0000 7f7773400700 1 --2- 172.21.15.131:0/3845903676 >> [v2:172.21.15.131:3300/0,v1:172.21.15.131:6789/0] conn(0x7f7774107220 0x7f7774107630 secure :-1 s=READY pgs=20 cs=0 l=1 rev1=1 crypto rx=0x7f77640098a0 tx=0x7f7764009bb0 comp rx=0 tx=0).ready entity=mon.0 client_cookie=962338876c1e1337 server_cookie=0 in_seq=0 out_seq=0
2024-05-10T05:25:38.488 INFO:teuthology.orchestra.run.smithi131.stdout:/usr/bin/ceph: stderr
2024-05-10T05:25:37.833+0000 7f7772000700 1 -- 172.21.15.131:0/3845903676 <== mon.0 v2:172.21.15.131:3300/0 1 ==== mon_map magic: 0 v1 ==== 205+0+0 (secure 0 0 0) 0x7f7764004160 con 0x7f7774107220
2024-05-10T05:25:38.488 INFO:teuthology.orchestra.run.smithi131.stdout:/usr/bin/ceph: stderr
2024-05-10T05:25:37.833+0000 7f7772000700 1 -- 172.21.15.131:0/3845903676 <== mon.0 v2:172.21.15.131:3300/0 2 ==== config(26 keys) v1 ==== 1074+0+0 (secure 0 0 0) 0x7f77640042c0 con 0x7f7774107220
2024-05-10T05:25:38.488 INFO:teuthology.orchestra.run.smithi131.stdout:/usr/bin/ceph: stderr
2024-05-10T05:25:37.833+0000 7f7772000700 1 -- 172.21.15.131:0/3845903676 <== mon.0 v2:172.21.15.131:3300/0 3 ==== mon_map magic: 0 v1 ==== 205+0+0 (secure 0 0 0) 0x7f7764011a00 con 0x7f7774107220
2024-05-10T05:25:38.488 INFO:teuthology.orchestra.run.smithi131.stdout:/usr/bin/ceph: stderr
2024-05-10T05:25:37.834+0000 7f777a600700 1 -- 172.21.15.131:0/3845903676 >> [v2:172.21.15.131:3300/0,v1:172.21.15.131:6789/0] conn(0x7f7774107220 msgr2=0x7f7774107630 secure :-1 s=STATE_CONNECTION_ESTABLISHED l=1).mark_down
2024-05-10T05:25:38.488 INFO:teuthology.orchestra.run.smithi131.stdout:/usr/bin/ceph: stderr
2024-05-10T05:25:37.834+0000 7f777a600700 1 --2- 172.21.15.131:0/3845903676 >> [v2:172.21.15.131:3300/0,v1:172.21.15.131:6789/0] conn(0x7f7774107220 0x7f7774107630 secure :-1 s=READY pgs=20 cs=0 l=1 rev1=1 crypto rx=0x7f77640098a0 tx=0x7f7764009bb0 comp rx=0 tx=0).stop
2024-05-10T05:25:38.488 INFO:teuthology.orchestra.run.smithi131.stdout:/usr/bin/ceph: stderr
2024-05-10T05:25:37.834+0000 7f777a600700 1 -- 172.21.15.131:0/3845903676 shutdown_connections
2024-05-10T05:25:38.488 INFO:teuthology.orchestra.run.smithi131.stdout:/usr/bin/ceph: stderr
2024-05-10T05:25:37.834+0000 7f777a600700 1 --2- 172.21.15.131:0/3845903676 >> [v2:172.21.15.131:3300/0,v1:172.21.15.131:6789/0] conn(0x7f7774107220 0x7f7774107630 unknown :-1 s=CLOSED pgs=20 cs=0 l=1 rev1=1 crypto rx=0 tx=0 comp rx=0 tx=0).stop
2024-05-10T05:25:38.488 INFO:teuthology.orchestra.run.smithi131.stdout:/usr/bin/ceph: stderr
2024-05-10T05:25:37.834+0000 7f777a600700 1 -- 172.21.15.131:0/3845903676 >> 172.21.15.131:0/3845903676 conn(0x7f7774102840 msgr2=0x7f7774104d10 unknown :-1 s=STATE_NONE l=0).mark_down
2024-05-10T05:25:38.488 INFO:teuthology.orchestra.run.smithi131.stdout:/usr/bin/ceph: stderr
2024-05-10T05:25:37.834+0000 7f777a600700 1 -- 172.21.15.131:0/3845903676 shutdown_connections
2024-05-10T05:25:38.488 INFO:teuthology.orchestra.run.smithi131.stdout:/usr/bin/ceph: stderr
2024-05-10T05:25:37.834+0000 7f777a600700 1 -- 172.21.15.131:0/3845903676 wait complete.
2024-05-10T05:25:38.489 INFO:teuthology.orchestra.run.smithi131.stdout:/usr/bin/ceph: stderr
2024-05-10T05:25:37.835+0000 7f777a600700 1 Processor -- start
2024-05-10T05:25:38.489 INFO:teuthology.orchestra.run.smithi131.stdout:/usr/bin/ceph: stderr
2024-05-10T05:25:37.835+0000 7f777a600700 1 -- start start
2024-05-10T05:25:38.489 INFO:teuthology.orchestra.run.smithi131.stdout:/usr/bin/ceph: stderr
2024-05-10T05:25:37.836+0000 7f777a600700 1 --2- >> [v2:172.21.15.131:3300/0,v1:172.21.15.131:6789/0] conn(0x7f7774107220 0x7f777419b430 unknown :-1 s=NONE pgs=0 cs=0 l=1 rev1=0 crypto rx=0 tx=0 comp rx=0 tx=0).connect
2024-05-10T05:25:38.489 INFO:teuthology.orchestra.run.smithi131.stdout:/usr/bin/ceph: stderr
2024-05-10T05:25:37.836+0000 7f777a600700 1 -- --> [v2:172.21.15.131:3300/0,v1:172.21.15.131:6789/0] -- mon_getmap magic: 0 v1 -- 0x7f777419b970 con 0x7f7774107220
2024-05-10T05:25:38.489 INFO:teuthology.orchestra.run.smithi131.stdout:/usr/bin/ceph: stderr
2024-05-10T05:25:37.836+0000 7f7773400700 1 --2- >> [v2:172.21.15.131:3300/0,v1:172.21.15.131:6789/0] conn(0x7f7774107220 0x7f777419b430 unknown :-1 s=BANNER_CONNECTING pgs=0 cs=0 l=1 rev1=0 crypto rx=0 tx=0 comp rx=0 tx=0)._handle_peer_banner_payload supported=3 required=0
2024-05-10T05:25:38.489 INFO:teuthology.orchestra.run.smithi131.stdout:/usr/bin/ceph: stderr
2024-05-10T05:25:37.836+0000 7f7773400700 1 --2- >> [v2:172.21.15.131:3300/0,v1:172.21.15.131:6789/0] conn(0x7f7774107220 0x7f777419b430 unknown :-1 s=HELLO_CONNECTING pgs=0 cs=0 l=1 rev1=1 crypto rx=0 tx=0 comp rx=0 tx=0).handle_hello peer v2:172.21.15.131:3300/0 says I am v2:172.21.15.131:41766/0 (socket says 172.21.15.131:41766)
2024-05-10T05:25:38.489 INFO:teuthology.orchestra.run.smithi131.stdout:/usr/bin/ceph: stderr
2024-05-10T05:25:37.836+0000 7f7773400700 1 -- 172.21.15.131:0/408451613 learned_addr learned my addr 172.21.15.131:0/408451613 (peer_addr_for_me v2:172.21.15.131:0/0)
2024-05-10T05:25:38.489 INFO:teuthology.orchestra.run.smithi131.stdout:/usr/bin/ceph: stderr
2024-05-10T05:25:37.836+0000 7f7773400700 1 -- 172.21.15.131:0/408451613 --> [v2:172.21.15.131:3300/0,v1:172.21.15.131:6789/0] -- mon_subscribe({config=0+,monmap=0+}) v3 -- 0x7f7764009550 con 0x7f7774107220
2024-05-10T05:25:38.489 INFO:teuthology.orchestra.run.smithi131.stdout:/usr/bin/ceph: stderr
2024-05-10T05:25:37.836+0000 7f7773400700 1 --2- 172.21.15.131:0/408451613 >> [v2:172.21.15.131:3300/0,v1:172.21.15.131:6789/0] conn(0x7f7774107220 0x7f777419b430 secure :-1 s=READY pgs=21 cs=0 l=1 rev1=1 crypto rx=0x7f7764011a20 tx=0x7f7764011b00 comp rx=0 tx=0).ready entity=mon.0 client_cookie=0 server_cookie=0 in_seq=0 out_seq=0
2024-05-10T05:25:38.489 INFO:teuthology.orchestra.run.smithi131.stdout:/usr/bin/ceph: stderr
2024-05-10T05:25:37.837+0000 7f776be00700 1 -- 172.21.15.131:0/408451613 <== mon.0 v2:172.21.15.131:3300/0 1 ==== mon_map magic: 0 v1 ==== 205+0+0 (secure 0 0 0) 0x7f7764003aa0 con 0x7f7774107220
2024-05-10T05:25:38.489 INFO:teuthology.orchestra.run.smithi131.stdout:/usr/bin/ceph: stderr
2024-05-10T05:25:37.837+0000 7f776be00700 1 -- 172.21.15.131:0/408451613 <== mon.0 v2:172.21.15.131:3300/0 2 ==== config(26 keys) v1 ==== 1074+0+0 (secure 0 0 0) 0x7f7764003c00 con 0x7f7774107220
2024-05-10T05:25:38.489 INFO:teuthology.orchestra.run.smithi131.stdout:/usr/bin/ceph: stderr
2024-05-10T05:25:37.837+0000 7f776be00700 1 -- 172.21.15.131:0/408451613 <== mon.0 v2:172.21.15.131:3300/0 3 ==== mon_map magic: 0 v1 ==== 205+0+0 (secure 0 0 0) 0x7f77640196a0 con 0x7f7774107220
2024-05-10T05:25:38.489 INFO:teuthology.orchestra.run.smithi131.stdout:/usr/bin/ceph: stderr
2024-05-10T05:25:37.837+0000 7f777a600700 1 -- 172.21.15.131:0/408451613 --> [v2:172.21.15.131:3300/0,v1:172.21.15.131:6789/0] -- mon_subscribe({mgrmap=0+}) v3 -- 0x7f777419bb70 con 0x7f7774107220
2024-05-10T05:25:38.489 INFO:teuthology.orchestra.run.smithi131.stdout:/usr/bin/ceph: stderr
2024-05-10T05:25:37.837+0000 7f777a600700 1 -- 172.21.15.131:0/408451613 --> [v2:172.21.15.131:3300/0,v1:172.21.15.131:6789/0] -- mon_subscribe({osdmap=0}) v3 -- 0x7f777419c010 con 0x7f7774107220
2024-05-10T05:25:38.490 INFO:teuthology.orchestra.run.smithi131.stdout:/usr/bin/ceph: stderr
2024-05-10T05:25:37.838+0000 7f777a600700 1 -- 172.21.15.131:0/408451613 --> [v2:172.21.15.131:3300/0,v1:172.21.15.131:6789/0] -- mon_command({"prefix": "get_command_descriptions"} v 0) v1 -- 0x7f777410b620 con 0x7f7774107220
2024-05-10T05:25:38.490 INFO:teuthology.orchestra.run.smithi131.stdout:/usr/bin/ceph: stderr
2024-05-10T05:25:37.838+0000 7f776be00700 1 -- 172.21.15.131:0/408451613 <== mon.0 v2:172.21.15.131:3300/0 4 ==== mgrmap(e 4) v1 ==== 45530+0+0 (secure 0 0 0) 0x7f77640198d0 con 0x7f7774107220
2024-05-10T05:25:38.490 INFO:teuthology.orchestra.run.smithi131.stdout:/usr/bin/ceph: stderr
2024-05-10T05:25:37.838+0000 7f776be00700 1 --2- 172.21.15.131:0/408451613 >> [v2:172.21.15.131:6800/2225571046,v1:172.21.15.131:6801/2225571046] conn(0x7f7758038700 0x7f775803ac10 unknown :-1 s=NONE pgs=0 cs=0 l=1 rev1=0 crypto rx=0 tx=0 comp rx=0 tx=0).connect
2024-05-10T05:25:38.490 INFO:teuthology.orchestra.run.smithi131.stdout:/usr/bin/ceph: stderr
2024-05-10T05:25:37.839+0000 7f776be00700 1 -- 172.21.15.131:0/408451613 <== mon.0 v2:172.21.15.131:3300/0 5 ==== osd_map(1..1 src has 1..1) v4 ==== 725+0+0 (secure 0 0 0) 0x7f776404c8a0 con 0x7f7774107220
2024-05-10T05:25:38.490 INFO:teuthology.orchestra.run.smithi131.stdout:/usr/bin/ceph: stderr
2024-05-10T05:25:37.839+0000 7f7772a00700 1 --2- 172.21.15.131:0/408451613 >> [v2:172.21.15.131:6800/2225571046,v1:172.21.15.131:6801/2225571046] conn(0x7f7758038700 0x7f775803ac10 unknown :-1 s=BANNER_CONNECTING pgs=0 cs=0 l=1 rev1=0 crypto rx=0 tx=0 comp rx=0 tx=0)._handle_peer_banner_payload supported=3 required=0
2024-05-10T05:25:38.490 INFO:teuthology.orchestra.run.smithi131.stdout:/usr/bin/ceph: stderr
2024-05-10T05:25:37.839+0000 7f7772a00700 1 --2- 172.21.15.131:0/408451613 >> [v2:172.21.15.131:6800/2225571046,v1:172.21.15.131:6801/2225571046] conn(0x7f7758038700 0x7f775803ac10 secure :-1 s=READY pgs=6 cs=0 l=1 rev1=1 crypto rx=0x7f7760006fd0 tx=0x7f7760006e40 comp rx=0 tx=0).ready entity=mgr.14100 client_cookie=0 server_cookie=0 in_seq=0 out_seq=0
2024-05-10T05:25:38.490 INFO:teuthology.orchestra.run.smithi131.stdout:/usr/bin/ceph: stderr
2024-05-10T05:25:37.844+0000 7f776be00700 1 -- 172.21.15.131:0/408451613 <== mon.0 v2:172.21.15.131:3300/0 6 ==== mon_command_ack([{"prefix": "get_command_descriptions"}]=0 v0) v1 ==== 72+0+183622 (secure 0 0 0) 0x7f7764018db0 con 0x7f7774107220
2024-05-10T05:25:38.490 INFO:teuthology.orchestra.run.smithi131.stdout:/usr/bin/ceph: stderr
2024-05-10T05:25:38.123+0000 7f777a600700 1 -- 172.21.15.131:0/408451613 --> [v2:172.21.15.131:3300/0,v1:172.21.15.131:6789/0] -- mon_command({"prefix": "status", "format": "json-pretty"} v 0) v1 -- 0x7f777410b830 con 0x7f7774107220
2024-05-10T05:25:38.490 INFO:teuthology.orchestra.run.smithi131.stdout:/usr/bin/ceph: stderr
2024-05-10T05:25:38.123+0000 7f776be00700 1 -- 172.21.15.131:0/408451613 <== mon.0 v2:172.21.15.131:3300/0 7 ==== mon_command_ack([{"prefix": "status", "format": "json-pretty"}]=0 v0) v1 ==== 79+0+1238 (secure 0 0 0) 0x7f7764018350 con 0x7f7774107220
2024-05-10T05:25:38.490 INFO:teuthology.orchestra.run.smithi131.stdout:/usr/bin/ceph: stderr
2024-05-10T05:25:38.126+0000 7f777a600700 1 -- 172.21.15.131:0/408451613 >> [v2:172.21.15.131:6800/2225571046,v1:172.21.15.131:6801/2225571046] conn(0x7f7758038700 msgr2=0x7f775803ac10 secure :-1 s=STATE_CONNECTION_ESTABLISHED l=1).mark_down
2024-05-10T05:25:38.490 INFO:teuthology.orchestra.run.smithi131.stdout:/usr/bin/ceph: stderr
2024-05-10T05:25:38.126+0000 7f777a600700 1 --2- 172.21.15.131:0/408451613 >> [v2:172.21.15.131:6800/2225571046,v1:172.21.15.131:6801/2225571046] conn(0x7f7758038700 0x7f775803ac10 secure :-1 s=READY pgs=6 cs=0 l=1 rev1=1 crypto rx=0x7f7760006fd0 tx=0x7f7760006e40 comp rx=0 tx=0).stop
2024-05-10T05:25:38.490 INFO:teuthology.orchestra.run.smithi131.stdout:/usr/bin/ceph: stderr
2024-05-10T05:25:38.126+0000 7f777a600700 1 -- 172.21.15.131:0/408451613 >> [v2:172.21.15.131:3300/0,v1:172.21.15.131:6789/0] conn(0x7f7774107220 msgr2=0x7f777419b430 secure :-1 s=STATE_CONNECTION_ESTABLISHED l=1).mark_down
2024-05-10T05:25:38.490 INFO:teuthology.orchestra.run.smithi131.stdout:/usr/bin/ceph: stderr
2024-05-10T05:25:38.126+0000 7f777a600700 1 --2- 172.21.15.131:0/408451613 >> [v2:172.21.15.131:3300/0,v1:172.21.15.131:6789/0] conn(0x7f7774107220 0x7f777419b430 secure :-1 s=READY pgs=21 cs=0 l=1 rev1=1 crypto rx=0x7f7764011a20 tx=0x7f7764011b00 comp rx=0 tx=0).stop
2024-05-10T05:25:38.491 INFO:teuthology.orchestra.run.smithi131.stdout:/usr/bin/ceph: stderr
2024-05-10T05:25:38.126+0000 7f777a600700 1 -- 172.21.15.131:0/408451613 shutdown_connections
2024-05-10T05:25:38.491 INFO:teuthology.orchestra.run.smithi131.stdout:/usr/bin/ceph: stderr
2024-05-10T05:25:38.126+0000 7f777a600700 1 --2- 172.21.15.131:0/408451613 >> [v2:172.21.15.131:6800/2225571046,v1:172.21.15.131:6801/2225571046] conn(0x7f7758038700 0x7f775803ac10 unknown :-1 s=CLOSED pgs=6 cs=0 l=1 rev1=1 crypto rx=0 tx=0 comp rx=0 tx=0).stop
2024-05-10T05:25:38.491 INFO:teuthology.orchestra.run.smithi131.stdout:/usr/bin/ceph: stderr
2024-05-10T05:25:38.126+0000 7f777a600700 1 --2- 172.21.15.131:0/408451613 >> [v2:172.21.15.131:3300/0,v1:172.21.15.131:6789/0] conn(0x7f7774107220 0x7f777419b430 unknown :-1 s=CLOSED pgs=21 cs=0 l=1 rev1=1 crypto rx=0 tx=0 comp rx=0 tx=0).stop
2024-05-10T05:25:38.491 INFO:teuthology.orchestra.run.smithi131.stdout:/usr/bin/ceph: stderr
2024-05-10T05:25:38.126+0000 7f777a600700 1 -- 172.21.15.131:0/408451613 >> 172.21.15.131:0/408451613 conn(0x7f7774102840 msgr2=0x7f77741032f0 unknown :-1 s=STATE_NONE l=0).mark_down
2024-05-10T05:25:38.491 INFO:teuthology.orchestra.run.smithi131.stdout:/usr/bin/ceph: stderr
2024-05-10T05:25:38.126+0000 7f777a600700 1 -- 172.21.15.131:0/408451613 shutdown_connections
2024-05-10T05:25:38.491 INFO:teuthology.orchestra.run.smithi131.stdout:/usr/bin/ceph: stderr
2024-05-10T05:25:38.126+0000 7f777a600700 1 -- 172.21.15.131:0/408451613 wait complete.
2024-05-10T05:25:38.491 INFO:teuthology.orchestra.run.smithi131.stdout:mgr is available
2024-05-10T05:25:39.460 INFO:journalctl@ceph.mon.a.smithi131.stdout:May 10 05:25:39 smithi131 ceph-mon[37264]: from='client.? 172.21.15.131:0/2837876289' entity='client.admin' cmd=[{"prefix": "config assimilate-conf"}]: dispatch
2024-05-10T05:25:39.522 INFO:teuthology.orchestra.run.smithi131.stdout:/usr/bin/ceph: stdout
2024-05-10T05:25:39.522 INFO:teuthology.orchestra.run.smithi131.stdout:/usr/bin/ceph: stdout [global]
2024-05-10T05:25:39.522 INFO:teuthology.orchestra.run.smithi131.stdout:/usr/bin/ceph: stdout fsid = 6e8de474-0e8d-11ef-bc98-c7b262605968
2024-05-10T05:25:39.522 INFO:teuthology.orchestra.run.smithi131.stdout:/usr/bin/ceph: stdout mon_osd_allow_pg_remap = true
2024-05-10T05:25:39.522 INFO:teuthology.orchestra.run.smithi131.stdout:/usr/bin/ceph: stdout mon_osd_allow_primary_affinity = true
2024-05-10T05:25:39.522 INFO:teuthology.orchestra.run.smithi131.stdout:/usr/bin/ceph: stdout mon_warn_on_no_sortbitwise = false
2024-05-10T05:25:39.522 INFO:teuthology.orchestra.run.smithi131.stdout:/usr/bin/ceph: stdout osd_crush_chooseleaf_type = 0
2024-05-10T05:25:39.522 INFO:teuthology.orchestra.run.smithi131.stdout:/usr/bin/ceph: stdout
2024-05-10T05:25:39.522 INFO:teuthology.orchestra.run.smithi131.stdout:/usr/bin/ceph: stdout [mgr]
2024-05-10T05:25:39.522 INFO:teuthology.orchestra.run.smithi131.stdout:/usr/bin/ceph: stdout mgr/telemetry/nag = false
2024-05-10T05:25:39.522 INFO:teuthology.orchestra.run.smithi131.stdout:/usr/bin/ceph: stdout
2024-05-10T05:25:39.522 INFO:teuthology.orchestra.run.smithi131.stdout:/usr/bin/ceph: stdout [osd]
2024-05-10T05:25:39.523 INFO:teuthology.orchestra.run.smithi131.stdout:/usr/bin/ceph: stdout mon_osd_backfillfull_ratio = 0.85
2024-05-10T05:25:39.523 INFO:teuthology.orchestra.run.smithi131.stdout:/usr/bin/ceph: stdout mon_osd_full_ratio = 0.9
2024-05-10T05:25:39.523 INFO:teuthology.orchestra.run.smithi131.stdout:/usr/bin/ceph: stdout mon_osd_nearfull_ratio = 0.8
2024-05-10T05:25:39.523 INFO:teuthology.orchestra.run.smithi131.stdout:/usr/bin/ceph: stdout osd_map_max_advance = 10
2024-05-10T05:25:39.523 INFO:teuthology.orchestra.run.smithi131.stdout:/usr/bin/ceph: stdout osd_sloppy_crc = true
2024-05-10T05:25:39.523 INFO:teuthology.orchestra.run.smithi131.stdout:/usr/bin/ceph: stderr
2024-05-10T05:25:38.951+0000 7f826f000700 1 Processor -- start
2024-05-10T05:25:39.523 INFO:teuthology.orchestra.run.smithi131.stdout:/usr/bin/ceph: stderr
2024-05-10T05:25:38.951+0000 7f826f000700 1 -- start start
2024-05-10T05:25:39.523 INFO:teuthology.orchestra.run.smithi131.stdout:/usr/bin/ceph: stderr
2024-05-10T05:25:38.951+0000 7f826f000700 1 --2- >> [v2:172.21.15.131:3300/0,v1:172.21.15.131:6789/0] conn(0x7f826807be00 0x7f826807a230 unknown :-1 s=NONE pgs=0 cs=0 l=0 rev1=0 crypto rx=0 tx=0 comp rx=0 tx=0).connect
2024-05-10T05:25:39.523 INFO:teuthology.orchestra.run.smithi131.stdout:/usr/bin/ceph: stderr
2024-05-10T05:25:38.951+0000 7f826f000700 1 -- --> [v2:172.21.15.131:3300/0,v1:172.21.15.131:6789/0] -- mon_getmap magic: 0 v1 -- 0x7f826807a770 con 0x7f826807be00
2024-05-10T05:25:39.523 INFO:teuthology.orchestra.run.smithi131.stdout:/usr/bin/ceph: stderr
2024-05-10T05:25:38.952+0000 7f8267e00700 1 --2- >> [v2:172.21.15.131:3300/0,v1:172.21.15.131:6789/0] conn(0x7f826807be00 0x7f826807a230 unknown :-1 s=BANNER_CONNECTING pgs=0 cs=0 l=0 rev1=0 crypto rx=0 tx=0 comp rx=0 tx=0)._handle_peer_banner_payload supported=3 required=0
2024-05-10T05:25:39.523 INFO:teuthology.orchestra.run.smithi131.stdout:/usr/bin/ceph: stderr
2024-05-10T05:25:38.952+0000 7f8267e00700 1 --2- >> [v2:172.21.15.131:3300/0,v1:172.21.15.131:6789/0] conn(0x7f826807be00 0x7f826807a230 unknown :-1 s=HELLO_CONNECTING pgs=0 cs=0 l=0 rev1=1 crypto rx=0 tx=0 comp rx=0 tx=0).handle_hello peer v2:172.21.15.131:3300/0 says I am v2:172.21.15.131:41778/0 (socket says 172.21.15.131:41778)
2024-05-10T05:25:39.523 INFO:teuthology.orchestra.run.smithi131.stdout:/usr/bin/ceph: stderr
2024-05-10T05:25:38.952+0000 7f8267e00700 1 -- 172.21.15.131:0/1287958503 learned_addr learned my addr 172.21.15.131:0/1287958503 (peer_addr_for_me v2:172.21.15.131:0/0)
2024-05-10T05:25:39.523 INFO:teuthology.orchestra.run.smithi131.stdout:/usr/bin/ceph: stderr
2024-05-10T05:25:38.952+0000 7f8267e00700 1 -- 172.21.15.131:0/1287958503 --> [v2:172.21.15.131:3300/0,v1:172.21.15.131:6789/0] -- mon_subscribe({config=0+,monmap=0+}) v3 -- 0x7f826807a8b0 con 0x7f826807be00
2024-05-10T05:25:39.524 INFO:teuthology.orchestra.run.smithi131.stdout:/usr/bin/ceph: stderr
2024-05-10T05:25:38.952+0000 7f8267e00700 1 --2- 172.21.15.131:0/1287958503 >> [v2:172.21.15.131:3300/0,v1:172.21.15.131:6789/0] conn(0x7f826807be00 0x7f826807a230 secure :-1 s=READY pgs=22 cs=0 l=1 rev1=1 crypto rx=0x7f82580098a0 tx=0x7f8258009bb0 comp rx=0 tx=0).ready entity=mon.0 client_cookie=7382102af1e06c28 server_cookie=0 in_seq=0 out_seq=0
2024-05-10T05:25:39.524 INFO:teuthology.orchestra.run.smithi131.stdout:/usr/bin/ceph: stderr
2024-05-10T05:25:38.953+0000 7f8266a00700 1 -- 172.21.15.131:0/1287958503 <== mon.0 v2:172.21.15.131:3300/0 1 ==== mon_map magic: 0 v1 ==== 205+0+0 (secure 0 0 0) 0x7f8258004160 con 0x7f826807be00
2024-05-10T05:25:39.524 INFO:teuthology.orchestra.run.smithi131.stdout:/usr/bin/ceph: stderr
2024-05-10T05:25:38.953+0000 7f8266a00700 1 -- 172.21.15.131:0/1287958503 <== mon.0 v2:172.21.15.131:3300/0 2 ==== config(26 keys) v1 ==== 1074+0+0 (secure 0 0 0) 0x7f82580042c0 con 0x7f826807be00
2024-05-10T05:25:39.524 INFO:teuthology.orchestra.run.smithi131.stdout:/usr/bin/ceph: stderr
2024-05-10T05:25:38.953+0000 7f8266a00700 1 -- 172.21.15.131:0/1287958503 <== mon.0 v2:172.21.15.131:3300/0 3 ==== mon_map magic: 0 v1 ==== 205+0+0 (secure 0 0 0) 0x7f8258011a00 con 0x7f826807be00
2024-05-10T05:25:39.524 INFO:teuthology.orchestra.run.smithi131.stdout:/usr/bin/ceph: stderr
2024-05-10T05:25:38.953+0000 7f826f000700 1 -- 172.21.15.131:0/1287958503 >> [v2:172.21.15.131:3300/0,v1:172.21.15.131:6789/0] conn(0x7f826807be00 msgr2=0x7f826807a230 secure :-1 s=STATE_CONNECTION_ESTABLISHED l=1).mark_down
2024-05-10T05:25:39.524 INFO:teuthology.orchestra.run.smithi131.stdout:/usr/bin/ceph: stderr
2024-05-10T05:25:38.953+0000 7f826f000700 1 --2- 172.21.15.131:0/1287958503 >> [v2:172.21.15.131:3300/0,v1:172.21.15.131:6789/0] conn(0x7f826807be00 0x7f826807a230 secure :-1 s=READY pgs=22 cs=0 l=1 rev1=1 crypto rx=0x7f82580098a0 tx=0x7f8258009bb0 comp rx=0 tx=0).stop
2024-05-10T05:25:39.524 INFO:teuthology.orchestra.run.smithi131.stdout:/usr/bin/ceph: stderr
2024-05-10T05:25:38.953+0000 7f826f000700 1 -- 172.21.15.131:0/1287958503 shutdown_connections
2024-05-10T05:25:39.524 INFO:teuthology.orchestra.run.smithi131.stdout:/usr/bin/ceph: stderr
2024-05-10T05:25:38.953+0000 7f826f000700 1 --2- 172.21.15.131:0/1287958503 >> [v2:172.21.15.131:3300/0,v1:172.21.15.131:6789/0] conn(0x7f826807be00 0x7f826807a230 unknown :-1 s=CLOSED pgs=22 cs=0 l=1 rev1=1 crypto rx=0 tx=0 comp rx=0 tx=0).stop
2024-05-10T05:25:39.524 INFO:teuthology.orchestra.run.smithi131.stdout:/usr/bin/ceph: stderr
2024-05-10T05:25:38.953+0000 7f826f000700 1 -- 172.21.15.131:0/1287958503 >> 172.21.15.131:0/1287958503 conn(0x7f8268102830 msgr2=0x7f8268104d00 unknown :-1 s=STATE_NONE l=0).mark_down
2024-05-10T05:25:39.524 INFO:teuthology.orchestra.run.smithi131.stdout:/usr/bin/ceph: stderr
2024-05-10T05:25:38.954+0000 7f826f000700 1 -- 172.21.15.131:0/1287958503 shutdown_connections
2024-05-10T05:25:39.524 INFO:teuthology.orchestra.run.smithi131.stdout:/usr/bin/ceph: stderr
2024-05-10T05:25:38.954+0000 7f826f000700 1 -- 172.21.15.131:0/1287958503 wait complete.
2024-05-10T05:25:39.524 INFO:teuthology.orchestra.run.smithi131.stdout:/usr/bin/ceph: stderr
2024-05-10T05:25:38.955+0000 7f826f000700 1 Processor -- start
2024-05-10T05:25:39.524 INFO:teuthology.orchestra.run.smithi131.stdout:/usr/bin/ceph: stderr
2024-05-10T05:25:38.955+0000 7f826f000700 1 -- start start
2024-05-10T05:25:39.525 INFO:teuthology.orchestra.run.smithi131.stdout:/usr/bin/ceph: stderr
2024-05-10T05:25:38.955+0000 7f826f000700 1 --2- >> [v2:172.21.15.131:3300/0,v1:172.21.15.131:6789/0] conn(0x7f826807be00 0x7f826819d660 unknown :-1 s=NONE pgs=0 cs=0 l=1 rev1=0 crypto rx=0 tx=0 comp rx=0 tx=0).connect
2024-05-10T05:25:39.525 INFO:teuthology.orchestra.run.smithi131.stdout:/usr/bin/ceph: stderr
2024-05-10T05:25:38.955+0000 7f826f000700 1 -- --> [v2:172.21.15.131:3300/0,v1:172.21.15.131:6789/0] -- mon_getmap magic: 0 v1 -- 0x7f826819dba0 con 0x7f826807be00
2024-05-10T05:25:39.525 INFO:teuthology.orchestra.run.smithi131.stdout:/usr/bin/ceph: stderr
2024-05-10T05:25:38.955+0000 7f8267e00700 1 --2- >> [v2:172.21.15.131:3300/0,v1:172.21.15.131:6789/0] conn(0x7f826807be00 0x7f826819d660 unknown :-1 s=BANNER_CONNECTING pgs=0 cs=0 l=1 rev1=0 crypto rx=0 tx=0 comp rx=0 tx=0)._handle_peer_banner_payload supported=3 required=0
2024-05-10T05:25:39.525 INFO:teuthology.orchestra.run.smithi131.stdout:/usr/bin/ceph: stderr
2024-05-10T05:25:38.955+0000 7f8267e00700 1 --2- >> [v2:172.21.15.131:3300/0,v1:172.21.15.131:6789/0] conn(0x7f826807be00 0x7f826819d660 unknown :-1 s=HELLO_CONNECTING pgs=0 cs=0 l=1 rev1=1 crypto rx=0 tx=0 comp rx=0 tx=0).handle_hello peer v2:172.21.15.131:3300/0 says I am v2:172.21.15.131:41782/0 (socket says 172.21.15.131:41782)
2024-05-10T05:25:39.525 INFO:teuthology.orchestra.run.smithi131.stdout:/usr/bin/ceph: stderr
2024-05-10T05:25:38.955+0000 7f8267e00700 1 -- 172.21.15.131:0/2837876289 learned_addr learned my addr 172.21.15.131:0/2837876289 (peer_addr_for_me v2:172.21.15.131:0/0)
2024-05-10T05:25:39.525 INFO:teuthology.orchestra.run.smithi131.stdout:/usr/bin/ceph: stderr
2024-05-10T05:25:38.956+0000 7f8267e00700 1 -- 172.21.15.131:0/2837876289 --> [v2:172.21.15.131:3300/0,v1:172.21.15.131:6789/0] -- mon_subscribe({config=0+,monmap=0+}) v3 -- 0x7f8258009550 con 0x7f826807be00
2024-05-10T05:25:39.525 INFO:teuthology.orchestra.run.smithi131.stdout:/usr/bin/ceph: stderr
2024-05-10T05:25:38.956+0000 7f8267e00700 1 --2- 172.21.15.131:0/2837876289 >> [v2:172.21.15.131:3300/0,v1:172.21.15.131:6789/0] conn(0x7f826807be00 0x7f826819d660 secure :-1 s=READY pgs=23 cs=0 l=1 rev1=1 crypto rx=0x7f8258009130 tx=0x7f8258011ad0 comp rx=0 tx=0).ready entity=mon.0 client_cookie=0 server_cookie=0 in_seq=0 out_seq=0
2024-05-10T05:25:39.525 INFO:teuthology.orchestra.run.smithi131.stdout:/usr/bin/ceph: stderr
2024-05-10T05:25:38.956+0000 7f8264c00700 1 -- 172.21.15.131:0/2837876289 <== mon.0 v2:172.21.15.131:3300/0 1 ==== mon_map magic: 0 v1 ==== 205+0+0 (secure 0 0 0) 0x7f82580038b0 con 0x7f826807be00
2024-05-10T05:25:39.525 INFO:teuthology.orchestra.run.smithi131.stdout:/usr/bin/ceph: stderr
2024-05-10T05:25:38.956+0000 7f8264c00700 1 -- 172.21.15.131:0/2837876289 <== mon.0 v2:172.21.15.131:3300/0 2 ==== config(26 keys) v1 ==== 1074+0+0 (secure 0 0 0) 0x7f8258003a10 con 0x7f826807be00
2024-05-10T05:25:39.525 INFO:teuthology.orchestra.run.smithi131.stdout:/usr/bin/ceph: stderr
2024-05-10T05:25:38.956+0000 7f826f000700 1 -- 172.21.15.131:0/2837876289 --> [v2:172.21.15.131:3300/0,v1:172.21.15.131:6789/0] -- mon_subscribe({mgrmap=0+}) v3 -- 0x7f826819dda0 con 0x7f826807be00
2024-05-10T05:25:39.525 INFO:teuthology.orchestra.run.smithi131.stdout:/usr/bin/ceph: stderr
2024-05-10T05:25:38.956+0000 7f8264c00700 1 -- 172.21.15.131:0/2837876289 <== mon.0 v2:172.21.15.131:3300/0 3 ==== mon_map magic: 0 v1 ==== 205+0+0 (secure 0 0 0) 0x7f8258019550 con 0x7f826807be00
2024-05-10T05:25:39.525 INFO:teuthology.orchestra.run.smithi131.stdout:/usr/bin/ceph: stderr
2024-05-10T05:25:38.956+0000 7f826f000700 1 -- 172.21.15.131:0/2837876289 --> [v2:172.21.15.131:3300/0,v1:172.21.15.131:6789/0] -- mon_subscribe({osdmap=0}) v3 -- 0x7f826819e240 con 0x7f826807be00
2024-05-10T05:25:39.525 INFO:teuthology.orchestra.run.smithi131.stdout:/usr/bin/ceph: stderr
2024-05-10T05:25:38.957+0000 7f826f000700 1 -- 172.21.15.131:0/2837876289 --> [v2:172.21.15.131:3300/0,v1:172.21.15.131:6789/0] -- mon_command({"prefix": "get_command_descriptions"} v 0) v1 -- 0x7f826810d600 con 0x7f826807be00
2024-05-10T05:25:39.526 INFO:teuthology.orchestra.run.smithi131.stdout:/usr/bin/ceph: stderr
2024-05-10T05:25:38.957+0000 7f8264c00700 1 -- 172.21.15.131:0/2837876289 <== mon.0 v2:172.21.15.131:3300/0 4 ==== mgrmap(e 4) v1 ==== 45530+0+0 (secure 0 0 0) 0x7f8258019810 con 0x7f826807be00
2024-05-10T05:25:39.526 INFO:teuthology.orchestra.run.smithi131.stdout:/usr/bin/ceph: stderr
2024-05-10T05:25:38.958+0000 7f8264c00700 1 --2- 172.21.15.131:0/2837876289 >> [v2:172.21.15.131:6800/2225571046,v1:172.21.15.131:6801/2225571046] conn(0x7f824c038640 0x7f824c03ab50 unknown :-1 s=NONE pgs=0 cs=0 l=1 rev1=0 crypto rx=0 tx=0 comp rx=0 tx=0).connect
2024-05-10T05:25:39.526 INFO:teuthology.orchestra.run.smithi131.stdout:/usr/bin/ceph: stderr
2024-05-10T05:25:38.958+0000 7f8264c00700 1 -- 172.21.15.131:0/2837876289 <== mon.0 v2:172.21.15.131:3300/0 5 ==== osd_map(1..1 src has 1..1) v4 ==== 725+0+0 (secure 0 0 0) 0x7f825804c670 con 0x7f826807be00
2024-05-10T05:25:39.526 INFO:teuthology.orchestra.run.smithi131.stdout:/usr/bin/ceph: stderr
2024-05-10T05:25:38.958+0000 7f8267400700 1 --2- 172.21.15.131:0/2837876289 >> [v2:172.21.15.131:6800/2225571046,v1:172.21.15.131:6801/2225571046] conn(0x7f824c038640 0x7f824c03ab50 unknown :-1 s=BANNER_CONNECTING pgs=0 cs=0 l=1 rev1=0 crypto rx=0 tx=0 comp rx=0 tx=0)._handle_peer_banner_payload supported=3 required=0
2024-05-10T05:25:39.526 INFO:teuthology.orchestra.run.smithi131.stdout:/usr/bin/ceph: stderr
2024-05-10T05:25:38.959+0000 7f8267400700 1 --2- 172.21.15.131:0/2837876289 >> [v2:172.21.15.131:6800/2225571046,v1:172.21.15.131:6801/2225571046] conn(0x7f824c038640 0x7f824c03ab50 secure :-1 s=READY pgs=7 cs=0 l=1 rev1=1 crypto rx=0x7f8254006fd0 tx=0x7f8254006e40 comp rx=0 tx=0).ready entity=mgr.14100 client_cookie=0 server_cookie=0 in_seq=0 out_seq=0
2024-05-10T05:25:39.526 INFO:teuthology.orchestra.run.smithi131.stdout:/usr/bin/ceph: stderr
2024-05-10T05:25:38.963+0000 7f8264c00700 1 -- 172.21.15.131:0/2837876289 <== mon.0 v2:172.21.15.131:3300/0 6 ==== mon_command_ack([{"prefix": "get_command_descriptions"}]=0 v0) v1 ==== 72+0+183622 (secure 0 0 0) 0x7f8258019ac0 con 0x7f826807be00
2024-05-10T05:25:39.526 INFO:teuthology.orchestra.run.smithi131.stdout:/usr/bin/ceph: stderr
2024-05-10T05:25:39.163+0000 7f826f000700 1 -- 172.21.15.131:0/2837876289 --> [v2:172.21.15.131:3300/0,v1:172.21.15.131:6789/0] -- mon_command({"prefix": "config assimilate-conf"} v 0) v1 -- 0x7f826810d840 con 0x7f826807be00
2024-05-10T05:25:39.526 INFO:teuthology.orchestra.run.smithi131.stdout:/usr/bin/ceph: stderr
2024-05-10T05:25:39.164+0000 7f8264c00700 1 -- 172.21.15.131:0/2837876289 <== mon.0 v2:172.21.15.131:3300/0 7 ==== mon_command_ack([{"prefix": "config assimilate-conf"}]=0 v3) v1 ==== 70+0+373 (secure 0 0 0) 0x7f8258018b40 con 0x7f826807be00
2024-05-10T05:25:39.526 INFO:teuthology.orchestra.run.smithi131.stdout:/usr/bin/ceph: stderr
2024-05-10T05:25:39.167+0000 7f826f000700 1 -- 172.21.15.131:0/2837876289 >> [v2:172.21.15.131:6800/2225571046,v1:172.21.15.131:6801/2225571046] conn(0x7f824c038640 msgr2=0x7f824c03ab50 secure :-1 s=STATE_CONNECTION_ESTABLISHED l=1).mark_down
2024-05-10T05:25:39.526 INFO:teuthology.orchestra.run.smithi131.stdout:/usr/bin/ceph: stderr
2024-05-10T05:25:39.167+0000 7f826f000700 1 --2- 172.21.15.131:0/2837876289 >> [v2:172.21.15.131:6800/2225571046,v1:172.21.15.131:6801/2225571046] conn(0x7f824c038640 0x7f824c03ab50 secure :-1 s=READY pgs=7 cs=0 l=1 rev1=1 crypto rx=0x7f8254006fd0 tx=0x7f8254006e40 comp rx=0 tx=0).stop
2024-05-10T05:25:39.526 INFO:teuthology.orchestra.run.smithi131.stdout:/usr/bin/ceph: stderr
2024-05-10T05:25:39.167+0000 7f826f000700 1 -- 172.21.15.131:0/2837876289 >> [v2:172.21.15.131:3300/0,v1:172.21.15.131:6789/0] conn(0x7f826807be00 msgr2=0x7f826819d660 secure :-1 s=STATE_CONNECTION_ESTABLISHED l=1).mark_down
2024-05-10T05:25:39.526 INFO:teuthology.orchestra.run.smithi131.stdout:/usr/bin/ceph: stderr
2024-05-10T05:25:39.167+0000 7f826f000700 1 --2- 172.21.15.131:0/2837876289 >> [v2:172.21.15.131:3300/0,v1:172.21.15.131:6789/0] conn(0x7f826807be00 0x7f826819d660 secure :-1 s=READY pgs=23 cs=0 l=1 rev1=1 crypto rx=0x7f8258009130 tx=0x7f8258011ad0 comp rx=0 tx=0).stop
2024-05-10T05:25:39.526 INFO:teuthology.orchestra.run.smithi131.stdout:/usr/bin/ceph: stderr
2024-05-10T05:25:39.167+0000 7f826f000700 1 -- 172.21.15.131:0/2837876289 shutdown_connections
2024-05-10T05:25:39.527 INFO:teuthology.orchestra.run.smithi131.stdout:/usr/bin/ceph: stderr
2024-05-10T05:25:39.167+0000 7f826f000700 1 --2- 172.21.15.131:0/2837876289 >> [v2:172.21.15.131:6800/2225571046,v1:172.21.15.131:6801/2225571046] conn(0x7f824c038640 0x7f824c03ab50 unknown :-1 s=CLOSED pgs=7 cs=0 l=1 rev1=1 crypto rx=0 tx=0 comp rx=0 tx=0).stop
2024-05-10T05:25:39.527 INFO:teuthology.orchestra.run.smithi131.stdout:/usr/bin/ceph: stderr
2024-05-10T05:25:39.167+0000 7f826f000700 1 --2- 172.21.15.131:0/2837876289 >> [v2:172.21.15.131:3300/0,v1:172.21.15.131:6789/0] conn(0x7f826807be00 0x7f826819d660 unknown :-1 s=CLOSED pgs=23 cs=0 l=1 rev1=1 crypto rx=0 tx=0 comp rx=0 tx=0).stop
2024-05-10T05:25:39.527 INFO:teuthology.orchestra.run.smithi131.stdout:/usr/bin/ceph: stderr
2024-05-10T05:25:39.167+0000 7f826f000700 1 -- 172.21.15.131:0/2837876289 >> 172.21.15.131:0/2837876289 conn(0x7f8268102830 msgr2=0x7f8268103320 unknown :-1 s=STATE_NONE l=0).mark_down
2024-05-10T05:25:39.527 INFO:teuthology.orchestra.run.smithi131.stdout:/usr/bin/ceph: stderr
2024-05-10T05:25:39.167+0000 7f826f000700 1 -- 172.21.15.131:0/2837876289 shutdown_connections
2024-05-10T05:25:39.527 INFO:teuthology.orchestra.run.smithi131.stdout:/usr/bin/ceph: stderr
2024-05-10T05:25:39.167+0000 7f826f000700 1 -- 172.21.15.131:0/2837876289 wait complete.
2024-05-10T05:25:39.527 INFO:teuthology.orchestra.run.smithi131.stdout:Enabling cephadm module...
2024-05-10T05:25:40.689 INFO:journalctl@ceph.mon.a.smithi131.stdout:May 10 05:25:40 smithi131 ceph-mon[37264]: from='client.? 172.21.15.131:0/274497733' entity='client.admin' cmd=[{"prefix": "mgr module enable", "module": "cephadm"}]: dispatch
2024-05-10T05:25:40.689 INFO:journalctl@ceph.mgr.x.smithi131.stdout:May 10 05:25:40 smithi131 ceph-6e8de474-0e8d-11ef-bc98-c7b262605968-mgr-x[37514]: ignoring --setuser ceph since I am not root
2024-05-10T05:25:40.689 INFO:journalctl@ceph.mgr.x.smithi131.stdout:May 10 05:25:40 smithi131 ceph-6e8de474-0e8d-11ef-bc98-c7b262605968-mgr-x[37514]: ignoring --setgroup ceph since I am not root
2024-05-10T05:25:40.694 INFO:teuthology.orchestra.run.smithi131.stdout:/usr/bin/ceph: stderr
2024-05-10T05:25:39.968+0000 7f7e32c00700 1 Processor -- start
2024-05-10T05:25:40.695 INFO:teuthology.orchestra.run.smithi131.stdout:/usr/bin/ceph: stderr
2024-05-10T05:25:39.968+0000 7f7e32c00700 1 -- start start
2024-05-10T05:25:40.695 INFO:teuthology.orchestra.run.smithi131.stdout:/usr/bin/ceph: stderr
2024-05-10T05:25:39.968+0000 7f7e32c00700 1 --2- >> [v2:172.21.15.131:3300/0,v1:172.21.15.131:6789/0] conn(0x7f7e2c07be00 0x7f7e2c07a230 unknown :-1 s=NONE pgs=0 cs=0 l=0 rev1=0 crypto rx=0 tx=0 comp rx=0 tx=0).connect
2024-05-10T05:25:40.695 INFO:teuthology.orchestra.run.smithi131.stdout:/usr/bin/ceph: stderr
2024-05-10T05:25:39.968+0000 7f7e32c00700 1 -- --> [v2:172.21.15.131:3300/0,v1:172.21.15.131:6789/0] -- mon_getmap magic: 0 v1 -- 0x7f7e2c07a770 con 0x7f7e2c07be00
2024-05-10T05:25:40.695 INFO:teuthology.orchestra.run.smithi131.stdout:/usr/bin/ceph: stderr
2024-05-10T05:25:39.969+0000 7f7e2be00700 1 --2- >> [v2:172.21.15.131:3300/0,v1:172.21.15.131:6789/0] conn(0x7f7e2c07be00 0x7f7e2c07a230 unknown :-1 s=BANNER_CONNECTING pgs=0 cs=0 l=0 rev1=0 crypto rx=0 tx=0 comp rx=0 tx=0)._handle_peer_banner_payload supported=3 required=0
2024-05-10T05:25:40.695 INFO:teuthology.orchestra.run.smithi131.stdout:/usr/bin/ceph: stderr
2024-05-10T05:25:39.969+0000 7f7e2be00700 1 --2- >> [v2:172.21.15.131:3300/0,v1:172.21.15.131:6789/0] conn(0x7f7e2c07be00 0x7f7e2c07a230 unknown :-1 s=HELLO_CONNECTING pgs=0 cs=0 l=0 rev1=1 crypto rx=0 tx=0 comp rx=0 tx=0).handle_hello peer v2:172.21.15.131:3300/0 says I am v2:172.21.15.131:41798/0 (socket says 172.21.15.131:41798)
2024-05-10T05:25:40.695 INFO:teuthology.orchestra.run.smithi131.stdout:/usr/bin/ceph: stderr
2024-05-10T05:25:39.969+0000 7f7e2be00700 1 -- 172.21.15.131:0/3198355290 learned_addr learned my addr 172.21.15.131:0/3198355290 (peer_addr_for_me v2:172.21.15.131:0/0)
2024-05-10T05:25:40.695 INFO:teuthology.orchestra.run.smithi131.stdout:/usr/bin/ceph: stderr
2024-05-10T05:25:39.969+0000 7f7e2be00700 1 -- 172.21.15.131:0/3198355290 --> [v2:172.21.15.131:3300/0,v1:172.21.15.131:6789/0] -- mon_subscribe({config=0+,monmap=0+}) v3 -- 0x7f7e2c07a8b0 con 0x7f7e2c07be00
2024-05-10T05:25:40.695 INFO:teuthology.orchestra.run.smithi131.stdout:/usr/bin/ceph: stderr
2024-05-10T05:25:39.970+0000 7f7e2be00700 1 --2- 172.21.15.131:0/3198355290 >> [v2:172.21.15.131:3300/0,v1:172.21.15.131:6789/0] conn(0x7f7e2c07be00 0x7f7e2c07a230 secure :-1 s=READY pgs=24 cs=0 l=1 rev1=1 crypto rx=0x7f7e1c0098a0 tx=0x7f7e1c009bb0 comp rx=0 tx=0).ready entity=mon.0 client_cookie=80820586ae6bbbbd server_cookie=0 in_seq=0 out_seq=0
2024-05-10T05:25:40.695 INFO:teuthology.orchestra.run.smithi131.stdout:/usr/bin/ceph: stderr
2024-05-10T05:25:39.970+0000 7f7e2aa00700 1 -- 172.21.15.131:0/3198355290 <== mon.0 v2:172.21.15.131:3300/0 1 ==== mon_map magic: 0 v1 ==== 205+0+0 (secure 0 0 0) 0x7f7e1c004160 con 0x7f7e2c07be00
2024-05-10T05:25:40.695 INFO:teuthology.orchestra.run.smithi131.stdout:/usr/bin/ceph: stderr
2024-05-10T05:25:39.970+0000 7f7e2aa00700 1 -- 172.21.15.131:0/3198355290 <== mon.0 v2:172.21.15.131:3300/0 2 ==== config(26 keys) v1 ==== 1074+0+0 (secure 0 0 0) 0x7f7e1c0042c0 con 0x7f7e2c07be00
2024-05-10T05:25:40.695 INFO:teuthology.orchestra.run.smithi131.stdout:/usr/bin/ceph: stderr
2024-05-10T05:25:39.970+0000 7f7e2aa00700 1 -- 172.21.15.131:0/3198355290 <== mon.0 v2:172.21.15.131:3300/0 3 ==== mon_map magic: 0 v1 ==== 205+0+0 (secure 0 0 0) 0x7f7e1c011a00 con 0x7f7e2c07be00
2024-05-10T05:25:40.695 INFO:teuthology.orchestra.run.smithi131.stdout:/usr/bin/ceph: stderr
2024-05-10T05:25:39.971+0000 7f7e32c00700 1 -- 172.21.15.131:0/3198355290 >> [v2:172.21.15.131:3300/0,v1:172.21.15.131:6789/0] conn(0x7f7e2c07be00 msgr2=0x7f7e2c07a230 secure :-1 s=STATE_CONNECTION_ESTABLISHED l=1).mark_down
2024-05-10T05:25:40.696 INFO:teuthology.orchestra.run.smithi131.stdout:/usr/bin/ceph: stderr
2024-05-10T05:25:39.971+0000 7f7e32c00700 1 --2- 172.21.15.131:0/3198355290 >> [v2:172.21.15.131:3300/0,v1:172.21.15.131:6789/0] conn(0x7f7e2c07be00 0x7f7e2c07a230 secure :-1 s=READY pgs=24 cs=0 l=1 rev1=1 crypto rx=0x7f7e1c0098a0 tx=0x7f7e1c009bb0 comp rx=0 tx=0).stop
2024-05-10T05:25:40.696 INFO:teuthology.orchestra.run.smithi131.stdout:/usr/bin/ceph: stderr
2024-05-10T05:25:39.971+0000 7f7e32c00700 1 -- 172.21.15.131:0/3198355290 shutdown_connections
2024-05-10T05:25:40.696 INFO:teuthology.orchestra.run.smithi131.stdout:/usr/bin/ceph: stderr
2024-05-10T05:25:39.971+0000 7f7e32c00700 1 --2- 172.21.15.131:0/3198355290 >> [v2:172.21.15.131:3300/0,v1:172.21.15.131:6789/0] conn(0x7f7e2c07be00 0x7f7e2c07a230 unknown :-1 s=CLOSED pgs=24 cs=0 l=1 rev1=1 crypto rx=0 tx=0 comp rx=0 tx=0).stop
2024-05-10T05:25:40.696 INFO:teuthology.orchestra.run.smithi131.stdout:/usr/bin/ceph: stderr
2024-05-10T05:25:39.971+0000 7f7e32c00700 1 -- 172.21.15.131:0/3198355290 >> 172.21.15.131:0/3198355290 conn(0x7f7e2c102840 msgr2=0x7f7e2c104d10 unknown :-1 s=STATE_NONE l=0).mark_down
2024-05-10T05:25:40.696 INFO:teuthology.orchestra.run.smithi131.stdout:/usr/bin/ceph: stderr
2024-05-10T05:25:39.971+0000 7f7e32c00700 1 -- 172.21.15.131:0/3198355290 shutdown_connections
2024-05-10T05:25:40.696 INFO:teuthology.orchestra.run.smithi131.stdout:/usr/bin/ceph: stderr
2024-05-10T05:25:39.971+0000 7f7e32c00700 1 -- 172.21.15.131:0/3198355290 wait complete.
2024-05-10T05:25:40.696 INFO:teuthology.orchestra.run.smithi131.stdout:/usr/bin/ceph: stderr
2024-05-10T05:25:39.972+0000 7f7e32c00700 1 Processor -- start
2024-05-10T05:25:40.696 INFO:teuthology.orchestra.run.smithi131.stdout:/usr/bin/ceph: stderr
2024-05-10T05:25:39.972+0000 7f7e32c00700 1 -- start start
2024-05-10T05:25:40.696 INFO:teuthology.orchestra.run.smithi131.stdout:/usr/bin/ceph: stderr
2024-05-10T05:25:39.972+0000 7f7e32c00700 1 --2- >> [v2:172.21.15.131:3300/0,v1:172.21.15.131:6789/0] conn(0x7f7e2c07be00 0x7f7e2c19d670 unknown :-1 s=NONE pgs=0 cs=0 l=1 rev1=0 crypto rx=0 tx=0 comp rx=0 tx=0).connect
2024-05-10T05:25:40.696 INFO:teuthology.orchestra.run.smithi131.stdout:/usr/bin/ceph: stderr
2024-05-10T05:25:39.972+0000 7f7e32c00700 1 -- --> [v2:172.21.15.131:3300/0,v1:172.21.15.131:6789/0] -- mon_getmap magic: 0 v1 -- 0x7f7e2c19dbb0 con 0x7f7e2c07be00
2024-05-10T05:25:40.696 INFO:teuthology.orchestra.run.smithi131.stdout:/usr/bin/ceph: stderr
2024-05-10T05:25:39.973+0000 7f7e2be00700 1 --2- >> [v2:172.21.15.131:3300/0,v1:172.21.15.131:6789/0] conn(0x7f7e2c07be00 0x7f7e2c19d670 unknown :-1 s=BANNER_CONNECTING pgs=0 cs=0 l=1 rev1=0 crypto rx=0 tx=0 comp rx=0 tx=0)._handle_peer_banner_payload supported=3 required=0
2024-05-10T05:25:40.696 INFO:teuthology.orchestra.run.smithi131.stdout:/usr/bin/ceph: stderr
2024-05-10T05:25:39.973+0000 7f7e2be00700 1 --2- >> [v2:172.21.15.131:3300/0,v1:172.21.15.131:6789/0] conn(0x7f7e2c07be00 0x7f7e2c19d670 unknown :-1 s=HELLO_CONNECTING pgs=0 cs=0 l=1 rev1=1 crypto rx=0 tx=0 comp rx=0 tx=0).handle_hello peer v2:172.21.15.131:3300/0 says I am v2:172.21.15.131:41806/0 (socket says 172.21.15.131:41806)
2024-05-10T05:25:40.696 INFO:teuthology.orchestra.run.smithi131.stdout:/usr/bin/ceph: stderr
2024-05-10T05:25:39.973+0000 7f7e2be00700 1 -- 172.21.15.131:0/274497733 learned_addr learned my addr 172.21.15.131:0/274497733 (peer_addr_for_me v2:172.21.15.131:0/0)
2024-05-10T05:25:40.696 INFO:teuthology.orchestra.run.smithi131.stdout:/usr/bin/ceph: stderr
2024-05-10T05:25:39.973+0000 7f7e2be00700 1 -- 172.21.15.131:0/274497733 --> [v2:172.21.15.131:3300/0,v1:172.21.15.131:6789/0] -- mon_subscribe({config=0+,monmap=0+}) v3 -- 0x7f7e1c009550 con 0x7f7e2c07be00
2024-05-10T05:25:40.697 INFO:teuthology.orchestra.run.smithi131.stdout:/usr/bin/ceph: stderr
2024-05-10T05:25:39.973+0000 7f7e2be00700 1 --2- 172.21.15.131:0/274497733 >> [v2:172.21.15.131:3300/0,v1:172.21.15.131:6789/0] conn(0x7f7e2c07be00 0x7f7e2c19d670 secure :-1 s=READY pgs=25 cs=0 l=1 rev1=1 crypto rx=0x7f7e1c011710 tx=0x7f7e1c011ad0 comp rx=0 tx=0).ready entity=mon.0 client_cookie=0 server_cookie=0 in_seq=0 out_seq=0
2024-05-10T05:25:40.697 INFO:teuthology.orchestra.run.smithi131.stdout:/usr/bin/ceph: stderr
2024-05-10T05:25:39.973+0000 7f7e28c00700 1 -- 172.21.15.131:0/274497733 <== mon.0 v2:172.21.15.131:3300/0 1 ==== mon_map magic: 0 v1 ==== 205+0+0 (secure 0 0 0) 0x7f7e1c003aa0 con 0x7f7e2c07be00
2024-05-10T05:25:40.697 INFO:teuthology.orchestra.run.smithi131.stdout:/usr/bin/ceph: stderr
2024-05-10T05:25:39.973+0000 7f7e28c00700 1 -- 172.21.15.131:0/274497733 <== mon.0 v2:172.21.15.131:3300/0 2 ==== config(26 keys) v1 ==== 1074+0+0 (secure 0 0 0) 0x7f7e1c003c00 con 0x7f7e2c07be00
2024-05-10T05:25:40.697 INFO:teuthology.orchestra.run.smithi131.stdout:/usr/bin/ceph: stderr
2024-05-10T05:25:39.973+0000 7f7e28c00700 1 -- 172.21.15.131:0/274497733 <== mon.0 v2:172.21.15.131:3300/0 3 ==== mon_map magic: 0 v1 ==== 205+0+0 (secure 0 0 0) 0x7f7e1c024800 con 0x7f7e2c07be00
2024-05-10T05:25:40.697 INFO:teuthology.orchestra.run.smithi131.stdout:/usr/bin/ceph: stderr
2024-05-10T05:25:39.973+0000 7f7e32c00700 1 -- 172.21.15.131:0/274497733 --> [v2:172.21.15.131:3300/0,v1:172.21.15.131:6789/0] -- mon_subscribe({mgrmap=0+}) v3 -- 0x7f7e2c19ddb0 con 0x7f7e2c07be00
2024-05-10T05:25:40.697 INFO:teuthology.orchestra.run.smithi131.stdout:/usr/bin/ceph: stderr
2024-05-10T05:25:39.974+0000 7f7e32c00700 1 -- 172.21.15.131:0/274497733 --> [v2:172.21.15.131:3300/0,v1:172.21.15.131:6789/0] -- mon_subscribe({osdmap=0}) v3 -- 0x7f7e2c19e250 con 0x7f7e2c07be00
2024-05-10T05:25:40.697 INFO:teuthology.orchestra.run.smithi131.stdout:/usr/bin/ceph: stderr
2024-05-10T05:25:39.975+0000 7f7e32c00700 1 -- 172.21.15.131:0/274497733 --> [v2:172.21.15.131:3300/0,v1:172.21.15.131:6789/0] -- mon_command({"prefix": "get_command_descriptions"} v 0) v1 -- 0x7f7e2c197280 con 0x7f7e2c07be00
2024-05-10T05:25:40.697 INFO:teuthology.orchestra.run.smithi131.stdout:/usr/bin/ceph: stderr
2024-05-10T05:25:39.975+0000 7f7e28c00700 1 -- 172.21.15.131:0/274497733 <== mon.0 v2:172.21.15.131:3300/0 4 ==== mgrmap(e 4) v1 ==== 45530+0+0 (secure 0 0 0) 0x7f7e1c024a30 con 0x7f7e2c07be00
2024-05-10T05:25:40.697 INFO:teuthology.orchestra.run.smithi131.stdout:/usr/bin/ceph: stderr
2024-05-10T05:25:39.975+0000 7f7e28c00700 1 --2- 172.21.15.131:0/274497733 >> [v2:172.21.15.131:6800/2225571046,v1:172.21.15.131:6801/2225571046] conn(0x7f7e100386b0 0x7f7e1003abc0 unknown :-1 s=NONE pgs=0 cs=0 l=1 rev1=0 crypto rx=0 tx=0 comp rx=0 tx=0).connect
2024-05-10T05:25:40.697 INFO:teuthology.orchestra.run.smithi131.stdout:/usr/bin/ceph: stderr
2024-05-10T05:25:39.975+0000 7f7e28c00700 1 -- 172.21.15.131:0/274497733 <== mon.0 v2:172.21.15.131:3300/0 5 ==== osd_map(1..1 src has 1..1) v4 ==== 725+0+0 (secure 0 0 0) 0x7f7e1c04c460 con 0x7f7e2c07be00
2024-05-10T05:25:40.697 INFO:teuthology.orchestra.run.smithi131.stdout:/usr/bin/ceph: stderr
2024-05-10T05:25:39.976+0000 7f7e2b400700 1 --2- 172.21.15.131:0/274497733 >> [v2:172.21.15.131:6800/2225571046,v1:172.21.15.131:6801/2225571046] conn(0x7f7e100386b0 0x7f7e1003abc0 unknown :-1 s=BANNER_CONNECTING pgs=0 cs=0 l=1 rev1=0 crypto rx=0 tx=0 comp rx=0 tx=0)._handle_peer_banner_payload supported=3 required=0
2024-05-10T05:25:40.697 INFO:teuthology.orchestra.run.smithi131.stdout:/usr/bin/ceph: stderr
2024-05-10T05:25:39.976+0000 7f7e2b400700 1 --2- 172.21.15.131:0/274497733 >> [v2:172.21.15.131:6800/2225571046,v1:172.21.15.131:6801/2225571046] conn(0x7f7e100386b0 0x7f7e1003abc0 secure :-1 s=READY pgs=8 cs=0 l=1 rev1=1 crypto rx=0x7f7e18006fd0 tx=0x7f7e18006e40 comp rx=0 tx=0).ready entity=mgr.14100 client_cookie=0 server_cookie=0 in_seq=0 out_seq=0
2024-05-10T05:25:40.697 INFO:teuthology.orchestra.run.smithi131.stdout:/usr/bin/ceph: stderr
2024-05-10T05:25:39.981+0000 7f7e28c00700 1 -- 172.21.15.131:0/274497733 <== mon.0 v2:172.21.15.131:3300/0 6 ==== mon_command_ack([{"prefix": "get_command_descriptions"}]=0 v0) v1 ==== 72+0+183622 (secure 0 0 0) 0x7f7e1c010790 con 0x7f7e2c07be00
2024-05-10T05:25:40.698 INFO:teuthology.orchestra.run.smithi131.stdout:/usr/bin/ceph: stderr
2024-05-10T05:25:40.236+0000 7f7e32c00700 1 -- 172.21.15.131:0/274497733 --> [v2:172.21.15.131:3300/0,v1:172.21.15.131:6789/0] -- mon_command({"prefix": "mgr module enable", "module": "cephadm"} v 0) v1 -- 0x7f7e2c10d610 con 0x7f7e2c07be00
2024-05-10T05:25:40.698 INFO:teuthology.orchestra.run.smithi131.stdout:/usr/bin/ceph: stderr
2024-05-10T05:25:40.343+0000 7f7e28c00700 1 -- 172.21.15.131:0/274497733 <== mon.0 v2:172.21.15.131:3300/0 7 ==== mgrmap(e 5) v1 ==== 45541+0+0 (secure 0 0 0) 0x7f7e1c01abd0 con 0x7f7e2c07be00
2024-05-10T05:25:40.698 INFO:teuthology.orchestra.run.smithi131.stdout:/usr/bin/ceph: stderr
2024-05-10T05:25:40.345+0000 7f7e28c00700 1 -- 172.21.15.131:0/274497733 <== mon.0 v2:172.21.15.131:3300/0 8 ==== mon_command_ack([{"prefix": "mgr module enable", "module": "cephadm"}]=0 v5) v1 ==== 86+0+0 (secure 0 0 0) 0x7f7e1c04c1c0 con 0x7f7e2c07be00
2024-05-10T05:25:40.698 INFO:teuthology.orchestra.run.smithi131.stdout:/usr/bin/ceph: stderr
2024-05-10T05:25:40.348+0000 7f7e32c00700 1 -- 172.21.15.131:0/274497733 >> [v2:172.21.15.131:6800/2225571046,v1:172.21.15.131:6801/2225571046] conn(0x7f7e100386b0 msgr2=0x7f7e1003abc0 secure :-1 s=STATE_CONNECTION_ESTABLISHED l=1).mark_down
2024-05-10T05:25:40.698 INFO:teuthology.orchestra.run.smithi131.stdout:/usr/bin/ceph: stderr
2024-05-10T05:25:40.348+0000 7f7e32c00700 1 --2- 172.21.15.131:0/274497733 >> [v2:172.21.15.131:6800/2225571046,v1:172.21.15.131:6801/2225571046] conn(0x7f7e100386b0 0x7f7e1003abc0 secure :-1 s=READY pgs=8 cs=0 l=1 rev1=1 crypto rx=0x7f7e18006fd0 tx=0x7f7e18006e40 comp rx=0 tx=0).stop
2024-05-10T05:25:40.698 INFO:teuthology.orchestra.run.smithi131.stdout:/usr/bin/ceph: stderr
2024-05-10T05:25:40.348+0000 7f7e32c00700 1 -- 172.21.15.131:0/274497733 >> [v2:172.21.15.131:3300/0,v1:172.21.15.131:6789/0] conn(0x7f7e2c07be00 msgr2=0x7f7e2c19d670 secure :-1 s=STATE_CONNECTION_ESTABLISHED l=1).mark_down
2024-05-10T05:25:40.698 INFO:teuthology.orchestra.run.smithi131.stdout:/usr/bin/ceph: stderr
2024-05-10T05:25:40.348+0000 7f7e32c00700 1 --2- 172.21.15.131:0/274497733 >> [v2:172.21.15.131:3300/0,v1:172.21.15.131:6789/0] conn(0x7f7e2c07be00 0x7f7e2c19d670 secure :-1 s=READY pgs=25 cs=0 l=1 rev1=1 crypto rx=0x7f7e1c011710 tx=0x7f7e1c011ad0 comp rx=0 tx=0).stop
2024-05-10T05:25:40.698 INFO:teuthology.orchestra.run.smithi131.stdout:/usr/bin/ceph: stderr
2024-05-10T05:25:40.348+0000 7f7e32c00700 1 -- 172.21.15.131:0/274497733 shutdown_connections
2024-05-10T05:25:40.698 INFO:teuthology.orchestra.run.smithi131.stdout:/usr/bin/ceph: stderr
2024-05-10T05:25:40.348+0000 7f7e32c00700 1 --2- 172.21.15.131:0/274497733 >> [v2:172.21.15.131:6800/2225571046,v1:172.21.15.131:6801/2225571046] conn(0x7f7e100386b0 0x7f7e1003abc0 unknown :-1 s=CLOSED pgs=8 cs=0 l=1 rev1=1 crypto rx=0 tx=0 comp rx=0 tx=0).stop
2024-05-10T05:25:40.698 INFO:teuthology.orchestra.run.smithi131.stdout:/usr/bin/ceph: stderr
2024-05-10T05:25:40.348+0000 7f7e32c00700 1 --2- 172.21.15.131:0/274497733 >> [v2:172.21.15.131:3300/0,v1:172.21.15.131:6789/0] conn(0x7f7e2c07be00 0x7f7e2c19d670 unknown :-1 s=CLOSED pgs=25 cs=0 l=1 rev1=1 crypto rx=0 tx=0 comp rx=0 tx=0).stop
2024-05-10T05:25:40.698 INFO:teuthology.orchestra.run.smithi131.stdout:/usr/bin/ceph: stderr
2024-05-10T05:25:40.348+0000 7f7e32c00700 1 -- 172.21.15.131:0/274497733 >> 172.21.15.131:0/274497733 conn(0x7f7e2c102840 msgr2=0x7f7e2c103300 unknown :-1 s=STATE_NONE l=0).mark_down
2024-05-10T05:25:40.698 INFO:teuthology.orchestra.run.smithi131.stdout:/usr/bin/ceph: stderr
2024-05-10T05:25:40.348+0000 7f7e32c00700 1 -- 172.21.15.131:0/274497733 shutdown_connections
2024-05-10T05:25:40.698 INFO:teuthology.orchestra.run.smithi131.stdout:/usr/bin/ceph: stderr
2024-05-10T05:25:40.348+0000 7f7e32c00700 1 -- 172.21.15.131:0/274497733 wait complete.
2024-05-10T05:25:41.344 INFO:journalctl@ceph.mgr.x.smithi131.stdout:May 10 05:25:41 smithi131 ceph-6e8de474-0e8d-11ef-bc98-c7b262605968-mgr-x[37514]:
2024-05-10T05:25:41.076+0000 7faf83787200 -1 mgr[py] Module prometheus has missing NOTIFY_TYPES member
2024-05-10T05:25:41.344 INFO:journalctl@ceph.mgr.x.smithi131.stdout:May 10 05:25:41 smithi131 ceph-6e8de474-0e8d-11ef-bc98-c7b262605968-mgr-x[37514]:
2024-05-10T05:25:41.203+0000 7faf83787200 -1 mgr[py] Module alerts has missing NOTIFY_TYPES member
2024-05-10T05:25:41.344 INFO:journalctl@ceph.mgr.x.smithi131.stdout:May 10 05:25:41 smithi131 ceph-6e8de474-0e8d-11ef-bc98-c7b262605968-mgr-x[37514]:
2024-05-10T05:25:41.322+0000 7faf83787200 -1 mgr[py] Module osd_perf_query has missing NOTIFY_TYPES member
2024-05-10T05:25:41.696 INFO:journalctl@ceph.mon.a.smithi131.stdout:May 10 05:25:41 smithi131 ceph-mon[37264]: from='client.? 172.21.15.131:0/274497733' entity='client.admin' cmd='[{"prefix": "mgr module enable", "module": "cephadm"}]': finished
2024-05-10T05:25:41.697 INFO:journalctl@ceph.mon.a.smithi131.stdout:May 10 05:25:41 smithi131 ceph-mon[37264]: mgrmap e5: x(active, since 6s)
2024-05-10T05:25:41.697 INFO:journalctl@ceph.mgr.x.smithi131.stdout:May 10 05:25:41 smithi131 ceph-6e8de474-0e8d-11ef-bc98-c7b262605968-mgr-x[37514]:
