2024-05-10T05:26:03.850+0000 7fe2ab600700 1 --2- 172.21.15.131:0/3308893604 >> [v2:172.21.15.131:6800/3754674139,v1:172.21.15.131:6801/3754674139] conn(0x7fe28c038750 0x7fe28c03ac60 unknown :-1 s=CLOSED pgs=15 cs=0 l=1 rev1=1 crypto rx=0 tx=0 comp rx=0 tx=0).stop
2024-05-10T05:26:04.222 INFO:teuthology.orchestra.run.smithi131.stdout:/usr/bin/ceph: stderr
2024-05-10T05:26:03.850+0000 7fe2ab600700 1 --2- 172.21.15.131:0/3308893604 >> [v2:172.21.15.131:3300/0,v1:172.21.15.131:6789/0] conn(0x7fe2a4107220 0x7fe2a419d680 unknown :-1 s=CLOSED pgs=56 cs=0 l=1 rev1=1 crypto rx=0 tx=0 comp rx=0 tx=0).stop
2024-05-10T05:26:04.222 INFO:teuthology.orchestra.run.smithi131.stdout:/usr/bin/ceph: stderr
2024-05-10T05:26:03.850+0000 7fe2ab600700 1 -- 172.21.15.131:0/3308893604 >> 172.21.15.131:0/3308893604 conn(0x7fe2a4102840 msgr2=0x7fe2a407a2c0 unknown :-1 s=STATE_NONE l=0).mark_down
2024-05-10T05:26:04.222 INFO:teuthology.orchestra.run.smithi131.stdout:/usr/bin/ceph: stderr
2024-05-10T05:26:03.850+0000 7fe2ab600700 1 -- 172.21.15.131:0/3308893604 shutdown_connections
2024-05-10T05:26:04.222 INFO:teuthology.orchestra.run.smithi131.stdout:/usr/bin/ceph: stderr
2024-05-10T05:26:03.850+0000 7fe2ab600700 1 -- 172.21.15.131:0/3308893604 wait complete.
2024-05-10T05:26:04.222 INFO:teuthology.orchestra.run.smithi131.stdout:Enabling the dashboard module...
2024-05-10T05:26:05.117 INFO:journalctl@ceph.mon.a.smithi131.stdout:May 10 05:26:04 smithi131 ceph-mon[37264]: from='mgr.14122 172.21.15.131:0/3819102524' entity='mgr.x'
2024-05-10T05:26:05.118 INFO:journalctl@ceph.mon.a.smithi131.stdout:May 10 05:26:04 smithi131 ceph-mon[37264]: from='client.? 172.21.15.131:0/3308893604' entity='client.admin'
2024-05-10T05:26:05.998 INFO:journalctl@ceph.mon.a.smithi131.stdout:May 10 05:26:05 smithi131 ceph-mon[37264]: from='client.? 172.21.15.131:0/2201863382' entity='client.admin' cmd=[{"prefix": "mgr module enable", "module": "dashboard"}]: dispatch
2024-05-10T05:26:05.999 INFO:journalctl@ceph.mgr.x.smithi131.stdout:May 10 05:26:05 smithi131 ceph-6e8de474-0e8d-11ef-bc98-c7b262605968-mgr-x[37514]: ignoring --setuser ceph since I am not root
2024-05-10T05:26:05.999 INFO:journalctl@ceph.mgr.x.smithi131.stdout:May 10 05:26:05 smithi131 ceph-6e8de474-0e8d-11ef-bc98-c7b262605968-mgr-x[37514]: ignoring --setgroup ceph since I am not root
2024-05-10T05:26:06.126 INFO:teuthology.orchestra.run.smithi131.stdout:/usr/bin/ceph: stderr
2024-05-10T05:26:04.736+0000 7fc782200700 1 Processor -- start
2024-05-10T05:26:06.132 INFO:teuthology.orchestra.run.smithi131.stdout:/usr/bin/ceph: stderr
2024-05-10T05:26:04.736+0000 7fc782200700 1 -- start start
2024-05-10T05:26:06.132 INFO:teuthology.orchestra.run.smithi131.stdout:/usr/bin/ceph: stderr
2024-05-10T05:26:04.736+0000 7fc782200700 1 --2- >> [v2:172.21.15.131:3300/0,v1:172.21.15.131:6789/0] conn(0x7fc77c107d10 0x7fc77c10a130 unknown :-1 s=NONE pgs=0 cs=0 l=0 rev1=0 crypto rx=0 tx=0 comp rx=0 tx=0).connect
2024-05-10T05:26:06.132 INFO:teuthology.orchestra.run.smithi131.stdout:/usr/bin/ceph: stderr
2024-05-10T05:26:04.736+0000 7fc782200700 1 -- --> [v2:172.21.15.131:3300/0,v1:172.21.15.131:6789/0] -- mon_getmap magic: 0 v1 -- 0x7fc77c079e70 con 0x7fc77c107d10
2024-05-10T05:26:06.132 INFO:teuthology.orchestra.run.smithi131.stdout:/usr/bin/ceph: stderr
2024-05-10T05:26:04.737+0000 7fc77b400700 1 --2- >> [v2:172.21.15.131:3300/0,v1:172.21.15.131:6789/0] conn(0x7fc77c107d10 0x7fc77c10a130 unknown :-1 s=BANNER_CONNECTING pgs=0 cs=0 l=0 rev1=0 crypto rx=0 tx=0 comp rx=0 tx=0)._handle_peer_banner_payload supported=3 required=0
2024-05-10T05:26:06.132 INFO:teuthology.orchestra.run.smithi131.stdout:/usr/bin/ceph: stderr
2024-05-10T05:26:04.737+0000 7fc77b400700 1 --2- >> [v2:172.21.15.131:3300/0,v1:172.21.15.131:6789/0] conn(0x7fc77c107d10 0x7fc77c10a130 unknown :-1 s=HELLO_CONNECTING pgs=0 cs=0 l=0 rev1=1 crypto rx=0 tx=0 comp rx=0 tx=0).handle_hello peer v2:172.21.15.131:3300/0 says I am v2:172.21.15.131:59724/0 (socket says 172.21.15.131:59724)
2024-05-10T05:26:06.132 INFO:teuthology.orchestra.run.smithi131.stdout:/usr/bin/ceph: stderr
2024-05-10T05:26:04.737+0000 7fc77b400700 1 -- 172.21.15.131:0/1627275946 learned_addr learned my addr 172.21.15.131:0/1627275946 (peer_addr_for_me v2:172.21.15.131:0/0)
2024-05-10T05:26:06.132 INFO:teuthology.orchestra.run.smithi131.stdout:/usr/bin/ceph: stderr
2024-05-10T05:26:04.737+0000 7fc77b400700 1 -- 172.21.15.131:0/1627275946 --> [v2:172.21.15.131:3300/0,v1:172.21.15.131:6789/0] -- mon_subscribe({config=0+,monmap=0+}) v3 -- 0x7fc77c10a670 con 0x7fc77c107d10
2024-05-10T05:26:06.132 INFO:teuthology.orchestra.run.smithi131.stdout:/usr/bin/ceph: stderr
2024-05-10T05:26:04.737+0000 7fc77b400700 1 --2- 172.21.15.131:0/1627275946 >> [v2:172.21.15.131:3300/0,v1:172.21.15.131:6789/0] conn(0x7fc77c107d10 0x7fc77c10a130 secure :-1 s=READY pgs=57 cs=0 l=1 rev1=1 crypto rx=0x7fc76c0098a0 tx=0x7fc76c009bb0 comp rx=0 tx=0).ready entity=mon.0 client_cookie=2742cc1487be26ff server_cookie=0 in_seq=0 out_seq=0
2024-05-10T05:26:06.132 INFO:teuthology.orchestra.run.smithi131.stdout:/usr/bin/ceph: stderr
2024-05-10T05:26:04.738+0000 7fc77a000700 1 -- 172.21.15.131:0/1627275946 <== mon.0 v2:172.21.15.131:3300/0 1 ==== mon_map magic: 0 v1 ==== 205+0+0 (secure 0 0 0) 0x7fc76c004160 con 0x7fc77c107d10
2024-05-10T05:26:06.132 INFO:teuthology.orchestra.run.smithi131.stdout:/usr/bin/ceph: stderr
2024-05-10T05:26:04.738+0000 7fc77a000700 1 -- 172.21.15.131:0/1627275946 <== mon.0 v2:172.21.15.131:3300/0 2 ==== config(26 keys) v1 ==== 1105+0+0 (secure 0 0 0) 0x7fc76c0042c0 con 0x7fc77c107d10
2024-05-10T05:26:06.133 INFO:teuthology.orchestra.run.smithi131.stdout:/usr/bin/ceph: stderr
2024-05-10T05:26:04.738+0000 7fc77a000700 1 -- 172.21.15.131:0/1627275946 <== mon.0 v2:172.21.15.131:3300/0 3 ==== mon_map magic: 0 v1 ==== 205+0+0 (secure 0 0 0) 0x7fc76c0119b0 con 0x7fc77c107d10
2024-05-10T05:26:06.133 INFO:teuthology.orchestra.run.smithi131.stdout:/usr/bin/ceph: stderr
2024-05-10T05:26:04.738+0000 7fc782200700 1 -- 172.21.15.131:0/1627275946 >> [v2:172.21.15.131:3300/0,v1:172.21.15.131:6789/0] conn(0x7fc77c107d10 msgr2=0x7fc77c10a130 secure :-1 s=STATE_CONNECTION_ESTABLISHED l=1).mark_down
2024-05-10T05:26:06.133 INFO:teuthology.orchestra.run.smithi131.stdout:/usr/bin/ceph: stderr
2024-05-10T05:26:04.738+0000 7fc782200700 1 --2- 172.21.15.131:0/1627275946 >> [v2:172.21.15.131:3300/0,v1:172.21.15.131:6789/0] conn(0x7fc77c107d10 0x7fc77c10a130 secure :-1 s=READY pgs=57 cs=0 l=1 rev1=1 crypto rx=0x7fc76c0098a0 tx=0x7fc76c009bb0 comp rx=0 tx=0).stop
2024-05-10T05:26:06.133 INFO:teuthology.orchestra.run.smithi131.stdout:/usr/bin/ceph: stderr
2024-05-10T05:26:04.738+0000 7fc782200700 1 -- 172.21.15.131:0/1627275946 shutdown_connections
2024-05-10T05:26:06.133 INFO:teuthology.orchestra.run.smithi131.stdout:/usr/bin/ceph: stderr
2024-05-10T05:26:04.738+0000 7fc782200700 1 --2- 172.21.15.131:0/1627275946 >> [v2:172.21.15.131:3300/0,v1:172.21.15.131:6789/0] conn(0x7fc77c107d10 0x7fc77c10a130 unknown :-1 s=CLOSED pgs=57 cs=0 l=1 rev1=1 crypto rx=0 tx=0 comp rx=0 tx=0).stop
2024-05-10T05:26:06.133 INFO:teuthology.orchestra.run.smithi131.stdout:/usr/bin/ceph: stderr
2024-05-10T05:26:04.738+0000 7fc782200700 1 -- 172.21.15.131:0/1627275946 >> 172.21.15.131:0/1627275946 conn(0x7fc77c101790 msgr2=0x7fc77c103c20 unknown :-1 s=STATE_NONE l=0).mark_down
2024-05-10T05:26:06.134 INFO:teuthology.orchestra.run.smithi131.stdout:/usr/bin/ceph: stderr
2024-05-10T05:26:04.739+0000 7fc782200700 1 -- 172.21.15.131:0/1627275946 shutdown_connections
2024-05-10T05:26:06.134 INFO:teuthology.orchestra.run.smithi131.stdout:/usr/bin/ceph: stderr
2024-05-10T05:26:04.739+0000 7fc782200700 1 -- 172.21.15.131:0/1627275946 wait complete.
2024-05-10T05:26:06.134 INFO:teuthology.orchestra.run.smithi131.stdout:/usr/bin/ceph: stderr
2024-05-10T05:26:04.740+0000 7fc782200700 1 Processor -- start
2024-05-10T05:26:06.134 INFO:teuthology.orchestra.run.smithi131.stdout:/usr/bin/ceph: stderr
2024-05-10T05:26:04.740+0000 7fc782200700 1 -- start start
2024-05-10T05:26:06.134 INFO:teuthology.orchestra.run.smithi131.stdout:/usr/bin/ceph: stderr
2024-05-10T05:26:04.740+0000 7fc782200700 1 --2- >> [v2:172.21.15.131:3300/0,v1:172.21.15.131:6789/0] conn(0x7fc77c107d10 0x7fc77c19b460 unknown :-1 s=NONE pgs=0 cs=0 l=1 rev1=0 crypto rx=0 tx=0 comp rx=0 tx=0).connect
2024-05-10T05:26:06.134 INFO:teuthology.orchestra.run.smithi131.stdout:/usr/bin/ceph: stderr
2024-05-10T05:26:04.740+0000 7fc782200700 1 -- --> [v2:172.21.15.131:3300/0,v1:172.21.15.131:6789/0] -- mon_getmap magic: 0 v1 -- 0x7fc77c19b9a0 con 0x7fc77c107d10
2024-05-10T05:26:06.135 INFO:teuthology.orchestra.run.smithi131.stdout:/usr/bin/ceph: stderr
2024-05-10T05:26:04.741+0000 7fc77b400700 1 --2- >> [v2:172.21.15.131:3300/0,v1:172.21.15.131:6789/0] conn(0x7fc77c107d10 0x7fc77c19b460 unknown :-1 s=BANNER_CONNECTING pgs=0 cs=0 l=1 rev1=0 crypto rx=0 tx=0 comp rx=0 tx=0)._handle_peer_banner_payload supported=3 required=0
2024-05-10T05:26:06.135 INFO:teuthology.orchestra.run.smithi131.stdout:/usr/bin/ceph: stderr
2024-05-10T05:26:04.741+0000 7fc77b400700 1 --2- >> [v2:172.21.15.131:3300/0,v1:172.21.15.131:6789/0] conn(0x7fc77c107d10 0x7fc77c19b460 unknown :-1 s=HELLO_CONNECTING pgs=0 cs=0 l=1 rev1=1 crypto rx=0 tx=0 comp rx=0 tx=0).handle_hello peer v2:172.21.15.131:3300/0 says I am v2:172.21.15.131:59728/0 (socket says 172.21.15.131:59728)
2024-05-10T05:26:06.135 INFO:teuthology.orchestra.run.smithi131.stdout:/usr/bin/ceph: stderr
2024-05-10T05:26:04.741+0000 7fc77b400700 1 -- 172.21.15.131:0/2201863382 learned_addr learned my addr 172.21.15.131:0/2201863382 (peer_addr_for_me v2:172.21.15.131:0/0)
2024-05-10T05:26:06.135 INFO:teuthology.orchestra.run.smithi131.stdout:/usr/bin/ceph: stderr
2024-05-10T05:26:04.741+0000 7fc77b400700 1 -- 172.21.15.131:0/2201863382 --> [v2:172.21.15.131:3300/0,v1:172.21.15.131:6789/0] -- mon_subscribe({config=0+,monmap=0+}) v3 -- 0x7fc76c009550 con 0x7fc77c107d10
2024-05-10T05:26:06.135 INFO:teuthology.orchestra.run.smithi131.stdout:/usr/bin/ceph: stderr
2024-05-10T05:26:04.741+0000 7fc77b400700 1 --2- 172.21.15.131:0/2201863382 >> [v2:172.21.15.131:3300/0,v1:172.21.15.131:6789/0] conn(0x7fc77c107d10 0x7fc77c19b460 secure :-1 s=READY pgs=58 cs=0 l=1 rev1=1 crypto rx=0x7fc76c011670 tx=0x7fc76c011a30 comp rx=0 tx=0).ready entity=mon.0 client_cookie=0 server_cookie=0 in_seq=0 out_seq=0
2024-05-10T05:26:06.135 INFO:teuthology.orchestra.run.smithi131.stdout:/usr/bin/ceph: stderr
2024-05-10T05:26:04.741+0000 7fc773e00700 1 -- 172.21.15.131:0/2201863382 <== mon.0 v2:172.21.15.131:3300/0 1 ==== mon_map magic: 0 v1 ==== 205+0+0 (secure 0 0 0) 0x7fc76c003af0 con 0x7fc77c107d10
2024-05-10T05:26:06.136 INFO:teuthology.orchestra.run.smithi131.stdout:/usr/bin/ceph: stderr
2024-05-10T05:26:04.741+0000 7fc773e00700 1 -- 172.21.15.131:0/2201863382 <== mon.0 v2:172.21.15.131:3300/0 2 ==== config(26 keys) v1 ==== 1105+0+0 (secure 0 0 0) 0x7fc76c003c50 con 0x7fc77c107d10
2024-05-10T05:26:06.136 INFO:teuthology.orchestra.run.smithi131.stdout:/usr/bin/ceph: stderr
2024-05-10T05:26:04.741+0000 7fc773e00700 1 -- 172.21.15.131:0/2201863382 <== mon.0 v2:172.21.15.131:3300/0 3 ==== mon_map magic: 0 v1 ==== 205+0+0 (secure 0 0 0) 0x7fc76c024820 con 0x7fc77c107d10
2024-05-10T05:26:06.136 INFO:teuthology.orchestra.run.smithi131.stdout:/usr/bin/ceph: stderr
2024-05-10T05:26:04.742+0000 7fc782200700 1 -- 172.21.15.131:0/2201863382 --> [v2:172.21.15.131:3300/0,v1:172.21.15.131:6789/0] -- mon_subscribe({mgrmap=0+}) v3 -- 0x7fc77c19bba0 con 0x7fc77c107d10
2024-05-10T05:26:06.136 INFO:teuthology.orchestra.run.smithi131.stdout:/usr/bin/ceph: stderr
2024-05-10T05:26:04.742+0000 7fc782200700 1 -- 172.21.15.131:0/2201863382 --> [v2:172.21.15.131:3300/0,v1:172.21.15.131:6789/0] -- mon_subscribe({osdmap=0}) v3 -- 0x7fc77c19c040 con 0x7fc77c107d10
2024-05-10T05:26:06.136 INFO:teuthology.orchestra.run.smithi131.stdout:/usr/bin/ceph: stderr
2024-05-10T05:26:04.743+0000 7fc773e00700 1 -- 172.21.15.131:0/2201863382 <== mon.0 v2:172.21.15.131:3300/0 4 ==== mgrmap(e 8) v1 ==== 45541+0+0 (secure 0 0 0) 0x7fc76c01a430 con 0x7fc77c107d10
2024-05-10T05:26:06.136 INFO:teuthology.orchestra.run.smithi131.stdout:/usr/bin/ceph: stderr
2024-05-10T05:26:04.743+0000 7fc782200700 1 -- 172.21.15.131:0/2201863382 --> [v2:172.21.15.131:3300/0,v1:172.21.15.131:6789/0] -- mon_command({"prefix": "get_command_descriptions"} v 0) v1 -- 0x7fc77c10b450 con 0x7fc77c107d10
2024-05-10T05:26:06.137 INFO:teuthology.orchestra.run.smithi131.stdout:/usr/bin/ceph: stderr
2024-05-10T05:26:04.743+0000 7fc773e00700 1 --2- 172.21.15.131:0/2201863382 >> [v2:172.21.15.131:6800/3754674139,v1:172.21.15.131:6801/3754674139] conn(0x7fc760038700 0x7fc76003ac10 unknown :-1 s=NONE pgs=0 cs=0 l=1 rev1=0 crypto rx=0 tx=0 comp rx=0 tx=0).connect
2024-05-10T05:26:06.137 INFO:teuthology.orchestra.run.smithi131.stdout:/usr/bin/ceph: stderr
2024-05-10T05:26:04.743+0000 7fc773e00700 1 -- 172.21.15.131:0/2201863382 <== mon.0 v2:172.21.15.131:3300/0 5 ==== osd_map(2..2 src has 1..2) v4 ==== 940+0+0 (secure 0 0 0) 0x7fc76c04ca20 con 0x7fc77c107d10
2024-05-10T05:26:06.137 INFO:teuthology.orchestra.run.smithi131.stdout:/usr/bin/ceph: stderr
2024-05-10T05:26:04.744+0000 7fc77aa00700 1 --2- 172.21.15.131:0/2201863382 >> [v2:172.21.15.131:6800/3754674139,v1:172.21.15.131:6801/3754674139] conn(0x7fc760038700 0x7fc76003ac10 unknown :-1 s=BANNER_CONNECTING pgs=0 cs=0 l=1 rev1=0 crypto rx=0 tx=0 comp rx=0 tx=0)._handle_peer_banner_payload supported=3 required=0
2024-05-10T05:26:06.137 INFO:teuthology.orchestra.run.smithi131.stdout:/usr/bin/ceph: stderr
2024-05-10T05:26:04.744+0000 7fc77aa00700 1 --2- 172.21.15.131:0/2201863382 >> [v2:172.21.15.131:6800/3754674139,v1:172.21.15.131:6801/3754674139] conn(0x7fc760038700 0x7fc76003ac10 secure :-1 s=READY pgs=16 cs=0 l=1 rev1=1 crypto rx=0x7fc768006fd0 tx=0x7fc768006e40 comp rx=0 tx=0).ready entity=mgr.14122 client_cookie=0 server_cookie=0 in_seq=0 out_seq=0
2024-05-10T05:26:06.137 INFO:teuthology.orchestra.run.smithi131.stdout:/usr/bin/ceph: stderr
2024-05-10T05:26:04.757+0000 7fc773e00700 1 -- 172.21.15.131:0/2201863382 <== mon.0 v2:172.21.15.131:3300/0 6 ==== mon_command_ack([{"prefix": "get_command_descriptions"}]=0 v0) v1 ==== 72+0+183622 (secure 0 0 0) 0x7fc76c018530 con 0x7fc77c107d10
2024-05-10T05:26:06.138 INFO:teuthology.orchestra.run.smithi131.stdout:/usr/bin/ceph: stderr
2024-05-10T05:26:05.035+0000 7fc782200700 1 -- 172.21.15.131:0/2201863382 --> [v2:172.21.15.131:3300/0,v1:172.21.15.131:6789/0] -- mon_command({"prefix": "mgr module enable", "module": "dashboard"} v 0) v1 -- 0x7fc77c10b660 con 0x7fc77c107d10
2024-05-10T05:26:06.138 INFO:teuthology.orchestra.run.smithi131.stdout:/usr/bin/ceph: stderr
2024-05-10T05:26:05.750+0000 7fc773e00700 1 -- 172.21.15.131:0/2201863382 <== mon.0 v2:172.21.15.131:3300/0 7 ==== mgrmap(e 9) v1 ==== 45554+0+0 (secure 0 0 0) 0x7fc76c01ac10 con 0x7fc77c107d10
2024-05-10T05:26:06.138 INFO:teuthology.orchestra.run.smithi131.stdout:/usr/bin/ceph: stderr
2024-05-10T05:26:05.752+0000 7fc773e00700 1 -- 172.21.15.131:0/2201863382 <== mon.0 v2:172.21.15.131:3300/0 8 ==== mon_command_ack([{"prefix": "mgr module enable", "module": "dashboard"}]=0 v9) v1 ==== 88+0+0 (secure 0 0 0) 0x7fc76c02d4e0 con 0x7fc77c107d10
2024-05-10T05:26:06.138 INFO:teuthology.orchestra.run.smithi131.stdout:/usr/bin/ceph: stderr
2024-05-10T05:26:05.755+0000 7fc782200700 1 -- 172.21.15.131:0/2201863382 >> [v2:172.21.15.131:6800/3754674139,v1:172.21.15.131:6801/3754674139] conn(0x7fc760038700 msgr2=0x7fc76003ac10 secure :-1 s=STATE_CONNECTION_ESTABLISHED l=1).mark_down
2024-05-10T05:26:06.139 INFO:teuthology.orchestra.run.smithi131.stdout:/usr/bin/ceph: stderr
2024-05-10T05:26:05.755+0000 7fc782200700 1 --2- 172.21.15.131:0/2201863382 >> [v2:172.21.15.131:6800/3754674139,v1:172.21.15.131:6801/3754674139] conn(0x7fc760038700 0x7fc76003ac10 secure :-1 s=READY pgs=16 cs=0 l=1 rev1=1 crypto rx=0x7fc768006fd0 tx=0x7fc768006e40 comp rx=0 tx=0).stop
2024-05-10T05:26:06.139 INFO:teuthology.orchestra.run.smithi131.stdout:/usr/bin/ceph: stderr
2024-05-10T05:26:05.755+0000 7fc782200700 1 -- 172.21.15.131:0/2201863382 >> [v2:172.21.15.131:3300/0,v1:172.21.15.131:6789/0] conn(0x7fc77c107d10 msgr2=0x7fc77c19b460 secure :-1 s=STATE_CONNECTION_ESTABLISHED l=1).mark_down
2024-05-10T05:26:06.139 INFO:teuthology.orchestra.run.smithi131.stdout:/usr/bin/ceph: stderr
2024-05-10T05:26:05.755+0000 7fc782200700 1 --2- 172.21.15.131:0/2201863382 >> [v2:172.21.15.131:3300/0,v1:172.21.15.131:6789/0] conn(0x7fc77c107d10 0x7fc77c19b460 secure :-1 s=READY pgs=58 cs=0 l=1 rev1=1 crypto rx=0x7fc76c011670 tx=0x7fc76c011a30 comp rx=0 tx=0).stop
2024-05-10T05:26:06.139 INFO:teuthology.orchestra.run.smithi131.stdout:/usr/bin/ceph: stderr
2024-05-10T05:26:05.755+0000 7fc782200700 1 -- 172.21.15.131:0/2201863382 shutdown_connections
2024-05-10T05:26:06.139 INFO:teuthology.orchestra.run.smithi131.stdout:/usr/bin/ceph: stderr
2024-05-10T05:26:05.755+0000 7fc782200700 1 --2- 172.21.15.131:0/2201863382 >> [v2:172.21.15.131:6800/3754674139,v1:172.21.15.131:6801/3754674139] conn(0x7fc760038700 0x7fc76003ac10 unknown :-1 s=CLOSED pgs=16 cs=0 l=1 rev1=1 crypto rx=0 tx=0 comp rx=0 tx=0).stop
2024-05-10T05:26:06.139 INFO:teuthology.orchestra.run.smithi131.stdout:/usr/bin/ceph: stderr
2024-05-10T05:26:05.755+0000 7fc782200700 1 --2- 172.21.15.131:0/2201863382 >> [v2:172.21.15.131:3300/0,v1:172.21.15.131:6789/0] conn(0x7fc77c107d10 0x7fc77c19b460 unknown :-1 s=CLOSED pgs=58 cs=0 l=1 rev1=1 crypto rx=0 tx=0 comp rx=0 tx=0).stop
2024-05-10T05:26:06.140 INFO:teuthology.orchestra.run.smithi131.stdout:/usr/bin/ceph: stderr
2024-05-10T05:26:05.755+0000 7fc782200700 1 -- 172.21.15.131:0/2201863382 >> 172.21.15.131:0/2201863382 conn(0x7fc77c101790 msgr2=0x7fc77c1021f0 unknown :-1 s=STATE_NONE l=0).mark_down
2024-05-10T05:26:06.140 INFO:teuthology.orchestra.run.smithi131.stdout:/usr/bin/ceph: stderr
2024-05-10T05:26:05.755+0000 7fc782200700 1 -- 172.21.15.131:0/2201863382 shutdown_connections
2024-05-10T05:26:06.140 INFO:teuthology.orchestra.run.smithi131.stdout:/usr/bin/ceph: stderr
2024-05-10T05:26:05.755+0000 7fc782200700 1 -- 172.21.15.131:0/2201863382 wait complete.
2024-05-10T05:26:06.627 INFO:journalctl@ceph.mgr.x.smithi131.stdout:May 10 05:26:06 smithi131 ceph-6e8de474-0e8d-11ef-bc98-c7b262605968-mgr-x[37514]:
2024-05-10T05:26:06.499+0000 7fd103ca1200 -1 mgr[py] Module prometheus has missing NOTIFY_TYPES member
2024-05-10T05:26:06.960 INFO:journalctl@ceph.mon.a.smithi131.stdout:May 10 05:26:06 smithi131 ceph-mon[37264]: from='client.? 172.21.15.131:0/2201863382' entity='client.admin' cmd='[{"prefix": "mgr module enable", "module": "dashboard"}]': finished
2024-05-10T05:26:06.960 INFO:journalctl@ceph.mon.a.smithi131.stdout:May 10 05:26:06 smithi131 ceph-mon[37264]: mgrmap e9: x(active, since 16s)
2024-05-10T05:26:06.961 INFO:journalctl@ceph.mgr.x.smithi131.stdout:May 10 05:26:06 smithi131 ceph-6e8de474-0e8d-11ef-bc98-c7b262605968-mgr-x[37514]:
2024-05-10T05:26:06.626+0000 7fd103ca1200 -1 mgr[py] Module alerts has missing NOTIFY_TYPES member
2024-05-10T05:26:06.961 INFO:journalctl@ceph.mgr.x.smithi131.stdout:May 10 05:26:06 smithi131 ceph-6e8de474-0e8d-11ef-bc98-c7b262605968-mgr-x[37514]:
2024-05-10T05:26:06.746+0000 7fd103ca1200 -1 mgr[py] Module osd_perf_query has missing NOTIFY_TYPES member
2024-05-10T05:26:06.961 INFO:journalctl@ceph.mgr.x.smithi131.stdout:May 10 05:26:06 smithi131 ceph-6e8de474-0e8d-11ef-bc98-c7b262605968-mgr-x[37514]:
2024-05-10T05:26:06.862+0000 7fd103ca1200 -1 mgr[py] Module progress has missing NOTIFY_TYPES member
2024-05-10T05:26:07.307 INFO:teuthology.orchestra.run.smithi131.stdout:/usr/bin/ceph: stdout {
2024-05-10T05:26:07.307 INFO:teuthology.orchestra.run.smithi131.stdout:/usr/bin/ceph: stdout "epoch": 9,
2024-05-10T05:26:07.307 INFO:teuthology.orchestra.run.smithi131.stdout:/usr/bin/ceph: stdout "available": true,
2024-05-10T05:26:07.308 INFO:teuthology.orchestra.run.smithi131.stdout:/usr/bin/ceph: stdout "active_name": "x",
2024-05-10T05:26:07.308 INFO:teuthology.orchestra.run.smithi131.stdout:/usr/bin/ceph: stdout "num_standby": 0
2024-05-10T05:26:07.308 INFO:teuthology.orchestra.run.smithi131.stdout:/usr/bin/ceph: stdout }
2024-05-10T05:26:07.308 INFO:teuthology.orchestra.run.smithi131.stdout:/usr/bin/ceph: stderr
2024-05-10T05:26:06.672+0000 7f3f90800700 1 Processor -- start
2024-05-10T05:26:07.308 INFO:teuthology.orchestra.run.smithi131.stdout:/usr/bin/ceph: stderr
2024-05-10T05:26:06.672+0000 7f3f90800700 1 -- start start
2024-05-10T05:26:07.308 INFO:teuthology.orchestra.run.smithi131.stdout:/usr/bin/ceph: stderr
2024-05-10T05:26:06.672+0000 7f3f90800700 1 --2- >> [v2:172.21.15.131:3300/0,v1:172.21.15.131:6789/0] conn(0x7f3f8807be60 0x7f3f8807a290 unknown :-1 s=NONE pgs=0 cs=0 l=0 rev1=0 crypto rx=0 tx=0 comp rx=0 tx=0).connect
2024-05-10T05:26:07.308 INFO:teuthology.orchestra.run.smithi131.stdout:/usr/bin/ceph: stderr
2024-05-10T05:26:06.672+0000 7f3f90800700 1 -- --> [v2:172.21.15.131:3300/0,v1:172.21.15.131:6789/0] -- mon_getmap magic: 0 v1 -- 0x7f3f8807a860 con 0x7f3f8807be60
2024-05-10T05:26:07.308 INFO:teuthology.orchestra.run.smithi131.stdout:/usr/bin/ceph: stderr
2024-05-10T05:26:06.673+0000 7f3f8de00700 1 --2- >> [v2:172.21.15.131:3300/0,v1:172.21.15.131:6789/0] conn(0x7f3f8807be60 0x7f3f8807a290 unknown :-1 s=BANNER_CONNECTING pgs=0 cs=0 l=0 rev1=0 crypto rx=0 tx=0 comp rx=0 tx=0)._handle_peer_banner_payload supported=3 required=0
2024-05-10T05:26:07.308 INFO:teuthology.orchestra.run.smithi131.stdout:/usr/bin/ceph: stderr
2024-05-10T05:26:06.673+0000 7f3f8de00700 1 --2- >> [v2:172.21.15.131:3300/0,v1:172.21.15.131:6789/0] conn(0x7f3f8807be60 0x7f3f8807a290 unknown :-1 s=HELLO_CONNECTING pgs=0 cs=0 l=0 rev1=1 crypto rx=0 tx=0 comp rx=0 tx=0).handle_hello peer v2:172.21.15.131:3300/0 says I am v2:172.21.15.131:59760/0 (socket says 172.21.15.131:59760)
2024-05-10T05:26:07.308 INFO:teuthology.orchestra.run.smithi131.stdout:/usr/bin/ceph: stderr
2024-05-10T05:26:06.673+0000 7f3f8de00700 1 -- 172.21.15.131:0/447022694 learned_addr learned my addr 172.21.15.131:0/447022694 (peer_addr_for_me v2:172.21.15.131:0/0)
2024-05-10T05:26:07.308 INFO:teuthology.orchestra.run.smithi131.stdout:/usr/bin/ceph: stderr
2024-05-10T05:26:06.673+0000 7f3f8de00700 1 -- 172.21.15.131:0/447022694 --> [v2:172.21.15.131:3300/0,v1:172.21.15.131:6789/0] -- mon_subscribe({config=0+,monmap=0+}) v3 -- 0x7f3f8807a9a0 con 0x7f3f8807be60
2024-05-10T05:26:07.308 INFO:teuthology.orchestra.run.smithi131.stdout:/usr/bin/ceph: stderr
2024-05-10T05:26:06.673+0000 7f3f8de00700 1 --2- 172.21.15.131:0/447022694 >> [v2:172.21.15.131:3300/0,v1:172.21.15.131:6789/0] conn(0x7f3f8807be60 0x7f3f8807a290 secure :-1 s=READY pgs=61 cs=0 l=1 rev1=1 crypto rx=0x7f3f7c0098a0 tx=0x7f3f7c009bb0 comp rx=0 tx=0).ready entity=mon.0 client_cookie=c66811289ae00b36 server_cookie=0 in_seq=0 out_seq=0
2024-05-10T05:26:07.309 INFO:teuthology.orchestra.run.smithi131.stdout:/usr/bin/ceph: stderr
2024-05-10T05:26:06.674+0000 7f3f8ca00700 1 -- 172.21.15.131:0/447022694 <== mon.0 v2:172.21.15.131:3300/0 1 ==== mon_map magic: 0 v1 ==== 205+0+0 (secure 0 0 0) 0x7f3f7c004160 con 0x7f3f8807be60
2024-05-10T05:26:07.309 INFO:teuthology.orchestra.run.smithi131.stdout:/usr/bin/ceph: stderr
2024-05-10T05:26:06.674+0000 7f3f8ca00700 1 -- 172.21.15.131:0/447022694 <== mon.0 v2:172.21.15.131:3300/0 2 ==== config(26 keys) v1 ==== 1105+0+0 (secure 0 0 0) 0x7f3f7c0042c0 con 0x7f3f8807be60
2024-05-10T05:26:07.309 INFO:teuthology.orchestra.run.smithi131.stdout:/usr/bin/ceph: stderr
2024-05-10T05:26:06.674+0000 7f3f8ca00700 1 -- 172.21.15.131:0/447022694 <== mon.0 v2:172.21.15.131:3300/0 3 ==== mon_map magic: 0 v1 ==== 205+0+0 (secure 0 0 0) 0x7f3f7c0119b0 con 0x7f3f8807be60
2024-05-10T05:26:07.309 INFO:teuthology.orchestra.run.smithi131.stdout:/usr/bin/ceph: stderr
2024-05-10T05:26:06.674+0000 7f3f90800700 1 -- 172.21.15.131:0/447022694 >> [v2:172.21.15.131:3300/0,v1:172.21.15.131:6789/0] conn(0x7f3f8807be60 msgr2=0x7f3f8807a290 secure :-1 s=STATE_CONNECTION_ESTABLISHED l=1).mark_down
2024-05-10T05:26:07.309 INFO:teuthology.orchestra.run.smithi131.stdout:/usr/bin/ceph: stderr
2024-05-10T05:26:06.674+0000 7f3f90800700 1 --2- 172.21.15.131:0/447022694 >> [v2:172.21.15.131:3300/0,v1:172.21.15.131:6789/0] conn(0x7f3f8807be60 0x7f3f8807a290 secure :-1 s=READY pgs=61 cs=0 l=1 rev1=1 crypto rx=0x7f3f7c0098a0 tx=0x7f3f7c009bb0 comp rx=0 tx=0).stop
2024-05-10T05:26:07.309 INFO:teuthology.orchestra.run.smithi131.stdout:/usr/bin/ceph: stderr
2024-05-10T05:26:06.674+0000 7f3f90800700 1 -- 172.21.15.131:0/447022694 shutdown_connections
2024-05-10T05:26:07.309 INFO:teuthology.orchestra.run.smithi131.stdout:/usr/bin/ceph: stderr
2024-05-10T05:26:06.674+0000 7f3f90800700 1 --2- 172.21.15.131:0/447022694 >> [v2:172.21.15.131:3300/0,v1:172.21.15.131:6789/0] conn(0x7f3f8807be60 0x7f3f8807a290 unknown :-1 s=CLOSED pgs=61 cs=0 l=1 rev1=1 crypto rx=0 tx=0 comp rx=0 tx=0).stop
2024-05-10T05:26:07.309 INFO:teuthology.orchestra.run.smithi131.stdout:/usr/bin/ceph: stderr
2024-05-10T05:26:06.674+0000 7f3f90800700 1 -- 172.21.15.131:0/447022694 >> 172.21.15.131:0/447022694 conn(0x7f3f88102840 msgr2=0x7f3f88104d10 unknown :-1 s=STATE_NONE l=0).mark_down
2024-05-10T05:26:07.309 INFO:teuthology.orchestra.run.smithi131.stdout:/usr/bin/ceph: stderr
2024-05-10T05:26:06.675+0000 7f3f90800700 1 -- 172.21.15.131:0/447022694 shutdown_connections
2024-05-10T05:26:07.309 INFO:teuthology.orchestra.run.smithi131.stdout:/usr/bin/ceph: stderr
2024-05-10T05:26:06.675+0000 7f3f90800700 1 -- 172.21.15.131:0/447022694 wait complete.
2024-05-10T05:26:07.309 INFO:teuthology.orchestra.run.smithi131.stdout:/usr/bin/ceph: stderr
2024-05-10T05:26:06.676+0000 7f3f90800700 1 Processor -- start
2024-05-10T05:26:07.309 INFO:teuthology.orchestra.run.smithi131.stdout:/usr/bin/ceph: stderr
2024-05-10T05:26:06.676+0000 7f3f90800700 1 -- start start
2024-05-10T05:26:07.309 INFO:teuthology.orchestra.run.smithi131.stdout:/usr/bin/ceph: stderr
2024-05-10T05:26:06.676+0000 7f3f90800700 1 --2- >> [v2:172.21.15.131:3300/0,v1:172.21.15.131:6789/0] conn(0x7f3f8807be60 0x7f3f881a1a50 unknown :-1 s=NONE pgs=0 cs=0 l=1 rev1=0 crypto rx=0 tx=0 comp rx=0 tx=0).connect
2024-05-10T05:26:07.310 INFO:teuthology.orchestra.run.smithi131.stdout:/usr/bin/ceph: stderr
2024-05-10T05:26:06.676+0000 7f3f90800700 1 -- --> [v2:172.21.15.131:3300/0,v1:172.21.15.131:6789/0] -- mon_getmap magic: 0 v1 -- 0x7f3f881a1f90 con 0x7f3f8807be60
2024-05-10T05:26:07.310 INFO:teuthology.orchestra.run.smithi131.stdout:/usr/bin/ceph: stderr
2024-05-10T05:26:06.676+0000 7f3f8de00700 1 --2- >> [v2:172.21.15.131:3300/0,v1:172.21.15.131:6789/0] conn(0x7f3f8807be60 0x7f3f881a1a50 unknown :-1 s=BANNER_CONNECTING pgs=0 cs=0 l=1 rev1=0 crypto rx=0 tx=0 comp rx=0 tx=0)._handle_peer_banner_payload supported=3 required=0
2024-05-10T05:26:07.310 INFO:teuthology.orchestra.run.smithi131.stdout:/usr/bin/ceph: stderr
2024-05-10T05:26:06.676+0000 7f3f8de00700 1 --2- >> [v2:172.21.15.131:3300/0,v1:172.21.15.131:6789/0] conn(0x7f3f8807be60 0x7f3f881a1a50 unknown :-1 s=HELLO_CONNECTING pgs=0 cs=0 l=1 rev1=1 crypto rx=0 tx=0 comp rx=0 tx=0).handle_hello peer v2:172.21.15.131:3300/0 says I am v2:172.21.15.131:59762/0 (socket says 172.21.15.131:59762)
2024-05-10T05:26:07.310 INFO:teuthology.orchestra.run.smithi131.stdout:/usr/bin/ceph: stderr
2024-05-10T05:26:06.676+0000 7f3f8de00700 1 -- 172.21.15.131:0/418179100 learned_addr learned my addr 172.21.15.131:0/418179100 (peer_addr_for_me v2:172.21.15.131:0/0)
2024-05-10T05:26:07.310 INFO:teuthology.orchestra.run.smithi131.stdout:/usr/bin/ceph: stderr
2024-05-10T05:26:06.677+0000 7f3f8de00700 1 -- 172.21.15.131:0/418179100 --> [v2:172.21.15.131:3300/0,v1:172.21.15.131:6789/0] -- mon_subscribe({config=0+,monmap=0+}) v3 -- 0x7f3f7c009550 con 0x7f3f8807be60
2024-05-10T05:26:07.310 INFO:teuthology.orchestra.run.smithi131.stdout:/usr/bin/ceph: stderr
2024-05-10T05:26:06.677+0000 7f3f8de00700 1 --2- 172.21.15.131:0/418179100 >> [v2:172.21.15.131:3300/0,v1:172.21.15.131:6789/0] conn(0x7f3f8807be60 0x7f3f881a1a50 secure :-1 s=READY pgs=62 cs=0 l=1 rev1=1 crypto rx=0x7f3f7c011670 tx=0x7f3f7c011a30 comp rx=0 tx=0).ready entity=mon.0 client_cookie=0 server_cookie=0 in_seq=0 out_seq=0
2024-05-10T05:26:07.310 INFO:teuthology.orchestra.run.smithi131.stdout:/usr/bin/ceph: stderr
2024-05-10T05:26:06.677+0000 7f3f82a00700 1 -- 172.21.15.131:0/418179100 <== mon.0 v2:172.21.15.131:3300/0 1 ==== mon_map magic: 0 v1 ==== 205+0+0 (secure 0 0 0) 0x7f3f7c003af0 con 0x7f3f8807be60
2024-05-10T05:26:07.310 INFO:teuthology.orchestra.run.smithi131.stdout:/usr/bin/ceph: stderr
2024-05-10T05:26:06.677+0000 7f3f82a00700 1 -- 172.21.15.131:0/418179100 <== mon.0 v2:172.21.15.131:3300/0 2 ==== config(26 keys) v1 ==== 1105+0+0 (secure 0 0 0) 0x7f3f7c003c50 con 0x7f3f8807be60
2024-05-10T05:26:07.310 INFO:teuthology.orchestra.run.smithi131.stdout:/usr/bin/ceph: stderr
2024-05-10T05:26:06.677+0000 7f3f90800700 1 -- 172.21.15.131:0/418179100 --> [v2:172.21.15.131:3300/0,v1:172.21.15.131:6789/0] -- mon_subscribe({mgrmap=0+}) v3 -- 0x7f3f881a2190 con 0x7f3f8807be60
2024-05-10T05:26:07.310 INFO:teuthology.orchestra.run.smithi131.stdout:/usr/bin/ceph: stderr
2024-05-10T05:26:06.677+0000 7f3f82a00700 1 -- 172.21.15.131:0/418179100 <== mon.0 v2:172.21.15.131:3300/0 3 ==== mon_map magic: 0 v1 ==== 205+0+0 (secure 0 0 0) 0x7f3f7c024820 con 0x7f3f8807be60
2024-05-10T05:26:07.310 INFO:teuthology.orchestra.run.smithi131.stdout:/usr/bin/ceph: stderr
2024-05-10T05:26:06.677+0000 7f3f90800700 1 -- 172.21.15.131:0/418179100 --> [v2:172.21.15.131:3300/0,v1:172.21.15.131:6789/0] -- mon_subscribe({osdmap=0}) v3 -- 0x7f3f881a2630 con 0x7f3f8807be60
2024-05-10T05:26:07.310 INFO:teuthology.orchestra.run.smithi131.stdout:/usr/bin/ceph: stderr
2024-05-10T05:26:06.678+0000 7f3f82a00700 1 -- 172.21.15.131:0/418179100 <== mon.0 v2:172.21.15.131:3300/0 4 ==== mgrmap(e 9) v1 ==== 45554+0+0 (secure 0 0 0) 0x7f3f7c024a50 con 0x7f3f8807be60
2024-05-10T05:26:07.310 INFO:teuthology.orchestra.run.smithi131.stdout:/usr/bin/ceph: stderr
2024-05-10T05:26:06.679+0000 7f3f90800700 1 -- 172.21.15.131:0/418179100 --> [v2:172.21.15.131:3300/0,v1:172.21.15.131:6789/0] -- mon_command({"prefix": "get_command_descriptions"} v 0) v1 -- 0x7f3f8819b440 con 0x7f3f8807be60
2024-05-10T05:26:07.311 INFO:teuthology.orchestra.run.smithi131.stdout:/usr/bin/ceph: stderr
2024-05-10T05:26:06.679+0000 7f3f82a00700 1 --2- 172.21.15.131:0/418179100 >> [v2:172.21.15.131:6800/3754674139,v1:172.21.15.131:6801/3754674139] conn(0x7f3f700387a0 0x7f3f7003acb0 unknown :-1 s=NONE pgs=0 cs=0 l=1 rev1=0 crypto rx=0 tx=0 comp rx=0 tx=0).connect
2024-05-10T05:26:07.311 INFO:teuthology.orchestra.run.smithi131.stdout:/usr/bin/ceph: stderr
2024-05-10T05:26:06.679+0000 7f3f82a00700 1 -- 172.21.15.131:0/418179100 <== mon.0 v2:172.21.15.131:3300/0 5 ==== osd_map(2..2 src has 1..2) v4 ==== 940+0+0 (secure 0 0 0) 0x7f3f7c04c8b0 con 0x7f3f8807be60
2024-05-10T05:26:07.311 INFO:teuthology.orchestra.run.smithi131.stdout:/usr/bin/ceph: stderr
2024-05-10T05:26:06.679+0000 7f3f8d400700 1 -- 172.21.15.131:0/418179100 >> [v2:172.21.15.131:6800/3754674139,v1:172.21.15.131:6801/3754674139] conn(0x7f3f700387a0 msgr2=0x7f3f7003acb0 unknown :-1 s=STATE_CONNECTING_RE l=1).process reconnect failed to v2:172.21.15.131:6800/3754674139
2024-05-10T05:26:07.311 INFO:teuthology.orchestra.run.smithi131.stdout:/usr/bin/ceph: stderr
2024-05-10T05:26:06.679+0000 7f3f8d400700 1 --2- 172.21.15.131:0/418179100 >> [v2:172.21.15.131:6800/3754674139,v1:172.21.15.131:6801/3754674139] conn(0x7f3f700387a0 0x7f3f7003acb0 unknown :-1 s=START_CONNECT pgs=0 cs=0 l=1 rev1=0 crypto rx=0 tx=0 comp rx=0 tx=0)._fault waiting 0.200000
2024-05-10T05:26:07.311 INFO:teuthology.orchestra.run.smithi131.stdout:/usr/bin/ceph: stderr
2024-05-10T05:26:06.684+0000 7f3f82a00700 1 -- 172.21.15.131:0/418179100 <== mon.0 v2:172.21.15.131:3300/0 6 ==== mon_command_ack([{"prefix": "get_command_descriptions"}]=0 v0) v1 ==== 72+0+183622 (secure 0 0 0) 0x7f3f7c010790 con 0x7f3f8807be60
2024-05-10T05:26:07.311 INFO:teuthology.orchestra.run.smithi131.stdout:/usr/bin/ceph: stderr
2024-05-10T05:26:06.880+0000 7f3f8d400700 1 -- 172.21.15.131:0/418179100 >> [v2:172.21.15.131:6800/3754674139,v1:172.21.15.131:6801/3754674139] conn(0x7f3f700387a0 msgr2=0x7f3f7003acb0 unknown :-1 s=STATE_CONNECTING_RE l=1).process reconnect failed to v2:172.21.15.131:6800/3754674139
2024-05-10T05:26:07.311 INFO:teuthology.orchestra.run.smithi131.stdout:/usr/bin/ceph: stderr
2024-05-10T05:26:06.880+0000 7f3f8d400700 1 --2- 172.21.15.131:0/418179100 >> [v2:172.21.15.131:6800/3754674139,v1:172.21.15.131:6801/3754674139] conn(0x7f3f700387a0 0x7f3f7003acb0 unknown :-1 s=START_CONNECT pgs=0 cs=0 l=1 rev1=0 crypto rx=0 tx=0 comp rx=0 tx=0)._fault waiting 0.400000
2024-05-10T05:26:07.311 INFO:teuthology.orchestra.run.smithi131.stdout:/usr/bin/ceph: stderr
2024-05-10T05:26:06.952+0000 7f3f90800700 1 -- 172.21.15.131:0/418179100 --> [v2:172.21.15.131:3300/0,v1:172.21.15.131:6789/0] -- mon_command({"prefix": "mgr stat"} v 0) v1 -- 0x7f3f8802cf20 con 0x7f3f8807be60
2024-05-10T05:26:07.311 INFO:teuthology.orchestra.run.smithi131.stdout:/usr/bin/ceph: stderr
2024-05-10T05:26:06.952+0000 7f3f82a00700 1 -- 172.21.15.131:0/418179100 <== mon.0 v2:172.21.15.131:3300/0 7 ==== mon_command_ack([{"prefix": "mgr stat"}]=0 v9) v1 ==== 56+0+88 (secure 0 0 0) 0x7f3f7c02c350 con 0x7f3f8807be60
2024-05-10T05:26:07.311 INFO:teuthology.orchestra.run.smithi131.stdout:/usr/bin/ceph: stderr
2024-05-10T05:26:06.955+0000 7f3f90800700 1 -- 172.21.15.131:0/418179100 >> [v2:172.21.15.131:6800/3754674139,v1:172.21.15.131:6801/3754674139] conn(0x7f3f700387a0 msgr2=0x7f3f7003acb0 unknown :-1 s=STATE_CONNECTING l=1).mark_down
2024-05-10T05:26:07.311 INFO:teuthology.orchestra.run.smithi131.stdout:/usr/bin/ceph: stderr
2024-05-10T05:26:06.955+0000 7f3f90800700 1 --2- 172.21.15.131:0/418179100 >> [v2:172.21.15.131:6800/3754674139,v1:172.21.15.131:6801/3754674139] conn(0x7f3f700387a0 0x7f3f7003acb0 unknown :-1 s=START_CONNECT pgs=0 cs=0 l=1 rev1=0 crypto rx=0 tx=0 comp rx=0 tx=0).stop
2024-05-10T05:26:07.311 INFO:teuthology.orchestra.run.smithi131.stdout:/usr/bin/ceph: stderr
2024-05-10T05:26:06.955+0000 7f3f90800700 1 -- 172.21.15.131:0/418179100 >> [v2:172.21.15.131:3300/0,v1:172.21.15.131:6789/0] conn(0x7f3f8807be60 msgr2=0x7f3f881a1a50 secure :-1 s=STATE_CONNECTION_ESTABLISHED l=1).mark_down
2024-05-10T05:26:07.312 INFO:teuthology.orchestra.run.smithi131.stdout:/usr/bin/ceph: stderr
2024-05-10T05:26:06.955+0000 7f3f90800700 1 --2- 172.21.15.131:0/418179100 >> [v2:172.21.15.131:3300/0,v1:172.21.15.131:6789/0] conn(0x7f3f8807be60 0x7f3f881a1a50 secure :-1 s=READY pgs=62 cs=0 l=1 rev1=1 crypto rx=0x7f3f7c011670 tx=0x7f3f7c011a30 comp rx=0 tx=0).stop
2024-05-10T05:26:07.312 INFO:teuthology.orchestra.run.smithi131.stdout:/usr/bin/ceph: stderr
2024-05-10T05:26:06.955+0000 7f3f90800700 1 -- 172.21.15.131:0/418179100 shutdown_connections
2024-05-10T05:26:07.312 INFO:teuthology.orchestra.run.smithi131.stdout:/usr/bin/ceph: stderr
2024-05-10T05:26:06.955+0000 7f3f90800700 1 --2- 172.21.15.131:0/418179100 >> [v2:172.21.15.131:6800/3754674139,v1:172.21.15.131:6801/3754674139] conn(0x7f3f700387a0 0x7f3f7003acb0 unknown :-1 s=CLOSED pgs=0 cs=0 l=1 rev1=0 crypto rx=0 tx=0 comp rx=0 tx=0).stop
2024-05-10T05:26:07.312 INFO:teuthology.orchestra.run.smithi131.stdout:/usr/bin/ceph: stderr
2024-05-10T05:26:06.955+0000 7f3f90800700 1 --2- 172.21.15.131:0/418179100 >> [v2:172.21.15.131:3300/0,v1:172.21.15.131:6789/0] conn(0x7f3f8807be60 0x7f3f881a1a50 unknown :-1 s=CLOSED pgs=62 cs=0 l=1 rev1=1 crypto rx=0 tx=0 comp rx=0 tx=0).stop
2024-05-10T05:26:07.312 INFO:teuthology.orchestra.run.smithi131.stdout:/usr/bin/ceph: stderr
2024-05-10T05:26:06.955+0000 7f3f90800700 1 -- 172.21.15.131:0/418179100 >> 172.21.15.131:0/418179100 conn(0x7f3f88102840 msgr2=0x7f3f88198580 unknown :-1 s=STATE_NONE l=0).mark_down
2024-05-10T05:26:07.312 INFO:teuthology.orchestra.run.smithi131.stdout:/usr/bin/ceph: stderr
2024-05-10T05:26:06.955+0000 7f3f90800700 1 -- 172.21.15.131:0/418179100 shutdown_connections
2024-05-10T05:26:07.312 INFO:teuthology.orchestra.run.smithi131.stdout:/usr/bin/ceph: stderr
2024-05-10T05:26:06.955+0000 7f3f90800700 1 -- 172.21.15.131:0/418179100 wait complete.
2024-05-10T05:26:07.312 INFO:teuthology.orchestra.run.smithi131.stdout:Waiting for the mgr to restart...
2024-05-10T05:26:07.312 INFO:teuthology.orchestra.run.smithi131.stdout:Waiting for mgr epoch 9...
2024-05-10T05:26:08.084 INFO:journalctl@ceph.mon.a.smithi131.stdout:May 10 05:26:07 smithi131 ceph-mon[37264]: from='client.? 172.21.15.131:0/418179100' entity='client.admin' cmd=[{"prefix": "mgr stat"}]: dispatch
2024-05-10T05:26:08.085 INFO:journalctl@ceph.mgr.x.smithi131.stdout:May 10 05:26:07 smithi131 ceph-6e8de474-0e8d-11ef-bc98-c7b262605968-mgr-x[37514]:
2024-05-10T05:26:07.754+0000 7fd103ca1200 -1 mgr[py] Module orchestrator has missing NOTIFY_TYPES member
2024-05-10T05:26:08.347 INFO:journalctl@ceph.mgr.x.smithi131.stdout:May 10 05:26:08 smithi131 ceph-6e8de474-0e8d-11ef-bc98-c7b262605968-mgr-x[37514]:
2024-05-10T05:26:08.083+0000 7fd103ca1200 -1 mgr[py] Module nfs has missing NOTIFY_TYPES member
2024-05-10T05:26:08.347 INFO:journalctl@ceph.mgr.x.smithi131.stdout:May 10 05:26:08 smithi131 ceph-6e8de474-0e8d-11ef-bc98-c7b262605968-mgr-x[37514]:
2024-05-10T05:26:08.201+0000 7fd103ca1200 -1 mgr[py] Module zabbix has missing NOTIFY_TYPES member
2024-05-10T05:26:08.348 INFO:journalctl@ceph.mgr.x.smithi131.stdout:May 10 05:26:08 smithi131 ceph-6e8de474-0e8d-11ef-bc98-c7b262605968-mgr-x[37514]:
2024-05-10T05:26:08.346+0000 7fd103ca1200 -1 mgr[py] Module rbd_support has missing NOTIFY_TYPES member
2024-05-10T05:26:08.710 INFO:journalctl@ceph.mgr.x.smithi131.stdout:May 10 05:26:08 smithi131 ceph-6e8de474-0e8d-11ef-bc98-c7b262605968-mgr-x[37514]:
2024-05-10T05:26:08.546+0000 7fd103ca1200 -1 mgr[py] Module status has missing NOTIFY_TYPES member
2024-05-10T05:26:09.210 INFO:journalctl@ceph.mgr.x.smithi131.stdout:May 10 05:26:08 smithi131 ceph-6e8de474-0e8d-11ef-bc98-c7b262605968-mgr-x[37514]:
2024-05-10T05:26:08.718+0000 7fd103ca1200 -1 mgr[py] Module diskprediction_local has missing NOTIFY_TYPES member
2024-05-10T05:26:09.210 INFO:journalctl@ceph.mgr.x.smithi131.stdout:May 10 05:26:08 smithi131 ceph-6e8de474-0e8d-11ef-bc98-c7b262605968-mgr-x[37514]:
2024-05-10T05:26:08.831+0000 7fd103ca1200 -1 mgr[py] Module telegraf has missing NOTIFY_TYPES member
2024-05-10T05:26:09.710 INFO:journalctl@ceph.mgr.x.smithi131.stdout:May 10 05:26:09 smithi131 ceph-6e8de474-0e8d-11ef-bc98-c7b262605968-mgr-x[37514]:
2024-05-10T05:26:09.311+0000 7fd103ca1200 -1 mgr[py] Module influx has missing NOTIFY_TYPES member
2024-05-10T05:26:10.079 INFO:journalctl@ceph.mgr.x.smithi131.stdout:May 10 05:26:09 smithi131 ceph-6e8de474-0e8d-11ef-bc98-c7b262605968-mgr-x[37514]:
2024-05-10T05:26:09.820+0000 7fd103ca1200 -1 mgr[py] Module pg_autoscaler has missing NOTIFY_TYPES member
2024-05-10T05:26:10.460 INFO:journalctl@ceph.mgr.x.smithi131.stdout:May 10 05:26:10 smithi131 ceph-6e8de474-0e8d-11ef-bc98-c7b262605968-mgr-x[37514]:
2024-05-10T05:26:10.078+0000 7fd103ca1200 -1 mgr[py] Module rgw has missing NOTIFY_TYPES member
2024-05-10T05:26:10.460 INFO:journalctl@ceph.mgr.x.smithi131.stdout:May 10 05:26:10 smithi131 ceph-6e8de474-0e8d-11ef-bc98-c7b262605968-mgr-x[37514]:
2024-05-10T05:26:10.205+0000 7fd103ca1200 -1 mgr[py] Module balancer has missing NOTIFY_TYPES member
2024-05-10T05:26:11.460 INFO:journalctl@ceph.mgr.x.smithi131.stdout:May 10 05:26:11 smithi131 ceph-6e8de474-0e8d-11ef-bc98-c7b262605968-mgr-x[37514]:
2024-05-10T05:26:11.174+0000 7fd103ca1200 -1 mgr[py] Module iostat has missing NOTIFY_TYPES member
2024-05-10T05:26:11.460 INFO:journalctl@ceph.mgr.x.smithi131.stdout:May 10 05:26:11 smithi131 ceph-6e8de474-0e8d-11ef-bc98-c7b262605968-mgr-x[37514]:
2024-05-10T05:26:11.304+0000 7fd103ca1200 -1 mgr[py] Module snap_schedule has missing NOTIFY_TYPES member
2024-05-10T05:26:11.960 INFO:journalctl@ceph.mgr.x.smithi131.stdout:May 10 05:26:11 smithi131 ceph-6e8de474-0e8d-11ef-bc98-c7b262605968-mgr-x[37514]:
2024-05-10T05:26:11.500+0000 7fd103ca1200 -1 mgr[py] Module telemetry has missing NOTIFY_TYPES member
2024-05-10T05:26:12.710 INFO:journalctl@ceph.mgr.x.smithi131.stdout:May 10 05:26:12 smithi131 ceph-6e8de474-0e8d-11ef-bc98-c7b262605968-mgr-x[37514]:
2024-05-10T05:26:12.323+0000 7fd103ca1200 -1 mgr[py] Module rook has missing NOTIFY_TYPES member
2024-05-10T05:26:12.710 INFO:journalctl@ceph.mgr.x.smithi131.stdout:May 10 05:26:12 smithi131 ceph-6e8de474-0e8d-11ef-bc98-c7b262605968-mgr-x[37514]:
2024-05-10T05:26:12.571+0000 7fd103ca1200 -1 mgr[py] Module selftest has missing NOTIFY_TYPES member
2024-05-10T05:26:13.210 INFO:journalctl@ceph.mgr.x.smithi131.stdout:May 10 05:26:12 smithi131 ceph-6e8de474-0e8d-11ef-bc98-c7b262605968-mgr-x[37514]:
2024-05-10T05:26:12.833+0000 7fd103ca1200 -1 mgr[py] Module devicehealth has missing NOTIFY_TYPES member
2024-05-10T05:26:14.372 INFO:journalctl@ceph.mgr.x.smithi131.stdout:May 10 05:26:13 smithi131 ceph-6e8de474-0e8d-11ef-bc98-c7b262605968-mgr-x[37514]:
2024-05-10T05:26:13.988+0000 7fd103ca1200 -1 mgr[py] Module volumes has missing NOTIFY_TYPES member
2024-05-10T05:26:14.710 INFO:journalctl@ceph.mgr.x.smithi131.stdout:May 10 05:26:14 smithi131 ceph-6e8de474-0e8d-11ef-bc98-c7b262605968-mgr-x[37514]:
2024-05-10T05:26:14.371+0000 7fd103ca1200 -1 mgr[py] Module test_orchestrator has missing NOTIFY_TYPES member
2024-05-10T05:26:14.710 INFO:journalctl@ceph.mgr.x.smithi131.stdout:May 10 05:26:14 smithi131 ceph-6e8de474-0e8d-11ef-bc98-c7b262605968-mgr-x[37514]:
2024-05-10T05:26:14.491+0000 7fd103ca1200 -1 mgr[py] Module osd_support has missing NOTIFY_TYPES member
2024-05-10T05:26:15.210 INFO:journalctl@ceph.mgr.x.smithi131.stdout:May 10 05:26:14 smithi131 ceph-6e8de474-0e8d-11ef-bc98-c7b262605968-mgr-x[37514]:
2024-05-10T05:26:14.750+0000 7fd103ca1200 -1 mgr[py] Module crash has missing NOTIFY_TYPES member
2024-05-10T05:26:15.210 INFO:journalctl@ceph.mon.a.smithi131.stdout:May 10 05:26:14 smithi131 ceph-mon[37264]: Active manager daemon x restarted
2024-05-10T05:26:15.210 INFO:journalctl@ceph.mon.a.smithi131.stdout:May 10 05:26:14 smithi131 ceph-mon[37264]: Activating manager daemon x
2024-05-10T05:26:15.210 INFO:journalctl@ceph.mon.a.smithi131.stdout:May 10 05:26:14 smithi131 ceph-mon[37264]: osdmap e3: 0 total, 0 up, 0 in
2024-05-10T05:26:15.210 INFO:journalctl@ceph.mon.a.smithi131.stdout:May 10 05:26:14 smithi131 ceph-mon[37264]: mgrmap e10: x(active, starting, since 0.00456924s)
2024-05-10T05:26:15.211 INFO:journalctl@ceph.mon.a.smithi131.stdout:May 10 05:26:14 smithi131 ceph-mon[37264]: from='mgr.14154 172.21.15.131:0/1452159079' entity='mgr.x' cmd=[{"prefix": "mon metadata", "id": "a"}]: dispatch
2024-05-10T05:26:15.211 INFO:journalctl@ceph.mon.a.smithi131.stdout:May 10 05:26:14 smithi131 ceph-mon[37264]: from='mgr.14154 172.21.15.131:0/1452159079' entity='mgr.x' cmd=[{"prefix": "mgr metadata", "who": "x", "id": "x"}]: dispatch
2024-05-10T05:26:15.211 INFO:journalctl@ceph.mon.a.smithi131.stdout:May 10 05:26:14 smithi131 ceph-mon[37264]: from='mgr.14154 172.21.15.131:0/1452159079' entity='mgr.x' cmd=[{"prefix": "mds metadata"}]: dispatch
2024-05-10T05:26:15.211 INFO:journalctl@ceph.mon.a.smithi131.stdout:May 10 05:26:14 smithi131 ceph-mon[37264]: from='mgr.14154 172.21.15.131:0/1452159079' entity='mgr.x' cmd=[{"prefix": "osd metadata"}]: dispatch
2024-05-10T05:26:15.211 INFO:journalctl@ceph.mon.a.smithi131.stdout:May 10 05:26:14 smithi131 ceph-mon[37264]: from='mgr.14154 172.21.15.131:0/1452159079' entity='mgr.x' cmd=[{"prefix": "mon metadata"}]: dispatch
2024-05-10T05:26:15.211 INFO:journalctl@ceph.mon.a.smithi131.stdout:May 10 05:26:14 smithi131 ceph-mon[37264]: Manager daemon x is now available
2024-05-10T05:26:15.211 INFO:journalctl@ceph.mon.a.smithi131.stdout:May 10 05:26:14 smithi131 ceph-mon[37264]: from='mgr.14154 172.21.15.131:0/1452159079' entity='mgr.x' cmd=[{"prefix": "config dump", "format": "json"}]: dispatch
2024-05-10T05:26:16.091 INFO:journalctl@ceph.mon.a.smithi131.stdout:May 10 05:26:15 smithi131 ceph-mon[37264]: from='mgr.14154 172.21.15.131:0/1452159079' entity='mgr.x' cmd=[{"prefix":"config rm","who":"mgr","name":"mgr/rbd_support/x/mirror_snapshot_schedule"}]: dispatch
2024-05-10T05:26:16.091 INFO:journalctl@ceph.mon.a.smithi131.stdout:May 10 05:26:15 smithi131 ceph-mon[37264]: from='mgr.14154 172.21.15.131:0/1452159079' entity='mgr.x' cmd=[{"prefix":"config rm","who":"mgr","name":"mgr/rbd_support/x/trash_purge_schedule"}]: dispatch
2024-05-10T05:26:16.091 INFO:journalctl@ceph.mon.a.smithi131.stdout:May 10 05:26:15 smithi131 ceph-mon[37264]: [10/May/2024:05:26:14] ENGINE Bus STARTING
2024-05-10T05:26:16.091 INFO:journalctl@ceph.mon.a.smithi131.stdout:May 10 05:26:15 smithi131 ceph-mon[37264]: mgrmap e11: x(active, since 1.00831s)
2024-05-10T05:26:16.253 INFO:teuthology.orchestra.run.smithi131.stdout:/usr/bin/ceph: stdout {
2024-05-10T05:26:16.253 INFO:teuthology.orchestra.run.smithi131.stdout:/usr/bin/ceph: stdout "mgrmap_epoch": 11,
2024-05-10T05:26:16.253 INFO:teuthology.orchestra.run.smithi131.stdout:/usr/bin/ceph: stdout "initialized": true
2024-05-10T05:26:16.253 INFO:teuthology.orchestra.run.smithi131.stdout:/usr/bin/ceph: stdout }
2024-05-10T05:26:16.254 INFO:teuthology.orchestra.run.smithi131.stdout:/usr/bin/ceph: stderr
2024-05-10T05:26:07.849+0000 7f7b84200700 1 Processor -- start
2024-05-10T05:26:16.254 INFO:teuthology.orchestra.run.smithi131.stdout:/usr/bin/ceph: stderr
2024-05-10T05:26:07.849+0000 7f7b84200700 1 -- start start
2024-05-10T05:26:16.254 INFO:teuthology.orchestra.run.smithi131.stdout:/usr/bin/ceph: stderr
2024-05-10T05:26:07.850+0000 7f7b84200700 1 --2- >> [v2:172.21.15.131:3300/0,v1:172.21.15.131:6789/0] conn(0x7f7b7c07be00 0x7f7b7c07a230 unknown :-1 s=NONE pgs=0 cs=0 l=0 rev1=0 crypto rx=0 tx=0 comp rx=0 tx=0).connect
2024-05-10T05:26:16.254 INFO:teuthology.orchestra.run.smithi131.stdout:/usr/bin/ceph: stderr
2024-05-10T05:26:07.850+0000 7f7b84200700 1 -- --> [v2:172.21.15.131:3300/0,v1:172.21.15.131:6789/0] -- mon_getmap magic: 0 v1 -- 0x7f7b7c07a770 con 0x7f7b7c07be00
2024-05-10T05:26:16.254 INFO:teuthology.orchestra.run.smithi131.stdout:/usr/bin/ceph: stderr
2024-05-10T05:26:07.850+0000 7f7b81800700 1 --2- >> [v2:172.21.15.131:3300/0,v1:172.21.15.131:6789/0] conn(0x7f7b7c07be00 0x7f7b7c07a230 unknown :-1 s=BANNER_CONNECTING pgs=0 cs=0 l=0 rev1=0 crypto rx=0 tx=0 comp rx=0 tx=0)._handle_peer_banner_payload supported=3 required=0
2024-05-10T05:26:16.254 INFO:teuthology.orchestra.run.smithi131.stdout:/usr/bin/ceph: stderr
2024-05-10T05:26:07.850+0000 7f7b81800700 1 --2- >> [v2:172.21.15.131:3300/0,v1:172.21.15.131:6789/0] conn(0x7f7b7c07be00 0x7f7b7c07a230 unknown :-1 s=HELLO_CONNECTING pgs=0 cs=0 l=0 rev1=1 crypto rx=0 tx=0 comp rx=0 tx=0).handle_hello peer v2:172.21.15.131:3300/0 says I am v2:172.21.15.131:59776/0 (socket says 172.21.15.131:59776)
2024-05-10T05:26:16.254 INFO:teuthology.orchestra.run.smithi131.stdout:/usr/bin/ceph: stderr
2024-05-10T05:26:07.850+0000 7f7b81800700 1 -- 172.21.15.131:0/2215129428 learned_addr learned my addr 172.21.15.131:0/2215129428 (peer_addr_for_me v2:172.21.15.131:0/0)
2024-05-10T05:26:16.254 INFO:teuthology.orchestra.run.smithi131.stdout:/usr/bin/ceph: stderr
2024-05-10T05:26:07.850+0000 7f7b81800700 1 -- 172.21.15.131:0/2215129428 --> [v2:172.21.15.131:3300/0,v1:172.21.15.131:6789/0] -- mon_subscribe({config=0+,monmap=0+}) v3 -- 0x7f7b7c07a8b0 con 0x7f7b7c07be00
2024-05-10T05:26:16.254 INFO:teuthology.orchestra.run.smithi131.stdout:/usr/bin/ceph: stderr
2024-05-10T05:26:07.851+0000 7f7b81800700 1 --2- 172.21.15.131:0/2215129428 >> [v2:172.21.15.131:3300/0,v1:172.21.15.131:6789/0] conn(0x7f7b7c07be00 0x7f7b7c07a230 secure :-1 s=READY pgs=63 cs=0 l=1 rev1=1 crypto rx=0x7f7b700098a0 tx=0x7f7b70009bb0 comp rx=0 tx=0).ready entity=mon.0 client_cookie=fe91944c94fc1c85 server_cookie=0 in_seq=0 out_seq=0
2024-05-10T05:26:16.254 INFO:teuthology.orchestra.run.smithi131.stdout:/usr/bin/ceph: stderr
2024-05-10T05:26:07.851+0000 7f7b7be00700 1 -- 172.21.15.131:0/2215129428 <== mon.0 v2:172.21.15.131:3300/0 1 ==== mon_map magic: 0 v1 ==== 205+0+0 (secure 0 0 0) 0x7f7b70004160 con 0x7f7b7c07be00
2024-05-10T05:26:16.255 INFO:teuthology.orchestra.run.smithi131.stdout:/usr/bin/ceph: stderr
2024-05-10T05:26:07.851+0000 7f7b7be00700 1 -- 172.21.15.131:0/2215129428 <== mon.0 v2:172.21.15.131:3300/0 2 ==== config(26 keys) v1 ==== 1105+0+0 (secure 0 0 0) 0x7f7b700042c0 con 0x7f7b7c07be00
2024-05-10T05:26:16.255 INFO:teuthology.orchestra.run.smithi131.stdout:/usr/bin/ceph: stderr
2024-05-10T05:26:07.851+0000 7f7b7be00700 1 -- 172.21.15.131:0/2215129428 <== mon.0 v2:172.21.15.131:3300/0 3 ==== mon_map magic: 0 v1 ==== 205+0+0 (secure 0 0 0) 0x7f7b700119b0 con 0x7f7b7c07be00
2024-05-10T05:26:16.255 INFO:teuthology.orchestra.run.smithi131.stdout:/usr/bin/ceph: stderr
2024-05-10T05:26:07.852+0000 7f7b84200700 1 -- 172.21.15.131:0/2215129428 >> [v2:172.21.15.131:3300/0,v1:172.21.15.131:6789/0] conn(0x7f7b7c07be00 msgr2=0x7f7b7c07a230 secure :-1 s=STATE_CONNECTION_ESTABLISHED l=1).mark_down
2024-05-10T05:26:16.255 INFO:teuthology.orchestra.run.smithi131.stdout:/usr/bin/ceph: stderr
2024-05-10T05:26:07.852+0000 7f7b84200700 1 --2- 172.21.15.131:0/2215129428 >> [v2:172.21.15.131:3300/0,v1:172.21.15.131:6789/0] conn(0x7f7b7c07be00 0x7f7b7c07a230 secure :-1 s=READY pgs=63 cs=0 l=1 rev1=1 crypto rx=0x7f7b700098a0 tx=0x7f7b70009bb0 comp rx=0 tx=0).stop
2024-05-10T05:26:16.255 INFO:teuthology.orchestra.run.smithi131.stdout:/usr/bin/ceph: stderr
2024-05-10T05:26:07.852+0000 7f7b84200700 1 -- 172.21.15.131:0/2215129428 shutdown_connections
2024-05-10T05:26:16.255 INFO:teuthology.orchestra.run.smithi131.stdout:/usr/bin/ceph: stderr
