2024-05-17T04:24:12.415+0000 7f1b9e834700 1 -- 172.21.15.50:0/2961809933 >> [v2:172.21.15.50:3300/0,v1:172.21.15.50:6789/0] conn(0x7f1b98108220 msgr2=0x7f1b9819c580 secure :-1 s=STATE_CONNECTION_ESTABLISHED l=1).mark_down
2024-05-17T04:24:13.001 INFO:teuthology.orchestra.run.smithi050.stdout:/usr/bin/ceph: stderr
2024-05-17T04:24:12.415+0000 7f1b9e834700 1 --2- 172.21.15.50:0/2961809933 >> [v2:172.21.15.50:3300/0,v1:172.21.15.50:6789/0] conn(0x7f1b98108220 0x7f1b9819c580 secure :-1 s=READY pgs=60 cs=0 l=1 rev1=1 crypto rx=0x7f1b88011670 tx=0x7f1b88011a30 comp rx=0 tx=0).stop
2024-05-17T04:24:13.001 INFO:teuthology.orchestra.run.smithi050.stdout:/usr/bin/ceph: stderr
2024-05-17T04:24:12.417+0000 7f1b9e834700 1 -- 172.21.15.50:0/2961809933 shutdown_connections
2024-05-17T04:24:13.001 INFO:teuthology.orchestra.run.smithi050.stdout:/usr/bin/ceph: stderr
2024-05-17T04:24:12.417+0000 7f1b9e834700 1 --2- 172.21.15.50:0/2961809933 >> [v2:172.21.15.50:6800/2489127888,v1:172.21.15.50:6801/2489127888] conn(0x7f1b8403e470 0x7f1b84040980 unknown :-1 s=CLOSED pgs=0 cs=0 l=1 rev1=0 crypto rx=0 tx=0 comp rx=0 tx=0).stop
2024-05-17T04:24:13.001 INFO:teuthology.orchestra.run.smithi050.stdout:/usr/bin/ceph: stderr
2024-05-17T04:24:12.417+0000 7f1b9e834700 1 --2- 172.21.15.50:0/2961809933 >> [v2:172.21.15.50:3300/0,v1:172.21.15.50:6789/0] conn(0x7f1b98108220 0x7f1b9819c580 unknown :-1 s=CLOSED pgs=60 cs=0 l=1 rev1=1 crypto rx=0 tx=0 comp rx=0 tx=0).stop
2024-05-17T04:24:13.001 INFO:teuthology.orchestra.run.smithi050.stdout:/usr/bin/ceph: stderr
2024-05-17T04:24:12.417+0000 7f1b9e834700 1 -- 172.21.15.50:0/2961809933 >> 172.21.15.50:0/2961809933 conn(0x7f1b98103af0 msgr2=0x7f1b98105490 unknown :-1 s=STATE_NONE l=0).mark_down
2024-05-17T04:24:13.001 INFO:teuthology.orchestra.run.smithi050.stdout:/usr/bin/ceph: stderr
2024-05-17T04:24:12.417+0000 7f1b9e834700 1 -- 172.21.15.50:0/2961809933 shutdown_connections
2024-05-17T04:24:13.001 INFO:teuthology.orchestra.run.smithi050.stdout:/usr/bin/ceph: stderr
2024-05-17T04:24:12.417+0000 7f1b9e834700 1 -- 172.21.15.50:0/2961809933 wait complete.
2024-05-17T04:24:13.001 INFO:teuthology.orchestra.run.smithi050.stdout:Waiting for the mgr to restart...
2024-05-17T04:24:13.001 INFO:teuthology.orchestra.run.smithi050.stdout:Waiting for mgr epoch 9...
2024-05-17T04:24:13.250 INFO:journalctl@ceph.mon.a.smithi050.stdout:May 17 04:24:12 smithi050 ceph-mon[31739]: from='client.? 172.21.15.50:0/2961809933' entity='client.admin' cmd=[{"prefix": "mgr stat"}]: dispatch
2024-05-17T04:24:13.576 INFO:journalctl@ceph.mgr.x.smithi050.stdout:May 17 04:24:13 smithi050 ceph-0b3ae782-1405-11ef-bc9a-c7b262605968-mgr-x[31963]:
2024-05-17T04:24:13.250+0000 7fe482637200 -1 mgr[py] Module telegraf has missing NOTIFY_TYPES member
2024-05-17T04:24:13.577 INFO:journalctl@ceph.mgr.x.smithi050.stdout:May 17 04:24:13 smithi050 ceph-0b3ae782-1405-11ef-bc9a-c7b262605968-mgr-x[31963]:
2024-05-17T04:24:13.439+0000 7fe482637200 -1 mgr[py] Module osd_support has missing NOTIFY_TYPES member
2024-05-17T04:24:13.927 INFO:journalctl@ceph.mgr.x.smithi050.stdout:May 17 04:24:13 smithi050 ceph-0b3ae782-1405-11ef-bc9a-c7b262605968-mgr-x[31963]:
2024-05-17T04:24:13.620+0000 7fe482637200 -1 mgr[py] Module iostat has missing NOTIFY_TYPES member
2024-05-17T04:24:13.928 INFO:journalctl@ceph.mgr.x.smithi050.stdout:May 17 04:24:13 smithi050 ceph-0b3ae782-1405-11ef-bc9a-c7b262605968-mgr-x[31963]:
2024-05-17T04:24:13.927+0000 7fe482637200 -1 mgr[py] Module alerts has missing NOTIFY_TYPES member
2024-05-17T04:24:14.240 INFO:journalctl@ceph.mgr.x.smithi050.stdout:May 17 04:24:14 smithi050 ceph-0b3ae782-1405-11ef-bc9a-c7b262605968-mgr-x[31963]:
2024-05-17T04:24:14.025+0000 7fe482637200 -1 mgr[py] Module selftest has missing NOTIFY_TYPES member
2024-05-17T04:24:14.240 INFO:journalctl@ceph.mgr.x.smithi050.stdout:May 17 04:24:14 smithi050 ceph-0b3ae782-1405-11ef-bc9a-c7b262605968-mgr-x[31963]:
2024-05-17T04:24:14.239+0000 7fe482637200 -1 mgr[py] Module pg_autoscaler has missing NOTIFY_TYPES member
2024-05-17T04:24:14.530 INFO:journalctl@ceph.mgr.x.smithi050.stdout:May 17 04:24:14 smithi050 ceph-0b3ae782-1405-11ef-bc9a-c7b262605968-mgr-x[31963]:
2024-05-17T04:24:14.450+0000 7fe482637200 -1 mgr[py] Module test_orchestrator has missing NOTIFY_TYPES member
2024-05-17T04:24:15.514 INFO:journalctl@ceph.mgr.x.smithi050.stdout:May 17 04:24:15 smithi050 ceph-0b3ae782-1405-11ef-bc9a-c7b262605968-mgr-x[31963]:
2024-05-17T04:24:15.098+0000 7fe482637200 -1 mgr[py] Module rook has missing NOTIFY_TYPES member
2024-05-17T04:24:15.514 INFO:journalctl@ceph.mgr.x.smithi050.stdout:May 17 04:24:15 smithi050 ceph-0b3ae782-1405-11ef-bc9a-c7b262605968-mgr-x[31963]:
2024-05-17T04:24:15.337+0000 7fe482637200 -1 mgr[py] Module smb has missing NOTIFY_TYPES member
2024-05-17T04:24:16.076 INFO:journalctl@ceph.mgr.x.smithi050.stdout:May 17 04:24:15 smithi050 ceph-0b3ae782-1405-11ef-bc9a-c7b262605968-mgr-x[31963]:
2024-05-17T04:24:15.792+0000 7fe482637200 -1 mgr[py] Module volumes has missing NOTIFY_TYPES member
2024-05-17T04:24:16.076 INFO:journalctl@ceph.mgr.x.smithi050.stdout:May 17 04:24:15 smithi050 ceph-0b3ae782-1405-11ef-bc9a-c7b262605968-mgr-x[31963]:
2024-05-17T04:24:15.896+0000 7fe482637200 -1 mgr[py] Module crash has missing NOTIFY_TYPES member
2024-05-17T04:24:16.576 INFO:journalctl@ceph.mgr.x.smithi050.stdout:May 17 04:24:16 smithi050 ceph-0b3ae782-1405-11ef-bc9a-c7b262605968-mgr-x[31963]:
2024-05-17T04:24:16.287+0000 7fe482637200 -1 mgr[py] Module rgw has missing NOTIFY_TYPES member
2024-05-17T04:24:17.030 INFO:journalctl@ceph.mgr.x.smithi050.stdout:May 17 04:24:16 smithi050 ceph-0b3ae782-1405-11ef-bc9a-c7b262605968-mgr-x[31963]:
2024-05-17T04:24:16.667+0000 7fe482637200 -1 mgr[py] Module prometheus has missing NOTIFY_TYPES member
2024-05-17T04:24:17.030 INFO:journalctl@ceph.mgr.x.smithi050.stdout:May 17 04:24:16 smithi050 ceph-0b3ae782-1405-11ef-bc9a-c7b262605968-mgr-x[31963]:
2024-05-17T04:24:16.767+0000 7fe482637200 -1 mgr[py] Module devicehealth has missing NOTIFY_TYPES member
2024-05-17T04:24:17.326 INFO:journalctl@ceph.mgr.x.smithi050.stdout:May 17 04:24:17 smithi050 ceph-0b3ae782-1405-11ef-bc9a-c7b262605968-mgr-x[31963]:
2024-05-17T04:24:17.029+0000 7fe482637200 -1 mgr[py] Module telemetry has missing NOTIFY_TYPES member
2024-05-17T04:24:17.327 INFO:journalctl@ceph.mgr.x.smithi050.stdout:May 17 04:24:17 smithi050 ceph-0b3ae782-1405-11ef-bc9a-c7b262605968-mgr-x[31963]:
2024-05-17T04:24:17.171+0000 7fe482637200 -1 mgr[py] Module diskprediction_local has missing NOTIFY_TYPES member
2024-05-17T04:24:17.327 INFO:journalctl@ceph.mgr.x.smithi050.stdout:May 17 04:24:17 smithi050 ceph-0b3ae782-1405-11ef-bc9a-c7b262605968-mgr-x[31963]:
2024-05-17T04:24:17.275+0000 7fe482637200 -1 mgr[py] Module osd_perf_query has missing NOTIFY_TYPES member
2024-05-17T04:24:18.076 INFO:journalctl@ceph.mgr.x.smithi050.stdout:May 17 04:24:17 smithi050 ceph-0b3ae782-1405-11ef-bc9a-c7b262605968-mgr-x[31963]:
2024-05-17T04:24:17.618+0000 7fe482637200 -1 mgr[py] Module rbd_support has missing NOTIFY_TYPES member
2024-05-17T04:24:18.077 INFO:journalctl@ceph.mgr.x.smithi050.stdout:May 17 04:24:17 smithi050 ceph-0b3ae782-1405-11ef-bc9a-c7b262605968-mgr-x[31963]:
2024-05-17T04:24:17.717+0000 7fe482637200 -1 mgr[py] Module zabbix has missing NOTIFY_TYPES member
2024-05-17T04:24:18.645 INFO:journalctl@ceph.mgr.x.smithi050.stdout:May 17 04:24:18 smithi050 ceph-0b3ae782-1405-11ef-bc9a-c7b262605968-mgr-x[31963]:
2024-05-17T04:24:18.358+0000 7fe482637200 -1 mgr[py] Module status has missing NOTIFY_TYPES member
2024-05-17T04:24:18.645 INFO:journalctl@ceph.mgr.x.smithi050.stdout:May 17 04:24:18 smithi050 ceph-0b3ae782-1405-11ef-bc9a-c7b262605968-mgr-x[31963]:
2024-05-17T04:24:18.591+0000 7fe482637200 -1 mgr[py] Module nfs has missing NOTIFY_TYPES member
2024-05-17T04:24:19.076 INFO:journalctl@ceph.mon.a.smithi050.stdout:May 17 04:24:18 smithi050 ceph-mon[31739]: Active manager daemon x restarted
2024-05-17T04:24:19.077 INFO:journalctl@ceph.mon.a.smithi050.stdout:May 17 04:24:18 smithi050 ceph-mon[31739]: Activating manager daemon x
2024-05-17T04:24:19.077 INFO:journalctl@ceph.mon.a.smithi050.stdout:May 17 04:24:18 smithi050 ceph-mon[31739]: osdmap e3: 0 total, 0 up, 0 in
2024-05-17T04:24:19.077 INFO:journalctl@ceph.mon.a.smithi050.stdout:May 17 04:24:18 smithi050 ceph-mon[31739]: mgrmap e10: x(active, starting, since 0.00372017s)
2024-05-17T04:24:19.077 INFO:journalctl@ceph.mon.a.smithi050.stdout:May 17 04:24:18 smithi050 ceph-mon[31739]: from='mgr.14152 172.21.15.50:0/2371328411' entity='mgr.x' cmd=[{"prefix": "mon metadata", "id": "a"}]: dispatch
2024-05-17T04:24:19.077 INFO:journalctl@ceph.mon.a.smithi050.stdout:May 17 04:24:18 smithi050 ceph-mon[31739]: from='mgr.14152 172.21.15.50:0/2371328411' entity='mgr.x' cmd=[{"prefix": "mgr metadata", "who": "x", "id": "x"}]: dispatch
2024-05-17T04:24:19.077 INFO:journalctl@ceph.mon.a.smithi050.stdout:May 17 04:24:18 smithi050 ceph-mon[31739]: from='mgr.14152 172.21.15.50:0/2371328411' entity='mgr.x' cmd=[{"prefix": "mds metadata"}]: dispatch
2024-05-17T04:24:19.077 INFO:journalctl@ceph.mon.a.smithi050.stdout:May 17 04:24:18 smithi050 ceph-mon[31739]: from='mgr.14152 172.21.15.50:0/2371328411' entity='mgr.x' cmd=[{"prefix": "osd metadata"}]: dispatch
2024-05-17T04:24:19.077 INFO:journalctl@ceph.mon.a.smithi050.stdout:May 17 04:24:18 smithi050 ceph-mon[31739]: from='mgr.14152 172.21.15.50:0/2371328411' entity='mgr.x' cmd=[{"prefix": "mon metadata"}]: dispatch
2024-05-17T04:24:19.077 INFO:journalctl@ceph.mon.a.smithi050.stdout:May 17 04:24:18 smithi050 ceph-mon[31739]: Manager daemon x is now available
2024-05-17T04:24:19.077 INFO:journalctl@ceph.mon.a.smithi050.stdout:May 17 04:24:18 smithi050 ceph-mon[31739]: from='mgr.14152 172.21.15.50:0/2371328411' entity='mgr.x' cmd=[{"prefix": "config dump", "format": "json"}]: dispatch
2024-05-17T04:24:19.827 INFO:journalctl@ceph.mon.a.smithi050.stdout:May 17 04:24:19 smithi050 ceph-mon[31739]: from='mgr.14152 172.21.15.50:0/2371328411' entity='mgr.x' cmd=[{"prefix":"config rm","who":"mgr","name":"mgr/rbd_support/x/mirror_snapshot_schedule"}]: dispatch
2024-05-17T04:24:19.827 INFO:journalctl@ceph.mon.a.smithi050.stdout:May 17 04:24:19 smithi050 ceph-mon[31739]: from='mgr.14152 172.21.15.50:0/2371328411' entity='mgr.x' cmd=[{"prefix":"config rm","who":"mgr","name":"mgr/rbd_support/x/trash_purge_schedule"}]: dispatch
2024-05-17T04:24:19.827 INFO:journalctl@ceph.mon.a.smithi050.stdout:May 17 04:24:19 smithi050 ceph-mon[31739]: mgrmap e11: x(active, since 1.00681s)
2024-05-17T04:24:20.191 INFO:teuthology.orchestra.run.smithi050.stdout:/usr/bin/ceph: stdout {
2024-05-17T04:24:20.191 INFO:teuthology.orchestra.run.smithi050.stdout:/usr/bin/ceph: stdout "mgrmap_epoch": 11,
2024-05-17T04:24:20.191 INFO:teuthology.orchestra.run.smithi050.stdout:/usr/bin/ceph: stdout "initialized": true
2024-05-17T04:24:20.191 INFO:teuthology.orchestra.run.smithi050.stdout:/usr/bin/ceph: stdout }
2024-05-17T04:24:20.191 INFO:teuthology.orchestra.run.smithi050.stdout:/usr/bin/ceph: stderr
2024-05-17T04:24:13.422+0000 7f02cdc5b700 1 Processor -- start
2024-05-17T04:24:20.192 INFO:teuthology.orchestra.run.smithi050.stdout:/usr/bin/ceph: stderr
2024-05-17T04:24:13.422+0000 7f02cdc5b700 1 -- start start
2024-05-17T04:24:20.192 INFO:teuthology.orchestra.run.smithi050.stdout:/usr/bin/ceph: stderr
2024-05-17T04:24:13.422+0000 7f02cdc5b700 1 --2- >> [v2:172.21.15.50:3300/0,v1:172.21.15.50:6789/0] conn(0x7f02c8109e00 0x7f02c810c220 unknown :-1 s=NONE pgs=0 cs=0 l=0 rev1=0 crypto rx=0 tx=0 comp rx=0 tx=0).connect
2024-05-17T04:24:20.192 INFO:teuthology.orchestra.run.smithi050.stdout:/usr/bin/ceph: stderr
2024-05-17T04:24:13.422+0000 7f02cdc5b700 1 -- --> [v2:172.21.15.50:3300/0,v1:172.21.15.50:6789/0] -- mon_getmap magic: 0 -- 0x7f02c807ce20 con 0x7f02c8109e00
2024-05-17T04:24:20.192 INFO:teuthology.orchestra.run.smithi050.stdout:/usr/bin/ceph: stderr
2024-05-17T04:24:13.422+0000 7f02c77fe700 1 --2- >> [v2:172.21.15.50:3300/0,v1:172.21.15.50:6789/0] conn(0x7f02c8109e00 0x7f02c810c220 unknown :-1 s=BANNER_CONNECTING pgs=0 cs=0 l=0 rev1=0 crypto rx=0 tx=0 comp rx=0 tx=0)._handle_peer_banner_payload supported=3 required=0
2024-05-17T04:24:20.192 INFO:teuthology.orchestra.run.smithi050.stdout:/usr/bin/ceph: stderr
2024-05-17T04:24:13.422+0000 7f02c77fe700 1 --2- >> [v2:172.21.15.50:3300/0,v1:172.21.15.50:6789/0] conn(0x7f02c8109e00 0x7f02c810c220 unknown :-1 s=HELLO_CONNECTING pgs=0 cs=0 l=0 rev1=1 crypto rx=0 tx=0 comp rx=0 tx=0).handle_hello peer v2:172.21.15.50:3300/0 says I am v2:172.21.15.50:37296/0 (socket says 172.21.15.50:37296)
2024-05-17T04:24:20.192 INFO:teuthology.orchestra.run.smithi050.stdout:/usr/bin/ceph: stderr
2024-05-17T04:24:13.422+0000 7f02c77fe700 1 -- 172.21.15.50:0/2655291254 learned_addr learned my addr 172.21.15.50:0/2655291254 (peer_addr_for_me v2:172.21.15.50:0/0)
2024-05-17T04:24:20.192 INFO:teuthology.orchestra.run.smithi050.stdout:/usr/bin/ceph: stderr
2024-05-17T04:24:13.423+0000 7f02c77fe700 1 -- 172.21.15.50:0/2655291254 --> [v2:172.21.15.50:3300/0,v1:172.21.15.50:6789/0] -- mon_subscribe({config=0+,monmap=0+}) -- 0x7f02c810c760 con 0x7f02c8109e00
2024-05-17T04:24:20.192 INFO:teuthology.orchestra.run.smithi050.stdout:/usr/bin/ceph: stderr
2024-05-17T04:24:13.423+0000 7f02c77fe700 1 --2- 172.21.15.50:0/2655291254 >> [v2:172.21.15.50:3300/0,v1:172.21.15.50:6789/0] conn(0x7f02c8109e00 0x7f02c810c220 secure :-1 s=READY pgs=61 cs=0 l=1 rev1=1 crypto rx=0x7f02b00098a0 tx=0x7f02b0009bb0 comp rx=0 tx=0).ready entity=mon.0 client_cookie=88ea4948f73be216 server_cookie=0 in_seq=0 out_seq=0
2024-05-17T04:24:20.192 INFO:teuthology.orchestra.run.smithi050.stdout:/usr/bin/ceph: stderr
2024-05-17T04:24:13.423+0000 7f02c67fc700 1 -- 172.21.15.50:0/2655291254 <== mon.0 v2:172.21.15.50:3300/0 1 ==== mon_map magic: 0 ==== 205+0+0 (secure 0 0 0) 0x7f02b0004160 con 0x7f02c8109e00
2024-05-17T04:24:20.192 INFO:teuthology.orchestra.run.smithi050.stdout:/usr/bin/ceph: stderr
2024-05-17T04:24:13.423+0000 7f02c67fc700 1 -- 172.21.15.50:0/2655291254 <== mon.0 v2:172.21.15.50:3300/0 2 ==== config(25 keys) ==== 1063+0+0 (secure 0 0 0) 0x7f02b0004300 con 0x7f02c8109e00
2024-05-17T04:24:20.193 INFO:teuthology.orchestra.run.smithi050.stdout:/usr/bin/ceph: stderr
2024-05-17T04:24:13.423+0000 7f02c67fc700 1 -- 172.21.15.50:0/2655291254 <== mon.0 v2:172.21.15.50:3300/0 3 ==== mon_map magic: 0 ==== 205+0+0 (secure 0 0 0) 0x7f02b0011960 con 0x7f02c8109e00
2024-05-17T04:24:20.193 INFO:teuthology.orchestra.run.smithi050.stdout:/usr/bin/ceph: stderr
2024-05-17T04:24:13.424+0000 7f02cdc5b700 1 -- 172.21.15.50:0/2655291254 >> [v2:172.21.15.50:3300/0,v1:172.21.15.50:6789/0] conn(0x7f02c8109e00 msgr2=0x7f02c810c220 secure :-1 s=STATE_CONNECTION_ESTABLISHED l=1).mark_down
2024-05-17T04:24:20.193 INFO:teuthology.orchestra.run.smithi050.stdout:/usr/bin/ceph: stderr
2024-05-17T04:24:13.424+0000 7f02cdc5b700 1 --2- 172.21.15.50:0/2655291254 >> [v2:172.21.15.50:3300/0,v1:172.21.15.50:6789/0] conn(0x7f02c8109e00 0x7f02c810c220 secure :-1 s=READY pgs=61 cs=0 l=1 rev1=1 crypto rx=0x7f02b00098a0 tx=0x7f02b0009bb0 comp rx=0 tx=0).stop
2024-05-17T04:24:20.193 INFO:teuthology.orchestra.run.smithi050.stdout:/usr/bin/ceph: stderr
2024-05-17T04:24:13.424+0000 7f02cdc5b700 1 -- 172.21.15.50:0/2655291254 shutdown_connections
2024-05-17T04:24:20.193 INFO:teuthology.orchestra.run.smithi050.stdout:/usr/bin/ceph: stderr
2024-05-17T04:24:13.424+0000 7f02cdc5b700 1 --2- 172.21.15.50:0/2655291254 >> [v2:172.21.15.50:3300/0,v1:172.21.15.50:6789/0] conn(0x7f02c8109e00 0x7f02c810c220 unknown :-1 s=CLOSED pgs=61 cs=0 l=1 rev1=1 crypto rx=0 tx=0 comp rx=0 tx=0).stop
2024-05-17T04:24:20.193 INFO:teuthology.orchestra.run.smithi050.stdout:/usr/bin/ceph: stderr
2024-05-17T04:24:13.424+0000 7f02cdc5b700 1 -- 172.21.15.50:0/2655291254 >> 172.21.15.50:0/2655291254 conn(0x7f02c8103af0 msgr2=0x7f02c8105f40 unknown :-1 s=STATE_NONE l=0).mark_down
2024-05-17T04:24:20.193 INFO:teuthology.orchestra.run.smithi050.stdout:/usr/bin/ceph: stderr
2024-05-17T04:24:13.424+0000 7f02cdc5b700 1 -- 172.21.15.50:0/2655291254 shutdown_connections
2024-05-17T04:24:20.193 INFO:teuthology.orchestra.run.smithi050.stdout:/usr/bin/ceph: stderr
2024-05-17T04:24:13.424+0000 7f02cdc5b700 1 -- 172.21.15.50:0/2655291254 wait complete.
2024-05-17T04:24:20.193 INFO:teuthology.orchestra.run.smithi050.stdout:/usr/bin/ceph: stderr
2024-05-17T04:24:13.425+0000 7f02cdc5b700 1 Processor -- start
2024-05-17T04:24:20.194 INFO:teuthology.orchestra.run.smithi050.stdout:/usr/bin/ceph: stderr
2024-05-17T04:24:13.425+0000 7f02cdc5b700 1 -- start start
2024-05-17T04:24:20.194 INFO:teuthology.orchestra.run.smithi050.stdout:/usr/bin/ceph: stderr
2024-05-17T04:24:13.426+0000 7f02cdc5b700 1 --2- >> [v2:172.21.15.50:3300/0,v1:172.21.15.50:6789/0] conn(0x7f02c8109e00 0x7f02c819d670 unknown :-1 s=NONE pgs=0 cs=0 l=1 rev1=0 crypto rx=0 tx=0 comp rx=0 tx=0).connect
2024-05-17T04:24:20.194 INFO:teuthology.orchestra.run.smithi050.stdout:/usr/bin/ceph: stderr
2024-05-17T04:24:13.426+0000 7f02cdc5b700 1 -- --> [v2:172.21.15.50:3300/0,v1:172.21.15.50:6789/0] -- mon_getmap magic: 0 -- 0x7f02c810d700 con 0x7f02c8109e00
2024-05-17T04:24:20.194 INFO:teuthology.orchestra.run.smithi050.stdout:/usr/bin/ceph: stderr
2024-05-17T04:24:13.426+0000 7f02c77fe700 1 --2- >> [v2:172.21.15.50:3300/0,v1:172.21.15.50:6789/0] conn(0x7f02c8109e00 0x7f02c819d670 unknown :-1 s=BANNER_CONNECTING pgs=0 cs=0 l=1 rev1=0 crypto rx=0 tx=0 comp rx=0 tx=0)._handle_peer_banner_payload supported=3 required=0
2024-05-17T04:24:20.194 INFO:teuthology.orchestra.run.smithi050.stdout:/usr/bin/ceph: stderr
2024-05-17T04:24:13.426+0000 7f02c77fe700 1 --2- >> [v2:172.21.15.50:3300/0,v1:172.21.15.50:6789/0] conn(0x7f02c8109e00 0x7f02c819d670 unknown :-1 s=HELLO_CONNECTING pgs=0 cs=0 l=1 rev1=1 crypto rx=0 tx=0 comp rx=0 tx=0).handle_hello peer v2:172.21.15.50:3300/0 says I am v2:172.21.15.50:37310/0 (socket says 172.21.15.50:37310)
2024-05-17T04:24:20.194 INFO:teuthology.orchestra.run.smithi050.stdout:/usr/bin/ceph: stderr
2024-05-17T04:24:13.426+0000 7f02c77fe700 1 -- 172.21.15.50:0/357006233 learned_addr learned my addr 172.21.15.50:0/357006233 (peer_addr_for_me v2:172.21.15.50:0/0)
2024-05-17T04:24:20.194 INFO:teuthology.orchestra.run.smithi050.stdout:/usr/bin/ceph: stderr
2024-05-17T04:24:13.426+0000 7f02c77fe700 1 -- 172.21.15.50:0/357006233 --> [v2:172.21.15.50:3300/0,v1:172.21.15.50:6789/0] -- mon_subscribe({config=0+,monmap=0+}) -- 0x7f02c819dbb0 con 0x7f02c8109e00
2024-05-17T04:24:20.194 INFO:teuthology.orchestra.run.smithi050.stdout:/usr/bin/ceph: stderr
2024-05-17T04:24:13.426+0000 7f02c77fe700 1 --2- 172.21.15.50:0/357006233 >> [v2:172.21.15.50:3300/0,v1:172.21.15.50:6789/0] conn(0x7f02c8109e00 0x7f02c819d670 secure :-1 s=READY pgs=62 cs=0 l=1 rev1=1 crypto rx=0x7f02b0011670 tx=0x7f02b0011a30 comp rx=0 tx=0).ready entity=mon.0 client_cookie=0 server_cookie=0 in_seq=0 out_seq=0
2024-05-17T04:24:20.194 INFO:teuthology.orchestra.run.smithi050.stdout:/usr/bin/ceph: stderr
2024-05-17T04:24:13.426+0000 7f02c4ff9700 1 -- 172.21.15.50:0/357006233 <== mon.0 v2:172.21.15.50:3300/0 1 ==== mon_map magic: 0 ==== 205+0+0 (secure 0 0 0) 0x7f02b0003aa0 con 0x7f02c8109e00
2024-05-17T04:24:20.194 INFO:teuthology.orchestra.run.smithi050.stdout:/usr/bin/ceph: stderr
2024-05-17T04:24:13.427+0000 7f02cdc5b700 1 -- 172.21.15.50:0/357006233 --> [v2:172.21.15.50:3300/0,v1:172.21.15.50:6789/0] -- mon_subscribe({mgrmap=0+}) -- 0x7f02c819de40 con 0x7f02c8109e00
2024-05-17T04:24:20.194 INFO:teuthology.orchestra.run.smithi050.stdout:/usr/bin/ceph: stderr
2024-05-17T04:24:13.427+0000 7f02c4ff9700 1 -- 172.21.15.50:0/357006233 <== mon.0 v2:172.21.15.50:3300/0 2 ==== config(25 keys) ==== 1063+0+0 (secure 0 0 0) 0x7f02b001b8d0 con 0x7f02c8109e00
2024-05-17T04:24:20.194 INFO:teuthology.orchestra.run.smithi050.stdout:/usr/bin/ceph: stderr
2024-05-17T04:24:13.427+0000 7f02c4ff9700 1 -- 172.21.15.50:0/357006233 <== mon.0 v2:172.21.15.50:3300/0 3 ==== mon_map magic: 0 ==== 205+0+0 (secure 0 0 0) 0x7f02b00197f0 con 0x7f02c8109e00
2024-05-17T04:24:20.195 INFO:teuthology.orchestra.run.smithi050.stdout:/usr/bin/ceph: stderr
2024-05-17T04:24:13.427+0000 7f02cdc5b700 1 -- 172.21.15.50:0/357006233 --> [v2:172.21.15.50:3300/0,v1:172.21.15.50:6789/0] -- mon_subscribe({osdmap=0}) -- 0x7f02c81a0a50 con 0x7f02c8109e00
2024-05-17T04:24:20.195 INFO:teuthology.orchestra.run.smithi050.stdout:/usr/bin/ceph: stderr
2024-05-17T04:24:13.428+0000 7f02c4ff9700 1 -- 172.21.15.50:0/357006233 <== mon.0 v2:172.21.15.50:3300/0 4 ==== mgrmap(e 9) ==== 50235+0+0 (secure 0 0 0) 0x7f02b0019990 con 0x7f02c8109e00
2024-05-17T04:24:20.195 INFO:teuthology.orchestra.run.smithi050.stdout:/usr/bin/ceph: stderr
2024-05-17T04:24:13.428+0000 7f02c4ff9700 1 --2- 172.21.15.50:0/357006233 >> [v2:172.21.15.50:6800/2489127888,v1:172.21.15.50:6801/2489127888] conn(0x7f02b403e470 0x7f02b4040980 unknown :-1 s=NONE pgs=0 cs=0 l=1 rev1=0 crypto rx=0 tx=0 comp rx=0 tx=0).connect
2024-05-17T04:24:20.195 INFO:teuthology.orchestra.run.smithi050.stdout:/usr/bin/ceph: stderr
2024-05-17T04:24:13.428+0000 7f02c4ff9700 1 -- 172.21.15.50:0/357006233 --> [v2:172.21.15.50:6800/2489127888,v1:172.21.15.50:6801/2489127888] -- command(tid 0: {"prefix": "get_command_descriptions"}) -- 0x7f02b4041090 con 0x7f02b403e470
2024-05-17T04:24:20.195 INFO:teuthology.orchestra.run.smithi050.stdout:/usr/bin/ceph: stderr
2024-05-17T04:24:13.428+0000 7f02c4ff9700 1 -- 172.21.15.50:0/357006233 <== mon.0 v2:172.21.15.50:3300/0 5 ==== osd_map(2..2 src has 1..2) ==== 940+0+0 (secure 0 0 0) 0x7f02b0053f50 con 0x7f02c8109e00
2024-05-17T04:24:20.195 INFO:teuthology.orchestra.run.smithi050.stdout:/usr/bin/ceph: stderr
2024-05-17T04:24:13.428+0000 7f02c6ffd700 1 -- 172.21.15.50:0/357006233 >> [v2:172.21.15.50:6800/2489127888,v1:172.21.15.50:6801/2489127888] conn(0x7f02b403e470 msgr2=0x7f02b4040980 unknown :-1 s=STATE_CONNECTING_RE l=1).process reconnect failed to v2:172.21.15.50:6800/2489127888
2024-05-17T04:24:20.195 INFO:teuthology.orchestra.run.smithi050.stdout:/usr/bin/ceph: stderr
2024-05-17T04:24:13.428+0000 7f02c6ffd700 1 --2- 172.21.15.50:0/357006233 >> [v2:172.21.15.50:6800/2489127888,v1:172.21.15.50:6801/2489127888] conn(0x7f02b403e470 0x7f02b4040980 unknown :-1 s=START_CONNECT pgs=0 cs=0 l=1 rev1=0 crypto rx=0 tx=0 comp rx=0 tx=0)._fault waiting 0.200000
2024-05-17T04:24:20.195 INFO:teuthology.orchestra.run.smithi050.stdout:/usr/bin/ceph: stderr
2024-05-17T04:24:13.629+0000 7f02c6ffd700 1 -- 172.21.15.50:0/357006233 >> [v2:172.21.15.50:6800/2489127888,v1:172.21.15.50:6801/2489127888] conn(0x7f02b403e470 msgr2=0x7f02b4040980 unknown :-1 s=STATE_CONNECTING_RE l=1).process reconnect failed to v2:172.21.15.50:6800/2489127888
2024-05-17T04:24:20.195 INFO:teuthology.orchestra.run.smithi050.stdout:/usr/bin/ceph: stderr
2024-05-17T04:24:13.629+0000 7f02c6ffd700 1 --2- 172.21.15.50:0/357006233 >> [v2:172.21.15.50:6800/2489127888,v1:172.21.15.50:6801/2489127888] conn(0x7f02b403e470 0x7f02b4040980 unknown :-1 s=START_CONNECT pgs=0 cs=0 l=1 rev1=0 crypto rx=0 tx=0 comp rx=0 tx=0)._fault waiting 0.400000
2024-05-17T04:24:20.195 INFO:teuthology.orchestra.run.smithi050.stdout:/usr/bin/ceph: stderr
2024-05-17T04:24:14.030+0000 7f02c6ffd700 1 -- 172.21.15.50:0/357006233 >> [v2:172.21.15.50:6800/2489127888,v1:172.21.15.50:6801/2489127888] conn(0x7f02b403e470 msgr2=0x7f02b4040980 unknown :-1 s=STATE_CONNECTING_RE l=1).process reconnect failed to v2:172.21.15.50:6800/2489127888
2024-05-17T04:24:20.195 INFO:teuthology.orchestra.run.smithi050.stdout:/usr/bin/ceph: stderr
2024-05-17T04:24:14.030+0000 7f02c6ffd700 1 --2- 172.21.15.50:0/357006233 >> [v2:172.21.15.50:6800/2489127888,v1:172.21.15.50:6801/2489127888] conn(0x7f02b403e470 0x7f02b4040980 unknown :-1 s=START_CONNECT pgs=0 cs=0 l=1 rev1=0 crypto rx=0 tx=0 comp rx=0 tx=0)._fault waiting 0.800000
2024-05-17T04:24:20.195 INFO:teuthology.orchestra.run.smithi050.stdout:/usr/bin/ceph: stderr
2024-05-17T04:24:14.831+0000 7f02c6ffd700 1 -- 172.21.15.50:0/357006233 >> [v2:172.21.15.50:6800/2489127888,v1:172.21.15.50:6801/2489127888] conn(0x7f02b403e470 msgr2=0x7f02b4040980 unknown :-1 s=STATE_CONNECTING_RE l=1).process reconnect failed to v2:172.21.15.50:6800/2489127888
2024-05-17T04:24:20.195 INFO:teuthology.orchestra.run.smithi050.stdout:/usr/bin/ceph: stderr
2024-05-17T04:24:14.831+0000 7f02c6ffd700 1 --2- 172.21.15.50:0/357006233 >> [v2:172.21.15.50:6800/2489127888,v1:172.21.15.50:6801/2489127888] conn(0x7f02b403e470 0x7f02b4040980 unknown :-1 s=START_CONNECT pgs=0 cs=0 l=1 rev1=0 crypto rx=0 tx=0 comp rx=0 tx=0)._fault waiting 1.600000
2024-05-17T04:24:20.196 INFO:teuthology.orchestra.run.smithi050.stdout:/usr/bin/ceph: stderr
2024-05-17T04:24:16.432+0000 7f02c6ffd700 1 -- 172.21.15.50:0/357006233 >> [v2:172.21.15.50:6800/2489127888,v1:172.21.15.50:6801/2489127888] conn(0x7f02b403e470 msgr2=0x7f02b4040980 unknown :-1 s=STATE_CONNECTING_RE l=1).process reconnect failed to v2:172.21.15.50:6800/2489127888
2024-05-17T04:24:20.196 INFO:teuthology.orchestra.run.smithi050.stdout:/usr/bin/ceph: stderr
2024-05-17T04:24:16.432+0000 7f02c6ffd700 1 --2- 172.21.15.50:0/357006233 >> [v2:172.21.15.50:6800/2489127888,v1:172.21.15.50:6801/2489127888] conn(0x7f02b403e470 0x7f02b4040980 unknown :-1 s=START_CONNECT pgs=0 cs=0 l=1 rev1=0 crypto rx=0 tx=0 comp rx=0 tx=0)._fault waiting 3.200000
2024-05-17T04:24:20.196 INFO:teuthology.orchestra.run.smithi050.stdout:/usr/bin/ceph: stderr
2024-05-17T04:24:18.594+0000 7f02c4ff9700 1 -- 172.21.15.50:0/357006233 <== mon.0 v2:172.21.15.50:3300/0 6 ==== mgrmap(e 10) ==== 50002+0+0 (secure 0 0 0) 0x7f02b002a350 con 0x7f02c8109e00
2024-05-17T04:24:20.196 INFO:teuthology.orchestra.run.smithi050.stdout:/usr/bin/ceph: stderr
2024-05-17T04:24:18.595+0000 7f02c4ff9700 1 -- 172.21.15.50:0/357006233 >> [v2:172.21.15.50:6800/2489127888,v1:172.21.15.50:6801/2489127888] conn(0x7f02b403e470 msgr2=0x7f02b4040980 unknown :-1 s=STATE_CONNECTING l=1).mark_down
2024-05-17T04:24:20.196 INFO:teuthology.orchestra.run.smithi050.stdout:/usr/bin/ceph: stderr
2024-05-17T04:24:18.595+0000 7f02c4ff9700 1 --2- 172.21.15.50:0/357006233 >> [v2:172.21.15.50:6800/2489127888,v1:172.21.15.50:6801/2489127888] conn(0x7f02b403e470 0x7f02b4040980 unknown :-1 s=START_CONNECT pgs=0 cs=0 l=1 rev1=0 crypto rx=0 tx=0 comp rx=0 tx=0).stop
2024-05-17T04:24:20.196 INFO:teuthology.orchestra.run.smithi050.stdout:/usr/bin/ceph: stderr
2024-05-17T04:24:19.596+0000 7f02c4ff9700 1 -- 172.21.15.50:0/357006233 <== mon.0 v2:172.21.15.50:3300/0 7 ==== mgrmap(e 11) ==== 50129+0+0 (secure 0 0 0) 0x7f02b0055bf0 con 0x7f02c8109e00
2024-05-17T04:24:20.196 INFO:teuthology.orchestra.run.smithi050.stdout:/usr/bin/ceph: stderr
2024-05-17T04:24:19.596+0000 7f02c4ff9700 1 --2- 172.21.15.50:0/357006233 >> [v2:172.21.15.50:6800/1662041432,v1:172.21.15.50:6801/1662041432] conn(0x7f02b0053ae0 0x7f02b4043f70 unknown :-1 s=NONE pgs=0 cs=0 l=1 rev1=0 crypto rx=0 tx=0 comp rx=0 tx=0).connect
2024-05-17T04:24:20.196 INFO:teuthology.orchestra.run.smithi050.stdout:/usr/bin/ceph: stderr
2024-05-17T04:24:19.597+0000 7f02c4ff9700 1 -- 172.21.15.50:0/357006233 --> [v2:172.21.15.50:6800/1662041432,v1:172.21.15.50:6801/1662041432] -- command(tid 0: {"prefix": "get_command_descriptions"}) -- 0x7f02b4041090 con 0x7f02b0053ae0
2024-05-17T04:24:20.196 INFO:teuthology.orchestra.run.smithi050.stdout:/usr/bin/ceph: stderr
2024-05-17T04:24:19.597+0000 7f02c6ffd700 1 --2- 172.21.15.50:0/357006233 >> [v2:172.21.15.50:6800/1662041432,v1:172.21.15.50:6801/1662041432] conn(0x7f02b0053ae0 0x7f02b4043f70 unknown :-1 s=BANNER_CONNECTING pgs=0 cs=0 l=1 rev1=0 crypto rx=0 tx=0 comp rx=0 tx=0)._handle_peer_banner_payload supported=3 required=0
2024-05-17T04:24:20.196 INFO:teuthology.orchestra.run.smithi050.stdout:/usr/bin/ceph: stderr
2024-05-17T04:24:19.598+0000 7f02c6ffd700 1 --2- 172.21.15.50:0/357006233 >> [v2:172.21.15.50:6800/1662041432,v1:172.21.15.50:6801/1662041432] conn(0x7f02b0053ae0 0x7f02b4043f70 secure :-1 s=READY pgs=2 cs=0 l=1 rev1=1 crypto rx=0x7f02b8003a10 tx=0x7f02b80092b0 comp rx=0 tx=0).ready entity=mgr.14152 client_cookie=0 server_cookie=0 in_seq=0 out_seq=0
2024-05-17T04:24:20.196 INFO:teuthology.orchestra.run.smithi050.stdout:/usr/bin/ceph: stderr
2024-05-17T04:24:19.598+0000 7f02c4ff9700 1 -- 172.21.15.50:0/357006233 <== mgr.14152 v2:172.21.15.50:6800/1662041432 1 ==== command_reply(tid 0: 0 ) ==== 8+0+9564 (secure 0 0 0) 0x7f02b4041090 con 0x7f02b0053ae0
2024-05-17T04:24:20.196 INFO:teuthology.orchestra.run.smithi050.stdout:/usr/bin/ceph: stderr
2024-05-17T04:24:19.607+0000 7f02cdc5b700 1 -- 172.21.15.50:0/357006233 --> [v2:172.21.15.50:6800/1662041432,v1:172.21.15.50:6801/1662041432] -- command(tid 1: {"prefix": "mgr_status"}) -- 0x7f02c810a210 con 0x7f02b0053ae0
2024-05-17T04:24:20.196 INFO:teuthology.orchestra.run.smithi050.stdout:/usr/bin/ceph: stderr
2024-05-17T04:24:19.607+0000 7f02c4ff9700 1 -- 172.21.15.50:0/357006233 <== mgr.14152 v2:172.21.15.50:6800/1662041432 2 ==== command_reply(tid 1: 0 ) ==== 8+0+52 (secure 0 0 0) 0x7f02c810a210 con 0x7f02b0053ae0
2024-05-17T04:24:20.197 INFO:teuthology.orchestra.run.smithi050.stdout:/usr/bin/ceph: stderr
2024-05-17T04:24:19.607+0000 7f02cdc5b700 1 -- 172.21.15.50:0/357006233 >> [v2:172.21.15.50:6800/1662041432,v1:172.21.15.50:6801/1662041432] conn(0x7f02b0053ae0 msgr2=0x7f02b4043f70 secure :-1 s=STATE_CONNECTION_ESTABLISHED l=1).mark_down
2024-05-17T04:24:20.197 INFO:teuthology.orchestra.run.smithi050.stdout:/usr/bin/ceph: stderr
2024-05-17T04:24:19.607+0000 7f02cdc5b700 1 --2- 172.21.15.50:0/357006233 >> [v2:172.21.15.50:6800/1662041432,v1:172.21.15.50:6801/1662041432] conn(0x7f02b0053ae0 0x7f02b4043f70 secure :-1 s=READY pgs=2 cs=0 l=1 rev1=1 crypto rx=0x7f02b8003a10 tx=0x7f02b80092b0 comp rx=0 tx=0).stop
2024-05-17T04:24:20.197 INFO:teuthology.orchestra.run.smithi050.stdout:/usr/bin/ceph: stderr
2024-05-17T04:24:19.607+0000 7f02cdc5b700 1 -- 172.21.15.50:0/357006233 >> [v2:172.21.15.50:3300/0,v1:172.21.15.50:6789/0] conn(0x7f02c8109e00 msgr2=0x7f02c819d670 secure :-1 s=STATE_CONNECTION_ESTABLISHED l=1).mark_down
2024-05-17T04:24:20.197 INFO:teuthology.orchestra.run.smithi050.stdout:/usr/bin/ceph: stderr
2024-05-17T04:24:19.607+0000 7f02cdc5b700 1 --2- 172.21.15.50:0/357006233 >> [v2:172.21.15.50:3300/0,v1:172.21.15.50:6789/0] conn(0x7f02c8109e00 0x7f02c819d670 secure :-1 s=READY pgs=62 cs=0 l=1 rev1=1 crypto rx=0x7f02b0011670 tx=0x7f02b0011a30 comp rx=0 tx=0).stop
2024-05-17T04:24:20.197 INFO:teuthology.orchestra.run.smithi050.stdout:/usr/bin/ceph: stderr
2024-05-17T04:24:19.607+0000 7f02cdc5b700 1 -- 172.21.15.50:0/357006233 shutdown_connections
2024-05-17T04:24:20.197 INFO:teuthology.orchestra.run.smithi050.stdout:/usr/bin/ceph: stderr
2024-05-17T04:24:19.607+0000 7f02cdc5b700 1 --2- 172.21.15.50:0/357006233 >> [v2:172.21.15.50:6800/1662041432,v1:172.21.15.50:6801/1662041432] conn(0x7f02b0053ae0 0x7f02b4043f70 unknown :-1 s=CLOSED pgs=2 cs=0 l=1 rev1=1 crypto rx=0 tx=0 comp rx=0 tx=0).stop
2024-05-17T04:24:20.197 INFO:teuthology.orchestra.run.smithi050.stdout:/usr/bin/ceph: stderr
2024-05-17T04:24:19.607+0000 7f02cdc5b700 1 --2- 172.21.15.50:0/357006233 >> [v2:172.21.15.50:3300/0,v1:172.21.15.50:6789/0] conn(0x7f02c8109e00 0x7f02c819d670 unknown :-1 s=CLOSED pgs=62 cs=0 l=1 rev1=1 crypto rx=0 tx=0 comp rx=0 tx=0).stop
2024-05-17T04:24:20.197 INFO:teuthology.orchestra.run.smithi050.stdout:/usr/bin/ceph: stderr
2024-05-17T04:24:19.607+0000 7f02cdc5b700 1 --2- 172.21.15.50:0/357006233 >> [v2:172.21.15.50:6800/2489127888,v1:172.21.15.50:6801/2489127888] conn(0x7f02b403e470 0x7f02b4040980 unknown :-1 s=CLOSED pgs=0 cs=0 l=1 rev1=0 crypto rx=0 tx=0 comp rx=0 tx=0).stop
2024-05-17T04:24:20.197 INFO:teuthology.orchestra.run.smithi050.stdout:/usr/bin/ceph: stderr
2024-05-17T04:24:19.607+0000 7f02cdc5b700 1 -- 172.21.15.50:0/357006233 >> 172.21.15.50:0/357006233 conn(0x7f02c8103af0 msgr2=0x7f02c8105510 unknown :-1 s=STATE_NONE l=0).mark_down
2024-05-17T04:24:20.197 INFO:teuthology.orchestra.run.smithi050.stdout:/usr/bin/ceph: stderr
2024-05-17T04:24:19.607+0000 7f02cdc5b700 1 -- 172.21.15.50:0/357006233 shutdown_connections
2024-05-17T04:24:20.197 INFO:teuthology.orchestra.run.smithi050.stdout:/usr/bin/ceph: stderr
2024-05-17T04:24:19.608+0000 7f02cdc5b700 1 -- 172.21.15.50:0/357006233 wait complete.
2024-05-17T04:24:20.197 INFO:teuthology.orchestra.run.smithi050.stdout:mgr epoch 9 is available
2024-05-17T04:24:20.197 INFO:teuthology.orchestra.run.smithi050.stdout:Generating a dashboard self-signed certificate...
2024-05-17T04:24:20.829 INFO:journalctl@ceph.mon.a.smithi050.stdout:May 17 04:24:20 smithi050 ceph-mon[31739]: [17/May/2024:04:24:19] ENGINE Bus STARTING
2024-05-17T04:24:20.829 INFO:journalctl@ceph.mon.a.smithi050.stdout:May 17 04:24:20 smithi050 ceph-mon[31739]: [17/May/2024:04:24:19] ENGINE Serving on http://172.21.15.50:8765
2024-05-17T04:24:20.829 INFO:journalctl@ceph.mon.a.smithi050.stdout:May 17 04:24:20 smithi050 ceph-mon[31739]: from='client.14156 -' entity='client.admin' cmd=[{"prefix": "get_command_descriptions"}]: dispatch
2024-05-17T04:24:20.829 INFO:journalctl@ceph.mon.a.smithi050.stdout:May 17 04:24:20 smithi050 ceph-mon[31739]: from='client.14156 -' entity='client.admin' cmd=[{"prefix": "mgr_status"}]: dispatch
2024-05-17T04:24:20.829 INFO:journalctl@ceph.mon.a.smithi050.stdout:May 17 04:24:20 smithi050 ceph-mon[31739]: [17/May/2024:04:24:19] ENGINE Serving on https://172.21.15.50:7150
2024-05-17T04:24:20.830 INFO:journalctl@ceph.mon.a.smithi050.stdout:May 17 04:24:20 smithi050 ceph-mon[31739]: [17/May/2024:04:24:19] ENGINE Bus STARTED
2024-05-17T04:24:21.955 INFO:journalctl@ceph.mon.a.smithi050.stdout:May 17 04:24:21 smithi050 ceph-mon[31739]: mgrmap e12: x(active, since 2s)
2024-05-17T04:24:21.955 INFO:journalctl@ceph.mon.a.smithi050.stdout:May 17 04:24:21 smithi050 ceph-mon[31739]: from='mgr.14152 172.21.15.50:0/2371328411' entity='mgr.x'
2024-05-17T04:24:21.955 INFO:journalctl@ceph.mon.a.smithi050.stdout:May 17 04:24:21 smithi050 ceph-mon[31739]: from='mgr.14152 172.21.15.50:0/2371328411' entity='mgr.x'
2024-05-17T04:24:21.955 INFO:journalctl@ceph.mon.a.smithi050.stdout:May 17 04:24:21 smithi050 ceph-mon[31739]: from='mgr.14152 172.21.15.50:0/2371328411' entity='mgr.x'
2024-05-17T04:24:21.962 INFO:teuthology.orchestra.run.smithi050.stdout:/usr/bin/ceph: stdout Self-signed certificate created
2024-05-17T04:24:21.963 INFO:teuthology.orchestra.run.smithi050.stdout:/usr/bin/ceph: stderr
2024-05-17T04:24:20.883+0000 7f059e5d7700 1 Processor -- start
2024-05-17T04:24:21.963 INFO:teuthology.orchestra.run.smithi050.stdout:/usr/bin/ceph: stderr
2024-05-17T04:24:20.883+0000 7f059e5d7700 1 -- start start
2024-05-17T04:24:21.963 INFO:teuthology.orchestra.run.smithi050.stdout:/usr/bin/ceph: stderr
2024-05-17T04:24:20.884+0000 7f059e5d7700 1 --2- >> [v2:172.21.15.50:3300/0,v1:172.21.15.50:6789/0] conn(0x7f0598109e40 0x7f059810c260 unknown :-1 s=NONE pgs=0 cs=0 l=0 rev1=0 crypto rx=0 tx=0 comp rx=0 tx=0).connect
2024-05-17T04:24:21.963 INFO:teuthology.orchestra.run.smithi050.stdout:/usr/bin/ceph: stderr
2024-05-17T04:24:20.884+0000 7f059e5d7700 1 -- --> [v2:172.21.15.50:3300/0,v1:172.21.15.50:6789/0] -- mon_getmap magic: 0 -- 0x7f059807d670 con 0x7f0598109e40
2024-05-17T04:24:21.963 INFO:teuthology.orchestra.run.smithi050.stdout:/usr/bin/ceph: stderr
2024-05-17T04:24:20.884+0000 7f0597fff700 1 --2- >> [v2:172.21.15.50:3300/0,v1:172.21.15.50:6789/0] conn(0x7f0598109e40 0x7f059810c260 unknown :-1 s=BANNER_CONNECTING pgs=0 cs=0 l=0 rev1=0 crypto rx=0 tx=0 comp rx=0 tx=0)._handle_peer_banner_payload supported=3 required=0
2024-05-17T04:24:21.963 INFO:teuthology.orchestra.run.smithi050.stdout:/usr/bin/ceph: stderr
2024-05-17T04:24:20.884+0000 7f0597fff700 1 --2- >> [v2:172.21.15.50:3300/0,v1:172.21.15.50:6789/0] conn(0x7f0598109e40 0x7f059810c260 unknown :-1 s=HELLO_CONNECTING pgs=0 cs=0 l=0 rev1=1 crypto rx=0 tx=0 comp rx=0 tx=0).handle_hello peer v2:172.21.15.50:3300/0 says I am v2:172.21.15.50:47350/0 (socket says 172.21.15.50:47350)
2024-05-17T04:24:21.963 INFO:teuthology.orchestra.run.smithi050.stdout:/usr/bin/ceph: stderr
2024-05-17T04:24:20.884+0000 7f0597fff700 1 -- 172.21.15.50:0/3877031635 learned_addr learned my addr 172.21.15.50:0/3877031635 (peer_addr_for_me v2:172.21.15.50:0/0)
2024-05-17T04:24:21.963 INFO:teuthology.orchestra.run.smithi050.stdout:/usr/bin/ceph: stderr
2024-05-17T04:24:20.884+0000 7f0597fff700 1 -- 172.21.15.50:0/3877031635 --> [v2:172.21.15.50:3300/0,v1:172.21.15.50:6789/0] -- mon_subscribe({config=0+,monmap=0+}) -- 0x7f059810c7a0 con 0x7f0598109e40
2024-05-17T04:24:21.963 INFO:teuthology.orchestra.run.smithi050.stdout:/usr/bin/ceph: stderr
2024-05-17T04:24:20.884+0000 7f0597fff700 1 --2- 172.21.15.50:0/3877031635 >> [v2:172.21.15.50:3300/0,v1:172.21.15.50:6789/0] conn(0x7f0598109e40 0x7f059810c260 secure :-1 s=READY pgs=70 cs=0 l=1 rev1=1 crypto rx=0x7f05880098a0 tx=0x7f0588009bb0 comp rx=0 tx=0).ready entity=mon.0 client_cookie=5fc709998973fd5c server_cookie=0 in_seq=0 out_seq=0
2024-05-17T04:24:21.963 INFO:teuthology.orchestra.run.smithi050.stdout:/usr/bin/ceph: stderr
2024-05-17T04:24:20.885+0000 7f0596ffd700 1 -- 172.21.15.50:0/3877031635 <== mon.0 v2:172.21.15.50:3300/0 1 ==== mon_map magic: 0 ==== 205+0+0 (secure 0 0 0) 0x7f0588004160 con 0x7f0598109e40
2024-05-17T04:24:21.963 INFO:teuthology.orchestra.run.smithi050.stdout:/usr/bin/ceph: stderr
2024-05-17T04:24:20.885+0000 7f0596ffd700 1 -- 172.21.15.50:0/3877031635 <== mon.0 v2:172.21.15.50:3300/0 2 ==== config(25 keys) ==== 1063+0+0 (secure 0 0 0) 0x7f0588004300 con 0x7f0598109e40
2024-05-17T04:24:21.963 INFO:teuthology.orchestra.run.smithi050.stdout:/usr/bin/ceph: stderr
2024-05-17T04:24:20.885+0000 7f0596ffd700 1 -- 172.21.15.50:0/3877031635 <== mon.0 v2:172.21.15.50:3300/0 3 ==== mon_map magic: 0 ==== 205+0+0 (secure 0 0 0) 0x7f0588011960 con 0x7f0598109e40
2024-05-17T04:24:21.964 INFO:teuthology.orchestra.run.smithi050.stdout:/usr/bin/ceph: stderr
2024-05-17T04:24:20.886+0000 7f059e5d7700 1 -- 172.21.15.50:0/3877031635 >> [v2:172.21.15.50:3300/0,v1:172.21.15.50:6789/0] conn(0x7f0598109e40 msgr2=0x7f059810c260 secure :-1 s=STATE_CONNECTION_ESTABLISHED l=1).mark_down
2024-05-17T04:24:21.964 INFO:teuthology.orchestra.run.smithi050.stdout:/usr/bin/ceph: stderr
2024-05-17T04:24:20.886+0000 7f059e5d7700 1 --2- 172.21.15.50:0/3877031635 >> [v2:172.21.15.50:3300/0,v1:172.21.15.50:6789/0] conn(0x7f0598109e40 0x7f059810c260 secure :-1 s=READY pgs=70 cs=0 l=1 rev1=1 crypto rx=0x7f05880098a0 tx=0x7f0588009bb0 comp rx=0 tx=0).stop
2024-05-17T04:24:21.964 INFO:teuthology.orchestra.run.smithi050.stdout:/usr/bin/ceph: stderr
2024-05-17T04:24:20.886+0000 7f059e5d7700 1 -- 172.21.15.50:0/3877031635 shutdown_connections
2024-05-17T04:24:21.964 INFO:teuthology.orchestra.run.smithi050.stdout:/usr/bin/ceph: stderr
2024-05-17T04:24:20.886+0000 7f059e5d7700 1 --2- 172.21.15.50:0/3877031635 >> [v2:172.21.15.50:3300/0,v1:172.21.15.50:6789/0] conn(0x7f0598109e40 0x7f059810c260 unknown :-1 s=CLOSED pgs=70 cs=0 l=1 rev1=1 crypto rx=0 tx=0 comp rx=0 tx=0).stop
2024-05-17T04:24:21.964 INFO:teuthology.orchestra.run.smithi050.stdout:/usr/bin/ceph: stderr
2024-05-17T04:24:20.886+0000 7f059e5d7700 1 -- 172.21.15.50:0/3877031635 >> 172.21.15.50:0/3877031635 conn(0x7f0598103af0 msgr2=0x7f0598105f40 unknown :-1 s=STATE_NONE l=0).mark_down
2024-05-17T04:24:21.964 INFO:teuthology.orchestra.run.smithi050.stdout:/usr/bin/ceph: stderr
2024-05-17T04:24:20.886+0000 7f059e5d7700 1 -- 172.21.15.50:0/3877031635 shutdown_connections
2024-05-17T04:24:21.964 INFO:teuthology.orchestra.run.smithi050.stdout:/usr/bin/ceph: stderr
2024-05-17T04:24:20.886+0000 7f059e5d7700 1 -- 172.21.15.50:0/3877031635 wait complete.
2024-05-17T04:24:21.964 INFO:teuthology.orchestra.run.smithi050.stdout:/usr/bin/ceph: stderr
2024-05-17T04:24:20.887+0000 7f059e5d7700 1 Processor -- start
2024-05-17T04:24:21.964 INFO:teuthology.orchestra.run.smithi050.stdout:/usr/bin/ceph: stderr
2024-05-17T04:24:20.887+0000 7f059e5d7700 1 -- start start
2024-05-17T04:24:21.964 INFO:teuthology.orchestra.run.smithi050.stdout:/usr/bin/ceph: stderr
2024-05-17T04:24:20.887+0000 7f059e5d7700 1 --2- >> [v2:172.21.15.50:3300/0,v1:172.21.15.50:6789/0] conn(0x7f0598109e40 0x7f059819d680 unknown :-1 s=NONE pgs=0 cs=0 l=1 rev1=0 crypto rx=0 tx=0 comp rx=0 tx=0).connect
2024-05-17T04:24:21.964 INFO:teuthology.orchestra.run.smithi050.stdout:/usr/bin/ceph: stderr
2024-05-17T04:24:20.888+0000 7f059e5d7700 1 -- --> [v2:172.21.15.50:3300/0,v1:172.21.15.50:6789/0] -- mon_getmap magic: 0 -- 0x7f059810d6e0 con 0x7f0598109e40
2024-05-17T04:24:21.964 INFO:teuthology.orchestra.run.smithi050.stdout:/usr/bin/ceph: stderr
2024-05-17T04:24:20.888+0000 7f0597fff700 1 --2- >> [v2:172.21.15.50:3300/0,v1:172.21.15.50:6789/0] conn(0x7f0598109e40 0x7f059819d680 unknown :-1 s=BANNER_CONNECTING pgs=0 cs=0 l=1 rev1=0 crypto rx=0 tx=0 comp rx=0 tx=0)._handle_peer_banner_payload supported=3 required=0
2024-05-17T04:24:21.964 INFO:teuthology.orchestra.run.smithi050.stdout:/usr/bin/ceph: stderr
2024-05-17T04:24:20.888+0000 7f0597fff700 1 --2- >> [v2:172.21.15.50:3300/0,v1:172.21.15.50:6789/0] conn(0x7f0598109e40 0x7f059819d680 unknown :-1 s=HELLO_CONNECTING pgs=0 cs=0 l=1 rev1=1 crypto rx=0 tx=0 comp rx=0 tx=0).handle_hello peer v2:172.21.15.50:3300/0 says I am v2:172.21.15.50:47362/0 (socket says 172.21.15.50:47362)
2024-05-17T04:24:21.965 INFO:teuthology.orchestra.run.smithi050.stdout:/usr/bin/ceph: stderr
2024-05-17T04:24:20.888+0000 7f0597fff700 1 -- 172.21.15.50:0/1723368251 learned_addr learned my addr 172.21.15.50:0/1723368251 (peer_addr_for_me v2:172.21.15.50:0/0)
2024-05-17T04:24:21.965 INFO:teuthology.orchestra.run.smithi050.stdout:/usr/bin/ceph: stderr
2024-05-17T04:24:20.888+0000 7f0597fff700 1 -- 172.21.15.50:0/1723368251 --> [v2:172.21.15.50:3300/0,v1:172.21.15.50:6789/0] -- mon_subscribe({config=0+,monmap=0+}) -- 0x7f059819dbc0 con 0x7f0598109e40
2024-05-17T04:24:21.965 INFO:teuthology.orchestra.run.smithi050.stdout:/usr/bin/ceph: stderr
2024-05-17T04:24:20.888+0000 7f0597fff700 1 --2- 172.21.15.50:0/1723368251 >> [v2:172.21.15.50:3300/0,v1:172.21.15.50:6789/0] conn(0x7f0598109e40 0x7f059819d680 secure :-1 s=READY pgs=71 cs=0 l=1 rev1=1 crypto rx=0x7f0588011670 tx=0x7f0588011a30 comp rx=0 tx=0).ready entity=mon.0 client_cookie=0 server_cookie=0 in_seq=0 out_seq=0
2024-05-17T04:24:21.965 INFO:teuthology.orchestra.run.smithi050.stdout:/usr/bin/ceph: stderr
2024-05-17T04:24:20.888+0000 7f05957fa700 1 -- 172.21.15.50:0/1723368251 <== mon.0 v2:172.21.15.50:3300/0 1 ==== mon_map magic: 0 ==== 205+0+0 (secure 0 0 0) 0x7f0588003aa0 con 0x7f0598109e40
2024-05-17T04:24:21.965 INFO:teuthology.orchestra.run.smithi050.stdout:/usr/bin/ceph: stderr
2024-05-17T04:24:20.888+0000 7f059e5d7700 1 -- 172.21.15.50:0/1723368251 --> [v2:172.21.15.50:3300/0,v1:172.21.15.50:6789/0] -- mon_subscribe({mgrmap=0+}) -- 0x7f059819de50 con 0x7f0598109e40
2024-05-17T04:24:21.965 INFO:teuthology.orchestra.run.smithi050.stdout:/usr/bin/ceph: stderr
2024-05-17T04:24:20.888+0000 7f05957fa700 1 -- 172.21.15.50:0/1723368251 <== mon.0 v2:172.21.15.50:3300/0 2 ==== config(25 keys) ==== 1063+0+0 (secure 0 0 0) 0x7f058801b8d0 con 0x7f0598109e40
2024-05-17T04:24:21.965 INFO:teuthology.orchestra.run.smithi050.stdout:/usr/bin/ceph: stderr
2024-05-17T04:24:20.888+0000 7f05957fa700 1 -- 172.21.15.50:0/1723368251 <== mon.0 v2:172.21.15.50:3300/0 3 ==== mon_map magic: 0 ==== 205+0+0 (secure 0 0 0) 0x7f05880197f0 con 0x7f0598109e40
2024-05-17T04:24:21.965 INFO:teuthology.orchestra.run.smithi050.stdout:/usr/bin/ceph: stderr
2024-05-17T04:24:20.888+0000 7f059e5d7700 1 -- 172.21.15.50:0/1723368251 --> [v2:172.21.15.50:3300/0,v1:172.21.15.50:6789/0] -- mon_subscribe({osdmap=0}) -- 0x7f05981a0a60 con 0x7f0598109e40
2024-05-17T04:24:21.965 INFO:teuthology.orchestra.run.smithi050.stdout:/usr/bin/ceph: stderr
2024-05-17T04:24:20.889+0000 7f05957fa700 1 -- 172.21.15.50:0/1723368251 <== mon.0 v2:172.21.15.50:3300/0 4 ==== mgrmap(e 12) ==== 50235+0+0 (secure 0 0 0) 0x7f0588019990 con 0x7f0598109e40
2024-05-17T04:24:21.965 INFO:teuthology.orchestra.run.smithi050.stdout:/usr/bin/ceph: stderr
2024-05-17T04:24:20.890+0000 7f05957fa700 1 --2- 172.21.15.50:0/1723368251 >> [v2:172.21.15.50:6800/1662041432,v1:172.21.15.50:6801/1662041432] conn(0x7f058403e470 0x7f0584040980 unknown :-1 s=NONE pgs=0 cs=0 l=1 rev1=0 crypto rx=0 tx=0 comp rx=0 tx=0).connect
2024-05-17T04:24:21.965 INFO:teuthology.orchestra.run.smithi050.stdout:/usr/bin/ceph: stderr
2024-05-17T04:24:20.890+0000 7f05957fa700 1 -- 172.21.15.50:0/1723368251 <== mon.0 v2:172.21.15.50:3300/0 5 ==== osd_map(3..3 src has 1..3) ==== 1155+0+0 (secure 0 0 0) 0x7f0588053ff0 con 0x7f0598109e40
2024-05-17T04:24:21.965 INFO:teuthology.orchestra.run.smithi050.stdout:/usr/bin/ceph: stderr
2024-05-17T04:24:20.890+0000 7f059e5d7700 1 -- 172.21.15.50:0/1723368251 --> [v2:172.21.15.50:3300/0,v1:172.21.15.50:6789/0] -- mon_command({"prefix": "get_command_descriptions"} v 0) -- 0x7f059810a250 con 0x7f0598109e40
2024-05-17T04:24:21.965 INFO:teuthology.orchestra.run.smithi050.stdout:/usr/bin/ceph: stderr
2024-05-17T04:24:20.890+0000 7f05977fe700 1 --2- 172.21.15.50:0/1723368251 >> [v2:172.21.15.50:6800/1662041432,v1:172.21.15.50:6801/1662041432] conn(0x7f058403e470 0x7f0584040980 unknown :-1 s=BANNER_CONNECTING pgs=0 cs=0 l=1 rev1=0 crypto rx=0 tx=0 comp rx=0 tx=0)._handle_peer_banner_payload supported=3 required=0
2024-05-17T04:24:21.966 INFO:teuthology.orchestra.run.smithi050.stdout:/usr/bin/ceph: stderr
2024-05-17T04:24:20.890+0000 7f05977fe700 1 --2- 172.21.15.50:0/1723368251 >> [v2:172.21.15.50:6800/1662041432,v1:172.21.15.50:6801/1662041432] conn(0x7f058403e470 0x7f0584040980 secure :-1 s=READY pgs=7 cs=0 l=1 rev1=1 crypto rx=0x7f0580006fd0 tx=0x7f0580006e40 comp rx=0 tx=0).ready entity=mgr.14152 client_cookie=0 server_cookie=0 in_seq=0 out_seq=0
2024-05-17T04:24:21.966 INFO:teuthology.orchestra.run.smithi050.stdout:/usr/bin/ceph: stderr
2024-05-17T04:24:20.895+0000 7f05957fa700 1 -- 172.21.15.50:0/1723368251 <== mon.0 v2:172.21.15.50:3300/0 6 ==== mon_command_ack([{"prefix": "get_command_descriptions"}]=0 v0) ==== 72+0+191963 (secure 0 0 0) 0x7f058801f030 con 0x7f0598109e40
2024-05-17T04:24:21.966 INFO:teuthology.orchestra.run.smithi050.stdout:/usr/bin/ceph: stderr
2024-05-17T04:24:21.141+0000 7f059e5d7700 1 -- 172.21.15.50:0/1723368251 --> [v2:172.21.15.50:6800/1662041432,v1:172.21.15.50:6801/1662041432] -- mgr_command(tid 0: {"prefix": "dashboard create-self-signed-cert", "target": ["mon-mgr", ""]}) -- 0x7f0598105bf0 con 0x7f058403e470
2024-05-17T04:24:21.966 INFO:teuthology.orchestra.run.smithi050.stdout:/usr/bin/ceph: stderr
2024-05-17T04:24:21.196+0000 7f05957fa700 1 -- 172.21.15.50:0/1723368251 <== mgr.14152 v2:172.21.15.50:6800/1662041432 1 ==== mgr_command_reply(tid 0: 0 ) ==== 8+0+32 (secure 0 0 0) 0x7f0598105bf0 con 0x7f058403e470
2024-05-17T04:24:21.966 INFO:teuthology.orchestra.run.smithi050.stdout:/usr/bin/ceph: stderr
2024-05-17T04:24:21.198+0000 7f059e5d7700 1 -- 172.21.15.50:0/1723368251 >> [v2:172.21.15.50:6800/1662041432,v1:172.21.15.50:6801/1662041432] conn(0x7f058403e470 msgr2=0x7f0584040980 secure :-1 s=STATE_CONNECTION_ESTABLISHED l=1).mark_down
2024-05-17T04:24:21.966 INFO:teuthology.orchestra.run.smithi050.stdout:/usr/bin/ceph: stderr
2024-05-17T04:24:21.198+0000 7f059e5d7700 1 --2- 172.21.15.50:0/1723368251 >> [v2:172.21.15.50:6800/1662041432,v1:172.21.15.50:6801/1662041432] conn(0x7f058403e470 0x7f0584040980 secure :-1 s=READY pgs=7 cs=0 l=1 rev1=1 crypto rx=0x7f0580006fd0 tx=0x7f0580006e40 comp rx=0 tx=0).stop
2024-05-17T04:24:21.966 INFO:teuthology.orchestra.run.smithi050.stdout:/usr/bin/ceph: stderr
2024-05-17T04:24:21.198+0000 7f059e5d7700 1 -- 172.21.15.50:0/1723368251 >> [v2:172.21.15.50:3300/0,v1:172.21.15.50:6789/0] conn(0x7f0598109e40 msgr2=0x7f059819d680 secure :-1 s=STATE_CONNECTION_ESTABLISHED l=1).mark_down
2024-05-17T04:24:21.966 INFO:teuthology.orchestra.run.smithi050.stdout:/usr/bin/ceph: stderr
2024-05-17T04:24:21.198+0000 7f059e5d7700 1 --2- 172.21.15.50:0/1723368251 >> [v2:172.21.15.50:3300/0,v1:172.21.15.50:6789/0] conn(0x7f0598109e40 0x7f059819d680 secure :-1 s=READY pgs=71 cs=0 l=1 rev1=1 crypto rx=0x7f0588011670 tx=0x7f0588011a30 comp rx=0 tx=0).stop
2024-05-17T04:24:21.966 INFO:teuthology.orchestra.run.smithi050.stdout:/usr/bin/ceph: stderr
2024-05-17T04:24:21.198+0000 7f059e5d7700 1 -- 172.21.15.50:0/1723368251 shutdown_connections
2024-05-17T04:24:21.966 INFO:teuthology.orchestra.run.smithi050.stdout:/usr/bin/ceph: stderr
2024-05-17T04:24:21.198+0000 7f059e5d7700 1 --2- 172.21.15.50:0/1723368251 >> [v2:172.21.15.50:6800/1662041432,v1:172.21.15.50:6801/1662041432] conn(0x7f058403e470 0x7f0584040980 unknown :-1 s=CLOSED pgs=7 cs=0 l=1 rev1=1 crypto rx=0 tx=0 comp rx=0 tx=0).stop
2024-05-17T04:24:21.966 INFO:teuthology.orchestra.run.smithi050.stdout:/usr/bin/ceph: stderr
2024-05-17T04:24:21.198+0000 7f059e5d7700 1 --2- 172.21.15.50:0/1723368251 >> [v2:172.21.15.50:3300/0,v1:172.21.15.50:6789/0] conn(0x7f0598109e40 0x7f059819d680 unknown :-1 s=CLOSED pgs=71 cs=0 l=1 rev1=1 crypto rx=0 tx=0 comp rx=0 tx=0).stop
2024-05-17T04:24:21.967 INFO:teuthology.orchestra.run.smithi050.stdout:/usr/bin/ceph: stderr
2024-05-17T04:24:21.198+0000 7f059e5d7700 1 -- 172.21.15.50:0/1723368251 >> 172.21.15.50:0/1723368251 conn(0x7f0598103af0 msgr2=0x7f05981054e0 unknown :-1 s=STATE_NONE l=0).mark_down
2024-05-17T04:24:21.967 INFO:teuthology.orchestra.run.smithi050.stdout:/usr/bin/ceph: stderr
2024-05-17T04:24:21.198+0000 7f059e5d7700 1 -- 172.21.15.50:0/1723368251 shutdown_connections
2024-05-17T04:24:21.967 INFO:teuthology.orchestra.run.smithi050.stdout:/usr/bin/ceph: stderr
2024-05-17T04:24:21.198+0000 7f059e5d7700 1 -- 172.21.15.50:0/1723368251 wait complete.
2024-05-17T04:24:21.967 INFO:teuthology.orchestra.run.smithi050.stdout:Creating initial admin user...
