2024-05-17T04:23:42.851 INFO:teuthology.orchestra.run.smithi050.stdout:/usr/bin/ceph: stderr
2024-05-17T04:23:42.298+0000 7f483b234700 1 -- 172.21.15.50:0/2786566452 >> 172.21.15.50:0/2786566452 conn(0x7f4834103270 msgr2=0x7f48341916b0 unknown :-1 s=STATE_NONE l=0).mark_down
2024-05-17T04:23:42.851 INFO:teuthology.orchestra.run.smithi050.stdout:/usr/bin/ceph: stderr
2024-05-17T04:23:42.298+0000 7f483b234700 1 -- 172.21.15.50:0/2786566452 shutdown_connections
2024-05-17T04:23:42.852 INFO:teuthology.orchestra.run.smithi050.stdout:/usr/bin/ceph: stderr
2024-05-17T04:23:42.298+0000 7f483b234700 1 -- 172.21.15.50:0/2786566452 wait complete.
2024-05-17T04:23:42.852 INFO:teuthology.orchestra.run.smithi050.stdout:Enabling cephadm module...
2024-05-17T04:23:43.802 INFO:journalctl@ceph.mon.a.smithi050.stdout:May 17 04:23:43 smithi050 ceph-mon[31739]: from='client.? 172.21.15.50:0/209866505' entity='client.admin' cmd=[{"prefix": "mgr module enable", "module": "cephadm"}]: dispatch
2024-05-17T04:23:43.802 INFO:journalctl@ceph.mgr.x.smithi050.stdout:May 17 04:23:43 smithi050 ceph-0b3ae782-1405-11ef-bc9a-c7b262605968-mgr-x[31963]: ignoring --setuser ceph since I am not root
2024-05-17T04:23:43.802 INFO:journalctl@ceph.mgr.x.smithi050.stdout:May 17 04:23:43 smithi050 ceph-0b3ae782-1405-11ef-bc9a-c7b262605968-mgr-x[31963]: ignoring --setgroup ceph since I am not root
2024-05-17T04:23:44.076 INFO:journalctl@ceph.mgr.x.smithi050.stdout:May 17 04:23:43 smithi050 ceph-0b3ae782-1405-11ef-bc9a-c7b262605968-mgr-x[31963]:
2024-05-17T04:23:43.801+0000 7fb99e379200 -1 mgr[py] Module balancer has missing NOTIFY_TYPES member
2024-05-17T04:23:44.077 INFO:journalctl@ceph.mgr.x.smithi050.stdout:May 17 04:23:44 smithi050 ceph-0b3ae782-1405-11ef-bc9a-c7b262605968-mgr-x[31963]:
2024-05-17T04:23:44.002+0000 7fb99e379200 -1 mgr[py] Module orchestrator has missing NOTIFY_TYPES member
2024-05-17T04:23:44.172 INFO:teuthology.orchestra.run.smithi050.stdout:/usr/bin/ceph: stderr
2024-05-17T04:23:43.255+0000 7f7daae69700 1 Processor -- start
2024-05-17T04:23:44.172 INFO:teuthology.orchestra.run.smithi050.stdout:/usr/bin/ceph: stderr
2024-05-17T04:23:43.255+0000 7f7daae69700 1 -- start start
2024-05-17T04:23:44.172 INFO:teuthology.orchestra.run.smithi050.stdout:/usr/bin/ceph: stderr
2024-05-17T04:23:43.255+0000 7f7daae69700 1 --2- >> [v2:172.21.15.50:3300/0,v1:172.21.15.50:6789/0] conn(0x7f7da4109ed0 0x7f7da410c2f0 unknown :-1 s=NONE pgs=0 cs=0 l=0 rev1=0 crypto rx=0 tx=0 comp rx=0 tx=0).connect
2024-05-17T04:23:44.172 INFO:teuthology.orchestra.run.smithi050.stdout:/usr/bin/ceph: stderr
2024-05-17T04:23:43.255+0000 7f7daae69700 1 -- --> [v2:172.21.15.50:3300/0,v1:172.21.15.50:6789/0] -- mon_getmap magic: 0 -- 0x7f7da407d720 con 0x7f7da4109ed0
2024-05-17T04:23:44.172 INFO:teuthology.orchestra.run.smithi050.stdout:/usr/bin/ceph: stderr
2024-05-17T04:23:43.255+0000 7f7da8c05700 1 --2- >> [v2:172.21.15.50:3300/0,v1:172.21.15.50:6789/0] conn(0x7f7da4109ed0 0x7f7da410c2f0 unknown :-1 s=BANNER_CONNECTING pgs=0 cs=0 l=0 rev1=0 crypto rx=0 tx=0 comp rx=0 tx=0)._handle_peer_banner_payload supported=3 required=0
2024-05-17T04:23:44.172 INFO:teuthology.orchestra.run.smithi050.stdout:/usr/bin/ceph: stderr
2024-05-17T04:23:43.255+0000 7f7da8c05700 1 --2- >> [v2:172.21.15.50:3300/0,v1:172.21.15.50:6789/0] conn(0x7f7da4109ed0 0x7f7da410c2f0 unknown :-1 s=HELLO_CONNECTING pgs=0 cs=0 l=0 rev1=1 crypto rx=0 tx=0 comp rx=0 tx=0).handle_hello peer v2:172.21.15.50:3300/0 says I am v2:172.21.15.50:40340/0 (socket says 172.21.15.50:40340)
2024-05-17T04:23:44.172 INFO:teuthology.orchestra.run.smithi050.stdout:/usr/bin/ceph: stderr
2024-05-17T04:23:43.255+0000 7f7da8c05700 1 -- 172.21.15.50:0/561591023 learned_addr learned my addr 172.21.15.50:0/561591023 (peer_addr_for_me v2:172.21.15.50:0/0)
2024-05-17T04:23:44.172 INFO:teuthology.orchestra.run.smithi050.stdout:/usr/bin/ceph: stderr
2024-05-17T04:23:43.256+0000 7f7da8c05700 1 -- 172.21.15.50:0/561591023 --> [v2:172.21.15.50:3300/0,v1:172.21.15.50:6789/0] -- mon_subscribe({config=0+,monmap=0+}) -- 0x7f7da410c830 con 0x7f7da4109ed0
2024-05-17T04:23:44.172 INFO:teuthology.orchestra.run.smithi050.stdout:/usr/bin/ceph: stderr
2024-05-17T04:23:43.256+0000 7f7da8c05700 1 --2- 172.21.15.50:0/561591023 >> [v2:172.21.15.50:3300/0,v1:172.21.15.50:6789/0] conn(0x7f7da4109ed0 0x7f7da410c2f0 secure :-1 s=READY pgs=22 cs=0 l=1 rev1=1 crypto rx=0x7f7d980098a0 tx=0x7f7d98009bb0 comp rx=0 tx=0).ready entity=mon.0 client_cookie=ec74d4ed22be9830 server_cookie=0 in_seq=0 out_seq=0
2024-05-17T04:23:44.172 INFO:teuthology.orchestra.run.smithi050.stdout:/usr/bin/ceph: stderr
2024-05-17T04:23:43.256+0000 7f7da37fe700 1 -- 172.21.15.50:0/561591023 <== mon.0 v2:172.21.15.50:3300/0 1 ==== mon_map magic: 0 ==== 205+0+0 (secure 0 0 0) 0x7f7d98004160 con 0x7f7da4109ed0
2024-05-17T04:23:44.172 INFO:teuthology.orchestra.run.smithi050.stdout:/usr/bin/ceph: stderr
2024-05-17T04:23:43.256+0000 7f7da37fe700 1 -- 172.21.15.50:0/561591023 <== mon.0 v2:172.21.15.50:3300/0 2 ==== config(25 keys) ==== 1032+0+0 (secure 0 0 0) 0x7f7d98004300 con 0x7f7da4109ed0
2024-05-17T04:23:44.173 INFO:teuthology.orchestra.run.smithi050.stdout:/usr/bin/ceph: stderr
2024-05-17T04:23:43.256+0000 7f7da37fe700 1 -- 172.21.15.50:0/561591023 <== mon.0 v2:172.21.15.50:3300/0 3 ==== mon_map magic: 0 ==== 205+0+0 (secure 0 0 0) 0x7f7d980119e0 con 0x7f7da4109ed0
2024-05-17T04:23:44.173 INFO:teuthology.orchestra.run.smithi050.stdout:/usr/bin/ceph: stderr
2024-05-17T04:23:43.257+0000 7f7daae69700 1 -- 172.21.15.50:0/561591023 >> [v2:172.21.15.50:3300/0,v1:172.21.15.50:6789/0] conn(0x7f7da4109ed0 msgr2=0x7f7da410c2f0 secure :-1 s=STATE_CONNECTION_ESTABLISHED l=1).mark_down
2024-05-17T04:23:44.173 INFO:teuthology.orchestra.run.smithi050.stdout:/usr/bin/ceph: stderr
2024-05-17T04:23:43.257+0000 7f7daae69700 1 --2- 172.21.15.50:0/561591023 >> [v2:172.21.15.50:3300/0,v1:172.21.15.50:6789/0] conn(0x7f7da4109ed0 0x7f7da410c2f0 secure :-1 s=READY pgs=22 cs=0 l=1 rev1=1 crypto rx=0x7f7d980098a0 tx=0x7f7d98009bb0 comp rx=0 tx=0).stop
2024-05-17T04:23:44.173 INFO:teuthology.orchestra.run.smithi050.stdout:/usr/bin/ceph: stderr
2024-05-17T04:23:43.257+0000 7f7daae69700 1 -- 172.21.15.50:0/561591023 shutdown_connections
2024-05-17T04:23:44.173 INFO:teuthology.orchestra.run.smithi050.stdout:/usr/bin/ceph: stderr
2024-05-17T04:23:43.257+0000 7f7daae69700 1 --2- 172.21.15.50:0/561591023 >> [v2:172.21.15.50:3300/0,v1:172.21.15.50:6789/0] conn(0x7f7da4109ed0 0x7f7da410c2f0 unknown :-1 s=CLOSED pgs=22 cs=0 l=1 rev1=1 crypto rx=0 tx=0 comp rx=0 tx=0).stop
2024-05-17T04:23:44.173 INFO:teuthology.orchestra.run.smithi050.stdout:/usr/bin/ceph: stderr
2024-05-17T04:23:43.257+0000 7f7daae69700 1 -- 172.21.15.50:0/561591023 >> 172.21.15.50:0/561591023 conn(0x7f7da4103a40 msgr2=0x7f7da4105f10 unknown :-1 s=STATE_NONE l=0).mark_down
2024-05-17T04:23:44.173 INFO:teuthology.orchestra.run.smithi050.stdout:/usr/bin/ceph: stderr
2024-05-17T04:23:43.257+0000 7f7daae69700 1 -- 172.21.15.50:0/561591023 shutdown_connections
2024-05-17T04:23:44.173 INFO:teuthology.orchestra.run.smithi050.stdout:/usr/bin/ceph: stderr
2024-05-17T04:23:43.257+0000 7f7daae69700 1 -- 172.21.15.50:0/561591023 wait complete.
2024-05-17T04:23:44.173 INFO:teuthology.orchestra.run.smithi050.stdout:/usr/bin/ceph: stderr
2024-05-17T04:23:43.257+0000 7f7daae69700 1 Processor -- start
2024-05-17T04:23:44.173 INFO:teuthology.orchestra.run.smithi050.stdout:/usr/bin/ceph: stderr
2024-05-17T04:23:43.258+0000 7f7daae69700 1 -- start start
2024-05-17T04:23:44.173 INFO:teuthology.orchestra.run.smithi050.stdout:/usr/bin/ceph: stderr
2024-05-17T04:23:43.258+0000 7f7daae69700 1 --2- >> [v2:172.21.15.50:3300/0,v1:172.21.15.50:6789/0] conn(0x7f7da4109ed0 0x7f7da419d690 unknown :-1 s=NONE pgs=0 cs=0 l=1 rev1=0 crypto rx=0 tx=0 comp rx=0 tx=0).connect
2024-05-17T04:23:44.173 INFO:teuthology.orchestra.run.smithi050.stdout:/usr/bin/ceph: stderr
2024-05-17T04:23:43.258+0000 7f7daae69700 1 -- --> [v2:172.21.15.50:3300/0,v1:172.21.15.50:6789/0] -- mon_getmap magic: 0 -- 0x7f7da410d6d0 con 0x7f7da4109ed0
2024-05-17T04:23:44.173 INFO:teuthology.orchestra.run.smithi050.stdout:/usr/bin/ceph: stderr
2024-05-17T04:23:43.258+0000 7f7da8c05700 1 --2- >> [v2:172.21.15.50:3300/0,v1:172.21.15.50:6789/0] conn(0x7f7da4109ed0 0x7f7da419d690 unknown :-1 s=BANNER_CONNECTING pgs=0 cs=0 l=1 rev1=0 crypto rx=0 tx=0 comp rx=0 tx=0)._handle_peer_banner_payload supported=3 required=0
2024-05-17T04:23:44.174 INFO:teuthology.orchestra.run.smithi050.stdout:/usr/bin/ceph: stderr
2024-05-17T04:23:43.258+0000 7f7da8c05700 1 --2- >> [v2:172.21.15.50:3300/0,v1:172.21.15.50:6789/0] conn(0x7f7da4109ed0 0x7f7da419d690 unknown :-1 s=HELLO_CONNECTING pgs=0 cs=0 l=1 rev1=1 crypto rx=0 tx=0 comp rx=0 tx=0).handle_hello peer v2:172.21.15.50:3300/0 says I am v2:172.21.15.50:40342/0 (socket says 172.21.15.50:40342)
2024-05-17T04:23:44.174 INFO:teuthology.orchestra.run.smithi050.stdout:/usr/bin/ceph: stderr
2024-05-17T04:23:43.258+0000 7f7da8c05700 1 -- 172.21.15.50:0/209866505 learned_addr learned my addr 172.21.15.50:0/209866505 (peer_addr_for_me v2:172.21.15.50:0/0)
2024-05-17T04:23:44.174 INFO:teuthology.orchestra.run.smithi050.stdout:/usr/bin/ceph: stderr
2024-05-17T04:23:43.258+0000 7f7da8c05700 1 -- 172.21.15.50:0/209866505 --> [v2:172.21.15.50:3300/0,v1:172.21.15.50:6789/0] -- mon_subscribe({config=0+,monmap=0+}) -- 0x7f7da419dbd0 con 0x7f7da4109ed0
2024-05-17T04:23:44.174 INFO:teuthology.orchestra.run.smithi050.stdout:/usr/bin/ceph: stderr
2024-05-17T04:23:43.258+0000 7f7da8c05700 1 --2- 172.21.15.50:0/209866505 >> [v2:172.21.15.50:3300/0,v1:172.21.15.50:6789/0] conn(0x7f7da4109ed0 0x7f7da419d690 secure :-1 s=READY pgs=23 cs=0 l=1 rev1=1 crypto rx=0x7f7d98003f20 tx=0x7f7d98011a60 comp rx=0 tx=0).ready entity=mon.0 client_cookie=0 server_cookie=0 in_seq=0 out_seq=0
2024-05-17T04:23:44.174 INFO:teuthology.orchestra.run.smithi050.stdout:/usr/bin/ceph: stderr
2024-05-17T04:23:43.258+0000 7f7da1ffb700 1 -- 172.21.15.50:0/209866505 <== mon.0 v2:172.21.15.50:3300/0 1 ==== mon_map magic: 0 ==== 205+0+0 (secure 0 0 0) 0x7f7d980038b0 con 0x7f7da4109ed0
2024-05-17T04:23:44.174 INFO:teuthology.orchestra.run.smithi050.stdout:/usr/bin/ceph: stderr
2024-05-17T04:23:43.259+0000 7f7da1ffb700 1 -- 172.21.15.50:0/209866505 <== mon.0 v2:172.21.15.50:3300/0 2 ==== config(25 keys) ==== 1032+0+0 (secure 0 0 0) 0x7f7d98003a50 con 0x7f7da4109ed0
2024-05-17T04:23:44.174 INFO:teuthology.orchestra.run.smithi050.stdout:/usr/bin/ceph: stderr
2024-05-17T04:23:43.259+0000 7f7daae69700 1 -- 172.21.15.50:0/209866505 --> [v2:172.21.15.50:3300/0,v1:172.21.15.50:6789/0] -- mon_subscribe({mgrmap=0+}) -- 0x7f7da419de60 con 0x7f7da4109ed0
2024-05-17T04:23:44.174 INFO:teuthology.orchestra.run.smithi050.stdout:/usr/bin/ceph: stderr
2024-05-17T04:23:43.259+0000 7f7da1ffb700 1 -- 172.21.15.50:0/209866505 <== mon.0 v2:172.21.15.50:3300/0 3 ==== mon_map magic: 0 ==== 205+0+0 (secure 0 0 0) 0x7f7d98019550 con 0x7f7da4109ed0
2024-05-17T04:23:44.174 INFO:teuthology.orchestra.run.smithi050.stdout:/usr/bin/ceph: stderr
2024-05-17T04:23:43.259+0000 7f7daae69700 1 -- 172.21.15.50:0/209866505 --> [v2:172.21.15.50:3300/0,v1:172.21.15.50:6789/0] -- mon_subscribe({osdmap=0}) -- 0x7f7da41a0a70 con 0x7f7da4109ed0
2024-05-17T04:23:44.174 INFO:teuthology.orchestra.run.smithi050.stdout:/usr/bin/ceph: stderr
2024-05-17T04:23:43.260+0000 7f7da1ffb700 1 -- 172.21.15.50:0/209866505 <== mon.0 v2:172.21.15.50:3300/0 4 ==== mgrmap(e 4) ==== 50211+0+0 (secure 0 0 0) 0x7f7d98019850 con 0x7f7da4109ed0
2024-05-17T04:23:44.174 INFO:teuthology.orchestra.run.smithi050.stdout:/usr/bin/ceph: stderr
2024-05-17T04:23:43.260+0000 7f7daae69700 1 -- 172.21.15.50:0/209866505 --> [v2:172.21.15.50:3300/0,v1:172.21.15.50:6789/0] -- mon_command({"prefix": "get_command_descriptions"} v 0) -- 0x7f7da410a2e0 con 0x7f7da4109ed0
2024-05-17T04:23:44.174 INFO:teuthology.orchestra.run.smithi050.stdout:/usr/bin/ceph: stderr
2024-05-17T04:23:43.260+0000 7f7da1ffb700 1 --2- 172.21.15.50:0/209866505 >> [v2:172.21.15.50:6800/193225580,v1:172.21.15.50:6801/193225580] conn(0x7f7d9403e3d0 0x7f7d940408e0 unknown :-1 s=NONE pgs=0 cs=0 l=1 rev1=0 crypto rx=0 tx=0 comp rx=0 tx=0).connect
2024-05-17T04:23:44.174 INFO:teuthology.orchestra.run.smithi050.stdout:/usr/bin/ceph: stderr
2024-05-17T04:23:43.260+0000 7f7da1ffb700 1 -- 172.21.15.50:0/209866505 <== mon.0 v2:172.21.15.50:3300/0 5 ==== osd_map(1..1 src has 1..1) ==== 725+0+0 (secure 0 0 0) 0x7f7d98053c90 con 0x7f7da4109ed0
2024-05-17T04:23:44.174 INFO:teuthology.orchestra.run.smithi050.stdout:/usr/bin/ceph: stderr
2024-05-17T04:23:43.260+0000 7f7da3fff700 1 --2- 172.21.15.50:0/209866505 >> [v2:172.21.15.50:6800/193225580,v1:172.21.15.50:6801/193225580] conn(0x7f7d9403e3d0 0x7f7d940408e0 unknown :-1 s=BANNER_CONNECTING pgs=0 cs=0 l=1 rev1=0 crypto rx=0 tx=0 comp rx=0 tx=0)._handle_peer_banner_payload supported=3 required=0
2024-05-17T04:23:44.175 INFO:teuthology.orchestra.run.smithi050.stdout:/usr/bin/ceph: stderr
2024-05-17T04:23:43.261+0000 7f7da3fff700 1 --2- 172.21.15.50:0/209866505 >> [v2:172.21.15.50:6800/193225580,v1:172.21.15.50:6801/193225580] conn(0x7f7d9403e3d0 0x7f7d940408e0 secure :-1 s=READY pgs=8 cs=0 l=1 rev1=1 crypto rx=0x7f7d90006fd0 tx=0x7f7d90006e40 comp rx=0 tx=0).ready entity=mgr.14100 client_cookie=0 server_cookie=0 in_seq=0 out_seq=0
2024-05-17T04:23:44.175 INFO:teuthology.orchestra.run.smithi050.stdout:/usr/bin/ceph: stderr
2024-05-17T04:23:43.265+0000 7f7da1ffb700 1 -- 172.21.15.50:0/209866505 <== mon.0 v2:172.21.15.50:3300/0 6 ==== mon_command_ack([{"prefix": "get_command_descriptions"}]=0 v0) ==== 72+0+191963 (secure 0 0 0) 0x7f7d9802ce20 con 0x7f7da4109ed0
2024-05-17T04:23:44.175 INFO:teuthology.orchestra.run.smithi050.stdout:/usr/bin/ceph: stderr
2024-05-17T04:23:43.544+0000 7f7daae69700 1 -- 172.21.15.50:0/209866505 --> [v2:172.21.15.50:3300/0,v1:172.21.15.50:6789/0] -- mon_command({"prefix": "mgr module enable", "module": "cephadm"} v 0) -- 0x7f7da41a1510 con 0x7f7da4109ed0
2024-05-17T04:23:44.175 INFO:teuthology.orchestra.run.smithi050.stdout:/usr/bin/ceph: stderr
2024-05-17T04:23:43.596+0000 7f7da1ffb700 1 -- 172.21.15.50:0/209866505 <== mon.0 v2:172.21.15.50:3300/0 7 ==== mon_command_ack([{"prefix": "mgr module enable", "module": "cephadm"}]=0 v5) ==== 86+0+0 (secure 0 0 0) 0x7f7d98023390 con 0x7f7da4109ed0
2024-05-17T04:23:44.175 INFO:teuthology.orchestra.run.smithi050.stdout:/usr/bin/ceph: stderr
2024-05-17T04:23:43.598+0000 7f7da1ffb700 1 -- 172.21.15.50:0/209866505 <== mon.0 v2:172.21.15.50:3300/0 8 ==== mgrmap(e 5) ==== 50222+0+0 (secure 0 0 0) 0x7f7d9802d440 con 0x7f7da4109ed0
2024-05-17T04:23:44.175 INFO:teuthology.orchestra.run.smithi050.stdout:/usr/bin/ceph: stderr
2024-05-17T04:23:43.599+0000 7f7daae69700 1 -- 172.21.15.50:0/209866505 >> [v2:172.21.15.50:6800/193225580,v1:172.21.15.50:6801/193225580] conn(0x7f7d9403e3d0 msgr2=0x7f7d940408e0 secure :-1 s=STATE_CONNECTION_ESTABLISHED l=1).mark_down
2024-05-17T04:23:44.175 INFO:teuthology.orchestra.run.smithi050.stdout:/usr/bin/ceph: stderr
2024-05-17T04:23:43.599+0000 7f7daae69700 1 --2- 172.21.15.50:0/209866505 >> [v2:172.21.15.50:6800/193225580,v1:172.21.15.50:6801/193225580] conn(0x7f7d9403e3d0 0x7f7d940408e0 secure :-1 s=READY pgs=8 cs=0 l=1 rev1=1 crypto rx=0x7f7d90006fd0 tx=0x7f7d90006e40 comp rx=0 tx=0).stop
2024-05-17T04:23:44.175 INFO:teuthology.orchestra.run.smithi050.stdout:/usr/bin/ceph: stderr
2024-05-17T04:23:43.599+0000 7f7daae69700 1 -- 172.21.15.50:0/209866505 >> [v2:172.21.15.50:3300/0,v1:172.21.15.50:6789/0] conn(0x7f7da4109ed0 msgr2=0x7f7da419d690 secure :-1 s=STATE_CONNECTION_ESTABLISHED l=1).mark_down
2024-05-17T04:23:44.175 INFO:teuthology.orchestra.run.smithi050.stdout:/usr/bin/ceph: stderr
2024-05-17T04:23:43.599+0000 7f7daae69700 1 --2- 172.21.15.50:0/209866505 >> [v2:172.21.15.50:3300/0,v1:172.21.15.50:6789/0] conn(0x7f7da4109ed0 0x7f7da419d690 secure :-1 s=READY pgs=23 cs=0 l=1 rev1=1 crypto rx=0x7f7d98003f20 tx=0x7f7d98011a60 comp rx=0 tx=0).stop
2024-05-17T04:23:44.175 INFO:teuthology.orchestra.run.smithi050.stdout:/usr/bin/ceph: stderr
2024-05-17T04:23:43.599+0000 7f7daae69700 1 -- 172.21.15.50:0/209866505 shutdown_connections
2024-05-17T04:23:44.175 INFO:teuthology.orchestra.run.smithi050.stdout:/usr/bin/ceph: stderr
2024-05-17T04:23:43.599+0000 7f7daae69700 1 --2- 172.21.15.50:0/209866505 >> [v2:172.21.15.50:6800/193225580,v1:172.21.15.50:6801/193225580] conn(0x7f7d9403e3d0 0x7f7d940408e0 unknown :-1 s=CLOSED pgs=8 cs=0 l=1 rev1=1 crypto rx=0 tx=0 comp rx=0 tx=0).stop
2024-05-17T04:23:44.175 INFO:teuthology.orchestra.run.smithi050.stdout:/usr/bin/ceph: stderr
2024-05-17T04:23:43.599+0000 7f7daae69700 1 --2- 172.21.15.50:0/209866505 >> [v2:172.21.15.50:3300/0,v1:172.21.15.50:6789/0] conn(0x7f7da4109ed0 0x7f7da419d690 unknown :-1 s=CLOSED pgs=23 cs=0 l=1 rev1=1 crypto rx=0 tx=0 comp rx=0 tx=0).stop
2024-05-17T04:23:44.175 INFO:teuthology.orchestra.run.smithi050.stdout:/usr/bin/ceph: stderr
2024-05-17T04:23:43.599+0000 7f7daae69700 1 -- 172.21.15.50:0/209866505 >> 172.21.15.50:0/209866505 conn(0x7f7da4103a40 msgr2=0x7f7da41043f0 unknown :-1 s=STATE_NONE l=0).mark_down
2024-05-17T04:23:44.176 INFO:teuthology.orchestra.run.smithi050.stdout:/usr/bin/ceph: stderr
2024-05-17T04:23:43.600+0000 7f7daae69700 1 -- 172.21.15.50:0/209866505 shutdown_connections
2024-05-17T04:23:44.176 INFO:teuthology.orchestra.run.smithi050.stdout:/usr/bin/ceph: stderr
2024-05-17T04:23:43.600+0000 7f7daae69700 1 -- 172.21.15.50:0/209866505 wait complete.
2024-05-17T04:23:44.390 INFO:journalctl@ceph.mgr.x.smithi050.stdout:May 17 04:23:44 smithi050 ceph-0b3ae782-1405-11ef-bc9a-c7b262605968-mgr-x[31963]:
2024-05-17T04:23:44.109+0000 7fb99e379200 -1 mgr[py] Module snap_schedule has missing NOTIFY_TYPES member
2024-05-17T04:23:44.680 INFO:journalctl@ceph.mon.a.smithi050.stdout:May 17 04:23:44 smithi050 ceph-mon[31739]: from='client.? 172.21.15.50:0/209866505' entity='client.admin' cmd='[{"prefix": "mgr module enable", "module": "cephadm"}]': finished
2024-05-17T04:23:44.680 INFO:journalctl@ceph.mon.a.smithi050.stdout:May 17 04:23:44 smithi050 ceph-mon[31739]: mgrmap e5: x(active, since 5s)
2024-05-17T04:23:44.680 INFO:journalctl@ceph.mgr.x.smithi050.stdout:May 17 04:23:44 smithi050 ceph-0b3ae782-1405-11ef-bc9a-c7b262605968-mgr-x[31963]:
2024-05-17T04:23:44.446+0000 7fb99e379200 -1 mgr[py] Module progress has missing NOTIFY_TYPES member
2024-05-17T04:23:44.680 INFO:journalctl@ceph.mgr.x.smithi050.stdout:May 17 04:23:44 smithi050 ceph-0b3ae782-1405-11ef-bc9a-c7b262605968-mgr-x[31963]:
2024-05-17T04:23:44.540+0000 7fb99e379200 -1 mgr[py] Module influx has missing NOTIFY_TYPES member
2024-05-17T04:23:45.458 INFO:teuthology.orchestra.run.smithi050.stdout:/usr/bin/ceph: stdout {
2024-05-17T04:23:45.464 INFO:teuthology.orchestra.run.smithi050.stdout:/usr/bin/ceph: stdout "epoch": 5,
2024-05-17T04:23:45.464 INFO:teuthology.orchestra.run.smithi050.stdout:/usr/bin/ceph: stdout "available": true,
2024-05-17T04:23:45.464 INFO:teuthology.orchestra.run.smithi050.stdout:/usr/bin/ceph: stdout "active_name": "x",
2024-05-17T04:23:45.464 INFO:teuthology.orchestra.run.smithi050.stdout:/usr/bin/ceph: stdout "num_standby": 0
2024-05-17T04:23:45.464 INFO:teuthology.orchestra.run.smithi050.stdout:/usr/bin/ceph: stdout }
2024-05-17T04:23:45.464 INFO:teuthology.orchestra.run.smithi050.stdout:/usr/bin/ceph: stderr
2024-05-17T04:23:44.615+0000 7f37380db700 1 Processor -- start
2024-05-17T04:23:45.464 INFO:teuthology.orchestra.run.smithi050.stdout:/usr/bin/ceph: stderr
2024-05-17T04:23:44.616+0000 7f37380db700 1 -- start start
2024-05-17T04:23:45.464 INFO:teuthology.orchestra.run.smithi050.stdout:/usr/bin/ceph: stderr
2024-05-17T04:23:44.616+0000 7f37380db700 1 --2- >> [v2:172.21.15.50:3300/0,v1:172.21.15.50:6789/0] conn(0x7f37301097f0 0x7f3730109c00 unknown :-1 s=NONE pgs=0 cs=0 l=0 rev1=0 crypto rx=0 tx=0 comp rx=0 tx=0).connect
2024-05-17T04:23:45.465 INFO:teuthology.orchestra.run.smithi050.stdout:/usr/bin/ceph: stderr
2024-05-17T04:23:44.616+0000 7f37380db700 1 -- --> [v2:172.21.15.50:3300/0,v1:172.21.15.50:6789/0] -- mon_getmap magic: 0 -- 0x7f373010a1d0 con 0x7f37301097f0
2024-05-17T04:23:45.465 INFO:teuthology.orchestra.run.smithi050.stdout:/usr/bin/ceph: stderr
2024-05-17T04:23:44.616+0000 7f3735e77700 1 --2- >> [v2:172.21.15.50:3300/0,v1:172.21.15.50:6789/0] conn(0x7f37301097f0 0x7f3730109c00 unknown :-1 s=BANNER_CONNECTING pgs=0 cs=0 l=0 rev1=0 crypto rx=0 tx=0 comp rx=0 tx=0)._handle_peer_banner_payload supported=3 required=0
2024-05-17T04:23:45.465 INFO:teuthology.orchestra.run.smithi050.stdout:/usr/bin/ceph: stderr
2024-05-17T04:23:44.616+0000 7f3735e77700 1 --2- >> [v2:172.21.15.50:3300/0,v1:172.21.15.50:6789/0] conn(0x7f37301097f0 0x7f3730109c00 unknown :-1 s=HELLO_CONNECTING pgs=0 cs=0 l=0 rev1=1 crypto rx=0 tx=0 comp rx=0 tx=0).handle_hello peer v2:172.21.15.50:3300/0 says I am v2:172.21.15.50:40362/0 (socket says 172.21.15.50:40362)
2024-05-17T04:23:45.465 INFO:teuthology.orchestra.run.smithi050.stdout:/usr/bin/ceph: stderr
2024-05-17T04:23:44.616+0000 7f3735e77700 1 -- 172.21.15.50:0/1787679220 learned_addr learned my addr 172.21.15.50:0/1787679220 (peer_addr_for_me v2:172.21.15.50:0/0)
2024-05-17T04:23:45.465 INFO:teuthology.orchestra.run.smithi050.stdout:/usr/bin/ceph: stderr
2024-05-17T04:23:44.617+0000 7f3735e77700 1 -- 172.21.15.50:0/1787679220 --> [v2:172.21.15.50:3300/0,v1:172.21.15.50:6789/0] -- mon_subscribe({config=0+,monmap=0+}) -- 0x7f373010a350 con 0x7f37301097f0
2024-05-17T04:23:45.465 INFO:teuthology.orchestra.run.smithi050.stdout:/usr/bin/ceph: stderr
2024-05-17T04:23:44.617+0000 7f3735e77700 1 --2- 172.21.15.50:0/1787679220 >> [v2:172.21.15.50:3300/0,v1:172.21.15.50:6789/0] conn(0x7f37301097f0 0x7f3730109c00 secure :-1 s=READY pgs=26 cs=0 l=1 rev1=1 crypto rx=0x7f372c0098a0 tx=0x7f372c009bb0 comp rx=0 tx=0).ready entity=mon.0 client_cookie=50fd244b72c079ff server_cookie=0 in_seq=0 out_seq=0
2024-05-17T04:23:45.465 INFO:teuthology.orchestra.run.smithi050.stdout:/usr/bin/ceph: stderr
2024-05-17T04:23:44.617+0000 7f3734e75700 1 -- 172.21.15.50:0/1787679220 <== mon.0 v2:172.21.15.50:3300/0 1 ==== mon_map magic: 0 ==== 205+0+0 (secure 0 0 0) 0x7f372c004160 con 0x7f37301097f0
2024-05-17T04:23:45.465 INFO:teuthology.orchestra.run.smithi050.stdout:/usr/bin/ceph: stderr
2024-05-17T04:23:44.617+0000 7f3734e75700 1 -- 172.21.15.50:0/1787679220 <== mon.0 v2:172.21.15.50:3300/0 2 ==== config(25 keys) ==== 1032+0+0 (secure 0 0 0) 0x7f372c004300 con 0x7f37301097f0
2024-05-17T04:23:45.465 INFO:teuthology.orchestra.run.smithi050.stdout:/usr/bin/ceph: stderr
2024-05-17T04:23:44.617+0000 7f3734e75700 1 -- 172.21.15.50:0/1787679220 <== mon.0 v2:172.21.15.50:3300/0 3 ==== mon_map magic: 0 ==== 205+0+0 (secure 0 0 0) 0x7f372c0119e0 con 0x7f37301097f0
2024-05-17T04:23:45.465 INFO:teuthology.orchestra.run.smithi050.stdout:/usr/bin/ceph: stderr
2024-05-17T04:23:44.618+0000 7f37380db700 1 -- 172.21.15.50:0/1787679220 >> [v2:172.21.15.50:3300/0,v1:172.21.15.50:6789/0] conn(0x7f37301097f0 msgr2=0x7f3730109c00 secure :-1 s=STATE_CONNECTION_ESTABLISHED l=1).mark_down
2024-05-17T04:23:45.465 INFO:teuthology.orchestra.run.smithi050.stdout:/usr/bin/ceph: stderr
2024-05-17T04:23:44.618+0000 7f37380db700 1 --2- 172.21.15.50:0/1787679220 >> [v2:172.21.15.50:3300/0,v1:172.21.15.50:6789/0] conn(0x7f37301097f0 0x7f3730109c00 secure :-1 s=READY pgs=26 cs=0 l=1 rev1=1 crypto rx=0x7f372c0098a0 tx=0x7f372c009bb0 comp rx=0 tx=0).stop
2024-05-17T04:23:45.465 INFO:teuthology.orchestra.run.smithi050.stdout:/usr/bin/ceph: stderr
2024-05-17T04:23:44.618+0000 7f37380db700 1 -- 172.21.15.50:0/1787679220 shutdown_connections
2024-05-17T04:23:45.465 INFO:teuthology.orchestra.run.smithi050.stdout:/usr/bin/ceph: stderr
2024-05-17T04:23:44.618+0000 7f37380db700 1 --2- 172.21.15.50:0/1787679220 >> [v2:172.21.15.50:3300/0,v1:172.21.15.50:6789/0] conn(0x7f37301097f0 0x7f3730109c00 unknown :-1 s=CLOSED pgs=26 cs=0 l=1 rev1=1 crypto rx=0 tx=0 comp rx=0 tx=0).stop
2024-05-17T04:23:45.466 INFO:teuthology.orchestra.run.smithi050.stdout:/usr/bin/ceph: stderr
2024-05-17T04:23:44.618+0000 7f37380db700 1 -- 172.21.15.50:0/1787679220 >> 172.21.15.50:0/1787679220 conn(0x7f3730103270 msgr2=0x7f37301056c0 unknown :-1 s=STATE_NONE l=0).mark_down
2024-05-17T04:23:45.466 INFO:teuthology.orchestra.run.smithi050.stdout:/usr/bin/ceph: stderr
2024-05-17T04:23:44.618+0000 7f37380db700 1 -- 172.21.15.50:0/1787679220 shutdown_connections
2024-05-17T04:23:45.466 INFO:teuthology.orchestra.run.smithi050.stdout:/usr/bin/ceph: stderr
2024-05-17T04:23:44.618+0000 7f37380db700 1 -- 172.21.15.50:0/1787679220 wait complete.
2024-05-17T04:23:45.466 INFO:teuthology.orchestra.run.smithi050.stdout:/usr/bin/ceph: stderr
2024-05-17T04:23:44.619+0000 7f37380db700 1 Processor -- start
2024-05-17T04:23:45.466 INFO:teuthology.orchestra.run.smithi050.stdout:/usr/bin/ceph: stderr
2024-05-17T04:23:44.619+0000 7f37380db700 1 -- start start
2024-05-17T04:23:45.466 INFO:teuthology.orchestra.run.smithi050.stdout:/usr/bin/ceph: stderr
2024-05-17T04:23:44.619+0000 7f37380db700 1 --2- >> [v2:172.21.15.50:3300/0,v1:172.21.15.50:6789/0] conn(0x7f37301097f0 0x7f373019f830 unknown :-1 s=NONE pgs=0 cs=0 l=1 rev1=0 crypto rx=0 tx=0 comp rx=0 tx=0).connect
2024-05-17T04:23:45.466 INFO:teuthology.orchestra.run.smithi050.stdout:/usr/bin/ceph: stderr
2024-05-17T04:23:44.619+0000 7f37380db700 1 -- --> [v2:172.21.15.50:3300/0,v1:172.21.15.50:6789/0] -- mon_getmap magic: 0 -- 0x7f3730108150 con 0x7f37301097f0
2024-05-17T04:23:45.466 INFO:teuthology.orchestra.run.smithi050.stdout:/usr/bin/ceph: stderr
2024-05-17T04:23:44.619+0000 7f3735e77700 1 --2- >> [v2:172.21.15.50:3300/0,v1:172.21.15.50:6789/0] conn(0x7f37301097f0 0x7f373019f830 unknown :-1 s=BANNER_CONNECTING pgs=0 cs=0 l=1 rev1=0 crypto rx=0 tx=0 comp rx=0 tx=0)._handle_peer_banner_payload supported=3 required=0
2024-05-17T04:23:45.466 INFO:teuthology.orchestra.run.smithi050.stdout:/usr/bin/ceph: stderr
2024-05-17T04:23:44.619+0000 7f3735e77700 1 --2- >> [v2:172.21.15.50:3300/0,v1:172.21.15.50:6789/0] conn(0x7f37301097f0 0x7f373019f830 unknown :-1 s=HELLO_CONNECTING pgs=0 cs=0 l=1 rev1=1 crypto rx=0 tx=0 comp rx=0 tx=0).handle_hello peer v2:172.21.15.50:3300/0 says I am v2:172.21.15.50:40376/0 (socket says 172.21.15.50:40376)
2024-05-17T04:23:45.466 INFO:teuthology.orchestra.run.smithi050.stdout:/usr/bin/ceph: stderr
2024-05-17T04:23:44.619+0000 7f3735e77700 1 -- 172.21.15.50:0/1620717304 learned_addr learned my addr 172.21.15.50:0/1620717304 (peer_addr_for_me v2:172.21.15.50:0/0)
2024-05-17T04:23:45.466 INFO:teuthology.orchestra.run.smithi050.stdout:/usr/bin/ceph: stderr
2024-05-17T04:23:44.619+0000 7f3735e77700 1 -- 172.21.15.50:0/1620717304 --> [v2:172.21.15.50:3300/0,v1:172.21.15.50:6789/0] -- mon_subscribe({config=0+,monmap=0+}) -- 0x7f373019fd70 con 0x7f37301097f0
2024-05-17T04:23:45.466 INFO:teuthology.orchestra.run.smithi050.stdout:/usr/bin/ceph: stderr
2024-05-17T04:23:44.620+0000 7f3735e77700 1 --2- 172.21.15.50:0/1620717304 >> [v2:172.21.15.50:3300/0,v1:172.21.15.50:6789/0] conn(0x7f37301097f0 0x7f373019f830 secure :-1 s=READY pgs=27 cs=0 l=1 rev1=1 crypto rx=0x7f372c003f20 tx=0x7f372c011a60 comp rx=0 tx=0).ready entity=mon.0 client_cookie=0 server_cookie=0 in_seq=0 out_seq=0
2024-05-17T04:23:45.467 INFO:teuthology.orchestra.run.smithi050.stdout:/usr/bin/ceph: stderr
2024-05-17T04:23:44.620+0000 7f3726ffd700 1 -- 172.21.15.50:0/1620717304 <== mon.0 v2:172.21.15.50:3300/0 1 ==== mon_map magic: 0 ==== 205+0+0 (secure 0 0 0) 0x7f372c0038b0 con 0x7f37301097f0
2024-05-17T04:23:45.467 INFO:teuthology.orchestra.run.smithi050.stdout:/usr/bin/ceph: stderr
2024-05-17T04:23:44.620+0000 7f3726ffd700 1 -- 172.21.15.50:0/1620717304 <== mon.0 v2:172.21.15.50:3300/0 2 ==== config(25 keys) ==== 1032+0+0 (secure 0 0 0) 0x7f372c003a50 con 0x7f37301097f0
2024-05-17T04:23:45.467 INFO:teuthology.orchestra.run.smithi050.stdout:/usr/bin/ceph: stderr
2024-05-17T04:23:44.620+0000 7f3726ffd700 1 -- 172.21.15.50:0/1620717304 <== mon.0 v2:172.21.15.50:3300/0 3 ==== mon_map magic: 0 ==== 205+0+0 (secure 0 0 0) 0x7f372c0195a0 con 0x7f37301097f0
2024-05-17T04:23:45.467 INFO:teuthology.orchestra.run.smithi050.stdout:/usr/bin/ceph: stderr
2024-05-17T04:23:44.620+0000 7f37380db700 1 -- 172.21.15.50:0/1620717304 --> [v2:172.21.15.50:3300/0,v1:172.21.15.50:6789/0] -- mon_subscribe({mgrmap=0+}) -- 0x7f37301a0000 con 0x7f37301097f0
2024-05-17T04:23:45.467 INFO:teuthology.orchestra.run.smithi050.stdout:/usr/bin/ceph: stderr
2024-05-17T04:23:44.620+0000 7f37380db700 1 -- 172.21.15.50:0/1620717304 --> [v2:172.21.15.50:3300/0,v1:172.21.15.50:6789/0] -- mon_subscribe({osdmap=0}) -- 0x7f37301a2c10 con 0x7f37301097f0
2024-05-17T04:23:45.467 INFO:teuthology.orchestra.run.smithi050.stdout:/usr/bin/ceph: stderr
2024-05-17T04:23:44.621+0000 7f3726ffd700 1 -- 172.21.15.50:0/1620717304 <== mon.0 v2:172.21.15.50:3300/0 4 ==== mgrmap(e 5) ==== 50222+0+0 (secure 0 0 0) 0x7f372c019860 con 0x7f37301097f0
2024-05-17T04:23:45.467 INFO:teuthology.orchestra.run.smithi050.stdout:/usr/bin/ceph: stderr
2024-05-17T04:23:44.621+0000 7f37380db700 1 -- 172.21.15.50:0/1620717304 --> [v2:172.21.15.50:3300/0,v1:172.21.15.50:6789/0] -- mon_command({"prefix": "get_command_descriptions"} v 0) -- 0x7f3730109c00 con 0x7f37301097f0
2024-05-17T04:23:45.467 INFO:teuthology.orchestra.run.smithi050.stdout:/usr/bin/ceph: stderr
2024-05-17T04:23:44.621+0000 7f3726ffd700 1 --2- 172.21.15.50:0/1620717304 >> [v2:172.21.15.50:6800/193225580,v1:172.21.15.50:6801/193225580] conn(0x7f371c03e420 0x7f371c040930 unknown :-1 s=NONE pgs=0 cs=0 l=1 rev1=0 crypto rx=0 tx=0 comp rx=0 tx=0).connect
2024-05-17T04:23:45.467 INFO:teuthology.orchestra.run.smithi050.stdout:/usr/bin/ceph: stderr
2024-05-17T04:23:44.622+0000 7f3735676700 1 -- 172.21.15.50:0/1620717304 >> [v2:172.21.15.50:6800/193225580,v1:172.21.15.50:6801/193225580] conn(0x7f371c03e420 msgr2=0x7f371c040930 unknown :-1 s=STATE_CONNECTING_RE l=1).process reconnect failed to v2:172.21.15.50:6800/193225580
2024-05-17T04:23:45.467 INFO:teuthology.orchestra.run.smithi050.stdout:/usr/bin/ceph: stderr
2024-05-17T04:23:44.622+0000 7f3726ffd700 1 -- 172.21.15.50:0/1620717304 <== mon.0 v2:172.21.15.50:3300/0 5 ==== osd_map(1..1 src has 1..1) ==== 725+0+0 (secure 0 0 0) 0x7f372c053bd0 con 0x7f37301097f0
2024-05-17T04:23:45.467 INFO:teuthology.orchestra.run.smithi050.stdout:/usr/bin/ceph: stderr
2024-05-17T04:23:44.622+0000 7f3735676700 1 --2- 172.21.15.50:0/1620717304 >> [v2:172.21.15.50:6800/193225580,v1:172.21.15.50:6801/193225580] conn(0x7f371c03e420 0x7f371c040930 unknown :-1 s=START_CONNECT pgs=0 cs=0 l=1 rev1=0 crypto rx=0 tx=0 comp rx=0 tx=0)._fault waiting 0.200000
2024-05-17T04:23:45.467 INFO:teuthology.orchestra.run.smithi050.stdout:/usr/bin/ceph: stderr
2024-05-17T04:23:44.631+0000 7f3726ffd700 1 -- 172.21.15.50:0/1620717304 <== mon.0 v2:172.21.15.50:3300/0 6 ==== mon_command_ack([{"prefix": "get_command_descriptions"}]=0 v0) ==== 72+0+191963 (secure 0 0 0) 0x7f372c017e90 con 0x7f37301097f0
2024-05-17T04:23:45.468 INFO:teuthology.orchestra.run.smithi050.stdout:/usr/bin/ceph: stderr
2024-05-17T04:23:44.823+0000 7f3735676700 1 -- 172.21.15.50:0/1620717304 >> [v2:172.21.15.50:6800/193225580,v1:172.21.15.50:6801/193225580] conn(0x7f371c03e420 msgr2=0x7f371c040930 unknown :-1 s=STATE_CONNECTING_RE l=1).process reconnect failed to v2:172.21.15.50:6800/193225580
2024-05-17T04:23:45.468 INFO:teuthology.orchestra.run.smithi050.stdout:/usr/bin/ceph: stderr
2024-05-17T04:23:44.823+0000 7f3735676700 1 --2- 172.21.15.50:0/1620717304 >> [v2:172.21.15.50:6800/193225580,v1:172.21.15.50:6801/193225580] conn(0x7f371c03e420 0x7f371c040930 unknown :-1 s=START_CONNECT pgs=0 cs=0 l=1 rev1=0 crypto rx=0 tx=0 comp rx=0 tx=0)._fault waiting 0.400000
2024-05-17T04:23:45.468 INFO:teuthology.orchestra.run.smithi050.stdout:/usr/bin/ceph: stderr
2024-05-17T04:23:44.908+0000 7f37380db700 1 -- 172.21.15.50:0/1620717304 --> [v2:172.21.15.50:3300/0,v1:172.21.15.50:6789/0] -- mon_command({"prefix": "mgr stat"} v 0) -- 0x7f3730198a20 con 0x7f37301097f0
2024-05-17T04:23:45.468 INFO:teuthology.orchestra.run.smithi050.stdout:/usr/bin/ceph: stderr
2024-05-17T04:23:44.908+0000 7f3726ffd700 1 -- 172.21.15.50:0/1620717304 <== mon.0 v2:172.21.15.50:3300/0 7 ==== mon_command_ack([{"prefix": "mgr stat"}]=0 v5) ==== 56+0+88 (secure 0 0 0) 0x7f3730198a20 con 0x7f37301097f0
2024-05-17T04:23:45.468 INFO:teuthology.orchestra.run.smithi050.stdout:/usr/bin/ceph: stderr
2024-05-17T04:23:44.911+0000 7f37380db700 1 -- 172.21.15.50:0/1620717304 >> [v2:172.21.15.50:6800/193225580,v1:172.21.15.50:6801/193225580] conn(0x7f371c03e420 msgr2=0x7f371c040930 unknown :-1 s=STATE_CONNECTING l=1).mark_down
2024-05-17T04:23:45.468 INFO:teuthology.orchestra.run.smithi050.stdout:/usr/bin/ceph: stderr
2024-05-17T04:23:44.911+0000 7f37380db700 1 --2- 172.21.15.50:0/1620717304 >> [v2:172.21.15.50:6800/193225580,v1:172.21.15.50:6801/193225580] conn(0x7f371c03e420 0x7f371c040930 unknown :-1 s=START_CONNECT pgs=0 cs=0 l=1 rev1=0 crypto rx=0 tx=0 comp rx=0 tx=0).stop
2024-05-17T04:23:45.468 INFO:teuthology.orchestra.run.smithi050.stdout:/usr/bin/ceph: stderr
2024-05-17T04:23:44.911+0000 7f37380db700 1 -- 172.21.15.50:0/1620717304 >> [v2:172.21.15.50:3300/0,v1:172.21.15.50:6789/0] conn(0x7f37301097f0 msgr2=0x7f373019f830 secure :-1 s=STATE_CONNECTION_ESTABLISHED l=1).mark_down
2024-05-17T04:23:45.468 INFO:teuthology.orchestra.run.smithi050.stdout:/usr/bin/ceph: stderr
2024-05-17T04:23:44.911+0000 7f37380db700 1 --2- 172.21.15.50:0/1620717304 >> [v2:172.21.15.50:3300/0,v1:172.21.15.50:6789/0] conn(0x7f37301097f0 0x7f373019f830 secure :-1 s=READY pgs=27 cs=0 l=1 rev1=1 crypto rx=0x7f372c003f20 tx=0x7f372c011a60 comp rx=0 tx=0).stop
2024-05-17T04:23:45.468 INFO:teuthology.orchestra.run.smithi050.stdout:/usr/bin/ceph: stderr
2024-05-17T04:23:44.911+0000 7f37380db700 1 -- 172.21.15.50:0/1620717304 shutdown_connections
2024-05-17T04:23:45.468 INFO:teuthology.orchestra.run.smithi050.stdout:/usr/bin/ceph: stderr
2024-05-17T04:23:44.911+0000 7f37380db700 1 --2- 172.21.15.50:0/1620717304 >> [v2:172.21.15.50:6800/193225580,v1:172.21.15.50:6801/193225580] conn(0x7f371c03e420 0x7f371c040930 unknown :-1 s=CLOSED pgs=0 cs=0 l=1 rev1=0 crypto rx=0 tx=0 comp rx=0 tx=0).stop
2024-05-17T04:23:45.468 INFO:teuthology.orchestra.run.smithi050.stdout:/usr/bin/ceph: stderr
2024-05-17T04:23:44.911+0000 7f37380db700 1 --2- 172.21.15.50:0/1620717304 >> [v2:172.21.15.50:3300/0,v1:172.21.15.50:6789/0] conn(0x7f37301097f0 0x7f373019f830 unknown :-1 s=CLOSED pgs=27 cs=0 l=1 rev1=1 crypto rx=0 tx=0 comp rx=0 tx=0).stop
2024-05-17T04:23:45.468 INFO:teuthology.orchestra.run.smithi050.stdout:/usr/bin/ceph: stderr
2024-05-17T04:23:44.911+0000 7f37380db700 1 -- 172.21.15.50:0/1620717304 >> 172.21.15.50:0/1620717304 conn(0x7f3730103270 msgr2=0x7f3730195ae0 unknown :-1 s=STATE_NONE l=0).mark_down
2024-05-17T04:23:45.469 INFO:teuthology.orchestra.run.smithi050.stdout:/usr/bin/ceph: stderr
2024-05-17T04:23:44.911+0000 7f37380db700 1 -- 172.21.15.50:0/1620717304 shutdown_connections
2024-05-17T04:23:45.469 INFO:teuthology.orchestra.run.smithi050.stdout:/usr/bin/ceph: stderr
2024-05-17T04:23:44.911+0000 7f37380db700 1 -- 172.21.15.50:0/1620717304 wait complete.
2024-05-17T04:23:45.469 INFO:teuthology.orchestra.run.smithi050.stdout:Waiting for the mgr to restart...
2024-05-17T04:23:45.469 INFO:teuthology.orchestra.run.smithi050.stdout:Waiting for mgr epoch 5...
2024-05-17T04:23:45.878 INFO:journalctl@ceph.mon.a.smithi050.stdout:May 17 04:23:45 smithi050 ceph-mon[31739]: from='client.? 172.21.15.50:0/1620717304' entity='client.admin' cmd=[{"prefix": "mgr stat"}]: dispatch
2024-05-17T04:23:46.204 INFO:journalctl@ceph.mgr.x.smithi050.stdout:May 17 04:23:45 smithi050 ceph-0b3ae782-1405-11ef-bc9a-c7b262605968-mgr-x[31963]:
2024-05-17T04:23:45.877+0000 7fb99e379200 -1 mgr[py] Module telegraf has missing NOTIFY_TYPES member
2024-05-17T04:23:46.204 INFO:journalctl@ceph.mgr.x.smithi050.stdout:May 17 04:23:46 smithi050 ceph-0b3ae782-1405-11ef-bc9a-c7b262605968-mgr-x[31963]:
2024-05-17T04:23:46.066+0000 7fb99e379200 -1 mgr[py] Module osd_support has missing NOTIFY_TYPES member
2024-05-17T04:23:46.552 INFO:journalctl@ceph.mgr.x.smithi050.stdout:May 17 04:23:46 smithi050 ceph-0b3ae782-1405-11ef-bc9a-c7b262605968-mgr-x[31963]:
2024-05-17T04:23:46.245+0000 7fb99e379200 -1 mgr[py] Module iostat has missing NOTIFY_TYPES member
2024-05-17T04:23:46.552 INFO:journalctl@ceph.mgr.x.smithi050.stdout:May 17 04:23:46 smithi050 ceph-0b3ae782-1405-11ef-bc9a-c7b262605968-mgr-x[31963]:
2024-05-17T04:23:46.551+0000 7fb99e379200 -1 mgr[py] Module alerts has missing NOTIFY_TYPES member
2024-05-17T04:23:46.826 INFO:journalctl@ceph.mgr.x.smithi050.stdout:May 17 04:23:46 smithi050 ceph-0b3ae782-1405-11ef-bc9a-c7b262605968-mgr-x[31963]:
2024-05-17T04:23:46.650+0000 7fb99e379200 -1 mgr[py] Module selftest has missing NOTIFY_TYPES member
2024-05-17T04:23:47.326 INFO:journalctl@ceph.mgr.x.smithi050.stdout:May 17 04:23:46 smithi050 ceph-0b3ae782-1405-11ef-bc9a-c7b262605968-mgr-x[31963]:
2024-05-17T04:23:46.863+0000 7fb99e379200 -1 mgr[py] Module pg_autoscaler has missing NOTIFY_TYPES member
2024-05-17T04:23:47.326 INFO:journalctl@ceph.mgr.x.smithi050.stdout:May 17 04:23:47 smithi050 ceph-0b3ae782-1405-11ef-bc9a-c7b262605968-mgr-x[31963]:
2024-05-17T04:23:47.067+0000 7fb99e379200 -1 mgr[py] Module test_orchestrator has missing NOTIFY_TYPES member
2024-05-17T04:23:48.076 INFO:journalctl@ceph.mgr.x.smithi050.stdout:May 17 04:23:47 smithi050 ceph-0b3ae782-1405-11ef-bc9a-c7b262605968-mgr-x[31963]:
2024-05-17T04:23:47.701+0000 7fb99e379200 -1 mgr[py] Module rook has missing NOTIFY_TYPES member
2024-05-17T04:23:48.076 INFO:journalctl@ceph.mgr.x.smithi050.stdout:May 17 04:23:47 smithi050 ceph-0b3ae782-1405-11ef-bc9a-c7b262605968-mgr-x[31963]:
2024-05-17T04:23:47.935+0000 7fb99e379200 -1 mgr[py] Module smb has missing NOTIFY_TYPES member
2024-05-17T04:23:48.826 INFO:journalctl@ceph.mgr.x.smithi050.stdout:May 17 04:23:48 smithi050 ceph-0b3ae782-1405-11ef-bc9a-c7b262605968-mgr-x[31963]:
2024-05-17T04:23:48.383+0000 7fb99e379200 -1 mgr[py] Module volumes has missing NOTIFY_TYPES member
2024-05-17T04:23:48.826 INFO:journalctl@ceph.mgr.x.smithi050.stdout:May 17 04:23:48 smithi050 ceph-0b3ae782-1405-11ef-bc9a-c7b262605968-mgr-x[31963]:
2024-05-17T04:23:48.486+0000 7fb99e379200 -1 mgr[py] Module crash has missing NOTIFY_TYPES member
2024-05-17T04:23:49.255 INFO:journalctl@ceph.mgr.x.smithi050.stdout:May 17 04:23:48 smithi050 ceph-0b3ae782-1405-11ef-bc9a-c7b262605968-mgr-x[31963]:
2024-05-17T04:23:48.876+0000 7fb99e379200 -1 mgr[py] Module rgw has missing NOTIFY_TYPES member
2024-05-17T04:23:49.576 INFO:journalctl@ceph.mgr.x.smithi050.stdout:May 17 04:23:49 smithi050 ceph-0b3ae782-1405-11ef-bc9a-c7b262605968-mgr-x[31963]:
2024-05-17T04:23:49.255+0000 7fb99e379200 -1 mgr[py] Module prometheus has missing NOTIFY_TYPES member
2024-05-17T04:23:49.576 INFO:journalctl@ceph.mgr.x.smithi050.stdout:May 17 04:23:49 smithi050 ceph-0b3ae782-1405-11ef-bc9a-c7b262605968-mgr-x[31963]:
2024-05-17T04:23:49.353+0000 7fb99e379200 -1 mgr[py] Module devicehealth has missing NOTIFY_TYPES member
2024-05-17T04:23:50.076 INFO:journalctl@ceph.mgr.x.smithi050.stdout:May 17 04:23:49 smithi050 ceph-0b3ae782-1405-11ef-bc9a-c7b262605968-mgr-x[31963]:
2024-05-17T04:23:49.612+0000 7fb99e379200 -1 mgr[py] Module telemetry has missing NOTIFY_TYPES member
2024-05-17T04:23:50.077 INFO:journalctl@ceph.mgr.x.smithi050.stdout:May 17 04:23:49 smithi050 ceph-0b3ae782-1405-11ef-bc9a-c7b262605968-mgr-x[31963]:
2024-05-17T04:23:49.752+0000 7fb99e379200 -1 mgr[py] Module diskprediction_local has missing NOTIFY_TYPES member
2024-05-17T04:23:50.077 INFO:journalctl@ceph.mgr.x.smithi050.stdout:May 17 04:23:49 smithi050 ceph-0b3ae782-1405-11ef-bc9a-c7b262605968-mgr-x[31963]:
2024-05-17T04:23:49.855+0000 7fb99e379200 -1 mgr[py] Module osd_perf_query has missing NOTIFY_TYPES member
2024-05-17T04:23:50.576 INFO:journalctl@ceph.mgr.x.smithi050.stdout:May 17 04:23:50 smithi050 ceph-0b3ae782-1405-11ef-bc9a-c7b262605968-mgr-x[31963]:
2024-05-17T04:23:50.196+0000 7fb99e379200 -1 mgr[py] Module rbd_support has missing NOTIFY_TYPES member
2024-05-17T04:23:50.576 INFO:journalctl@ceph.mgr.x.smithi050.stdout:May 17 04:23:50 smithi050 ceph-0b3ae782-1405-11ef-bc9a-c7b262605968-mgr-x[31963]:
2024-05-17T04:23:50.295+0000 7fb99e379200 -1 mgr[py] Module zabbix has missing NOTIFY_TYPES member
2024-05-17T04:23:51.215 INFO:journalctl@ceph.mgr.x.smithi050.stdout:May 17 04:23:50 smithi050 ceph-0b3ae782-1405-11ef-bc9a-c7b262605968-mgr-x[31963]:
2024-05-17T04:23:50.933+0000 7fb99e379200 -1 mgr[py] Module status has missing NOTIFY_TYPES member
2024-05-17T04:23:51.216 INFO:journalctl@ceph.mgr.x.smithi050.stdout:May 17 04:23:51 smithi050 ceph-0b3ae782-1405-11ef-bc9a-c7b262605968-mgr-x[31963]:
2024-05-17T04:23:51.162+0000 7fb99e379200 -1 mgr[py] Module nfs has missing NOTIFY_TYPES member
2024-05-17T04:23:51.576 INFO:journalctl@ceph.mon.a.smithi050.stdout:May 17 04:23:51 smithi050 ceph-mon[31739]: Active manager daemon x restarted
2024-05-17T04:23:51.576 INFO:journalctl@ceph.mon.a.smithi050.stdout:May 17 04:23:51 smithi050 ceph-mon[31739]: Activating manager daemon x
2024-05-17T04:23:51.577 INFO:journalctl@ceph.mon.a.smithi050.stdout:May 17 04:23:51 smithi050 ceph-mon[31739]: osdmap e2: 0 total, 0 up, 0 in
2024-05-17T04:23:51.577 INFO:journalctl@ceph.mon.a.smithi050.stdout:May 17 04:23:51 smithi050 ceph-mon[31739]: mgrmap e6: x(active, starting, since 0.0040529s)
2024-05-17T04:23:51.577 INFO:journalctl@ceph.mon.a.smithi050.stdout:May 17 04:23:51 smithi050 ceph-mon[31739]: from='mgr.14120 172.21.15.50:0/2884732173' entity='mgr.x' cmd=[{"prefix": "mon metadata", "id": "a"}]: dispatch
2024-05-17T04:23:51.577 INFO:journalctl@ceph.mon.a.smithi050.stdout:May 17 04:23:51 smithi050 ceph-mon[31739]: from='mgr.14120 172.21.15.50:0/2884732173' entity='mgr.x' cmd=[{"prefix": "mgr metadata", "who": "x", "id": "x"}]: dispatch
2024-05-17T04:23:51.577 INFO:journalctl@ceph.mon.a.smithi050.stdout:May 17 04:23:51 smithi050 ceph-mon[31739]: from='mgr.14120 172.21.15.50:0/2884732173' entity='mgr.x' cmd=[{"prefix": "mds metadata"}]: dispatch
2024-05-17T04:23:51.577 INFO:journalctl@ceph.mon.a.smithi050.stdout:May 17 04:23:51 smithi050 ceph-mon[31739]: from='mgr.14120 172.21.15.50:0/2884732173' entity='mgr.x' cmd=[{"prefix": "osd metadata"}]: dispatch
2024-05-17T04:23:51.577 INFO:journalctl@ceph.mon.a.smithi050.stdout:May 17 04:23:51 smithi050 ceph-mon[31739]: from='mgr.14120 172.21.15.50:0/2884732173' entity='mgr.x' cmd=[{"prefix": "mon metadata"}]: dispatch
2024-05-17T04:23:51.577 INFO:journalctl@ceph.mon.a.smithi050.stdout:May 17 04:23:51 smithi050 ceph-mon[31739]: Manager daemon x is now available
2024-05-17T04:23:51.577 INFO:journalctl@ceph.mon.a.smithi050.stdout:May 17 04:23:51 smithi050 ceph-mon[31739]: from='mgr.14120 172.21.15.50:0/2884732173' entity='mgr.x'
2024-05-17T04:23:51.577 INFO:journalctl@ceph.mon.a.smithi050.stdout:May 17 04:23:51 smithi050 ceph-mon[31739]: from='mgr.14120 172.21.15.50:0/2884732173' entity='mgr.x'
2024-05-17T04:23:51.577 INFO:journalctl@ceph.mon.a.smithi050.stdout:May 17 04:23:51 smithi050 ceph-mon[31739]: from='mgr.14120 172.21.15.50:0/2884732173' entity='mgr.x' cmd=[{"prefix": "config dump", "format": "json"}]: dispatch
2024-05-17T04:23:51.577 INFO:journalctl@ceph.mon.a.smithi050.stdout:May 17 04:23:51 smithi050 ceph-mon[31739]: from='mgr.14120 172.21.15.50:0/2884732173' entity='mgr.x' cmd=[{"prefix": "config dump", "format": "json"}]: dispatch
2024-05-17T04:23:52.494 INFO:journalctl@ceph.mon.a.smithi050.stdout:May 17 04:23:52 smithi050 ceph-mon[31739]: Found migration_current of "None". Setting to last migration.
2024-05-17T04:23:52.494 INFO:journalctl@ceph.mon.a.smithi050.stdout:May 17 04:23:52 smithi050 ceph-mon[31739]: from='mgr.14120 172.21.15.50:0/2884732173' entity='mgr.x' cmd=[{"prefix":"config rm","who":"mgr","name":"mgr/rbd_support/x/mirror_snapshot_schedule"}]: dispatch
2024-05-17T04:23:52.495 INFO:journalctl@ceph.mon.a.smithi050.stdout:May 17 04:23:52 smithi050 ceph-mon[31739]: from='mgr.14120 172.21.15.50:0/2884732173' entity='mgr.x' cmd=[{"prefix":"config rm","who":"mgr","name":"mgr/rbd_support/x/trash_purge_schedule"}]: dispatch
2024-05-17T04:23:52.495 INFO:journalctl@ceph.mon.a.smithi050.stdout:May 17 04:23:52 smithi050 ceph-mon[31739]: mgrmap e7: x(active, since 1.00695s)
2024-05-17T04:23:52.796 INFO:teuthology.orchestra.run.smithi050.stdout:/usr/bin/ceph: stdout {
2024-05-17T04:23:52.797 INFO:teuthology.orchestra.run.smithi050.stdout:/usr/bin/ceph: stdout "mgrmap_epoch": 7,
2024-05-17T04:23:52.797 INFO:teuthology.orchestra.run.smithi050.stdout:/usr/bin/ceph: stdout "initialized": true
2024-05-17T04:23:52.797 INFO:teuthology.orchestra.run.smithi050.stdout:/usr/bin/ceph: stdout }
2024-05-17T04:23:52.797 INFO:teuthology.orchestra.run.smithi050.stdout:/usr/bin/ceph: stderr
2024-05-17T04:23:45.996+0000 7f07d3955700 1 Processor -- start
2024-05-17T04:23:52.797 INFO:teuthology.orchestra.run.smithi050.stdout:/usr/bin/ceph: stderr
2024-05-17T04:23:45.997+0000 7f07d3955700 1 -- start start
2024-05-17T04:23:52.797 INFO:teuthology.orchestra.run.smithi050.stdout:/usr/bin/ceph: stderr
2024-05-17T04:23:45.997+0000 7f07d3955700 1 --2- >> [v2:172.21.15.50:3300/0,v1:172.21.15.50:6789/0] conn(0x7f07cc109e40 0x7f07cc10c260 unknown :-1 s=NONE pgs=0 cs=0 l=0 rev1=0 crypto rx=0 tx=0 comp rx=0 tx=0).connect
2024-05-17T04:23:52.797 INFO:teuthology.orchestra.run.smithi050.stdout:/usr/bin/ceph: stderr
2024-05-17T04:23:45.997+0000 7f07d3955700 1 -- --> [v2:172.21.15.50:3300/0,v1:172.21.15.50:6789/0] -- mon_getmap magic: 0 -- 0x7f07cc07cde0 con 0x7f07cc109e40
2024-05-17T04:23:52.798 INFO:teuthology.orchestra.run.smithi050.stdout:/usr/bin/ceph: stderr
2024-05-17T04:23:45.997+0000 7f07d16f1700 1 --2- >> [v2:172.21.15.50:3300/0,v1:172.21.15.50:6789/0] conn(0x7f07cc109e40 0x7f07cc10c260 unknown :-1 s=BANNER_CONNECTING pgs=0 cs=0 l=0 rev1=0 crypto rx=0 tx=0 comp rx=0 tx=0)._handle_peer_banner_payload supported=3 required=0
2024-05-17T04:23:52.798 INFO:teuthology.orchestra.run.smithi050.stdout:/usr/bin/ceph: stderr
2024-05-17T04:23:45.997+0000 7f07d16f1700 1 --2- >> [v2:172.21.15.50:3300/0,v1:172.21.15.50:6789/0] conn(0x7f07cc109e40 0x7f07cc10c260 unknown :-1 s=HELLO_CONNECTING pgs=0 cs=0 l=0 rev1=1 crypto rx=0 tx=0 comp rx=0 tx=0).handle_hello peer v2:172.21.15.50:3300/0 says I am v2:172.21.15.50:40384/0 (socket says 172.21.15.50:40384)
2024-05-17T04:23:52.798 INFO:teuthology.orchestra.run.smithi050.stdout:/usr/bin/ceph: stderr
2024-05-17T04:23:45.997+0000 7f07d16f1700 1 -- 172.21.15.50:0/1686915902 learned_addr learned my addr 172.21.15.50:0/1686915902 (peer_addr_for_me v2:172.21.15.50:0/0)
2024-05-17T04:23:52.798 INFO:teuthology.orchestra.run.smithi050.stdout:/usr/bin/ceph: stderr
2024-05-17T04:23:45.997+0000 7f07d16f1700 1 -- 172.21.15.50:0/1686915902 --> [v2:172.21.15.50:3300/0,v1:172.21.15.50:6789/0] -- mon_subscribe({config=0+,monmap=0+}) -- 0x7f07cc10c7a0 con 0x7f07cc109e40
2024-05-17T04:23:52.798 INFO:teuthology.orchestra.run.smithi050.stdout:/usr/bin/ceph: stderr
2024-05-17T04:23:45.998+0000 7f07d16f1700 1 --2- 172.21.15.50:0/1686915902 >> [v2:172.21.15.50:3300/0,v1:172.21.15.50:6789/0] conn(0x7f07cc109e40 0x7f07cc10c260 secure :-1 s=READY pgs=28 cs=0 l=1 rev1=1 crypto rx=0x7f07c00098a0 tx=0x7f07c0009bb0 comp rx=0 tx=0).ready entity=mon.0 client_cookie=48c2075451d76b82 server_cookie=0 in_seq=0 out_seq=0
2024-05-17T04:23:52.798 INFO:teuthology.orchestra.run.smithi050.stdout:/usr/bin/ceph: stderr
2024-05-17T04:23:45.998+0000 7f07bffff700 1 -- 172.21.15.50:0/1686915902 <== mon.0 v2:172.21.15.50:3300/0 1 ==== mon_map magic: 0 ==== 205+0+0 (secure 0 0 0) 0x7f07c0004160 con 0x7f07cc109e40
2024-05-17T04:23:52.798 INFO:teuthology.orchestra.run.smithi050.stdout:/usr/bin/ceph: stderr
2024-05-17T04:23:45.998+0000 7f07bffff700 1 -- 172.21.15.50:0/1686915902 <== mon.0 v2:172.21.15.50:3300/0 2 ==== config(25 keys) ==== 1032+0+0 (secure 0 0 0) 0x7f07c0004300 con 0x7f07cc109e40
2024-05-17T04:23:52.798 INFO:teuthology.orchestra.run.smithi050.stdout:/usr/bin/ceph: stderr
2024-05-17T04:23:45.998+0000 7f07bffff700 1 -- 172.21.15.50:0/1686915902 <== mon.0 v2:172.21.15.50:3300/0 3 ==== mon_map magic: 0 ==== 205+0+0 (secure 0 0 0) 0x7f07c00119e0 con 0x7f07cc109e40
2024-05-17T04:23:52.798 INFO:teuthology.orchestra.run.smithi050.stdout:/usr/bin/ceph: stderr
2024-05-17T04:23:45.999+0000 7f07d3955700 1 -- 172.21.15.50:0/1686915902 >> [v2:172.21.15.50:3300/0,v1:172.21.15.50:6789/0] conn(0x7f07cc109e40 msgr2=0x7f07cc10c260 secure :-1 s=STATE_CONNECTION_ESTABLISHED l=1).mark_down
2024-05-17T04:23:52.799 INFO:teuthology.orchestra.run.smithi050.stdout:/usr/bin/ceph: stderr
2024-05-17T04:23:45.999+0000 7f07d3955700 1 --2- 172.21.15.50:0/1686915902 >> [v2:172.21.15.50:3300/0,v1:172.21.15.50:6789/0] conn(0x7f07cc109e40 0x7f07cc10c260 secure :-1 s=READY pgs=28 cs=0 l=1 rev1=1 crypto rx=0x7f07c00098a0 tx=0x7f07c0009bb0 comp rx=0 tx=0).stop
2024-05-17T04:23:52.799 INFO:teuthology.orchestra.run.smithi050.stdout:/usr/bin/ceph: stderr
2024-05-17T04:23:45.999+0000 7f07d3955700 1 -- 172.21.15.50:0/1686915902 shutdown_connections
2024-05-17T04:23:52.799 INFO:teuthology.orchestra.run.smithi050.stdout:/usr/bin/ceph: stderr
2024-05-17T04:23:45.999+0000 7f07d3955700 1 --2- 172.21.15.50:0/1686915902 >> [v2:172.21.15.50:3300/0,v1:172.21.15.50:6789/0] conn(0x7f07cc109e40 0x7f07cc10c260 unknown :-1 s=CLOSED pgs=28 cs=0 l=1 rev1=1 crypto rx=0 tx=0 comp rx=0 tx=0).stop
2024-05-17T04:23:52.799 INFO:teuthology.orchestra.run.smithi050.stdout:/usr/bin/ceph: stderr
2024-05-17T04:23:45.999+0000 7f07d3955700 1 -- 172.21.15.50:0/1686915902 >> 172.21.15.50:0/1686915902 conn(0x7f07cc103af0 msgr2=0x7f07cc105f40 unknown :-1 s=STATE_NONE l=0).mark_down
2024-05-17T04:23:52.799 INFO:teuthology.orchestra.run.smithi050.stdout:/usr/bin/ceph: stderr
