2024-05-17T07:59:40.562+0000 7f20263cb700 1 --2- >> [v2:172.21.15.38:3300/0,v1:172.21.15.38:6789/0] conn(0x7f2020109aa0 0x7f2020109eb0 unknown :-1 s=HELLO_CONNECTING pgs=0 cs=0 l=0 rev1=1 crypto rx=0 tx=0 comp rx=0 tx=0).handle_hello peer v2:172.21.15.38:3300/0 says I am v2:172.21.15.38:53254/0 (socket says 172.21.15.38:53254)
2024-05-17T07:59:41.387 INFO:teuthology.orchestra.run.smithi038.stdout:/usr/bin/ceph: stderr
2024-05-17T07:59:40.562+0000 7f20263cb700 1 -- 172.21.15.38:0/3313305801 learned_addr learned my addr 172.21.15.38:0/3313305801 (peer_addr_for_me v2:172.21.15.38:0/0)
2024-05-17T07:59:41.387 INFO:teuthology.orchestra.run.smithi038.stdout:/usr/bin/ceph: stderr
2024-05-17T07:59:40.563+0000 7f20263cb700 1 -- 172.21.15.38:0/3313305801 --> [v2:172.21.15.38:3300/0,v1:172.21.15.38:6789/0] -- mon_subscribe({config=0+,monmap=0+}) -- 0x7f202010ac20 con 0x7f2020109aa0
2024-05-17T07:59:41.387 INFO:teuthology.orchestra.run.smithi038.stdout:/usr/bin/ceph: stderr
2024-05-17T07:59:40.563+0000 7f20263cb700 1 --2- 172.21.15.38:0/3313305801 >> [v2:172.21.15.38:3300/0,v1:172.21.15.38:6789/0] conn(0x7f2020109aa0 0x7f2020109eb0 secure :-1 s=READY pgs=24 cs=0 l=1 rev1=1 crypto rx=0x7f2010009e80 tx=0x7f201000b330 comp rx=0 tx=0).ready entity=mon.0 client_cookie=9759f47ac81e0359 server_cookie=0 in_seq=0 out_seq=0
2024-05-17T07:59:41.388 INFO:teuthology.orchestra.run.smithi038.stdout:/usr/bin/ceph: stderr
2024-05-17T07:59:40.563+0000 7f20253c9700 1 -- 172.21.15.38:0/3313305801 <== mon.0 v2:172.21.15.38:3300/0 1 ==== mon_map magic: 0 ==== 205+0+0 (secure 0 0 0) 0x7f2010017070 con 0x7f2020109aa0
2024-05-17T07:59:41.388 INFO:teuthology.orchestra.run.smithi038.stdout:/usr/bin/ceph: stderr
2024-05-17T07:59:40.563+0000 7f20253c9700 1 -- 172.21.15.38:0/3313305801 <== mon.0 v2:172.21.15.38:3300/0 2 ==== config(25 keys) ==== 1032+0+0 (secure 0 0 0) 0x7f201000b8c0 con 0x7f2020109aa0
2024-05-17T07:59:41.388 INFO:teuthology.orchestra.run.smithi038.stdout:/usr/bin/ceph: stderr
2024-05-17T07:59:40.563+0000 7f20253c9700 1 -- 172.21.15.38:0/3313305801 <== mon.0 v2:172.21.15.38:3300/0 3 ==== mon_map magic: 0 ==== 205+0+0 (secure 0 0 0) 0x7f2010004420 con 0x7f2020109aa0
2024-05-17T07:59:41.388 INFO:teuthology.orchestra.run.smithi038.stdout:/usr/bin/ceph: stderr
2024-05-17T07:59:40.564+0000 7f202862f700 1 -- 172.21.15.38:0/3313305801 >> [v2:172.21.15.38:3300/0,v1:172.21.15.38:6789/0] conn(0x7f2020109aa0 msgr2=0x7f2020109eb0 secure :-1 s=STATE_CONNECTION_ESTABLISHED l=1).mark_down
2024-05-17T07:59:41.388 INFO:teuthology.orchestra.run.smithi038.stdout:/usr/bin/ceph: stderr
2024-05-17T07:59:40.564+0000 7f202862f700 1 --2- 172.21.15.38:0/3313305801 >> [v2:172.21.15.38:3300/0,v1:172.21.15.38:6789/0] conn(0x7f2020109aa0 0x7f2020109eb0 secure :-1 s=READY pgs=24 cs=0 l=1 rev1=1 crypto rx=0x7f2010009e80 tx=0x7f201000b330 comp rx=0 tx=0).stop
2024-05-17T07:59:41.388 INFO:teuthology.orchestra.run.smithi038.stdout:/usr/bin/ceph: stderr
2024-05-17T07:59:40.564+0000 7f202862f700 1 -- 172.21.15.38:0/3313305801 shutdown_connections
2024-05-17T07:59:41.388 INFO:teuthology.orchestra.run.smithi038.stdout:/usr/bin/ceph: stderr
2024-05-17T07:59:40.564+0000 7f202862f700 1 --2- 172.21.15.38:0/3313305801 >> [v2:172.21.15.38:3300/0,v1:172.21.15.38:6789/0] conn(0x7f2020109aa0 0x7f2020109eb0 unknown :-1 s=CLOSED pgs=24 cs=0 l=1 rev1=1 crypto rx=0 tx=0 comp rx=0 tx=0).stop
2024-05-17T07:59:41.388 INFO:teuthology.orchestra.run.smithi038.stdout:/usr/bin/ceph: stderr
2024-05-17T07:59:40.564+0000 7f202862f700 1 -- 172.21.15.38:0/3313305801 >> 172.21.15.38:0/3313305801 conn(0x7f2020105180 msgr2=0x7f20201075d0 unknown :-1 s=STATE_NONE l=0).mark_down
2024-05-17T07:59:41.388 INFO:teuthology.orchestra.run.smithi038.stdout:/usr/bin/ceph: stderr
2024-05-17T07:59:40.564+0000 7f202862f700 1 -- 172.21.15.38:0/3313305801 shutdown_connections
2024-05-17T07:59:41.388 INFO:teuthology.orchestra.run.smithi038.stdout:/usr/bin/ceph: stderr
2024-05-17T07:59:40.564+0000 7f202862f700 1 -- 172.21.15.38:0/3313305801 wait complete.
2024-05-17T07:59:41.388 INFO:teuthology.orchestra.run.smithi038.stdout:/usr/bin/ceph: stderr
2024-05-17T07:59:40.565+0000 7f202862f700 1 Processor -- start
2024-05-17T07:59:41.388 INFO:teuthology.orchestra.run.smithi038.stdout:/usr/bin/ceph: stderr
2024-05-17T07:59:40.565+0000 7f202862f700 1 -- start start
2024-05-17T07:59:41.388 INFO:teuthology.orchestra.run.smithi038.stdout:/usr/bin/ceph: stderr
2024-05-17T07:59:40.565+0000 7f202862f700 1 --2- >> [v2:172.21.15.38:3300/0,v1:172.21.15.38:6789/0] conn(0x7f2020109aa0 0x7f202007f4a0 unknown :-1 s=NONE pgs=0 cs=0 l=1 rev1=0 crypto rx=0 tx=0 comp rx=0 tx=0).connect
2024-05-17T07:59:41.388 INFO:teuthology.orchestra.run.smithi038.stdout:/usr/bin/ceph: stderr
2024-05-17T07:59:40.565+0000 7f202862f700 1 -- --> [v2:172.21.15.38:3300/0,v1:172.21.15.38:6789/0] -- mon_getmap magic: 0 -- 0x7f202010dfd0 con 0x7f2020109aa0
2024-05-17T07:59:41.389 INFO:teuthology.orchestra.run.smithi038.stdout:/usr/bin/ceph: stderr
2024-05-17T07:59:40.565+0000 7f20263cb700 1 --2- >> [v2:172.21.15.38:3300/0,v1:172.21.15.38:6789/0] conn(0x7f2020109aa0 0x7f202007f4a0 unknown :-1 s=BANNER_CONNECTING pgs=0 cs=0 l=1 rev1=0 crypto rx=0 tx=0 comp rx=0 tx=0)._handle_peer_banner_payload supported=3 required=0
2024-05-17T07:59:41.389 INFO:teuthology.orchestra.run.smithi038.stdout:/usr/bin/ceph: stderr
2024-05-17T07:59:40.565+0000 7f20263cb700 1 --2- >> [v2:172.21.15.38:3300/0,v1:172.21.15.38:6789/0] conn(0x7f2020109aa0 0x7f202007f4a0 unknown :-1 s=HELLO_CONNECTING pgs=0 cs=0 l=1 rev1=1 crypto rx=0 tx=0 comp rx=0 tx=0).handle_hello peer v2:172.21.15.38:3300/0 says I am v2:172.21.15.38:53256/0 (socket says 172.21.15.38:53256)
2024-05-17T07:59:41.389 INFO:teuthology.orchestra.run.smithi038.stdout:/usr/bin/ceph: stderr
2024-05-17T07:59:40.565+0000 7f20263cb700 1 -- 172.21.15.38:0/4259789584 learned_addr learned my addr 172.21.15.38:0/4259789584 (peer_addr_for_me v2:172.21.15.38:0/0)
2024-05-17T07:59:41.389 INFO:teuthology.orchestra.run.smithi038.stdout:/usr/bin/ceph: stderr
2024-05-17T07:59:40.565+0000 7f20263cb700 1 -- 172.21.15.38:0/4259789584 --> [v2:172.21.15.38:3300/0,v1:172.21.15.38:6789/0] -- mon_subscribe({config=0+,monmap=0+}) -- 0x7f202007f9e0 con 0x7f2020109aa0
2024-05-17T07:59:41.389 INFO:teuthology.orchestra.run.smithi038.stdout:/usr/bin/ceph: stderr
2024-05-17T07:59:40.566+0000 7f20263cb700 1 --2- 172.21.15.38:0/4259789584 >> [v2:172.21.15.38:3300/0,v1:172.21.15.38:6789/0] conn(0x7f2020109aa0 0x7f202007f4a0 secure :-1 s=READY pgs=25 cs=0 l=1 rev1=1 crypto rx=0x7f201000bca0 tx=0x7f201000bd80 comp rx=0 tx=0).ready entity=mon.0 client_cookie=0 server_cookie=0 in_seq=0 out_seq=0
2024-05-17T07:59:41.389 INFO:teuthology.orchestra.run.smithi038.stdout:/usr/bin/ceph: stderr
2024-05-17T07:59:40.566+0000 7f201f7fe700 1 -- 172.21.15.38:0/4259789584 <== mon.0 v2:172.21.15.38:3300/0 1 ==== mon_map magic: 0 ==== 205+0+0 (secure 0 0 0) 0x7f2010020020 con 0x7f2020109aa0
2024-05-17T07:59:41.389 INFO:teuthology.orchestra.run.smithi038.stdout:/usr/bin/ceph: stderr
2024-05-17T07:59:40.566+0000 7f201f7fe700 1 -- 172.21.15.38:0/4259789584 <== mon.0 v2:172.21.15.38:3300/0 2 ==== config(25 keys) ==== 1032+0+0 (secure 0 0 0) 0x7f2010012430 con 0x7f2020109aa0
2024-05-17T07:59:41.389 INFO:teuthology.orchestra.run.smithi038.stdout:/usr/bin/ceph: stderr
2024-05-17T07:59:40.566+0000 7f202862f700 1 -- 172.21.15.38:0/4259789584 --> [v2:172.21.15.38:3300/0,v1:172.21.15.38:6789/0] -- mon_subscribe({mgrmap=0+}) -- 0x7f202007dc30 con 0x7f2020109aa0
2024-05-17T07:59:41.389 INFO:teuthology.orchestra.run.smithi038.stdout:/usr/bin/ceph: stderr
2024-05-17T07:59:40.566+0000 7f201f7fe700 1 -- 172.21.15.38:0/4259789584 <== mon.0 v2:172.21.15.38:3300/0 3 ==== mon_map magic: 0 ==== 205+0+0 (secure 0 0 0) 0x7f2010017040 con 0x7f2020109aa0
2024-05-17T07:59:41.389 INFO:teuthology.orchestra.run.smithi038.stdout:/usr/bin/ceph: stderr
2024-05-17T07:59:40.566+0000 7f202862f700 1 -- 172.21.15.38:0/4259789584 --> [v2:172.21.15.38:3300/0,v1:172.21.15.38:6789/0] -- mon_subscribe({osdmap=0}) -- 0x7f202007e170 con 0x7f2020109aa0
2024-05-17T07:59:41.389 INFO:teuthology.orchestra.run.smithi038.stdout:/usr/bin/ceph: stderr
2024-05-17T07:59:40.567+0000 7f202862f700 1 -- 172.21.15.38:0/4259789584 --> [v2:172.21.15.38:3300/0,v1:172.21.15.38:6789/0] -- mon_command({"prefix": "get_command_descriptions"} v 0) -- 0x7f2020064e10 con 0x7f2020109aa0
2024-05-17T07:59:41.389 INFO:teuthology.orchestra.run.smithi038.stdout:/usr/bin/ceph: stderr
2024-05-17T07:59:40.567+0000 7f201f7fe700 1 -- 172.21.15.38:0/4259789584 <== mon.0 v2:172.21.15.38:3300/0 4 ==== mgrmap(e 5) ==== 50222+0+0 (secure 0 0 0) 0x7f2010023020 con 0x7f2020109aa0
2024-05-17T07:59:41.389 INFO:teuthology.orchestra.run.smithi038.stdout:/usr/bin/ceph: stderr
2024-05-17T07:59:40.567+0000 7f201f7fe700 1 --2- 172.21.15.38:0/4259789584 >> [v2:172.21.15.38:6800/2782106703,v1:172.21.15.38:6801/2782106703] conn(0x7f200803e530 0x7f2008040a40 unknown :-1 s=NONE pgs=0 cs=0 l=1 rev1=0 crypto rx=0 tx=0 comp rx=0 tx=0).connect
2024-05-17T07:59:41.390 INFO:teuthology.orchestra.run.smithi038.stdout:/usr/bin/ceph: stderr
2024-05-17T07:59:40.567+0000 7f201f7fe700 1 -- 172.21.15.38:0/4259789584 <== mon.0 v2:172.21.15.38:3300/0 5 ==== osd_map(1..1 src has 1..1) ==== 725+0+0 (secure 0 0 0) 0x7f201000f050 con 0x7f2020109aa0
2024-05-17T07:59:41.390 INFO:teuthology.orchestra.run.smithi038.stdout:/usr/bin/ceph: stderr
2024-05-17T07:59:40.567+0000 7f2025bca700 1 -- 172.21.15.38:0/4259789584 >> [v2:172.21.15.38:6800/2782106703,v1:172.21.15.38:6801/2782106703] conn(0x7f200803e530 msgr2=0x7f2008040a40 unknown :-1 s=STATE_CONNECTING_RE l=1).process reconnect failed to v2:172.21.15.38:6800/2782106703
2024-05-17T07:59:41.390 INFO:teuthology.orchestra.run.smithi038.stdout:/usr/bin/ceph: stderr
2024-05-17T07:59:40.568+0000 7f2025bca700 1 --2- 172.21.15.38:0/4259789584 >> [v2:172.21.15.38:6800/2782106703,v1:172.21.15.38:6801/2782106703] conn(0x7f200803e530 0x7f2008040a40 unknown :-1 s=START_CONNECT pgs=0 cs=0 l=1 rev1=0 crypto rx=0 tx=0 comp rx=0 tx=0)._fault waiting 0.200000
2024-05-17T07:59:41.390 INFO:teuthology.orchestra.run.smithi038.stdout:/usr/bin/ceph: stderr
2024-05-17T07:59:40.573+0000 7f201f7fe700 1 -- 172.21.15.38:0/4259789584 <== mon.0 v2:172.21.15.38:3300/0 6 ==== mon_command_ack([{"prefix": "get_command_descriptions"}]=0 v0) ==== 72+0+191963 (secure 0 0 0) 0x7f201002a020 con 0x7f2020109aa0
2024-05-17T07:59:41.390 INFO:teuthology.orchestra.run.smithi038.stdout:/usr/bin/ceph: stderr
2024-05-17T07:59:40.769+0000 7f2025bca700 1 -- 172.21.15.38:0/4259789584 >> [v2:172.21.15.38:6800/2782106703,v1:172.21.15.38:6801/2782106703] conn(0x7f200803e530 msgr2=0x7f2008040a40 unknown :-1 s=STATE_CONNECTING_RE l=1).process reconnect failed to v2:172.21.15.38:6800/2782106703
2024-05-17T07:59:41.390 INFO:teuthology.orchestra.run.smithi038.stdout:/usr/bin/ceph: stderr
2024-05-17T07:59:40.769+0000 7f2025bca700 1 --2- 172.21.15.38:0/4259789584 >> [v2:172.21.15.38:6800/2782106703,v1:172.21.15.38:6801/2782106703] conn(0x7f200803e530 0x7f2008040a40 unknown :-1 s=START_CONNECT pgs=0 cs=0 l=1 rev1=0 crypto rx=0 tx=0 comp rx=0 tx=0)._fault waiting 0.400000
2024-05-17T07:59:41.390 INFO:teuthology.orchestra.run.smithi038.stdout:/usr/bin/ceph: stderr
2024-05-17T07:59:40.848+0000 7f202862f700 1 -- 172.21.15.38:0/4259789584 --> [v2:172.21.15.38:3300/0,v1:172.21.15.38:6789/0] -- mon_command({"prefix": "mgr stat"} v 0) -- 0x7f202007e850 con 0x7f2020109aa0
2024-05-17T07:59:41.390 INFO:teuthology.orchestra.run.smithi038.stdout:/usr/bin/ceph: stderr
2024-05-17T07:59:40.849+0000 7f201f7fe700 1 -- 172.21.15.38:0/4259789584 <== mon.0 v2:172.21.15.38:3300/0 7 ==== mon_command_ack([{"prefix": "mgr stat"}]=0 v5) ==== 56+0+88 (secure 0 0 0) 0x7f20100530e0 con 0x7f2020109aa0
2024-05-17T07:59:41.390 INFO:teuthology.orchestra.run.smithi038.stdout:/usr/bin/ceph: stderr
2024-05-17T07:59:40.851+0000 7f202862f700 1 -- 172.21.15.38:0/4259789584 >> [v2:172.21.15.38:6800/2782106703,v1:172.21.15.38:6801/2782106703] conn(0x7f200803e530 msgr2=0x7f2008040a40 unknown :-1 s=STATE_CONNECTING l=1).mark_down
2024-05-17T07:59:41.390 INFO:teuthology.orchestra.run.smithi038.stdout:/usr/bin/ceph: stderr
2024-05-17T07:59:40.851+0000 7f202862f700 1 --2- 172.21.15.38:0/4259789584 >> [v2:172.21.15.38:6800/2782106703,v1:172.21.15.38:6801/2782106703] conn(0x7f200803e530 0x7f2008040a40 unknown :-1 s=START_CONNECT pgs=0 cs=0 l=1 rev1=0 crypto rx=0 tx=0 comp rx=0 tx=0).stop
2024-05-17T07:59:41.390 INFO:teuthology.orchestra.run.smithi038.stdout:/usr/bin/ceph: stderr
2024-05-17T07:59:40.851+0000 7f202862f700 1 -- 172.21.15.38:0/4259789584 >> [v2:172.21.15.38:3300/0,v1:172.21.15.38:6789/0] conn(0x7f2020109aa0 msgr2=0x7f202007f4a0 secure :-1 s=STATE_CONNECTION_ESTABLISHED l=1).mark_down
2024-05-17T07:59:41.390 INFO:teuthology.orchestra.run.smithi038.stdout:/usr/bin/ceph: stderr
2024-05-17T07:59:40.851+0000 7f202862f700 1 --2- 172.21.15.38:0/4259789584 >> [v2:172.21.15.38:3300/0,v1:172.21.15.38:6789/0] conn(0x7f2020109aa0 0x7f202007f4a0 secure :-1 s=READY pgs=25 cs=0 l=1 rev1=1 crypto rx=0x7f201000bca0 tx=0x7f201000bd80 comp rx=0 tx=0).stop
2024-05-17T07:59:41.391 INFO:teuthology.orchestra.run.smithi038.stdout:/usr/bin/ceph: stderr
2024-05-17T07:59:40.851+0000 7f202862f700 1 -- 172.21.15.38:0/4259789584 shutdown_connections
2024-05-17T07:59:41.391 INFO:teuthology.orchestra.run.smithi038.stdout:/usr/bin/ceph: stderr
2024-05-17T07:59:40.851+0000 7f202862f700 1 --2- 172.21.15.38:0/4259789584 >> [v2:172.21.15.38:6800/2782106703,v1:172.21.15.38:6801/2782106703] conn(0x7f200803e530 0x7f2008040a40 unknown :-1 s=CLOSED pgs=0 cs=0 l=1 rev1=0 crypto rx=0 tx=0 comp rx=0 tx=0).stop
2024-05-17T07:59:41.391 INFO:teuthology.orchestra.run.smithi038.stdout:/usr/bin/ceph: stderr
2024-05-17T07:59:40.851+0000 7f202862f700 1 --2- 172.21.15.38:0/4259789584 >> [v2:172.21.15.38:3300/0,v1:172.21.15.38:6789/0] conn(0x7f2020109aa0 0x7f202007f4a0 unknown :-1 s=CLOSED pgs=25 cs=0 l=1 rev1=1 crypto rx=0 tx=0 comp rx=0 tx=0).stop
2024-05-17T07:59:41.391 INFO:teuthology.orchestra.run.smithi038.stdout:/usr/bin/ceph: stderr
2024-05-17T07:59:40.851+0000 7f202862f700 1 -- 172.21.15.38:0/4259789584 >> 172.21.15.38:0/4259789584 conn(0x7f2020105180 msgr2=0x7f2020106aa0 unknown :-1 s=STATE_NONE l=0).mark_down
2024-05-17T07:59:41.391 INFO:teuthology.orchestra.run.smithi038.stdout:/usr/bin/ceph: stderr
2024-05-17T07:59:40.851+0000 7f202862f700 1 -- 172.21.15.38:0/4259789584 shutdown_connections
2024-05-17T07:59:41.391 INFO:teuthology.orchestra.run.smithi038.stdout:/usr/bin/ceph: stderr
2024-05-17T07:59:40.851+0000 7f202862f700 1 -- 172.21.15.38:0/4259789584 wait complete.
2024-05-17T07:59:41.391 INFO:teuthology.orchestra.run.smithi038.stdout:Waiting for the mgr to restart...
2024-05-17T07:59:41.391 INFO:teuthology.orchestra.run.smithi038.stdout:Waiting for mgr epoch 5...
2024-05-17T07:59:41.638 INFO:journalctl@ceph.mgr.x.smithi038.stdout:May 17 07:59:41 smithi038 ceph-37635d30-1423-11ef-bc9a-c7b262605968-mgr-x[31856]:
2024-05-17T07:59:41.479+0000 7fcdcebe4200 -1 mgr[py] Module osd_support has missing NOTIFY_TYPES member
2024-05-17T07:59:41.974 INFO:journalctl@ceph.mgr.x.smithi038.stdout:May 17 07:59:41 smithi038 ceph-37635d30-1423-11ef-bc9a-c7b262605968-mgr-x[31856]:
2024-05-17T07:59:41.660+0000 7fcdcebe4200 -1 mgr[py] Module iostat has missing NOTIFY_TYPES member
2024-05-17T07:59:41.974 INFO:journalctl@ceph.mgr.x.smithi038.stdout:May 17 07:59:41 smithi038 ceph-37635d30-1423-11ef-bc9a-c7b262605968-mgr-x[31856]:
2024-05-17T07:59:41.973+0000 7fcdcebe4200 -1 mgr[py] Module alerts has missing NOTIFY_TYPES member
2024-05-17T07:59:42.262 INFO:journalctl@ceph.mgr.x.smithi038.stdout:May 17 07:59:42 smithi038 ceph-37635d30-1423-11ef-bc9a-c7b262605968-mgr-x[31856]:
2024-05-17T07:59:42.072+0000 7fcdcebe4200 -1 mgr[py] Module selftest has missing NOTIFY_TYPES member
2024-05-17T07:59:42.762 INFO:journalctl@ceph.mgr.x.smithi038.stdout:May 17 07:59:42 smithi038 ceph-37635d30-1423-11ef-bc9a-c7b262605968-mgr-x[31856]:
2024-05-17T07:59:42.284+0000 7fcdcebe4200 -1 mgr[py] Module pg_autoscaler has missing NOTIFY_TYPES member
2024-05-17T07:59:42.763 INFO:journalctl@ceph.mgr.x.smithi038.stdout:May 17 07:59:42 smithi038 ceph-37635d30-1423-11ef-bc9a-c7b262605968-mgr-x[31856]:
2024-05-17T07:59:42.489+0000 7fcdcebe4200 -1 mgr[py] Module test_orchestrator has missing NOTIFY_TYPES member
2024-05-17T07:59:43.512 INFO:journalctl@ceph.mgr.x.smithi038.stdout:May 17 07:59:43 smithi038 ceph-37635d30-1423-11ef-bc9a-c7b262605968-mgr-x[31856]:
2024-05-17T07:59:43.124+0000 7fcdcebe4200 -1 mgr[py] Module rook has missing NOTIFY_TYPES member
2024-05-17T07:59:43.512 INFO:journalctl@ceph.mgr.x.smithi038.stdout:May 17 07:59:43 smithi038 ceph-37635d30-1423-11ef-bc9a-c7b262605968-mgr-x[31856]:
2024-05-17T07:59:43.360+0000 7fcdcebe4200 -1 mgr[py] Module smb has missing NOTIFY_TYPES member
2024-05-17T07:59:44.262 INFO:journalctl@ceph.mgr.x.smithi038.stdout:May 17 07:59:43 smithi038 ceph-37635d30-1423-11ef-bc9a-c7b262605968-mgr-x[31856]:
2024-05-17T07:59:43.813+0000 7fcdcebe4200 -1 mgr[py] Module volumes has missing NOTIFY_TYPES member
2024-05-17T07:59:44.262 INFO:journalctl@ceph.mgr.x.smithi038.stdout:May 17 07:59:43 smithi038 ceph-37635d30-1423-11ef-bc9a-c7b262605968-mgr-x[31856]:
2024-05-17T07:59:43.915+0000 7fcdcebe4200 -1 mgr[py] Module crash has missing NOTIFY_TYPES member
2024-05-17T07:59:44.681 INFO:journalctl@ceph.mgr.x.smithi038.stdout:May 17 07:59:44 smithi038 ceph-37635d30-1423-11ef-bc9a-c7b262605968-mgr-x[31856]:
2024-05-17T07:59:44.303+0000 7fcdcebe4200 -1 mgr[py] Module rgw has missing NOTIFY_TYPES member
2024-05-17T07:59:44.681 INFO:journalctl@ceph.mgr.x.smithi038.stdout:May 17 07:59:44 smithi038 ceph-37635d30-1423-11ef-bc9a-c7b262605968-mgr-x[31856]:
2024-05-17T07:59:44.680+0000 7fcdcebe4200 -1 mgr[py] Module prometheus has missing NOTIFY_TYPES member
2024-05-17T07:59:45.012 INFO:journalctl@ceph.mgr.x.smithi038.stdout:May 17 07:59:44 smithi038 ceph-37635d30-1423-11ef-bc9a-c7b262605968-mgr-x[31856]:
2024-05-17T07:59:44.780+0000 7fcdcebe4200 -1 mgr[py] Module devicehealth has missing NOTIFY_TYPES member
2024-05-17T07:59:45.512 INFO:journalctl@ceph.mgr.x.smithi038.stdout:May 17 07:59:45 smithi038 ceph-37635d30-1423-11ef-bc9a-c7b262605968-mgr-x[31856]:
2024-05-17T07:59:45.039+0000 7fcdcebe4200 -1 mgr[py] Module telemetry has missing NOTIFY_TYPES member
2024-05-17T07:59:45.512 INFO:journalctl@ceph.mgr.x.smithi038.stdout:May 17 07:59:45 smithi038 ceph-37635d30-1423-11ef-bc9a-c7b262605968-mgr-x[31856]:
2024-05-17T07:59:45.181+0000 7fcdcebe4200 -1 mgr[py] Module diskprediction_local has missing NOTIFY_TYPES member
2024-05-17T07:59:45.512 INFO:journalctl@ceph.mgr.x.smithi038.stdout:May 17 07:59:45 smithi038 ceph-37635d30-1423-11ef-bc9a-c7b262605968-mgr-x[31856]:
2024-05-17T07:59:45.282+0000 7fcdcebe4200 -1 mgr[py] Module osd_perf_query has missing NOTIFY_TYPES member
2024-05-17T07:59:46.012 INFO:journalctl@ceph.mgr.x.smithi038.stdout:May 17 07:59:45 smithi038 ceph-37635d30-1423-11ef-bc9a-c7b262605968-mgr-x[31856]:
2024-05-17T07:59:45.623+0000 7fcdcebe4200 -1 mgr[py] Module rbd_support has missing NOTIFY_TYPES member
2024-05-17T07:59:46.012 INFO:journalctl@ceph.mgr.x.smithi038.stdout:May 17 07:59:45 smithi038 ceph-37635d30-1423-11ef-bc9a-c7b262605968-mgr-x[31856]:
2024-05-17T07:59:45.722+0000 7fcdcebe4200 -1 mgr[py] Module zabbix has missing NOTIFY_TYPES member
2024-05-17T07:59:46.644 INFO:journalctl@ceph.mgr.x.smithi038.stdout:May 17 07:59:46 smithi038 ceph-37635d30-1423-11ef-bc9a-c7b262605968-mgr-x[31856]:
2024-05-17T07:59:46.359+0000 7fcdcebe4200 -1 mgr[py] Module status has missing NOTIFY_TYPES member
2024-05-17T07:59:46.645 INFO:journalctl@ceph.mgr.x.smithi038.stdout:May 17 07:59:46 smithi038 ceph-37635d30-1423-11ef-bc9a-c7b262605968-mgr-x[31856]:
2024-05-17T07:59:46.590+0000 7fcdcebe4200 -1 mgr[py] Module nfs has missing NOTIFY_TYPES member
2024-05-17T07:59:47.012 INFO:journalctl@ceph.mon.a.smithi038.stdout:May 17 07:59:46 smithi038 ceph-mon[31628]: Active manager daemon x restarted
2024-05-17T07:59:47.013 INFO:journalctl@ceph.mon.a.smithi038.stdout:May 17 07:59:46 smithi038 ceph-mon[31628]: Activating manager daemon x
2024-05-17T07:59:47.013 INFO:journalctl@ceph.mon.a.smithi038.stdout:May 17 07:59:46 smithi038 ceph-mon[31628]: osdmap e2: 0 total, 0 up, 0 in
2024-05-17T07:59:47.013 INFO:journalctl@ceph.mon.a.smithi038.stdout:May 17 07:59:46 smithi038 ceph-mon[31628]: mgrmap e6: x(active, starting, since 0.00742524s)
2024-05-17T07:59:47.013 INFO:journalctl@ceph.mon.a.smithi038.stdout:May 17 07:59:46 smithi038 ceph-mon[31628]: from='mgr.14118 172.21.15.38:0/1447833054' entity='mgr.x' cmd=[{"prefix": "mon metadata", "id": "a"}]: dispatch
2024-05-17T07:59:47.013 INFO:journalctl@ceph.mon.a.smithi038.stdout:May 17 07:59:46 smithi038 ceph-mon[31628]: from='mgr.14118 172.21.15.38:0/1447833054' entity='mgr.x' cmd=[{"prefix": "mgr metadata", "who": "x", "id": "x"}]: dispatch
2024-05-17T07:59:47.013 INFO:journalctl@ceph.mon.a.smithi038.stdout:May 17 07:59:46 smithi038 ceph-mon[31628]: from='mgr.14118 172.21.15.38:0/1447833054' entity='mgr.x' cmd=[{"prefix": "mds metadata"}]: dispatch
2024-05-17T07:59:47.013 INFO:journalctl@ceph.mon.a.smithi038.stdout:May 17 07:59:46 smithi038 ceph-mon[31628]: from='mgr.14118 172.21.15.38:0/1447833054' entity='mgr.x' cmd=[{"prefix": "osd metadata"}]: dispatch
2024-05-17T07:59:47.013 INFO:journalctl@ceph.mon.a.smithi038.stdout:May 17 07:59:46 smithi038 ceph-mon[31628]: from='mgr.14118 172.21.15.38:0/1447833054' entity='mgr.x' cmd=[{"prefix": "mon metadata"}]: dispatch
2024-05-17T07:59:47.013 INFO:journalctl@ceph.mon.a.smithi038.stdout:May 17 07:59:46 smithi038 ceph-mon[31628]: Manager daemon x is now available
2024-05-17T07:59:47.013 INFO:journalctl@ceph.mon.a.smithi038.stdout:May 17 07:59:46 smithi038 ceph-mon[31628]: from='mgr.14118 172.21.15.38:0/1447833054' entity='mgr.x'
2024-05-17T07:59:47.013 INFO:journalctl@ceph.mon.a.smithi038.stdout:May 17 07:59:46 smithi038 ceph-mon[31628]: from='mgr.14118 172.21.15.38:0/1447833054' entity='mgr.x'
2024-05-17T07:59:47.013 INFO:journalctl@ceph.mon.a.smithi038.stdout:May 17 07:59:46 smithi038 ceph-mon[31628]: from='mgr.14118 172.21.15.38:0/1447833054' entity='mgr.x' cmd=[{"prefix": "config dump", "format": "json"}]: dispatch
2024-05-17T07:59:47.013 INFO:journalctl@ceph.mon.a.smithi038.stdout:May 17 07:59:46 smithi038 ceph-mon[31628]: from='mgr.14118 172.21.15.38:0/1447833054' entity='mgr.x' cmd=[{"prefix": "config dump", "format": "json"}]: dispatch
2024-05-17T07:59:47.885 INFO:journalctl@ceph.mon.a.smithi038.stdout:May 17 07:59:47 smithi038 ceph-mon[31628]: Found migration_current of "None". Setting to last migration.
2024-05-17T07:59:47.885 INFO:journalctl@ceph.mon.a.smithi038.stdout:May 17 07:59:47 smithi038 ceph-mon[31628]: from='mgr.14118 172.21.15.38:0/1447833054' entity='mgr.x' cmd=[{"prefix":"config rm","who":"mgr","name":"mgr/rbd_support/x/mirror_snapshot_schedule"}]: dispatch
2024-05-17T07:59:47.885 INFO:journalctl@ceph.mon.a.smithi038.stdout:May 17 07:59:47 smithi038 ceph-mon[31628]: from='mgr.14118 172.21.15.38:0/1447833054' entity='mgr.x' cmd=[{"prefix":"config rm","who":"mgr","name":"mgr/rbd_support/x/trash_purge_schedule"}]: dispatch
2024-05-17T07:59:47.885 INFO:journalctl@ceph.mon.a.smithi038.stdout:May 17 07:59:47 smithi038 ceph-mon[31628]: from='mgr.14118 172.21.15.38:0/1447833054' entity='mgr.x'
2024-05-17T07:59:47.885 INFO:journalctl@ceph.mon.a.smithi038.stdout:May 17 07:59:47 smithi038 ceph-mon[31628]: from='mgr.14118 172.21.15.38:0/1447833054' entity='mgr.x'
2024-05-17T07:59:47.885 INFO:journalctl@ceph.mon.a.smithi038.stdout:May 17 07:59:47 smithi038 ceph-mon[31628]: mgrmap e7: x(active, since 1.00948s)
2024-05-17T07:59:48.161 INFO:teuthology.orchestra.run.smithi038.stdout:/usr/bin/ceph: stdout {
2024-05-17T07:59:48.161 INFO:teuthology.orchestra.run.smithi038.stdout:/usr/bin/ceph: stdout "mgrmap_epoch": 7,
2024-05-17T07:59:48.161 INFO:teuthology.orchestra.run.smithi038.stdout:/usr/bin/ceph: stdout "initialized": true
2024-05-17T07:59:48.161 INFO:teuthology.orchestra.run.smithi038.stdout:/usr/bin/ceph: stdout }
2024-05-17T07:59:48.161 INFO:teuthology.orchestra.run.smithi038.stdout:/usr/bin/ceph: stderr
2024-05-17T07:59:41.862+0000 7f4f71044700 1 Processor -- start
2024-05-17T07:59:48.161 INFO:teuthology.orchestra.run.smithi038.stdout:/usr/bin/ceph: stderr
2024-05-17T07:59:41.862+0000 7f4f71044700 1 -- start start
2024-05-17T07:59:48.161 INFO:teuthology.orchestra.run.smithi038.stdout:/usr/bin/ceph: stderr
2024-05-17T07:59:41.862+0000 7f4f71044700 1 --2- >> [v2:172.21.15.38:3300/0,v1:172.21.15.38:6789/0] conn(0x7f4f6c10a560 0x7f4f6c10c980 unknown :-1 s=NONE pgs=0 cs=0 l=0 rev1=0 crypto rx=0 tx=0 comp rx=0 tx=0).connect
2024-05-17T07:59:48.161 INFO:teuthology.orchestra.run.smithi038.stdout:/usr/bin/ceph: stderr
2024-05-17T07:59:41.862+0000 7f4f71044700 1 -- --> [v2:172.21.15.38:3300/0,v1:172.21.15.38:6789/0] -- mon_getmap magic: 0 -- 0x7f4f6c07d6b0 con 0x7f4f6c10a560
2024-05-17T07:59:48.162 INFO:teuthology.orchestra.run.smithi038.stdout:/usr/bin/ceph: stderr
2024-05-17T07:59:41.862+0000 7f4f6ad9d700 1 --2- >> [v2:172.21.15.38:3300/0,v1:172.21.15.38:6789/0] conn(0x7f4f6c10a560 0x7f4f6c10c980 unknown :-1 s=BANNER_CONNECTING pgs=0 cs=0 l=0 rev1=0 crypto rx=0 tx=0 comp rx=0 tx=0)._handle_peer_banner_payload supported=3 required=0
2024-05-17T07:59:48.162 INFO:teuthology.orchestra.run.smithi038.stdout:/usr/bin/ceph: stderr
2024-05-17T07:59:41.862+0000 7f4f6ad9d700 1 --2- >> [v2:172.21.15.38:3300/0,v1:172.21.15.38:6789/0] conn(0x7f4f6c10a560 0x7f4f6c10c980 unknown :-1 s=HELLO_CONNECTING pgs=0 cs=0 l=0 rev1=1 crypto rx=0 tx=0 comp rx=0 tx=0).handle_hello peer v2:172.21.15.38:3300/0 says I am v2:172.21.15.38:53266/0 (socket says 172.21.15.38:53266)
2024-05-17T07:59:48.162 INFO:teuthology.orchestra.run.smithi038.stdout:/usr/bin/ceph: stderr
2024-05-17T07:59:41.862+0000 7f4f6ad9d700 1 -- 172.21.15.38:0/1341439878 learned_addr learned my addr 172.21.15.38:0/1341439878 (peer_addr_for_me v2:172.21.15.38:0/0)
2024-05-17T07:59:48.162 INFO:teuthology.orchestra.run.smithi038.stdout:/usr/bin/ceph: stderr
2024-05-17T07:59:41.863+0000 7f4f6ad9d700 1 -- 172.21.15.38:0/1341439878 --> [v2:172.21.15.38:3300/0,v1:172.21.15.38:6789/0] -- mon_subscribe({config=0+,monmap=0+}) -- 0x7f4f6c10cec0 con 0x7f4f6c10a560
2024-05-17T07:59:48.162 INFO:teuthology.orchestra.run.smithi038.stdout:/usr/bin/ceph: stderr
2024-05-17T07:59:41.863+0000 7f4f6ad9d700 1 --2- 172.21.15.38:0/1341439878 >> [v2:172.21.15.38:3300/0,v1:172.21.15.38:6789/0] conn(0x7f4f6c10a560 0x7f4f6c10c980 secure :-1 s=READY pgs=26 cs=0 l=1 rev1=1 crypto rx=0x7f4f5c0098a0 tx=0x7f4f5c009bb0 comp rx=0 tx=0).ready entity=mon.0 client_cookie=95dcc9654ce38d1b server_cookie=0 in_seq=0 out_seq=0
2024-05-17T07:59:48.162 INFO:teuthology.orchestra.run.smithi038.stdout:/usr/bin/ceph: stderr
2024-05-17T07:59:41.863+0000 7f4f69d9b700 1 -- 172.21.15.38:0/1341439878 <== mon.0 v2:172.21.15.38:3300/0 1 ==== mon_map magic: 0 ==== 205+0+0 (secure 0 0 0) 0x7f4f5c004160 con 0x7f4f6c10a560
2024-05-17T07:59:48.162 INFO:teuthology.orchestra.run.smithi038.stdout:/usr/bin/ceph: stderr
2024-05-17T07:59:41.863+0000 7f4f69d9b700 1 -- 172.21.15.38:0/1341439878 <== mon.0 v2:172.21.15.38:3300/0 2 ==== config(25 keys) ==== 1032+0+0 (secure 0 0 0) 0x7f4f5c004300 con 0x7f4f6c10a560
2024-05-17T07:59:48.162 INFO:teuthology.orchestra.run.smithi038.stdout:/usr/bin/ceph: stderr
2024-05-17T07:59:41.863+0000 7f4f69d9b700 1 -- 172.21.15.38:0/1341439878 <== mon.0 v2:172.21.15.38:3300/0 3 ==== mon_map magic: 0 ==== 205+0+0 (secure 0 0 0) 0x7f4f5c0119e0 con 0x7f4f6c10a560
2024-05-17T07:59:48.162 INFO:teuthology.orchestra.run.smithi038.stdout:/usr/bin/ceph: stderr
2024-05-17T07:59:41.864+0000 7f4f71044700 1 -- 172.21.15.38:0/1341439878 >> [v2:172.21.15.38:3300/0,v1:172.21.15.38:6789/0] conn(0x7f4f6c10a560 msgr2=0x7f4f6c10c980 secure :-1 s=STATE_CONNECTION_ESTABLISHED l=1).mark_down
2024-05-17T07:59:48.162 INFO:teuthology.orchestra.run.smithi038.stdout:/usr/bin/ceph: stderr
2024-05-17T07:59:41.864+0000 7f4f71044700 1 --2- 172.21.15.38:0/1341439878 >> [v2:172.21.15.38:3300/0,v1:172.21.15.38:6789/0] conn(0x7f4f6c10a560 0x7f4f6c10c980 secure :-1 s=READY pgs=26 cs=0 l=1 rev1=1 crypto rx=0x7f4f5c0098a0 tx=0x7f4f5c009bb0 comp rx=0 tx=0).stop
2024-05-17T07:59:48.162 INFO:teuthology.orchestra.run.smithi038.stdout:/usr/bin/ceph: stderr
2024-05-17T07:59:41.864+0000 7f4f71044700 1 -- 172.21.15.38:0/1341439878 shutdown_connections
2024-05-17T07:59:48.162 INFO:teuthology.orchestra.run.smithi038.stdout:/usr/bin/ceph: stderr
2024-05-17T07:59:41.864+0000 7f4f71044700 1 --2- 172.21.15.38:0/1341439878 >> [v2:172.21.15.38:3300/0,v1:172.21.15.38:6789/0] conn(0x7f4f6c10a560 0x7f4f6c10c980 unknown :-1 s=CLOSED pgs=26 cs=0 l=1 rev1=1 crypto rx=0 tx=0 comp rx=0 tx=0).stop
2024-05-17T07:59:48.162 INFO:teuthology.orchestra.run.smithi038.stdout:/usr/bin/ceph: stderr
2024-05-17T07:59:41.864+0000 7f4f71044700 1 -- 172.21.15.38:0/1341439878 >> 172.21.15.38:0/1341439878 conn(0x7f4f6c104060 msgr2=0x7f4f6c1064b0 unknown :-1 s=STATE_NONE l=0).mark_down
2024-05-17T07:59:48.163 INFO:teuthology.orchestra.run.smithi038.stdout:/usr/bin/ceph: stderr
2024-05-17T07:59:41.864+0000 7f4f71044700 1 -- 172.21.15.38:0/1341439878 shutdown_connections
2024-05-17T07:59:48.163 INFO:teuthology.orchestra.run.smithi038.stdout:/usr/bin/ceph: stderr
2024-05-17T07:59:41.864+0000 7f4f71044700 1 -- 172.21.15.38:0/1341439878 wait complete.
2024-05-17T07:59:48.163 INFO:teuthology.orchestra.run.smithi038.stdout:/usr/bin/ceph: stderr
2024-05-17T07:59:41.865+0000 7f4f71044700 1 Processor -- start
2024-05-17T07:59:48.163 INFO:teuthology.orchestra.run.smithi038.stdout:/usr/bin/ceph: stderr
2024-05-17T07:59:41.865+0000 7f4f71044700 1 -- start start
2024-05-17T07:59:48.163 INFO:teuthology.orchestra.run.smithi038.stdout:/usr/bin/ceph: stderr
2024-05-17T07:59:41.865+0000 7f4f71044700 1 --2- >> [v2:172.21.15.38:3300/0,v1:172.21.15.38:6789/0] conn(0x7f4f6c10a560 0x7f4f6c19dcb0 unknown :-1 s=NONE pgs=0 cs=0 l=1 rev1=0 crypto rx=0 tx=0 comp rx=0 tx=0).connect
2024-05-17T07:59:48.163 INFO:teuthology.orchestra.run.smithi038.stdout:/usr/bin/ceph: stderr
2024-05-17T07:59:41.865+0000 7f4f71044700 1 -- --> [v2:172.21.15.38:3300/0,v1:172.21.15.38:6789/0] -- mon_getmap magic: 0 -- 0x7f4f6c10ddc0 con 0x7f4f6c10a560
2024-05-17T07:59:48.163 INFO:teuthology.orchestra.run.smithi038.stdout:/usr/bin/ceph: stderr
2024-05-17T07:59:41.865+0000 7f4f6ad9d700 1 --2- >> [v2:172.21.15.38:3300/0,v1:172.21.15.38:6789/0] conn(0x7f4f6c10a560 0x7f4f6c19dcb0 unknown :-1 s=BANNER_CONNECTING pgs=0 cs=0 l=1 rev1=0 crypto rx=0 tx=0 comp rx=0 tx=0)._handle_peer_banner_payload supported=3 required=0
2024-05-17T07:59:48.163 INFO:teuthology.orchestra.run.smithi038.stdout:/usr/bin/ceph: stderr
2024-05-17T07:59:41.865+0000 7f4f6ad9d700 1 --2- >> [v2:172.21.15.38:3300/0,v1:172.21.15.38:6789/0] conn(0x7f4f6c10a560 0x7f4f6c19dcb0 unknown :-1 s=HELLO_CONNECTING pgs=0 cs=0 l=1 rev1=1 crypto rx=0 tx=0 comp rx=0 tx=0).handle_hello peer v2:172.21.15.38:3300/0 says I am v2:172.21.15.38:53280/0 (socket says 172.21.15.38:53280)
2024-05-17T07:59:48.163 INFO:teuthology.orchestra.run.smithi038.stdout:/usr/bin/ceph: stderr
2024-05-17T07:59:41.865+0000 7f4f6ad9d700 1 -- 172.21.15.38:0/1069094665 learned_addr learned my addr 172.21.15.38:0/1069094665 (peer_addr_for_me v2:172.21.15.38:0/0)
2024-05-17T07:59:48.163 INFO:teuthology.orchestra.run.smithi038.stdout:/usr/bin/ceph: stderr
2024-05-17T07:59:41.865+0000 7f4f6ad9d700 1 -- 172.21.15.38:0/1069094665 --> [v2:172.21.15.38:3300/0,v1:172.21.15.38:6789/0] -- mon_subscribe({config=0+,monmap=0+}) -- 0x7f4f6c19e1f0 con 0x7f4f6c10a560
2024-05-17T07:59:48.163 INFO:teuthology.orchestra.run.smithi038.stdout:/usr/bin/ceph: stderr
2024-05-17T07:59:41.866+0000 7f4f6ad9d700 1 --2- 172.21.15.38:0/1069094665 >> [v2:172.21.15.38:3300/0,v1:172.21.15.38:6789/0] conn(0x7f4f6c10a560 0x7f4f6c19dcb0 secure :-1 s=READY pgs=27 cs=0 l=1 rev1=1 crypto rx=0x7f4f5c0119b0 tx=0x7f4f5c011a90 comp rx=0 tx=0).ready entity=mon.0 client_cookie=0 server_cookie=0 in_seq=0 out_seq=0
2024-05-17T07:59:48.163 INFO:teuthology.orchestra.run.smithi038.stdout:/usr/bin/ceph: stderr
2024-05-17T07:59:41.866+0000 7f4f53fff700 1 -- 172.21.15.38:0/1069094665 <== mon.0 v2:172.21.15.38:3300/0 1 ==== mon_map magic: 0 ==== 205+0+0 (secure 0 0 0) 0x7f4f5c003af0 con 0x7f4f6c10a560
2024-05-17T07:59:48.163 INFO:teuthology.orchestra.run.smithi038.stdout:/usr/bin/ceph: stderr
2024-05-17T07:59:41.866+0000 7f4f53fff700 1 -- 172.21.15.38:0/1069094665 <== mon.0 v2:172.21.15.38:3300/0 2 ==== config(25 keys) ==== 1032+0+0 (secure 0 0 0) 0x7f4f5c01a8a0 con 0x7f4f6c10a560
2024-05-17T07:59:48.164 INFO:teuthology.orchestra.run.smithi038.stdout:/usr/bin/ceph: stderr
2024-05-17T07:59:41.866+0000 7f4f71044700 1 -- 172.21.15.38:0/1069094665 --> [v2:172.21.15.38:3300/0,v1:172.21.15.38:6789/0] -- mon_subscribe({mgrmap=0+}) -- 0x7f4f6c19e480 con 0x7f4f6c10a560
2024-05-17T07:59:48.164 INFO:teuthology.orchestra.run.smithi038.stdout:/usr/bin/ceph: stderr
2024-05-17T07:59:41.866+0000 7f4f53fff700 1 -- 172.21.15.38:0/1069094665 <== mon.0 v2:172.21.15.38:3300/0 3 ==== mon_map magic: 0 ==== 205+0+0 (secure 0 0 0) 0x7f4f5c024830 con 0x7f4f6c10a560
2024-05-17T07:59:48.164 INFO:teuthology.orchestra.run.smithi038.stdout:/usr/bin/ceph: stderr
2024-05-17T07:59:41.866+0000 7f4f71044700 1 -- 172.21.15.38:0/1069094665 --> [v2:172.21.15.38:3300/0,v1:172.21.15.38:6789/0] -- mon_subscribe({osdmap=0}) -- 0x7f4f6c1a1090 con 0x7f4f6c10a560
2024-05-17T07:59:48.164 INFO:teuthology.orchestra.run.smithi038.stdout:/usr/bin/ceph: stderr
2024-05-17T07:59:41.867+0000 7f4f53fff700 1 -- 172.21.15.38:0/1069094665 <== mon.0 v2:172.21.15.38:3300/0 4 ==== mgrmap(e 5) ==== 50222+0+0 (secure 0 0 0) 0x7f4f5c022020 con 0x7f4f6c10a560
2024-05-17T07:59:48.164 INFO:teuthology.orchestra.run.smithi038.stdout:/usr/bin/ceph: stderr
2024-05-17T07:59:41.868+0000 7f4f53fff700 1 --2- 172.21.15.38:0/1069094665 >> [v2:172.21.15.38:6800/2782106703,v1:172.21.15.38:6801/2782106703] conn(0x7f4f5403e580 0x7f4f54040a90 unknown :-1 s=NONE pgs=0 cs=0 l=1 rev1=0 crypto rx=0 tx=0 comp rx=0 tx=0).connect
2024-05-17T07:59:48.164 INFO:teuthology.orchestra.run.smithi038.stdout:/usr/bin/ceph: stderr
2024-05-17T07:59:41.868+0000 7f4f53fff700 1 -- 172.21.15.38:0/1069094665 --> [v2:172.21.15.38:6800/2782106703,v1:172.21.15.38:6801/2782106703] -- command(tid 0: {"prefix": "get_command_descriptions"}) -- 0x7f4f540411a0 con 0x7f4f5403e580
2024-05-17T07:59:48.164 INFO:teuthology.orchestra.run.smithi038.stdout:/usr/bin/ceph: stderr
2024-05-17T07:59:41.868+0000 7f4f53fff700 1 -- 172.21.15.38:0/1069094665 <== mon.0 v2:172.21.15.38:3300/0 5 ==== osd_map(1..1 src has 1..1) ==== 725+0+0 (secure 0 0 0) 0x7f4f5c053560 con 0x7f4f6c10a560
2024-05-17T07:59:48.164 INFO:teuthology.orchestra.run.smithi038.stdout:/usr/bin/ceph: stderr
2024-05-17T07:59:41.868+0000 7f4f6a59c700 1 -- 172.21.15.38:0/1069094665 >> [v2:172.21.15.38:6800/2782106703,v1:172.21.15.38:6801/2782106703] conn(0x7f4f5403e580 msgr2=0x7f4f54040a90 unknown :-1 s=STATE_CONNECTING_RE l=1).process reconnect failed to v2:172.21.15.38:6800/2782106703
2024-05-17T07:59:48.164 INFO:teuthology.orchestra.run.smithi038.stdout:/usr/bin/ceph: stderr
2024-05-17T07:59:41.868+0000 7f4f6a59c700 1 --2- 172.21.15.38:0/1069094665 >> [v2:172.21.15.38:6800/2782106703,v1:172.21.15.38:6801/2782106703] conn(0x7f4f5403e580 0x7f4f54040a90 unknown :-1 s=START_CONNECT pgs=0 cs=0 l=1 rev1=0 crypto rx=0 tx=0 comp rx=0 tx=0)._fault waiting 0.200000
2024-05-17T07:59:48.164 INFO:teuthology.orchestra.run.smithi038.stdout:/usr/bin/ceph: stderr
2024-05-17T07:59:42.069+0000 7f4f6a59c700 1 -- 172.21.15.38:0/1069094665 >> [v2:172.21.15.38:6800/2782106703,v1:172.21.15.38:6801/2782106703] conn(0x7f4f5403e580 msgr2=0x7f4f54040a90 unknown :-1 s=STATE_CONNECTING_RE l=1).process reconnect failed to v2:172.21.15.38:6800/2782106703
2024-05-17T07:59:48.164 INFO:teuthology.orchestra.run.smithi038.stdout:/usr/bin/ceph: stderr
2024-05-17T07:59:42.069+0000 7f4f6a59c700 1 --2- 172.21.15.38:0/1069094665 >> [v2:172.21.15.38:6800/2782106703,v1:172.21.15.38:6801/2782106703] conn(0x7f4f5403e580 0x7f4f54040a90 unknown :-1 s=START_CONNECT pgs=0 cs=0 l=1 rev1=0 crypto rx=0 tx=0 comp rx=0 tx=0)._fault waiting 0.400000
2024-05-17T07:59:48.164 INFO:teuthology.orchestra.run.smithi038.stdout:/usr/bin/ceph: stderr
2024-05-17T07:59:42.470+0000 7f4f6a59c700 1 -- 172.21.15.38:0/1069094665 >> [v2:172.21.15.38:6800/2782106703,v1:172.21.15.38:6801/2782106703] conn(0x7f4f5403e580 msgr2=0x7f4f54040a90 unknown :-1 s=STATE_CONNECTING_RE l=1).process reconnect failed to v2:172.21.15.38:6800/2782106703
2024-05-17T07:59:48.165 INFO:teuthology.orchestra.run.smithi038.stdout:/usr/bin/ceph: stderr
2024-05-17T07:59:42.470+0000 7f4f6a59c700 1 --2- 172.21.15.38:0/1069094665 >> [v2:172.21.15.38:6800/2782106703,v1:172.21.15.38:6801/2782106703] conn(0x7f4f5403e580 0x7f4f54040a90 unknown :-1 s=START_CONNECT pgs=0 cs=0 l=1 rev1=0 crypto rx=0 tx=0 comp rx=0 tx=0)._fault waiting 0.800000
2024-05-17T07:59:48.165 INFO:teuthology.orchestra.run.smithi038.stdout:/usr/bin/ceph: stderr
2024-05-17T07:59:43.271+0000 7f4f6a59c700 1 -- 172.21.15.38:0/1069094665 >> [v2:172.21.15.38:6800/2782106703,v1:172.21.15.38:6801/2782106703] conn(0x7f4f5403e580 msgr2=0x7f4f54040a90 unknown :-1 s=STATE_CONNECTING_RE l=1).process reconnect failed to v2:172.21.15.38:6800/2782106703
2024-05-17T07:59:48.165 INFO:teuthology.orchestra.run.smithi038.stdout:/usr/bin/ceph: stderr
2024-05-17T07:59:43.271+0000 7f4f6a59c700 1 --2- 172.21.15.38:0/1069094665 >> [v2:172.21.15.38:6800/2782106703,v1:172.21.15.38:6801/2782106703] conn(0x7f4f5403e580 0x7f4f54040a90 unknown :-1 s=START_CONNECT pgs=0 cs=0 l=1 rev1=0 crypto rx=0 tx=0 comp rx=0 tx=0)._fault waiting 1.600000
2024-05-17T07:59:48.165 INFO:teuthology.orchestra.run.smithi038.stdout:/usr/bin/ceph: stderr
2024-05-17T07:59:44.872+0000 7f4f6a59c700 1 -- 172.21.15.38:0/1069094665 >> [v2:172.21.15.38:6800/2782106703,v1:172.21.15.38:6801/2782106703] conn(0x7f4f5403e580 msgr2=0x7f4f54040a90 unknown :-1 s=STATE_CONNECTING_RE l=1).process reconnect failed to v2:172.21.15.38:6800/2782106703
2024-05-17T07:59:48.165 INFO:teuthology.orchestra.run.smithi038.stdout:/usr/bin/ceph: stderr
2024-05-17T07:59:44.872+0000 7f4f6a59c700 1 --2- 172.21.15.38:0/1069094665 >> [v2:172.21.15.38:6800/2782106703,v1:172.21.15.38:6801/2782106703] conn(0x7f4f5403e580 0x7f4f54040a90 unknown :-1 s=START_CONNECT pgs=0 cs=0 l=1 rev1=0 crypto rx=0 tx=0 comp rx=0 tx=0)._fault waiting 3.200000
2024-05-17T07:59:48.165 INFO:teuthology.orchestra.run.smithi038.stdout:/usr/bin/ceph: stderr
2024-05-17T07:59:46.598+0000 7f4f53fff700 1 -- 172.21.15.38:0/1069094665 <== mon.0 v2:172.21.15.38:3300/0 6 ==== mgrmap(e 6) ==== 49989+0+0 (secure 0 0 0) 0x7f4f5c02d3f0 con 0x7f4f6c10a560
2024-05-17T07:59:48.165 INFO:teuthology.orchestra.run.smithi038.stdout:/usr/bin/ceph: stderr
2024-05-17T07:59:46.598+0000 7f4f53fff700 1 -- 172.21.15.38:0/1069094665 >> [v2:172.21.15.38:6800/2782106703,v1:172.21.15.38:6801/2782106703] conn(0x7f4f5403e580 msgr2=0x7f4f54040a90 unknown :-1 s=STATE_CONNECTING l=1).mark_down
2024-05-17T07:59:48.165 INFO:teuthology.orchestra.run.smithi038.stdout:/usr/bin/ceph: stderr
2024-05-17T07:59:46.598+0000 7f4f53fff700 1 --2- 172.21.15.38:0/1069094665 >> [v2:172.21.15.38:6800/2782106703,v1:172.21.15.38:6801/2782106703] conn(0x7f4f5403e580 0x7f4f54040a90 unknown :-1 s=START_CONNECT pgs=0 cs=0 l=1 rev1=0 crypto rx=0 tx=0 comp rx=0 tx=0).stop
2024-05-17T07:59:48.165 INFO:teuthology.orchestra.run.smithi038.stdout:/usr/bin/ceph: stderr
2024-05-17T07:59:47.599+0000 7f4f53fff700 1 -- 172.21.15.38:0/1069094665 <== mon.0 v2:172.21.15.38:3300/0 7 ==== mgrmap(e 7) ==== 50116+0+0 (secure 0 0 0) 0x7f4f5c054c00 con 0x7f4f6c10a560
2024-05-17T07:59:48.165 INFO:teuthology.orchestra.run.smithi038.stdout:/usr/bin/ceph: stderr
2024-05-17T07:59:47.599+0000 7f4f53fff700 1 --2- 172.21.15.38:0/1069094665 >> [v2:172.21.15.38:6800/373205765,v1:172.21.15.38:6801/373205765] conn(0x7f4f54041ec0 0x7f4f540442e0 unknown :-1 s=NONE pgs=0 cs=0 l=1 rev1=0 crypto rx=0 tx=0 comp rx=0 tx=0).connect
2024-05-17T07:59:48.165 INFO:teuthology.orchestra.run.smithi038.stdout:/usr/bin/ceph: stderr
2024-05-17T07:59:47.599+0000 7f4f53fff700 1 -- 172.21.15.38:0/1069094665 --> [v2:172.21.15.38:6800/373205765,v1:172.21.15.38:6801/373205765] -- command(tid 0: {"prefix": "get_command_descriptions"}) -- 0x7f4f540411a0 con 0x7f4f54041ec0
2024-05-17T07:59:48.166 INFO:teuthology.orchestra.run.smithi038.stdout:/usr/bin/ceph: stderr
2024-05-17T07:59:47.600+0000 7f4f6a59c700 1 --2- 172.21.15.38:0/1069094665 >> [v2:172.21.15.38:6800/373205765,v1:172.21.15.38:6801/373205765] conn(0x7f4f54041ec0 0x7f4f540442e0 unknown :-1 s=BANNER_CONNECTING pgs=0 cs=0 l=1 rev1=0 crypto rx=0 tx=0 comp rx=0 tx=0)._handle_peer_banner_payload supported=3 required=0
2024-05-17T07:59:48.166 INFO:teuthology.orchestra.run.smithi038.stdout:/usr/bin/ceph: stderr
2024-05-17T07:59:47.600+0000 7f4f6a59c700 1 --2- 172.21.15.38:0/1069094665 >> [v2:172.21.15.38:6800/373205765,v1:172.21.15.38:6801/373205765] conn(0x7f4f54041ec0 0x7f4f540442e0 secure :-1 s=READY pgs=1 cs=0 l=1 rev1=1 crypto rx=0x7f4f60003a10 tx=0x7f4f600092b0 comp rx=0 tx=0).ready entity=mgr.14118 client_cookie=0 server_cookie=0 in_seq=0 out_seq=0
2024-05-17T07:59:48.166 INFO:teuthology.orchestra.run.smithi038.stdout:/usr/bin/ceph: stderr
2024-05-17T07:59:47.601+0000 7f4f53fff700 1 -- 172.21.15.38:0/1069094665 <== mgr.14118 v2:172.21.15.38:6800/373205765 1 ==== command_reply(tid 0: 0 ) ==== 8+0+9564 (secure 0 0 0) 0x7f4f540411a0 con 0x7f4f54041ec0
2024-05-17T07:59:48.166 INFO:teuthology.orchestra.run.smithi038.stdout:/usr/bin/ceph: stderr
2024-05-17T07:59:47.609+0000 7f4f71044700 1 -- 172.21.15.38:0/1069094665 --> [v2:172.21.15.38:6800/373205765,v1:172.21.15.38:6801/373205765] -- command(tid 1: {"prefix": "mgr_status"}) -- 0x7f4f6c064e10 con 0x7f4f54041ec0
2024-05-17T07:59:48.166 INFO:teuthology.orchestra.run.smithi038.stdout:/usr/bin/ceph: stderr
2024-05-17T07:59:47.610+0000 7f4f53fff700 1 -- 172.21.15.38:0/1069094665 <== mgr.14118 v2:172.21.15.38:6800/373205765 2 ==== command_reply(tid 1: 0 ) ==== 8+0+51 (secure 0 0 0) 0x7f4f6c064e10 con 0x7f4f54041ec0
2024-05-17T07:59:48.166 INFO:teuthology.orchestra.run.smithi038.stdout:/usr/bin/ceph: stderr
2024-05-17T07:59:47.610+0000 7f4f71044700 1 -- 172.21.15.38:0/1069094665 >> [v2:172.21.15.38:6800/373205765,v1:172.21.15.38:6801/373205765] conn(0x7f4f54041ec0 msgr2=0x7f4f540442e0 secure :-1 s=STATE_CONNECTION_ESTABLISHED l=1).mark_down
2024-05-17T07:59:48.166 INFO:teuthology.orchestra.run.smithi038.stdout:/usr/bin/ceph: stderr
2024-05-17T07:59:47.610+0000 7f4f71044700 1 --2- 172.21.15.38:0/1069094665 >> [v2:172.21.15.38:6800/373205765,v1:172.21.15.38:6801/373205765] conn(0x7f4f54041ec0 0x7f4f540442e0 secure :-1 s=READY pgs=1 cs=0 l=1 rev1=1 crypto rx=0x7f4f60003a10 tx=0x7f4f600092b0 comp rx=0 tx=0).stop
2024-05-17T07:59:48.166 INFO:teuthology.orchestra.run.smithi038.stdout:/usr/bin/ceph: stderr
2024-05-17T07:59:47.610+0000 7f4f71044700 1 -- 172.21.15.38:0/1069094665 >> [v2:172.21.15.38:3300/0,v1:172.21.15.38:6789/0] conn(0x7f4f6c10a560 msgr2=0x7f4f6c19dcb0 secure :-1 s=STATE_CONNECTION_ESTABLISHED l=1).mark_down
2024-05-17T07:59:48.166 INFO:teuthology.orchestra.run.smithi038.stdout:/usr/bin/ceph: stderr
2024-05-17T07:59:47.610+0000 7f4f71044700 1 --2- 172.21.15.38:0/1069094665 >> [v2:172.21.15.38:3300/0,v1:172.21.15.38:6789/0] conn(0x7f4f6c10a560 0x7f4f6c19dcb0 secure :-1 s=READY pgs=27 cs=0 l=1 rev1=1 crypto rx=0x7f4f5c0119b0 tx=0x7f4f5c011a90 comp rx=0 tx=0).stop
2024-05-17T07:59:48.166 INFO:teuthology.orchestra.run.smithi038.stdout:/usr/bin/ceph: stderr
2024-05-17T07:59:47.610+0000 7f4f71044700 1 -- 172.21.15.38:0/1069094665 shutdown_connections
2024-05-17T07:59:48.166 INFO:teuthology.orchestra.run.smithi038.stdout:/usr/bin/ceph: stderr
2024-05-17T07:59:47.610+0000 7f4f71044700 1 --2- 172.21.15.38:0/1069094665 >> [v2:172.21.15.38:3300/0,v1:172.21.15.38:6789/0] conn(0x7f4f6c10a560 0x7f4f6c19dcb0 unknown :-1 s=CLOSED pgs=27 cs=0 l=1 rev1=1 crypto rx=0 tx=0 comp rx=0 tx=0).stop
2024-05-17T07:59:48.167 INFO:teuthology.orchestra.run.smithi038.stdout:/usr/bin/ceph: stderr
2024-05-17T07:59:47.610+0000 7f4f71044700 1 --2- 172.21.15.38:0/1069094665 >> [v2:172.21.15.38:6800/373205765,v1:172.21.15.38:6801/373205765] conn(0x7f4f54041ec0 0x7f4f540442e0 unknown :-1 s=CLOSED pgs=1 cs=0 l=1 rev1=1 crypto rx=0 tx=0 comp rx=0 tx=0).stop
2024-05-17T07:59:48.167 INFO:teuthology.orchestra.run.smithi038.stdout:/usr/bin/ceph: stderr
2024-05-17T07:59:47.610+0000 7f4f71044700 1 --2- 172.21.15.38:0/1069094665 >> [v2:172.21.15.38:6800/2782106703,v1:172.21.15.38:6801/2782106703] conn(0x7f4f5403e580 0x7f4f54040a90 unknown :-1 s=CLOSED pgs=0 cs=0 l=1 rev1=0 crypto rx=0 tx=0 comp rx=0 tx=0).stop
2024-05-17T07:59:48.167 INFO:teuthology.orchestra.run.smithi038.stdout:/usr/bin/ceph: stderr
2024-05-17T07:59:47.610+0000 7f4f71044700 1 -- 172.21.15.38:0/1069094665 >> 172.21.15.38:0/1069094665 conn(0x7f4f6c104060 msgr2=0x7f4f6c105840 unknown :-1 s=STATE_NONE l=0).mark_down
2024-05-17T07:59:48.167 INFO:teuthology.orchestra.run.smithi038.stdout:/usr/bin/ceph: stderr
2024-05-17T07:59:47.610+0000 7f4f71044700 1 -- 172.21.15.38:0/1069094665 shutdown_connections
2024-05-17T07:59:48.167 INFO:teuthology.orchestra.run.smithi038.stdout:/usr/bin/ceph: stderr
2024-05-17T07:59:47.610+0000 7f4f71044700 1 -- 172.21.15.38:0/1069094665 wait complete.
2024-05-17T07:59:48.167 INFO:teuthology.orchestra.run.smithi038.stdout:mgr epoch 5 is available
2024-05-17T07:59:48.167 INFO:teuthology.orchestra.run.smithi038.stdout:Setting orchestrator backend to cephadm...
2024-05-17T07:59:48.762 INFO:journalctl@ceph.mon.a.smithi038.stdout:May 17 07:59:48 smithi038 ceph-mon[31628]: from='client.14122 -' entity='client.admin' cmd=[{"prefix": "get_command_descriptions"}]: dispatch
2024-05-17T07:59:48.762 INFO:journalctl@ceph.mon.a.smithi038.stdout:May 17 07:59:48 smithi038 ceph-mon[31628]: from='client.14122 -' entity='client.admin' cmd=[{"prefix": "mgr_status"}]: dispatch
2024-05-17T07:59:49.399 INFO:teuthology.orchestra.run.smithi038.stdout:/usr/bin/ceph: stderr
2024-05-17T07:59:48.595+0000 7f5beddb3700 1 Processor -- start
2024-05-17T07:59:49.400 INFO:teuthology.orchestra.run.smithi038.stdout:/usr/bin/ceph: stderr
2024-05-17T07:59:48.595+0000 7f5beddb3700 1 -- start start
2024-05-17T07:59:49.400 INFO:teuthology.orchestra.run.smithi038.stdout:/usr/bin/ceph: stderr
2024-05-17T07:59:48.595+0000 7f5beddb3700 1 --2- >> [v2:172.21.15.38:3300/0,v1:172.21.15.38:6789/0] conn(0x7f5be810a600 0x7f5be810ca20 unknown :-1 s=NONE pgs=0 cs=0 l=0 rev1=0 crypto rx=0 tx=0 comp rx=0 tx=0).connect
2024-05-17T07:59:49.400 INFO:teuthology.orchestra.run.smithi038.stdout:/usr/bin/ceph: stderr
2024-05-17T07:59:48.595+0000 7f5beddb3700 1 -- --> [v2:172.21.15.38:3300/0,v1:172.21.15.38:6789/0] -- mon_getmap magic: 0 -- 0x7f5be807d690 con 0x7f5be810a600
2024-05-17T07:59:49.400 INFO:teuthology.orchestra.run.smithi038.stdout:/usr/bin/ceph: stderr
2024-05-17T07:59:48.595+0000 7f5be77fe700 1 --2- >> [v2:172.21.15.38:3300/0,v1:172.21.15.38:6789/0] conn(0x7f5be810a600 0x7f5be810ca20 unknown :-1 s=BANNER_CONNECTING pgs=0 cs=0 l=0 rev1=0 crypto rx=0 tx=0 comp rx=0 tx=0)._handle_peer_banner_payload supported=3 required=0
2024-05-17T07:59:49.400 INFO:teuthology.orchestra.run.smithi038.stdout:/usr/bin/ceph: stderr
2024-05-17T07:59:48.595+0000 7f5be77fe700 1 --2- >> [v2:172.21.15.38:3300/0,v1:172.21.15.38:6789/0] conn(0x7f5be810a600 0x7f5be810ca20 unknown :-1 s=HELLO_CONNECTING pgs=0 cs=0 l=0 rev1=1 crypto rx=0 tx=0 comp rx=0 tx=0).handle_hello peer v2:172.21.15.38:3300/0 says I am v2:172.21.15.38:53344/0 (socket says 172.21.15.38:53344)
2024-05-17T07:59:49.400 INFO:teuthology.orchestra.run.smithi038.stdout:/usr/bin/ceph: stderr
2024-05-17T07:59:48.595+0000 7f5be77fe700 1 -- 172.21.15.38:0/2683654760 learned_addr learned my addr 172.21.15.38:0/2683654760 (peer_addr_for_me v2:172.21.15.38:0/0)
2024-05-17T07:59:49.400 INFO:teuthology.orchestra.run.smithi038.stdout:/usr/bin/ceph: stderr
2024-05-17T07:59:48.596+0000 7f5be77fe700 1 -- 172.21.15.38:0/2683654760 --> [v2:172.21.15.38:3300/0,v1:172.21.15.38:6789/0] -- mon_subscribe({config=0+,monmap=0+}) -- 0x7f5be810cf60 con 0x7f5be810a600
2024-05-17T07:59:49.400 INFO:teuthology.orchestra.run.smithi038.stdout:/usr/bin/ceph: stderr
2024-05-17T07:59:48.596+0000 7f5be77fe700 1 --2- 172.21.15.38:0/2683654760 >> [v2:172.21.15.38:3300/0,v1:172.21.15.38:6789/0] conn(0x7f5be810a600 0x7f5be810ca20 secure :-1 s=READY pgs=35 cs=0 l=1 rev1=1 crypto rx=0x7f5bd80098a0 tx=0x7f5bd8009bb0 comp rx=0 tx=0).ready entity=mon.0 client_cookie=80c0a5544c4c15e4 server_cookie=0 in_seq=0 out_seq=0
2024-05-17T07:59:49.400 INFO:teuthology.orchestra.run.smithi038.stdout:/usr/bin/ceph: stderr
2024-05-17T07:59:48.596+0000 7f5be67fc700 1 -- 172.21.15.38:0/2683654760 <== mon.0 v2:172.21.15.38:3300/0 1 ==== mon_map magic: 0 ==== 205+0+0 (secure 0 0 0) 0x7f5bd8004160 con 0x7f5be810a600
2024-05-17T07:59:49.400 INFO:teuthology.orchestra.run.smithi038.stdout:/usr/bin/ceph: stderr
2024-05-17T07:59:48.596+0000 7f5be67fc700 1 -- 172.21.15.38:0/2683654760 <== mon.0 v2:172.21.15.38:3300/0 2 ==== config(25 keys) ==== 1032+0+0 (secure 0 0 0) 0x7f5bd8004300 con 0x7f5be810a600
2024-05-17T07:59:49.400 INFO:teuthology.orchestra.run.smithi038.stdout:/usr/bin/ceph: stderr
2024-05-17T07:59:48.596+0000 7f5be67fc700 1 -- 172.21.15.38:0/2683654760 <== mon.0 v2:172.21.15.38:3300/0 3 ==== mon_map magic: 0 ==== 205+0+0 (secure 0 0 0) 0x7f5bd80119e0 con 0x7f5be810a600
2024-05-17T07:59:49.400 INFO:teuthology.orchestra.run.smithi038.stdout:/usr/bin/ceph: stderr
2024-05-17T07:59:48.597+0000 7f5beddb3700 1 -- 172.21.15.38:0/2683654760 >> [v2:172.21.15.38:3300/0,v1:172.21.15.38:6789/0] conn(0x7f5be810a600 msgr2=0x7f5be810ca20 secure :-1 s=STATE_CONNECTION_ESTABLISHED l=1).mark_down
