2024-05-17T09:07:36.917+0000 7fc41a956700 1 --2- 172.21.15.19:0/1171550362 >> [v2:172.21.15.19:3300/0,v1:172.21.15.19:6789/0] conn(0x7fc41407d520 0x7fc41410c570 unknown :-1 s=CLOSED pgs=53 cs=0 l=1 rev1=1 crypto rx=0 tx=0 comp rx=0 tx=0).stop
2024-05-17T09:07:38.347 INFO:teuthology.orchestra.run.smithi019.stdout:/usr/bin/ceph: stderr
2024-05-17T09:07:36.917+0000 7fc41a956700 1 -- 172.21.15.19:0/1171550362 >> 172.21.15.19:0/1171550362 conn(0x7fc414103fe0 msgr2=0x7fc414106430 unknown :-1 s=STATE_NONE l=0).mark_down
2024-05-17T09:07:38.347 INFO:teuthology.orchestra.run.smithi019.stdout:/usr/bin/ceph: stderr
2024-05-17T09:07:36.917+0000 7fc41a956700 1 -- 172.21.15.19:0/1171550362 shutdown_connections
2024-05-17T09:07:38.347 INFO:teuthology.orchestra.run.smithi019.stdout:/usr/bin/ceph: stderr
2024-05-17T09:07:36.917+0000 7fc41a956700 1 -- 172.21.15.19:0/1171550362 wait complete.
2024-05-17T09:07:38.347 INFO:teuthology.orchestra.run.smithi019.stdout:/usr/bin/ceph: stderr
2024-05-17T09:07:36.917+0000 7fc41a956700 1 Processor -- start
2024-05-17T09:07:38.347 INFO:teuthology.orchestra.run.smithi019.stdout:/usr/bin/ceph: stderr
2024-05-17T09:07:36.918+0000 7fc41a956700 1 -- start start
2024-05-17T09:07:38.347 INFO:teuthology.orchestra.run.smithi019.stdout:/usr/bin/ceph: stderr
2024-05-17T09:07:36.918+0000 7fc41a956700 1 --2- >> [v2:172.21.15.19:3300/0,v1:172.21.15.19:6789/0] conn(0x7fc41407d520 0x7fc41419dd00 unknown :-1 s=NONE pgs=0 cs=0 l=1 rev1=0 crypto rx=0 tx=0 comp rx=0 tx=0).connect
2024-05-17T09:07:38.347 INFO:teuthology.orchestra.run.smithi019.stdout:/usr/bin/ceph: stderr
2024-05-17T09:07:36.918+0000 7fc41a956700 1 -- --> [v2:172.21.15.19:3300/0,v1:172.21.15.19:6789/0] -- mon_getmap magic: 0 -- 0x7fc41410dd40 con 0x7fc41407d520
2024-05-17T09:07:38.347 INFO:teuthology.orchestra.run.smithi019.stdout:/usr/bin/ceph: stderr
2024-05-17T09:07:36.918+0000 7fc413fff700 1 --2- >> [v2:172.21.15.19:3300/0,v1:172.21.15.19:6789/0] conn(0x7fc41407d520 0x7fc41419dd00 unknown :-1 s=BANNER_CONNECTING pgs=0 cs=0 l=1 rev1=0 crypto rx=0 tx=0 comp rx=0 tx=0)._handle_peer_banner_payload supported=3 required=0
2024-05-17T09:07:38.347 INFO:teuthology.orchestra.run.smithi019.stdout:/usr/bin/ceph: stderr
2024-05-17T09:07:36.918+0000 7fc413fff700 1 --2- >> [v2:172.21.15.19:3300/0,v1:172.21.15.19:6789/0] conn(0x7fc41407d520 0x7fc41419dd00 unknown :-1 s=HELLO_CONNECTING pgs=0 cs=0 l=1 rev1=1 crypto rx=0 tx=0 comp rx=0 tx=0).handle_hello peer v2:172.21.15.19:3300/0 says I am v2:172.21.15.19:53744/0 (socket says 172.21.15.19:53744)
2024-05-17T09:07:38.347 INFO:teuthology.orchestra.run.smithi019.stdout:/usr/bin/ceph: stderr
2024-05-17T09:07:36.918+0000 7fc413fff700 1 -- 172.21.15.19:0/2410756849 learned_addr learned my addr 172.21.15.19:0/2410756849 (peer_addr_for_me v2:172.21.15.19:0/0)
2024-05-17T09:07:38.347 INFO:teuthology.orchestra.run.smithi019.stdout:/usr/bin/ceph: stderr
2024-05-17T09:07:36.918+0000 7fc413fff700 1 -- 172.21.15.19:0/2410756849 --> [v2:172.21.15.19:3300/0,v1:172.21.15.19:6789/0] -- mon_subscribe({config=0+,monmap=0+}) -- 0x7fc41419e240 con 0x7fc41407d520
2024-05-17T09:07:38.347 INFO:teuthology.orchestra.run.smithi019.stdout:/usr/bin/ceph: stderr
2024-05-17T09:07:36.919+0000 7fc413fff700 1 --2- 172.21.15.19:0/2410756849 >> [v2:172.21.15.19:3300/0,v1:172.21.15.19:6789/0] conn(0x7fc41407d520 0x7fc41419dd00 secure :-1 s=READY pgs=54 cs=0 l=1 rev1=1 crypto rx=0x7fc404011670 tx=0x7fc404011a30 comp rx=0 tx=0).ready entity=mon.0 client_cookie=0 server_cookie=0 in_seq=0 out_seq=0
2024-05-17T09:07:38.347 INFO:teuthology.orchestra.run.smithi019.stdout:/usr/bin/ceph: stderr
2024-05-17T09:07:36.919+0000 7fc4117fa700 1 -- 172.21.15.19:0/2410756849 <== mon.0 v2:172.21.15.19:3300/0 1 ==== mon_map magic: 0 ==== 205+0+0 (secure 0 0 0) 0x7fc404003aa0 con 0x7fc41407d520
2024-05-17T09:07:38.348 INFO:teuthology.orchestra.run.smithi019.stdout:/usr/bin/ceph: stderr
2024-05-17T09:07:36.919+0000 7fc4117fa700 1 -- 172.21.15.19:0/2410756849 <== mon.0 v2:172.21.15.19:3300/0 2 ==== config(25 keys) ==== 1063+0+0 (secure 0 0 0) 0x7fc40401b8d0 con 0x7fc41407d520
2024-05-17T09:07:38.348 INFO:teuthology.orchestra.run.smithi019.stdout:/usr/bin/ceph: stderr
2024-05-17T09:07:36.919+0000 7fc4117fa700 1 -- 172.21.15.19:0/2410756849 <== mon.0 v2:172.21.15.19:3300/0 3 ==== mon_map magic: 0 ==== 205+0+0 (secure 0 0 0) 0x7fc4040197f0 con 0x7fc41407d520
2024-05-17T09:07:38.348 INFO:teuthology.orchestra.run.smithi019.stdout:/usr/bin/ceph: stderr
2024-05-17T09:07:36.919+0000 7fc41a956700 1 -- 172.21.15.19:0/2410756849 --> [v2:172.21.15.19:3300/0,v1:172.21.15.19:6789/0] -- mon_subscribe({mgrmap=0+}) -- 0x7fc41419e4d0 con 0x7fc41407d520
2024-05-17T09:07:38.348 INFO:teuthology.orchestra.run.smithi019.stdout:/usr/bin/ceph: stderr
2024-05-17T09:07:36.919+0000 7fc41a956700 1 -- 172.21.15.19:0/2410756849 --> [v2:172.21.15.19:3300/0,v1:172.21.15.19:6789/0] -- mon_subscribe({osdmap=0}) -- 0x7fc4141a10e0 con 0x7fc41407d520
2024-05-17T09:07:38.348 INFO:teuthology.orchestra.run.smithi019.stdout:/usr/bin/ceph: stderr
2024-05-17T09:07:36.920+0000 7fc41a956700 1 -- 172.21.15.19:0/2410756849 --> [v2:172.21.15.19:3300/0,v1:172.21.15.19:6789/0] -- mon_command({"prefix": "get_command_descriptions"} v 0) -- 0x7fc414064e10 con 0x7fc41407d520
2024-05-17T09:07:38.348 INFO:teuthology.orchestra.run.smithi019.stdout:/usr/bin/ceph: stderr
2024-05-17T09:07:36.920+0000 7fc4117fa700 1 -- 172.21.15.19:0/2410756849 <== mon.0 v2:172.21.15.19:3300/0 4 ==== mgrmap(e 8) ==== 50222+0+0 (secure 0 0 0) 0x7fc404019990 con 0x7fc41407d520
2024-05-17T09:07:38.348 INFO:teuthology.orchestra.run.smithi019.stdout:/usr/bin/ceph: stderr
2024-05-17T09:07:36.920+0000 7fc4117fa700 1 --2- 172.21.15.19:0/2410756849 >> [v2:172.21.15.19:6800/2577177111,v1:172.21.15.19:6801/2577177111] conn(0x7fc3fc03e470 0x7fc3fc040980 unknown :-1 s=NONE pgs=0 cs=0 l=1 rev1=0 crypto rx=0 tx=0 comp rx=0 tx=0).connect
2024-05-17T09:07:38.348 INFO:teuthology.orchestra.run.smithi019.stdout:/usr/bin/ceph: stderr
2024-05-17T09:07:36.920+0000 7fc4117fa700 1 -- 172.21.15.19:0/2410756849 <== mon.0 v2:172.21.15.19:3300/0 5 ==== osd_map(2..2 src has 1..2) ==== 940+0+0 (secure 0 0 0) 0x7fc404054000 con 0x7fc41407d520
2024-05-17T09:07:38.348 INFO:teuthology.orchestra.run.smithi019.stdout:/usr/bin/ceph: stderr
2024-05-17T09:07:36.921+0000 7fc4137fe700 1 --2- 172.21.15.19:0/2410756849 >> [v2:172.21.15.19:6800/2577177111,v1:172.21.15.19:6801/2577177111] conn(0x7fc3fc03e470 0x7fc3fc040980 unknown :-1 s=BANNER_CONNECTING pgs=0 cs=0 l=1 rev1=0 crypto rx=0 tx=0 comp rx=0 tx=0)._handle_peer_banner_payload supported=3 required=0
2024-05-17T09:07:38.348 INFO:teuthology.orchestra.run.smithi019.stdout:/usr/bin/ceph: stderr
2024-05-17T09:07:36.921+0000 7fc4137fe700 1 --2- 172.21.15.19:0/2410756849 >> [v2:172.21.15.19:6800/2577177111,v1:172.21.15.19:6801/2577177111] conn(0x7fc3fc03e470 0x7fc3fc040980 secure :-1 s=READY pgs=15 cs=0 l=1 rev1=1 crypto rx=0x7fc408006fd0 tx=0x7fc408006e40 comp rx=0 tx=0).ready entity=mgr.14120 client_cookie=0 server_cookie=0 in_seq=0 out_seq=0
2024-05-17T09:07:38.348 INFO:teuthology.orchestra.run.smithi019.stdout:/usr/bin/ceph: stderr
2024-05-17T09:07:36.926+0000 7fc4117fa700 1 -- 172.21.15.19:0/2410756849 <== mon.0 v2:172.21.15.19:3300/0 6 ==== mon_command_ack([{"prefix": "get_command_descriptions"}]=0 v0) ==== 72+0+191963 (secure 0 0 0) 0x7fc40401f030 con 0x7fc41407d520
2024-05-17T09:07:38.348 INFO:teuthology.orchestra.run.smithi019.stdout:/usr/bin/ceph: stderr
2024-05-17T09:07:37.163+0000 7fc41a956700 1 -- 172.21.15.19:0/2410756849 --> [v2:172.21.15.19:3300/0,v1:172.21.15.19:6789/0] -- mon_command([{prefix=config set, name=mgr/dashboard/ssl_server_port}] v 0) -- 0x7fc4141a12b0 con 0x7fc41407d520
2024-05-17T09:07:38.348 INFO:teuthology.orchestra.run.smithi019.stdout:/usr/bin/ceph: stderr
2024-05-17T09:07:37.166+0000 7fc4117fa700 1 -- 172.21.15.19:0/2410756849 <== mon.0 v2:172.21.15.19:3300/0 7 ==== mon_command_ack([{prefix=config set, name=mgr/dashboard/ssl_server_port}]=0 v8)=0 v8) ==== 130+0+0 (secure 0 0 0) 0x7fc40402adc0 con 0x7fc41407d520
2024-05-17T09:07:38.349 INFO:teuthology.orchestra.run.smithi019.stdout:/usr/bin/ceph: stderr
2024-05-17T09:07:37.169+0000 7fc41a956700 1 -- 172.21.15.19:0/2410756849 >> [v2:172.21.15.19:6800/2577177111,v1:172.21.15.19:6801/2577177111] conn(0x7fc3fc03e470 msgr2=0x7fc3fc040980 secure :-1 s=STATE_CONNECTION_ESTABLISHED l=1).mark_down
2024-05-17T09:07:38.349 INFO:teuthology.orchestra.run.smithi019.stdout:/usr/bin/ceph: stderr
2024-05-17T09:07:37.169+0000 7fc41a956700 1 --2- 172.21.15.19:0/2410756849 >> [v2:172.21.15.19:6800/2577177111,v1:172.21.15.19:6801/2577177111] conn(0x7fc3fc03e470 0x7fc3fc040980 secure :-1 s=READY pgs=15 cs=0 l=1 rev1=1 crypto rx=0x7fc408006fd0 tx=0x7fc408006e40 comp rx=0 tx=0).stop
2024-05-17T09:07:38.349 INFO:teuthology.orchestra.run.smithi019.stdout:/usr/bin/ceph: stderr
2024-05-17T09:07:37.169+0000 7fc41a956700 1 -- 172.21.15.19:0/2410756849 >> [v2:172.21.15.19:3300/0,v1:172.21.15.19:6789/0] conn(0x7fc41407d520 msgr2=0x7fc41419dd00 secure :-1 s=STATE_CONNECTION_ESTABLISHED l=1).mark_down
2024-05-17T09:07:38.349 INFO:teuthology.orchestra.run.smithi019.stdout:/usr/bin/ceph: stderr
2024-05-17T09:07:37.169+0000 7fc41a956700 1 --2- 172.21.15.19:0/2410756849 >> [v2:172.21.15.19:3300/0,v1:172.21.15.19:6789/0] conn(0x7fc41407d520 0x7fc41419dd00 secure :-1 s=READY pgs=54 cs=0 l=1 rev1=1 crypto rx=0x7fc404011670 tx=0x7fc404011a30 comp rx=0 tx=0).stop
2024-05-17T09:07:38.349 INFO:teuthology.orchestra.run.smithi019.stdout:/usr/bin/ceph: stderr
2024-05-17T09:07:37.169+0000 7fc41a956700 1 -- 172.21.15.19:0/2410756849 shutdown_connections
2024-05-17T09:07:38.349 INFO:teuthology.orchestra.run.smithi019.stdout:/usr/bin/ceph: stderr
2024-05-17T09:07:37.169+0000 7fc41a956700 1 --2- 172.21.15.19:0/2410756849 >> [v2:172.21.15.19:6800/2577177111,v1:172.21.15.19:6801/2577177111] conn(0x7fc3fc03e470 0x7fc3fc040980 unknown :-1 s=CLOSED pgs=15 cs=0 l=1 rev1=1 crypto rx=0 tx=0 comp rx=0 tx=0).stop
2024-05-17T09:07:38.349 INFO:teuthology.orchestra.run.smithi019.stdout:/usr/bin/ceph: stderr
2024-05-17T09:07:37.169+0000 7fc41a956700 1 --2- 172.21.15.19:0/2410756849 >> [v2:172.21.15.19:3300/0,v1:172.21.15.19:6789/0] conn(0x7fc41407d520 0x7fc41419dd00 unknown :-1 s=CLOSED pgs=54 cs=0 l=1 rev1=1 crypto rx=0 tx=0 comp rx=0 tx=0).stop
2024-05-17T09:07:38.349 INFO:teuthology.orchestra.run.smithi019.stdout:/usr/bin/ceph: stderr
2024-05-17T09:07:37.169+0000 7fc41a956700 1 -- 172.21.15.19:0/2410756849 >> 172.21.15.19:0/2410756849 conn(0x7fc414103fe0 msgr2=0x7fc4141058e0 unknown :-1 s=STATE_NONE l=0).mark_down
2024-05-17T09:07:38.349 INFO:teuthology.orchestra.run.smithi019.stdout:/usr/bin/ceph: stderr
2024-05-17T09:07:37.169+0000 7fc41a956700 1 -- 172.21.15.19:0/2410756849 shutdown_connections
2024-05-17T09:07:38.349 INFO:teuthology.orchestra.run.smithi019.stdout:/usr/bin/ceph: stderr
2024-05-17T09:07:37.169+0000 7fc41a956700 1 -- 172.21.15.19:0/2410756849 wait complete.
2024-05-17T09:07:38.349 INFO:teuthology.orchestra.run.smithi019.stdout:Enabling the dashboard module...
2024-05-17T09:07:39.407 INFO:journalctl@ceph.mon.a.smithi019.stdout:May 17 09:07:39 smithi019 ceph-mon[31620]: from='client.? 172.21.15.19:0/3329249558' entity='client.admin' cmd=[{"prefix": "mgr module enable", "module": "dashboard"}]: dispatch
2024-05-17T09:07:39.408 INFO:journalctl@ceph.mgr.x.smithi019.stdout:May 17 09:07:39 smithi019 ceph-9c7a48b0-142c-11ef-bc9a-c7b262605968-mgr-x[31851]: ignoring --setuser ceph since I am not root
2024-05-17T09:07:39.408 INFO:journalctl@ceph.mgr.x.smithi019.stdout:May 17 09:07:39 smithi019 ceph-9c7a48b0-142c-11ef-bc9a-c7b262605968-mgr-x[31851]: ignoring --setgroup ceph since I am not root
2024-05-17T09:07:39.692 INFO:journalctl@ceph.mgr.x.smithi019.stdout:May 17 09:07:39 smithi019 ceph-9c7a48b0-142c-11ef-bc9a-c7b262605968-mgr-x[31851]:
2024-05-17T09:07:39.406+0000 7f80da41f200 -1 mgr[py] Module balancer has missing NOTIFY_TYPES member
2024-05-17T09:07:39.692 INFO:journalctl@ceph.mgr.x.smithi019.stdout:May 17 09:07:39 smithi019 ceph-9c7a48b0-142c-11ef-bc9a-c7b262605968-mgr-x[31851]:
2024-05-17T09:07:39.615+0000 7f80da41f200 -1 mgr[py] Module orchestrator has missing NOTIFY_TYPES member
2024-05-17T09:07:39.819 INFO:teuthology.orchestra.run.smithi019.stdout:/usr/bin/ceph: stderr
2024-05-17T09:07:38.811+0000 7f2ad2b2a700 1 Processor -- start
2024-05-17T09:07:39.820 INFO:teuthology.orchestra.run.smithi019.stdout:/usr/bin/ceph: stderr
2024-05-17T09:07:38.811+0000 7f2ad2b2a700 1 -- start start
2024-05-17T09:07:39.820 INFO:teuthology.orchestra.run.smithi019.stdout:/usr/bin/ceph: stderr
2024-05-17T09:07:38.811+0000 7f2ad2b2a700 1 --2- >> [v2:172.21.15.19:3300/0,v1:172.21.15.19:6789/0] conn(0x7f2acc108310 0x7f2acc108720 unknown :-1 s=NONE pgs=0 cs=0 l=0 rev1=0 crypto rx=0 tx=0 comp rx=0 tx=0).connect
2024-05-17T09:07:39.820 INFO:teuthology.orchestra.run.smithi019.stdout:/usr/bin/ceph: stderr
2024-05-17T09:07:38.811+0000 7f2ad2b2a700 1 -- --> [v2:172.21.15.19:3300/0,v1:172.21.15.19:6789/0] -- mon_getmap magic: 0 -- 0x7f2acc07d7f0 con 0x7f2acc108310
2024-05-17T09:07:39.820 INFO:teuthology.orchestra.run.smithi019.stdout:/usr/bin/ceph: stderr
2024-05-17T09:07:38.811+0000 7f2ad08c6700 1 --2- >> [v2:172.21.15.19:3300/0,v1:172.21.15.19:6789/0] conn(0x7f2acc108310 0x7f2acc108720 unknown :-1 s=BANNER_CONNECTING pgs=0 cs=0 l=0 rev1=0 crypto rx=0 tx=0 comp rx=0 tx=0)._handle_peer_banner_payload supported=3 required=0
2024-05-17T09:07:39.820 INFO:teuthology.orchestra.run.smithi019.stdout:/usr/bin/ceph: stderr
2024-05-17T09:07:38.811+0000 7f2ad08c6700 1 --2- >> [v2:172.21.15.19:3300/0,v1:172.21.15.19:6789/0] conn(0x7f2acc108310 0x7f2acc108720 unknown :-1 s=HELLO_CONNECTING pgs=0 cs=0 l=0 rev1=1 crypto rx=0 tx=0 comp rx=0 tx=0).handle_hello peer v2:172.21.15.19:3300/0 says I am v2:172.21.15.19:53758/0 (socket says 172.21.15.19:53758)
2024-05-17T09:07:39.820 INFO:teuthology.orchestra.run.smithi019.stdout:/usr/bin/ceph: stderr
2024-05-17T09:07:38.811+0000 7f2ad08c6700 1 -- 172.21.15.19:0/1549634760 learned_addr learned my addr 172.21.15.19:0/1549634760 (peer_addr_for_me v2:172.21.15.19:0/0)
2024-05-17T09:07:39.820 INFO:teuthology.orchestra.run.smithi019.stdout:/usr/bin/ceph: stderr
2024-05-17T09:07:38.812+0000 7f2ad08c6700 1 -- 172.21.15.19:0/1549634760 --> [v2:172.21.15.19:3300/0,v1:172.21.15.19:6789/0] -- mon_subscribe({config=0+,monmap=0+}) -- 0x7f2acc108c60 con 0x7f2acc108310
2024-05-17T09:07:39.820 INFO:teuthology.orchestra.run.smithi019.stdout:/usr/bin/ceph: stderr
2024-05-17T09:07:38.812+0000 7f2ad08c6700 1 --2- 172.21.15.19:0/1549634760 >> [v2:172.21.15.19:3300/0,v1:172.21.15.19:6789/0] conn(0x7f2acc108310 0x7f2acc108720 secure :-1 s=READY pgs=55 cs=0 l=1 rev1=1 crypto rx=0x7f2ac00098a0 tx=0x7f2ac0009bb0 comp rx=0 tx=0).ready entity=mon.0 client_cookie=d107a4e355997b2a server_cookie=0 in_seq=0 out_seq=0
2024-05-17T09:07:39.820 INFO:teuthology.orchestra.run.smithi019.stdout:/usr/bin/ceph: stderr
2024-05-17T09:07:38.812+0000 7f2acb7fe700 1 -- 172.21.15.19:0/1549634760 <== mon.0 v2:172.21.15.19:3300/0 1 ==== mon_map magic: 0 ==== 205+0+0 (secure 0 0 0) 0x7f2ac0004160 con 0x7f2acc108310
2024-05-17T09:07:39.820 INFO:teuthology.orchestra.run.smithi019.stdout:/usr/bin/ceph: stderr
2024-05-17T09:07:38.812+0000 7f2acb7fe700 1 -- 172.21.15.19:0/1549634760 <== mon.0 v2:172.21.15.19:3300/0 2 ==== config(25 keys) ==== 1063+0+0 (secure 0 0 0) 0x7f2ac0004300 con 0x7f2acc108310
2024-05-17T09:07:39.820 INFO:teuthology.orchestra.run.smithi019.stdout:/usr/bin/ceph: stderr
2024-05-17T09:07:38.812+0000 7f2acb7fe700 1 -- 172.21.15.19:0/1549634760 <== mon.0 v2:172.21.15.19:3300/0 3 ==== mon_map magic: 0 ==== 205+0+0 (secure 0 0 0) 0x7f2ac0011960 con 0x7f2acc108310
2024-05-17T09:07:39.821 INFO:teuthology.orchestra.run.smithi019.stdout:/usr/bin/ceph: stderr
2024-05-17T09:07:38.813+0000 7f2ad2b2a700 1 -- 172.21.15.19:0/1549634760 >> [v2:172.21.15.19:3300/0,v1:172.21.15.19:6789/0] conn(0x7f2acc108310 msgr2=0x7f2acc108720 secure :-1 s=STATE_CONNECTION_ESTABLISHED l=1).mark_down
2024-05-17T09:07:39.821 INFO:teuthology.orchestra.run.smithi019.stdout:/usr/bin/ceph: stderr
2024-05-17T09:07:38.813+0000 7f2ad2b2a700 1 --2- 172.21.15.19:0/1549634760 >> [v2:172.21.15.19:3300/0,v1:172.21.15.19:6789/0] conn(0x7f2acc108310 0x7f2acc108720 secure :-1 s=READY pgs=55 cs=0 l=1 rev1=1 crypto rx=0x7f2ac00098a0 tx=0x7f2ac0009bb0 comp rx=0 tx=0).stop
2024-05-17T09:07:39.821 INFO:teuthology.orchestra.run.smithi019.stdout:/usr/bin/ceph: stderr
2024-05-17T09:07:38.813+0000 7f2ad2b2a700 1 -- 172.21.15.19:0/1549634760 shutdown_connections
2024-05-17T09:07:39.821 INFO:teuthology.orchestra.run.smithi019.stdout:/usr/bin/ceph: stderr
2024-05-17T09:07:38.813+0000 7f2ad2b2a700 1 --2- 172.21.15.19:0/1549634760 >> [v2:172.21.15.19:3300/0,v1:172.21.15.19:6789/0] conn(0x7f2acc108310 0x7f2acc108720 unknown :-1 s=CLOSED pgs=55 cs=0 l=1 rev1=1 crypto rx=0 tx=0 comp rx=0 tx=0).stop
2024-05-17T09:07:39.821 INFO:teuthology.orchestra.run.smithi019.stdout:/usr/bin/ceph: stderr
2024-05-17T09:07:38.813+0000 7f2ad2b2a700 1 -- 172.21.15.19:0/1549634760 >> 172.21.15.19:0/1549634760 conn(0x7f2acc103f80 msgr2=0x7f2acc106430 unknown :-1 s=STATE_NONE l=0).mark_down
2024-05-17T09:07:39.821 INFO:teuthology.orchestra.run.smithi019.stdout:/usr/bin/ceph: stderr
2024-05-17T09:07:38.813+0000 7f2ad2b2a700 1 -- 172.21.15.19:0/1549634760 shutdown_connections
2024-05-17T09:07:39.821 INFO:teuthology.orchestra.run.smithi019.stdout:/usr/bin/ceph: stderr
2024-05-17T09:07:38.813+0000 7f2ad2b2a700 1 -- 172.21.15.19:0/1549634760 wait complete.
2024-05-17T09:07:39.821 INFO:teuthology.orchestra.run.smithi019.stdout:/usr/bin/ceph: stderr
2024-05-17T09:07:38.814+0000 7f2ad2b2a700 1 Processor -- start
2024-05-17T09:07:39.821 INFO:teuthology.orchestra.run.smithi019.stdout:/usr/bin/ceph: stderr
2024-05-17T09:07:38.814+0000 7f2ad2b2a700 1 -- start start
2024-05-17T09:07:39.821 INFO:teuthology.orchestra.run.smithi019.stdout:/usr/bin/ceph: stderr
2024-05-17T09:07:38.814+0000 7f2ad2b2a700 1 --2- >> [v2:172.21.15.19:3300/0,v1:172.21.15.19:6789/0] conn(0x7f2acc108310 0x7f2acc19ff40 unknown :-1 s=NONE pgs=0 cs=0 l=1 rev1=0 crypto rx=0 tx=0 comp rx=0 tx=0).connect
2024-05-17T09:07:39.821 INFO:teuthology.orchestra.run.smithi019.stdout:/usr/bin/ceph: stderr
2024-05-17T09:07:38.814+0000 7f2ad2b2a700 1 -- --> [v2:172.21.15.19:3300/0,v1:172.21.15.19:6789/0] -- mon_getmap magic: 0 -- 0x7f2acc109b40 con 0x7f2acc108310
2024-05-17T09:07:39.821 INFO:teuthology.orchestra.run.smithi019.stdout:/usr/bin/ceph: stderr
2024-05-17T09:07:38.814+0000 7f2ad08c6700 1 --2- >> [v2:172.21.15.19:3300/0,v1:172.21.15.19:6789/0] conn(0x7f2acc108310 0x7f2acc19ff40 unknown :-1 s=BANNER_CONNECTING pgs=0 cs=0 l=1 rev1=0 crypto rx=0 tx=0 comp rx=0 tx=0)._handle_peer_banner_payload supported=3 required=0
2024-05-17T09:07:39.821 INFO:teuthology.orchestra.run.smithi019.stdout:/usr/bin/ceph: stderr
2024-05-17T09:07:38.814+0000 7f2ad08c6700 1 --2- >> [v2:172.21.15.19:3300/0,v1:172.21.15.19:6789/0] conn(0x7f2acc108310 0x7f2acc19ff40 unknown :-1 s=HELLO_CONNECTING pgs=0 cs=0 l=1 rev1=1 crypto rx=0 tx=0 comp rx=0 tx=0).handle_hello peer v2:172.21.15.19:3300/0 says I am v2:172.21.15.19:53762/0 (socket says 172.21.15.19:53762)
2024-05-17T09:07:39.822 INFO:teuthology.orchestra.run.smithi019.stdout:/usr/bin/ceph: stderr
2024-05-17T09:07:38.814+0000 7f2ad08c6700 1 -- 172.21.15.19:0/3329249558 learned_addr learned my addr 172.21.15.19:0/3329249558 (peer_addr_for_me v2:172.21.15.19:0/0)
2024-05-17T09:07:39.822 INFO:teuthology.orchestra.run.smithi019.stdout:/usr/bin/ceph: stderr
2024-05-17T09:07:38.814+0000 7f2ad08c6700 1 -- 172.21.15.19:0/3329249558 --> [v2:172.21.15.19:3300/0,v1:172.21.15.19:6789/0] -- mon_subscribe({config=0+,monmap=0+}) -- 0x7f2acc1a0480 con 0x7f2acc108310
2024-05-17T09:07:39.822 INFO:teuthology.orchestra.run.smithi019.stdout:/usr/bin/ceph: stderr
2024-05-17T09:07:38.815+0000 7f2ad08c6700 1 --2- 172.21.15.19:0/3329249558 >> [v2:172.21.15.19:3300/0,v1:172.21.15.19:6789/0] conn(0x7f2acc108310 0x7f2acc19ff40 secure :-1 s=READY pgs=56 cs=0 l=1 rev1=1 crypto rx=0x7f2ac0011670 tx=0x7f2ac0011a30 comp rx=0 tx=0).ready entity=mon.0 client_cookie=0 server_cookie=0 in_seq=0 out_seq=0
2024-05-17T09:07:39.822 INFO:teuthology.orchestra.run.smithi019.stdout:/usr/bin/ceph: stderr
2024-05-17T09:07:38.815+0000 7f2ac9ffb700 1 -- 172.21.15.19:0/3329249558 <== mon.0 v2:172.21.15.19:3300/0 1 ==== mon_map magic: 0 ==== 205+0+0 (secure 0 0 0) 0x7f2ac0003a60 con 0x7f2acc108310
2024-05-17T09:07:39.822 INFO:teuthology.orchestra.run.smithi019.stdout:/usr/bin/ceph: stderr
2024-05-17T09:07:38.815+0000 7f2ac9ffb700 1 -- 172.21.15.19:0/3329249558 <== mon.0 v2:172.21.15.19:3300/0 2 ==== config(25 keys) ==== 1063+0+0 (secure 0 0 0) 0x7f2ac001b8d0 con 0x7f2acc108310
2024-05-17T09:07:39.822 INFO:teuthology.orchestra.run.smithi019.stdout:/usr/bin/ceph: stderr
2024-05-17T09:07:38.815+0000 7f2ac9ffb700 1 -- 172.21.15.19:0/3329249558 <== mon.0 v2:172.21.15.19:3300/0 3 ==== mon_map magic: 0 ==== 205+0+0 (secure 0 0 0) 0x7f2ac0023750 con 0x7f2acc108310
2024-05-17T09:07:39.822 INFO:teuthology.orchestra.run.smithi019.stdout:/usr/bin/ceph: stderr
2024-05-17T09:07:38.815+0000 7f2ad2b2a700 1 -- 172.21.15.19:0/3329249558 --> [v2:172.21.15.19:3300/0,v1:172.21.15.19:6789/0] -- mon_subscribe({mgrmap=0+}) -- 0x7f2acc1a0710 con 0x7f2acc108310
2024-05-17T09:07:39.822 INFO:teuthology.orchestra.run.smithi019.stdout:/usr/bin/ceph: stderr
2024-05-17T09:07:38.815+0000 7f2ad2b2a700 1 -- 172.21.15.19:0/3329249558 --> [v2:172.21.15.19:3300/0,v1:172.21.15.19:6789/0] -- mon_subscribe({osdmap=0}) -- 0x7f2acc1a3320 con 0x7f2acc108310
2024-05-17T09:07:39.822 INFO:teuthology.orchestra.run.smithi019.stdout:/usr/bin/ceph: stderr
2024-05-17T09:07:38.816+0000 7f2ad2b2a700 1 -- 172.21.15.19:0/3329249558 --> [v2:172.21.15.19:3300/0,v1:172.21.15.19:6789/0] -- mon_command({"prefix": "get_command_descriptions"} v 0) -- 0x7f2acc064e10 con 0x7f2acc108310
2024-05-17T09:07:39.822 INFO:teuthology.orchestra.run.smithi019.stdout:/usr/bin/ceph: stderr
2024-05-17T09:07:38.816+0000 7f2ac9ffb700 1 -- 172.21.15.19:0/3329249558 <== mon.0 v2:172.21.15.19:3300/0 4 ==== mgrmap(e 8) ==== 50222+0+0 (secure 0 0 0) 0x7f2ac001b440 con 0x7f2acc108310
2024-05-17T09:07:39.822 INFO:teuthology.orchestra.run.smithi019.stdout:/usr/bin/ceph: stderr
2024-05-17T09:07:38.817+0000 7f2ac9ffb700 1 --2- 172.21.15.19:0/3329249558 >> [v2:172.21.15.19:6800/2577177111,v1:172.21.15.19:6801/2577177111] conn(0x7f2abc03e470 0x7f2abc040980 unknown :-1 s=NONE pgs=0 cs=0 l=1 rev1=0 crypto rx=0 tx=0 comp rx=0 tx=0).connect
2024-05-17T09:07:39.822 INFO:teuthology.orchestra.run.smithi019.stdout:/usr/bin/ceph: stderr
2024-05-17T09:07:38.817+0000 7f2ac9ffb700 1 -- 172.21.15.19:0/3329249558 <== mon.0 v2:172.21.15.19:3300/0 5 ==== osd_map(2..2 src has 1..2) ==== 940+0+0 (secure 0 0 0) 0x7f2ac0053f90 con 0x7f2acc108310
2024-05-17T09:07:39.822 INFO:teuthology.orchestra.run.smithi019.stdout:/usr/bin/ceph: stderr
2024-05-17T09:07:38.817+0000 7f2acbfff700 1 --2- 172.21.15.19:0/3329249558 >> [v2:172.21.15.19:6800/2577177111,v1:172.21.15.19:6801/2577177111] conn(0x7f2abc03e470 0x7f2abc040980 unknown :-1 s=BANNER_CONNECTING pgs=0 cs=0 l=1 rev1=0 crypto rx=0 tx=0 comp rx=0 tx=0)._handle_peer_banner_payload supported=3 required=0
2024-05-17T09:07:39.823 INFO:teuthology.orchestra.run.smithi019.stdout:/usr/bin/ceph: stderr
2024-05-17T09:07:38.817+0000 7f2acbfff700 1 --2- 172.21.15.19:0/3329249558 >> [v2:172.21.15.19:6800/2577177111,v1:172.21.15.19:6801/2577177111] conn(0x7f2abc03e470 0x7f2abc040980 secure :-1 s=READY pgs=16 cs=0 l=1 rev1=1 crypto rx=0x7f2ab8006fd0 tx=0x7f2ab8006e40 comp rx=0 tx=0).ready entity=mgr.14120 client_cookie=0 server_cookie=0 in_seq=0 out_seq=0
2024-05-17T09:07:39.823 INFO:teuthology.orchestra.run.smithi019.stdout:/usr/bin/ceph: stderr
2024-05-17T09:07:38.822+0000 7f2ac9ffb700 1 -- 172.21.15.19:0/3329249558 <== mon.0 v2:172.21.15.19:3300/0 6 ==== mon_command_ack([{"prefix": "get_command_descriptions"}]=0 v0) ==== 72+0+191963 (secure 0 0 0) 0x7f2ac001f030 con 0x7f2acc108310
2024-05-17T09:07:39.823 INFO:teuthology.orchestra.run.smithi019.stdout:/usr/bin/ceph: stderr
2024-05-17T09:07:39.108+0000 7f2ad2b2a700 1 -- 172.21.15.19:0/3329249558 --> [v2:172.21.15.19:3300/0,v1:172.21.15.19:6789/0] -- mon_command({"prefix": "mgr module enable", "module": "dashboard"} v 0) -- 0x7f2acc02e850 con 0x7f2acc108310
2024-05-17T09:07:39.823 INFO:teuthology.orchestra.run.smithi019.stdout:/usr/bin/ceph: stderr
2024-05-17T09:07:39.170+0000 7f2ac9ffb700 1 -- 172.21.15.19:0/3329249558 <== mon.0 v2:172.21.15.19:3300/0 7 ==== mon_command_ack([{"prefix": "mgr module enable", "module": "dashboard"}]=0 v9) ==== 88+0+0 (secure 0 0 0) 0x7f2ac00202b0 con 0x7f2acc108310
2024-05-17T09:07:39.823 INFO:teuthology.orchestra.run.smithi019.stdout:/usr/bin/ceph: stderr
2024-05-17T09:07:39.172+0000 7f2ac9ffb700 1 -- 172.21.15.19:0/3329249558 <== mon.0 v2:172.21.15.19:3300/0 8 ==== mgrmap(e 9) ==== 50235+0+0 (secure 0 0 0) 0x7f2ac002b530 con 0x7f2acc108310
2024-05-17T09:07:39.823 INFO:teuthology.orchestra.run.smithi019.stdout:/usr/bin/ceph: stderr
2024-05-17T09:07:39.174+0000 7f2ad2b2a700 1 -- 172.21.15.19:0/3329249558 >> [v2:172.21.15.19:6800/2577177111,v1:172.21.15.19:6801/2577177111] conn(0x7f2abc03e470 msgr2=0x7f2abc040980 secure :-1 s=STATE_CONNECTION_ESTABLISHED l=1).mark_down
2024-05-17T09:07:39.823 INFO:teuthology.orchestra.run.smithi019.stdout:/usr/bin/ceph: stderr
2024-05-17T09:07:39.174+0000 7f2ad2b2a700 1 --2- 172.21.15.19:0/3329249558 >> [v2:172.21.15.19:6800/2577177111,v1:172.21.15.19:6801/2577177111] conn(0x7f2abc03e470 0x7f2abc040980 secure :-1 s=READY pgs=16 cs=0 l=1 rev1=1 crypto rx=0x7f2ab8006fd0 tx=0x7f2ab8006e40 comp rx=0 tx=0).stop
2024-05-17T09:07:39.823 INFO:teuthology.orchestra.run.smithi019.stdout:/usr/bin/ceph: stderr
2024-05-17T09:07:39.174+0000 7f2ad2b2a700 1 -- 172.21.15.19:0/3329249558 >> [v2:172.21.15.19:3300/0,v1:172.21.15.19:6789/0] conn(0x7f2acc108310 msgr2=0x7f2acc19ff40 secure :-1 s=STATE_CONNECTION_ESTABLISHED l=1).mark_down
2024-05-17T09:07:39.823 INFO:teuthology.orchestra.run.smithi019.stdout:/usr/bin/ceph: stderr
2024-05-17T09:07:39.174+0000 7f2ad2b2a700 1 --2- 172.21.15.19:0/3329249558 >> [v2:172.21.15.19:3300/0,v1:172.21.15.19:6789/0] conn(0x7f2acc108310 0x7f2acc19ff40 secure :-1 s=READY pgs=56 cs=0 l=1 rev1=1 crypto rx=0x7f2ac0011670 tx=0x7f2ac0011a30 comp rx=0 tx=0).stop
2024-05-17T09:07:39.823 INFO:teuthology.orchestra.run.smithi019.stdout:/usr/bin/ceph: stderr
2024-05-17T09:07:39.174+0000 7f2ad2b2a700 1 -- 172.21.15.19:0/3329249558 shutdown_connections
2024-05-17T09:07:39.823 INFO:teuthology.orchestra.run.smithi019.stdout:/usr/bin/ceph: stderr
2024-05-17T09:07:39.174+0000 7f2ad2b2a700 1 --2- 172.21.15.19:0/3329249558 >> [v2:172.21.15.19:6800/2577177111,v1:172.21.15.19:6801/2577177111] conn(0x7f2abc03e470 0x7f2abc040980 unknown :-1 s=CLOSED pgs=16 cs=0 l=1 rev1=1 crypto rx=0 tx=0 comp rx=0 tx=0).stop
2024-05-17T09:07:39.823 INFO:teuthology.orchestra.run.smithi019.stdout:/usr/bin/ceph: stderr
2024-05-17T09:07:39.174+0000 7f2ad2b2a700 1 --2- 172.21.15.19:0/3329249558 >> [v2:172.21.15.19:3300/0,v1:172.21.15.19:6789/0] conn(0x7f2acc108310 0x7f2acc19ff40 unknown :-1 s=CLOSED pgs=56 cs=0 l=1 rev1=1 crypto rx=0 tx=0 comp rx=0 tx=0).stop
2024-05-17T09:07:39.823 INFO:teuthology.orchestra.run.smithi019.stdout:/usr/bin/ceph: stderr
2024-05-17T09:07:39.174+0000 7f2ad2b2a700 1 -- 172.21.15.19:0/3329249558 >> 172.21.15.19:0/3329249558 conn(0x7f2acc103f80 msgr2=0x7f2acc193ee0 unknown :-1 s=STATE_NONE l=0).mark_down
2024-05-17T09:07:39.824 INFO:teuthology.orchestra.run.smithi019.stdout:/usr/bin/ceph: stderr
2024-05-17T09:07:39.174+0000 7f2ad2b2a700 1 -- 172.21.15.19:0/3329249558 shutdown_connections
2024-05-17T09:07:39.824 INFO:teuthology.orchestra.run.smithi019.stdout:/usr/bin/ceph: stderr
2024-05-17T09:07:39.174+0000 7f2ad2b2a700 1 -- 172.21.15.19:0/3329249558 wait complete.
2024-05-17T09:07:40.040 INFO:journalctl@ceph.mgr.x.smithi019.stdout:May 17 09:07:39 smithi019 ceph-9c7a48b0-142c-11ef-bc9a-c7b262605968-mgr-x[31851]:
2024-05-17T09:07:39.723+0000 7f80da41f200 -1 mgr[py] Module snap_schedule has missing NOTIFY_TYPES member
2024-05-17T09:07:40.296 INFO:journalctl@ceph.mon.a.smithi019.stdout:May 17 09:07:40 smithi019 ceph-mon[31620]: from='client.? 172.21.15.19:0/3329249558' entity='client.admin' cmd='[{"prefix": "mgr module enable", "module": "dashboard"}]': finished
2024-05-17T09:07:40.296 INFO:journalctl@ceph.mon.a.smithi019.stdout:May 17 09:07:40 smithi019 ceph-mon[31620]: mgrmap e9: x(active, since 19s)
2024-05-17T09:07:40.296 INFO:journalctl@ceph.mgr.x.smithi019.stdout:May 17 09:07:40 smithi019 ceph-9c7a48b0-142c-11ef-bc9a-c7b262605968-mgr-x[31851]:
2024-05-17T09:07:40.057+0000 7f80da41f200 -1 mgr[py] Module progress has missing NOTIFY_TYPES member
2024-05-17T09:07:40.296 INFO:journalctl@ceph.mgr.x.smithi019.stdout:May 17 09:07:40 smithi019 ceph-9c7a48b0-142c-11ef-bc9a-c7b262605968-mgr-x[31851]:
2024-05-17T09:07:40.148+0000 7f80da41f200 -1 mgr[py] Module influx has missing NOTIFY_TYPES member
2024-05-17T09:07:41.342 INFO:journalctl@ceph.mon.a.smithi019.stdout:May 17 09:07:41 smithi019 ceph-mon[31620]: from='client.? 172.21.15.19:0/674736244' entity='client.admin' cmd=[{"prefix": "mgr stat"}]: dispatch
2024-05-17T09:07:41.345 INFO:teuthology.orchestra.run.smithi019.stdout:/usr/bin/ceph: stdout {
2024-05-17T09:07:41.351 INFO:teuthology.orchestra.run.smithi019.stdout:/usr/bin/ceph: stdout "epoch": 9,
2024-05-17T09:07:41.351 INFO:teuthology.orchestra.run.smithi019.stdout:/usr/bin/ceph: stdout "available": true,
2024-05-17T09:07:41.351 INFO:teuthology.orchestra.run.smithi019.stdout:/usr/bin/ceph: stdout "active_name": "x",
2024-05-17T09:07:41.351 INFO:teuthology.orchestra.run.smithi019.stdout:/usr/bin/ceph: stdout "num_standby": 0
2024-05-17T09:07:41.352 INFO:teuthology.orchestra.run.smithi019.stdout:/usr/bin/ceph: stdout }
2024-05-17T09:07:41.352 INFO:teuthology.orchestra.run.smithi019.stdout:/usr/bin/ceph: stderr
2024-05-17T09:07:40.295+0000 7fa9a7aad700 1 Processor -- start
2024-05-17T09:07:41.352 INFO:teuthology.orchestra.run.smithi019.stdout:/usr/bin/ceph: stderr
2024-05-17T09:07:40.295+0000 7fa9a7aad700 1 -- start start
2024-05-17T09:07:41.352 INFO:teuthology.orchestra.run.smithi019.stdout:/usr/bin/ceph: stderr
2024-05-17T09:07:40.295+0000 7fa9a7aad700 1 --2- >> [v2:172.21.15.19:3300/0,v1:172.21.15.19:6789/0] conn(0x7fa9a0108300 0x7fa9a0108710 unknown :-1 s=NONE pgs=0 cs=0 l=0 rev1=0 crypto rx=0 tx=0 comp rx=0 tx=0).connect
2024-05-17T09:07:41.352 INFO:teuthology.orchestra.run.smithi019.stdout:/usr/bin/ceph: stderr
2024-05-17T09:07:40.295+0000 7fa9a7aad700 1 -- --> [v2:172.21.15.19:3300/0,v1:172.21.15.19:6789/0] -- mon_getmap magic: 0 -- 0x7fa9a007cec0 con 0x7fa9a0108300
2024-05-17T09:07:41.352 INFO:teuthology.orchestra.run.smithi019.stdout:/usr/bin/ceph: stderr
2024-05-17T09:07:40.296+0000 7fa9a5849700 1 --2- >> [v2:172.21.15.19:3300/0,v1:172.21.15.19:6789/0] conn(0x7fa9a0108300 0x7fa9a0108710 unknown :-1 s=BANNER_CONNECTING pgs=0 cs=0 l=0 rev1=0 crypto rx=0 tx=0 comp rx=0 tx=0)._handle_peer_banner_payload supported=3 required=0
2024-05-17T09:07:41.352 INFO:teuthology.orchestra.run.smithi019.stdout:/usr/bin/ceph: stderr
2024-05-17T09:07:40.296+0000 7fa9a5849700 1 --2- >> [v2:172.21.15.19:3300/0,v1:172.21.15.19:6789/0] conn(0x7fa9a0108300 0x7fa9a0108710 unknown :-1 s=HELLO_CONNECTING pgs=0 cs=0 l=0 rev1=1 crypto rx=0 tx=0 comp rx=0 tx=0).handle_hello peer v2:172.21.15.19:3300/0 says I am v2:172.21.15.19:53800/0 (socket says 172.21.15.19:53800)
2024-05-17T09:07:41.352 INFO:teuthology.orchestra.run.smithi019.stdout:/usr/bin/ceph: stderr
2024-05-17T09:07:40.296+0000 7fa9a5849700 1 -- 172.21.15.19:0/3423246864 learned_addr learned my addr 172.21.15.19:0/3423246864 (peer_addr_for_me v2:172.21.15.19:0/0)
2024-05-17T09:07:41.352 INFO:teuthology.orchestra.run.smithi019.stdout:/usr/bin/ceph: stderr
2024-05-17T09:07:40.296+0000 7fa9a5849700 1 -- 172.21.15.19:0/3423246864 --> [v2:172.21.15.19:3300/0,v1:172.21.15.19:6789/0] -- mon_subscribe({config=0+,monmap=0+}) -- 0x7fa9a0108c50 con 0x7fa9a0108300
2024-05-17T09:07:41.352 INFO:teuthology.orchestra.run.smithi019.stdout:/usr/bin/ceph: stderr
2024-05-17T09:07:40.296+0000 7fa9a5849700 1 --2- 172.21.15.19:0/3423246864 >> [v2:172.21.15.19:3300/0,v1:172.21.15.19:6789/0] conn(0x7fa9a0108300 0x7fa9a0108710 secure :-1 s=READY pgs=59 cs=0 l=1 rev1=1 crypto rx=0x7fa99c0098a0 tx=0x7fa99c009bb0 comp rx=0 tx=0).ready entity=mon.0 client_cookie=66eecc01f36f7c0 server_cookie=0 in_seq=0 out_seq=0
2024-05-17T09:07:41.352 INFO:teuthology.orchestra.run.smithi019.stdout:/usr/bin/ceph: stderr
2024-05-17T09:07:40.296+0000 7fa9a4847700 1 -- 172.21.15.19:0/3423246864 <== mon.0 v2:172.21.15.19:3300/0 1 ==== mon_map magic: 0 ==== 205+0+0 (secure 0 0 0) 0x7fa99c004160 con 0x7fa9a0108300
2024-05-17T09:07:41.352 INFO:teuthology.orchestra.run.smithi019.stdout:/usr/bin/ceph: stderr
2024-05-17T09:07:40.296+0000 7fa9a4847700 1 -- 172.21.15.19:0/3423246864 <== mon.0 v2:172.21.15.19:3300/0 2 ==== config(25 keys) ==== 1063+0+0 (secure 0 0 0) 0x7fa99c004300 con 0x7fa9a0108300
2024-05-17T09:07:41.352 INFO:teuthology.orchestra.run.smithi019.stdout:/usr/bin/ceph: stderr
2024-05-17T09:07:40.296+0000 7fa9a4847700 1 -- 172.21.15.19:0/3423246864 <== mon.0 v2:172.21.15.19:3300/0 3 ==== mon_map magic: 0 ==== 205+0+0 (secure 0 0 0) 0x7fa99c011960 con 0x7fa9a0108300
2024-05-17T09:07:41.353 INFO:teuthology.orchestra.run.smithi019.stdout:/usr/bin/ceph: stderr
2024-05-17T09:07:40.297+0000 7fa9a7aad700 1 -- 172.21.15.19:0/3423246864 >> [v2:172.21.15.19:3300/0,v1:172.21.15.19:6789/0] conn(0x7fa9a0108300 msgr2=0x7fa9a0108710 secure :-1 s=STATE_CONNECTION_ESTABLISHED l=1).mark_down
2024-05-17T09:07:41.353 INFO:teuthology.orchestra.run.smithi019.stdout:/usr/bin/ceph: stderr
2024-05-17T09:07:40.297+0000 7fa9a7aad700 1 --2- 172.21.15.19:0/3423246864 >> [v2:172.21.15.19:3300/0,v1:172.21.15.19:6789/0] conn(0x7fa9a0108300 0x7fa9a0108710 secure :-1 s=READY pgs=59 cs=0 l=1 rev1=1 crypto rx=0x7fa99c0098a0 tx=0x7fa99c009bb0 comp rx=0 tx=0).stop
2024-05-17T09:07:41.353 INFO:teuthology.orchestra.run.smithi019.stdout:/usr/bin/ceph: stderr
2024-05-17T09:07:40.297+0000 7fa9a7aad700 1 -- 172.21.15.19:0/3423246864 shutdown_connections
2024-05-17T09:07:41.353 INFO:teuthology.orchestra.run.smithi019.stdout:/usr/bin/ceph: stderr
2024-05-17T09:07:40.297+0000 7fa9a7aad700 1 --2- 172.21.15.19:0/3423246864 >> [v2:172.21.15.19:3300/0,v1:172.21.15.19:6789/0] conn(0x7fa9a0108300 0x7fa9a0108710 unknown :-1 s=CLOSED pgs=59 cs=0 l=1 rev1=1 crypto rx=0 tx=0 comp rx=0 tx=0).stop
2024-05-17T09:07:41.353 INFO:teuthology.orchestra.run.smithi019.stdout:/usr/bin/ceph: stderr
2024-05-17T09:07:40.297+0000 7fa9a7aad700 1 -- 172.21.15.19:0/3423246864 >> 172.21.15.19:0/3423246864 conn(0x7fa9a0103ff0 msgr2=0x7fa9a0106440 unknown :-1 s=STATE_NONE l=0).mark_down
2024-05-17T09:07:41.353 INFO:teuthology.orchestra.run.smithi019.stdout:/usr/bin/ceph: stderr
2024-05-17T09:07:40.297+0000 7fa9a7aad700 1 -- 172.21.15.19:0/3423246864 shutdown_connections
2024-05-17T09:07:41.353 INFO:teuthology.orchestra.run.smithi019.stdout:/usr/bin/ceph: stderr
2024-05-17T09:07:40.297+0000 7fa9a7aad700 1 -- 172.21.15.19:0/3423246864 wait complete.
2024-05-17T09:07:41.353 INFO:teuthology.orchestra.run.smithi019.stdout:/usr/bin/ceph: stderr
2024-05-17T09:07:40.298+0000 7fa9a7aad700 1 Processor -- start
2024-05-17T09:07:41.353 INFO:teuthology.orchestra.run.smithi019.stdout:/usr/bin/ceph: stderr
2024-05-17T09:07:40.298+0000 7fa9a7aad700 1 -- start start
2024-05-17T09:07:41.353 INFO:teuthology.orchestra.run.smithi019.stdout:/usr/bin/ceph: stderr
2024-05-17T09:07:40.298+0000 7fa9a7aad700 1 --2- >> [v2:172.21.15.19:3300/0,v1:172.21.15.19:6789/0] conn(0x7fa9a0108300 0x7fa9a019fff0 unknown :-1 s=NONE pgs=0 cs=0 l=1 rev1=0 crypto rx=0 tx=0 comp rx=0 tx=0).connect
2024-05-17T09:07:41.353 INFO:teuthology.orchestra.run.smithi019.stdout:/usr/bin/ceph: stderr
2024-05-17T09:07:40.298+0000 7fa9a7aad700 1 -- --> [v2:172.21.15.19:3300/0,v1:172.21.15.19:6789/0] -- mon_getmap magic: 0 -- 0x7fa9a0109cb0 con 0x7fa9a0108300
2024-05-17T09:07:41.353 INFO:teuthology.orchestra.run.smithi019.stdout:/usr/bin/ceph: stderr
2024-05-17T09:07:40.299+0000 7fa9a5849700 1 --2- >> [v2:172.21.15.19:3300/0,v1:172.21.15.19:6789/0] conn(0x7fa9a0108300 0x7fa9a019fff0 unknown :-1 s=BANNER_CONNECTING pgs=0 cs=0 l=1 rev1=0 crypto rx=0 tx=0 comp rx=0 tx=0)._handle_peer_banner_payload supported=3 required=0
2024-05-17T09:07:41.353 INFO:teuthology.orchestra.run.smithi019.stdout:/usr/bin/ceph: stderr
2024-05-17T09:07:40.299+0000 7fa9a5849700 1 --2- >> [v2:172.21.15.19:3300/0,v1:172.21.15.19:6789/0] conn(0x7fa9a0108300 0x7fa9a019fff0 unknown :-1 s=HELLO_CONNECTING pgs=0 cs=0 l=1 rev1=1 crypto rx=0 tx=0 comp rx=0 tx=0).handle_hello peer v2:172.21.15.19:3300/0 says I am v2:172.21.15.19:53808/0 (socket says 172.21.15.19:53808)
2024-05-17T09:07:41.353 INFO:teuthology.orchestra.run.smithi019.stdout:/usr/bin/ceph: stderr
2024-05-17T09:07:40.299+0000 7fa9a5849700 1 -- 172.21.15.19:0/674736244 learned_addr learned my addr 172.21.15.19:0/674736244 (peer_addr_for_me v2:172.21.15.19:0/0)
2024-05-17T09:07:41.354 INFO:teuthology.orchestra.run.smithi019.stdout:/usr/bin/ceph: stderr
2024-05-17T09:07:40.299+0000 7fa9a5849700 1 -- 172.21.15.19:0/674736244 --> [v2:172.21.15.19:3300/0,v1:172.21.15.19:6789/0] -- mon_subscribe({config=0+,monmap=0+}) -- 0x7fa9a01a0530 con 0x7fa9a0108300
2024-05-17T09:07:41.354 INFO:teuthology.orchestra.run.smithi019.stdout:/usr/bin/ceph: stderr
2024-05-17T09:07:40.299+0000 7fa9a5849700 1 --2- 172.21.15.19:0/674736244 >> [v2:172.21.15.19:3300/0,v1:172.21.15.19:6789/0] conn(0x7fa9a0108300 0x7fa9a019fff0 secure :-1 s=READY pgs=60 cs=0 l=1 rev1=1 crypto rx=0x7fa99c011670 tx=0x7fa99c011a30 comp rx=0 tx=0).ready entity=mon.0 client_cookie=0 server_cookie=0 in_seq=0 out_seq=0
2024-05-17T09:07:41.354 INFO:teuthology.orchestra.run.smithi019.stdout:/usr/bin/ceph: stderr
2024-05-17T09:07:40.299+0000 7fa996ffd700 1 -- 172.21.15.19:0/674736244 <== mon.0 v2:172.21.15.19:3300/0 1 ==== mon_map magic: 0 ==== 205+0+0 (secure 0 0 0) 0x7fa99c003aa0 con 0x7fa9a0108300
2024-05-17T09:07:41.354 INFO:teuthology.orchestra.run.smithi019.stdout:/usr/bin/ceph: stderr
2024-05-17T09:07:40.299+0000 7fa996ffd700 1 -- 172.21.15.19:0/674736244 <== mon.0 v2:172.21.15.19:3300/0 2 ==== config(25 keys) ==== 1063+0+0 (secure 0 0 0) 0x7fa99c01b8d0 con 0x7fa9a0108300
2024-05-17T09:07:41.354 INFO:teuthology.orchestra.run.smithi019.stdout:/usr/bin/ceph: stderr
2024-05-17T09:07:40.299+0000 7fa9a7aad700 1 -- 172.21.15.19:0/674736244 --> [v2:172.21.15.19:3300/0,v1:172.21.15.19:6789/0] -- mon_subscribe({mgrmap=0+}) -- 0x7fa9a01a07c0 con 0x7fa9a0108300
2024-05-17T09:07:41.354 INFO:teuthology.orchestra.run.smithi019.stdout:/usr/bin/ceph: stderr
2024-05-17T09:07:40.299+0000 7fa996ffd700 1 -- 172.21.15.19:0/674736244 <== mon.0 v2:172.21.15.19:3300/0 3 ==== mon_map magic: 0 ==== 205+0+0 (secure 0 0 0) 0x7fa99c0197f0 con 0x7fa9a0108300
2024-05-17T09:07:41.354 INFO:teuthology.orchestra.run.smithi019.stdout:/usr/bin/ceph: stderr
2024-05-17T09:07:40.299+0000 7fa9a7aad700 1 -- 172.21.15.19:0/674736244 --> [v2:172.21.15.19:3300/0,v1:172.21.15.19:6789/0] -- mon_subscribe({osdmap=0}) -- 0x7fa9a01a33d0 con 0x7fa9a0108300
2024-05-17T09:07:41.354 INFO:teuthology.orchestra.run.smithi019.stdout:/usr/bin/ceph: stderr
2024-05-17T09:07:40.300+0000 7fa9a7aad700 1 -- 172.21.15.19:0/674736244 --> [v2:172.21.15.19:3300/0,v1:172.21.15.19:6789/0] -- mon_command({"prefix": "get_command_descriptions"} v 0) -- 0x7fa9a0064e10 con 0x7fa9a0108300
2024-05-17T09:07:41.354 INFO:teuthology.orchestra.run.smithi019.stdout:/usr/bin/ceph: stderr
2024-05-17T09:07:40.300+0000 7fa996ffd700 1 -- 172.21.15.19:0/674736244 <== mon.0 v2:172.21.15.19:3300/0 4 ==== mgrmap(e 9) ==== 50235+0+0 (secure 0 0 0) 0x7fa99c01b440 con 0x7fa9a0108300
2024-05-17T09:07:41.354 INFO:teuthology.orchestra.run.smithi019.stdout:/usr/bin/ceph: stderr
2024-05-17T09:07:40.301+0000 7fa996ffd700 1 --2- 172.21.15.19:0/674736244 >> [v2:172.21.15.19:6800/2577177111,v1:172.21.15.19:6801/2577177111] conn(0x7fa98c03e4d0 0x7fa98c0409e0 unknown :-1 s=NONE pgs=0 cs=0 l=1 rev1=0 crypto rx=0 tx=0 comp rx=0 tx=0).connect
2024-05-17T09:07:41.354 INFO:teuthology.orchestra.run.smithi019.stdout:/usr/bin/ceph: stderr
2024-05-17T09:07:40.301+0000 7fa9a5048700 1 -- 172.21.15.19:0/674736244 >> [v2:172.21.15.19:6800/2577177111,v1:172.21.15.19:6801/2577177111] conn(0x7fa98c03e4d0 msgr2=0x7fa98c0409e0 unknown :-1 s=STATE_CONNECTING_RE l=1).process reconnect failed to v2:172.21.15.19:6800/2577177111
2024-05-17T09:07:41.354 INFO:teuthology.orchestra.run.smithi019.stdout:/usr/bin/ceph: stderr
2024-05-17T09:07:40.301+0000 7fa996ffd700 1 -- 172.21.15.19:0/674736244 <== mon.0 v2:172.21.15.19:3300/0 5 ==== osd_map(2..2 src has 1..2) ==== 940+0+0 (secure 0 0 0) 0x7fa99c053ed0 con 0x7fa9a0108300
2024-05-17T09:07:41.355 INFO:teuthology.orchestra.run.smithi019.stdout:/usr/bin/ceph: stderr
2024-05-17T09:07:40.301+0000 7fa9a5048700 1 --2- 172.21.15.19:0/674736244 >> [v2:172.21.15.19:6800/2577177111,v1:172.21.15.19:6801/2577177111] conn(0x7fa98c03e4d0 0x7fa98c0409e0 unknown :-1 s=START_CONNECT pgs=0 cs=0 l=1 rev1=0 crypto rx=0 tx=0 comp rx=0 tx=0)._fault waiting 0.200000
2024-05-17T09:07:41.355 INFO:teuthology.orchestra.run.smithi019.stdout:/usr/bin/ceph: stderr
2024-05-17T09:07:40.306+0000 7fa996ffd700 1 -- 172.21.15.19:0/674736244 <== mon.0 v2:172.21.15.19:3300/0 6 ==== mon_command_ack([{"prefix": "get_command_descriptions"}]=0 v0) ==== 72+0+191963 (secure 0 0 0) 0x7fa99c01f030 con 0x7fa9a0108300
2024-05-17T09:07:41.355 INFO:teuthology.orchestra.run.smithi019.stdout:/usr/bin/ceph: stderr
2024-05-17T09:07:40.502+0000 7fa9a5048700 1 -- 172.21.15.19:0/674736244 >> [v2:172.21.15.19:6800/2577177111,v1:172.21.15.19:6801/2577177111] conn(0x7fa98c03e4d0 msgr2=0x7fa98c0409e0 unknown :-1 s=STATE_CONNECTING_RE l=1).process reconnect failed to v2:172.21.15.19:6800/2577177111
2024-05-17T09:07:41.355 INFO:teuthology.orchestra.run.smithi019.stdout:/usr/bin/ceph: stderr
2024-05-17T09:07:40.502+0000 7fa9a5048700 1 --2- 172.21.15.19:0/674736244 >> [v2:172.21.15.19:6800/2577177111,v1:172.21.15.19:6801/2577177111] conn(0x7fa98c03e4d0 0x7fa98c0409e0 unknown :-1 s=START_CONNECT pgs=0 cs=0 l=1 rev1=0 crypto rx=0 tx=0 comp rx=0 tx=0)._fault waiting 0.400000
2024-05-17T09:07:41.355 INFO:teuthology.orchestra.run.smithi019.stdout:/usr/bin/ceph: stderr
2024-05-17T09:07:40.625+0000 7fa9a7aad700 1 -- 172.21.15.19:0/674736244 --> [v2:172.21.15.19:3300/0,v1:172.21.15.19:6789/0] -- mon_command({"prefix": "mgr stat"} v 0) -- 0x7fa9a002e7b0 con 0x7fa9a0108300
2024-05-17T09:07:41.355 INFO:teuthology.orchestra.run.smithi019.stdout:/usr/bin/ceph: stderr
2024-05-17T09:07:40.626+0000 7fa996ffd700 1 -- 172.21.15.19:0/674736244 <== mon.0 v2:172.21.15.19:3300/0 7 ==== mon_command_ack([{"prefix": "mgr stat"}]=0 v9) ==== 56+0+88 (secure 0 0 0) 0x7fa99c019dc0 con 0x7fa9a0108300
2024-05-17T09:07:41.355 INFO:teuthology.orchestra.run.smithi019.stdout:/usr/bin/ceph: stderr
2024-05-17T09:07:40.628+0000 7fa9a7aad700 1 -- 172.21.15.19:0/674736244 >> [v2:172.21.15.19:6800/2577177111,v1:172.21.15.19:6801/2577177111] conn(0x7fa98c03e4d0 msgr2=0x7fa98c0409e0 unknown :-1 s=STATE_CONNECTING l=1).mark_down
2024-05-17T09:07:41.355 INFO:teuthology.orchestra.run.smithi019.stdout:/usr/bin/ceph: stderr
2024-05-17T09:07:40.628+0000 7fa9a7aad700 1 --2- 172.21.15.19:0/674736244 >> [v2:172.21.15.19:6800/2577177111,v1:172.21.15.19:6801/2577177111] conn(0x7fa98c03e4d0 0x7fa98c0409e0 unknown :-1 s=START_CONNECT pgs=0 cs=0 l=1 rev1=0 crypto rx=0 tx=0 comp rx=0 tx=0).stop
2024-05-17T09:07:41.355 INFO:teuthology.orchestra.run.smithi019.stdout:/usr/bin/ceph: stderr
2024-05-17T09:07:40.628+0000 7fa9a7aad700 1 -- 172.21.15.19:0/674736244 >> [v2:172.21.15.19:3300/0,v1:172.21.15.19:6789/0] conn(0x7fa9a0108300 msgr2=0x7fa9a019fff0 secure :-1 s=STATE_CONNECTION_ESTABLISHED l=1).mark_down
2024-05-17T09:07:41.355 INFO:teuthology.orchestra.run.smithi019.stdout:/usr/bin/ceph: stderr
2024-05-17T09:07:40.628+0000 7fa9a7aad700 1 --2- 172.21.15.19:0/674736244 >> [v2:172.21.15.19:3300/0,v1:172.21.15.19:6789/0] conn(0x7fa9a0108300 0x7fa9a019fff0 secure :-1 s=READY pgs=60 cs=0 l=1 rev1=1 crypto rx=0x7fa99c011670 tx=0x7fa99c011a30 comp rx=0 tx=0).stop
2024-05-17T09:07:41.355 INFO:teuthology.orchestra.run.smithi019.stdout:/usr/bin/ceph: stderr
2024-05-17T09:07:40.628+0000 7fa9a7aad700 1 -- 172.21.15.19:0/674736244 shutdown_connections
2024-05-17T09:07:41.355 INFO:teuthology.orchestra.run.smithi019.stdout:/usr/bin/ceph: stderr
2024-05-17T09:07:40.628+0000 7fa9a7aad700 1 --2- 172.21.15.19:0/674736244 >> [v2:172.21.15.19:6800/2577177111,v1:172.21.15.19:6801/2577177111] conn(0x7fa98c03e4d0 0x7fa98c0409e0 unknown :-1 s=CLOSED pgs=0 cs=0 l=1 rev1=0 crypto rx=0 tx=0 comp rx=0 tx=0).stop
2024-05-17T09:07:41.355 INFO:teuthology.orchestra.run.smithi019.stdout:/usr/bin/ceph: stderr
2024-05-17T09:07:40.628+0000 7fa9a7aad700 1 --2- 172.21.15.19:0/674736244 >> [v2:172.21.15.19:3300/0,v1:172.21.15.19:6789/0] conn(0x7fa9a0108300 0x7fa9a019fff0 unknown :-1 s=CLOSED pgs=60 cs=0 l=1 rev1=1 crypto rx=0 tx=0 comp rx=0 tx=0).stop
2024-05-17T09:07:41.355 INFO:teuthology.orchestra.run.smithi019.stdout:/usr/bin/ceph: stderr
2024-05-17T09:07:40.628+0000 7fa9a7aad700 1 -- 172.21.15.19:0/674736244 >> 172.21.15.19:0/674736244 conn(0x7fa9a0103ff0 msgr2=0x7fa9a0193f90 unknown :-1 s=STATE_NONE l=0).mark_down
2024-05-17T09:07:41.356 INFO:teuthology.orchestra.run.smithi019.stdout:/usr/bin/ceph: stderr
2024-05-17T09:07:40.628+0000 7fa9a7aad700 1 -- 172.21.15.19:0/674736244 shutdown_connections
2024-05-17T09:07:41.356 INFO:teuthology.orchestra.run.smithi019.stdout:/usr/bin/ceph: stderr
2024-05-17T09:07:40.629+0000 7fa9a7aad700 1 -- 172.21.15.19:0/674736244 wait complete.
2024-05-17T09:07:41.356 INFO:teuthology.orchestra.run.smithi019.stdout:Waiting for the mgr to restart...
2024-05-17T09:07:41.356 INFO:teuthology.orchestra.run.smithi019.stdout:Waiting for mgr epoch 9...
2024-05-17T09:07:41.593 INFO:journalctl@ceph.mgr.x.smithi019.stdout:May 17 09:07:41 smithi019 ceph-9c7a48b0-142c-11ef-bc9a-c7b262605968-mgr-x[31851]:
2024-05-17T09:07:41.445+0000 7f80da41f200 -1 mgr[py] Module telegraf has missing NOTIFY_TYPES member
2024-05-17T09:07:41.942 INFO:journalctl@ceph.mgr.x.smithi019.stdout:May 17 09:07:41 smithi019 ceph-9c7a48b0-142c-11ef-bc9a-c7b262605968-mgr-x[31851]:
2024-05-17T09:07:41.631+0000 7f80da41f200 -1 mgr[py] Module osd_support has missing NOTIFY_TYPES member
2024-05-17T09:07:41.942 INFO:journalctl@ceph.mgr.x.smithi019.stdout:May 17 09:07:41 smithi019 ceph-9c7a48b0-142c-11ef-bc9a-c7b262605968-mgr-x[31851]:
2024-05-17T09:07:41.820+0000 7f80da41f200 -1 mgr[py] Module iostat has missing NOTIFY_TYPES member
2024-05-17T09:07:42.382 INFO:journalctl@ceph.mgr.x.smithi019.stdout:May 17 09:07:42 smithi019 ceph-9c7a48b0-142c-11ef-bc9a-c7b262605968-mgr-x[31851]:
2024-05-17T09:07:42.127+0000 7f80da41f200 -1 mgr[py] Module alerts has missing NOTIFY_TYPES member
2024-05-17T09:07:42.382 INFO:journalctl@ceph.mgr.x.smithi019.stdout:May 17 09:07:42 smithi019 ceph-9c7a48b0-142c-11ef-bc9a-c7b262605968-mgr-x[31851]:
2024-05-17T09:07:42.226+0000 7f80da41f200 -1 mgr[py] Module selftest has missing NOTIFY_TYPES member
2024-05-17T09:07:42.650 INFO:journalctl@ceph.mgr.x.smithi019.stdout:May 17 09:07:42 smithi019 ceph-9c7a48b0-142c-11ef-bc9a-c7b262605968-mgr-x[31851]:
2024-05-17T09:07:42.443+0000 7f80da41f200 -1 mgr[py] Module pg_autoscaler has missing NOTIFY_TYPES member
2024-05-17T09:07:42.942 INFO:journalctl@ceph.mgr.x.smithi019.stdout:May 17 09:07:42 smithi019 ceph-9c7a48b0-142c-11ef-bc9a-c7b262605968-mgr-x[31851]:
2024-05-17T09:07:42.649+0000 7f80da41f200 -1 mgr[py] Module test_orchestrator has missing NOTIFY_TYPES member
2024-05-17T09:07:43.523 INFO:journalctl@ceph.mgr.x.smithi019.stdout:May 17 09:07:43 smithi019 ceph-9c7a48b0-142c-11ef-bc9a-c7b262605968-mgr-x[31851]:
2024-05-17T09:07:43.287+0000 7f80da41f200 -1 mgr[py] Module rook has missing NOTIFY_TYPES member
2024-05-17T09:07:43.523 INFO:journalctl@ceph.mgr.x.smithi019.stdout:May 17 09:07:43 smithi019 ceph-9c7a48b0-142c-11ef-bc9a-c7b262605968-mgr-x[31851]:
2024-05-17T09:07:43.523+0000 7f80da41f200 -1 mgr[py] Module smb has missing NOTIFY_TYPES member
2024-05-17T09:07:44.442 INFO:journalctl@ceph.mgr.x.smithi019.stdout:May 17 09:07:43 smithi019 ceph-9c7a48b0-142c-11ef-bc9a-c7b262605968-mgr-x[31851]:
2024-05-17T09:07:43.976+0000 7f80da41f200 -1 mgr[py] Module volumes has missing NOTIFY_TYPES member
2024-05-17T09:07:44.442 INFO:journalctl@ceph.mgr.x.smithi019.stdout:May 17 09:07:44 smithi019 ceph-9c7a48b0-142c-11ef-bc9a-c7b262605968-mgr-x[31851]:
2024-05-17T09:07:44.080+0000 7f80da41f200 -1 mgr[py] Module crash has missing NOTIFY_TYPES member
2024-05-17T09:07:44.808 INFO:journalctl@ceph.mgr.x.smithi019.stdout:May 17 09:07:44 smithi019 ceph-9c7a48b0-142c-11ef-bc9a-c7b262605968-mgr-x[31851]:
2024-05-17T09:07:44.471+0000 7f80da41f200 -1 mgr[py] Module rgw has missing NOTIFY_TYPES member
2024-05-17T09:07:45.192 INFO:journalctl@ceph.mgr.x.smithi019.stdout:May 17 09:07:44 smithi019 ceph-9c7a48b0-142c-11ef-bc9a-c7b262605968-mgr-x[31851]:
2024-05-17T09:07:44.850+0000 7f80da41f200 -1 mgr[py] Module prometheus has missing NOTIFY_TYPES member
2024-05-17T09:07:45.192 INFO:journalctl@ceph.mgr.x.smithi019.stdout:May 17 09:07:44 smithi019 ceph-9c7a48b0-142c-11ef-bc9a-c7b262605968-mgr-x[31851]:
2024-05-17T09:07:44.950+0000 7f80da41f200 -1 mgr[py] Module devicehealth has missing NOTIFY_TYPES member
2024-05-17T09:07:45.692 INFO:journalctl@ceph.mgr.x.smithi019.stdout:May 17 09:07:45 smithi019 ceph-9c7a48b0-142c-11ef-bc9a-c7b262605968-mgr-x[31851]:
2024-05-17T09:07:45.211+0000 7f80da41f200 -1 mgr[py] Module telemetry has missing NOTIFY_TYPES member
