2024-05-17T21:26:07.606+0000 7f65475dd700 1 -- 172.21.15.96:0/4197627007 >> [v2:172.21.15.96:6800/670850811,v1:172.21.15.96:6801/670850811] conn(0x7f652c036850 msgr2=0x7f652c038d00 secure :-1 s=STATE_CONNECTION_ESTABLISHED l=1).mark_down
2024-05-17T21:26:08.230 INFO:teuthology.orchestra.run.smithi096.stdout:/usr/bin/ceph: stderr
2024-05-17T21:26:07.606+0000 7f65475dd700 1 --2- 172.21.15.96:0/4197627007 >> [v2:172.21.15.96:6800/670850811,v1:172.21.15.96:6801/670850811] conn(0x7f652c036850 0x7f652c038d00 secure :-1 s=READY pgs=21 cs=0 l=1 rev1=1 crypto rx=0x7f6530009990 tx=0x7f6530006e40 comp rx=0 tx=0).stop
2024-05-17T21:26:08.230 INFO:teuthology.orchestra.run.smithi096.stdout:/usr/bin/ceph: stderr
2024-05-17T21:26:07.606+0000 7f65475dd700 1 -- 172.21.15.96:0/4197627007 >> [v2:172.21.15.96:3300/0,v1:172.21.15.96:6789/0] conn(0x7f6540076b20 msgr2=0x7f65401115e0 secure :-1 s=STATE_CONNECTION_ESTABLISHED l=1).mark_down
2024-05-17T21:26:08.230 INFO:teuthology.orchestra.run.smithi096.stdout:/usr/bin/ceph: stderr
2024-05-17T21:26:07.606+0000 7f65475dd700 1 --2- 172.21.15.96:0/4197627007 >> [v2:172.21.15.96:3300/0,v1:172.21.15.96:6789/0] conn(0x7f6540076b20 0x7f65401115e0 secure :-1 s=READY pgs=66 cs=0 l=1 rev1=1 crypto rx=0x7f653c0094c0 tx=0x7f653c009250 comp rx=0 tx=0).stop
2024-05-17T21:26:08.230 INFO:teuthology.orchestra.run.smithi096.stdout:/usr/bin/ceph: stderr
2024-05-17T21:26:07.606+0000 7f65475dd700 1 -- 172.21.15.96:0/4197627007 shutdown_connections
2024-05-17T21:26:08.230 INFO:teuthology.orchestra.run.smithi096.stdout:/usr/bin/ceph: stderr
2024-05-17T21:26:07.606+0000 7f65475dd700 1 --2- 172.21.15.96:0/4197627007 >> [v2:172.21.15.96:6800/670850811,v1:172.21.15.96:6801/670850811] conn(0x7f652c036850 0x7f652c038d00 unknown :-1 s=CLOSED pgs=21 cs=0 l=1 rev1=1 crypto rx=0 tx=0 comp rx=0 tx=0).stop
2024-05-17T21:26:08.231 INFO:teuthology.orchestra.run.smithi096.stdout:/usr/bin/ceph: stderr
2024-05-17T21:26:07.606+0000 7f65475dd700 1 --2- 172.21.15.96:0/4197627007 >> [v2:172.21.15.96:3300/0,v1:172.21.15.96:6789/0] conn(0x7f6540076b20 0x7f65401115e0 secure :-1 s=CLOSED pgs=66 cs=0 l=1 rev1=1 crypto rx=0x7f653c0094c0 tx=0x7f653c009250 comp rx=0 tx=0).stop
2024-05-17T21:26:08.231 INFO:teuthology.orchestra.run.smithi096.stdout:/usr/bin/ceph: stderr
2024-05-17T21:26:07.606+0000 7f65475dd700 1 -- 172.21.15.96:0/4197627007 >> 172.21.15.96:0/4197627007 conn(0x7f65400fcf50 msgr2=0x7f65400fda10 unknown :-1 s=STATE_NONE l=0).mark_down
2024-05-17T21:26:08.231 INFO:teuthology.orchestra.run.smithi096.stdout:/usr/bin/ceph: stderr
2024-05-17T21:26:07.606+0000 7f65475dd700 1 -- 172.21.15.96:0/4197627007 shutdown_connections
2024-05-17T21:26:08.231 INFO:teuthology.orchestra.run.smithi096.stdout:/usr/bin/ceph: stderr
2024-05-17T21:26:07.606+0000 7f65475dd700 1 -- 172.21.15.96:0/4197627007 wait complete.
2024-05-17T21:26:08.854 INFO:journalctl@ceph.mon.smithi096.smithi096.stdout:May 17 21:26:08 smithi096 ceph-mon[28616]: from='client.? 172.21.15.96:0/4197627007' entity='client.admin' cmd='[{"prefix": "mgr module enable", "module": "dashboard"}]': finished
2024-05-17T21:26:08.854 INFO:journalctl@ceph.mon.smithi096.smithi096.stdout:May 17 21:26:08 smithi096 ceph-mon[28616]: mgrmap e9: smithi096.dtfbem(active, since 23s)
2024-05-17T21:26:09.508 INFO:teuthology.orchestra.run.smithi096.stdout:/usr/bin/ceph: stdout {
2024-05-17T21:26:09.508 INFO:teuthology.orchestra.run.smithi096.stdout:/usr/bin/ceph: stdout "epoch": 9,
2024-05-17T21:26:09.508 INFO:teuthology.orchestra.run.smithi096.stdout:/usr/bin/ceph: stdout "available": true,
2024-05-17T21:26:09.508 INFO:teuthology.orchestra.run.smithi096.stdout:/usr/bin/ceph: stdout "active_name": "smithi096.dtfbem",
2024-05-17T21:26:09.508 INFO:teuthology.orchestra.run.smithi096.stdout:/usr/bin/ceph: stdout "num_standby": 0
2024-05-17T21:26:09.508 INFO:teuthology.orchestra.run.smithi096.stdout:/usr/bin/ceph: stdout }
2024-05-17T21:26:09.509 INFO:teuthology.orchestra.run.smithi096.stdout:/usr/bin/ceph: stderr
2024-05-17T21:26:08.645+0000 7f2fd5f97700 1 Processor -- start
2024-05-17T21:26:09.509 INFO:teuthology.orchestra.run.smithi096.stdout:/usr/bin/ceph: stderr
2024-05-17T21:26:08.645+0000 7f2fd5f97700 1 -- start start
2024-05-17T21:26:09.509 INFO:teuthology.orchestra.run.smithi096.stdout:/usr/bin/ceph: stderr
2024-05-17T21:26:08.645+0000 7f2fd5f97700 1 --2- >> [v2:172.21.15.96:3300/0,v1:172.21.15.96:6789/0] conn(0x7f2fd0101730 0x7f2fd0101b40 unknown :-1 s=NONE pgs=0 cs=0 l=0 rev1=0 crypto rx=0 tx=0 comp rx=0 tx=0).connect
2024-05-17T21:26:09.509 INFO:teuthology.orchestra.run.smithi096.stdout:/usr/bin/ceph: stderr
2024-05-17T21:26:08.645+0000 7f2fd5f97700 1 -- --> [v2:172.21.15.96:3300/0,v1:172.21.15.96:6789/0] -- mon_getmap magic: 0 v1 -- 0x7f2fd0102080 con 0x7f2fd0101730
2024-05-17T21:26:09.509 INFO:teuthology.orchestra.run.smithi096.stdout:/usr/bin/ceph: stderr
2024-05-17T21:26:08.646+0000 7f2fcf7fe700 1 --2- >> [v2:172.21.15.96:3300/0,v1:172.21.15.96:6789/0] conn(0x7f2fd0101730 0x7f2fd0101b40 unknown :-1 s=BANNER_CONNECTING pgs=0 cs=0 l=0 rev1=0 crypto rx=0 tx=0 comp rx=0 tx=0)._handle_peer_banner_payload supported=3 required=0
2024-05-17T21:26:09.509 INFO:teuthology.orchestra.run.smithi096.stdout:/usr/bin/ceph: stderr
2024-05-17T21:26:08.646+0000 7f2fcf7fe700 1 --2- >> [v2:172.21.15.96:3300/0,v1:172.21.15.96:6789/0] conn(0x7f2fd0101730 0x7f2fd0101b40 unknown :-1 s=HELLO_CONNECTING pgs=0 cs=0 l=0 rev1=1 crypto rx=0 tx=0 comp rx=0 tx=0).handle_hello peer v2:172.21.15.96:3300/0 says I am v2:172.21.15.96:46198/0 (socket says 172.21.15.96:46198)
2024-05-17T21:26:09.509 INFO:teuthology.orchestra.run.smithi096.stdout:/usr/bin/ceph: stderr
2024-05-17T21:26:08.646+0000 7f2fcf7fe700 1 -- 172.21.15.96:0/2793403903 learned_addr learned my addr 172.21.15.96:0/2793403903 (peer_addr_for_me v2:172.21.15.96:0/0)
2024-05-17T21:26:09.509 INFO:teuthology.orchestra.run.smithi096.stdout:/usr/bin/ceph: stderr
2024-05-17T21:26:08.646+0000 7f2fcf7fe700 1 -- 172.21.15.96:0/2793403903 --> [v2:172.21.15.96:3300/0,v1:172.21.15.96:6789/0] -- mon_subscribe({config=0+,monmap=0+}) v3 -- 0x7f2fd01021c0 con 0x7f2fd0101730
2024-05-17T21:26:09.509 INFO:teuthology.orchestra.run.smithi096.stdout:/usr/bin/ceph: stderr
2024-05-17T21:26:08.646+0000 7f2fcf7fe700 1 --2- 172.21.15.96:0/2793403903 >> [v2:172.21.15.96:3300/0,v1:172.21.15.96:6789/0] conn(0x7f2fd0101730 0x7f2fd0101b40 secure :-1 s=READY pgs=69 cs=0 l=1 rev1=1 crypto rx=0x7f2fc400bb80 tx=0x7f2fc400b4f0 comp rx=0 tx=0).ready entity=mon.0 client_cookie=79dcdd333f0b10a2 server_cookie=0 in_seq=0 out_seq=0
2024-05-17T21:26:09.509 INFO:teuthology.orchestra.run.smithi096.stdout:/usr/bin/ceph: stderr
2024-05-17T21:26:08.646+0000 7f2fce7fc700 1 -- 172.21.15.96:0/2793403903 <== mon.0 v2:172.21.15.96:3300/0 1 ==== mon_map magic: 0 v1 ==== 229+0+0 (secure 0 0 0) 0x7f2fc400dd00 con 0x7f2fd0101730
2024-05-17T21:26:09.509 INFO:teuthology.orchestra.run.smithi096.stdout:/usr/bin/ceph: stderr
2024-05-17T21:26:08.646+0000 7f2fce7fc700 1 -- 172.21.15.96:0/2793403903 <== mon.0 v2:172.21.15.96:3300/0 2 ==== config(27 keys) v1 ==== 1109+0+0 (secure 0 0 0) 0x7f2fc400de60 con 0x7f2fd0101730
2024-05-17T21:26:09.509 INFO:teuthology.orchestra.run.smithi096.stdout:/usr/bin/ceph: stderr
2024-05-17T21:26:08.646+0000 7f2fce7fc700 1 -- 172.21.15.96:0/2793403903 <== mon.0 v2:172.21.15.96:3300/0 3 ==== mon_map magic: 0 v1 ==== 229+0+0 (secure 0 0 0) 0x7f2fc4018920 con 0x7f2fd0101730
2024-05-17T21:26:09.510 INFO:teuthology.orchestra.run.smithi096.stdout:/usr/bin/ceph: stderr
2024-05-17T21:26:08.647+0000 7f2fd5f97700 1 -- 172.21.15.96:0/2793403903 >> [v2:172.21.15.96:3300/0,v1:172.21.15.96:6789/0] conn(0x7f2fd0101730 msgr2=0x7f2fd0101b40 secure :-1 s=STATE_CONNECTION_ESTABLISHED l=1).mark_down
2024-05-17T21:26:09.510 INFO:teuthology.orchestra.run.smithi096.stdout:/usr/bin/ceph: stderr
2024-05-17T21:26:08.647+0000 7f2fd5f97700 1 --2- 172.21.15.96:0/2793403903 >> [v2:172.21.15.96:3300/0,v1:172.21.15.96:6789/0] conn(0x7f2fd0101730 0x7f2fd0101b40 secure :-1 s=READY pgs=69 cs=0 l=1 rev1=1 crypto rx=0x7f2fc400bb80 tx=0x7f2fc400b4f0 comp rx=0 tx=0).stop
2024-05-17T21:26:09.510 INFO:teuthology.orchestra.run.smithi096.stdout:/usr/bin/ceph: stderr
2024-05-17T21:26:08.647+0000 7f2fd5f97700 1 -- 172.21.15.96:0/2793403903 shutdown_connections
2024-05-17T21:26:09.510 INFO:teuthology.orchestra.run.smithi096.stdout:/usr/bin/ceph: stderr
2024-05-17T21:26:08.647+0000 7f2fd5f97700 1 --2- 172.21.15.96:0/2793403903 >> [v2:172.21.15.96:3300/0,v1:172.21.15.96:6789/0] conn(0x7f2fd0101730 0x7f2fd0101b40 unknown :-1 s=CLOSED pgs=69 cs=0 l=1 rev1=1 crypto rx=0 tx=0 comp rx=0 tx=0).stop
2024-05-17T21:26:09.510 INFO:teuthology.orchestra.run.smithi096.stdout:/usr/bin/ceph: stderr
2024-05-17T21:26:08.647+0000 7f2fd5f97700 1 -- 172.21.15.96:0/2793403903 >> 172.21.15.96:0/2793403903 conn(0x7f2fd00fcef0 msgr2=0x7f2fd00ff300 unknown :-1 s=STATE_NONE l=0).mark_down
2024-05-17T21:26:09.510 INFO:teuthology.orchestra.run.smithi096.stdout:/usr/bin/ceph: stderr
2024-05-17T21:26:08.647+0000 7f2fd5f97700 1 -- 172.21.15.96:0/2793403903 shutdown_connections
2024-05-17T21:26:09.510 INFO:teuthology.orchestra.run.smithi096.stdout:/usr/bin/ceph: stderr
2024-05-17T21:26:08.647+0000 7f2fd5f97700 1 -- 172.21.15.96:0/2793403903 wait complete.
2024-05-17T21:26:09.510 INFO:teuthology.orchestra.run.smithi096.stdout:/usr/bin/ceph: stderr
2024-05-17T21:26:08.648+0000 7f2fd5f97700 1 Processor -- start
2024-05-17T21:26:09.510 INFO:teuthology.orchestra.run.smithi096.stdout:/usr/bin/ceph: stderr
2024-05-17T21:26:08.648+0000 7f2fd5f97700 1 -- start start
2024-05-17T21:26:09.510 INFO:teuthology.orchestra.run.smithi096.stdout:/usr/bin/ceph: stderr
2024-05-17T21:26:08.648+0000 7f2fd5f97700 1 --2- >> [v2:172.21.15.96:3300/0,v1:172.21.15.96:6789/0] conn(0x7f2fd0101730 0x7f2fd010f3d0 unknown :-1 s=NONE pgs=0 cs=0 l=1 rev1=0 crypto rx=0 tx=0 comp rx=0 tx=0).connect
2024-05-17T21:26:09.510 INFO:teuthology.orchestra.run.smithi096.stdout:/usr/bin/ceph: stderr
2024-05-17T21:26:08.648+0000 7f2fd5f97700 1 -- --> [v2:172.21.15.96:3300/0,v1:172.21.15.96:6789/0] -- mon_getmap magic: 0 v1 -- 0x7f2fd010f910 con 0x7f2fd0101730
2024-05-17T21:26:09.510 INFO:teuthology.orchestra.run.smithi096.stdout:/usr/bin/ceph: stderr
2024-05-17T21:26:08.648+0000 7f2fcf7fe700 1 --2- >> [v2:172.21.15.96:3300/0,v1:172.21.15.96:6789/0] conn(0x7f2fd0101730 0x7f2fd010f3d0 unknown :-1 s=BANNER_CONNECTING pgs=0 cs=0 l=1 rev1=0 crypto rx=0 tx=0 comp rx=0 tx=0)._handle_peer_banner_payload supported=3 required=0
2024-05-17T21:26:09.510 INFO:teuthology.orchestra.run.smithi096.stdout:/usr/bin/ceph: stderr
2024-05-17T21:26:08.649+0000 7f2fcf7fe700 1 --2- >> [v2:172.21.15.96:3300/0,v1:172.21.15.96:6789/0] conn(0x7f2fd0101730 0x7f2fd010f3d0 unknown :-1 s=HELLO_CONNECTING pgs=0 cs=0 l=1 rev1=1 crypto rx=0 tx=0 comp rx=0 tx=0).handle_hello peer v2:172.21.15.96:3300/0 says I am v2:172.21.15.96:46212/0 (socket says 172.21.15.96:46212)
2024-05-17T21:26:09.510 INFO:teuthology.orchestra.run.smithi096.stdout:/usr/bin/ceph: stderr
2024-05-17T21:26:08.649+0000 7f2fcf7fe700 1 -- 172.21.15.96:0/1392236118 learned_addr learned my addr 172.21.15.96:0/1392236118 (peer_addr_for_me v2:172.21.15.96:0/0)
2024-05-17T21:26:09.511 INFO:teuthology.orchestra.run.smithi096.stdout:/usr/bin/ceph: stderr
2024-05-17T21:26:08.649+0000 7f2fcf7fe700 1 -- 172.21.15.96:0/1392236118 --> [v2:172.21.15.96:3300/0,v1:172.21.15.96:6789/0] -- mon_subscribe({config=0+,monmap=0+}) v3 -- 0x7f2fc400b790 con 0x7f2fd0101730
2024-05-17T21:26:09.511 INFO:teuthology.orchestra.run.smithi096.stdout:/usr/bin/ceph: stderr
2024-05-17T21:26:08.649+0000 7f2fcf7fe700 1 --2- 172.21.15.96:0/1392236118 >> [v2:172.21.15.96:3300/0,v1:172.21.15.96:6789/0] conn(0x7f2fd0101730 0x7f2fd010f3d0 secure :-1 s=READY pgs=70 cs=0 l=1 rev1=1 crypto rx=0x7f2fc4006b00 tx=0x7f2fc400b4f0 comp rx=0 tx=0).ready entity=mon.0 client_cookie=0 server_cookie=0 in_seq=0 out_seq=0
2024-05-17T21:26:09.511 INFO:teuthology.orchestra.run.smithi096.stdout:/usr/bin/ceph: stderr
2024-05-17T21:26:08.649+0000 7f2fb7fff700 1 -- 172.21.15.96:0/1392236118 <== mon.0 v2:172.21.15.96:3300/0 1 ==== mon_map magic: 0 v1 ==== 229+0+0 (secure 0 0 0) 0x7f2fc4010bd0 con 0x7f2fd0101730
2024-05-17T21:26:09.511 INFO:teuthology.orchestra.run.smithi096.stdout:/usr/bin/ceph: stderr
2024-05-17T21:26:08.649+0000 7f2fd5f97700 1 -- 172.21.15.96:0/1392236118 --> [v2:172.21.15.96:3300/0,v1:172.21.15.96:6789/0] -- mon_subscribe({mgrmap=0+}) v3 -- 0x7f2fd010fb10 con 0x7f2fd0101730
2024-05-17T21:26:09.511 INFO:teuthology.orchestra.run.smithi096.stdout:/usr/bin/ceph: stderr
2024-05-17T21:26:08.649+0000 7f2fb7fff700 1 -- 172.21.15.96:0/1392236118 <== mon.0 v2:172.21.15.96:3300/0 2 ==== config(27 keys) v1 ==== 1109+0+0 (secure 0 0 0) 0x7f2fc401d050 con 0x7f2fd0101730
2024-05-17T21:26:09.511 INFO:teuthology.orchestra.run.smithi096.stdout:/usr/bin/ceph: stderr
2024-05-17T21:26:08.649+0000 7f2fb7fff700 1 -- 172.21.15.96:0/1392236118 <== mon.0 v2:172.21.15.96:3300/0 3 ==== mon_map magic: 0 v1 ==== 229+0+0 (secure 0 0 0) 0x7f2fc4022590 con 0x7f2fd0101730
2024-05-17T21:26:09.511 INFO:teuthology.orchestra.run.smithi096.stdout:/usr/bin/ceph: stderr
2024-05-17T21:26:08.649+0000 7f2fd5f97700 1 -- 172.21.15.96:0/1392236118 --> [v2:172.21.15.96:3300/0,v1:172.21.15.96:6789/0] -- mon_subscribe({osdmap=0}) v3 -- 0x7f2fd0110680 con 0x7f2fd0101730
2024-05-17T21:26:09.511 INFO:teuthology.orchestra.run.smithi096.stdout:/usr/bin/ceph: stderr
2024-05-17T21:26:08.650+0000 7f2fd5f97700 1 -- 172.21.15.96:0/1392236118 --> [v2:172.21.15.96:3300/0,v1:172.21.15.96:6789/0] -- mon_command({"prefix": "get_command_descriptions"} v 0) v1 -- 0x7f2fd005f5c0 con 0x7f2fd0101730
2024-05-17T21:26:09.511 INFO:teuthology.orchestra.run.smithi096.stdout:/usr/bin/ceph: stderr
2024-05-17T21:26:08.650+0000 7f2fb7fff700 1 -- 172.21.15.96:0/1392236118 <== mon.0 v2:172.21.15.96:3300/0 4 ==== mgrmap(e 9) v1 ==== 43389+0+0 (secure 0 0 0) 0x7f2fc4023470 con 0x7f2fd0101730
2024-05-17T21:26:09.511 INFO:teuthology.orchestra.run.smithi096.stdout:/usr/bin/ceph: stderr
2024-05-17T21:26:08.650+0000 7f2fb7fff700 1 --2- 172.21.15.96:0/1392236118 >> [v2:172.21.15.96:6800/670850811,v1:172.21.15.96:6801/670850811] conn(0x7f2fb80368a0 0x7f2fb8038d50 unknown :-1 s=NONE pgs=0 cs=0 l=1 rev1=0 crypto rx=0 tx=0 comp rx=0 tx=0).connect
2024-05-17T21:26:09.511 INFO:teuthology.orchestra.run.smithi096.stdout:/usr/bin/ceph: stderr
2024-05-17T21:26:08.651+0000 7f2fb7fff700 1 -- 172.21.15.96:0/1392236118 <== mon.0 v2:172.21.15.96:3300/0 5 ==== osd_map(2..2 src has 1..2) v4 ==== 936+0+0 (secure 0 0 0) 0x7f2fc4014070 con 0x7f2fd0101730
2024-05-17T21:26:09.511 INFO:teuthology.orchestra.run.smithi096.stdout:/usr/bin/ceph: stderr
2024-05-17T21:26:08.651+0000 7f2fceffd700 1 -- 172.21.15.96:0/1392236118 >> [v2:172.21.15.96:6800/670850811,v1:172.21.15.96:6801/670850811] conn(0x7f2fb80368a0 msgr2=0x7f2fb8038d50 unknown :-1 s=STATE_CONNECTING_RE l=1).process reconnect failed to v2:172.21.15.96:6800/670850811
2024-05-17T21:26:09.511 INFO:teuthology.orchestra.run.smithi096.stdout:/usr/bin/ceph: stderr
2024-05-17T21:26:08.651+0000 7f2fceffd700 1 --2- 172.21.15.96:0/1392236118 >> [v2:172.21.15.96:6800/670850811,v1:172.21.15.96:6801/670850811] conn(0x7f2fb80368a0 0x7f2fb8038d50 unknown :-1 s=START_CONNECT pgs=0 cs=0 l=1 rev1=0 crypto rx=0 tx=0 comp rx=0 tx=0)._fault waiting 0.200000
2024-05-17T21:26:09.512 INFO:teuthology.orchestra.run.smithi096.stdout:/usr/bin/ceph: stderr
2024-05-17T21:26:08.655+0000 7f2fb7fff700 1 -- 172.21.15.96:0/1392236118 <== mon.0 v2:172.21.15.96:3300/0 6 ==== mon_command_ack([{"prefix": "get_command_descriptions"}]=0 v0) v1 ==== 72+0+176702 (secure 0 0 0) 0x7f2fc4022810 con 0x7f2fd0101730
2024-05-17T21:26:09.512 INFO:teuthology.orchestra.run.smithi096.stdout:/usr/bin/ceph: stderr
2024-05-17T21:26:08.852+0000 7f2fceffd700 1 -- 172.21.15.96:0/1392236118 >> [v2:172.21.15.96:6800/670850811,v1:172.21.15.96:6801/670850811] conn(0x7f2fb80368a0 msgr2=0x7f2fb8038d50 unknown :-1 s=STATE_CONNECTING_RE l=1).process reconnect failed to v2:172.21.15.96:6800/670850811
2024-05-17T21:26:09.512 INFO:teuthology.orchestra.run.smithi096.stdout:/usr/bin/ceph: stderr
2024-05-17T21:26:08.852+0000 7f2fceffd700 1 --2- 172.21.15.96:0/1392236118 >> [v2:172.21.15.96:6800/670850811,v1:172.21.15.96:6801/670850811] conn(0x7f2fb80368a0 0x7f2fb8038d50 unknown :-1 s=START_CONNECT pgs=0 cs=0 l=1 rev1=0 crypto rx=0 tx=0 comp rx=0 tx=0)._fault waiting 0.400000
2024-05-17T21:26:09.512 INFO:teuthology.orchestra.run.smithi096.stdout:/usr/bin/ceph: stderr
2024-05-17T21:26:08.938+0000 7f2fd5f97700 1 -- 172.21.15.96:0/1392236118 --> [v2:172.21.15.96:3300/0,v1:172.21.15.96:6789/0] -- mon_command({"prefix": "mgr stat"} v 0) v1 -- 0x7f2fd01111f0 con 0x7f2fd0101730
2024-05-17T21:26:09.512 INFO:teuthology.orchestra.run.smithi096.stdout:/usr/bin/ceph: stderr
2024-05-17T21:26:08.938+0000 7f2fb7fff700 1 -- 172.21.15.96:0/1392236118 <== mon.0 v2:172.21.15.96:3300/0 7 ==== mon_command_ack([{"prefix": "mgr stat"}]=0 v9) v1 ==== 56+0+103 (secure 0 0 0) 0x7f2fc402b360 con 0x7f2fd0101730
2024-05-17T21:26:09.512 INFO:teuthology.orchestra.run.smithi096.stdout:/usr/bin/ceph: stderr
2024-05-17T21:26:08.940+0000 7f2fd5f97700 1 -- 172.21.15.96:0/1392236118 >> [v2:172.21.15.96:6800/670850811,v1:172.21.15.96:6801/670850811] conn(0x7f2fb80368a0 msgr2=0x7f2fb8038d50 unknown :-1 s=STATE_CONNECTING l=1).mark_down
2024-05-17T21:26:09.512 INFO:teuthology.orchestra.run.smithi096.stdout:/usr/bin/ceph: stderr
2024-05-17T21:26:08.940+0000 7f2fd5f97700 1 --2- 172.21.15.96:0/1392236118 >> [v2:172.21.15.96:6800/670850811,v1:172.21.15.96:6801/670850811] conn(0x7f2fb80368a0 0x7f2fb8038d50 unknown :-1 s=START_CONNECT pgs=0 cs=0 l=1 rev1=0 crypto rx=0 tx=0 comp rx=0 tx=0).stop
2024-05-17T21:26:09.512 INFO:teuthology.orchestra.run.smithi096.stdout:/usr/bin/ceph: stderr
2024-05-17T21:26:08.940+0000 7f2fd5f97700 1 -- 172.21.15.96:0/1392236118 >> [v2:172.21.15.96:3300/0,v1:172.21.15.96:6789/0] conn(0x7f2fd0101730 msgr2=0x7f2fd010f3d0 secure :-1 s=STATE_CONNECTION_ESTABLISHED l=1).mark_down
2024-05-17T21:26:09.512 INFO:teuthology.orchestra.run.smithi096.stdout:/usr/bin/ceph: stderr
2024-05-17T21:26:08.940+0000 7f2fd5f97700 1 --2- 172.21.15.96:0/1392236118 >> [v2:172.21.15.96:3300/0,v1:172.21.15.96:6789/0] conn(0x7f2fd0101730 0x7f2fd010f3d0 secure :-1 s=READY pgs=70 cs=0 l=1 rev1=1 crypto rx=0x7f2fc4006b00 tx=0x7f2fc400b4f0 comp rx=0 tx=0).stop
2024-05-17T21:26:09.512 INFO:teuthology.orchestra.run.smithi096.stdout:/usr/bin/ceph: stderr
2024-05-17T21:26:08.940+0000 7f2fd5f97700 1 -- 172.21.15.96:0/1392236118 shutdown_connections
2024-05-17T21:26:09.512 INFO:teuthology.orchestra.run.smithi096.stdout:/usr/bin/ceph: stderr
2024-05-17T21:26:08.940+0000 7f2fd5f97700 1 --2- 172.21.15.96:0/1392236118 >> [v2:172.21.15.96:6800/670850811,v1:172.21.15.96:6801/670850811] conn(0x7f2fb80368a0 0x7f2fb8038d50 unknown :-1 s=CLOSED pgs=0 cs=0 l=1 rev1=0 crypto rx=0 tx=0 comp rx=0 tx=0).stop
2024-05-17T21:26:09.512 INFO:teuthology.orchestra.run.smithi096.stdout:/usr/bin/ceph: stderr
2024-05-17T21:26:08.940+0000 7f2fd5f97700 1 --2- 172.21.15.96:0/1392236118 >> [v2:172.21.15.96:3300/0,v1:172.21.15.96:6789/0] conn(0x7f2fd0101730 0x7f2fd010f3d0 unknown :-1 s=CLOSED pgs=70 cs=0 l=1 rev1=1 crypto rx=0 tx=0 comp rx=0 tx=0).stop
2024-05-17T21:26:09.512 INFO:teuthology.orchestra.run.smithi096.stdout:/usr/bin/ceph: stderr
2024-05-17T21:26:08.940+0000 7f2fd5f97700 1 -- 172.21.15.96:0/1392236118 >> 172.21.15.96:0/1392236118 conn(0x7f2fd00fcef0 msgr2=0x7f2fd0105bc0 unknown :-1 s=STATE_NONE l=0).mark_down
2024-05-17T21:26:09.512 INFO:teuthology.orchestra.run.smithi096.stdout:/usr/bin/ceph: stderr
2024-05-17T21:26:08.940+0000 7f2fd5f97700 1 -- 172.21.15.96:0/1392236118 shutdown_connections
2024-05-17T21:26:09.513 INFO:teuthology.orchestra.run.smithi096.stdout:/usr/bin/ceph: stderr
2024-05-17T21:26:08.940+0000 7f2fd5f97700 1 -- 172.21.15.96:0/1392236118 wait complete.
2024-05-17T21:26:09.513 INFO:teuthology.orchestra.run.smithi096.stdout:Waiting for the mgr to restart...
2024-05-17T21:26:09.513 INFO:teuthology.orchestra.run.smithi096.stdout:Waiting for mgr epoch 9...
2024-05-17T21:26:09.758 INFO:journalctl@ceph.mon.smithi096.smithi096.stdout:May 17 21:26:09 smithi096 ceph-mon[28616]: from='client.? 172.21.15.96:0/1392236118' entity='client.admin' cmd=[{"prefix": "mgr stat"}]: dispatch
2024-05-17T21:26:14.254 INFO:journalctl@ceph.mon.smithi096.smithi096.stdout:May 17 21:26:14 smithi096 ceph-mon[28616]: Active manager daemon smithi096.dtfbem restarted
2024-05-17T21:26:14.255 INFO:journalctl@ceph.mon.smithi096.smithi096.stdout:May 17 21:26:14 smithi096 ceph-mon[28616]: Activating manager daemon smithi096.dtfbem
2024-05-17T21:26:14.255 INFO:journalctl@ceph.mon.smithi096.smithi096.stdout:May 17 21:26:14 smithi096 ceph-mon[28616]: osdmap e3: 0 total, 0 up, 0 in
2024-05-17T21:26:14.255 INFO:journalctl@ceph.mon.smithi096.smithi096.stdout:May 17 21:26:14 smithi096 ceph-mon[28616]: mgrmap e10: smithi096.dtfbem(active, starting, since 0.00359494s)
2024-05-17T21:26:14.255 INFO:journalctl@ceph.mon.smithi096.smithi096.stdout:May 17 21:26:14 smithi096 ceph-mon[28616]: from='mgr.14162 172.21.15.96:0/3772566685' entity='mgr.smithi096.dtfbem' cmd=[{"prefix": "mon metadata", "id": "smithi096"}]: dispatch
2024-05-17T21:26:14.255 INFO:journalctl@ceph.mon.smithi096.smithi096.stdout:May 17 21:26:14 smithi096 ceph-mon[28616]: from='mgr.14162 172.21.15.96:0/3772566685' entity='mgr.smithi096.dtfbem' cmd=[{"prefix": "mgr metadata", "who": "smithi096.dtfbem", "id": "smithi096.dtfbem"}]: dispatch
2024-05-17T21:26:14.255 INFO:journalctl@ceph.mon.smithi096.smithi096.stdout:May 17 21:26:14 smithi096 ceph-mon[28616]: from='mgr.14162 172.21.15.96:0/3772566685' entity='mgr.smithi096.dtfbem' cmd=[{"prefix": "mds metadata"}]: dispatch
2024-05-17T21:26:14.255 INFO:journalctl@ceph.mon.smithi096.smithi096.stdout:May 17 21:26:14 smithi096 ceph-mon[28616]: from='mgr.14162 172.21.15.96:0/3772566685' entity='mgr.smithi096.dtfbem' cmd=[{"prefix": "osd metadata"}]: dispatch
2024-05-17T21:26:14.255 INFO:journalctl@ceph.mon.smithi096.smithi096.stdout:May 17 21:26:14 smithi096 ceph-mon[28616]: from='mgr.14162 172.21.15.96:0/3772566685' entity='mgr.smithi096.dtfbem' cmd=[{"prefix": "mon metadata"}]: dispatch
2024-05-17T21:26:14.255 INFO:journalctl@ceph.mon.smithi096.smithi096.stdout:May 17 21:26:14 smithi096 ceph-mon[28616]: Manager daemon smithi096.dtfbem is now available
2024-05-17T21:26:14.255 INFO:journalctl@ceph.mon.smithi096.smithi096.stdout:May 17 21:26:14 smithi096 ceph-mon[28616]: from='mgr.14162 172.21.15.96:0/3772566685' entity='mgr.smithi096.dtfbem' cmd=[{"prefix": "config dump", "format": "json"}]: dispatch
2024-05-17T21:26:14.255 INFO:journalctl@ceph.mon.smithi096.smithi096.stdout:May 17 21:26:14 smithi096 ceph-mon[28616]: from='mgr.14162 172.21.15.96:0/3772566685' entity='mgr.smithi096.dtfbem' cmd=[{"prefix": "config dump", "format": "json"}]: dispatch
2024-05-17T21:26:14.255 INFO:journalctl@ceph.mon.smithi096.smithi096.stdout:May 17 21:26:14 smithi096 ceph-mon[28616]: from='mgr.14162 172.21.15.96:0/3772566685' entity='mgr.smithi096.dtfbem' cmd=[{"prefix":"config rm","who":"mgr","name":"mgr/rbd_support/smithi096.dtfbem/mirror_snapshot_schedule"}]: dispatch
2024-05-17T21:26:15.576 INFO:journalctl@ceph.mon.smithi096.smithi096.stdout:May 17 21:26:15 smithi096 ceph-mon[28616]: from='mgr.14162 172.21.15.96:0/3772566685' entity='mgr.smithi096.dtfbem' cmd=[{"prefix":"config rm","who":"mgr","name":"mgr/rbd_support/smithi096.dtfbem/trash_purge_schedule"}]: dispatch
2024-05-17T21:26:15.576 INFO:journalctl@ceph.mon.smithi096.smithi096.stdout:May 17 21:26:15 smithi096 ceph-mon[28616]: from='mgr.14162 172.21.15.96:0/3772566685' entity='mgr.smithi096.dtfbem'
2024-05-17T21:26:15.576 INFO:journalctl@ceph.mon.smithi096.smithi096.stdout:May 17 21:26:15 smithi096 ceph-mon[28616]: mgrmap e11: smithi096.dtfbem(active, since 1.00631s)
2024-05-17T21:26:15.835 INFO:teuthology.orchestra.run.smithi096.stdout:/usr/bin/ceph: stdout {
2024-05-17T21:26:15.835 INFO:teuthology.orchestra.run.smithi096.stdout:/usr/bin/ceph: stdout "mgrmap_epoch": 11,
2024-05-17T21:26:15.835 INFO:teuthology.orchestra.run.smithi096.stdout:/usr/bin/ceph: stdout "initialized": true
2024-05-17T21:26:15.835 INFO:teuthology.orchestra.run.smithi096.stdout:/usr/bin/ceph: stdout }
2024-05-17T21:26:15.835 INFO:teuthology.orchestra.run.smithi096.stdout:/usr/bin/ceph: stderr
2024-05-17T21:26:09.993+0000 7f564e320700 1 Processor -- start
2024-05-17T21:26:15.835 INFO:teuthology.orchestra.run.smithi096.stdout:/usr/bin/ceph: stderr
2024-05-17T21:26:09.993+0000 7f564e320700 1 -- start start
2024-05-17T21:26:15.836 INFO:teuthology.orchestra.run.smithi096.stdout:/usr/bin/ceph: stderr
2024-05-17T21:26:09.993+0000 7f564e320700 1 --2- >> [v2:172.21.15.96:3300/0,v1:172.21.15.96:6789/0] conn(0x7f5648101760 0x7f5648101b70 unknown :-1 s=NONE pgs=0 cs=0 l=0 rev1=0 crypto rx=0 tx=0 comp rx=0 tx=0).connect
2024-05-17T21:26:15.836 INFO:teuthology.orchestra.run.smithi096.stdout:/usr/bin/ceph: stderr
2024-05-17T21:26:09.993+0000 7f564e320700 1 -- --> [v2:172.21.15.96:3300/0,v1:172.21.15.96:6789/0] -- mon_getmap magic: 0 v1 -- 0x7f56481020b0 con 0x7f5648101760
2024-05-17T21:26:15.836 INFO:teuthology.orchestra.run.smithi096.stdout:/usr/bin/ceph: stderr
2024-05-17T21:26:09.993+0000 7f5647fff700 1 --2- >> [v2:172.21.15.96:3300/0,v1:172.21.15.96:6789/0] conn(0x7f5648101760 0x7f5648101b70 unknown :-1 s=BANNER_CONNECTING pgs=0 cs=0 l=0 rev1=0 crypto rx=0 tx=0 comp rx=0 tx=0)._handle_peer_banner_payload supported=3 required=0
2024-05-17T21:26:15.836 INFO:teuthology.orchestra.run.smithi096.stdout:/usr/bin/ceph: stderr
2024-05-17T21:26:09.993+0000 7f5647fff700 1 --2- >> [v2:172.21.15.96:3300/0,v1:172.21.15.96:6789/0] conn(0x7f5648101760 0x7f5648101b70 unknown :-1 s=HELLO_CONNECTING pgs=0 cs=0 l=0 rev1=1 crypto rx=0 tx=0 comp rx=0 tx=0).handle_hello peer v2:172.21.15.96:3300/0 says I am v2:172.21.15.96:46216/0 (socket says 172.21.15.96:46216)
2024-05-17T21:26:15.836 INFO:teuthology.orchestra.run.smithi096.stdout:/usr/bin/ceph: stderr
2024-05-17T21:26:09.993+0000 7f5647fff700 1 -- 172.21.15.96:0/1918340157 learned_addr learned my addr 172.21.15.96:0/1918340157 (peer_addr_for_me v2:172.21.15.96:0/0)
2024-05-17T21:26:15.836 INFO:teuthology.orchestra.run.smithi096.stdout:/usr/bin/ceph: stderr
2024-05-17T21:26:09.994+0000 7f5647fff700 1 -- 172.21.15.96:0/1918340157 --> [v2:172.21.15.96:3300/0,v1:172.21.15.96:6789/0] -- mon_subscribe({config=0+,monmap=0+}) v3 -- 0x7f56481021f0 con 0x7f5648101760
2024-05-17T21:26:15.836 INFO:teuthology.orchestra.run.smithi096.stdout:/usr/bin/ceph: stderr
2024-05-17T21:26:09.994+0000 7f5647fff700 1 --2- 172.21.15.96:0/1918340157 >> [v2:172.21.15.96:3300/0,v1:172.21.15.96:6789/0] conn(0x7f5648101760 0x7f5648101b70 secure :-1 s=READY pgs=71 cs=0 l=1 rev1=1 crypto rx=0x7f56380098e0 tx=0x7f5638009250 comp rx=0 tx=0).ready entity=mon.0 client_cookie=9635777a479a9e88 server_cookie=0 in_seq=0 out_seq=0
2024-05-17T21:26:15.836 INFO:teuthology.orchestra.run.smithi096.stdout:/usr/bin/ceph: stderr
2024-05-17T21:26:09.994+0000 7f5646ffd700 1 -- 172.21.15.96:0/1918340157 <== mon.0 v2:172.21.15.96:3300/0 1 ==== mon_map magic: 0 v1 ==== 229+0+0 (secure 0 0 0) 0x7f563800b860 con 0x7f5648101760
2024-05-17T21:26:15.836 INFO:teuthology.orchestra.run.smithi096.stdout:/usr/bin/ceph: stderr
2024-05-17T21:26:09.994+0000 7f5646ffd700 1 -- 172.21.15.96:0/1918340157 <== mon.0 v2:172.21.15.96:3300/0 2 ==== config(27 keys) v1 ==== 1109+0+0 (secure 0 0 0) 0x7f563800be90 con 0x7f5648101760
2024-05-17T21:26:15.836 INFO:teuthology.orchestra.run.smithi096.stdout:/usr/bin/ceph: stderr
2024-05-17T21:26:09.994+0000 7f5646ffd700 1 -- 172.21.15.96:0/1918340157 <== mon.0 v2:172.21.15.96:3300/0 3 ==== mon_map magic: 0 v1 ==== 229+0+0 (secure 0 0 0) 0x7f56380103c0 con 0x7f5648101760
2024-05-17T21:26:15.836 INFO:teuthology.orchestra.run.smithi096.stdout:/usr/bin/ceph: stderr
2024-05-17T21:26:09.995+0000 7f564e320700 1 -- 172.21.15.96:0/1918340157 >> [v2:172.21.15.96:3300/0,v1:172.21.15.96:6789/0] conn(0x7f5648101760 msgr2=0x7f5648101b70 secure :-1 s=STATE_CONNECTION_ESTABLISHED l=1).mark_down
2024-05-17T21:26:15.836 INFO:teuthology.orchestra.run.smithi096.stdout:/usr/bin/ceph: stderr
2024-05-17T21:26:09.995+0000 7f564e320700 1 --2- 172.21.15.96:0/1918340157 >> [v2:172.21.15.96:3300/0,v1:172.21.15.96:6789/0] conn(0x7f5648101760 0x7f5648101b70 secure :-1 s=READY pgs=71 cs=0 l=1 rev1=1 crypto rx=0x7f56380098e0 tx=0x7f5638009250 comp rx=0 tx=0).stop
2024-05-17T21:26:15.836 INFO:teuthology.orchestra.run.smithi096.stdout:/usr/bin/ceph: stderr
2024-05-17T21:26:09.995+0000 7f564e320700 1 -- 172.21.15.96:0/1918340157 shutdown_connections
2024-05-17T21:26:15.837 INFO:teuthology.orchestra.run.smithi096.stdout:/usr/bin/ceph: stderr
2024-05-17T21:26:09.995+0000 7f564e320700 1 --2- 172.21.15.96:0/1918340157 >> [v2:172.21.15.96:3300/0,v1:172.21.15.96:6789/0] conn(0x7f5648101760 0x7f5648101b70 unknown :-1 s=CLOSED pgs=71 cs=0 l=1 rev1=1 crypto rx=0 tx=0 comp rx=0 tx=0).stop
2024-05-17T21:26:15.837 INFO:teuthology.orchestra.run.smithi096.stdout:/usr/bin/ceph: stderr
2024-05-17T21:26:09.995+0000 7f564e320700 1 -- 172.21.15.96:0/1918340157 >> 172.21.15.96:0/1918340157 conn(0x7f56480fcea0 msgr2=0x7f56480ff2f0 unknown :-1 s=STATE_NONE l=0).mark_down
2024-05-17T21:26:15.837 INFO:teuthology.orchestra.run.smithi096.stdout:/usr/bin/ceph: stderr
2024-05-17T21:26:09.995+0000 7f564e320700 1 -- 172.21.15.96:0/1918340157 shutdown_connections
2024-05-17T21:26:15.837 INFO:teuthology.orchestra.run.smithi096.stdout:/usr/bin/ceph: stderr
2024-05-17T21:26:09.995+0000 7f564e320700 1 -- 172.21.15.96:0/1918340157 wait complete.
2024-05-17T21:26:15.837 INFO:teuthology.orchestra.run.smithi096.stdout:/usr/bin/ceph: stderr
2024-05-17T21:26:09.995+0000 7f564e320700 1 Processor -- start
2024-05-17T21:26:15.837 INFO:teuthology.orchestra.run.smithi096.stdout:/usr/bin/ceph: stderr
2024-05-17T21:26:09.995+0000 7f564e320700 1 -- start start
2024-05-17T21:26:15.837 INFO:teuthology.orchestra.run.smithi096.stdout:/usr/bin/ceph: stderr
2024-05-17T21:26:09.996+0000 7f564e320700 1 --2- >> [v2:172.21.15.96:3300/0,v1:172.21.15.96:6789/0] conn(0x7f5648101760 0x7f56481079d0 unknown :-1 s=NONE pgs=0 cs=0 l=1 rev1=0 crypto rx=0 tx=0 comp rx=0 tx=0).connect
2024-05-17T21:26:15.837 INFO:teuthology.orchestra.run.smithi096.stdout:/usr/bin/ceph: stderr
2024-05-17T21:26:09.996+0000 7f564e320700 1 -- --> [v2:172.21.15.96:3300/0,v1:172.21.15.96:6789/0] -- mon_getmap magic: 0 v1 -- 0x7f5648107f10 con 0x7f5648101760
2024-05-17T21:26:15.837 INFO:teuthology.orchestra.run.smithi096.stdout:/usr/bin/ceph: stderr
2024-05-17T21:26:09.996+0000 7f5647fff700 1 --2- >> [v2:172.21.15.96:3300/0,v1:172.21.15.96:6789/0] conn(0x7f5648101760 0x7f56481079d0 unknown :-1 s=BANNER_CONNECTING pgs=0 cs=0 l=1 rev1=0 crypto rx=0 tx=0 comp rx=0 tx=0)._handle_peer_banner_payload supported=3 required=0
2024-05-17T21:26:15.837 INFO:teuthology.orchestra.run.smithi096.stdout:/usr/bin/ceph: stderr
2024-05-17T21:26:09.996+0000 7f5647fff700 1 --2- >> [v2:172.21.15.96:3300/0,v1:172.21.15.96:6789/0] conn(0x7f5648101760 0x7f56481079d0 unknown :-1 s=HELLO_CONNECTING pgs=0 cs=0 l=1 rev1=1 crypto rx=0 tx=0 comp rx=0 tx=0).handle_hello peer v2:172.21.15.96:3300/0 says I am v2:172.21.15.96:46218/0 (socket says 172.21.15.96:46218)
2024-05-17T21:26:15.837 INFO:teuthology.orchestra.run.smithi096.stdout:/usr/bin/ceph: stderr
2024-05-17T21:26:09.996+0000 7f5647fff700 1 -- 172.21.15.96:0/565679977 learned_addr learned my addr 172.21.15.96:0/565679977 (peer_addr_for_me v2:172.21.15.96:0/0)
2024-05-17T21:26:15.837 INFO:teuthology.orchestra.run.smithi096.stdout:/usr/bin/ceph: stderr
2024-05-17T21:26:09.996+0000 7f5647fff700 1 -- 172.21.15.96:0/565679977 --> [v2:172.21.15.96:3300/0,v1:172.21.15.96:6789/0] -- mon_subscribe({config=0+,monmap=0+}) v3 -- 0x7f56380094f0 con 0x7f5648101760
2024-05-17T21:26:15.837 INFO:teuthology.orchestra.run.smithi096.stdout:/usr/bin/ceph: stderr
2024-05-17T21:26:09.996+0000 7f5647fff700 1 --2- 172.21.15.96:0/565679977 >> [v2:172.21.15.96:3300/0,v1:172.21.15.96:6789/0] conn(0x7f5648101760 0x7f56481079d0 secure :-1 s=READY pgs=72 cs=0 l=1 rev1=1 crypto rx=0x7f5638011680 tx=0x7f5638009250 comp rx=0 tx=0).ready entity=mon.0 client_cookie=0 server_cookie=0 in_seq=0 out_seq=0
2024-05-17T21:26:15.837 INFO:teuthology.orchestra.run.smithi096.stdout:/usr/bin/ceph: stderr
2024-05-17T21:26:09.996+0000 7f5644ff9700 1 -- 172.21.15.96:0/565679977 <== mon.0 v2:172.21.15.96:3300/0 1 ==== mon_map magic: 0 v1 ==== 229+0+0 (secure 0 0 0) 0x7f5638010890 con 0x7f5648101760
2024-05-17T21:26:15.838 INFO:teuthology.orchestra.run.smithi096.stdout:/usr/bin/ceph: stderr
2024-05-17T21:26:09.996+0000 7f564e320700 1 -- 172.21.15.96:0/565679977 --> [v2:172.21.15.96:3300/0,v1:172.21.15.96:6789/0] -- mon_subscribe({mgrmap=0+}) v3 -- 0x7f5648105f80 con 0x7f5648101760
2024-05-17T21:26:15.838 INFO:teuthology.orchestra.run.smithi096.stdout:/usr/bin/ceph: stderr
2024-05-17T21:26:09.996+0000 7f5644ff9700 1 -- 172.21.15.96:0/565679977 <== mon.0 v2:172.21.15.96:3300/0 2 ==== config(27 keys) v1 ==== 1109+0+0 (secure 0 0 0) 0x7f5638010ec0 con 0x7f5648101760
2024-05-17T21:26:15.838 INFO:teuthology.orchestra.run.smithi096.stdout:/usr/bin/ceph: stderr
2024-05-17T21:26:09.996+0000 7f5644ff9700 1 -- 172.21.15.96:0/565679977 <== mon.0 v2:172.21.15.96:3300/0 3 ==== mon_map magic: 0 v1 ==== 229+0+0 (secure 0 0 0) 0x7f56380243f0 con 0x7f5648101760
2024-05-17T21:26:15.838 INFO:teuthology.orchestra.run.smithi096.stdout:/usr/bin/ceph: stderr
2024-05-17T21:26:09.996+0000 7f564e320700 1 -- 172.21.15.96:0/565679977 --> [v2:172.21.15.96:3300/0,v1:172.21.15.96:6789/0] -- mon_subscribe({osdmap=0}) v3 -- 0x7f5648106470 con 0x7f5648101760
2024-05-17T21:26:15.838 INFO:teuthology.orchestra.run.smithi096.stdout:/usr/bin/ceph: stderr
2024-05-17T21:26:09.998+0000 7f5644ff9700 1 -- 172.21.15.96:0/565679977 <== mon.0 v2:172.21.15.96:3300/0 4 ==== mgrmap(e 9) v1 ==== 43389+0+0 (secure 0 0 0) 0x7f563801a8c0 con 0x7f5648101760
2024-05-17T21:26:15.838 INFO:teuthology.orchestra.run.smithi096.stdout:/usr/bin/ceph: stderr
2024-05-17T21:26:09.998+0000 7f5644ff9700 1 --2- 172.21.15.96:0/565679977 >> [v2:172.21.15.96:6800/670850811,v1:172.21.15.96:6801/670850811] conn(0x7f56300368a0 0x7f5630038d50 unknown :-1 s=NONE pgs=0 cs=0 l=1 rev1=0 crypto rx=0 tx=0 comp rx=0 tx=0).connect
2024-05-17T21:26:15.838 INFO:teuthology.orchestra.run.smithi096.stdout:/usr/bin/ceph: stderr
2024-05-17T21:26:09.998+0000 7f5644ff9700 1 -- 172.21.15.96:0/565679977 --> [v2:172.21.15.96:6800/670850811,v1:172.21.15.96:6801/670850811] -- command(tid 0: {"prefix": "get_command_descriptions"}) v1 -- 0x7f5630039460 con 0x7f56300368a0
2024-05-17T21:26:15.838 INFO:teuthology.orchestra.run.smithi096.stdout:/usr/bin/ceph: stderr
2024-05-17T21:26:09.998+0000 7f5644ff9700 1 -- 172.21.15.96:0/565679977 <== mon.0 v2:172.21.15.96:3300/0 5 ==== osd_map(2..2 src has 1..2) v4 ==== 936+0+0 (secure 0 0 0) 0x7f563804a2d0 con 0x7f5648101760
2024-05-17T21:26:15.838 INFO:teuthology.orchestra.run.smithi096.stdout:/usr/bin/ceph: stderr
2024-05-17T21:26:09.998+0000 7f56477fe700 1 -- 172.21.15.96:0/565679977 >> [v2:172.21.15.96:6800/670850811,v1:172.21.15.96:6801/670850811] conn(0x7f56300368a0 msgr2=0x7f5630038d50 unknown :-1 s=STATE_CONNECTING_RE l=1).process reconnect failed to v2:172.21.15.96:6800/670850811
2024-05-17T21:26:15.838 INFO:teuthology.orchestra.run.smithi096.stdout:/usr/bin/ceph: stderr
2024-05-17T21:26:09.998+0000 7f56477fe700 1 --2- 172.21.15.96:0/565679977 >> [v2:172.21.15.96:6800/670850811,v1:172.21.15.96:6801/670850811] conn(0x7f56300368a0 0x7f5630038d50 unknown :-1 s=START_CONNECT pgs=0 cs=0 l=1 rev1=0 crypto rx=0 tx=0 comp rx=0 tx=0)._fault waiting 0.200000
2024-05-17T21:26:15.838 INFO:teuthology.orchestra.run.smithi096.stdout:/usr/bin/ceph: stderr
2024-05-17T21:26:10.199+0000 7f56477fe700 1 -- 172.21.15.96:0/565679977 >> [v2:172.21.15.96:6800/670850811,v1:172.21.15.96:6801/670850811] conn(0x7f56300368a0 msgr2=0x7f5630038d50 unknown :-1 s=STATE_CONNECTING_RE l=1).process reconnect failed to v2:172.21.15.96:6800/670850811
2024-05-17T21:26:15.838 INFO:teuthology.orchestra.run.smithi096.stdout:/usr/bin/ceph: stderr
2024-05-17T21:26:10.199+0000 7f56477fe700 1 --2- 172.21.15.96:0/565679977 >> [v2:172.21.15.96:6800/670850811,v1:172.21.15.96:6801/670850811] conn(0x7f56300368a0 0x7f5630038d50 unknown :-1 s=START_CONNECT pgs=0 cs=0 l=1 rev1=0 crypto rx=0 tx=0 comp rx=0 tx=0)._fault waiting 0.400000
2024-05-17T21:26:15.839 INFO:teuthology.orchestra.run.smithi096.stdout:/usr/bin/ceph: stderr
2024-05-17T21:26:10.600+0000 7f56477fe700 1 -- 172.21.15.96:0/565679977 >> [v2:172.21.15.96:6800/670850811,v1:172.21.15.96:6801/670850811] conn(0x7f56300368a0 msgr2=0x7f5630038d50 unknown :-1 s=STATE_CONNECTING_RE l=1).process reconnect failed to v2:172.21.15.96:6800/670850811
2024-05-17T21:26:15.839 INFO:teuthology.orchestra.run.smithi096.stdout:/usr/bin/ceph: stderr
2024-05-17T21:26:10.600+0000 7f56477fe700 1 --2- 172.21.15.96:0/565679977 >> [v2:172.21.15.96:6800/670850811,v1:172.21.15.96:6801/670850811] conn(0x7f56300368a0 0x7f5630038d50 unknown :-1 s=START_CONNECT pgs=0 cs=0 l=1 rev1=0 crypto rx=0 tx=0 comp rx=0 tx=0)._fault waiting 0.800000
2024-05-17T21:26:15.839 INFO:teuthology.orchestra.run.smithi096.stdout:/usr/bin/ceph: stderr
2024-05-17T21:26:11.401+0000 7f56477fe700 1 -- 172.21.15.96:0/565679977 >> [v2:172.21.15.96:6800/670850811,v1:172.21.15.96:6801/670850811] conn(0x7f56300368a0 msgr2=0x7f5630038d50 unknown :-1 s=STATE_CONNECTING_RE l=1).process reconnect failed to v2:172.21.15.96:6800/670850811
2024-05-17T21:26:15.839 INFO:teuthology.orchestra.run.smithi096.stdout:/usr/bin/ceph: stderr
2024-05-17T21:26:11.401+0000 7f56477fe700 1 --2- 172.21.15.96:0/565679977 >> [v2:172.21.15.96:6800/670850811,v1:172.21.15.96:6801/670850811] conn(0x7f56300368a0 0x7f5630038d50 unknown :-1 s=START_CONNECT pgs=0 cs=0 l=1 rev1=0 crypto rx=0 tx=0 comp rx=0 tx=0)._fault waiting 1.600000
2024-05-17T21:26:15.839 INFO:teuthology.orchestra.run.smithi096.stdout:/usr/bin/ceph: stderr
2024-05-17T21:26:13.002+0000 7f56477fe700 1 -- 172.21.15.96:0/565679977 >> [v2:172.21.15.96:6800/670850811,v1:172.21.15.96:6801/670850811] conn(0x7f56300368a0 msgr2=0x7f5630038d50 unknown :-1 s=STATE_CONNECTING_RE l=1).process reconnect failed to v2:172.21.15.96:6800/670850811
2024-05-17T21:26:15.839 INFO:teuthology.orchestra.run.smithi096.stdout:/usr/bin/ceph: stderr
2024-05-17T21:26:13.002+0000 7f56477fe700 1 --2- 172.21.15.96:0/565679977 >> [v2:172.21.15.96:6800/670850811,v1:172.21.15.96:6801/670850811] conn(0x7f56300368a0 0x7f5630038d50 unknown :-1 s=START_CONNECT pgs=0 cs=0 l=1 rev1=0 crypto rx=0 tx=0 comp rx=0 tx=0)._fault waiting 3.200000
2024-05-17T21:26:15.839 INFO:teuthology.orchestra.run.smithi096.stdout:/usr/bin/ceph: stderr
2024-05-17T21:26:14.196+0000 7f5644ff9700 1 -- 172.21.15.96:0/565679977 <== mon.0 v2:172.21.15.96:3300/0 6 ==== mgrmap(e 10) v1 ==== 43156+0+0 (secure 0 0 0) 0x7f563801a430 con 0x7f5648101760
2024-05-17T21:26:15.839 INFO:teuthology.orchestra.run.smithi096.stdout:/usr/bin/ceph: stderr
2024-05-17T21:26:14.196+0000 7f5644ff9700 1 -- 172.21.15.96:0/565679977 >> [v2:172.21.15.96:6800/670850811,v1:172.21.15.96:6801/670850811] conn(0x7f56300368a0 msgr2=0x7f5630038d50 unknown :-1 s=STATE_CONNECTING l=1).mark_down
2024-05-17T21:26:15.839 INFO:teuthology.orchestra.run.smithi096.stdout:/usr/bin/ceph: stderr
2024-05-17T21:26:14.196+0000 7f5644ff9700 1 --2- 172.21.15.96:0/565679977 >> [v2:172.21.15.96:6800/670850811,v1:172.21.15.96:6801/670850811] conn(0x7f56300368a0 0x7f5630038d50 unknown :-1 s=START_CONNECT pgs=0 cs=0 l=1 rev1=0 crypto rx=0 tx=0 comp rx=0 tx=0).stop
2024-05-17T21:26:15.839 INFO:teuthology.orchestra.run.smithi096.stdout:/usr/bin/ceph: stderr
2024-05-17T21:26:15.198+0000 7f5644ff9700 1 -- 172.21.15.96:0/565679977 <== mon.0 v2:172.21.15.96:3300/0 7 ==== mgrmap(e 11) v1 ==== 43283+0+0 (secure 0 0 0) 0x7f563804b840 con 0x7f5648101760
2024-05-17T21:26:15.839 INFO:teuthology.orchestra.run.smithi096.stdout:/usr/bin/ceph: stderr
2024-05-17T21:26:15.198+0000 7f5644ff9700 1 --2- 172.21.15.96:0/565679977 >> [v2:172.21.15.96:6800/2918495235,v1:172.21.15.96:6801/2918495235] conn(0x7f563003a090 0x7f563003c470 unknown :-1 s=NONE pgs=0 cs=0 l=1 rev1=0 crypto rx=0 tx=0 comp rx=0 tx=0).connect
2024-05-17T21:26:15.839 INFO:teuthology.orchestra.run.smithi096.stdout:/usr/bin/ceph: stderr
2024-05-17T21:26:15.198+0000 7f5644ff9700 1 -- 172.21.15.96:0/565679977 --> [v2:172.21.15.96:6800/2918495235,v1:172.21.15.96:6801/2918495235] -- command(tid 0: {"prefix": "get_command_descriptions"}) v1 -- 0x7f5630039460 con 0x7f563003a090
2024-05-17T21:26:15.839 INFO:teuthology.orchestra.run.smithi096.stdout:/usr/bin/ceph: stderr
2024-05-17T21:26:15.198+0000 7f56477fe700 1 --2- 172.21.15.96:0/565679977 >> [v2:172.21.15.96:6800/2918495235,v1:172.21.15.96:6801/2918495235] conn(0x7f563003a090 0x7f563003c470 unknown :-1 s=BANNER_CONNECTING pgs=0 cs=0 l=1 rev1=0 crypto rx=0 tx=0 comp rx=0 tx=0)._handle_peer_banner_payload supported=3 required=0
2024-05-17T21:26:15.839 INFO:teuthology.orchestra.run.smithi096.stdout:/usr/bin/ceph: stderr
2024-05-17T21:26:15.199+0000 7f56477fe700 1 --2- 172.21.15.96:0/565679977 >> [v2:172.21.15.96:6800/2918495235,v1:172.21.15.96:6801/2918495235] conn(0x7f563003a090 0x7f563003c470 secure :-1 s=READY pgs=2 cs=0 l=1 rev1=1 crypto rx=0x7f563c0039d0 tx=0x7f563c0092f0 comp rx=0 tx=0).ready entity=mgr.14162 client_cookie=0 server_cookie=0 in_seq=0 out_seq=0
2024-05-17T21:26:15.840 INFO:teuthology.orchestra.run.smithi096.stdout:/usr/bin/ceph: stderr
2024-05-17T21:26:15.199+0000 7f5644ff9700 1 -- 172.21.15.96:0/565679977 <== mgr.14162 v2:172.21.15.96:6800/2918495235 1 ==== command_reply(tid 0: 0 ) v1 ==== 8+0+6549 (secure 0 0 0) 0x7f5630039460 con 0x7f563003a090
2024-05-17T21:26:15.840 INFO:teuthology.orchestra.run.smithi096.stdout:/usr/bin/ceph: stderr
2024-05-17T21:26:15.205+0000 7f562e7fc700 1 -- 172.21.15.96:0/565679977 --> [v2:172.21.15.96:6800/2918495235,v1:172.21.15.96:6801/2918495235] -- command(tid 1: {"prefix": "mgr_status"}) v1 -- 0x7f56280025c0 con 0x7f563003a090
2024-05-17T21:26:15.840 INFO:teuthology.orchestra.run.smithi096.stdout:/usr/bin/ceph: stderr
2024-05-17T21:26:15.206+0000 7f5644ff9700 1 -- 172.21.15.96:0/565679977 <== mgr.14162 v2:172.21.15.96:6800/2918495235 2 ==== command_reply(tid 1: 0 ) v1 ==== 8+0+52 (secure 0 0 0) 0x7f56280025c0 con 0x7f563003a090
2024-05-17T21:26:15.840 INFO:teuthology.orchestra.run.smithi096.stdout:/usr/bin/ceph: stderr
2024-05-17T21:26:15.206+0000 7f562e7fc700 1 -- 172.21.15.96:0/565679977 >> [v2:172.21.15.96:6800/2918495235,v1:172.21.15.96:6801/2918495235] conn(0x7f563003a090 msgr2=0x7f563003c470 secure :-1 s=STATE_CONNECTION_ESTABLISHED l=1).mark_down
2024-05-17T21:26:15.840 INFO:teuthology.orchestra.run.smithi096.stdout:/usr/bin/ceph: stderr
2024-05-17T21:26:15.206+0000 7f562e7fc700 1 --2- 172.21.15.96:0/565679977 >> [v2:172.21.15.96:6800/2918495235,v1:172.21.15.96:6801/2918495235] conn(0x7f563003a090 0x7f563003c470 secure :-1 s=READY pgs=2 cs=0 l=1 rev1=1 crypto rx=0x7f563c0039d0 tx=0x7f563c0092f0 comp rx=0 tx=0).stop
2024-05-17T21:26:15.840 INFO:teuthology.orchestra.run.smithi096.stdout:/usr/bin/ceph: stderr
2024-05-17T21:26:15.206+0000 7f562e7fc700 1 -- 172.21.15.96:0/565679977 >> [v2:172.21.15.96:3300/0,v1:172.21.15.96:6789/0] conn(0x7f5648101760 msgr2=0x7f56481079d0 secure :-1 s=STATE_CONNECTION_ESTABLISHED l=1).mark_down
2024-05-17T21:26:15.840 INFO:teuthology.orchestra.run.smithi096.stdout:/usr/bin/ceph: stderr
2024-05-17T21:26:15.206+0000 7f562e7fc700 1 --2- 172.21.15.96:0/565679977 >> [v2:172.21.15.96:3300/0,v1:172.21.15.96:6789/0] conn(0x7f5648101760 0x7f56481079d0 secure :-1 s=READY pgs=72 cs=0 l=1 rev1=1 crypto rx=0x7f5638011680 tx=0x7f5638009250 comp rx=0 tx=0).stop
2024-05-17T21:26:15.840 INFO:teuthology.orchestra.run.smithi096.stdout:/usr/bin/ceph: stderr
2024-05-17T21:26:15.206+0000 7f562e7fc700 1 -- 172.21.15.96:0/565679977 shutdown_connections
2024-05-17T21:26:15.840 INFO:teuthology.orchestra.run.smithi096.stdout:/usr/bin/ceph: stderr
2024-05-17T21:26:15.206+0000 7f562e7fc700 1 --2- 172.21.15.96:0/565679977 >> [v2:172.21.15.96:6800/2918495235,v1:172.21.15.96:6801/2918495235] conn(0x7f563003a090 0x7f563003c470 unknown :-1 s=CLOSED pgs=2 cs=0 l=1 rev1=1 crypto rx=0 tx=0 comp rx=0 tx=0).stop
2024-05-17T21:26:15.840 INFO:teuthology.orchestra.run.smithi096.stdout:/usr/bin/ceph: stderr
2024-05-17T21:26:15.206+0000 7f562e7fc700 1 --2- 172.21.15.96:0/565679977 >> [v2:172.21.15.96:3300/0,v1:172.21.15.96:6789/0] conn(0x7f5648101760 0x7f56481079d0 unknown :-1 s=CLOSED pgs=72 cs=0 l=1 rev1=1 crypto rx=0 tx=0 comp rx=0 tx=0).stop
2024-05-17T21:26:15.840 INFO:teuthology.orchestra.run.smithi096.stdout:/usr/bin/ceph: stderr
2024-05-17T21:26:15.206+0000 7f562e7fc700 1 --2- 172.21.15.96:0/565679977 >> [v2:172.21.15.96:6800/670850811,v1:172.21.15.96:6801/670850811] conn(0x7f56300368a0 0x7f5630038d50 unknown :-1 s=CLOSED pgs=0 cs=0 l=1 rev1=0 crypto rx=0 tx=0 comp rx=0 tx=0).stop
2024-05-17T21:26:15.840 INFO:teuthology.orchestra.run.smithi096.stdout:/usr/bin/ceph: stderr
2024-05-17T21:26:15.206+0000 7f562e7fc700 1 -- 172.21.15.96:0/565679977 >> 172.21.15.96:0/565679977 conn(0x7f56480fcea0 msgr2=0x7f56480fdd10 unknown :-1 s=STATE_NONE l=0).mark_down
2024-05-17T21:26:15.840 INFO:teuthology.orchestra.run.smithi096.stdout:/usr/bin/ceph: stderr
2024-05-17T21:26:15.206+0000 7f562e7fc700 1 -- 172.21.15.96:0/565679977 shutdown_connections
2024-05-17T21:26:15.840 INFO:teuthology.orchestra.run.smithi096.stdout:/usr/bin/ceph: stderr
2024-05-17T21:26:15.206+0000 7f562e7fc700 1 -- 172.21.15.96:0/565679977 wait complete.
2024-05-17T21:26:15.841 INFO:teuthology.orchestra.run.smithi096.stdout:mgr epoch 9 is available
2024-05-17T21:26:15.841 INFO:teuthology.orchestra.run.smithi096.stdout:Generating a dashboard self-signed certificate...
2024-05-17T21:26:16.378 INFO:journalctl@ceph.mon.smithi096.smithi096.stdout:May 17 21:26:16 smithi096 ceph-mon[28616]: [17/May/2024:21:26:14] ENGINE Bus STARTING
2024-05-17T21:26:16.378 INFO:journalctl@ceph.mon.smithi096.smithi096.stdout:May 17 21:26:16 smithi096 ceph-mon[28616]: [17/May/2024:21:26:14] ENGINE Serving on https://172.21.15.96:7150
2024-05-17T21:26:16.378 INFO:journalctl@ceph.mon.smithi096.smithi096.stdout:May 17 21:26:16 smithi096 ceph-mon[28616]: [17/May/2024:21:26:14] ENGINE Bus STARTED
2024-05-17T21:26:16.378 INFO:journalctl@ceph.mon.smithi096.smithi096.stdout:May 17 21:26:16 smithi096 ceph-mon[28616]: from='client.14166 -' entity='client.admin' cmd=[{"prefix": "get_command_descriptions"}]: dispatch
2024-05-17T21:26:16.378 INFO:journalctl@ceph.mon.smithi096.smithi096.stdout:May 17 21:26:16 smithi096 ceph-mon[28616]: from='client.14166 -' entity='client.admin' cmd=[{"prefix": "mgr_status"}]: dispatch
2024-05-17T21:26:17.142 INFO:teuthology.orchestra.run.smithi096.stdout:/usr/bin/ceph: stdout Self-signed certificate created
2024-05-17T21:26:17.143 INFO:teuthology.orchestra.run.smithi096.stdout:/usr/bin/ceph: stderr
2024-05-17T21:26:16.215+0000 7f9bf980c700 1 Processor -- start
2024-05-17T21:26:17.143 INFO:teuthology.orchestra.run.smithi096.stdout:/usr/bin/ceph: stderr
2024-05-17T21:26:16.215+0000 7f9bf980c700 1 -- start start
2024-05-17T21:26:17.143 INFO:teuthology.orchestra.run.smithi096.stdout:/usr/bin/ceph: stderr
2024-05-17T21:26:16.216+0000 7f9bf980c700 1 --2- >> [v2:172.21.15.96:3300/0,v1:172.21.15.96:6789/0] conn(0x7f9bf4101730 0x7f9bf4101b40 unknown :-1 s=NONE pgs=0 cs=0 l=0 rev1=0 crypto rx=0 tx=0 comp rx=0 tx=0).connect
2024-05-17T21:26:17.143 INFO:teuthology.orchestra.run.smithi096.stdout:/usr/bin/ceph: stderr
2024-05-17T21:26:16.216+0000 7f9bf980c700 1 -- --> [v2:172.21.15.96:3300/0,v1:172.21.15.96:6789/0] -- mon_getmap magic: 0 v1 -- 0x7f9bf4102080 con 0x7f9bf4101730
2024-05-17T21:26:17.143 INFO:teuthology.orchestra.run.smithi096.stdout:/usr/bin/ceph: stderr
2024-05-17T21:26:16.216+0000 7f9bf2ffd700 1 --2- >> [v2:172.21.15.96:3300/0,v1:172.21.15.96:6789/0] conn(0x7f9bf4101730 0x7f9bf4101b40 unknown :-1 s=BANNER_CONNECTING pgs=0 cs=0 l=0 rev1=0 crypto rx=0 tx=0 comp rx=0 tx=0)._handle_peer_banner_payload supported=3 required=0
2024-05-17T21:26:17.143 INFO:teuthology.orchestra.run.smithi096.stdout:/usr/bin/ceph: stderr
2024-05-17T21:26:16.216+0000 7f9bf2ffd700 1 --2- >> [v2:172.21.15.96:3300/0,v1:172.21.15.96:6789/0] conn(0x7f9bf4101730 0x7f9bf4101b40 unknown :-1 s=HELLO_CONNECTING pgs=0 cs=0 l=0 rev1=1 crypto rx=0 tx=0 comp rx=0 tx=0).handle_hello peer v2:172.21.15.96:3300/0 says I am v2:172.21.15.96:46468/0 (socket says 172.21.15.96:46468)
2024-05-17T21:26:17.143 INFO:teuthology.orchestra.run.smithi096.stdout:/usr/bin/ceph: stderr
2024-05-17T21:26:16.216+0000 7f9bf2ffd700 1 -- 172.21.15.96:0/3316572190 learned_addr learned my addr 172.21.15.96:0/3316572190 (peer_addr_for_me v2:172.21.15.96:0/0)
2024-05-17T21:26:17.143 INFO:teuthology.orchestra.run.smithi096.stdout:/usr/bin/ceph: stderr
2024-05-17T21:26:16.216+0000 7f9bf2ffd700 1 -- 172.21.15.96:0/3316572190 --> [v2:172.21.15.96:3300/0,v1:172.21.15.96:6789/0] -- mon_subscribe({config=0+,monmap=0+}) v3 -- 0x7f9bf41021c0 con 0x7f9bf4101730
2024-05-17T21:26:17.143 INFO:teuthology.orchestra.run.smithi096.stdout:/usr/bin/ceph: stderr
2024-05-17T21:26:16.216+0000 7f9bf2ffd700 1 --2- 172.21.15.96:0/3316572190 >> [v2:172.21.15.96:3300/0,v1:172.21.15.96:6789/0] conn(0x7f9bf4101730 0x7f9bf4101b40 secure :-1 s=READY pgs=80 cs=0 l=1 rev1=1 crypto rx=0x7f9be40098e0 tx=0x7f9be4009250 comp rx=0 tx=0).ready entity=mon.0 client_cookie=1f4f8eb44305ff72 server_cookie=0 in_seq=0 out_seq=0
2024-05-17T21:26:17.143 INFO:teuthology.orchestra.run.smithi096.stdout:/usr/bin/ceph: stderr
2024-05-17T21:26:16.216+0000 7f9bf1ffb700 1 -- 172.21.15.96:0/3316572190 <== mon.0 v2:172.21.15.96:3300/0 1 ==== mon_map magic: 0 v1 ==== 229+0+0 (secure 0 0 0) 0x7f9be400b860 con 0x7f9bf4101730
