2024-05-17T21:25:58.517+0000 7fd9b21b5700 1 -- 172.21.15.96:0/1926997769 --> [v2:172.21.15.96:3300/0,v1:172.21.15.96:6789/0] -- mon_command({"prefix": "get_command_descriptions"} v 0) v1 -- 0x7fd9ac05f5c0 con 0x7fd9ac076bf0
2024-05-17T21:25:59.917 INFO:teuthology.orchestra.run.smithi096.stdout:/usr/bin/ceph: stderr
2024-05-17T21:25:58.517+0000 7fd993fff700 1 --2- 172.21.15.96:0/1926997769 >> [v2:172.21.15.96:6800/670850811,v1:172.21.15.96:6801/670850811] conn(0x7fd994036850 0x7fd994038d00 unknown :-1 s=NONE pgs=0 cs=0 l=1 rev1=0 crypto rx=0 tx=0 comp rx=0 tx=0).connect
2024-05-17T21:25:59.917 INFO:teuthology.orchestra.run.smithi096.stdout:/usr/bin/ceph: stderr
2024-05-17T21:25:58.517+0000 7fd993fff700 1 -- 172.21.15.96:0/1926997769 <== mon.0 v2:172.21.15.96:3300/0 5 ==== osd_map(2..2 src has 1..2) v4 ==== 936+0+0 (secure 0 0 0) 0x7fd99c04a090 con 0x7fd9ac076bf0
2024-05-17T21:25:59.917 INFO:teuthology.orchestra.run.smithi096.stdout:/usr/bin/ceph: stderr
2024-05-17T21:25:58.518+0000 7fd9aaffd700 1 --2- 172.21.15.96:0/1926997769 >> [v2:172.21.15.96:6800/670850811,v1:172.21.15.96:6801/670850811] conn(0x7fd994036850 0x7fd994038d00 unknown :-1 s=BANNER_CONNECTING pgs=0 cs=0 l=1 rev1=0 crypto rx=0 tx=0 comp rx=0 tx=0)._handle_peer_banner_payload supported=3 required=0
2024-05-17T21:25:59.917 INFO:teuthology.orchestra.run.smithi096.stdout:/usr/bin/ceph: stderr
2024-05-17T21:25:58.518+0000 7fd9aaffd700 1 --2- 172.21.15.96:0/1926997769 >> [v2:172.21.15.96:6800/670850811,v1:172.21.15.96:6801/670850811] conn(0x7fd994036850 0x7fd994038d00 secure :-1 s=READY pgs=15 cs=0 l=1 rev1=1 crypto rx=0x7fd9a0009990 tx=0x7fd9a0006e40 comp rx=0 tx=0).ready entity=mgr.14120 client_cookie=0 server_cookie=0 in_seq=0 out_seq=0
2024-05-17T21:25:59.917 INFO:teuthology.orchestra.run.smithi096.stdout:/usr/bin/ceph: stderr
2024-05-17T21:25:58.522+0000 7fd993fff700 1 -- 172.21.15.96:0/1926997769 <== mon.0 v2:172.21.15.96:3300/0 6 ==== mon_command_ack([{"prefix": "get_command_descriptions"}]=0 v0) v1 ==== 72+0+176702 (secure 0 0 0) 0x7fd99c02d9a0 con 0x7fd9ac076bf0
2024-05-17T21:25:59.917 INFO:teuthology.orchestra.run.smithi096.stdout:/usr/bin/ceph: stderr
2024-05-17T21:25:58.746+0000 7fd9b21b5700 1 -- 172.21.15.96:0/1926997769 --> [v2:172.21.15.96:6800/670850811,v1:172.21.15.96:6801/670850811] -- mgr_command(tid 0: {"prefix": "orch apply", "service_type": "prometheus", "target": ["mon-mgr", ""]}) v1 -- 0x7fd9ac0fe130 con 0x7fd994036850
2024-05-17T21:25:59.917 INFO:teuthology.orchestra.run.smithi096.stdout:/usr/bin/ceph: stderr
2024-05-17T21:25:58.750+0000 7fd993fff700 1 -- 172.21.15.96:0/1926997769 <== mgr.14120 v2:172.21.15.96:6800/670850811 1 ==== mgr_command_reply(tid 0: 0 ) v1 ==== 8+0+31 (secure 0 0 0) 0x7fd9ac0fe130 con 0x7fd994036850
2024-05-17T21:25:59.918 INFO:teuthology.orchestra.run.smithi096.stdout:/usr/bin/ceph: stderr
2024-05-17T21:25:58.752+0000 7fd9b21b5700 1 -- 172.21.15.96:0/1926997769 >> [v2:172.21.15.96:6800/670850811,v1:172.21.15.96:6801/670850811] conn(0x7fd994036850 msgr2=0x7fd994038d00 secure :-1 s=STATE_CONNECTION_ESTABLISHED l=1).mark_down
2024-05-17T21:25:59.918 INFO:teuthology.orchestra.run.smithi096.stdout:/usr/bin/ceph: stderr
2024-05-17T21:25:58.752+0000 7fd9b21b5700 1 --2- 172.21.15.96:0/1926997769 >> [v2:172.21.15.96:6800/670850811,v1:172.21.15.96:6801/670850811] conn(0x7fd994036850 0x7fd994038d00 secure :-1 s=READY pgs=15 cs=0 l=1 rev1=1 crypto rx=0x7fd9a0009990 tx=0x7fd9a0006e40 comp rx=0 tx=0).stop
2024-05-17T21:25:59.918 INFO:teuthology.orchestra.run.smithi096.stdout:/usr/bin/ceph: stderr
2024-05-17T21:25:58.752+0000 7fd9b21b5700 1 -- 172.21.15.96:0/1926997769 >> [v2:172.21.15.96:3300/0,v1:172.21.15.96:6789/0] conn(0x7fd9ac076bf0 msgr2=0x7fd9ac113880 secure :-1 s=STATE_CONNECTION_ESTABLISHED l=1).mark_down
2024-05-17T21:25:59.918 INFO:teuthology.orchestra.run.smithi096.stdout:/usr/bin/ceph: stderr
2024-05-17T21:25:58.752+0000 7fd9b21b5700 1 --2- 172.21.15.96:0/1926997769 >> [v2:172.21.15.96:3300/0,v1:172.21.15.96:6789/0] conn(0x7fd9ac076bf0 0x7fd9ac113880 secure :-1 s=READY pgs=54 cs=0 l=1 rev1=1 crypto rx=0x7fd99c012f20 tx=0x7fd99c009840 comp rx=0 tx=0).stop
2024-05-17T21:25:59.918 INFO:teuthology.orchestra.run.smithi096.stdout:/usr/bin/ceph: stderr
2024-05-17T21:25:58.752+0000 7fd9b21b5700 1 -- 172.21.15.96:0/1926997769 shutdown_connections
2024-05-17T21:25:59.918 INFO:teuthology.orchestra.run.smithi096.stdout:/usr/bin/ceph: stderr
2024-05-17T21:25:58.752+0000 7fd9b21b5700 1 --2- 172.21.15.96:0/1926997769 >> [v2:172.21.15.96:6800/670850811,v1:172.21.15.96:6801/670850811] conn(0x7fd994036850 0x7fd994038d00 unknown :-1 s=CLOSED pgs=15 cs=0 l=1 rev1=1 crypto rx=0 tx=0 comp rx=0 tx=0).stop
2024-05-17T21:25:59.918 INFO:teuthology.orchestra.run.smithi096.stdout:/usr/bin/ceph: stderr
2024-05-17T21:25:58.752+0000 7fd9b21b5700 1 --2- 172.21.15.96:0/1926997769 >> [v2:172.21.15.96:3300/0,v1:172.21.15.96:6789/0] conn(0x7fd9ac076bf0 0x7fd9ac113880 unknown :-1 s=CLOSED pgs=54 cs=0 l=1 rev1=1 crypto rx=0 tx=0 comp rx=0 tx=0).stop
2024-05-17T21:25:59.918 INFO:teuthology.orchestra.run.smithi096.stdout:/usr/bin/ceph: stderr
2024-05-17T21:25:58.752+0000 7fd9b21b5700 1 -- 172.21.15.96:0/1926997769 >> 172.21.15.96:0/1926997769 conn(0x7fd9ac0fcef0 msgr2=0x7fd9ac0fda20 unknown :-1 s=STATE_NONE l=0).mark_down
2024-05-17T21:25:59.918 INFO:teuthology.orchestra.run.smithi096.stdout:/usr/bin/ceph: stderr
2024-05-17T21:25:58.752+0000 7fd9b21b5700 1 -- 172.21.15.96:0/1926997769 shutdown_connections
2024-05-17T21:25:59.918 INFO:teuthology.orchestra.run.smithi096.stdout:/usr/bin/ceph: stderr
2024-05-17T21:25:58.752+0000 7fd9b21b5700 1 -- 172.21.15.96:0/1926997769 wait complete.
2024-05-17T21:25:59.918 INFO:teuthology.orchestra.run.smithi096.stdout:Deploying grafana service with default placement...
2024-05-17T21:26:01.047 INFO:teuthology.orchestra.run.smithi096.stdout:/usr/bin/ceph: stdout Scheduled grafana update...
2024-05-17T21:26:01.047 INFO:teuthology.orchestra.run.smithi096.stdout:/usr/bin/ceph: stderr
2024-05-17T21:26:00.322+0000 7f9c960a9700 1 Processor -- start
2024-05-17T21:26:01.047 INFO:teuthology.orchestra.run.smithi096.stdout:/usr/bin/ceph: stderr
2024-05-17T21:26:00.322+0000 7f9c960a9700 1 -- start start
2024-05-17T21:26:01.047 INFO:teuthology.orchestra.run.smithi096.stdout:/usr/bin/ceph: stderr
2024-05-17T21:26:00.322+0000 7f9c960a9700 1 --2- >> [v2:172.21.15.96:3300/0,v1:172.21.15.96:6789/0] conn(0x7f9c90101750 0x7f9c90101b60 unknown :-1 s=NONE pgs=0 cs=0 l=0 rev1=0 crypto rx=0 tx=0 comp rx=0 tx=0).connect
2024-05-17T21:26:01.047 INFO:teuthology.orchestra.run.smithi096.stdout:/usr/bin/ceph: stderr
2024-05-17T21:26:00.322+0000 7f9c960a9700 1 -- --> [v2:172.21.15.96:3300/0,v1:172.21.15.96:6789/0] -- mon_getmap magic: 0 v1 -- 0x7f9c901020a0 con 0x7f9c90101750
2024-05-17T21:26:01.047 INFO:teuthology.orchestra.run.smithi096.stdout:/usr/bin/ceph: stderr
2024-05-17T21:26:00.322+0000 7f9c8f7fe700 1 --2- >> [v2:172.21.15.96:3300/0,v1:172.21.15.96:6789/0] conn(0x7f9c90101750 0x7f9c90101b60 unknown :-1 s=BANNER_CONNECTING pgs=0 cs=0 l=0 rev1=0 crypto rx=0 tx=0 comp rx=0 tx=0)._handle_peer_banner_payload supported=3 required=0
2024-05-17T21:26:01.047 INFO:teuthology.orchestra.run.smithi096.stdout:/usr/bin/ceph: stderr
2024-05-17T21:26:00.323+0000 7f9c8f7fe700 1 --2- >> [v2:172.21.15.96:3300/0,v1:172.21.15.96:6789/0] conn(0x7f9c90101750 0x7f9c90101b60 unknown :-1 s=HELLO_CONNECTING pgs=0 cs=0 l=0 rev1=1 crypto rx=0 tx=0 comp rx=0 tx=0).handle_hello peer v2:172.21.15.96:3300/0 says I am v2:172.21.15.96:33618/0 (socket says 172.21.15.96:33618)
2024-05-17T21:26:01.047 INFO:teuthology.orchestra.run.smithi096.stdout:/usr/bin/ceph: stderr
2024-05-17T21:26:00.323+0000 7f9c8f7fe700 1 -- 172.21.15.96:0/3331603796 learned_addr learned my addr 172.21.15.96:0/3331603796 (peer_addr_for_me v2:172.21.15.96:0/0)
2024-05-17T21:26:01.047 INFO:teuthology.orchestra.run.smithi096.stdout:/usr/bin/ceph: stderr
2024-05-17T21:26:00.323+0000 7f9c8f7fe700 1 -- 172.21.15.96:0/3331603796 --> [v2:172.21.15.96:3300/0,v1:172.21.15.96:6789/0] -- mon_subscribe({config=0+,monmap=0+}) v3 -- 0x7f9c901021e0 con 0x7f9c90101750
2024-05-17T21:26:01.047 INFO:teuthology.orchestra.run.smithi096.stdout:/usr/bin/ceph: stderr
2024-05-17T21:26:00.323+0000 7f9c8f7fe700 1 --2- 172.21.15.96:0/3331603796 >> [v2:172.21.15.96:3300/0,v1:172.21.15.96:6789/0] conn(0x7f9c90101750 0x7f9c90101b60 secure :-1 s=READY pgs=55 cs=0 l=1 rev1=1 crypto rx=0x7f9c8000bb80 tx=0x7f9c8000b4f0 comp rx=0 tx=0).ready entity=mon.0 client_cookie=e62ac4066aafbb9c server_cookie=0 in_seq=0 out_seq=0
2024-05-17T21:26:01.048 INFO:teuthology.orchestra.run.smithi096.stdout:/usr/bin/ceph: stderr
2024-05-17T21:26:00.323+0000 7f9c8effd700 1 -- 172.21.15.96:0/3331603796 <== mon.0 v2:172.21.15.96:3300/0 1 ==== mon_map magic: 0 v1 ==== 229+0+0 (secure 0 0 0) 0x7f9c8000dd00 con 0x7f9c90101750
2024-05-17T21:26:01.048 INFO:teuthology.orchestra.run.smithi096.stdout:/usr/bin/ceph: stderr
2024-05-17T21:26:00.323+0000 7f9c8effd700 1 -- 172.21.15.96:0/3331603796 <== mon.0 v2:172.21.15.96:3300/0 2 ==== config(27 keys) v1 ==== 1109+0+0 (secure 0 0 0) 0x7f9c8000de60 con 0x7f9c90101750
2024-05-17T21:26:01.048 INFO:teuthology.orchestra.run.smithi096.stdout:/usr/bin/ceph: stderr
2024-05-17T21:26:00.323+0000 7f9c8effd700 1 -- 172.21.15.96:0/3331603796 <== mon.0 v2:172.21.15.96:3300/0 3 ==== mon_map magic: 0 v1 ==== 229+0+0 (secure 0 0 0) 0x7f9c80018920 con 0x7f9c90101750
2024-05-17T21:26:01.048 INFO:teuthology.orchestra.run.smithi096.stdout:/usr/bin/ceph: stderr
2024-05-17T21:26:00.324+0000 7f9c960a9700 1 -- 172.21.15.96:0/3331603796 >> [v2:172.21.15.96:3300/0,v1:172.21.15.96:6789/0] conn(0x7f9c90101750 msgr2=0x7f9c90101b60 secure :-1 s=STATE_CONNECTION_ESTABLISHED l=1).mark_down
2024-05-17T21:26:01.048 INFO:teuthology.orchestra.run.smithi096.stdout:/usr/bin/ceph: stderr
2024-05-17T21:26:00.324+0000 7f9c960a9700 1 --2- 172.21.15.96:0/3331603796 >> [v2:172.21.15.96:3300/0,v1:172.21.15.96:6789/0] conn(0x7f9c90101750 0x7f9c90101b60 secure :-1 s=READY pgs=55 cs=0 l=1 rev1=1 crypto rx=0x7f9c8000bb80 tx=0x7f9c8000b4f0 comp rx=0 tx=0).stop
2024-05-17T21:26:01.048 INFO:teuthology.orchestra.run.smithi096.stdout:/usr/bin/ceph: stderr
2024-05-17T21:26:00.324+0000 7f9c960a9700 1 -- 172.21.15.96:0/3331603796 shutdown_connections
2024-05-17T21:26:01.048 INFO:teuthology.orchestra.run.smithi096.stdout:/usr/bin/ceph: stderr
2024-05-17T21:26:00.324+0000 7f9c960a9700 1 --2- 172.21.15.96:0/3331603796 >> [v2:172.21.15.96:3300/0,v1:172.21.15.96:6789/0] conn(0x7f9c90101750 0x7f9c90101b60 unknown :-1 s=CLOSED pgs=55 cs=0 l=1 rev1=1 crypto rx=0 tx=0 comp rx=0 tx=0).stop
2024-05-17T21:26:01.048 INFO:teuthology.orchestra.run.smithi096.stdout:/usr/bin/ceph: stderr
2024-05-17T21:26:00.324+0000 7f9c960a9700 1 -- 172.21.15.96:0/3331603796 >> 172.21.15.96:0/3331603796 conn(0x7f9c900fcef0 msgr2=0x7f9c900ff300 unknown :-1 s=STATE_NONE l=0).mark_down
2024-05-17T21:26:01.048 INFO:teuthology.orchestra.run.smithi096.stdout:/usr/bin/ceph: stderr
2024-05-17T21:26:00.324+0000 7f9c960a9700 1 -- 172.21.15.96:0/3331603796 shutdown_connections
2024-05-17T21:26:01.048 INFO:teuthology.orchestra.run.smithi096.stdout:/usr/bin/ceph: stderr
2024-05-17T21:26:00.324+0000 7f9c960a9700 1 -- 172.21.15.96:0/3331603796 wait complete.
2024-05-17T21:26:01.048 INFO:teuthology.orchestra.run.smithi096.stdout:/usr/bin/ceph: stderr
2024-05-17T21:26:00.324+0000 7f9c960a9700 1 Processor -- start
2024-05-17T21:26:01.048 INFO:teuthology.orchestra.run.smithi096.stdout:/usr/bin/ceph: stderr
2024-05-17T21:26:00.324+0000 7f9c960a9700 1 -- start start
2024-05-17T21:26:01.048 INFO:teuthology.orchestra.run.smithi096.stdout:/usr/bin/ceph: stderr
2024-05-17T21:26:00.325+0000 7f9c960a9700 1 --2- >> [v2:172.21.15.96:3300/0,v1:172.21.15.96:6789/0] conn(0x7f9c90101750 0x7f9c9010f3b0 unknown :-1 s=NONE pgs=0 cs=0 l=1 rev1=0 crypto rx=0 tx=0 comp rx=0 tx=0).connect
2024-05-17T21:26:01.048 INFO:teuthology.orchestra.run.smithi096.stdout:/usr/bin/ceph: stderr
2024-05-17T21:26:00.325+0000 7f9c960a9700 1 -- --> [v2:172.21.15.96:3300/0,v1:172.21.15.96:6789/0] -- mon_getmap magic: 0 v1 -- 0x7f9c9010f8f0 con 0x7f9c90101750
2024-05-17T21:26:01.048 INFO:teuthology.orchestra.run.smithi096.stdout:/usr/bin/ceph: stderr
2024-05-17T21:26:00.325+0000 7f9c8f7fe700 1 --2- >> [v2:172.21.15.96:3300/0,v1:172.21.15.96:6789/0] conn(0x7f9c90101750 0x7f9c9010f3b0 unknown :-1 s=BANNER_CONNECTING pgs=0 cs=0 l=1 rev1=0 crypto rx=0 tx=0 comp rx=0 tx=0)._handle_peer_banner_payload supported=3 required=0
2024-05-17T21:26:01.049 INFO:teuthology.orchestra.run.smithi096.stdout:/usr/bin/ceph: stderr
2024-05-17T21:26:00.325+0000 7f9c8f7fe700 1 --2- >> [v2:172.21.15.96:3300/0,v1:172.21.15.96:6789/0] conn(0x7f9c90101750 0x7f9c9010f3b0 unknown :-1 s=HELLO_CONNECTING pgs=0 cs=0 l=1 rev1=1 crypto rx=0 tx=0 comp rx=0 tx=0).handle_hello peer v2:172.21.15.96:3300/0 says I am v2:172.21.15.96:33632/0 (socket says 172.21.15.96:33632)
2024-05-17T21:26:01.049 INFO:teuthology.orchestra.run.smithi096.stdout:/usr/bin/ceph: stderr
2024-05-17T21:26:00.325+0000 7f9c8f7fe700 1 -- 172.21.15.96:0/448461734 learned_addr learned my addr 172.21.15.96:0/448461734 (peer_addr_for_me v2:172.21.15.96:0/0)
2024-05-17T21:26:01.049 INFO:teuthology.orchestra.run.smithi096.stdout:/usr/bin/ceph: stderr
2024-05-17T21:26:00.325+0000 7f9c8f7fe700 1 -- 172.21.15.96:0/448461734 --> [v2:172.21.15.96:3300/0,v1:172.21.15.96:6789/0] -- mon_subscribe({config=0+,monmap=0+}) v3 -- 0x7f9c8000b790 con 0x7f9c90101750
2024-05-17T21:26:01.049 INFO:teuthology.orchestra.run.smithi096.stdout:/usr/bin/ceph: stderr
2024-05-17T21:26:00.325+0000 7f9c8f7fe700 1 --2- 172.21.15.96:0/448461734 >> [v2:172.21.15.96:3300/0,v1:172.21.15.96:6789/0] conn(0x7f9c90101750 0x7f9c9010f3b0 secure :-1 s=READY pgs=56 cs=0 l=1 rev1=1 crypto rx=0x7f9c80006d40 tx=0x7f9c8000b4f0 comp rx=0 tx=0).ready entity=mon.0 client_cookie=0 server_cookie=0 in_seq=0 out_seq=0
2024-05-17T21:26:01.049 INFO:teuthology.orchestra.run.smithi096.stdout:/usr/bin/ceph: stderr
2024-05-17T21:26:00.325+0000 7f9c8cff9700 1 -- 172.21.15.96:0/448461734 <== mon.0 v2:172.21.15.96:3300/0 1 ==== mon_map magic: 0 v1 ==== 229+0+0 (secure 0 0 0) 0x7f9c8000dc70 con 0x7f9c90101750
2024-05-17T21:26:01.049 INFO:teuthology.orchestra.run.smithi096.stdout:/usr/bin/ceph: stderr
2024-05-17T21:26:00.325+0000 7f9c960a9700 1 -- 172.21.15.96:0/448461734 --> [v2:172.21.15.96:3300/0,v1:172.21.15.96:6789/0] -- mon_subscribe({mgrmap=0+}) v3 -- 0x7f9c9010faf0 con 0x7f9c90101750
2024-05-17T21:26:01.049 INFO:teuthology.orchestra.run.smithi096.stdout:/usr/bin/ceph: stderr
2024-05-17T21:26:00.325+0000 7f9c8cff9700 1 -- 172.21.15.96:0/448461734 <== mon.0 v2:172.21.15.96:3300/0 2 ==== config(27 keys) v1 ==== 1109+0+0 (secure 0 0 0) 0x7f9c8001d050 con 0x7f9c90101750
2024-05-17T21:26:01.049 INFO:teuthology.orchestra.run.smithi096.stdout:/usr/bin/ceph: stderr
2024-05-17T21:26:00.325+0000 7f9c8cff9700 1 -- 172.21.15.96:0/448461734 <== mon.0 v2:172.21.15.96:3300/0 3 ==== mon_map magic: 0 v1 ==== 229+0+0 (secure 0 0 0) 0x7f9c800223d0 con 0x7f9c90101750
2024-05-17T21:26:01.049 INFO:teuthology.orchestra.run.smithi096.stdout:/usr/bin/ceph: stderr
2024-05-17T21:26:00.325+0000 7f9c960a9700 1 -- 172.21.15.96:0/448461734 --> [v2:172.21.15.96:3300/0,v1:172.21.15.96:6789/0] -- mon_subscribe({osdmap=0}) v3 -- 0x7f9c90110660 con 0x7f9c90101750
2024-05-17T21:26:01.049 INFO:teuthology.orchestra.run.smithi096.stdout:/usr/bin/ceph: stderr
2024-05-17T21:26:00.326+0000 7f9c960a9700 1 -- 172.21.15.96:0/448461734 --> [v2:172.21.15.96:3300/0,v1:172.21.15.96:6789/0] -- mon_command({"prefix": "get_command_descriptions"} v 0) v1 -- 0x7f9c9005f5c0 con 0x7f9c90101750
2024-05-17T21:26:01.049 INFO:teuthology.orchestra.run.smithi096.stdout:/usr/bin/ceph: stderr
2024-05-17T21:26:00.326+0000 7f9c8cff9700 1 -- 172.21.15.96:0/448461734 <== mon.0 v2:172.21.15.96:3300/0 4 ==== mgrmap(e 8) v1 ==== 43376+0+0 (secure 0 0 0) 0x7f9c80022650 con 0x7f9c90101750
2024-05-17T21:26:01.049 INFO:teuthology.orchestra.run.smithi096.stdout:/usr/bin/ceph: stderr
2024-05-17T21:26:00.326+0000 7f9c8cff9700 1 --2- 172.21.15.96:0/448461734 >> [v2:172.21.15.96:6800/670850811,v1:172.21.15.96:6801/670850811] conn(0x7f9c7c036850 0x7f9c7c038d00 unknown :-1 s=NONE pgs=0 cs=0 l=1 rev1=0 crypto rx=0 tx=0 comp rx=0 tx=0).connect
2024-05-17T21:26:01.049 INFO:teuthology.orchestra.run.smithi096.stdout:/usr/bin/ceph: stderr
2024-05-17T21:26:00.326+0000 7f9c8cff9700 1 -- 172.21.15.96:0/448461734 <== mon.0 v2:172.21.15.96:3300/0 5 ==== osd_map(2..2 src has 1..2) v4 ==== 936+0+0 (secure 0 0 0) 0x7f9c80014070 con 0x7f9c90101750
2024-05-17T21:26:01.050 INFO:teuthology.orchestra.run.smithi096.stdout:/usr/bin/ceph: stderr
2024-05-17T21:26:00.327+0000 7f9c86ffd700 1 --2- 172.21.15.96:0/448461734 >> [v2:172.21.15.96:6800/670850811,v1:172.21.15.96:6801/670850811] conn(0x7f9c7c036850 0x7f9c7c038d00 unknown :-1 s=BANNER_CONNECTING pgs=0 cs=0 l=1 rev1=0 crypto rx=0 tx=0 comp rx=0 tx=0)._handle_peer_banner_payload supported=3 required=0
2024-05-17T21:26:01.050 INFO:teuthology.orchestra.run.smithi096.stdout:/usr/bin/ceph: stderr
2024-05-17T21:26:00.327+0000 7f9c86ffd700 1 --2- 172.21.15.96:0/448461734 >> [v2:172.21.15.96:6800/670850811,v1:172.21.15.96:6801/670850811] conn(0x7f9c7c036850 0x7f9c7c038d00 secure :-1 s=READY pgs=16 cs=0 l=1 rev1=1 crypto rx=0x7f9c78009990 tx=0x7f9c78006e40 comp rx=0 tx=0).ready entity=mgr.14120 client_cookie=0 server_cookie=0 in_seq=0 out_seq=0
2024-05-17T21:26:01.050 INFO:teuthology.orchestra.run.smithi096.stdout:/usr/bin/ceph: stderr
2024-05-17T21:26:00.331+0000 7f9c8cff9700 1 -- 172.21.15.96:0/448461734 <== mon.0 v2:172.21.15.96:3300/0 6 ==== mon_command_ack([{"prefix": "get_command_descriptions"}]=0 v0) v1 ==== 72+0+176702 (secure 0 0 0) 0x7f9c80051070 con 0x7f9c90101750
2024-05-17T21:26:01.050 INFO:teuthology.orchestra.run.smithi096.stdout:/usr/bin/ceph: stderr
2024-05-17T21:26:00.534+0000 7f9c960a9700 1 -- 172.21.15.96:0/448461734 --> [v2:172.21.15.96:6800/670850811,v1:172.21.15.96:6801/670850811] -- mgr_command(tid 0: {"prefix": "orch apply", "service_type": "grafana", "target": ["mon-mgr", ""]}) v1 -- 0x7f9c90110a70 con 0x7f9c7c036850
2024-05-17T21:26:01.050 INFO:teuthology.orchestra.run.smithi096.stdout:/usr/bin/ceph: stderr
2024-05-17T21:26:00.539+0000 7f9c8cff9700 1 -- 172.21.15.96:0/448461734 <== mgr.14120 v2:172.21.15.96:6800/670850811 1 ==== mgr_command_reply(tid 0: 0 ) v1 ==== 8+0+28 (secure 0 0 0) 0x7f9c90110a70 con 0x7f9c7c036850
2024-05-17T21:26:01.050 INFO:teuthology.orchestra.run.smithi096.stdout:/usr/bin/ceph: stderr
2024-05-17T21:26:00.541+0000 7f9c960a9700 1 -- 172.21.15.96:0/448461734 >> [v2:172.21.15.96:6800/670850811,v1:172.21.15.96:6801/670850811] conn(0x7f9c7c036850 msgr2=0x7f9c7c038d00 secure :-1 s=STATE_CONNECTION_ESTABLISHED l=1).mark_down
2024-05-17T21:26:01.050 INFO:teuthology.orchestra.run.smithi096.stdout:/usr/bin/ceph: stderr
2024-05-17T21:26:00.541+0000 7f9c960a9700 1 --2- 172.21.15.96:0/448461734 >> [v2:172.21.15.96:6800/670850811,v1:172.21.15.96:6801/670850811] conn(0x7f9c7c036850 0x7f9c7c038d00 secure :-1 s=READY pgs=16 cs=0 l=1 rev1=1 crypto rx=0x7f9c78009990 tx=0x7f9c78006e40 comp rx=0 tx=0).stop
2024-05-17T21:26:01.050 INFO:teuthology.orchestra.run.smithi096.stdout:/usr/bin/ceph: stderr
2024-05-17T21:26:00.541+0000 7f9c960a9700 1 -- 172.21.15.96:0/448461734 >> [v2:172.21.15.96:3300/0,v1:172.21.15.96:6789/0] conn(0x7f9c90101750 msgr2=0x7f9c9010f3b0 secure :-1 s=STATE_CONNECTION_ESTABLISHED l=1).mark_down
2024-05-17T21:26:01.050 INFO:teuthology.orchestra.run.smithi096.stdout:/usr/bin/ceph: stderr
2024-05-17T21:26:00.541+0000 7f9c960a9700 1 --2- 172.21.15.96:0/448461734 >> [v2:172.21.15.96:3300/0,v1:172.21.15.96:6789/0] conn(0x7f9c90101750 0x7f9c9010f3b0 secure :-1 s=READY pgs=56 cs=0 l=1 rev1=1 crypto rx=0x7f9c80006d40 tx=0x7f9c8000b4f0 comp rx=0 tx=0).stop
2024-05-17T21:26:01.050 INFO:teuthology.orchestra.run.smithi096.stdout:/usr/bin/ceph: stderr
2024-05-17T21:26:00.541+0000 7f9c960a9700 1 -- 172.21.15.96:0/448461734 shutdown_connections
2024-05-17T21:26:01.050 INFO:teuthology.orchestra.run.smithi096.stdout:/usr/bin/ceph: stderr
2024-05-17T21:26:00.541+0000 7f9c960a9700 1 --2- 172.21.15.96:0/448461734 >> [v2:172.21.15.96:6800/670850811,v1:172.21.15.96:6801/670850811] conn(0x7f9c7c036850 0x7f9c7c038d00 unknown :-1 s=CLOSED pgs=16 cs=0 l=1 rev1=1 crypto rx=0 tx=0 comp rx=0 tx=0).stop
2024-05-17T21:26:01.050 INFO:teuthology.orchestra.run.smithi096.stdout:/usr/bin/ceph: stderr
2024-05-17T21:26:00.541+0000 7f9c960a9700 1 --2- 172.21.15.96:0/448461734 >> [v2:172.21.15.96:3300/0,v1:172.21.15.96:6789/0] conn(0x7f9c90101750 0x7f9c9010f3b0 unknown :-1 s=CLOSED pgs=56 cs=0 l=1 rev1=1 crypto rx=0 tx=0 comp rx=0 tx=0).stop
2024-05-17T21:26:01.050 INFO:teuthology.orchestra.run.smithi096.stdout:/usr/bin/ceph: stderr
2024-05-17T21:26:00.541+0000 7f9c960a9700 1 -- 172.21.15.96:0/448461734 >> 172.21.15.96:0/448461734 conn(0x7f9c900fcef0 msgr2=0x7f9c90105be0 unknown :-1 s=STATE_NONE l=0).mark_down
2024-05-17T21:26:01.050 INFO:teuthology.orchestra.run.smithi096.stdout:/usr/bin/ceph: stderr
2024-05-17T21:26:00.541+0000 7f9c960a9700 1 -- 172.21.15.96:0/448461734 shutdown_connections
2024-05-17T21:26:01.051 INFO:teuthology.orchestra.run.smithi096.stdout:/usr/bin/ceph: stderr
2024-05-17T21:26:00.541+0000 7f9c960a9700 1 -- 172.21.15.96:0/448461734 wait complete.
2024-05-17T21:26:01.051 INFO:teuthology.orchestra.run.smithi096.stdout:Deploying node-exporter service with default placement...
2024-05-17T21:26:01.725 INFO:journalctl@ceph.mon.smithi096.smithi096.stdout:May 17 21:26:01 smithi096 ceph-mon[28616]: from='client.14150 -' entity='client.admin' cmd=[{"prefix": "orch apply", "service_type": "grafana", "target": ["mon-mgr", ""]}]: dispatch
2024-05-17T21:26:01.725 INFO:journalctl@ceph.mon.smithi096.smithi096.stdout:May 17 21:26:01 smithi096 ceph-mon[28616]: Saving service grafana spec with placement count:1
2024-05-17T21:26:01.725 INFO:journalctl@ceph.mon.smithi096.smithi096.stdout:May 17 21:26:01 smithi096 ceph-mon[28616]: from='mgr.14120 172.21.15.96:0/3254491253' entity='mgr.smithi096.dtfbem'
2024-05-17T21:26:01.725 INFO:journalctl@ceph.mon.smithi096.smithi096.stdout:May 17 21:26:01 smithi096 ceph-mon[28616]: from='mgr.14120 172.21.15.96:0/3254491253' entity='mgr.smithi096.dtfbem'
2024-05-17T21:26:02.246 INFO:teuthology.orchestra.run.smithi096.stdout:/usr/bin/ceph: stdout Scheduled node-exporter update...
2024-05-17T21:26:02.246 INFO:teuthology.orchestra.run.smithi096.stdout:/usr/bin/ceph: stderr
2024-05-17T21:26:01.488+0000 7f5f08d84700 1 Processor -- start
2024-05-17T21:26:02.246 INFO:teuthology.orchestra.run.smithi096.stdout:/usr/bin/ceph: stderr
2024-05-17T21:26:01.488+0000 7f5f08d84700 1 -- start start
2024-05-17T21:26:02.246 INFO:teuthology.orchestra.run.smithi096.stdout:/usr/bin/ceph: stderr
2024-05-17T21:26:01.488+0000 7f5f08d84700 1 --2- >> [v2:172.21.15.96:3300/0,v1:172.21.15.96:6789/0] conn(0x7f5f04101770 0x7f5f04101b80 unknown :-1 s=NONE pgs=0 cs=0 l=0 rev1=0 crypto rx=0 tx=0 comp rx=0 tx=0).connect
2024-05-17T21:26:02.246 INFO:teuthology.orchestra.run.smithi096.stdout:/usr/bin/ceph: stderr
2024-05-17T21:26:01.488+0000 7f5f08d84700 1 -- --> [v2:172.21.15.96:3300/0,v1:172.21.15.96:6789/0] -- mon_getmap magic: 0 v1 -- 0x7f5f041020c0 con 0x7f5f04101770
2024-05-17T21:26:02.246 INFO:teuthology.orchestra.run.smithi096.stdout:/usr/bin/ceph: stderr
2024-05-17T21:26:01.488+0000 7f5f0259c700 1 --2- >> [v2:172.21.15.96:3300/0,v1:172.21.15.96:6789/0] conn(0x7f5f04101770 0x7f5f04101b80 unknown :-1 s=BANNER_CONNECTING pgs=0 cs=0 l=0 rev1=0 crypto rx=0 tx=0 comp rx=0 tx=0)._handle_peer_banner_payload supported=3 required=0
2024-05-17T21:26:02.246 INFO:teuthology.orchestra.run.smithi096.stdout:/usr/bin/ceph: stderr
2024-05-17T21:26:01.488+0000 7f5f0259c700 1 --2- >> [v2:172.21.15.96:3300/0,v1:172.21.15.96:6789/0] conn(0x7f5f04101770 0x7f5f04101b80 unknown :-1 s=HELLO_CONNECTING pgs=0 cs=0 l=0 rev1=1 crypto rx=0 tx=0 comp rx=0 tx=0).handle_hello peer v2:172.21.15.96:3300/0 says I am v2:172.21.15.96:33644/0 (socket says 172.21.15.96:33644)
2024-05-17T21:26:02.246 INFO:teuthology.orchestra.run.smithi096.stdout:/usr/bin/ceph: stderr
2024-05-17T21:26:01.488+0000 7f5f0259c700 1 -- 172.21.15.96:0/1553527727 learned_addr learned my addr 172.21.15.96:0/1553527727 (peer_addr_for_me v2:172.21.15.96:0/0)
2024-05-17T21:26:02.247 INFO:teuthology.orchestra.run.smithi096.stdout:/usr/bin/ceph: stderr
2024-05-17T21:26:01.489+0000 7f5f0259c700 1 -- 172.21.15.96:0/1553527727 --> [v2:172.21.15.96:3300/0,v1:172.21.15.96:6789/0] -- mon_subscribe({config=0+,monmap=0+}) v3 -- 0x7f5f04102200 con 0x7f5f04101770
2024-05-17T21:26:02.247 INFO:teuthology.orchestra.run.smithi096.stdout:/usr/bin/ceph: stderr
2024-05-17T21:26:01.489+0000 7f5f0259c700 1 --2- 172.21.15.96:0/1553527727 >> [v2:172.21.15.96:3300/0,v1:172.21.15.96:6789/0] conn(0x7f5f04101770 0x7f5f04101b80 secure :-1 s=READY pgs=57 cs=0 l=1 rev1=1 crypto rx=0x7f5ef400bb80 tx=0x7f5ef400b4f0 comp rx=0 tx=0).ready entity=mon.0 client_cookie=292a6f9e9d630cd7 server_cookie=0 in_seq=0 out_seq=0
2024-05-17T21:26:02.247 INFO:teuthology.orchestra.run.smithi096.stdout:/usr/bin/ceph: stderr
2024-05-17T21:26:01.489+0000 7f5f01d9b700 1 -- 172.21.15.96:0/1553527727 <== mon.0 v2:172.21.15.96:3300/0 1 ==== mon_map magic: 0 v1 ==== 229+0+0 (secure 0 0 0) 0x7f5ef400dd00 con 0x7f5f04101770
2024-05-17T21:26:02.247 INFO:teuthology.orchestra.run.smithi096.stdout:/usr/bin/ceph: stderr
2024-05-17T21:26:01.489+0000 7f5f01d9b700 1 -- 172.21.15.96:0/1553527727 <== mon.0 v2:172.21.15.96:3300/0 2 ==== config(27 keys) v1 ==== 1109+0+0 (secure 0 0 0) 0x7f5ef400de60 con 0x7f5f04101770
2024-05-17T21:26:02.247 INFO:teuthology.orchestra.run.smithi096.stdout:/usr/bin/ceph: stderr
2024-05-17T21:26:01.489+0000 7f5f01d9b700 1 -- 172.21.15.96:0/1553527727 <== mon.0 v2:172.21.15.96:3300/0 3 ==== mon_map magic: 0 v1 ==== 229+0+0 (secure 0 0 0) 0x7f5ef4018920 con 0x7f5f04101770
2024-05-17T21:26:02.247 INFO:teuthology.orchestra.run.smithi096.stdout:/usr/bin/ceph: stderr
2024-05-17T21:26:01.490+0000 7f5f08d84700 1 -- 172.21.15.96:0/1553527727 >> [v2:172.21.15.96:3300/0,v1:172.21.15.96:6789/0] conn(0x7f5f04101770 msgr2=0x7f5f04101b80 secure :-1 s=STATE_CONNECTION_ESTABLISHED l=1).mark_down
2024-05-17T21:26:02.247 INFO:teuthology.orchestra.run.smithi096.stdout:/usr/bin/ceph: stderr
2024-05-17T21:26:01.490+0000 7f5f08d84700 1 --2- 172.21.15.96:0/1553527727 >> [v2:172.21.15.96:3300/0,v1:172.21.15.96:6789/0] conn(0x7f5f04101770 0x7f5f04101b80 secure :-1 s=READY pgs=57 cs=0 l=1 rev1=1 crypto rx=0x7f5ef400bb80 tx=0x7f5ef400b4f0 comp rx=0 tx=0).stop
2024-05-17T21:26:02.247 INFO:teuthology.orchestra.run.smithi096.stdout:/usr/bin/ceph: stderr
2024-05-17T21:26:01.490+0000 7f5f08d84700 1 -- 172.21.15.96:0/1553527727 shutdown_connections
2024-05-17T21:26:02.247 INFO:teuthology.orchestra.run.smithi096.stdout:/usr/bin/ceph: stderr
2024-05-17T21:26:01.490+0000 7f5f08d84700 1 --2- 172.21.15.96:0/1553527727 >> [v2:172.21.15.96:3300/0,v1:172.21.15.96:6789/0] conn(0x7f5f04101770 0x7f5f04101b80 unknown :-1 s=CLOSED pgs=57 cs=0 l=1 rev1=1 crypto rx=0 tx=0 comp rx=0 tx=0).stop
2024-05-17T21:26:02.247 INFO:teuthology.orchestra.run.smithi096.stdout:/usr/bin/ceph: stderr
2024-05-17T21:26:01.490+0000 7f5f08d84700 1 -- 172.21.15.96:0/1553527727 >> 172.21.15.96:0/1553527727 conn(0x7f5f040fcf30 msgr2=0x7f5f040ff340 unknown :-1 s=STATE_NONE l=0).mark_down
2024-05-17T21:26:02.247 INFO:teuthology.orchestra.run.smithi096.stdout:/usr/bin/ceph: stderr
2024-05-17T21:26:01.490+0000 7f5f08d84700 1 -- 172.21.15.96:0/1553527727 shutdown_connections
2024-05-17T21:26:02.247 INFO:teuthology.orchestra.run.smithi096.stdout:/usr/bin/ceph: stderr
2024-05-17T21:26:01.490+0000 7f5f08d84700 1 -- 172.21.15.96:0/1553527727 wait complete.
2024-05-17T21:26:02.247 INFO:teuthology.orchestra.run.smithi096.stdout:/usr/bin/ceph: stderr
2024-05-17T21:26:01.491+0000 7f5f08d84700 1 Processor -- start
2024-05-17T21:26:02.247 INFO:teuthology.orchestra.run.smithi096.stdout:/usr/bin/ceph: stderr
2024-05-17T21:26:01.491+0000 7f5f08d84700 1 -- start start
2024-05-17T21:26:02.247 INFO:teuthology.orchestra.run.smithi096.stdout:/usr/bin/ceph: stderr
2024-05-17T21:26:01.491+0000 7f5f08d84700 1 --2- >> [v2:172.21.15.96:3300/0,v1:172.21.15.96:6789/0] conn(0x7f5f04101770 0x7f5f0410f3b0 unknown :-1 s=NONE pgs=0 cs=0 l=1 rev1=0 crypto rx=0 tx=0 comp rx=0 tx=0).connect
2024-05-17T21:26:02.248 INFO:teuthology.orchestra.run.smithi096.stdout:/usr/bin/ceph: stderr
2024-05-17T21:26:01.491+0000 7f5f08d84700 1 -- --> [v2:172.21.15.96:3300/0,v1:172.21.15.96:6789/0] -- mon_getmap magic: 0 v1 -- 0x7f5f0410f8f0 con 0x7f5f04101770
2024-05-17T21:26:02.248 INFO:teuthology.orchestra.run.smithi096.stdout:/usr/bin/ceph: stderr
2024-05-17T21:26:01.491+0000 7f5f0259c700 1 --2- >> [v2:172.21.15.96:3300/0,v1:172.21.15.96:6789/0] conn(0x7f5f04101770 0x7f5f0410f3b0 unknown :-1 s=BANNER_CONNECTING pgs=0 cs=0 l=1 rev1=0 crypto rx=0 tx=0 comp rx=0 tx=0)._handle_peer_banner_payload supported=3 required=0
2024-05-17T21:26:02.248 INFO:teuthology.orchestra.run.smithi096.stdout:/usr/bin/ceph: stderr
2024-05-17T21:26:01.491+0000 7f5f0259c700 1 --2- >> [v2:172.21.15.96:3300/0,v1:172.21.15.96:6789/0] conn(0x7f5f04101770 0x7f5f0410f3b0 unknown :-1 s=HELLO_CONNECTING pgs=0 cs=0 l=1 rev1=1 crypto rx=0 tx=0 comp rx=0 tx=0).handle_hello peer v2:172.21.15.96:3300/0 says I am v2:172.21.15.96:33654/0 (socket says 172.21.15.96:33654)
2024-05-17T21:26:02.248 INFO:teuthology.orchestra.run.smithi096.stdout:/usr/bin/ceph: stderr
2024-05-17T21:26:01.491+0000 7f5f0259c700 1 -- 172.21.15.96:0/2453928282 learned_addr learned my addr 172.21.15.96:0/2453928282 (peer_addr_for_me v2:172.21.15.96:0/0)
2024-05-17T21:26:02.248 INFO:teuthology.orchestra.run.smithi096.stdout:/usr/bin/ceph: stderr
2024-05-17T21:26:01.491+0000 7f5f0259c700 1 -- 172.21.15.96:0/2453928282 --> [v2:172.21.15.96:3300/0,v1:172.21.15.96:6789/0] -- mon_subscribe({config=0+,monmap=0+}) v3 -- 0x7f5ef400b790 con 0x7f5f04101770
2024-05-17T21:26:02.248 INFO:teuthology.orchestra.run.smithi096.stdout:/usr/bin/ceph: stderr
2024-05-17T21:26:01.491+0000 7f5f0259c700 1 --2- 172.21.15.96:0/2453928282 >> [v2:172.21.15.96:3300/0,v1:172.21.15.96:6789/0] conn(0x7f5f04101770 0x7f5f0410f3b0 secure :-1 s=READY pgs=58 cs=0 l=1 rev1=1 crypto rx=0x7f5ef400ddd0 tx=0x7f5ef400b4f0 comp rx=0 tx=0).ready entity=mon.0 client_cookie=0 server_cookie=0 in_seq=0 out_seq=0
2024-05-17T21:26:02.248 INFO:teuthology.orchestra.run.smithi096.stdout:/usr/bin/ceph: stderr
2024-05-17T21:26:01.492+0000 7f5efaffd700 1 -- 172.21.15.96:0/2453928282 <== mon.0 v2:172.21.15.96:3300/0 1 ==== mon_map magic: 0 v1 ==== 229+0+0 (secure 0 0 0) 0x7f5ef40109b0 con 0x7f5f04101770
2024-05-17T21:26:02.248 INFO:teuthology.orchestra.run.smithi096.stdout:/usr/bin/ceph: stderr
2024-05-17T21:26:01.492+0000 7f5efaffd700 1 -- 172.21.15.96:0/2453928282 <== mon.0 v2:172.21.15.96:3300/0 2 ==== config(27 keys) v1 ==== 1109+0+0 (secure 0 0 0) 0x7f5ef40223f0 con 0x7f5f04101770
2024-05-17T21:26:02.248 INFO:teuthology.orchestra.run.smithi096.stdout:/usr/bin/ceph: stderr
2024-05-17T21:26:01.492+0000 7f5f08d84700 1 -- 172.21.15.96:0/2453928282 --> [v2:172.21.15.96:3300/0,v1:172.21.15.96:6789/0] -- mon_subscribe({mgrmap=0+}) v3 -- 0x7f5f0410faf0 con 0x7f5f04101770
2024-05-17T21:26:02.248 INFO:teuthology.orchestra.run.smithi096.stdout:/usr/bin/ceph: stderr
2024-05-17T21:26:01.492+0000 7f5efaffd700 1 -- 172.21.15.96:0/2453928282 <== mon.0 v2:172.21.15.96:3300/0 3 ==== mon_map magic: 0 v1 ==== 229+0+0 (secure 0 0 0) 0x7f5ef4021550 con 0x7f5f04101770
2024-05-17T21:26:02.248 INFO:teuthology.orchestra.run.smithi096.stdout:/usr/bin/ceph: stderr
2024-05-17T21:26:01.492+0000 7f5f08d84700 1 -- 172.21.15.96:0/2453928282 --> [v2:172.21.15.96:3300/0,v1:172.21.15.96:6789/0] -- mon_subscribe({osdmap=0}) v3 -- 0x7f5f04110660 con 0x7f5f04101770
2024-05-17T21:26:02.248 INFO:teuthology.orchestra.run.smithi096.stdout:/usr/bin/ceph: stderr
2024-05-17T21:26:01.492+0000 7f5efaffd700 1 -- 172.21.15.96:0/2453928282 <== mon.0 v2:172.21.15.96:3300/0 4 ==== mgrmap(e 8) v1 ==== 43376+0+0 (secure 0 0 0) 0x7f5ef4021750 con 0x7f5f04101770
2024-05-17T21:26:02.248 INFO:teuthology.orchestra.run.smithi096.stdout:/usr/bin/ceph: stderr
2024-05-17T21:26:01.493+0000 7f5efaffd700 1 --2- 172.21.15.96:0/2453928282 >> [v2:172.21.15.96:6800/670850811,v1:172.21.15.96:6801/670850811] conn(0x7f5ef003ace0 0x7f5ef003d190 unknown :-1 s=NONE pgs=0 cs=0 l=1 rev1=0 crypto rx=0 tx=0 comp rx=0 tx=0).connect
2024-05-17T21:26:02.248 INFO:teuthology.orchestra.run.smithi096.stdout:/usr/bin/ceph: stderr
2024-05-17T21:26:01.493+0000 7f5efaffd700 1 -- 172.21.15.96:0/2453928282 <== mon.0 v2:172.21.15.96:3300/0 5 ==== osd_map(2..2 src has 1..2) v4 ==== 936+0+0 (secure 0 0 0) 0x7f5ef4014070 con 0x7f5f04101770
2024-05-17T21:26:02.248 INFO:teuthology.orchestra.run.smithi096.stdout:/usr/bin/ceph: stderr
2024-05-17T21:26:01.493+0000 7f5f08d84700 1 -- 172.21.15.96:0/2453928282 --> [v2:172.21.15.96:3300/0,v1:172.21.15.96:6789/0] -- mon_command({"prefix": "get_command_descriptions"} v 0) v1 -- 0x7f5f0405f5c0 con 0x7f5f04101770
2024-05-17T21:26:02.248 INFO:teuthology.orchestra.run.smithi096.stdout:/usr/bin/ceph: stderr
2024-05-17T21:26:01.493+0000 7f5efbfff700 1 --2- 172.21.15.96:0/2453928282 >> [v2:172.21.15.96:6800/670850811,v1:172.21.15.96:6801/670850811] conn(0x7f5ef003ace0 0x7f5ef003d190 unknown :-1 s=BANNER_CONNECTING pgs=0 cs=0 l=1 rev1=0 crypto rx=0 tx=0 comp rx=0 tx=0)._handle_peer_banner_payload supported=3 required=0
2024-05-17T21:26:02.249 INFO:teuthology.orchestra.run.smithi096.stdout:/usr/bin/ceph: stderr
2024-05-17T21:26:01.493+0000 7f5efbfff700 1 --2- 172.21.15.96:0/2453928282 >> [v2:172.21.15.96:6800/670850811,v1:172.21.15.96:6801/670850811] conn(0x7f5ef003ace0 0x7f5ef003d190 secure :-1 s=READY pgs=17 cs=0 l=1 rev1=1 crypto rx=0x7f5eec009990 tx=0x7f5eec006e40 comp rx=0 tx=0).ready entity=mgr.14120 client_cookie=0 server_cookie=0 in_seq=0 out_seq=0
2024-05-17T21:26:02.249 INFO:teuthology.orchestra.run.smithi096.stdout:/usr/bin/ceph: stderr
2024-05-17T21:26:01.498+0000 7f5efaffd700 1 -- 172.21.15.96:0/2453928282 <== mon.0 v2:172.21.15.96:3300/0 6 ==== mon_command_ack([{"prefix": "get_command_descriptions"}]=0 v0) v1 ==== 72+0+176702 (secure 0 0 0) 0x7f5ef4026070 con 0x7f5f04101770
2024-05-17T21:26:02.249 INFO:teuthology.orchestra.run.smithi096.stdout:/usr/bin/ceph: stderr
2024-05-17T21:26:01.714+0000 7f5f08d84700 1 -- 172.21.15.96:0/2453928282 --> [v2:172.21.15.96:6800/670850811,v1:172.21.15.96:6801/670850811] -- mgr_command(tid 0: {"prefix": "orch apply", "service_type": "node-exporter", "target": ["mon-mgr", ""]}) v1 -- 0x7f5f04110910 con 0x7f5ef003ace0
2024-05-17T21:26:02.249 INFO:teuthology.orchestra.run.smithi096.stdout:/usr/bin/ceph: stderr
2024-05-17T21:26:01.721+0000 7f5efaffd700 1 -- 172.21.15.96:0/2453928282 <== mgr.14120 v2:172.21.15.96:6800/670850811 1 ==== mgr_command_reply(tid 0: 0 ) v1 ==== 8+0+34 (secure 0 0 0) 0x7f5f04110910 con 0x7f5ef003ace0
2024-05-17T21:26:02.249 INFO:teuthology.orchestra.run.smithi096.stdout:/usr/bin/ceph: stderr
2024-05-17T21:26:01.723+0000 7f5f08d84700 1 -- 172.21.15.96:0/2453928282 >> [v2:172.21.15.96:6800/670850811,v1:172.21.15.96:6801/670850811] conn(0x7f5ef003ace0 msgr2=0x7f5ef003d190 secure :-1 s=STATE_CONNECTION_ESTABLISHED l=1).mark_down
2024-05-17T21:26:02.249 INFO:teuthology.orchestra.run.smithi096.stdout:/usr/bin/ceph: stderr
2024-05-17T21:26:01.723+0000 7f5f08d84700 1 --2- 172.21.15.96:0/2453928282 >> [v2:172.21.15.96:6800/670850811,v1:172.21.15.96:6801/670850811] conn(0x7f5ef003ace0 0x7f5ef003d190 secure :-1 s=READY pgs=17 cs=0 l=1 rev1=1 crypto rx=0x7f5eec009990 tx=0x7f5eec006e40 comp rx=0 tx=0).stop
2024-05-17T21:26:02.249 INFO:teuthology.orchestra.run.smithi096.stdout:/usr/bin/ceph: stderr
2024-05-17T21:26:01.723+0000 7f5f08d84700 1 -- 172.21.15.96:0/2453928282 >> [v2:172.21.15.96:3300/0,v1:172.21.15.96:6789/0] conn(0x7f5f04101770 msgr2=0x7f5f0410f3b0 secure :-1 s=STATE_CONNECTION_ESTABLISHED l=1).mark_down
2024-05-17T21:26:02.249 INFO:teuthology.orchestra.run.smithi096.stdout:/usr/bin/ceph: stderr
2024-05-17T21:26:01.723+0000 7f5f08d84700 1 --2- 172.21.15.96:0/2453928282 >> [v2:172.21.15.96:3300/0,v1:172.21.15.96:6789/0] conn(0x7f5f04101770 0x7f5f0410f3b0 secure :-1 s=READY pgs=58 cs=0 l=1 rev1=1 crypto rx=0x7f5ef400ddd0 tx=0x7f5ef400b4f0 comp rx=0 tx=0).stop
2024-05-17T21:26:02.249 INFO:teuthology.orchestra.run.smithi096.stdout:/usr/bin/ceph: stderr
2024-05-17T21:26:01.723+0000 7f5f08d84700 1 -- 172.21.15.96:0/2453928282 shutdown_connections
2024-05-17T21:26:02.249 INFO:teuthology.orchestra.run.smithi096.stdout:/usr/bin/ceph: stderr
2024-05-17T21:26:01.723+0000 7f5f08d84700 1 --2- 172.21.15.96:0/2453928282 >> [v2:172.21.15.96:6800/670850811,v1:172.21.15.96:6801/670850811] conn(0x7f5ef003ace0 0x7f5ef003d190 unknown :-1 s=CLOSED pgs=17 cs=0 l=1 rev1=1 crypto rx=0 tx=0 comp rx=0 tx=0).stop
2024-05-17T21:26:02.249 INFO:teuthology.orchestra.run.smithi096.stdout:/usr/bin/ceph: stderr
2024-05-17T21:26:01.723+0000 7f5f08d84700 1 --2- 172.21.15.96:0/2453928282 >> [v2:172.21.15.96:3300/0,v1:172.21.15.96:6789/0] conn(0x7f5f04101770 0x7f5f0410f3b0 unknown :-1 s=CLOSED pgs=58 cs=0 l=1 rev1=1 crypto rx=0 tx=0 comp rx=0 tx=0).stop
2024-05-17T21:26:02.249 INFO:teuthology.orchestra.run.smithi096.stdout:/usr/bin/ceph: stderr
2024-05-17T21:26:01.723+0000 7f5f08d84700 1 -- 172.21.15.96:0/2453928282 >> 172.21.15.96:0/2453928282 conn(0x7f5f040fcf30 msgr2=0x7f5f04105c00 unknown :-1 s=STATE_NONE l=0).mark_down
2024-05-17T21:26:02.249 INFO:teuthology.orchestra.run.smithi096.stdout:/usr/bin/ceph: stderr
2024-05-17T21:26:01.723+0000 7f5f08d84700 1 -- 172.21.15.96:0/2453928282 shutdown_connections
2024-05-17T21:26:02.249 INFO:teuthology.orchestra.run.smithi096.stdout:/usr/bin/ceph: stderr
2024-05-17T21:26:01.723+0000 7f5f08d84700 1 -- 172.21.15.96:0/2453928282 wait complete.
2024-05-17T21:26:02.249 INFO:teuthology.orchestra.run.smithi096.stdout:Deploying alertmanager service with default placement...
2024-05-17T21:26:02.818 INFO:journalctl@ceph.mon.smithi096.smithi096.stdout:May 17 21:26:02 smithi096 ceph-mon[28616]: from='client.14152 -' entity='client.admin' cmd=[{"prefix": "orch apply", "service_type": "node-exporter", "target": ["mon-mgr", ""]}]: dispatch
2024-05-17T21:26:02.818 INFO:journalctl@ceph.mon.smithi096.smithi096.stdout:May 17 21:26:02 smithi096 ceph-mon[28616]: Saving service node-exporter spec with placement *
2024-05-17T21:26:02.818 INFO:journalctl@ceph.mon.smithi096.smithi096.stdout:May 17 21:26:02 smithi096 ceph-mon[28616]: from='mgr.14120 172.21.15.96:0/3254491253' entity='mgr.smithi096.dtfbem'
2024-05-17T21:26:03.613 INFO:teuthology.orchestra.run.smithi096.stdout:/usr/bin/ceph: stdout Scheduled alertmanager update...
2024-05-17T21:26:03.613 INFO:teuthology.orchestra.run.smithi096.stdout:/usr/bin/ceph: stderr
2024-05-17T21:26:02.640+0000 7f7c7e100700 1 Processor -- start
2024-05-17T21:26:03.613 INFO:teuthology.orchestra.run.smithi096.stdout:/usr/bin/ceph: stderr
2024-05-17T21:26:02.641+0000 7f7c7e100700 1 -- start start
2024-05-17T21:26:03.613 INFO:teuthology.orchestra.run.smithi096.stdout:/usr/bin/ceph: stderr
2024-05-17T21:26:02.641+0000 7f7c7e100700 1 --2- >> [v2:172.21.15.96:3300/0,v1:172.21.15.96:6789/0] conn(0x7f7c781028b0 0x7f7c78102cc0 unknown :-1 s=NONE pgs=0 cs=0 l=0 rev1=0 crypto rx=0 tx=0 comp rx=0 tx=0).connect
2024-05-17T21:26:03.613 INFO:teuthology.orchestra.run.smithi096.stdout:/usr/bin/ceph: stderr
2024-05-17T21:26:02.641+0000 7f7c7e100700 1 -- --> [v2:172.21.15.96:3300/0,v1:172.21.15.96:6789/0] -- mon_getmap magic: 0 v1 -- 0x7f7c78103200 con 0x7f7c781028b0
2024-05-17T21:26:03.613 INFO:teuthology.orchestra.run.smithi096.stdout:/usr/bin/ceph: stderr
2024-05-17T21:26:02.641+0000 7f7c777fe700 1 --2- >> [v2:172.21.15.96:3300/0,v1:172.21.15.96:6789/0] conn(0x7f7c781028b0 0x7f7c78102cc0 unknown :-1 s=BANNER_CONNECTING pgs=0 cs=0 l=0 rev1=0 crypto rx=0 tx=0 comp rx=0 tx=0)._handle_peer_banner_payload supported=3 required=0
2024-05-17T21:26:03.613 INFO:teuthology.orchestra.run.smithi096.stdout:/usr/bin/ceph: stderr
2024-05-17T21:26:02.641+0000 7f7c777fe700 1 --2- >> [v2:172.21.15.96:3300/0,v1:172.21.15.96:6789/0] conn(0x7f7c781028b0 0x7f7c78102cc0 unknown :-1 s=HELLO_CONNECTING pgs=0 cs=0 l=0 rev1=1 crypto rx=0 tx=0 comp rx=0 tx=0).handle_hello peer v2:172.21.15.96:3300/0 says I am v2:172.21.15.96:33668/0 (socket says 172.21.15.96:33668)
2024-05-17T21:26:03.614 INFO:teuthology.orchestra.run.smithi096.stdout:/usr/bin/ceph: stderr
2024-05-17T21:26:02.641+0000 7f7c777fe700 1 -- 172.21.15.96:0/2732296744 learned_addr learned my addr 172.21.15.96:0/2732296744 (peer_addr_for_me v2:172.21.15.96:0/0)
2024-05-17T21:26:03.614 INFO:teuthology.orchestra.run.smithi096.stdout:/usr/bin/ceph: stderr
2024-05-17T21:26:02.641+0000 7f7c777fe700 1 -- 172.21.15.96:0/2732296744 --> [v2:172.21.15.96:3300/0,v1:172.21.15.96:6789/0] -- mon_subscribe({config=0+,monmap=0+}) v3 -- 0x7f7c78103340 con 0x7f7c781028b0
2024-05-17T21:26:03.614 INFO:teuthology.orchestra.run.smithi096.stdout:/usr/bin/ceph: stderr
2024-05-17T21:26:02.641+0000 7f7c777fe700 1 --2- 172.21.15.96:0/2732296744 >> [v2:172.21.15.96:3300/0,v1:172.21.15.96:6789/0] conn(0x7f7c781028b0 0x7f7c78102cc0 secure :-1 s=READY pgs=59 cs=0 l=1 rev1=1 crypto rx=0x7f7c680098e0 tx=0x7f7c68009250 comp rx=0 tx=0).ready entity=mon.0 client_cookie=ede3c2a8d0768601 server_cookie=0 in_seq=0 out_seq=0
2024-05-17T21:26:03.614 INFO:teuthology.orchestra.run.smithi096.stdout:/usr/bin/ceph: stderr
2024-05-17T21:26:02.641+0000 7f7c76ffd700 1 -- 172.21.15.96:0/2732296744 <== mon.0 v2:172.21.15.96:3300/0 1 ==== mon_map magic: 0 v1 ==== 229+0+0 (secure 0 0 0) 0x7f7c6800b860 con 0x7f7c781028b0
2024-05-17T21:26:03.614 INFO:teuthology.orchestra.run.smithi096.stdout:/usr/bin/ceph: stderr
2024-05-17T21:26:02.641+0000 7f7c76ffd700 1 -- 172.21.15.96:0/2732296744 <== mon.0 v2:172.21.15.96:3300/0 2 ==== config(27 keys) v1 ==== 1109+0+0 (secure 0 0 0) 0x7f7c6800be90 con 0x7f7c781028b0
2024-05-17T21:26:03.614 INFO:teuthology.orchestra.run.smithi096.stdout:/usr/bin/ceph: stderr
2024-05-17T21:26:02.641+0000 7f7c76ffd700 1 -- 172.21.15.96:0/2732296744 <== mon.0 v2:172.21.15.96:3300/0 3 ==== mon_map magic: 0 v1 ==== 229+0+0 (secure 0 0 0) 0x7f7c680103c0 con 0x7f7c781028b0
2024-05-17T21:26:03.614 INFO:teuthology.orchestra.run.smithi096.stdout:/usr/bin/ceph: stderr
2024-05-17T21:26:02.642+0000 7f7c7e100700 1 -- 172.21.15.96:0/2732296744 >> [v2:172.21.15.96:3300/0,v1:172.21.15.96:6789/0] conn(0x7f7c781028b0 msgr2=0x7f7c78102cc0 secure :-1 s=STATE_CONNECTION_ESTABLISHED l=1).mark_down
2024-05-17T21:26:03.614 INFO:teuthology.orchestra.run.smithi096.stdout:/usr/bin/ceph: stderr
2024-05-17T21:26:02.642+0000 7f7c7e100700 1 --2- 172.21.15.96:0/2732296744 >> [v2:172.21.15.96:3300/0,v1:172.21.15.96:6789/0] conn(0x7f7c781028b0 0x7f7c78102cc0 secure :-1 s=READY pgs=59 cs=0 l=1 rev1=1 crypto rx=0x7f7c680098e0 tx=0x7f7c68009250 comp rx=0 tx=0).stop
2024-05-17T21:26:03.614 INFO:teuthology.orchestra.run.smithi096.stdout:/usr/bin/ceph: stderr
2024-05-17T21:26:02.642+0000 7f7c7e100700 1 -- 172.21.15.96:0/2732296744 shutdown_connections
2024-05-17T21:26:03.614 INFO:teuthology.orchestra.run.smithi096.stdout:/usr/bin/ceph: stderr
2024-05-17T21:26:02.642+0000 7f7c7e100700 1 --2- 172.21.15.96:0/2732296744 >> [v2:172.21.15.96:3300/0,v1:172.21.15.96:6789/0] conn(0x7f7c781028b0 0x7f7c78102cc0 unknown :-1 s=CLOSED pgs=59 cs=0 l=1 rev1=1 crypto rx=0 tx=0 comp rx=0 tx=0).stop
2024-05-17T21:26:03.614 INFO:teuthology.orchestra.run.smithi096.stdout:/usr/bin/ceph: stderr
2024-05-17T21:26:02.642+0000 7f7c7e100700 1 -- 172.21.15.96:0/2732296744 >> 172.21.15.96:0/2732296744 conn(0x7f7c780fdff0 msgr2=0x7f7c78100440 unknown :-1 s=STATE_NONE l=0).mark_down
2024-05-17T21:26:03.614 INFO:teuthology.orchestra.run.smithi096.stdout:/usr/bin/ceph: stderr
2024-05-17T21:26:02.642+0000 7f7c7e100700 1 -- 172.21.15.96:0/2732296744 shutdown_connections
2024-05-17T21:26:03.614 INFO:teuthology.orchestra.run.smithi096.stdout:/usr/bin/ceph: stderr
2024-05-17T21:26:02.642+0000 7f7c7e100700 1 -- 172.21.15.96:0/2732296744 wait complete.
2024-05-17T21:26:03.615 INFO:teuthology.orchestra.run.smithi096.stdout:/usr/bin/ceph: stderr
2024-05-17T21:26:02.643+0000 7f7c7e100700 1 Processor -- start
2024-05-17T21:26:03.615 INFO:teuthology.orchestra.run.smithi096.stdout:/usr/bin/ceph: stderr
2024-05-17T21:26:02.643+0000 7f7c7e100700 1 -- start start
2024-05-17T21:26:03.615 INFO:teuthology.orchestra.run.smithi096.stdout:/usr/bin/ceph: stderr
2024-05-17T21:26:02.643+0000 7f7c7e100700 1 --2- >> [v2:172.21.15.96:3300/0,v1:172.21.15.96:6789/0] conn(0x7f7c781028b0 0x7f7c78111600 unknown :-1 s=NONE pgs=0 cs=0 l=1 rev1=0 crypto rx=0 tx=0 comp rx=0 tx=0).connect
2024-05-17T21:26:03.615 INFO:teuthology.orchestra.run.smithi096.stdout:/usr/bin/ceph: stderr
2024-05-17T21:26:02.643+0000 7f7c7e100700 1 -- --> [v2:172.21.15.96:3300/0,v1:172.21.15.96:6789/0] -- mon_getmap magic: 0 v1 -- 0x7f7c78111b40 con 0x7f7c781028b0
2024-05-17T21:26:03.615 INFO:teuthology.orchestra.run.smithi096.stdout:/usr/bin/ceph: stderr
2024-05-17T21:26:02.643+0000 7f7c777fe700 1 --2- >> [v2:172.21.15.96:3300/0,v1:172.21.15.96:6789/0] conn(0x7f7c781028b0 0x7f7c78111600 unknown :-1 s=BANNER_CONNECTING pgs=0 cs=0 l=1 rev1=0 crypto rx=0 tx=0 comp rx=0 tx=0)._handle_peer_banner_payload supported=3 required=0
2024-05-17T21:26:03.615 INFO:teuthology.orchestra.run.smithi096.stdout:/usr/bin/ceph: stderr
2024-05-17T21:26:02.643+0000 7f7c777fe700 1 --2- >> [v2:172.21.15.96:3300/0,v1:172.21.15.96:6789/0] conn(0x7f7c781028b0 0x7f7c78111600 unknown :-1 s=HELLO_CONNECTING pgs=0 cs=0 l=1 rev1=1 crypto rx=0 tx=0 comp rx=0 tx=0).handle_hello peer v2:172.21.15.96:3300/0 says I am v2:172.21.15.96:33678/0 (socket says 172.21.15.96:33678)
2024-05-17T21:26:03.615 INFO:teuthology.orchestra.run.smithi096.stdout:/usr/bin/ceph: stderr
2024-05-17T21:26:02.643+0000 7f7c777fe700 1 -- 172.21.15.96:0/4068496945 learned_addr learned my addr 172.21.15.96:0/4068496945 (peer_addr_for_me v2:172.21.15.96:0/0)
2024-05-17T21:26:03.615 INFO:teuthology.orchestra.run.smithi096.stdout:/usr/bin/ceph: stderr
2024-05-17T21:26:02.643+0000 7f7c777fe700 1 -- 172.21.15.96:0/4068496945 --> [v2:172.21.15.96:3300/0,v1:172.21.15.96:6789/0] -- mon_subscribe({config=0+,monmap=0+}) v3 -- 0x7f7c680094f0 con 0x7f7c781028b0
2024-05-17T21:26:03.615 INFO:teuthology.orchestra.run.smithi096.stdout:/usr/bin/ceph: stderr
2024-05-17T21:26:02.643+0000 7f7c777fe700 1 --2- 172.21.15.96:0/4068496945 >> [v2:172.21.15.96:3300/0,v1:172.21.15.96:6789/0] conn(0x7f7c781028b0 0x7f7c78111600 secure :-1 s=READY pgs=60 cs=0 l=1 rev1=1 crypto rx=0x7f7c680090b0 tx=0x7f7c68009250 comp rx=0 tx=0).ready entity=mon.0 client_cookie=0 server_cookie=0 in_seq=0 out_seq=0
2024-05-17T21:26:03.615 INFO:teuthology.orchestra.run.smithi096.stdout:/usr/bin/ceph: stderr
2024-05-17T21:26:02.644+0000 7f7c74ff9700 1 -- 172.21.15.96:0/4068496945 <== mon.0 v2:172.21.15.96:3300/0 1 ==== mon_map magic: 0 v1 ==== 229+0+0 (secure 0 0 0) 0x7f7c68010840 con 0x7f7c781028b0
2024-05-17T21:26:03.615 INFO:teuthology.orchestra.run.smithi096.stdout:/usr/bin/ceph: stderr
2024-05-17T21:26:02.644+0000 7f7c74ff9700 1 -- 172.21.15.96:0/4068496945 <== mon.0 v2:172.21.15.96:3300/0 2 ==== config(27 keys) v1 ==== 1109+0+0 (secure 0 0 0) 0x7f7c68010e70 con 0x7f7c781028b0
2024-05-17T21:26:03.615 INFO:teuthology.orchestra.run.smithi096.stdout:/usr/bin/ceph: stderr
2024-05-17T21:26:02.644+0000 7f7c7e100700 1 -- 172.21.15.96:0/4068496945 --> [v2:172.21.15.96:3300/0,v1:172.21.15.96:6789/0] -- mon_subscribe({mgrmap=0+}) v3 -- 0x7f7c78111d40 con 0x7f7c781028b0
2024-05-17T21:26:03.615 INFO:teuthology.orchestra.run.smithi096.stdout:/usr/bin/ceph: stderr
2024-05-17T21:26:02.644+0000 7f7c74ff9700 1 -- 172.21.15.96:0/4068496945 <== mon.0 v2:172.21.15.96:3300/0 3 ==== mon_map magic: 0 v1 ==== 229+0+0 (secure 0 0 0) 0x7f7c68024e40 con 0x7f7c781028b0
2024-05-17T21:26:03.615 INFO:teuthology.orchestra.run.smithi096.stdout:/usr/bin/ceph: stderr
2024-05-17T21:26:02.644+0000 7f7c7e100700 1 -- 172.21.15.96:0/4068496945 --> [v2:172.21.15.96:3300/0,v1:172.21.15.96:6789/0] -- mon_subscribe({osdmap=0}) v3 -- 0x7f7c781128b0 con 0x7f7c781028b0
2024-05-17T21:26:03.616 INFO:teuthology.orchestra.run.smithi096.stdout:/usr/bin/ceph: stderr
2024-05-17T21:26:02.644+0000 7f7c74ff9700 1 -- 172.21.15.96:0/4068496945 <== mon.0 v2:172.21.15.96:3300/0 4 ==== mgrmap(e 8) v1 ==== 43376+0+0 (secure 0 0 0) 0x7f7c6801a4c0 con 0x7f7c781028b0
2024-05-17T21:26:03.616 INFO:teuthology.orchestra.run.smithi096.stdout:/usr/bin/ceph: stderr
2024-05-17T21:26:02.644+0000 7f7c7e100700 1 -- 172.21.15.96:0/4068496945 --> [v2:172.21.15.96:3300/0,v1:172.21.15.96:6789/0] -- mon_command({"prefix": "get_command_descriptions"} v 0) v1 -- 0x7f7c7805f5c0 con 0x7f7c781028b0
2024-05-17T21:26:03.616 INFO:teuthology.orchestra.run.smithi096.stdout:/usr/bin/ceph: stderr
2024-05-17T21:26:02.645+0000 7f7c74ff9700 1 --2- 172.21.15.96:0/4068496945 >> [v2:172.21.15.96:6800/670850811,v1:172.21.15.96:6801/670850811] conn(0x7f7c64036850 0x7f7c64038d00 unknown :-1 s=NONE pgs=0 cs=0 l=1 rev1=0 crypto rx=0 tx=0 comp rx=0 tx=0).connect
2024-05-17T21:26:03.616 INFO:teuthology.orchestra.run.smithi096.stdout:/usr/bin/ceph: stderr
2024-05-17T21:26:02.645+0000 7f7c74ff9700 1 -- 172.21.15.96:0/4068496945 <== mon.0 v2:172.21.15.96:3300/0 5 ==== osd_map(2..2 src has 1..2) v4 ==== 936+0+0 (secure 0 0 0) 0x7f7c6804a7c0 con 0x7f7c781028b0
2024-05-17T21:26:03.616 INFO:teuthology.orchestra.run.smithi096.stdout:/usr/bin/ceph: stderr
2024-05-17T21:26:02.645+0000 7f7c6effd700 1 --2- 172.21.15.96:0/4068496945 >> [v2:172.21.15.96:6800/670850811,v1:172.21.15.96:6801/670850811] conn(0x7f7c64036850 0x7f7c64038d00 unknown :-1 s=BANNER_CONNECTING pgs=0 cs=0 l=1 rev1=0 crypto rx=0 tx=0 comp rx=0 tx=0)._handle_peer_banner_payload supported=3 required=0
2024-05-17T21:26:03.616 INFO:teuthology.orchestra.run.smithi096.stdout:/usr/bin/ceph: stderr
