2024-05-17T21:43:23.953 INFO:journalctl@ceph.mon.smithi107.smithi107.stdout:May 17 21:43:23 smithi107 ceph-mon[28434]: from='client.14166 -' entity='client.admin' cmd=[{"prefix": "mgr_status"}]: dispatch
2024-05-17T21:43:23.953 INFO:journalctl@ceph.mon.smithi107.smithi107.stdout:May 17 21:43:23 smithi107 ceph-mon[28434]: from='mgr.14162 172.21.15.107:0/3666393387' entity='mgr.smithi107.xhhyiw'
2024-05-17T21:43:25.354 INFO:journalctl@ceph.mon.smithi107.smithi107.stdout:May 17 21:43:25 smithi107 ceph-mon[28434]: from='mgr.14162 172.21.15.107:0/3666393387' entity='mgr.smithi107.xhhyiw'
2024-05-17T21:43:25.354 INFO:journalctl@ceph.mon.smithi107.smithi107.stdout:May 17 21:43:25 smithi107 ceph-mon[28434]: from='client.14174 -' entity='client.admin' cmd=[{"prefix": "dashboard create-self-signed-cert", "target": ["mon-mgr", ""]}]: dispatch
2024-05-17T21:43:25.354 INFO:journalctl@ceph.mon.smithi107.smithi107.stdout:May 17 21:43:25 smithi107 ceph-mon[28434]: from='mgr.14162 172.21.15.107:0/3666393387' entity='mgr.smithi107.xhhyiw'
2024-05-17T21:43:25.354 INFO:journalctl@ceph.mon.smithi107.smithi107.stdout:May 17 21:43:25 smithi107 ceph-mon[28434]: from='mgr.14162 172.21.15.107:0/3666393387' entity='mgr.smithi107.xhhyiw'
2024-05-17T21:43:25.354 INFO:journalctl@ceph.mon.smithi107.smithi107.stdout:May 17 21:43:25 smithi107 ceph-mon[28434]: mgrmap e12: smithi107.xhhyiw(active, since 2s)
2024-05-17T21:43:25.367 INFO:teuthology.orchestra.run.smithi107.stdout:/usr/bin/ceph: stdout Self-signed certificate created
2024-05-17T21:43:25.367 INFO:teuthology.orchestra.run.smithi107.stdout:/usr/bin/ceph: stderr
2024-05-17T21:43:24.176+0000 7fbfd287c700 1 Processor -- start
2024-05-17T21:43:25.367 INFO:teuthology.orchestra.run.smithi107.stdout:/usr/bin/ceph: stderr
2024-05-17T21:43:24.176+0000 7fbfd287c700 1 -- start start
2024-05-17T21:43:25.368 INFO:teuthology.orchestra.run.smithi107.stdout:/usr/bin/ceph: stderr
2024-05-17T21:43:24.176+0000 7fbfd287c700 1 --2- >> [v2:172.21.15.107:3300/0,v1:172.21.15.107:6789/0] conn(0x7fbfcc102880 0x7fbfcc102c90 unknown :-1 s=NONE pgs=0 cs=0 l=0 rev1=0 crypto rx=0 tx=0 comp rx=0 tx=0).connect
2024-05-17T21:43:25.368 INFO:teuthology.orchestra.run.smithi107.stdout:/usr/bin/ceph: stderr
2024-05-17T21:43:24.176+0000 7fbfd287c700 1 -- --> [v2:172.21.15.107:3300/0,v1:172.21.15.107:6789/0] -- mon_getmap magic: 0 v1 -- 0x7fbfcc1031d0 con 0x7fbfcc102880
2024-05-17T21:43:25.368 INFO:teuthology.orchestra.run.smithi107.stdout:/usr/bin/ceph: stderr
2024-05-17T21:43:24.176+0000 7fbfcbfff700 1 --2- >> [v2:172.21.15.107:3300/0,v1:172.21.15.107:6789/0] conn(0x7fbfcc102880 0x7fbfcc102c90 unknown :-1 s=BANNER_CONNECTING pgs=0 cs=0 l=0 rev1=0 crypto rx=0 tx=0 comp rx=0 tx=0)._handle_peer_banner_payload supported=3 required=0
2024-05-17T21:43:25.368 INFO:teuthology.orchestra.run.smithi107.stdout:/usr/bin/ceph: stderr
2024-05-17T21:43:24.176+0000 7fbfcbfff700 1 --2- >> [v2:172.21.15.107:3300/0,v1:172.21.15.107:6789/0] conn(0x7fbfcc102880 0x7fbfcc102c90 unknown :-1 s=HELLO_CONNECTING pgs=0 cs=0 l=0 rev1=1 crypto rx=0 tx=0 comp rx=0 tx=0).handle_hello peer v2:172.21.15.107:3300/0 says I am v2:172.21.15.107:56714/0 (socket says 172.21.15.107:56714)
2024-05-17T21:43:25.368 INFO:teuthology.orchestra.run.smithi107.stdout:/usr/bin/ceph: stderr
2024-05-17T21:43:24.176+0000 7fbfcbfff700 1 -- 172.21.15.107:0/3802592765 learned_addr learned my addr 172.21.15.107:0/3802592765 (peer_addr_for_me v2:172.21.15.107:0/0)
2024-05-17T21:43:25.368 INFO:teuthology.orchestra.run.smithi107.stdout:/usr/bin/ceph: stderr
2024-05-17T21:43:24.176+0000 7fbfcbfff700 1 -- 172.21.15.107:0/3802592765 --> [v2:172.21.15.107:3300/0,v1:172.21.15.107:6789/0] -- mon_subscribe({config=0+,monmap=0+}) v3 -- 0x7fbfcc103310 con 0x7fbfcc102880
2024-05-17T21:43:25.368 INFO:teuthology.orchestra.run.smithi107.stdout:/usr/bin/ceph: stderr
2024-05-17T21:43:24.177+0000 7fbfcbfff700 1 --2- 172.21.15.107:0/3802592765 >> [v2:172.21.15.107:3300/0,v1:172.21.15.107:6789/0] conn(0x7fbfcc102880 0x7fbfcc102c90 secure :-1 s=READY pgs=80 cs=0 l=1 rev1=1 crypto rx=0x7fbfbc0098e0 tx=0x7fbfbc009250 comp rx=0 tx=0).ready entity=mon.0 client_cookie=95296cdf50b23ba7 server_cookie=0 in_seq=0 out_seq=0
2024-05-17T21:43:25.368 INFO:teuthology.orchestra.run.smithi107.stdout:/usr/bin/ceph: stderr
2024-05-17T21:43:24.177+0000 7fbfcaffd700 1 -- 172.21.15.107:0/3802592765 <== mon.0 v2:172.21.15.107:3300/0 1 ==== mon_map magic: 0 v1 ==== 229+0+0 (secure 0 0 0) 0x7fbfbc00b860 con 0x7fbfcc102880
2024-05-17T21:43:25.368 INFO:teuthology.orchestra.run.smithi107.stdout:/usr/bin/ceph: stderr
2024-05-17T21:43:24.177+0000 7fbfcaffd700 1 -- 172.21.15.107:0/3802592765 <== mon.0 v2:172.21.15.107:3300/0 2 ==== config(27 keys) v1 ==== 1109+0+0 (secure 0 0 0) 0x7fbfbc00be90 con 0x7fbfcc102880
2024-05-17T21:43:25.368 INFO:teuthology.orchestra.run.smithi107.stdout:/usr/bin/ceph: stderr
2024-05-17T21:43:24.177+0000 7fbfcaffd700 1 -- 172.21.15.107:0/3802592765 <== mon.0 v2:172.21.15.107:3300/0 3 ==== mon_map magic: 0 v1 ==== 229+0+0 (secure 0 0 0) 0x7fbfbc0103c0 con 0x7fbfcc102880
2024-05-17T21:43:25.368 INFO:teuthology.orchestra.run.smithi107.stdout:/usr/bin/ceph: stderr
2024-05-17T21:43:24.177+0000 7fbfd287c700 1 -- 172.21.15.107:0/3802592765 >> [v2:172.21.15.107:3300/0,v1:172.21.15.107:6789/0] conn(0x7fbfcc102880 msgr2=0x7fbfcc102c90 secure :-1 s=STATE_CONNECTION_ESTABLISHED l=1).mark_down
2024-05-17T21:43:25.368 INFO:teuthology.orchestra.run.smithi107.stdout:/usr/bin/ceph: stderr
2024-05-17T21:43:24.177+0000 7fbfd287c700 1 --2- 172.21.15.107:0/3802592765 >> [v2:172.21.15.107:3300/0,v1:172.21.15.107:6789/0] conn(0x7fbfcc102880 0x7fbfcc102c90 secure :-1 s=READY pgs=80 cs=0 l=1 rev1=1 crypto rx=0x7fbfbc0098e0 tx=0x7fbfbc009250 comp rx=0 tx=0).stop
2024-05-17T21:43:25.368 INFO:teuthology.orchestra.run.smithi107.stdout:/usr/bin/ceph: stderr
2024-05-17T21:43:24.177+0000 7fbfd287c700 1 -- 172.21.15.107:0/3802592765 shutdown_connections
2024-05-17T21:43:25.369 INFO:teuthology.orchestra.run.smithi107.stdout:/usr/bin/ceph: stderr
2024-05-17T21:43:24.177+0000 7fbfd287c700 1 --2- 172.21.15.107:0/3802592765 >> [v2:172.21.15.107:3300/0,v1:172.21.15.107:6789/0] conn(0x7fbfcc102880 0x7fbfcc102c90 unknown :-1 s=CLOSED pgs=80 cs=0 l=1 rev1=1 crypto rx=0 tx=0 comp rx=0 tx=0).stop
2024-05-17T21:43:25.369 INFO:teuthology.orchestra.run.smithi107.stdout:/usr/bin/ceph: stderr
2024-05-17T21:43:24.177+0000 7fbfd287c700 1 -- 172.21.15.107:0/3802592765 >> 172.21.15.107:0/3802592765 conn(0x7fbfcc0fe060 msgr2=0x7fbfcc100470 unknown :-1 s=STATE_NONE l=0).mark_down
2024-05-17T21:43:25.369 INFO:teuthology.orchestra.run.smithi107.stdout:/usr/bin/ceph: stderr
2024-05-17T21:43:24.177+0000 7fbfd287c700 1 -- 172.21.15.107:0/3802592765 shutdown_connections
2024-05-17T21:43:25.369 INFO:teuthology.orchestra.run.smithi107.stdout:/usr/bin/ceph: stderr
2024-05-17T21:43:24.177+0000 7fbfd287c700 1 -- 172.21.15.107:0/3802592765 wait complete.
2024-05-17T21:43:25.369 INFO:teuthology.orchestra.run.smithi107.stdout:/usr/bin/ceph: stderr
2024-05-17T21:43:24.178+0000 7fbfd287c700 1 Processor -- start
2024-05-17T21:43:25.369 INFO:teuthology.orchestra.run.smithi107.stdout:/usr/bin/ceph: stderr
2024-05-17T21:43:24.178+0000 7fbfd287c700 1 -- start start
2024-05-17T21:43:25.369 INFO:teuthology.orchestra.run.smithi107.stdout:/usr/bin/ceph: stderr
2024-05-17T21:43:24.178+0000 7fbfd287c700 1 --2- >> [v2:172.21.15.107:3300/0,v1:172.21.15.107:6789/0] conn(0x7fbfcc102880 0x7fbfcc111620 unknown :-1 s=NONE pgs=0 cs=0 l=1 rev1=0 crypto rx=0 tx=0 comp rx=0 tx=0).connect
2024-05-17T21:43:25.369 INFO:teuthology.orchestra.run.smithi107.stdout:/usr/bin/ceph: stderr
2024-05-17T21:43:24.178+0000 7fbfd287c700 1 -- --> [v2:172.21.15.107:3300/0,v1:172.21.15.107:6789/0] -- mon_getmap magic: 0 v1 -- 0x7fbfcc111b60 con 0x7fbfcc102880
2024-05-17T21:43:25.369 INFO:teuthology.orchestra.run.smithi107.stdout:/usr/bin/ceph: stderr
2024-05-17T21:43:24.178+0000 7fbfcbfff700 1 --2- >> [v2:172.21.15.107:3300/0,v1:172.21.15.107:6789/0] conn(0x7fbfcc102880 0x7fbfcc111620 unknown :-1 s=BANNER_CONNECTING pgs=0 cs=0 l=1 rev1=0 crypto rx=0 tx=0 comp rx=0 tx=0)._handle_peer_banner_payload supported=3 required=0
2024-05-17T21:43:25.369 INFO:teuthology.orchestra.run.smithi107.stdout:/usr/bin/ceph: stderr
2024-05-17T21:43:24.178+0000 7fbfcbfff700 1 --2- >> [v2:172.21.15.107:3300/0,v1:172.21.15.107:6789/0] conn(0x7fbfcc102880 0x7fbfcc111620 unknown :-1 s=HELLO_CONNECTING pgs=0 cs=0 l=1 rev1=1 crypto rx=0 tx=0 comp rx=0 tx=0).handle_hello peer v2:172.21.15.107:3300/0 says I am v2:172.21.15.107:56718/0 (socket says 172.21.15.107:56718)
2024-05-17T21:43:25.369 INFO:teuthology.orchestra.run.smithi107.stdout:/usr/bin/ceph: stderr
2024-05-17T21:43:24.178+0000 7fbfcbfff700 1 -- 172.21.15.107:0/2855046639 learned_addr learned my addr 172.21.15.107:0/2855046639 (peer_addr_for_me v2:172.21.15.107:0/0)
2024-05-17T21:43:25.369 INFO:teuthology.orchestra.run.smithi107.stdout:/usr/bin/ceph: stderr
2024-05-17T21:43:24.179+0000 7fbfcbfff700 1 -- 172.21.15.107:0/2855046639 --> [v2:172.21.15.107:3300/0,v1:172.21.15.107:6789/0] -- mon_subscribe({config=0+,monmap=0+}) v3 -- 0x7fbfbc0094f0 con 0x7fbfcc102880
2024-05-17T21:43:25.369 INFO:teuthology.orchestra.run.smithi107.stdout:/usr/bin/ceph: stderr
2024-05-17T21:43:24.179+0000 7fbfcbfff700 1 --2- 172.21.15.107:0/2855046639 >> [v2:172.21.15.107:3300/0,v1:172.21.15.107:6789/0] conn(0x7fbfcc102880 0x7fbfcc111620 secure :-1 s=READY pgs=81 cs=0 l=1 rev1=1 crypto rx=0x7fbfbc0090b0 tx=0x7fbfbc009250 comp rx=0 tx=0).ready entity=mon.0 client_cookie=0 server_cookie=0 in_seq=0 out_seq=0
2024-05-17T21:43:25.370 INFO:teuthology.orchestra.run.smithi107.stdout:/usr/bin/ceph: stderr
2024-05-17T21:43:24.179+0000 7fbfc8ff9700 1 -- 172.21.15.107:0/2855046639 <== mon.0 v2:172.21.15.107:3300/0 1 ==== mon_map magic: 0 v1 ==== 229+0+0 (secure 0 0 0) 0x7fbfbc010840 con 0x7fbfcc102880
2024-05-17T21:43:25.370 INFO:teuthology.orchestra.run.smithi107.stdout:/usr/bin/ceph: stderr
2024-05-17T21:43:24.179+0000 7fbfc8ff9700 1 -- 172.21.15.107:0/2855046639 <== mon.0 v2:172.21.15.107:3300/0 2 ==== config(27 keys) v1 ==== 1109+0+0 (secure 0 0 0) 0x7fbfbc010e70 con 0x7fbfcc102880
2024-05-17T21:43:25.370 INFO:teuthology.orchestra.run.smithi107.stdout:/usr/bin/ceph: stderr
2024-05-17T21:43:24.179+0000 7fbfd287c700 1 -- 172.21.15.107:0/2855046639 --> [v2:172.21.15.107:3300/0,v1:172.21.15.107:6789/0] -- mon_subscribe({mgrmap=0+}) v3 -- 0x7fbfcc111d60 con 0x7fbfcc102880
2024-05-17T21:43:25.370 INFO:teuthology.orchestra.run.smithi107.stdout:/usr/bin/ceph: stderr
2024-05-17T21:43:24.179+0000 7fbfc8ff9700 1 -- 172.21.15.107:0/2855046639 <== mon.0 v2:172.21.15.107:3300/0 3 ==== mon_map magic: 0 v1 ==== 229+0+0 (secure 0 0 0) 0x7fbfbc024e40 con 0x7fbfcc102880
2024-05-17T21:43:25.370 INFO:teuthology.orchestra.run.smithi107.stdout:/usr/bin/ceph: stderr
2024-05-17T21:43:24.179+0000 7fbfd287c700 1 -- 172.21.15.107:0/2855046639 --> [v2:172.21.15.107:3300/0,v1:172.21.15.107:6789/0] -- mon_subscribe({osdmap=0}) v3 -- 0x7fbfcc1128d0 con 0x7fbfcc102880
2024-05-17T21:43:25.370 INFO:teuthology.orchestra.run.smithi107.stdout:/usr/bin/ceph: stderr
2024-05-17T21:43:24.180+0000 7fbfc8ff9700 1 -- 172.21.15.107:0/2855046639 <== mon.0 v2:172.21.15.107:3300/0 4 ==== mgrmap(e 11) v1 ==== 43283+0+0 (secure 0 0 0) 0x7fbfbc01a530 con 0x7fbfcc102880
2024-05-17T21:43:25.370 INFO:teuthology.orchestra.run.smithi107.stdout:/usr/bin/ceph: stderr
2024-05-17T21:43:24.180+0000 7fbfd287c700 1 -- 172.21.15.107:0/2855046639 --> [v2:172.21.15.107:3300/0,v1:172.21.15.107:6789/0] -- mon_command({"prefix": "get_command_descriptions"} v 0) v1 -- 0x7fbfcc05f5c0 con 0x7fbfcc102880
2024-05-17T21:43:25.370 INFO:teuthology.orchestra.run.smithi107.stdout:/usr/bin/ceph: stderr
2024-05-17T21:43:24.180+0000 7fbfc8ff9700 1 --2- 172.21.15.107:0/2855046639 >> [v2:172.21.15.107:6800/3405524625,v1:172.21.15.107:6801/3405524625] conn(0x7fbfb4036720 0x7fbfb4038bd0 unknown :-1 s=NONE pgs=0 cs=0 l=1 rev1=0 crypto rx=0 tx=0 comp rx=0 tx=0).connect
2024-05-17T21:43:25.370 INFO:teuthology.orchestra.run.smithi107.stdout:/usr/bin/ceph: stderr
2024-05-17T21:43:24.180+0000 7fbfc8ff9700 1 -- 172.21.15.107:0/2855046639 <== mon.0 v2:172.21.15.107:3300/0 5 ==== osd_map(3..3 src has 1..3) v4 ==== 1151+0+0 (secure 0 0 0) 0x7fbfbc04a730 con 0x7fbfcc102880
2024-05-17T21:43:25.370 INFO:teuthology.orchestra.run.smithi107.stdout:/usr/bin/ceph: stderr
2024-05-17T21:43:24.180+0000 7fbfcb7fe700 1 --2- 172.21.15.107:0/2855046639 >> [v2:172.21.15.107:6800/3405524625,v1:172.21.15.107:6801/3405524625] conn(0x7fbfb4036720 0x7fbfb4038bd0 unknown :-1 s=BANNER_CONNECTING pgs=0 cs=0 l=1 rev1=0 crypto rx=0 tx=0 comp rx=0 tx=0)._handle_peer_banner_payload supported=3 required=0
2024-05-17T21:43:25.370 INFO:teuthology.orchestra.run.smithi107.stdout:/usr/bin/ceph: stderr
2024-05-17T21:43:24.180+0000 7fbfcb7fe700 1 --2- 172.21.15.107:0/2855046639 >> [v2:172.21.15.107:6800/3405524625,v1:172.21.15.107:6801/3405524625] conn(0x7fbfb4036720 0x7fbfb4038bd0 secure :-1 s=READY pgs=7 cs=0 l=1 rev1=1 crypto rx=0x7fbfc0009990 tx=0x7fbfc0006e40 comp rx=0 tx=0).ready entity=mgr.14162 client_cookie=0 server_cookie=0 in_seq=0 out_seq=0
2024-05-17T21:43:25.370 INFO:teuthology.orchestra.run.smithi107.stdout:/usr/bin/ceph: stderr
2024-05-17T21:43:24.185+0000 7fbfc8ff9700 1 -- 172.21.15.107:0/2855046639 <== mon.0 v2:172.21.15.107:3300/0 6 ==== mon_command_ack([{"prefix": "get_command_descriptions"}]=0 v0) v1 ==== 72+0+176702 (secure 0 0 0) 0x7fbfbc018940 con 0x7fbfcc102880
2024-05-17T21:43:25.371 INFO:teuthology.orchestra.run.smithi107.stdout:/usr/bin/ceph: stderr
2024-05-17T21:43:24.383+0000 7fbfd287c700 1 -- 172.21.15.107:0/2855046639 --> [v2:172.21.15.107:6800/3405524625,v1:172.21.15.107:6801/3405524625] -- mgr_command(tid 0: {"prefix": "dashboard create-self-signed-cert", "target": ["mon-mgr", ""]}) v1 -- 0x7fbfcc0ff250 con 0x7fbfb4036720
2024-05-17T21:43:25.371 INFO:teuthology.orchestra.run.smithi107.stdout:/usr/bin/ceph: stderr
2024-05-17T21:43:24.696+0000 7fbfc8ff9700 1 -- 172.21.15.107:0/2855046639 <== mgr.14162 v2:172.21.15.107:6800/3405524625 1 ==== mgr_command_reply(tid 0: 0 ) v1 ==== 8+0+32 (secure 0 0 0) 0x7fbfcc0ff250 con 0x7fbfb4036720
2024-05-17T21:43:25.371 INFO:teuthology.orchestra.run.smithi107.stdout:/usr/bin/ceph: stderr
2024-05-17T21:43:24.698+0000 7fbfd287c700 1 -- 172.21.15.107:0/2855046639 >> [v2:172.21.15.107:6800/3405524625,v1:172.21.15.107:6801/3405524625] conn(0x7fbfb4036720 msgr2=0x7fbfb4038bd0 secure :-1 s=STATE_CONNECTION_ESTABLISHED l=1).mark_down
2024-05-17T21:43:25.371 INFO:teuthology.orchestra.run.smithi107.stdout:/usr/bin/ceph: stderr
2024-05-17T21:43:24.698+0000 7fbfd287c700 1 --2- 172.21.15.107:0/2855046639 >> [v2:172.21.15.107:6800/3405524625,v1:172.21.15.107:6801/3405524625] conn(0x7fbfb4036720 0x7fbfb4038bd0 secure :-1 s=READY pgs=7 cs=0 l=1 rev1=1 crypto rx=0x7fbfc0009990 tx=0x7fbfc0006e40 comp rx=0 tx=0).stop
2024-05-17T21:43:25.371 INFO:teuthology.orchestra.run.smithi107.stdout:/usr/bin/ceph: stderr
2024-05-17T21:43:24.698+0000 7fbfd287c700 1 -- 172.21.15.107:0/2855046639 >> [v2:172.21.15.107:3300/0,v1:172.21.15.107:6789/0] conn(0x7fbfcc102880 msgr2=0x7fbfcc111620 secure :-1 s=STATE_CONNECTION_ESTABLISHED l=1).mark_down
2024-05-17T21:43:25.371 INFO:teuthology.orchestra.run.smithi107.stdout:/usr/bin/ceph: stderr
2024-05-17T21:43:24.698+0000 7fbfd287c700 1 --2- 172.21.15.107:0/2855046639 >> [v2:172.21.15.107:3300/0,v1:172.21.15.107:6789/0] conn(0x7fbfcc102880 0x7fbfcc111620 secure :-1 s=READY pgs=81 cs=0 l=1 rev1=1 crypto rx=0x7fbfbc0090b0 tx=0x7fbfbc009250 comp rx=0 tx=0).stop
2024-05-17T21:43:25.371 INFO:teuthology.orchestra.run.smithi107.stdout:/usr/bin/ceph: stderr
2024-05-17T21:43:24.698+0000 7fbfd287c700 1 -- 172.21.15.107:0/2855046639 shutdown_connections
2024-05-17T21:43:25.371 INFO:teuthology.orchestra.run.smithi107.stdout:/usr/bin/ceph: stderr
2024-05-17T21:43:24.698+0000 7fbfd287c700 1 --2- 172.21.15.107:0/2855046639 >> [v2:172.21.15.107:6800/3405524625,v1:172.21.15.107:6801/3405524625] conn(0x7fbfb4036720 0x7fbfb4038bd0 unknown :-1 s=CLOSED pgs=7 cs=0 l=1 rev1=1 crypto rx=0 tx=0 comp rx=0 tx=0).stop
2024-05-17T21:43:25.371 INFO:teuthology.orchestra.run.smithi107.stdout:/usr/bin/ceph: stderr
2024-05-17T21:43:24.698+0000 7fbfd287c700 1 --2- 172.21.15.107:0/2855046639 >> [v2:172.21.15.107:3300/0,v1:172.21.15.107:6789/0] conn(0x7fbfcc102880 0x7fbfcc111620 unknown :-1 s=CLOSED pgs=81 cs=0 l=1 rev1=1 crypto rx=0 tx=0 comp rx=0 tx=0).stop
2024-05-17T21:43:25.371 INFO:teuthology.orchestra.run.smithi107.stdout:/usr/bin/ceph: stderr
2024-05-17T21:43:24.698+0000 7fbfd287c700 1 -- 172.21.15.107:0/2855046639 >> 172.21.15.107:0/2855046639 conn(0x7fbfcc0fe060 msgr2=0x7fbfcc0feb40 unknown :-1 s=STATE_NONE l=0).mark_down
2024-05-17T21:43:25.371 INFO:teuthology.orchestra.run.smithi107.stdout:/usr/bin/ceph: stderr
2024-05-17T21:43:24.698+0000 7fbfd287c700 1 -- 172.21.15.107:0/2855046639 shutdown_connections
2024-05-17T21:43:25.371 INFO:teuthology.orchestra.run.smithi107.stdout:/usr/bin/ceph: stderr
2024-05-17T21:43:24.698+0000 7fbfd287c700 1 -- 172.21.15.107:0/2855046639 wait complete.
2024-05-17T21:43:25.371 INFO:teuthology.orchestra.run.smithi107.stdout:Creating initial admin user...
2024-05-17T21:43:26.750 INFO:teuthology.orchestra.run.smithi107.stdout:/usr/bin/ceph: stdout {"username": "admin", "password": "$2b$12$SZiSGvo2lRzdR6YHh.Nyxuip9oRodnJOrGOQN7AisuANjuskcarei", "roles": ["administrator"], "name": null, "email": null, "lastUpdate": 1715982206, "enabled": true, "pwdExpirationDate": null, "pwdUpdateRequired": true}
2024-05-17T21:43:26.750 INFO:teuthology.orchestra.run.smithi107.stdout:/usr/bin/ceph: stderr
2024-05-17T21:43:25.752+0000 7f0ac1285700 1 Processor -- start
2024-05-17T21:43:26.750 INFO:teuthology.orchestra.run.smithi107.stdout:/usr/bin/ceph: stderr
2024-05-17T21:43:25.752+0000 7f0ac1285700 1 -- start start
2024-05-17T21:43:26.750 INFO:teuthology.orchestra.run.smithi107.stdout:/usr/bin/ceph: stderr
2024-05-17T21:43:25.753+0000 7f0ac1285700 1 --2- >> [v2:172.21.15.107:3300/0,v1:172.21.15.107:6789/0] conn(0x7f0abc102c90 0x7f0abc1030a0 unknown :-1 s=NONE pgs=0 cs=0 l=0 rev1=0 crypto rx=0 tx=0 comp rx=0 tx=0).connect
2024-05-17T21:43:26.751 INFO:teuthology.orchestra.run.smithi107.stdout:/usr/bin/ceph: stderr
2024-05-17T21:43:25.753+0000 7f0ac1285700 1 -- --> [v2:172.21.15.107:3300/0,v1:172.21.15.107:6789/0] -- mon_getmap magic: 0 v1 -- 0x7f0abc103670 con 0x7f0abc102c90
2024-05-17T21:43:26.751 INFO:teuthology.orchestra.run.smithi107.stdout:/usr/bin/ceph: stderr
2024-05-17T21:43:25.753+0000 7f0abaffd700 1 --2- >> [v2:172.21.15.107:3300/0,v1:172.21.15.107:6789/0] conn(0x7f0abc102c90 0x7f0abc1030a0 unknown :-1 s=BANNER_CONNECTING pgs=0 cs=0 l=0 rev1=0 crypto rx=0 tx=0 comp rx=0 tx=0)._handle_peer_banner_payload supported=3 required=0
2024-05-17T21:43:26.751 INFO:teuthology.orchestra.run.smithi107.stdout:/usr/bin/ceph: stderr
2024-05-17T21:43:25.753+0000 7f0abaffd700 1 --2- >> [v2:172.21.15.107:3300/0,v1:172.21.15.107:6789/0] conn(0x7f0abc102c90 0x7f0abc1030a0 unknown :-1 s=HELLO_CONNECTING pgs=0 cs=0 l=0 rev1=1 crypto rx=0 tx=0 comp rx=0 tx=0).handle_hello peer v2:172.21.15.107:3300/0 says I am v2:172.21.15.107:33016/0 (socket says 172.21.15.107:33016)
2024-05-17T21:43:26.751 INFO:teuthology.orchestra.run.smithi107.stdout:/usr/bin/ceph: stderr
2024-05-17T21:43:25.753+0000 7f0abaffd700 1 -- 172.21.15.107:0/832161078 learned_addr learned my addr 172.21.15.107:0/832161078 (peer_addr_for_me v2:172.21.15.107:0/0)
2024-05-17T21:43:26.751 INFO:teuthology.orchestra.run.smithi107.stdout:/usr/bin/ceph: stderr
2024-05-17T21:43:25.753+0000 7f0abaffd700 1 -- 172.21.15.107:0/832161078 --> [v2:172.21.15.107:3300/0,v1:172.21.15.107:6789/0] -- mon_subscribe({config=0+,monmap=0+}) v3 -- 0x7f0abc1037b0 con 0x7f0abc102c90
2024-05-17T21:43:26.751 INFO:teuthology.orchestra.run.smithi107.stdout:/usr/bin/ceph: stderr
2024-05-17T21:43:25.753+0000 7f0abaffd700 1 --2- 172.21.15.107:0/832161078 >> [v2:172.21.15.107:3300/0,v1:172.21.15.107:6789/0] conn(0x7f0abc102c90 0x7f0abc1030a0 secure :-1 s=READY pgs=82 cs=0 l=1 rev1=1 crypto rx=0x7f0aac0098e0 tx=0x7f0aac009250 comp rx=0 tx=0).ready entity=mon.0 client_cookie=73ba60b7d35fdc24 server_cookie=0 in_seq=0 out_seq=0
2024-05-17T21:43:26.751 INFO:teuthology.orchestra.run.smithi107.stdout:/usr/bin/ceph: stderr
2024-05-17T21:43:25.753+0000 7f0aba7fc700 1 -- 172.21.15.107:0/832161078 <== mon.0 v2:172.21.15.107:3300/0 1 ==== mon_map magic: 0 v1 ==== 229+0+0 (secure 0 0 0) 0x7f0aac00b860 con 0x7f0abc102c90
2024-05-17T21:43:26.751 INFO:teuthology.orchestra.run.smithi107.stdout:/usr/bin/ceph: stderr
2024-05-17T21:43:25.753+0000 7f0aba7fc700 1 -- 172.21.15.107:0/832161078 <== mon.0 v2:172.21.15.107:3300/0 2 ==== config(27 keys) v1 ==== 1109+0+0 (secure 0 0 0) 0x7f0aac00be90 con 0x7f0abc102c90
2024-05-17T21:43:26.751 INFO:teuthology.orchestra.run.smithi107.stdout:/usr/bin/ceph: stderr
2024-05-17T21:43:25.753+0000 7f0aba7fc700 1 -- 172.21.15.107:0/832161078 <== mon.0 v2:172.21.15.107:3300/0 3 ==== mon_map magic: 0 v1 ==== 229+0+0 (secure 0 0 0) 0x7f0aac0103c0 con 0x7f0abc102c90
2024-05-17T21:43:26.751 INFO:teuthology.orchestra.run.smithi107.stdout:/usr/bin/ceph: stderr
2024-05-17T21:43:25.754+0000 7f0ac1285700 1 -- 172.21.15.107:0/832161078 >> [v2:172.21.15.107:3300/0,v1:172.21.15.107:6789/0] conn(0x7f0abc102c90 msgr2=0x7f0abc1030a0 secure :-1 s=STATE_CONNECTION_ESTABLISHED l=1).mark_down
2024-05-17T21:43:26.751 INFO:teuthology.orchestra.run.smithi107.stdout:/usr/bin/ceph: stderr
2024-05-17T21:43:25.754+0000 7f0ac1285700 1 --2- 172.21.15.107:0/832161078 >> [v2:172.21.15.107:3300/0,v1:172.21.15.107:6789/0] conn(0x7f0abc102c90 0x7f0abc1030a0 secure :-1 s=READY pgs=82 cs=0 l=1 rev1=1 crypto rx=0x7f0aac0098e0 tx=0x7f0aac009250 comp rx=0 tx=0).stop
2024-05-17T21:43:26.751 INFO:teuthology.orchestra.run.smithi107.stdout:/usr/bin/ceph: stderr
2024-05-17T21:43:25.754+0000 7f0ac1285700 1 -- 172.21.15.107:0/832161078 shutdown_connections
2024-05-17T21:43:26.751 INFO:teuthology.orchestra.run.smithi107.stdout:/usr/bin/ceph: stderr
2024-05-17T21:43:25.754+0000 7f0ac1285700 1 --2- 172.21.15.107:0/832161078 >> [v2:172.21.15.107:3300/0,v1:172.21.15.107:6789/0] conn(0x7f0abc102c90 0x7f0abc1030a0 unknown :-1 s=CLOSED pgs=82 cs=0 l=1 rev1=1 crypto rx=0 tx=0 comp rx=0 tx=0).stop
2024-05-17T21:43:26.752 INFO:teuthology.orchestra.run.smithi107.stdout:/usr/bin/ceph: stderr
2024-05-17T21:43:25.754+0000 7f0ac1285700 1 -- 172.21.15.107:0/832161078 >> 172.21.15.107:0/832161078 conn(0x7f0abc0fc6f0 msgr2=0x7f0abc0feb00 unknown :-1 s=STATE_NONE l=0).mark_down
2024-05-17T21:43:26.752 INFO:teuthology.orchestra.run.smithi107.stdout:/usr/bin/ceph: stderr
2024-05-17T21:43:25.754+0000 7f0ac1285700 1 -- 172.21.15.107:0/832161078 shutdown_connections
2024-05-17T21:43:26.752 INFO:teuthology.orchestra.run.smithi107.stdout:/usr/bin/ceph: stderr
2024-05-17T21:43:25.754+0000 7f0ac1285700 1 -- 172.21.15.107:0/832161078 wait complete.
2024-05-17T21:43:26.752 INFO:teuthology.orchestra.run.smithi107.stdout:/usr/bin/ceph: stderr
2024-05-17T21:43:25.754+0000 7f0ac1285700 1 Processor -- start
2024-05-17T21:43:26.752 INFO:teuthology.orchestra.run.smithi107.stdout:/usr/bin/ceph: stderr
2024-05-17T21:43:25.755+0000 7f0ac1285700 1 -- start start
2024-05-17T21:43:26.752 INFO:teuthology.orchestra.run.smithi107.stdout:/usr/bin/ceph: stderr
2024-05-17T21:43:25.755+0000 7f0ac1285700 1 --2- >> [v2:172.21.15.107:3300/0,v1:172.21.15.107:6789/0] conn(0x7f0abc102c90 0x7f0abc1137e0 unknown :-1 s=NONE pgs=0 cs=0 l=1 rev1=0 crypto rx=0 tx=0 comp rx=0 tx=0).connect
2024-05-17T21:43:26.752 INFO:teuthology.orchestra.run.smithi107.stdout:/usr/bin/ceph: stderr
2024-05-17T21:43:25.755+0000 7f0ac1285700 1 -- --> [v2:172.21.15.107:3300/0,v1:172.21.15.107:6789/0] -- mon_getmap magic: 0 v1 -- 0x7f0abc113d20 con 0x7f0abc102c90
2024-05-17T21:43:26.752 INFO:teuthology.orchestra.run.smithi107.stdout:/usr/bin/ceph: stderr
2024-05-17T21:43:25.755+0000 7f0abaffd700 1 --2- >> [v2:172.21.15.107:3300/0,v1:172.21.15.107:6789/0] conn(0x7f0abc102c90 0x7f0abc1137e0 unknown :-1 s=BANNER_CONNECTING pgs=0 cs=0 l=1 rev1=0 crypto rx=0 tx=0 comp rx=0 tx=0)._handle_peer_banner_payload supported=3 required=0
2024-05-17T21:43:26.752 INFO:teuthology.orchestra.run.smithi107.stdout:/usr/bin/ceph: stderr
2024-05-17T21:43:25.755+0000 7f0abaffd700 1 --2- >> [v2:172.21.15.107:3300/0,v1:172.21.15.107:6789/0] conn(0x7f0abc102c90 0x7f0abc1137e0 unknown :-1 s=HELLO_CONNECTING pgs=0 cs=0 l=1 rev1=1 crypto rx=0 tx=0 comp rx=0 tx=0).handle_hello peer v2:172.21.15.107:3300/0 says I am v2:172.21.15.107:33020/0 (socket says 172.21.15.107:33020)
2024-05-17T21:43:26.752 INFO:teuthology.orchestra.run.smithi107.stdout:/usr/bin/ceph: stderr
2024-05-17T21:43:25.755+0000 7f0abaffd700 1 -- 172.21.15.107:0/883451685 learned_addr learned my addr 172.21.15.107:0/883451685 (peer_addr_for_me v2:172.21.15.107:0/0)
2024-05-17T21:43:26.752 INFO:teuthology.orchestra.run.smithi107.stdout:/usr/bin/ceph: stderr
2024-05-17T21:43:25.755+0000 7f0abaffd700 1 -- 172.21.15.107:0/883451685 --> [v2:172.21.15.107:3300/0,v1:172.21.15.107:6789/0] -- mon_subscribe({config=0+,monmap=0+}) v3 -- 0x7f0aac0094f0 con 0x7f0abc102c90
2024-05-17T21:43:26.752 INFO:teuthology.orchestra.run.smithi107.stdout:/usr/bin/ceph: stderr
2024-05-17T21:43:25.755+0000 7f0abaffd700 1 --2- 172.21.15.107:0/883451685 >> [v2:172.21.15.107:3300/0,v1:172.21.15.107:6789/0] conn(0x7f0abc102c90 0x7f0abc1137e0 secure :-1 s=READY pgs=83 cs=0 l=1 rev1=1 crypto rx=0x7f0aac0094c0 tx=0x7f0aac009250 comp rx=0 tx=0).ready entity=mon.0 client_cookie=0 server_cookie=0 in_seq=0 out_seq=0
2024-05-17T21:43:26.753 INFO:teuthology.orchestra.run.smithi107.stdout:/usr/bin/ceph: stderr
2024-05-17T21:43:25.755+0000 7f0ab3fff700 1 -- 172.21.15.107:0/883451685 <== mon.0 v2:172.21.15.107:3300/0 1 ==== mon_map magic: 0 v1 ==== 229+0+0 (secure 0 0 0) 0x7f0aac010890 con 0x7f0abc102c90
2024-05-17T21:43:26.753 INFO:teuthology.orchestra.run.smithi107.stdout:/usr/bin/ceph: stderr
2024-05-17T21:43:25.756+0000 7f0ac1285700 1 -- 172.21.15.107:0/883451685 --> [v2:172.21.15.107:3300/0,v1:172.21.15.107:6789/0] -- mon_subscribe({mgrmap=0+}) v3 -- 0x7f0abc113f20 con 0x7f0abc102c90
2024-05-17T21:43:26.753 INFO:teuthology.orchestra.run.smithi107.stdout:/usr/bin/ceph: stderr
2024-05-17T21:43:25.756+0000 7f0ab3fff700 1 -- 172.21.15.107:0/883451685 <== mon.0 v2:172.21.15.107:3300/0 2 ==== config(27 keys) v1 ==== 1109+0+0 (secure 0 0 0) 0x7f0aac010ec0 con 0x7f0abc102c90
2024-05-17T21:43:26.753 INFO:teuthology.orchestra.run.smithi107.stdout:/usr/bin/ceph: stderr
2024-05-17T21:43:25.756+0000 7f0ab3fff700 1 -- 172.21.15.107:0/883451685 <== mon.0 v2:172.21.15.107:3300/0 3 ==== mon_map magic: 0 v1 ==== 229+0+0 (secure 0 0 0) 0x7f0aac0243f0 con 0x7f0abc102c90
2024-05-17T21:43:26.753 INFO:teuthology.orchestra.run.smithi107.stdout:/usr/bin/ceph: stderr
2024-05-17T21:43:25.756+0000 7f0ac1285700 1 -- 172.21.15.107:0/883451685 --> [v2:172.21.15.107:3300/0,v1:172.21.15.107:6789/0] -- mon_subscribe({osdmap=0}) v3 -- 0x7f0abc114a90 con 0x7f0abc102c90
2024-05-17T21:43:26.753 INFO:teuthology.orchestra.run.smithi107.stdout:/usr/bin/ceph: stderr
2024-05-17T21:43:25.756+0000 7f0ab3fff700 1 -- 172.21.15.107:0/883451685 <== mon.0 v2:172.21.15.107:3300/0 4 ==== mgrmap(e 12) v1 ==== 43389+0+0 (secure 0 0 0) 0x7f0aac02d3f0 con 0x7f0abc102c90
2024-05-17T21:43:26.753 INFO:teuthology.orchestra.run.smithi107.stdout:/usr/bin/ceph: stderr
2024-05-17T21:43:25.756+0000 7f0ac1285700 1 -- 172.21.15.107:0/883451685 --> [v2:172.21.15.107:3300/0,v1:172.21.15.107:6789/0] -- mon_command({"prefix": "get_command_descriptions"} v 0) v1 -- 0x7f0abc05f5c0 con 0x7f0abc102c90
2024-05-17T21:43:26.753 INFO:teuthology.orchestra.run.smithi107.stdout:/usr/bin/ceph: stderr
2024-05-17T21:43:25.757+0000 7f0ab3fff700 1 --2- 172.21.15.107:0/883451685 >> [v2:172.21.15.107:6800/3405524625,v1:172.21.15.107:6801/3405524625] conn(0x7f0aa80368a0 0x7f0aa8038d50 unknown :-1 s=NONE pgs=0 cs=0 l=1 rev1=0 crypto rx=0 tx=0 comp rx=0 tx=0).connect
2024-05-17T21:43:26.753 INFO:teuthology.orchestra.run.smithi107.stdout:/usr/bin/ceph: stderr
2024-05-17T21:43:25.757+0000 7f0ab3fff700 1 -- 172.21.15.107:0/883451685 <== mon.0 v2:172.21.15.107:3300/0 5 ==== osd_map(3..3 src has 1..3) v4 ==== 1151+0+0 (secure 0 0 0) 0x7f0aac04a400 con 0x7f0abc102c90
2024-05-17T21:43:26.753 INFO:teuthology.orchestra.run.smithi107.stdout:/usr/bin/ceph: stderr
2024-05-17T21:43:25.757+0000 7f0ab27fc700 1 --2- 172.21.15.107:0/883451685 >> [v2:172.21.15.107:6800/3405524625,v1:172.21.15.107:6801/3405524625] conn(0x7f0aa80368a0 0x7f0aa8038d50 unknown :-1 s=BANNER_CONNECTING pgs=0 cs=0 l=1 rev1=0 crypto rx=0 tx=0 comp rx=0 tx=0)._handle_peer_banner_payload supported=3 required=0
2024-05-17T21:43:26.753 INFO:teuthology.orchestra.run.smithi107.stdout:/usr/bin/ceph: stderr
2024-05-17T21:43:25.757+0000 7f0ab27fc700 1 --2- 172.21.15.107:0/883451685 >> [v2:172.21.15.107:6800/3405524625,v1:172.21.15.107:6801/3405524625] conn(0x7f0aa80368a0 0x7f0aa8038d50 secure :-1 s=READY pgs=8 cs=0 l=1 rev1=1 crypto rx=0x7f0aa4009990 tx=0x7f0aa4006e40 comp rx=0 tx=0).ready entity=mgr.14162 client_cookie=0 server_cookie=0 in_seq=0 out_seq=0
2024-05-17T21:43:26.753 INFO:teuthology.orchestra.run.smithi107.stdout:/usr/bin/ceph: stderr
2024-05-17T21:43:25.761+0000 7f0ab3fff700 1 -- 172.21.15.107:0/883451685 <== mon.0 v2:172.21.15.107:3300/0 6 ==== mon_command_ack([{"prefix": "get_command_descriptions"}]=0 v0) v1 ==== 72+0+176702 (secure 0 0 0) 0x7f0aac02b8e0 con 0x7f0abc102c90
2024-05-17T21:43:26.754 INFO:teuthology.orchestra.run.smithi107.stdout:/usr/bin/ceph: stderr
2024-05-17T21:43:25.966+0000 7f0ac1285700 1 -- 172.21.15.107:0/883451685 --> [v2:172.21.15.107:6800/3405524625,v1:172.21.15.107:6801/3405524625] -- mgr_command(tid 0: {"prefix": "dashboard ac-user-create", "username": "admin", "rolename": "administrator", "force_password": true, "pwd_update_required": true, "target": ["mon-mgr", ""]}) v1 -- 0x7f0abc05f3b0 con 0x7f0aa80368a0
2024-05-17T21:43:26.754 INFO:teuthology.orchestra.run.smithi107.stdout:/usr/bin/ceph: stderr
2024-05-17T21:43:26.188+0000 7f0ab3fff700 1 -- 172.21.15.107:0/883451685 <== mgr.14162 v2:172.21.15.107:6800/3405524625 1 ==== mgr_command_reply(tid 0: 0 ) v1 ==== 8+0+252 (secure 0 0 0) 0x7f0abc05f3b0 con 0x7f0aa80368a0
2024-05-17T21:43:26.754 INFO:teuthology.orchestra.run.smithi107.stdout:/usr/bin/ceph: stderr
2024-05-17T21:43:26.190+0000 7f0ac1285700 1 -- 172.21.15.107:0/883451685 >> [v2:172.21.15.107:6800/3405524625,v1:172.21.15.107:6801/3405524625] conn(0x7f0aa80368a0 msgr2=0x7f0aa8038d50 secure :-1 s=STATE_CONNECTION_ESTABLISHED l=1).mark_down
2024-05-17T21:43:26.754 INFO:teuthology.orchestra.run.smithi107.stdout:/usr/bin/ceph: stderr
2024-05-17T21:43:26.190+0000 7f0ac1285700 1 --2- 172.21.15.107:0/883451685 >> [v2:172.21.15.107:6800/3405524625,v1:172.21.15.107:6801/3405524625] conn(0x7f0aa80368a0 0x7f0aa8038d50 secure :-1 s=READY pgs=8 cs=0 l=1 rev1=1 crypto rx=0x7f0aa4009990 tx=0x7f0aa4006e40 comp rx=0 tx=0).stop
2024-05-17T21:43:26.754 INFO:teuthology.orchestra.run.smithi107.stdout:/usr/bin/ceph: stderr
2024-05-17T21:43:26.190+0000 7f0ac1285700 1 -- 172.21.15.107:0/883451685 >> [v2:172.21.15.107:3300/0,v1:172.21.15.107:6789/0] conn(0x7f0abc102c90 msgr2=0x7f0abc1137e0 secure :-1 s=STATE_CONNECTION_ESTABLISHED l=1).mark_down
2024-05-17T21:43:26.754 INFO:teuthology.orchestra.run.smithi107.stdout:/usr/bin/ceph: stderr
2024-05-17T21:43:26.190+0000 7f0ac1285700 1 --2- 172.21.15.107:0/883451685 >> [v2:172.21.15.107:3300/0,v1:172.21.15.107:6789/0] conn(0x7f0abc102c90 0x7f0abc1137e0 secure :-1 s=READY pgs=83 cs=0 l=1 rev1=1 crypto rx=0x7f0aac0094c0 tx=0x7f0aac009250 comp rx=0 tx=0).stop
2024-05-17T21:43:26.754 INFO:teuthology.orchestra.run.smithi107.stdout:/usr/bin/ceph: stderr
2024-05-17T21:43:26.190+0000 7f0ac1285700 1 -- 172.21.15.107:0/883451685 shutdown_connections
2024-05-17T21:43:26.754 INFO:teuthology.orchestra.run.smithi107.stdout:/usr/bin/ceph: stderr
2024-05-17T21:43:26.190+0000 7f0ac1285700 1 --2- 172.21.15.107:0/883451685 >> [v2:172.21.15.107:6800/3405524625,v1:172.21.15.107:6801/3405524625] conn(0x7f0aa80368a0 0x7f0aa8038d50 unknown :-1 s=CLOSED pgs=8 cs=0 l=1 rev1=1 crypto rx=0 tx=0 comp rx=0 tx=0).stop
2024-05-17T21:43:26.754 INFO:teuthology.orchestra.run.smithi107.stdout:/usr/bin/ceph: stderr
2024-05-17T21:43:26.190+0000 7f0ac1285700 1 --2- 172.21.15.107:0/883451685 >> [v2:172.21.15.107:3300/0,v1:172.21.15.107:6789/0] conn(0x7f0abc102c90 0x7f0abc1137e0 unknown :-1 s=CLOSED pgs=83 cs=0 l=1 rev1=1 crypto rx=0 tx=0 comp rx=0 tx=0).stop
2024-05-17T21:43:26.754 INFO:teuthology.orchestra.run.smithi107.stdout:/usr/bin/ceph: stderr
2024-05-17T21:43:26.190+0000 7f0ac1285700 1 -- 172.21.15.107:0/883451685 >> 172.21.15.107:0/883451685 conn(0x7f0abc0fc6f0 msgr2=0x7f0abc0fd1d0 unknown :-1 s=STATE_NONE l=0).mark_down
2024-05-17T21:43:26.754 INFO:teuthology.orchestra.run.smithi107.stdout:/usr/bin/ceph: stderr
2024-05-17T21:43:26.190+0000 7f0ac1285700 1 -- 172.21.15.107:0/883451685 shutdown_connections
2024-05-17T21:43:26.754 INFO:teuthology.orchestra.run.smithi107.stdout:/usr/bin/ceph: stderr
2024-05-17T21:43:26.190+0000 7f0ac1285700 1 -- 172.21.15.107:0/883451685 wait complete.
2024-05-17T21:43:26.754 INFO:teuthology.orchestra.run.smithi107.stdout:Fetching dashboard port number...
2024-05-17T21:43:27.354 INFO:journalctl@ceph.mon.smithi107.smithi107.stdout:May 17 21:43:27 smithi107 ceph-mon[28434]: from='client.14176 -' entity='client.admin' cmd=[{"prefix": "dashboard ac-user-create", "username": "admin", "rolename": "administrator", "force_password": true, "pwd_update_required": true, "target": ["mon-mgr", ""]}]: dispatch
2024-05-17T21:43:27.354 INFO:journalctl@ceph.mon.smithi107.smithi107.stdout:May 17 21:43:27 smithi107 ceph-mon[28434]: from='mgr.14162 172.21.15.107:0/3666393387' entity='mgr.smithi107.xhhyiw'
2024-05-17T21:43:28.117 INFO:teuthology.orchestra.run.smithi107.stdout:/usr/bin/ceph: stdout 8443
2024-05-17T21:43:28.117 INFO:teuthology.orchestra.run.smithi107.stdout:/usr/bin/ceph: stderr
2024-05-17T21:43:27.205+0000 7f857cc5d700 1 Processor -- start
2024-05-17T21:43:28.118 INFO:teuthology.orchestra.run.smithi107.stdout:/usr/bin/ceph: stderr
2024-05-17T21:43:27.205+0000 7f857cc5d700 1 -- start start
2024-05-17T21:43:28.118 INFO:teuthology.orchestra.run.smithi107.stdout:/usr/bin/ceph: stderr
2024-05-17T21:43:27.206+0000 7f857cc5d700 1 --2- >> [v2:172.21.15.107:3300/0,v1:172.21.15.107:6789/0] conn(0x7f8578076c30 0x7f8578105420 unknown :-1 s=NONE pgs=0 cs=0 l=0 rev1=0 crypto rx=0 tx=0 comp rx=0 tx=0).connect
2024-05-17T21:43:28.118 INFO:teuthology.orchestra.run.smithi107.stdout:/usr/bin/ceph: stderr
2024-05-17T21:43:27.206+0000 7f857cc5d700 1 -- --> [v2:172.21.15.107:3300/0,v1:172.21.15.107:6789/0] -- mon_getmap magic: 0 v1 -- 0x7f8578105960 con 0x7f8578076c30
2024-05-17T21:43:28.118 INFO:teuthology.orchestra.run.smithi107.stdout:/usr/bin/ceph: stderr
2024-05-17T21:43:27.206+0000 7f857659c700 1 --2- >> [v2:172.21.15.107:3300/0,v1:172.21.15.107:6789/0] conn(0x7f8578076c30 0x7f8578105420 unknown :-1 s=BANNER_CONNECTING pgs=0 cs=0 l=0 rev1=0 crypto rx=0 tx=0 comp rx=0 tx=0)._handle_peer_banner_payload supported=3 required=0
2024-05-17T21:43:28.118 INFO:teuthology.orchestra.run.smithi107.stdout:/usr/bin/ceph: stderr
2024-05-17T21:43:27.206+0000 7f857659c700 1 --2- >> [v2:172.21.15.107:3300/0,v1:172.21.15.107:6789/0] conn(0x7f8578076c30 0x7f8578105420 unknown :-1 s=HELLO_CONNECTING pgs=0 cs=0 l=0 rev1=1 crypto rx=0 tx=0 comp rx=0 tx=0).handle_hello peer v2:172.21.15.107:3300/0 says I am v2:172.21.15.107:33024/0 (socket says 172.21.15.107:33024)
2024-05-17T21:43:28.118 INFO:teuthology.orchestra.run.smithi107.stdout:/usr/bin/ceph: stderr
2024-05-17T21:43:27.206+0000 7f857659c700 1 -- 172.21.15.107:0/3745482280 learned_addr learned my addr 172.21.15.107:0/3745482280 (peer_addr_for_me v2:172.21.15.107:0/0)
2024-05-17T21:43:28.118 INFO:teuthology.orchestra.run.smithi107.stdout:/usr/bin/ceph: stderr
2024-05-17T21:43:27.206+0000 7f857659c700 1 -- 172.21.15.107:0/3745482280 --> [v2:172.21.15.107:3300/0,v1:172.21.15.107:6789/0] -- mon_subscribe({config=0+,monmap=0+}) v3 -- 0x7f8578105aa0 con 0x7f8578076c30
2024-05-17T21:43:28.118 INFO:teuthology.orchestra.run.smithi107.stdout:/usr/bin/ceph: stderr
2024-05-17T21:43:27.206+0000 7f857659c700 1 --2- 172.21.15.107:0/3745482280 >> [v2:172.21.15.107:3300/0,v1:172.21.15.107:6789/0] conn(0x7f8578076c30 0x7f8578105420 secure :-1 s=READY pgs=84 cs=0 l=1 rev1=1 crypto rx=0x7f85600098e0 tx=0x7f8560009250 comp rx=0 tx=0).ready entity=mon.0 client_cookie=7b38eef1c0be7a3 server_cookie=0 in_seq=0 out_seq=0
2024-05-17T21:43:28.118 INFO:teuthology.orchestra.run.smithi107.stdout:/usr/bin/ceph: stderr
2024-05-17T21:43:27.206+0000 7f857559a700 1 -- 172.21.15.107:0/3745482280 <== mon.0 v2:172.21.15.107:3300/0 1 ==== mon_map magic: 0 v1 ==== 229+0+0 (secure 0 0 0) 0x7f856000b860 con 0x7f8578076c30
2024-05-17T21:43:28.118 INFO:teuthology.orchestra.run.smithi107.stdout:/usr/bin/ceph: stderr
2024-05-17T21:43:27.206+0000 7f857559a700 1 -- 172.21.15.107:0/3745482280 <== mon.0 v2:172.21.15.107:3300/0 2 ==== config(27 keys) v1 ==== 1109+0+0 (secure 0 0 0) 0x7f856000be90 con 0x7f8578076c30
2024-05-17T21:43:28.118 INFO:teuthology.orchestra.run.smithi107.stdout:/usr/bin/ceph: stderr
2024-05-17T21:43:27.206+0000 7f857559a700 1 -- 172.21.15.107:0/3745482280 <== mon.0 v2:172.21.15.107:3300/0 3 ==== mon_map magic: 0 v1 ==== 229+0+0 (secure 0 0 0) 0x7f85600103c0 con 0x7f8578076c30
2024-05-17T21:43:28.119 INFO:teuthology.orchestra.run.smithi107.stdout:/usr/bin/ceph: stderr
2024-05-17T21:43:27.207+0000 7f857cc5d700 1 -- 172.21.15.107:0/3745482280 >> [v2:172.21.15.107:3300/0,v1:172.21.15.107:6789/0] conn(0x7f8578076c30 msgr2=0x7f8578105420 secure :-1 s=STATE_CONNECTION_ESTABLISHED l=1).mark_down
2024-05-17T21:43:28.119 INFO:teuthology.orchestra.run.smithi107.stdout:/usr/bin/ceph: stderr
2024-05-17T21:43:27.207+0000 7f857cc5d700 1 --2- 172.21.15.107:0/3745482280 >> [v2:172.21.15.107:3300/0,v1:172.21.15.107:6789/0] conn(0x7f8578076c30 0x7f8578105420 secure :-1 s=READY pgs=84 cs=0 l=1 rev1=1 crypto rx=0x7f85600098e0 tx=0x7f8560009250 comp rx=0 tx=0).stop
2024-05-17T21:43:28.119 INFO:teuthology.orchestra.run.smithi107.stdout:/usr/bin/ceph: stderr
2024-05-17T21:43:27.207+0000 7f857cc5d700 1 -- 172.21.15.107:0/3745482280 shutdown_connections
2024-05-17T21:43:28.119 INFO:teuthology.orchestra.run.smithi107.stdout:/usr/bin/ceph: stderr
2024-05-17T21:43:27.207+0000 7f857cc5d700 1 --2- 172.21.15.107:0/3745482280 >> [v2:172.21.15.107:3300/0,v1:172.21.15.107:6789/0] conn(0x7f8578076c30 0x7f8578105420 unknown :-1 s=CLOSED pgs=84 cs=0 l=1 rev1=1 crypto rx=0 tx=0 comp rx=0 tx=0).stop
2024-05-17T21:43:28.119 INFO:teuthology.orchestra.run.smithi107.stdout:/usr/bin/ceph: stderr
2024-05-17T21:43:27.207+0000 7f857cc5d700 1 -- 172.21.15.107:0/3745482280 >> 172.21.15.107:0/3745482280 conn(0x7f85780fcef0 msgr2=0x7f85780ff300 unknown :-1 s=STATE_NONE l=0).mark_down
2024-05-17T21:43:28.119 INFO:teuthology.orchestra.run.smithi107.stdout:/usr/bin/ceph: stderr
2024-05-17T21:43:27.207+0000 7f857cc5d700 1 -- 172.21.15.107:0/3745482280 shutdown_connections
2024-05-17T21:43:28.119 INFO:teuthology.orchestra.run.smithi107.stdout:/usr/bin/ceph: stderr
2024-05-17T21:43:27.207+0000 7f857cc5d700 1 -- 172.21.15.107:0/3745482280 wait complete.
2024-05-17T21:43:28.119 INFO:teuthology.orchestra.run.smithi107.stdout:/usr/bin/ceph: stderr
2024-05-17T21:43:27.208+0000 7f857cc5d700 1 Processor -- start
2024-05-17T21:43:28.119 INFO:teuthology.orchestra.run.smithi107.stdout:/usr/bin/ceph: stderr
2024-05-17T21:43:27.208+0000 7f857cc5d700 1 -- start start
2024-05-17T21:43:28.119 INFO:teuthology.orchestra.run.smithi107.stdout:/usr/bin/ceph: stderr
2024-05-17T21:43:27.208+0000 7f857cc5d700 1 --2- >> [v2:172.21.15.107:3300/0,v1:172.21.15.107:6789/0] conn(0x7f8578076c30 0x7f8578102d70 unknown :-1 s=NONE pgs=0 cs=0 l=1 rev1=0 crypto rx=0 tx=0 comp rx=0 tx=0).connect
2024-05-17T21:43:28.119 INFO:teuthology.orchestra.run.smithi107.stdout:/usr/bin/ceph: stderr
2024-05-17T21:43:27.208+0000 7f857cc5d700 1 -- --> [v2:172.21.15.107:3300/0,v1:172.21.15.107:6789/0] -- mon_getmap magic: 0 v1 -- 0x7f85781032b0 con 0x7f8578076c30
2024-05-17T21:43:28.119 INFO:teuthology.orchestra.run.smithi107.stdout:/usr/bin/ceph: stderr
2024-05-17T21:43:27.208+0000 7f857659c700 1 --2- >> [v2:172.21.15.107:3300/0,v1:172.21.15.107:6789/0] conn(0x7f8578076c30 0x7f8578102d70 unknown :-1 s=BANNER_CONNECTING pgs=0 cs=0 l=1 rev1=0 crypto rx=0 tx=0 comp rx=0 tx=0)._handle_peer_banner_payload supported=3 required=0
2024-05-17T21:43:28.119 INFO:teuthology.orchestra.run.smithi107.stdout:/usr/bin/ceph: stderr
2024-05-17T21:43:27.208+0000 7f857659c700 1 --2- >> [v2:172.21.15.107:3300/0,v1:172.21.15.107:6789/0] conn(0x7f8578076c30 0x7f8578102d70 unknown :-1 s=HELLO_CONNECTING pgs=0 cs=0 l=1 rev1=1 crypto rx=0 tx=0 comp rx=0 tx=0).handle_hello peer v2:172.21.15.107:3300/0 says I am v2:172.21.15.107:33032/0 (socket says 172.21.15.107:33032)
2024-05-17T21:43:28.119 INFO:teuthology.orchestra.run.smithi107.stdout:/usr/bin/ceph: stderr
2024-05-17T21:43:27.208+0000 7f857659c700 1 -- 172.21.15.107:0/3577601250 learned_addr learned my addr 172.21.15.107:0/3577601250 (peer_addr_for_me v2:172.21.15.107:0/0)
2024-05-17T21:43:28.120 INFO:teuthology.orchestra.run.smithi107.stdout:/usr/bin/ceph: stderr
2024-05-17T21:43:27.208+0000 7f857659c700 1 -- 172.21.15.107:0/3577601250 --> [v2:172.21.15.107:3300/0,v1:172.21.15.107:6789/0] -- mon_subscribe({config=0+,monmap=0+}) v3 -- 0x7f85600094f0 con 0x7f8578076c30
2024-05-17T21:43:28.120 INFO:teuthology.orchestra.run.smithi107.stdout:/usr/bin/ceph: stderr
2024-05-17T21:43:27.209+0000 7f857659c700 1 --2- 172.21.15.107:0/3577601250 >> [v2:172.21.15.107:3300/0,v1:172.21.15.107:6789/0] conn(0x7f8578076c30 0x7f8578102d70 secure :-1 s=READY pgs=85 cs=0 l=1 rev1=1 crypto rx=0x7f85600094c0 tx=0x7f8560009250 comp rx=0 tx=0).ready entity=mon.0 client_cookie=0 server_cookie=0 in_seq=0 out_seq=0
2024-05-17T21:43:28.120 INFO:teuthology.orchestra.run.smithi107.stdout:/usr/bin/ceph: stderr
2024-05-17T21:43:27.209+0000 7f856effd700 1 -- 172.21.15.107:0/3577601250 <== mon.0 v2:172.21.15.107:3300/0 1 ==== mon_map magic: 0 v1 ==== 229+0+0 (secure 0 0 0) 0x7f8560010890 con 0x7f8578076c30
2024-05-17T21:43:28.120 INFO:teuthology.orchestra.run.smithi107.stdout:/usr/bin/ceph: stderr
2024-05-17T21:43:27.209+0000 7f857cc5d700 1 -- 172.21.15.107:0/3577601250 --> [v2:172.21.15.107:3300/0,v1:172.21.15.107:6789/0] -- mon_subscribe({mgrmap=0+}) v3 -- 0x7f8578101320 con 0x7f8578076c30
2024-05-17T21:43:28.120 INFO:teuthology.orchestra.run.smithi107.stdout:/usr/bin/ceph: stderr
2024-05-17T21:43:27.209+0000 7f856effd700 1 -- 172.21.15.107:0/3577601250 <== mon.0 v2:172.21.15.107:3300/0 2 ==== config(27 keys) v1 ==== 1109+0+0 (secure 0 0 0) 0x7f8560010ec0 con 0x7f8578076c30
2024-05-17T21:43:28.120 INFO:teuthology.orchestra.run.smithi107.stdout:/usr/bin/ceph: stderr
2024-05-17T21:43:27.209+0000 7f856effd700 1 -- 172.21.15.107:0/3577601250 <== mon.0 v2:172.21.15.107:3300/0 3 ==== mon_map magic: 0 v1 ==== 229+0+0 (secure 0 0 0) 0x7f85600243f0 con 0x7f8578076c30
2024-05-17T21:43:28.120 INFO:teuthology.orchestra.run.smithi107.stdout:/usr/bin/ceph: stderr
2024-05-17T21:43:27.209+0000 7f857cc5d700 1 -- 172.21.15.107:0/3577601250 --> [v2:172.21.15.107:3300/0,v1:172.21.15.107:6789/0] -- mon_subscribe({osdmap=0}) v3 -- 0x7f8578101810 con 0x7f8578076c30
2024-05-17T21:43:28.120 INFO:teuthology.orchestra.run.smithi107.stdout:/usr/bin/ceph: stderr
2024-05-17T21:43:27.210+0000 7f856effd700 1 -- 172.21.15.107:0/3577601250 <== mon.0 v2:172.21.15.107:3300/0 4 ==== mgrmap(e 12) v1 ==== 43389+0+0 (secure 0 0 0) 0x7f85600109f0 con 0x7f8578076c30
2024-05-17T21:43:28.120 INFO:teuthology.orchestra.run.smithi107.stdout:/usr/bin/ceph: stderr
2024-05-17T21:43:27.210+0000 7f857cc5d700 1 -- 172.21.15.107:0/3577601250 --> [v2:172.21.15.107:3300/0,v1:172.21.15.107:6789/0] -- mon_command({"prefix": "get_command_descriptions"} v 0) v1 -- 0x7f857804bed0 con 0x7f8578076c30
2024-05-17T21:43:28.120 INFO:teuthology.orchestra.run.smithi107.stdout:/usr/bin/ceph: stderr
2024-05-17T21:43:27.210+0000 7f856effd700 1 --2- 172.21.15.107:0/3577601250 >> [v2:172.21.15.107:6800/3405524625,v1:172.21.15.107:6801/3405524625] conn(0x7f85640368a0 0x7f8564038d50 unknown :-1 s=NONE pgs=0 cs=0 l=1 rev1=0 crypto rx=0 tx=0 comp rx=0 tx=0).connect
2024-05-17T21:43:28.120 INFO:teuthology.orchestra.run.smithi107.stdout:/usr/bin/ceph: stderr
2024-05-17T21:43:27.210+0000 7f856effd700 1 -- 172.21.15.107:0/3577601250 <== mon.0 v2:172.21.15.107:3300/0 5 ==== osd_map(3..3 src has 1..3) v4 ==== 1151+0+0 (secure 0 0 0) 0x7f856004a400 con 0x7f8578076c30
2024-05-17T21:43:28.120 INFO:teuthology.orchestra.run.smithi107.stdout:/usr/bin/ceph: stderr
2024-05-17T21:43:27.210+0000 7f8575d9b700 1 --2- 172.21.15.107:0/3577601250 >> [v2:172.21.15.107:6800/3405524625,v1:172.21.15.107:6801/3405524625] conn(0x7f85640368a0 0x7f8564038d50 unknown :-1 s=BANNER_CONNECTING pgs=0 cs=0 l=1 rev1=0 crypto rx=0 tx=0 comp rx=0 tx=0)._handle_peer_banner_payload supported=3 required=0
2024-05-17T21:43:28.120 INFO:teuthology.orchestra.run.smithi107.stdout:/usr/bin/ceph: stderr
2024-05-17T21:43:27.211+0000 7f8575d9b700 1 --2- 172.21.15.107:0/3577601250 >> [v2:172.21.15.107:6800/3405524625,v1:172.21.15.107:6801/3405524625] conn(0x7f85640368a0 0x7f8564038d50 secure :-1 s=READY pgs=9 cs=0 l=1 rev1=1 crypto rx=0x7f8568009990 tx=0x7f8568006e40 comp rx=0 tx=0).ready entity=mgr.14162 client_cookie=0 server_cookie=0 in_seq=0 out_seq=0
2024-05-17T21:43:28.120 INFO:teuthology.orchestra.run.smithi107.stdout:/usr/bin/ceph: stderr
2024-05-17T21:43:27.216+0000 7f856effd700 1 -- 172.21.15.107:0/3577601250 <== mon.0 v2:172.21.15.107:3300/0 6 ==== mon_command_ack([{"prefix": "get_command_descriptions"}]=0 v0) v1 ==== 72+0+176702 (secure 0 0 0) 0x7f856002b760 con 0x7f8578076c30
2024-05-17T21:43:28.121 INFO:teuthology.orchestra.run.smithi107.stdout:/usr/bin/ceph: stderr
2024-05-17T21:43:27.407+0000 7f857cc5d700 1 -- 172.21.15.107:0/3577601250 --> [v2:172.21.15.107:3300/0,v1:172.21.15.107:6789/0] -- mon_command({"prefix": "config get", "who": "mgr", "key": "mgr/dashboard/ssl_server_port"} v 0) v1 -- 0x7f8578106830 con 0x7f8578076c30
2024-05-17T21:43:28.121 INFO:teuthology.orchestra.run.smithi107.stdout:/usr/bin/ceph: stderr
2024-05-17T21:43:27.407+0000 7f856effd700 1 -- 172.21.15.107:0/3577601250 <== mon.0 v2:172.21.15.107:3300/0 7 ==== mon_command_ack([{"prefix": "config get", "who": "mgr", "key": "mgr/dashboard/ssl_server_port"}]=0 v8) v1 ==== 112+0+5 (secure 0 0 0) 0x7f856002ce20 con 0x7f8578076c30
2024-05-17T21:43:28.121 INFO:teuthology.orchestra.run.smithi107.stdout:/usr/bin/ceph: stderr
2024-05-17T21:43:27.409+0000 7f857cc5d700 1 -- 172.21.15.107:0/3577601250 >> [v2:172.21.15.107:6800/3405524625,v1:172.21.15.107:6801/3405524625] conn(0x7f85640368a0 msgr2=0x7f8564038d50 secure :-1 s=STATE_CONNECTION_ESTABLISHED l=1).mark_down
2024-05-17T21:43:28.121 INFO:teuthology.orchestra.run.smithi107.stdout:/usr/bin/ceph: stderr
2024-05-17T21:43:27.409+0000 7f857cc5d700 1 --2- 172.21.15.107:0/3577601250 >> [v2:172.21.15.107:6800/3405524625,v1:172.21.15.107:6801/3405524625] conn(0x7f85640368a0 0x7f8564038d50 secure :-1 s=READY pgs=9 cs=0 l=1 rev1=1 crypto rx=0x7f8568009990 tx=0x7f8568006e40 comp rx=0 tx=0).stop
2024-05-17T21:43:28.121 INFO:teuthology.orchestra.run.smithi107.stdout:/usr/bin/ceph: stderr
2024-05-17T21:43:27.409+0000 7f857cc5d700 1 -- 172.21.15.107:0/3577601250 >> [v2:172.21.15.107:3300/0,v1:172.21.15.107:6789/0] conn(0x7f8578076c30 msgr2=0x7f8578102d70 secure :-1 s=STATE_CONNECTION_ESTABLISHED l=1).mark_down
2024-05-17T21:43:28.121 INFO:teuthology.orchestra.run.smithi107.stdout:/usr/bin/ceph: stderr
2024-05-17T21:43:27.409+0000 7f857cc5d700 1 --2- 172.21.15.107:0/3577601250 >> [v2:172.21.15.107:3300/0,v1:172.21.15.107:6789/0] conn(0x7f8578076c30 0x7f8578102d70 secure :-1 s=READY pgs=85 cs=0 l=1 rev1=1 crypto rx=0x7f85600094c0 tx=0x7f8560009250 comp rx=0 tx=0).stop
2024-05-17T21:43:28.121 INFO:teuthology.orchestra.run.smithi107.stdout:/usr/bin/ceph: stderr
2024-05-17T21:43:27.409+0000 7f857cc5d700 1 -- 172.21.15.107:0/3577601250 shutdown_connections
2024-05-17T21:43:28.121 INFO:teuthology.orchestra.run.smithi107.stdout:/usr/bin/ceph: stderr
2024-05-17T21:43:27.409+0000 7f857cc5d700 1 --2- 172.21.15.107:0/3577601250 >> [v2:172.21.15.107:6800/3405524625,v1:172.21.15.107:6801/3405524625] conn(0x7f85640368a0 0x7f8564038d50 unknown :-1 s=CLOSED pgs=9 cs=0 l=1 rev1=1 crypto rx=0 tx=0 comp rx=0 tx=0).stop
2024-05-17T21:43:28.121 INFO:teuthology.orchestra.run.smithi107.stdout:/usr/bin/ceph: stderr
2024-05-17T21:43:27.409+0000 7f857cc5d700 1 --2- 172.21.15.107:0/3577601250 >> [v2:172.21.15.107:3300/0,v1:172.21.15.107:6789/0] conn(0x7f8578076c30 0x7f8578102d70 unknown :-1 s=CLOSED pgs=85 cs=0 l=1 rev1=1 crypto rx=0 tx=0 comp rx=0 tx=0).stop
2024-05-17T21:43:28.121 INFO:teuthology.orchestra.run.smithi107.stdout:/usr/bin/ceph: stderr
2024-05-17T21:43:27.409+0000 7f857cc5d700 1 -- 172.21.15.107:0/3577601250 >> 172.21.15.107:0/3577601250 conn(0x7f85780fcef0 msgr2=0x7f85780fd9a0 unknown :-1 s=STATE_NONE l=0).mark_down
2024-05-17T21:43:28.121 INFO:teuthology.orchestra.run.smithi107.stdout:/usr/bin/ceph: stderr
2024-05-17T21:43:27.409+0000 7f857cc5d700 1 -- 172.21.15.107:0/3577601250 shutdown_connections
2024-05-17T21:43:28.121 INFO:teuthology.orchestra.run.smithi107.stdout:/usr/bin/ceph: stderr
2024-05-17T21:43:27.409+0000 7f857cc5d700 1 -- 172.21.15.107:0/3577601250 wait complete.
2024-05-17T21:43:28.125 INFO:teuthology.orchestra.run.smithi107.stdout:Non-zero exit code 1 from systemctl is-enabled firewalld.service
2024-05-17T21:43:28.125 INFO:teuthology.orchestra.run.smithi107.stdout:systemctl: stdout disabled
2024-05-17T21:43:28.133 INFO:teuthology.orchestra.run.smithi107.stdout:Non-zero exit code 3 from systemctl is-active firewalld.service
