2024-05-17T21:43:07.870 INFO:teuthology.orchestra.run.smithi107.stdout:/usr/bin/ceph: stderr
2024-05-17T21:43:06.634+0000 7f5412ffd700 1 -- 172.21.15.107:0/2736698805 <== mon.0 v2:172.21.15.107:3300/0 1 ==== mon_map magic: 0 v1 ==== 229+0+0 (secure 0 0 0) 0x7f54180092e0 con 0x7f541c102810
2024-05-17T21:43:07.870 INFO:teuthology.orchestra.run.smithi107.stdout:/usr/bin/ceph: stderr
2024-05-17T21:43:06.634+0000 7f5412ffd700 1 -- 172.21.15.107:0/2736698805 <== mon.0 v2:172.21.15.107:3300/0 2 ==== config(27 keys) v1 ==== 1109+0+0 (secure 0 0 0) 0x7f5418007d30 con 0x7f541c102810
2024-05-17T21:43:07.870 INFO:teuthology.orchestra.run.smithi107.stdout:/usr/bin/ceph: stderr
2024-05-17T21:43:06.634+0000 7f54245b1700 1 -- 172.21.15.107:0/2736698805 --> [v2:172.21.15.107:3300/0,v1:172.21.15.107:6789/0] -- mon_subscribe({mgrmap=0+}) v3 -- 0x7f541c111e20 con 0x7f541c102810
2024-05-17T21:43:07.870 INFO:teuthology.orchestra.run.smithi107.stdout:/usr/bin/ceph: stderr
2024-05-17T21:43:06.634+0000 7f5412ffd700 1 -- 172.21.15.107:0/2736698805 <== mon.0 v2:172.21.15.107:3300/0 3 ==== mon_map magic: 0 v1 ==== 229+0+0 (secure 0 0 0) 0x7f5418025880 con 0x7f541c102810
2024-05-17T21:43:07.870 INFO:teuthology.orchestra.run.smithi107.stdout:/usr/bin/ceph: stderr
2024-05-17T21:43:06.634+0000 7f54245b1700 1 -- 172.21.15.107:0/2736698805 --> [v2:172.21.15.107:3300/0,v1:172.21.15.107:6789/0] -- mon_subscribe({osdmap=0}) v3 -- 0x7f541c112990 con 0x7f541c102810
2024-05-17T21:43:07.871 INFO:teuthology.orchestra.run.smithi107.stdout:/usr/bin/ceph: stderr
2024-05-17T21:43:06.635+0000 7f5412ffd700 1 -- 172.21.15.107:0/2736698805 <== mon.0 v2:172.21.15.107:3300/0 4 ==== mgrmap(e 8) v1 ==== 43376+0+0 (secure 0 0 0) 0x7f5418019050 con 0x7f541c102810
2024-05-17T21:43:07.871 INFO:teuthology.orchestra.run.smithi107.stdout:/usr/bin/ceph: stderr
2024-05-17T21:43:06.635+0000 7f54245b1700 1 -- 172.21.15.107:0/2736698805 --> [v2:172.21.15.107:3300/0,v1:172.21.15.107:6789/0] -- mon_command({"prefix": "get_command_descriptions"} v 0) v1 -- 0x7f541c05f5c0 con 0x7f541c102810
2024-05-17T21:43:07.871 INFO:teuthology.orchestra.run.smithi107.stdout:/usr/bin/ceph: stderr
2024-05-17T21:43:06.635+0000 7f5412ffd700 1 --2- 172.21.15.107:0/2736698805 >> [v2:172.21.15.107:6800/1718632476,v1:172.21.15.107:6801/1718632476] conn(0x7f5408036850 0x7f5408038d00 unknown :-1 s=NONE pgs=0 cs=0 l=1 rev1=0 crypto rx=0 tx=0 comp rx=0 tx=0).connect
2024-05-17T21:43:07.871 INFO:teuthology.orchestra.run.smithi107.stdout:/usr/bin/ceph: stderr
2024-05-17T21:43:06.635+0000 7f5412ffd700 1 -- 172.21.15.107:0/2736698805 <== mon.0 v2:172.21.15.107:3300/0 5 ==== osd_map(2..2 src has 1..2) v4 ==== 936+0+0 (secure 0 0 0) 0x7f541804a230 con 0x7f541c102810
2024-05-17T21:43:07.871 INFO:teuthology.orchestra.run.smithi107.stdout:/usr/bin/ceph: stderr
2024-05-17T21:43:06.636+0000 7f5421b4c700 1 --2- 172.21.15.107:0/2736698805 >> [v2:172.21.15.107:6800/1718632476,v1:172.21.15.107:6801/1718632476] conn(0x7f5408036850 0x7f5408038d00 unknown :-1 s=BANNER_CONNECTING pgs=0 cs=0 l=1 rev1=0 crypto rx=0 tx=0 comp rx=0 tx=0)._handle_peer_banner_payload supported=3 required=0
2024-05-17T21:43:07.871 INFO:teuthology.orchestra.run.smithi107.stdout:/usr/bin/ceph: stderr
2024-05-17T21:43:06.636+0000 7f5421b4c700 1 --2- 172.21.15.107:0/2736698805 >> [v2:172.21.15.107:6800/1718632476,v1:172.21.15.107:6801/1718632476] conn(0x7f5408036850 0x7f5408038d00 secure :-1 s=READY pgs=15 cs=0 l=1 rev1=1 crypto rx=0x7f540c009990 tx=0x7f540c006e40 comp rx=0 tx=0).ready entity=mgr.14120 client_cookie=0 server_cookie=0 in_seq=0 out_seq=0
2024-05-17T21:43:07.871 INFO:teuthology.orchestra.run.smithi107.stdout:/usr/bin/ceph: stderr
2024-05-17T21:43:06.640+0000 7f5412ffd700 1 -- 172.21.15.107:0/2736698805 <== mon.0 v2:172.21.15.107:3300/0 6 ==== mon_command_ack([{"prefix": "get_command_descriptions"}]=0 v0) v1 ==== 72+0+176702 (secure 0 0 0) 0x7f541802d350 con 0x7f541c102810
2024-05-17T21:43:07.871 INFO:teuthology.orchestra.run.smithi107.stdout:/usr/bin/ceph: stderr
2024-05-17T21:43:06.848+0000 7f54245b1700 1 -- 172.21.15.107:0/2736698805 --> [v2:172.21.15.107:6800/1718632476,v1:172.21.15.107:6801/1718632476] -- mgr_command(tid 0: {"prefix": "orch apply", "service_type": "prometheus", "target": ["mon-mgr", ""]}) v1 -- 0x7f541c0ff270 con 0x7f5408036850
2024-05-17T21:43:07.871 INFO:teuthology.orchestra.run.smithi107.stdout:/usr/bin/ceph: stderr
2024-05-17T21:43:06.853+0000 7f5412ffd700 1 -- 172.21.15.107:0/2736698805 <== mgr.14120 v2:172.21.15.107:6800/1718632476 1 ==== mgr_command_reply(tid 0: 0 ) v1 ==== 8+0+31 (secure 0 0 0) 0x7f541c0ff270 con 0x7f5408036850
2024-05-17T21:43:07.871 INFO:teuthology.orchestra.run.smithi107.stdout:/usr/bin/ceph: stderr
2024-05-17T21:43:06.855+0000 7f54245b1700 1 -- 172.21.15.107:0/2736698805 >> [v2:172.21.15.107:6800/1718632476,v1:172.21.15.107:6801/1718632476] conn(0x7f5408036850 msgr2=0x7f5408038d00 secure :-1 s=STATE_CONNECTION_ESTABLISHED l=1).mark_down
2024-05-17T21:43:07.871 INFO:teuthology.orchestra.run.smithi107.stdout:/usr/bin/ceph: stderr
2024-05-17T21:43:06.855+0000 7f54245b1700 1 --2- 172.21.15.107:0/2736698805 >> [v2:172.21.15.107:6800/1718632476,v1:172.21.15.107:6801/1718632476] conn(0x7f5408036850 0x7f5408038d00 secure :-1 s=READY pgs=15 cs=0 l=1 rev1=1 crypto rx=0x7f540c009990 tx=0x7f540c006e40 comp rx=0 tx=0).stop
2024-05-17T21:43:07.871 INFO:teuthology.orchestra.run.smithi107.stdout:/usr/bin/ceph: stderr
2024-05-17T21:43:06.855+0000 7f54245b1700 1 -- 172.21.15.107:0/2736698805 >> [v2:172.21.15.107:3300/0,v1:172.21.15.107:6789/0] conn(0x7f541c102810 msgr2=0x7f541c1116e0 secure :-1 s=STATE_CONNECTION_ESTABLISHED l=1).mark_down
2024-05-17T21:43:07.872 INFO:teuthology.orchestra.run.smithi107.stdout:/usr/bin/ceph: stderr
2024-05-17T21:43:06.855+0000 7f54245b1700 1 --2- 172.21.15.107:0/2736698805 >> [v2:172.21.15.107:3300/0,v1:172.21.15.107:6789/0] conn(0x7f541c102810 0x7f541c1116e0 secure :-1 s=READY pgs=54 cs=0 l=1 rev1=1 crypto rx=0x7f5418012de0 tx=0x7f5418009840 comp rx=0 tx=0).stop
2024-05-17T21:43:07.872 INFO:teuthology.orchestra.run.smithi107.stdout:/usr/bin/ceph: stderr
2024-05-17T21:43:06.855+0000 7f54245b1700 1 -- 172.21.15.107:0/2736698805 shutdown_connections
2024-05-17T21:43:07.872 INFO:teuthology.orchestra.run.smithi107.stdout:/usr/bin/ceph: stderr
2024-05-17T21:43:06.855+0000 7f54245b1700 1 --2- 172.21.15.107:0/2736698805 >> [v2:172.21.15.107:6800/1718632476,v1:172.21.15.107:6801/1718632476] conn(0x7f5408036850 0x7f5408038d00 unknown :-1 s=CLOSED pgs=15 cs=0 l=1 rev1=1 crypto rx=0 tx=0 comp rx=0 tx=0).stop
2024-05-17T21:43:07.872 INFO:teuthology.orchestra.run.smithi107.stdout:/usr/bin/ceph: stderr
2024-05-17T21:43:06.855+0000 7f54245b1700 1 --2- 172.21.15.107:0/2736698805 >> [v2:172.21.15.107:3300/0,v1:172.21.15.107:6789/0] conn(0x7f541c102810 0x7f541c1116e0 unknown :-1 s=CLOSED pgs=54 cs=0 l=1 rev1=1 crypto rx=0 tx=0 comp rx=0 tx=0).stop
2024-05-17T21:43:07.872 INFO:teuthology.orchestra.run.smithi107.stdout:/usr/bin/ceph: stderr
2024-05-17T21:43:06.855+0000 7f54245b1700 1 -- 172.21.15.107:0/2736698805 >> 172.21.15.107:0/2736698805 conn(0x7f541c0fdfd0 msgr2=0x7f541c0feb40 unknown :-1 s=STATE_NONE l=0).mark_down
2024-05-17T21:43:07.872 INFO:teuthology.orchestra.run.smithi107.stdout:/usr/bin/ceph: stderr
2024-05-17T21:43:06.855+0000 7f54245b1700 1 -- 172.21.15.107:0/2736698805 shutdown_connections
2024-05-17T21:43:07.872 INFO:teuthology.orchestra.run.smithi107.stdout:/usr/bin/ceph: stderr
2024-05-17T21:43:06.855+0000 7f54245b1700 1 -- 172.21.15.107:0/2736698805 wait complete.
2024-05-17T21:43:07.872 INFO:teuthology.orchestra.run.smithi107.stdout:Deploying grafana service with default placement...
2024-05-17T21:43:09.015 INFO:teuthology.orchestra.run.smithi107.stdout:/usr/bin/ceph: stdout Scheduled grafana update...
2024-05-17T21:43:09.015 INFO:teuthology.orchestra.run.smithi107.stdout:/usr/bin/ceph: stderr
2024-05-17T21:43:08.251+0000 7f1e46747700 1 Processor -- start
2024-05-17T21:43:09.015 INFO:teuthology.orchestra.run.smithi107.stdout:/usr/bin/ceph: stderr
2024-05-17T21:43:08.251+0000 7f1e46747700 1 -- start start
2024-05-17T21:43:09.016 INFO:teuthology.orchestra.run.smithi107.stdout:/usr/bin/ceph: stderr
2024-05-17T21:43:08.251+0000 7f1e46747700 1 --2- >> [v2:172.21.15.107:3300/0,v1:172.21.15.107:6789/0] conn(0x7f1e40102810 0x7f1e40102c20 unknown :-1 s=NONE pgs=0 cs=0 l=0 rev1=0 crypto rx=0 tx=0 comp rx=0 tx=0).connect
2024-05-17T21:43:09.016 INFO:teuthology.orchestra.run.smithi107.stdout:/usr/bin/ceph: stderr
2024-05-17T21:43:08.251+0000 7f1e46747700 1 -- --> [v2:172.21.15.107:3300/0,v1:172.21.15.107:6789/0] -- mon_getmap magic: 0 v1 -- 0x7f1e40103160 con 0x7f1e40102810
2024-05-17T21:43:09.016 INFO:teuthology.orchestra.run.smithi107.stdout:/usr/bin/ceph: stderr
2024-05-17T21:43:08.252+0000 7f1e3ffff700 1 --2- >> [v2:172.21.15.107:3300/0,v1:172.21.15.107:6789/0] conn(0x7f1e40102810 0x7f1e40102c20 unknown :-1 s=BANNER_CONNECTING pgs=0 cs=0 l=0 rev1=0 crypto rx=0 tx=0 comp rx=0 tx=0)._handle_peer_banner_payload supported=3 required=0
2024-05-17T21:43:09.016 INFO:teuthology.orchestra.run.smithi107.stdout:/usr/bin/ceph: stderr
2024-05-17T21:43:08.252+0000 7f1e3ffff700 1 --2- >> [v2:172.21.15.107:3300/0,v1:172.21.15.107:6789/0] conn(0x7f1e40102810 0x7f1e40102c20 unknown :-1 s=HELLO_CONNECTING pgs=0 cs=0 l=0 rev1=1 crypto rx=0 tx=0 comp rx=0 tx=0).handle_hello peer v2:172.21.15.107:3300/0 says I am v2:172.21.15.107:54302/0 (socket says 172.21.15.107:54302)
2024-05-17T21:43:09.016 INFO:teuthology.orchestra.run.smithi107.stdout:/usr/bin/ceph: stderr
2024-05-17T21:43:08.252+0000 7f1e3ffff700 1 -- 172.21.15.107:0/1262620363 learned_addr learned my addr 172.21.15.107:0/1262620363 (peer_addr_for_me v2:172.21.15.107:0/0)
2024-05-17T21:43:09.016 INFO:teuthology.orchestra.run.smithi107.stdout:/usr/bin/ceph: stderr
2024-05-17T21:43:08.252+0000 7f1e3ffff700 1 -- 172.21.15.107:0/1262620363 --> [v2:172.21.15.107:3300/0,v1:172.21.15.107:6789/0] -- mon_subscribe({config=0+,monmap=0+}) v3 -- 0x7f1e401032a0 con 0x7f1e40102810
2024-05-17T21:43:09.016 INFO:teuthology.orchestra.run.smithi107.stdout:/usr/bin/ceph: stderr
2024-05-17T21:43:08.252+0000 7f1e3ffff700 1 --2- 172.21.15.107:0/1262620363 >> [v2:172.21.15.107:3300/0,v1:172.21.15.107:6789/0] conn(0x7f1e40102810 0x7f1e40102c20 secure :-1 s=READY pgs=55 cs=0 l=1 rev1=1 crypto rx=0x7f1e280098e0 tx=0x7f1e28009250 comp rx=0 tx=0).ready entity=mon.0 client_cookie=35740402d1976bff server_cookie=0 in_seq=0 out_seq=0
2024-05-17T21:43:09.016 INFO:teuthology.orchestra.run.smithi107.stdout:/usr/bin/ceph: stderr
2024-05-17T21:43:08.252+0000 7f1e3effd700 1 -- 172.21.15.107:0/1262620363 <== mon.0 v2:172.21.15.107:3300/0 1 ==== mon_map magic: 0 v1 ==== 229+0+0 (secure 0 0 0) 0x7f1e2800b860 con 0x7f1e40102810
2024-05-17T21:43:09.016 INFO:teuthology.orchestra.run.smithi107.stdout:/usr/bin/ceph: stderr
2024-05-17T21:43:08.252+0000 7f1e3effd700 1 -- 172.21.15.107:0/1262620363 <== mon.0 v2:172.21.15.107:3300/0 2 ==== config(27 keys) v1 ==== 1109+0+0 (secure 0 0 0) 0x7f1e2800be90 con 0x7f1e40102810
2024-05-17T21:43:09.016 INFO:teuthology.orchestra.run.smithi107.stdout:/usr/bin/ceph: stderr
2024-05-17T21:43:08.252+0000 7f1e3effd700 1 -- 172.21.15.107:0/1262620363 <== mon.0 v2:172.21.15.107:3300/0 3 ==== mon_map magic: 0 v1 ==== 229+0+0 (secure 0 0 0) 0x7f1e280103c0 con 0x7f1e40102810
2024-05-17T21:43:09.016 INFO:teuthology.orchestra.run.smithi107.stdout:/usr/bin/ceph: stderr
2024-05-17T21:43:08.253+0000 7f1e46747700 1 -- 172.21.15.107:0/1262620363 >> [v2:172.21.15.107:3300/0,v1:172.21.15.107:6789/0] conn(0x7f1e40102810 msgr2=0x7f1e40102c20 secure :-1 s=STATE_CONNECTION_ESTABLISHED l=1).mark_down
2024-05-17T21:43:09.016 INFO:teuthology.orchestra.run.smithi107.stdout:/usr/bin/ceph: stderr
2024-05-17T21:43:08.253+0000 7f1e46747700 1 --2- 172.21.15.107:0/1262620363 >> [v2:172.21.15.107:3300/0,v1:172.21.15.107:6789/0] conn(0x7f1e40102810 0x7f1e40102c20 secure :-1 s=READY pgs=55 cs=0 l=1 rev1=1 crypto rx=0x7f1e280098e0 tx=0x7f1e28009250 comp rx=0 tx=0).stop
2024-05-17T21:43:09.016 INFO:teuthology.orchestra.run.smithi107.stdout:/usr/bin/ceph: stderr
2024-05-17T21:43:08.253+0000 7f1e46747700 1 -- 172.21.15.107:0/1262620363 shutdown_connections
2024-05-17T21:43:09.016 INFO:teuthology.orchestra.run.smithi107.stdout:/usr/bin/ceph: stderr
2024-05-17T21:43:08.253+0000 7f1e46747700 1 --2- 172.21.15.107:0/1262620363 >> [v2:172.21.15.107:3300/0,v1:172.21.15.107:6789/0] conn(0x7f1e40102810 0x7f1e40102c20 unknown :-1 s=CLOSED pgs=55 cs=0 l=1 rev1=1 crypto rx=0 tx=0 comp rx=0 tx=0).stop
2024-05-17T21:43:09.017 INFO:teuthology.orchestra.run.smithi107.stdout:/usr/bin/ceph: stderr
2024-05-17T21:43:08.253+0000 7f1e46747700 1 -- 172.21.15.107:0/1262620363 >> 172.21.15.107:0/1262620363 conn(0x7f1e400fdfd0 msgr2=0x7f1e401003e0 unknown :-1 s=STATE_NONE l=0).mark_down
2024-05-17T21:43:09.017 INFO:teuthology.orchestra.run.smithi107.stdout:/usr/bin/ceph: stderr
2024-05-17T21:43:08.253+0000 7f1e46747700 1 -- 172.21.15.107:0/1262620363 shutdown_connections
2024-05-17T21:43:09.017 INFO:teuthology.orchestra.run.smithi107.stdout:/usr/bin/ceph: stderr
2024-05-17T21:43:08.253+0000 7f1e46747700 1 -- 172.21.15.107:0/1262620363 wait complete.
2024-05-17T21:43:09.017 INFO:teuthology.orchestra.run.smithi107.stdout:/usr/bin/ceph: stderr
2024-05-17T21:43:08.253+0000 7f1e46747700 1 Processor -- start
2024-05-17T21:43:09.017 INFO:teuthology.orchestra.run.smithi107.stdout:/usr/bin/ceph: stderr
2024-05-17T21:43:08.254+0000 7f1e46747700 1 -- start start
2024-05-17T21:43:09.017 INFO:teuthology.orchestra.run.smithi107.stdout:/usr/bin/ceph: stderr
2024-05-17T21:43:08.254+0000 7f1e46747700 1 --2- >> [v2:172.21.15.107:3300/0,v1:172.21.15.107:6789/0] conn(0x7f1e40102810 0x7f1e401116c0 unknown :-1 s=NONE pgs=0 cs=0 l=1 rev1=0 crypto rx=0 tx=0 comp rx=0 tx=0).connect
2024-05-17T21:43:09.017 INFO:teuthology.orchestra.run.smithi107.stdout:/usr/bin/ceph: stderr
2024-05-17T21:43:08.254+0000 7f1e46747700 1 -- --> [v2:172.21.15.107:3300/0,v1:172.21.15.107:6789/0] -- mon_getmap magic: 0 v1 -- 0x7f1e40111c00 con 0x7f1e40102810
2024-05-17T21:43:09.017 INFO:teuthology.orchestra.run.smithi107.stdout:/usr/bin/ceph: stderr
2024-05-17T21:43:08.254+0000 7f1e3ffff700 1 --2- >> [v2:172.21.15.107:3300/0,v1:172.21.15.107:6789/0] conn(0x7f1e40102810 0x7f1e401116c0 unknown :-1 s=BANNER_CONNECTING pgs=0 cs=0 l=1 rev1=0 crypto rx=0 tx=0 comp rx=0 tx=0)._handle_peer_banner_payload supported=3 required=0
2024-05-17T21:43:09.017 INFO:teuthology.orchestra.run.smithi107.stdout:/usr/bin/ceph: stderr
2024-05-17T21:43:08.254+0000 7f1e3ffff700 1 --2- >> [v2:172.21.15.107:3300/0,v1:172.21.15.107:6789/0] conn(0x7f1e40102810 0x7f1e401116c0 unknown :-1 s=HELLO_CONNECTING pgs=0 cs=0 l=1 rev1=1 crypto rx=0 tx=0 comp rx=0 tx=0).handle_hello peer v2:172.21.15.107:3300/0 says I am v2:172.21.15.107:54306/0 (socket says 172.21.15.107:54306)
2024-05-17T21:43:09.017 INFO:teuthology.orchestra.run.smithi107.stdout:/usr/bin/ceph: stderr
2024-05-17T21:43:08.254+0000 7f1e3ffff700 1 -- 172.21.15.107:0/3566955056 learned_addr learned my addr 172.21.15.107:0/3566955056 (peer_addr_for_me v2:172.21.15.107:0/0)
2024-05-17T21:43:09.017 INFO:teuthology.orchestra.run.smithi107.stdout:/usr/bin/ceph: stderr
2024-05-17T21:43:08.254+0000 7f1e3ffff700 1 -- 172.21.15.107:0/3566955056 --> [v2:172.21.15.107:3300/0,v1:172.21.15.107:6789/0] -- mon_subscribe({config=0+,monmap=0+}) v3 -- 0x7f1e280094f0 con 0x7f1e40102810
2024-05-17T21:43:09.017 INFO:teuthology.orchestra.run.smithi107.stdout:/usr/bin/ceph: stderr
2024-05-17T21:43:08.254+0000 7f1e3ffff700 1 --2- 172.21.15.107:0/3566955056 >> [v2:172.21.15.107:3300/0,v1:172.21.15.107:6789/0] conn(0x7f1e40102810 0x7f1e401116c0 secure :-1 s=READY pgs=56 cs=0 l=1 rev1=1 crypto rx=0x7f1e28011c10 tx=0x7f1e28009250 comp rx=0 tx=0).ready entity=mon.0 client_cookie=0 server_cookie=0 in_seq=0 out_seq=0
2024-05-17T21:43:09.017 INFO:teuthology.orchestra.run.smithi107.stdout:/usr/bin/ceph: stderr
2024-05-17T21:43:08.254+0000 7f1e3cff9700 1 -- 172.21.15.107:0/3566955056 <== mon.0 v2:172.21.15.107:3300/0 1 ==== mon_map magic: 0 v1 ==== 229+0+0 (secure 0 0 0) 0x7f1e28010890 con 0x7f1e40102810
2024-05-17T21:43:09.017 INFO:teuthology.orchestra.run.smithi107.stdout:/usr/bin/ceph: stderr
2024-05-17T21:43:08.254+0000 7f1e46747700 1 -- 172.21.15.107:0/3566955056 --> [v2:172.21.15.107:3300/0,v1:172.21.15.107:6789/0] -- mon_subscribe({mgrmap=0+}) v3 -- 0x7f1e40111e00 con 0x7f1e40102810
2024-05-17T21:43:09.018 INFO:teuthology.orchestra.run.smithi107.stdout:/usr/bin/ceph: stderr
2024-05-17T21:43:08.254+0000 7f1e3cff9700 1 -- 172.21.15.107:0/3566955056 <== mon.0 v2:172.21.15.107:3300/0 2 ==== config(27 keys) v1 ==== 1109+0+0 (secure 0 0 0) 0x7f1e28010ec0 con 0x7f1e40102810
2024-05-17T21:43:09.018 INFO:teuthology.orchestra.run.smithi107.stdout:/usr/bin/ceph: stderr
2024-05-17T21:43:08.254+0000 7f1e3cff9700 1 -- 172.21.15.107:0/3566955056 <== mon.0 v2:172.21.15.107:3300/0 3 ==== mon_map magic: 0 v1 ==== 229+0+0 (secure 0 0 0) 0x7f1e280243f0 con 0x7f1e40102810
2024-05-17T21:43:09.018 INFO:teuthology.orchestra.run.smithi107.stdout:/usr/bin/ceph: stderr
2024-05-17T21:43:08.254+0000 7f1e46747700 1 -- 172.21.15.107:0/3566955056 --> [v2:172.21.15.107:3300/0,v1:172.21.15.107:6789/0] -- mon_subscribe({osdmap=0}) v3 -- 0x7f1e40112970 con 0x7f1e40102810
2024-05-17T21:43:09.018 INFO:teuthology.orchestra.run.smithi107.stdout:/usr/bin/ceph: stderr
2024-05-17T21:43:08.255+0000 7f1e3cff9700 1 -- 172.21.15.107:0/3566955056 <== mon.0 v2:172.21.15.107:3300/0 4 ==== mgrmap(e 8) v1 ==== 43376+0+0 (secure 0 0 0) 0x7f1e2802d3f0 con 0x7f1e40102810
2024-05-17T21:43:09.018 INFO:teuthology.orchestra.run.smithi107.stdout:/usr/bin/ceph: stderr
2024-05-17T21:43:08.255+0000 7f1e3cff9700 1 --2- 172.21.15.107:0/3566955056 >> [v2:172.21.15.107:6800/1718632476,v1:172.21.15.107:6801/1718632476] conn(0x7f1e2c036850 0x7f1e2c038d00 unknown :-1 s=NONE pgs=0 cs=0 l=1 rev1=0 crypto rx=0 tx=0 comp rx=0 tx=0).connect
2024-05-17T21:43:09.018 INFO:teuthology.orchestra.run.smithi107.stdout:/usr/bin/ceph: stderr
2024-05-17T21:43:08.255+0000 7f1e3cff9700 1 -- 172.21.15.107:0/3566955056 <== mon.0 v2:172.21.15.107:3300/0 5 ==== osd_map(2..2 src has 1..2) v4 ==== 936+0+0 (secure 0 0 0) 0x7f1e2804b400 con 0x7f1e40102810
2024-05-17T21:43:09.018 INFO:teuthology.orchestra.run.smithi107.stdout:/usr/bin/ceph: stderr
2024-05-17T21:43:08.255+0000 7f1e3f7fe700 1 --2- 172.21.15.107:0/3566955056 >> [v2:172.21.15.107:6800/1718632476,v1:172.21.15.107:6801/1718632476] conn(0x7f1e2c036850 0x7f1e2c038d00 unknown :-1 s=BANNER_CONNECTING pgs=0 cs=0 l=1 rev1=0 crypto rx=0 tx=0 comp rx=0 tx=0)._handle_peer_banner_payload supported=3 required=0
2024-05-17T21:43:09.018 INFO:teuthology.orchestra.run.smithi107.stdout:/usr/bin/ceph: stderr
2024-05-17T21:43:08.256+0000 7f1e46747700 1 -- 172.21.15.107:0/3566955056 --> [v2:172.21.15.107:3300/0,v1:172.21.15.107:6789/0] -- mon_command({"prefix": "get_command_descriptions"} v 0) v1 -- 0x7f1e4005f5c0 con 0x7f1e40102810
2024-05-17T21:43:09.018 INFO:teuthology.orchestra.run.smithi107.stdout:/usr/bin/ceph: stderr
2024-05-17T21:43:08.256+0000 7f1e3f7fe700 1 --2- 172.21.15.107:0/3566955056 >> [v2:172.21.15.107:6800/1718632476,v1:172.21.15.107:6801/1718632476] conn(0x7f1e2c036850 0x7f1e2c038d00 secure :-1 s=READY pgs=16 cs=0 l=1 rev1=1 crypto rx=0x7f1e30009990 tx=0x7f1e30006e40 comp rx=0 tx=0).ready entity=mgr.14120 client_cookie=0 server_cookie=0 in_seq=0 out_seq=0
2024-05-17T21:43:09.018 INFO:teuthology.orchestra.run.smithi107.stdout:/usr/bin/ceph: stderr
2024-05-17T21:43:08.260+0000 7f1e3cff9700 1 -- 172.21.15.107:0/3566955056 <== mon.0 v2:172.21.15.107:3300/0 6 ==== mon_command_ack([{"prefix": "get_command_descriptions"}]=0 v0) v1 ==== 72+0+176702 (secure 0 0 0) 0x7f1e2802b8e0 con 0x7f1e40102810
2024-05-17T21:43:09.018 INFO:teuthology.orchestra.run.smithi107.stdout:/usr/bin/ceph: stderr
2024-05-17T21:43:08.470+0000 7f1e46747700 1 -- 172.21.15.107:0/3566955056 --> [v2:172.21.15.107:6800/1718632476,v1:172.21.15.107:6801/1718632476] -- mgr_command(tid 0: {"prefix": "orch apply", "service_type": "grafana", "target": ["mon-mgr", ""]}) v1 -- 0x7f1e400ff230 con 0x7f1e2c036850
2024-05-17T21:43:09.018 INFO:teuthology.orchestra.run.smithi107.stdout:/usr/bin/ceph: stderr
2024-05-17T21:43:08.478+0000 7f1e3cff9700 1 -- 172.21.15.107:0/3566955056 <== mgr.14120 v2:172.21.15.107:6800/1718632476 1 ==== mgr_command_reply(tid 0: 0 ) v1 ==== 8+0+28 (secure 0 0 0) 0x7f1e400ff230 con 0x7f1e2c036850
2024-05-17T21:43:09.018 INFO:teuthology.orchestra.run.smithi107.stdout:/usr/bin/ceph: stderr
2024-05-17T21:43:08.480+0000 7f1e46747700 1 -- 172.21.15.107:0/3566955056 >> [v2:172.21.15.107:6800/1718632476,v1:172.21.15.107:6801/1718632476] conn(0x7f1e2c036850 msgr2=0x7f1e2c038d00 secure :-1 s=STATE_CONNECTION_ESTABLISHED l=1).mark_down
2024-05-17T21:43:09.018 INFO:teuthology.orchestra.run.smithi107.stdout:/usr/bin/ceph: stderr
2024-05-17T21:43:08.480+0000 7f1e46747700 1 --2- 172.21.15.107:0/3566955056 >> [v2:172.21.15.107:6800/1718632476,v1:172.21.15.107:6801/1718632476] conn(0x7f1e2c036850 0x7f1e2c038d00 secure :-1 s=READY pgs=16 cs=0 l=1 rev1=1 crypto rx=0x7f1e30009990 tx=0x7f1e30006e40 comp rx=0 tx=0).stop
2024-05-17T21:43:09.019 INFO:teuthology.orchestra.run.smithi107.stdout:/usr/bin/ceph: stderr
2024-05-17T21:43:08.480+0000 7f1e46747700 1 -- 172.21.15.107:0/3566955056 >> [v2:172.21.15.107:3300/0,v1:172.21.15.107:6789/0] conn(0x7f1e40102810 msgr2=0x7f1e401116c0 secure :-1 s=STATE_CONNECTION_ESTABLISHED l=1).mark_down
2024-05-17T21:43:09.019 INFO:teuthology.orchestra.run.smithi107.stdout:/usr/bin/ceph: stderr
2024-05-17T21:43:08.480+0000 7f1e46747700 1 --2- 172.21.15.107:0/3566955056 >> [v2:172.21.15.107:3300/0,v1:172.21.15.107:6789/0] conn(0x7f1e40102810 0x7f1e401116c0 secure :-1 s=READY pgs=56 cs=0 l=1 rev1=1 crypto rx=0x7f1e28011c10 tx=0x7f1e28009250 comp rx=0 tx=0).stop
2024-05-17T21:43:09.019 INFO:teuthology.orchestra.run.smithi107.stdout:/usr/bin/ceph: stderr
2024-05-17T21:43:08.480+0000 7f1e46747700 1 -- 172.21.15.107:0/3566955056 shutdown_connections
2024-05-17T21:43:09.019 INFO:teuthology.orchestra.run.smithi107.stdout:/usr/bin/ceph: stderr
2024-05-17T21:43:08.480+0000 7f1e46747700 1 --2- 172.21.15.107:0/3566955056 >> [v2:172.21.15.107:6800/1718632476,v1:172.21.15.107:6801/1718632476] conn(0x7f1e2c036850 0x7f1e2c038d00 unknown :-1 s=CLOSED pgs=16 cs=0 l=1 rev1=1 crypto rx=0 tx=0 comp rx=0 tx=0).stop
2024-05-17T21:43:09.019 INFO:teuthology.orchestra.run.smithi107.stdout:/usr/bin/ceph: stderr
2024-05-17T21:43:08.480+0000 7f1e46747700 1 --2- 172.21.15.107:0/3566955056 >> [v2:172.21.15.107:3300/0,v1:172.21.15.107:6789/0] conn(0x7f1e40102810 0x7f1e401116c0 unknown :-1 s=CLOSED pgs=56 cs=0 l=1 rev1=1 crypto rx=0 tx=0 comp rx=0 tx=0).stop
2024-05-17T21:43:09.019 INFO:teuthology.orchestra.run.smithi107.stdout:/usr/bin/ceph: stderr
2024-05-17T21:43:08.480+0000 7f1e46747700 1 -- 172.21.15.107:0/3566955056 >> 172.21.15.107:0/3566955056 conn(0x7f1e400fdfd0 msgr2=0x7f1e400feb20 unknown :-1 s=STATE_NONE l=0).mark_down
2024-05-17T21:43:09.019 INFO:teuthology.orchestra.run.smithi107.stdout:/usr/bin/ceph: stderr
2024-05-17T21:43:08.480+0000 7f1e46747700 1 -- 172.21.15.107:0/3566955056 shutdown_connections
2024-05-17T21:43:09.019 INFO:teuthology.orchestra.run.smithi107.stdout:/usr/bin/ceph: stderr
2024-05-17T21:43:08.480+0000 7f1e46747700 1 -- 172.21.15.107:0/3566955056 wait complete.
2024-05-17T21:43:09.019 INFO:teuthology.orchestra.run.smithi107.stdout:Deploying node-exporter service with default placement...
2024-05-17T21:43:09.604 INFO:journalctl@ceph.mon.smithi107.smithi107.stdout:May 17 21:43:09 smithi107 ceph-mon[28434]: from='mgr.14120 172.21.15.107:0/2711624202' entity='mgr.smithi107.xhhyiw'
2024-05-17T21:43:09.604 INFO:journalctl@ceph.mon.smithi107.smithi107.stdout:May 17 21:43:09 smithi107 ceph-mon[28434]: from='client.14150 -' entity='client.admin' cmd=[{"prefix": "orch apply", "service_type": "grafana", "target": ["mon-mgr", ""]}]: dispatch
2024-05-17T21:43:09.604 INFO:journalctl@ceph.mon.smithi107.smithi107.stdout:May 17 21:43:09 smithi107 ceph-mon[28434]: Saving service grafana spec with placement count:1
2024-05-17T21:43:09.604 INFO:journalctl@ceph.mon.smithi107.smithi107.stdout:May 17 21:43:09 smithi107 ceph-mon[28434]: from='mgr.14120 172.21.15.107:0/2711624202' entity='mgr.smithi107.xhhyiw'
2024-05-17T21:43:10.141 INFO:teuthology.orchestra.run.smithi107.stdout:/usr/bin/ceph: stdout Scheduled node-exporter update...
2024-05-17T21:43:10.141 INFO:teuthology.orchestra.run.smithi107.stdout:/usr/bin/ceph: stderr
2024-05-17T21:43:09.402+0000 7f967a11c700 1 Processor -- start
2024-05-17T21:43:10.141 INFO:teuthology.orchestra.run.smithi107.stdout:/usr/bin/ceph: stderr
2024-05-17T21:43:09.402+0000 7f967a11c700 1 -- start start
2024-05-17T21:43:10.141 INFO:teuthology.orchestra.run.smithi107.stdout:/usr/bin/ceph: stderr
2024-05-17T21:43:09.402+0000 7f967a11c700 1 --2- >> [v2:172.21.15.107:3300/0,v1:172.21.15.107:6789/0] conn(0x7f9674101750 0x7f9674101b60 unknown :-1 s=NONE pgs=0 cs=0 l=0 rev1=0 crypto rx=0 tx=0 comp rx=0 tx=0).connect
2024-05-17T21:43:10.141 INFO:teuthology.orchestra.run.smithi107.stdout:/usr/bin/ceph: stderr
2024-05-17T21:43:09.402+0000 7f967a11c700 1 -- --> [v2:172.21.15.107:3300/0,v1:172.21.15.107:6789/0] -- mon_getmap magic: 0 v1 -- 0x7f96741020a0 con 0x7f9674101750
2024-05-17T21:43:10.141 INFO:teuthology.orchestra.run.smithi107.stdout:/usr/bin/ceph: stderr
2024-05-17T21:43:09.403+0000 7f96737fe700 1 --2- >> [v2:172.21.15.107:3300/0,v1:172.21.15.107:6789/0] conn(0x7f9674101750 0x7f9674101b60 unknown :-1 s=BANNER_CONNECTING pgs=0 cs=0 l=0 rev1=0 crypto rx=0 tx=0 comp rx=0 tx=0)._handle_peer_banner_payload supported=3 required=0
2024-05-17T21:43:10.142 INFO:teuthology.orchestra.run.smithi107.stdout:/usr/bin/ceph: stderr
2024-05-17T21:43:09.403+0000 7f96737fe700 1 --2- >> [v2:172.21.15.107:3300/0,v1:172.21.15.107:6789/0] conn(0x7f9674101750 0x7f9674101b60 unknown :-1 s=HELLO_CONNECTING pgs=0 cs=0 l=0 rev1=1 crypto rx=0 tx=0 comp rx=0 tx=0).handle_hello peer v2:172.21.15.107:3300/0 says I am v2:172.21.15.107:54310/0 (socket says 172.21.15.107:54310)
2024-05-17T21:43:10.142 INFO:teuthology.orchestra.run.smithi107.stdout:/usr/bin/ceph: stderr
2024-05-17T21:43:09.403+0000 7f96737fe700 1 -- 172.21.15.107:0/1998984745 learned_addr learned my addr 172.21.15.107:0/1998984745 (peer_addr_for_me v2:172.21.15.107:0/0)
2024-05-17T21:43:10.142 INFO:teuthology.orchestra.run.smithi107.stdout:/usr/bin/ceph: stderr
2024-05-17T21:43:09.403+0000 7f96737fe700 1 -- 172.21.15.107:0/1998984745 --> [v2:172.21.15.107:3300/0,v1:172.21.15.107:6789/0] -- mon_subscribe({config=0+,monmap=0+}) v3 -- 0x7f96741021e0 con 0x7f9674101750
2024-05-17T21:43:10.142 INFO:teuthology.orchestra.run.smithi107.stdout:/usr/bin/ceph: stderr
2024-05-17T21:43:09.403+0000 7f96737fe700 1 --2- 172.21.15.107:0/1998984745 >> [v2:172.21.15.107:3300/0,v1:172.21.15.107:6789/0] conn(0x7f9674101750 0x7f9674101b60 secure :-1 s=READY pgs=57 cs=0 l=1 rev1=1 crypto rx=0x7f96640098e0 tx=0x7f9664009250 comp rx=0 tx=0).ready entity=mon.0 client_cookie=800a2648348837b1 server_cookie=0 in_seq=0 out_seq=0
2024-05-17T21:43:10.142 INFO:teuthology.orchestra.run.smithi107.stdout:/usr/bin/ceph: stderr
2024-05-17T21:43:09.403+0000 7f96727fc700 1 -- 172.21.15.107:0/1998984745 <== mon.0 v2:172.21.15.107:3300/0 1 ==== mon_map magic: 0 v1 ==== 229+0+0 (secure 0 0 0) 0x7f966400b860 con 0x7f9674101750
2024-05-17T21:43:10.142 INFO:teuthology.orchestra.run.smithi107.stdout:/usr/bin/ceph: stderr
2024-05-17T21:43:09.403+0000 7f96727fc700 1 -- 172.21.15.107:0/1998984745 <== mon.0 v2:172.21.15.107:3300/0 2 ==== config(27 keys) v1 ==== 1109+0+0 (secure 0 0 0) 0x7f966400be90 con 0x7f9674101750
2024-05-17T21:43:10.142 INFO:teuthology.orchestra.run.smithi107.stdout:/usr/bin/ceph: stderr
2024-05-17T21:43:09.403+0000 7f96727fc700 1 -- 172.21.15.107:0/1998984745 <== mon.0 v2:172.21.15.107:3300/0 3 ==== mon_map magic: 0 v1 ==== 229+0+0 (secure 0 0 0) 0x7f96640103c0 con 0x7f9674101750
2024-05-17T21:43:10.142 INFO:teuthology.orchestra.run.smithi107.stdout:/usr/bin/ceph: stderr
2024-05-17T21:43:09.404+0000 7f967a11c700 1 -- 172.21.15.107:0/1998984745 >> [v2:172.21.15.107:3300/0,v1:172.21.15.107:6789/0] conn(0x7f9674101750 msgr2=0x7f9674101b60 secure :-1 s=STATE_CONNECTION_ESTABLISHED l=1).mark_down
2024-05-17T21:43:10.142 INFO:teuthology.orchestra.run.smithi107.stdout:/usr/bin/ceph: stderr
2024-05-17T21:43:09.404+0000 7f967a11c700 1 --2- 172.21.15.107:0/1998984745 >> [v2:172.21.15.107:3300/0,v1:172.21.15.107:6789/0] conn(0x7f9674101750 0x7f9674101b60 secure :-1 s=READY pgs=57 cs=0 l=1 rev1=1 crypto rx=0x7f96640098e0 tx=0x7f9664009250 comp rx=0 tx=0).stop
2024-05-17T21:43:10.142 INFO:teuthology.orchestra.run.smithi107.stdout:/usr/bin/ceph: stderr
2024-05-17T21:43:09.404+0000 7f967a11c700 1 -- 172.21.15.107:0/1998984745 shutdown_connections
2024-05-17T21:43:10.142 INFO:teuthology.orchestra.run.smithi107.stdout:/usr/bin/ceph: stderr
2024-05-17T21:43:09.404+0000 7f967a11c700 1 --2- 172.21.15.107:0/1998984745 >> [v2:172.21.15.107:3300/0,v1:172.21.15.107:6789/0] conn(0x7f9674101750 0x7f9674101b60 unknown :-1 s=CLOSED pgs=57 cs=0 l=1 rev1=1 crypto rx=0 tx=0 comp rx=0 tx=0).stop
2024-05-17T21:43:10.142 INFO:teuthology.orchestra.run.smithi107.stdout:/usr/bin/ceph: stderr
2024-05-17T21:43:09.404+0000 7f967a11c700 1 -- 172.21.15.107:0/1998984745 >> 172.21.15.107:0/1998984745 conn(0x7f96740fcef0 msgr2=0x7f96740ff300 unknown :-1 s=STATE_NONE l=0).mark_down
2024-05-17T21:43:10.143 INFO:teuthology.orchestra.run.smithi107.stdout:/usr/bin/ceph: stderr
2024-05-17T21:43:09.404+0000 7f967a11c700 1 -- 172.21.15.107:0/1998984745 shutdown_connections
2024-05-17T21:43:10.143 INFO:teuthology.orchestra.run.smithi107.stdout:/usr/bin/ceph: stderr
2024-05-17T21:43:09.404+0000 7f967a11c700 1 -- 172.21.15.107:0/1998984745 wait complete.
2024-05-17T21:43:10.143 INFO:teuthology.orchestra.run.smithi107.stdout:/usr/bin/ceph: stderr
2024-05-17T21:43:09.405+0000 7f967a11c700 1 Processor -- start
2024-05-17T21:43:10.143 INFO:teuthology.orchestra.run.smithi107.stdout:/usr/bin/ceph: stderr
2024-05-17T21:43:09.405+0000 7f967a11c700 1 -- start start
2024-05-17T21:43:10.143 INFO:teuthology.orchestra.run.smithi107.stdout:/usr/bin/ceph: stderr
2024-05-17T21:43:09.405+0000 7f967a11c700 1 --2- >> [v2:172.21.15.107:3300/0,v1:172.21.15.107:6789/0] conn(0x7f9674101750 0x7f9674113800 unknown :-1 s=NONE pgs=0 cs=0 l=1 rev1=0 crypto rx=0 tx=0 comp rx=0 tx=0).connect
2024-05-17T21:43:10.143 INFO:teuthology.orchestra.run.smithi107.stdout:/usr/bin/ceph: stderr
2024-05-17T21:43:09.405+0000 7f967a11c700 1 -- --> [v2:172.21.15.107:3300/0,v1:172.21.15.107:6789/0] -- mon_getmap magic: 0 v1 -- 0x7f9674113d40 con 0x7f9674101750
2024-05-17T21:43:10.143 INFO:teuthology.orchestra.run.smithi107.stdout:/usr/bin/ceph: stderr
2024-05-17T21:43:09.405+0000 7f96737fe700 1 --2- >> [v2:172.21.15.107:3300/0,v1:172.21.15.107:6789/0] conn(0x7f9674101750 0x7f9674113800 unknown :-1 s=BANNER_CONNECTING pgs=0 cs=0 l=1 rev1=0 crypto rx=0 tx=0 comp rx=0 tx=0)._handle_peer_banner_payload supported=3 required=0
2024-05-17T21:43:10.143 INFO:teuthology.orchestra.run.smithi107.stdout:/usr/bin/ceph: stderr
2024-05-17T21:43:09.405+0000 7f96737fe700 1 --2- >> [v2:172.21.15.107:3300/0,v1:172.21.15.107:6789/0] conn(0x7f9674101750 0x7f9674113800 unknown :-1 s=HELLO_CONNECTING pgs=0 cs=0 l=1 rev1=1 crypto rx=0 tx=0 comp rx=0 tx=0).handle_hello peer v2:172.21.15.107:3300/0 says I am v2:172.21.15.107:54320/0 (socket says 172.21.15.107:54320)
2024-05-17T21:43:10.143 INFO:teuthology.orchestra.run.smithi107.stdout:/usr/bin/ceph: stderr
2024-05-17T21:43:09.405+0000 7f96737fe700 1 -- 172.21.15.107:0/3763740230 learned_addr learned my addr 172.21.15.107:0/3763740230 (peer_addr_for_me v2:172.21.15.107:0/0)
2024-05-17T21:43:10.143 INFO:teuthology.orchestra.run.smithi107.stdout:/usr/bin/ceph: stderr
2024-05-17T21:43:09.406+0000 7f96737fe700 1 -- 172.21.15.107:0/3763740230 --> [v2:172.21.15.107:3300/0,v1:172.21.15.107:6789/0] -- mon_subscribe({config=0+,monmap=0+}) v3 -- 0x7f96640094f0 con 0x7f9674101750
2024-05-17T21:43:10.143 INFO:teuthology.orchestra.run.smithi107.stdout:/usr/bin/ceph: stderr
2024-05-17T21:43:09.406+0000 7f96737fe700 1 --2- 172.21.15.107:0/3763740230 >> [v2:172.21.15.107:3300/0,v1:172.21.15.107:6789/0] conn(0x7f9674101750 0x7f9674113800 secure :-1 s=READY pgs=58 cs=0 l=1 rev1=1 crypto rx=0x7f9664011680 tx=0x7f9664009250 comp rx=0 tx=0).ready entity=mon.0 client_cookie=0 server_cookie=0 in_seq=0 out_seq=0
2024-05-17T21:43:10.143 INFO:teuthology.orchestra.run.smithi107.stdout:/usr/bin/ceph: stderr
2024-05-17T21:43:09.406+0000 7f965bfff700 1 -- 172.21.15.107:0/3763740230 <== mon.0 v2:172.21.15.107:3300/0 1 ==== mon_map magic: 0 v1 ==== 229+0+0 (secure 0 0 0) 0x7f9664010890 con 0x7f9674101750
2024-05-17T21:43:10.143 INFO:teuthology.orchestra.run.smithi107.stdout:/usr/bin/ceph: stderr
2024-05-17T21:43:09.406+0000 7f965bfff700 1 -- 172.21.15.107:0/3763740230 <== mon.0 v2:172.21.15.107:3300/0 2 ==== config(27 keys) v1 ==== 1109+0+0 (secure 0 0 0) 0x7f9664010ec0 con 0x7f9674101750
2024-05-17T21:43:10.143 INFO:teuthology.orchestra.run.smithi107.stdout:/usr/bin/ceph: stderr
2024-05-17T21:43:09.406+0000 7f967a11c700 1 -- 172.21.15.107:0/3763740230 --> [v2:172.21.15.107:3300/0,v1:172.21.15.107:6789/0] -- mon_subscribe({mgrmap=0+}) v3 -- 0x7f9674113f40 con 0x7f9674101750
2024-05-17T21:43:10.144 INFO:teuthology.orchestra.run.smithi107.stdout:/usr/bin/ceph: stderr
2024-05-17T21:43:09.406+0000 7f965bfff700 1 -- 172.21.15.107:0/3763740230 <== mon.0 v2:172.21.15.107:3300/0 3 ==== mon_map magic: 0 v1 ==== 229+0+0 (secure 0 0 0) 0x7f96640243f0 con 0x7f9674101750
2024-05-17T21:43:10.144 INFO:teuthology.orchestra.run.smithi107.stdout:/usr/bin/ceph: stderr
2024-05-17T21:43:09.406+0000 7f967a11c700 1 -- 172.21.15.107:0/3763740230 --> [v2:172.21.15.107:3300/0,v1:172.21.15.107:6789/0] -- mon_subscribe({osdmap=0}) v3 -- 0x7f9674114ab0 con 0x7f9674101750
2024-05-17T21:43:10.144 INFO:teuthology.orchestra.run.smithi107.stdout:/usr/bin/ceph: stderr
2024-05-17T21:43:09.407+0000 7f965bfff700 1 -- 172.21.15.107:0/3763740230 <== mon.0 v2:172.21.15.107:3300/0 4 ==== mgrmap(e 8) v1 ==== 43376+0+0 (secure 0 0 0) 0x7f966402d3f0 con 0x7f9674101750
2024-05-17T21:43:10.144 INFO:teuthology.orchestra.run.smithi107.stdout:/usr/bin/ceph: stderr
2024-05-17T21:43:09.407+0000 7f967a11c700 1 -- 172.21.15.107:0/3763740230 --> [v2:172.21.15.107:3300/0,v1:172.21.15.107:6789/0] -- mon_command({"prefix": "get_command_descriptions"} v 0) v1 -- 0x7f967405f5c0 con 0x7f9674101750
2024-05-17T21:43:10.144 INFO:teuthology.orchestra.run.smithi107.stdout:/usr/bin/ceph: stderr
2024-05-17T21:43:09.407+0000 7f965bfff700 1 --2- 172.21.15.107:0/3763740230 >> [v2:172.21.15.107:6800/1718632476,v1:172.21.15.107:6801/1718632476] conn(0x7f965c036850 0x7f965c038d00 unknown :-1 s=NONE pgs=0 cs=0 l=1 rev1=0 crypto rx=0 tx=0 comp rx=0 tx=0).connect
2024-05-17T21:43:10.144 INFO:teuthology.orchestra.run.smithi107.stdout:/usr/bin/ceph: stderr
2024-05-17T21:43:09.407+0000 7f965bfff700 1 -- 172.21.15.107:0/3763740230 <== mon.0 v2:172.21.15.107:3300/0 5 ==== osd_map(2..2 src has 1..2) v4 ==== 936+0+0 (secure 0 0 0) 0x7f96640109f0 con 0x7f9674101750
2024-05-17T21:43:10.144 INFO:teuthology.orchestra.run.smithi107.stdout:/usr/bin/ceph: stderr
2024-05-17T21:43:09.407+0000 7f9672ffd700 1 --2- 172.21.15.107:0/3763740230 >> [v2:172.21.15.107:6800/1718632476,v1:172.21.15.107:6801/1718632476] conn(0x7f965c036850 0x7f965c038d00 unknown :-1 s=BANNER_CONNECTING pgs=0 cs=0 l=1 rev1=0 crypto rx=0 tx=0 comp rx=0 tx=0)._handle_peer_banner_payload supported=3 required=0
2024-05-17T21:43:10.144 INFO:teuthology.orchestra.run.smithi107.stdout:/usr/bin/ceph: stderr
2024-05-17T21:43:09.408+0000 7f9672ffd700 1 --2- 172.21.15.107:0/3763740230 >> [v2:172.21.15.107:6800/1718632476,v1:172.21.15.107:6801/1718632476] conn(0x7f965c036850 0x7f965c038d00 secure :-1 s=READY pgs=17 cs=0 l=1 rev1=1 crypto rx=0x7f9668009990 tx=0x7f9668006e40 comp rx=0 tx=0).ready entity=mgr.14120 client_cookie=0 server_cookie=0 in_seq=0 out_seq=0
2024-05-17T21:43:10.144 INFO:teuthology.orchestra.run.smithi107.stdout:/usr/bin/ceph: stderr
2024-05-17T21:43:09.412+0000 7f965bfff700 1 -- 172.21.15.107:0/3763740230 <== mon.0 v2:172.21.15.107:3300/0 6 ==== mon_command_ack([{"prefix": "get_command_descriptions"}]=0 v0) v1 ==== 72+0+176702 (secure 0 0 0) 0x7f966402b8e0 con 0x7f9674101750
2024-05-17T21:43:10.144 INFO:teuthology.orchestra.run.smithi107.stdout:/usr/bin/ceph: stderr
2024-05-17T21:43:09.617+0000 7f967a11c700 1 -- 172.21.15.107:0/3763740230 --> [v2:172.21.15.107:6800/1718632476,v1:172.21.15.107:6801/1718632476] -- mgr_command(tid 0: {"prefix": "orch apply", "service_type": "node-exporter", "target": ["mon-mgr", ""]}) v1 -- 0x7f9674115630 con 0x7f965c036850
2024-05-17T21:43:10.144 INFO:teuthology.orchestra.run.smithi107.stdout:/usr/bin/ceph: stderr
2024-05-17T21:43:09.624+0000 7f965bfff700 1 -- 172.21.15.107:0/3763740230 <== mgr.14120 v2:172.21.15.107:6800/1718632476 1 ==== mgr_command_reply(tid 0: 0 ) v1 ==== 8+0+34 (secure 0 0 0) 0x7f9674115630 con 0x7f965c036850
2024-05-17T21:43:10.145 INFO:teuthology.orchestra.run.smithi107.stdout:/usr/bin/ceph: stderr
2024-05-17T21:43:09.626+0000 7f967a11c700 1 -- 172.21.15.107:0/3763740230 >> [v2:172.21.15.107:6800/1718632476,v1:172.21.15.107:6801/1718632476] conn(0x7f965c036850 msgr2=0x7f965c038d00 secure :-1 s=STATE_CONNECTION_ESTABLISHED l=1).mark_down
2024-05-17T21:43:10.145 INFO:teuthology.orchestra.run.smithi107.stdout:/usr/bin/ceph: stderr
2024-05-17T21:43:09.626+0000 7f967a11c700 1 --2- 172.21.15.107:0/3763740230 >> [v2:172.21.15.107:6800/1718632476,v1:172.21.15.107:6801/1718632476] conn(0x7f965c036850 0x7f965c038d00 secure :-1 s=READY pgs=17 cs=0 l=1 rev1=1 crypto rx=0x7f9668009990 tx=0x7f9668006e40 comp rx=0 tx=0).stop
2024-05-17T21:43:10.145 INFO:teuthology.orchestra.run.smithi107.stdout:/usr/bin/ceph: stderr
2024-05-17T21:43:09.626+0000 7f967a11c700 1 -- 172.21.15.107:0/3763740230 >> [v2:172.21.15.107:3300/0,v1:172.21.15.107:6789/0] conn(0x7f9674101750 msgr2=0x7f9674113800 secure :-1 s=STATE_CONNECTION_ESTABLISHED l=1).mark_down
2024-05-17T21:43:10.145 INFO:teuthology.orchestra.run.smithi107.stdout:/usr/bin/ceph: stderr
2024-05-17T21:43:09.626+0000 7f967a11c700 1 --2- 172.21.15.107:0/3763740230 >> [v2:172.21.15.107:3300/0,v1:172.21.15.107:6789/0] conn(0x7f9674101750 0x7f9674113800 secure :-1 s=READY pgs=58 cs=0 l=1 rev1=1 crypto rx=0x7f9664011680 tx=0x7f9664009250 comp rx=0 tx=0).stop
2024-05-17T21:43:10.145 INFO:teuthology.orchestra.run.smithi107.stdout:/usr/bin/ceph: stderr
2024-05-17T21:43:09.626+0000 7f967a11c700 1 -- 172.21.15.107:0/3763740230 shutdown_connections
2024-05-17T21:43:10.145 INFO:teuthology.orchestra.run.smithi107.stdout:/usr/bin/ceph: stderr
2024-05-17T21:43:09.626+0000 7f967a11c700 1 --2- 172.21.15.107:0/3763740230 >> [v2:172.21.15.107:6800/1718632476,v1:172.21.15.107:6801/1718632476] conn(0x7f965c036850 0x7f965c038d00 unknown :-1 s=CLOSED pgs=17 cs=0 l=1 rev1=1 crypto rx=0 tx=0 comp rx=0 tx=0).stop
2024-05-17T21:43:10.145 INFO:teuthology.orchestra.run.smithi107.stdout:/usr/bin/ceph: stderr
2024-05-17T21:43:09.626+0000 7f967a11c700 1 --2- 172.21.15.107:0/3763740230 >> [v2:172.21.15.107:3300/0,v1:172.21.15.107:6789/0] conn(0x7f9674101750 0x7f9674113800 unknown :-1 s=CLOSED pgs=58 cs=0 l=1 rev1=1 crypto rx=0 tx=0 comp rx=0 tx=0).stop
2024-05-17T21:43:10.145 INFO:teuthology.orchestra.run.smithi107.stdout:/usr/bin/ceph: stderr
2024-05-17T21:43:09.626+0000 7f967a11c700 1 -- 172.21.15.107:0/3763740230 >> 172.21.15.107:0/3763740230 conn(0x7f96740fcef0 msgr2=0x7f96740fdcf0 unknown :-1 s=STATE_NONE l=0).mark_down
2024-05-17T21:43:10.145 INFO:teuthology.orchestra.run.smithi107.stdout:/usr/bin/ceph: stderr
2024-05-17T21:43:09.626+0000 7f967a11c700 1 -- 172.21.15.107:0/3763740230 shutdown_connections
2024-05-17T21:43:10.145 INFO:teuthology.orchestra.run.smithi107.stdout:/usr/bin/ceph: stderr
2024-05-17T21:43:09.626+0000 7f967a11c700 1 -- 172.21.15.107:0/3763740230 wait complete.
2024-05-17T21:43:10.145 INFO:teuthology.orchestra.run.smithi107.stdout:Deploying alertmanager service with default placement...
2024-05-17T21:43:10.711 INFO:journalctl@ceph.mon.smithi107.smithi107.stdout:May 17 21:43:10 smithi107 ceph-mon[28434]: from='client.14152 -' entity='client.admin' cmd=[{"prefix": "orch apply", "service_type": "node-exporter", "target": ["mon-mgr", ""]}]: dispatch
2024-05-17T21:43:10.711 INFO:journalctl@ceph.mon.smithi107.smithi107.stdout:May 17 21:43:10 smithi107 ceph-mon[28434]: Saving service node-exporter spec with placement *
2024-05-17T21:43:10.712 INFO:journalctl@ceph.mon.smithi107.smithi107.stdout:May 17 21:43:10 smithi107 ceph-mon[28434]: from='mgr.14120 172.21.15.107:0/2711624202' entity='mgr.smithi107.xhhyiw'
2024-05-17T21:43:11.771 INFO:journalctl@ceph.mon.smithi107.smithi107.stdout:May 17 21:43:11 smithi107 ceph-mon[28434]: from='client.14154 -' entity='client.admin' cmd=[{"prefix": "orch apply", "service_type": "alertmanager", "target": ["mon-mgr", ""]}]: dispatch
2024-05-17T21:43:11.771 INFO:journalctl@ceph.mon.smithi107.smithi107.stdout:May 17 21:43:11 smithi107 ceph-mon[28434]: Saving service alertmanager spec with placement count:1
2024-05-17T21:43:11.771 INFO:journalctl@ceph.mon.smithi107.smithi107.stdout:May 17 21:43:11 smithi107 ceph-mon[28434]: from='mgr.14120 172.21.15.107:0/2711624202' entity='mgr.smithi107.xhhyiw'
2024-05-17T21:43:11.776 INFO:teuthology.orchestra.run.smithi107.stdout:/usr/bin/ceph: stdout Scheduled alertmanager update...
2024-05-17T21:43:11.776 INFO:teuthology.orchestra.run.smithi107.stdout:/usr/bin/ceph: stderr
2024-05-17T21:43:10.537+0000 7f5df7d2e700 1 Processor -- start
2024-05-17T21:43:11.776 INFO:teuthology.orchestra.run.smithi107.stdout:/usr/bin/ceph: stderr
2024-05-17T21:43:10.538+0000 7f5df7d2e700 1 -- start start
2024-05-17T21:43:11.776 INFO:teuthology.orchestra.run.smithi107.stdout:/usr/bin/ceph: stderr
2024-05-17T21:43:10.538+0000 7f5df7d2e700 1 --2- >> [v2:172.21.15.107:3300/0,v1:172.21.15.107:6789/0] conn(0x7f5df00712d0 0x7f5df0105470 unknown :-1 s=NONE pgs=0 cs=0 l=0 rev1=0 crypto rx=0 tx=0 comp rx=0 tx=0).connect
2024-05-17T21:43:11.776 INFO:teuthology.orchestra.run.smithi107.stdout:/usr/bin/ceph: stderr
2024-05-17T21:43:10.538+0000 7f5df7d2e700 1 -- --> [v2:172.21.15.107:3300/0,v1:172.21.15.107:6789/0] -- mon_getmap magic: 0 v1 -- 0x7f5df01059b0 con 0x7f5df00712d0
2024-05-17T21:43:11.776 INFO:teuthology.orchestra.run.smithi107.stdout:/usr/bin/ceph: stderr
2024-05-17T21:43:10.538+0000 7f5df5aca700 1 --2- >> [v2:172.21.15.107:3300/0,v1:172.21.15.107:6789/0] conn(0x7f5df00712d0 0x7f5df0105470 unknown :-1 s=BANNER_CONNECTING pgs=0 cs=0 l=0 rev1=0 crypto rx=0 tx=0 comp rx=0 tx=0)._handle_peer_banner_payload supported=3 required=0
2024-05-17T21:43:11.776 INFO:teuthology.orchestra.run.smithi107.stdout:/usr/bin/ceph: stderr
2024-05-17T21:43:10.538+0000 7f5df5aca700 1 --2- >> [v2:172.21.15.107:3300/0,v1:172.21.15.107:6789/0] conn(0x7f5df00712d0 0x7f5df0105470 unknown :-1 s=HELLO_CONNECTING pgs=0 cs=0 l=0 rev1=1 crypto rx=0 tx=0 comp rx=0 tx=0).handle_hello peer v2:172.21.15.107:3300/0 says I am v2:172.21.15.107:54326/0 (socket says 172.21.15.107:54326)
2024-05-17T21:43:11.776 INFO:teuthology.orchestra.run.smithi107.stdout:/usr/bin/ceph: stderr
2024-05-17T21:43:10.538+0000 7f5df5aca700 1 -- 172.21.15.107:0/3183000217 learned_addr learned my addr 172.21.15.107:0/3183000217 (peer_addr_for_me v2:172.21.15.107:0/0)
2024-05-17T21:43:11.776 INFO:teuthology.orchestra.run.smithi107.stdout:/usr/bin/ceph: stderr
2024-05-17T21:43:10.538+0000 7f5df5aca700 1 -- 172.21.15.107:0/3183000217 --> [v2:172.21.15.107:3300/0,v1:172.21.15.107:6789/0] -- mon_subscribe({config=0+,monmap=0+}) v3 -- 0x7f5df0105af0 con 0x7f5df00712d0
2024-05-17T21:43:11.777 INFO:teuthology.orchestra.run.smithi107.stdout:/usr/bin/ceph: stderr
2024-05-17T21:43:10.538+0000 7f5df5aca700 1 --2- 172.21.15.107:0/3183000217 >> [v2:172.21.15.107:3300/0,v1:172.21.15.107:6789/0] conn(0x7f5df00712d0 0x7f5df0105470 secure :-1 s=READY pgs=59 cs=0 l=1 rev1=1 crypto rx=0x7f5de40098e0 tx=0x7f5de4009250 comp rx=0 tx=0).ready entity=mon.0 client_cookie=3f9ed9bd2d57add6 server_cookie=0 in_seq=0 out_seq=0
2024-05-17T21:43:11.777 INFO:teuthology.orchestra.run.smithi107.stdout:/usr/bin/ceph: stderr
2024-05-17T21:43:10.539+0000 7f5df4ac8700 1 -- 172.21.15.107:0/3183000217 <== mon.0 v2:172.21.15.107:3300/0 1 ==== mon_map magic: 0 v1 ==== 229+0+0 (secure 0 0 0) 0x7f5de400b860 con 0x7f5df00712d0
2024-05-17T21:43:11.777 INFO:teuthology.orchestra.run.smithi107.stdout:/usr/bin/ceph: stderr
2024-05-17T21:43:10.539+0000 7f5df4ac8700 1 -- 172.21.15.107:0/3183000217 <== mon.0 v2:172.21.15.107:3300/0 2 ==== config(27 keys) v1 ==== 1109+0+0 (secure 0 0 0) 0x7f5de400be90 con 0x7f5df00712d0
2024-05-17T21:43:11.777 INFO:teuthology.orchestra.run.smithi107.stdout:/usr/bin/ceph: stderr
2024-05-17T21:43:10.539+0000 7f5df4ac8700 1 -- 172.21.15.107:0/3183000217 <== mon.0 v2:172.21.15.107:3300/0 3 ==== mon_map magic: 0 v1 ==== 229+0+0 (secure 0 0 0) 0x7f5de40103c0 con 0x7f5df00712d0
2024-05-17T21:43:11.777 INFO:teuthology.orchestra.run.smithi107.stdout:/usr/bin/ceph: stderr
2024-05-17T21:43:10.539+0000 7f5df7d2e700 1 -- 172.21.15.107:0/3183000217 >> [v2:172.21.15.107:3300/0,v1:172.21.15.107:6789/0] conn(0x7f5df00712d0 msgr2=0x7f5df0105470 secure :-1 s=STATE_CONNECTION_ESTABLISHED l=1).mark_down
2024-05-17T21:43:11.777 INFO:teuthology.orchestra.run.smithi107.stdout:/usr/bin/ceph: stderr
2024-05-17T21:43:10.539+0000 7f5df7d2e700 1 --2- 172.21.15.107:0/3183000217 >> [v2:172.21.15.107:3300/0,v1:172.21.15.107:6789/0] conn(0x7f5df00712d0 0x7f5df0105470 secure :-1 s=READY pgs=59 cs=0 l=1 rev1=1 crypto rx=0x7f5de40098e0 tx=0x7f5de4009250 comp rx=0 tx=0).stop
2024-05-17T21:43:11.777 INFO:teuthology.orchestra.run.smithi107.stdout:/usr/bin/ceph: stderr
2024-05-17T21:43:10.539+0000 7f5df7d2e700 1 -- 172.21.15.107:0/3183000217 shutdown_connections
2024-05-17T21:43:11.777 INFO:teuthology.orchestra.run.smithi107.stdout:/usr/bin/ceph: stderr
2024-05-17T21:43:10.539+0000 7f5df7d2e700 1 --2- 172.21.15.107:0/3183000217 >> [v2:172.21.15.107:3300/0,v1:172.21.15.107:6789/0] conn(0x7f5df00712d0 0x7f5df0105470 unknown :-1 s=CLOSED pgs=59 cs=0 l=1 rev1=1 crypto rx=0 tx=0 comp rx=0 tx=0).stop
2024-05-17T21:43:11.777 INFO:teuthology.orchestra.run.smithi107.stdout:/usr/bin/ceph: stderr
2024-05-17T21:43:10.539+0000 7f5df7d2e700 1 -- 172.21.15.107:0/3183000217 >> 172.21.15.107:0/3183000217 conn(0x7f5df00fcea0 msgr2=0x7f5df00ff2f0 unknown :-1 s=STATE_NONE l=0).mark_down
2024-05-17T21:43:11.777 INFO:teuthology.orchestra.run.smithi107.stdout:/usr/bin/ceph: stderr
2024-05-17T21:43:10.539+0000 7f5df7d2e700 1 -- 172.21.15.107:0/3183000217 shutdown_connections
2024-05-17T21:43:11.777 INFO:teuthology.orchestra.run.smithi107.stdout:/usr/bin/ceph: stderr
2024-05-17T21:43:10.539+0000 7f5df7d2e700 1 -- 172.21.15.107:0/3183000217 wait complete.
2024-05-17T21:43:11.777 INFO:teuthology.orchestra.run.smithi107.stdout:/usr/bin/ceph: stderr
2024-05-17T21:43:10.540+0000 7f5df7d2e700 1 Processor -- start
2024-05-17T21:43:11.777 INFO:teuthology.orchestra.run.smithi107.stdout:/usr/bin/ceph: stderr
2024-05-17T21:43:10.540+0000 7f5df7d2e700 1 -- start start
2024-05-17T21:43:11.777 INFO:teuthology.orchestra.run.smithi107.stdout:/usr/bin/ceph: stderr
2024-05-17T21:43:10.540+0000 7f5df7d2e700 1 --2- >> [v2:172.21.15.107:3300/0,v1:172.21.15.107:6789/0] conn(0x7f5df00712d0 0x7f5df0111670 unknown :-1 s=NONE pgs=0 cs=0 l=1 rev1=0 crypto rx=0 tx=0 comp rx=0 tx=0).connect
2024-05-17T21:43:11.778 INFO:teuthology.orchestra.run.smithi107.stdout:/usr/bin/ceph: stderr
2024-05-17T21:43:10.540+0000 7f5df7d2e700 1 -- --> [v2:172.21.15.107:3300/0,v1:172.21.15.107:6789/0] -- mon_getmap magic: 0 v1 -- 0x7f5df0111bb0 con 0x7f5df00712d0
2024-05-17T21:43:11.778 INFO:teuthology.orchestra.run.smithi107.stdout:/usr/bin/ceph: stderr
2024-05-17T21:43:10.540+0000 7f5df5aca700 1 --2- >> [v2:172.21.15.107:3300/0,v1:172.21.15.107:6789/0] conn(0x7f5df00712d0 0x7f5df0111670 unknown :-1 s=BANNER_CONNECTING pgs=0 cs=0 l=1 rev1=0 crypto rx=0 tx=0 comp rx=0 tx=0)._handle_peer_banner_payload supported=3 required=0
2024-05-17T21:43:11.778 INFO:teuthology.orchestra.run.smithi107.stdout:/usr/bin/ceph: stderr
2024-05-17T21:43:10.540+0000 7f5df5aca700 1 --2- >> [v2:172.21.15.107:3300/0,v1:172.21.15.107:6789/0] conn(0x7f5df00712d0 0x7f5df0111670 unknown :-1 s=HELLO_CONNECTING pgs=0 cs=0 l=1 rev1=1 crypto rx=0 tx=0 comp rx=0 tx=0).handle_hello peer v2:172.21.15.107:3300/0 says I am v2:172.21.15.107:54332/0 (socket says 172.21.15.107:54332)
2024-05-17T21:43:11.778 INFO:teuthology.orchestra.run.smithi107.stdout:/usr/bin/ceph: stderr
2024-05-17T21:43:10.540+0000 7f5df5aca700 1 -- 172.21.15.107:0/3056858199 learned_addr learned my addr 172.21.15.107:0/3056858199 (peer_addr_for_me v2:172.21.15.107:0/0)
2024-05-17T21:43:11.778 INFO:teuthology.orchestra.run.smithi107.stdout:/usr/bin/ceph: stderr
2024-05-17T21:43:10.540+0000 7f5df5aca700 1 -- 172.21.15.107:0/3056858199 --> [v2:172.21.15.107:3300/0,v1:172.21.15.107:6789/0] -- mon_subscribe({config=0+,monmap=0+}) v3 -- 0x7f5de40094f0 con 0x7f5df00712d0
2024-05-17T21:43:11.778 INFO:teuthology.orchestra.run.smithi107.stdout:/usr/bin/ceph: stderr
2024-05-17T21:43:10.540+0000 7f5df5aca700 1 --2- 172.21.15.107:0/3056858199 >> [v2:172.21.15.107:3300/0,v1:172.21.15.107:6789/0] conn(0x7f5df00712d0 0x7f5df0111670 secure :-1 s=READY pgs=60 cs=0 l=1 rev1=1 crypto rx=0x7f5de40105b0 tx=0x7f5de4009250 comp rx=0 tx=0).ready entity=mon.0 client_cookie=0 server_cookie=0 in_seq=0 out_seq=0
2024-05-17T21:43:11.778 INFO:teuthology.orchestra.run.smithi107.stdout:/usr/bin/ceph: stderr
2024-05-17T21:43:10.540+0000 7f5de27fc700 1 -- 172.21.15.107:0/3056858199 <== mon.0 v2:172.21.15.107:3300/0 1 ==== mon_map magic: 0 v1 ==== 229+0+0 (secure 0 0 0) 0x7f5de4010840 con 0x7f5df00712d0
