2024-05-17T21:43:28.133 INFO:teuthology.orchestra.run.smithi107.stdout:systemctl: stdout inactive
2024-05-17T21:43:28.133 INFO:teuthology.orchestra.run.smithi107.stdout:firewalld.service is not enabled
2024-05-17T21:43:28.133 INFO:teuthology.orchestra.run.smithi107.stdout:Not possible to open ports <[8443]>. firewalld.service is not available
2024-05-17T21:43:28.135 INFO:teuthology.orchestra.run.smithi107.stdout:Ceph Dashboard is now available at:
2024-05-17T21:43:28.135 INFO:teuthology.orchestra.run.smithi107.stdout:
2024-05-17T21:43:28.135 INFO:teuthology.orchestra.run.smithi107.stdout: URL: https://smithi107.front.sepia.ceph.com:8443/
2024-05-17T21:43:28.135 INFO:teuthology.orchestra.run.smithi107.stdout: User: admin
2024-05-17T21:43:28.135 INFO:teuthology.orchestra.run.smithi107.stdout: Password: zfvpwj6nih
2024-05-17T21:43:28.135 INFO:teuthology.orchestra.run.smithi107.stdout:
2024-05-17T21:43:28.136 INFO:teuthology.orchestra.run.smithi107.stdout:Saving cluster configuration to /var/lib/ceph/3722731a-1496-11ef-bc9a-c7b262605968/config directory
2024-05-17T21:43:28.136 INFO:teuthology.orchestra.run.smithi107.stdout:Enabling autotune for osd_memory_target
2024-05-17T21:43:28.446 INFO:journalctl@ceph.mon.smithi107.smithi107.stdout:May 17 21:43:28 smithi107 ceph-mon[28434]: from='client.? 172.21.15.107:0/3577601250' entity='client.admin' cmd=[{"prefix": "config get", "who": "mgr", "key": "mgr/dashboard/ssl_server_port"}]: dispatch
2024-05-17T21:43:29.299 INFO:teuthology.orchestra.run.smithi107.stdout:/usr/bin/ceph: stderr
2024-05-17T21:43:28.554+0000 7f63827b7700 1 Processor -- start
2024-05-17T21:43:29.299 INFO:teuthology.orchestra.run.smithi107.stdout:/usr/bin/ceph: stderr
2024-05-17T21:43:28.554+0000 7f63827b7700 1 -- start start
2024-05-17T21:43:29.299 INFO:teuthology.orchestra.run.smithi107.stdout:/usr/bin/ceph: stderr
2024-05-17T21:43:28.554+0000 7f63827b7700 1 --2- >> [v2:172.21.15.107:3300/0,v1:172.21.15.107:6789/0] conn(0x7f637c076be0 0x7f637c105480 unknown :-1 s=NONE pgs=0 cs=0 l=0 rev1=0 crypto rx=0 tx=0 comp rx=0 tx=0).connect
2024-05-17T21:43:29.299 INFO:teuthology.orchestra.run.smithi107.stdout:/usr/bin/ceph: stderr
2024-05-17T21:43:28.554+0000 7f63827b7700 1 -- --> [v2:172.21.15.107:3300/0,v1:172.21.15.107:6789/0] -- mon_getmap magic: 0 v1 -- 0x7f637c1059c0 con 0x7f637c076be0
2024-05-17T21:43:29.299 INFO:teuthology.orchestra.run.smithi107.stdout:/usr/bin/ceph: stderr
2024-05-17T21:43:28.554+0000 7f637bfff700 1 --2- >> [v2:172.21.15.107:3300/0,v1:172.21.15.107:6789/0] conn(0x7f637c076be0 0x7f637c105480 unknown :-1 s=BANNER_CONNECTING pgs=0 cs=0 l=0 rev1=0 crypto rx=0 tx=0 comp rx=0 tx=0)._handle_peer_banner_payload supported=3 required=0
2024-05-17T21:43:29.299 INFO:teuthology.orchestra.run.smithi107.stdout:/usr/bin/ceph: stderr
2024-05-17T21:43:28.555+0000 7f637bfff700 1 --2- >> [v2:172.21.15.107:3300/0,v1:172.21.15.107:6789/0] conn(0x7f637c076be0 0x7f637c105480 unknown :-1 s=HELLO_CONNECTING pgs=0 cs=0 l=0 rev1=1 crypto rx=0 tx=0 comp rx=0 tx=0).handle_hello peer v2:172.21.15.107:3300/0 says I am v2:172.21.15.107:33036/0 (socket says 172.21.15.107:33036)
2024-05-17T21:43:29.300 INFO:teuthology.orchestra.run.smithi107.stdout:/usr/bin/ceph: stderr
2024-05-17T21:43:28.555+0000 7f637bfff700 1 -- 172.21.15.107:0/2162367668 learned_addr learned my addr 172.21.15.107:0/2162367668 (peer_addr_for_me v2:172.21.15.107:0/0)
2024-05-17T21:43:29.300 INFO:teuthology.orchestra.run.smithi107.stdout:/usr/bin/ceph: stderr
2024-05-17T21:43:28.555+0000 7f637bfff700 1 -- 172.21.15.107:0/2162367668 --> [v2:172.21.15.107:3300/0,v1:172.21.15.107:6789/0] -- mon_subscribe({config=0+,monmap=0+}) v3 -- 0x7f637c105b00 con 0x7f637c076be0
2024-05-17T21:43:29.300 INFO:teuthology.orchestra.run.smithi107.stdout:/usr/bin/ceph: stderr
2024-05-17T21:43:28.555+0000 7f637bfff700 1 --2- 172.21.15.107:0/2162367668 >> [v2:172.21.15.107:3300/0,v1:172.21.15.107:6789/0] conn(0x7f637c076be0 0x7f637c105480 secure :-1 s=READY pgs=86 cs=0 l=1 rev1=1 crypto rx=0x7f636c0098e0 tx=0x7f636c009250 comp rx=0 tx=0).ready entity=mon.0 client_cookie=99d8ccc8697834cf server_cookie=0 in_seq=0 out_seq=0
2024-05-17T21:43:29.300 INFO:teuthology.orchestra.run.smithi107.stdout:/usr/bin/ceph: stderr
2024-05-17T21:43:28.555+0000 7f637b7fe700 1 -- 172.21.15.107:0/2162367668 <== mon.0 v2:172.21.15.107:3300/0 1 ==== mon_map magic: 0 v1 ==== 229+0+0 (secure 0 0 0) 0x7f636c00b8f0 con 0x7f637c076be0
2024-05-17T21:43:29.300 INFO:teuthology.orchestra.run.smithi107.stdout:/usr/bin/ceph: stderr
2024-05-17T21:43:28.555+0000 7f637b7fe700 1 -- 172.21.15.107:0/2162367668 <== mon.0 v2:172.21.15.107:3300/0 2 ==== config(27 keys) v1 ==== 1109+0+0 (secure 0 0 0) 0x7f636c011420 con 0x7f637c076be0
2024-05-17T21:43:29.300 INFO:teuthology.orchestra.run.smithi107.stdout:/usr/bin/ceph: stderr
2024-05-17T21:43:28.555+0000 7f637b7fe700 1 -- 172.21.15.107:0/2162367668 <== mon.0 v2:172.21.15.107:3300/0 3 ==== mon_map magic: 0 v1 ==== 229+0+0 (secure 0 0 0) 0x7f636c010540 con 0x7f637c076be0
2024-05-17T21:43:29.300 INFO:teuthology.orchestra.run.smithi107.stdout:/usr/bin/ceph: stderr
2024-05-17T21:43:28.556+0000 7f63827b7700 1 -- 172.21.15.107:0/2162367668 >> [v2:172.21.15.107:3300/0,v1:172.21.15.107:6789/0] conn(0x7f637c076be0 msgr2=0x7f637c105480 secure :-1 s=STATE_CONNECTION_ESTABLISHED l=1).mark_down
2024-05-17T21:43:29.300 INFO:teuthology.orchestra.run.smithi107.stdout:/usr/bin/ceph: stderr
2024-05-17T21:43:28.556+0000 7f63827b7700 1 --2- 172.21.15.107:0/2162367668 >> [v2:172.21.15.107:3300/0,v1:172.21.15.107:6789/0] conn(0x7f637c076be0 0x7f637c105480 secure :-1 s=READY pgs=86 cs=0 l=1 rev1=1 crypto rx=0x7f636c0098e0 tx=0x7f636c009250 comp rx=0 tx=0).stop
2024-05-17T21:43:29.300 INFO:teuthology.orchestra.run.smithi107.stdout:/usr/bin/ceph: stderr
2024-05-17T21:43:28.556+0000 7f63827b7700 1 -- 172.21.15.107:0/2162367668 shutdown_connections
2024-05-17T21:43:29.300 INFO:teuthology.orchestra.run.smithi107.stdout:/usr/bin/ceph: stderr
2024-05-17T21:43:28.556+0000 7f63827b7700 1 --2- 172.21.15.107:0/2162367668 >> [v2:172.21.15.107:3300/0,v1:172.21.15.107:6789/0] conn(0x7f637c076be0 0x7f637c105480 unknown :-1 s=CLOSED pgs=86 cs=0 l=1 rev1=1 crypto rx=0 tx=0 comp rx=0 tx=0).stop
2024-05-17T21:43:29.300 INFO:teuthology.orchestra.run.smithi107.stdout:/usr/bin/ceph: stderr
2024-05-17T21:43:28.556+0000 7f63827b7700 1 -- 172.21.15.107:0/2162367668 >> 172.21.15.107:0/2162367668 conn(0x7f637c0fced0 msgr2=0x7f637c0ff2e0 unknown :-1 s=STATE_NONE l=0).mark_down
2024-05-17T21:43:29.300 INFO:teuthology.orchestra.run.smithi107.stdout:/usr/bin/ceph: stderr
2024-05-17T21:43:28.556+0000 7f63827b7700 1 -- 172.21.15.107:0/2162367668 shutdown_connections
2024-05-17T21:43:29.300 INFO:teuthology.orchestra.run.smithi107.stdout:/usr/bin/ceph: stderr
2024-05-17T21:43:28.556+0000 7f63827b7700 1 -- 172.21.15.107:0/2162367668 wait complete.
2024-05-17T21:43:29.300 INFO:teuthology.orchestra.run.smithi107.stdout:/usr/bin/ceph: stderr
2024-05-17T21:43:28.556+0000 7f63827b7700 1 Processor -- start
2024-05-17T21:43:29.300 INFO:teuthology.orchestra.run.smithi107.stdout:/usr/bin/ceph: stderr
2024-05-17T21:43:28.556+0000 7f63827b7700 1 -- start start
2024-05-17T21:43:29.301 INFO:teuthology.orchestra.run.smithi107.stdout:/usr/bin/ceph: stderr
2024-05-17T21:43:28.557+0000 7f63827b7700 1 --2- >> [v2:172.21.15.107:3300/0,v1:172.21.15.107:6789/0] conn(0x7f637c076be0 0x7f637c102dd0 unknown :-1 s=NONE pgs=0 cs=0 l=1 rev1=0 crypto rx=0 tx=0 comp rx=0 tx=0).connect
2024-05-17T21:43:29.301 INFO:teuthology.orchestra.run.smithi107.stdout:/usr/bin/ceph: stderr
2024-05-17T21:43:28.557+0000 7f63827b7700 1 -- --> [v2:172.21.15.107:3300/0,v1:172.21.15.107:6789/0] -- mon_getmap magic: 0 v1 -- 0x7f637c103310 con 0x7f637c076be0
2024-05-17T21:43:29.301 INFO:teuthology.orchestra.run.smithi107.stdout:/usr/bin/ceph: stderr
2024-05-17T21:43:28.557+0000 7f637bfff700 1 --2- >> [v2:172.21.15.107:3300/0,v1:172.21.15.107:6789/0] conn(0x7f637c076be0 0x7f637c102dd0 unknown :-1 s=BANNER_CONNECTING pgs=0 cs=0 l=1 rev1=0 crypto rx=0 tx=0 comp rx=0 tx=0)._handle_peer_banner_payload supported=3 required=0
2024-05-17T21:43:29.301 INFO:teuthology.orchestra.run.smithi107.stdout:/usr/bin/ceph: stderr
2024-05-17T21:43:28.557+0000 7f637bfff700 1 --2- >> [v2:172.21.15.107:3300/0,v1:172.21.15.107:6789/0] conn(0x7f637c076be0 0x7f637c102dd0 unknown :-1 s=HELLO_CONNECTING pgs=0 cs=0 l=1 rev1=1 crypto rx=0 tx=0 comp rx=0 tx=0).handle_hello peer v2:172.21.15.107:3300/0 says I am v2:172.21.15.107:33052/0 (socket says 172.21.15.107:33052)
2024-05-17T21:43:29.301 INFO:teuthology.orchestra.run.smithi107.stdout:/usr/bin/ceph: stderr
2024-05-17T21:43:28.557+0000 7f637bfff700 1 -- 172.21.15.107:0/2467851297 learned_addr learned my addr 172.21.15.107:0/2467851297 (peer_addr_for_me v2:172.21.15.107:0/0)
2024-05-17T21:43:29.301 INFO:teuthology.orchestra.run.smithi107.stdout:/usr/bin/ceph: stderr
2024-05-17T21:43:28.557+0000 7f637bfff700 1 -- 172.21.15.107:0/2467851297 --> [v2:172.21.15.107:3300/0,v1:172.21.15.107:6789/0] -- mon_subscribe({config=0+,monmap=0+}) v3 -- 0x7f636c0094f0 con 0x7f637c076be0
2024-05-17T21:43:29.301 INFO:teuthology.orchestra.run.smithi107.stdout:/usr/bin/ceph: stderr
2024-05-17T21:43:28.557+0000 7f637bfff700 1 --2- 172.21.15.107:0/2467851297 >> [v2:172.21.15.107:3300/0,v1:172.21.15.107:6789/0] conn(0x7f637c076be0 0x7f637c102dd0 secure :-1 s=READY pgs=87 cs=0 l=1 rev1=1 crypto rx=0x7f636c011cf0 tx=0x7f636c009250 comp rx=0 tx=0).ready entity=mon.0 client_cookie=0 server_cookie=0 in_seq=0 out_seq=0
2024-05-17T21:43:29.301 INFO:teuthology.orchestra.run.smithi107.stdout:/usr/bin/ceph: stderr
2024-05-17T21:43:28.557+0000 7f63797fa700 1 -- 172.21.15.107:0/2467851297 <== mon.0 v2:172.21.15.107:3300/0 1 ==== mon_map magic: 0 v1 ==== 229+0+0 (secure 0 0 0) 0x7f636c010800 con 0x7f637c076be0
2024-05-17T21:43:29.301 INFO:teuthology.orchestra.run.smithi107.stdout:/usr/bin/ceph: stderr
2024-05-17T21:43:28.557+0000 7f63797fa700 1 -- 172.21.15.107:0/2467851297 <== mon.0 v2:172.21.15.107:3300/0 2 ==== config(27 keys) v1 ==== 1109+0+0 (secure 0 0 0) 0x7f636c010e30 con 0x7f637c076be0
2024-05-17T21:43:29.301 INFO:teuthology.orchestra.run.smithi107.stdout:/usr/bin/ceph: stderr
2024-05-17T21:43:28.557+0000 7f63827b7700 1 -- 172.21.15.107:0/2467851297 --> [v2:172.21.15.107:3300/0,v1:172.21.15.107:6789/0] -- mon_subscribe({mgrmap=0+}) v3 -- 0x7f637c101380 con 0x7f637c076be0
2024-05-17T21:43:29.301 INFO:teuthology.orchestra.run.smithi107.stdout:/usr/bin/ceph: stderr
2024-05-17T21:43:28.557+0000 7f63797fa700 1 -- 172.21.15.107:0/2467851297 <== mon.0 v2:172.21.15.107:3300/0 3 ==== mon_map magic: 0 v1 ==== 229+0+0 (secure 0 0 0) 0x7f636c01ae80 con 0x7f637c076be0
2024-05-17T21:43:29.301 INFO:teuthology.orchestra.run.smithi107.stdout:/usr/bin/ceph: stderr
2024-05-17T21:43:28.557+0000 7f63827b7700 1 -- 172.21.15.107:0/2467851297 --> [v2:172.21.15.107:3300/0,v1:172.21.15.107:6789/0] -- mon_subscribe({osdmap=0}) v3 -- 0x7f637c101870 con 0x7f637c076be0
2024-05-17T21:43:29.301 INFO:teuthology.orchestra.run.smithi107.stdout:/usr/bin/ceph: stderr
2024-05-17T21:43:28.558+0000 7f63797fa700 1 -- 172.21.15.107:0/2467851297 <== mon.0 v2:172.21.15.107:3300/0 4 ==== mgrmap(e 13) v1 ==== 43433+0+0 (secure 0 0 0) 0x7f636c02d3f0 con 0x7f637c076be0
2024-05-17T21:43:29.301 INFO:teuthology.orchestra.run.smithi107.stdout:/usr/bin/ceph: stderr
2024-05-17T21:43:28.558+0000 7f63797fa700 1 --2- 172.21.15.107:0/2467851297 >> [v2:172.21.15.107:6800/3405524625,v1:172.21.15.107:6801/3405524625] conn(0x7f6368036990 0x7f6368038e40 unknown :-1 s=NONE pgs=0 cs=0 l=1 rev1=0 crypto rx=0 tx=0 comp rx=0 tx=0).connect
2024-05-17T21:43:29.302 INFO:teuthology.orchestra.run.smithi107.stdout:/usr/bin/ceph: stderr
2024-05-17T21:43:28.558+0000 7f63797fa700 1 -- 172.21.15.107:0/2467851297 <== mon.0 v2:172.21.15.107:3300/0 5 ==== osd_map(3..3 src has 1..3) v4 ==== 1151+0+0 (secure 0 0 0) 0x7f636c04a380 con 0x7f637c076be0
2024-05-17T21:43:29.302 INFO:teuthology.orchestra.run.smithi107.stdout:/usr/bin/ceph: stderr
2024-05-17T21:43:28.558+0000 7f6373fff700 1 --2- 172.21.15.107:0/2467851297 >> [v2:172.21.15.107:6800/3405524625,v1:172.21.15.107:6801/3405524625] conn(0x7f6368036990 0x7f6368038e40 unknown :-1 s=BANNER_CONNECTING pgs=0 cs=0 l=1 rev1=0 crypto rx=0 tx=0 comp rx=0 tx=0)._handle_peer_banner_payload supported=3 required=0
2024-05-17T21:43:29.302 INFO:teuthology.orchestra.run.smithi107.stdout:/usr/bin/ceph: stderr
2024-05-17T21:43:28.559+0000 7f63827b7700 1 -- 172.21.15.107:0/2467851297 --> [v2:172.21.15.107:3300/0,v1:172.21.15.107:6789/0] -- mon_command({"prefix": "get_command_descriptions"} v 0) v1 -- 0x7f637c04bed0 con 0x7f637c076be0
2024-05-17T21:43:29.302 INFO:teuthology.orchestra.run.smithi107.stdout:/usr/bin/ceph: stderr
2024-05-17T21:43:28.559+0000 7f6373fff700 1 --2- 172.21.15.107:0/2467851297 >> [v2:172.21.15.107:6800/3405524625,v1:172.21.15.107:6801/3405524625] conn(0x7f6368036990 0x7f6368038e40 secure :-1 s=READY pgs=10 cs=0 l=1 rev1=1 crypto rx=0x7f6364009990 tx=0x7f6364006e40 comp rx=0 tx=0).ready entity=mgr.14162 client_cookie=0 server_cookie=0 in_seq=0 out_seq=0
2024-05-17T21:43:29.302 INFO:teuthology.orchestra.run.smithi107.stdout:/usr/bin/ceph: stderr
2024-05-17T21:43:28.563+0000 7f63797fa700 1 -- 172.21.15.107:0/2467851297 <== mon.0 v2:172.21.15.107:3300/0 6 ==== mon_command_ack([{"prefix": "get_command_descriptions"}]=0 v0) v1 ==== 72+0+176702 (secure 0 0 0) 0x7f636c02b8e0 con 0x7f637c076be0
2024-05-17T21:43:29.302 INFO:teuthology.orchestra.run.smithi107.stdout:/usr/bin/ceph: stderr
2024-05-17T21:43:28.754+0000 7f63827b7700 1 -- 172.21.15.107:0/2467851297 --> [v2:172.21.15.107:3300/0,v1:172.21.15.107:6789/0] -- mon_command([{prefix=config set, name=osd_memory_target_autotune}] v 0) v1 -- 0x7f637c106880 con 0x7f637c076be0
2024-05-17T21:43:29.302 INFO:teuthology.orchestra.run.smithi107.stdout:/usr/bin/ceph: stderr
2024-05-17T21:43:28.755+0000 7f63797fa700 1 -- 172.21.15.107:0/2467851297 <== mon.0 v2:172.21.15.107:3300/0 7 ==== mon_command_ack([{prefix=config set, name=osd_memory_target_autotune}]=0 v8)=0 v8) v1 ==== 127+0+0 (secure 0 0 0) 0x7f636c02b2f0 con 0x7f637c076be0
2024-05-17T21:43:29.302 INFO:teuthology.orchestra.run.smithi107.stdout:/usr/bin/ceph: stderr
2024-05-17T21:43:28.757+0000 7f63827b7700 1 -- 172.21.15.107:0/2467851297 >> [v2:172.21.15.107:6800/3405524625,v1:172.21.15.107:6801/3405524625] conn(0x7f6368036990 msgr2=0x7f6368038e40 secure :-1 s=STATE_CONNECTION_ESTABLISHED l=1).mark_down
2024-05-17T21:43:29.302 INFO:teuthology.orchestra.run.smithi107.stdout:/usr/bin/ceph: stderr
2024-05-17T21:43:28.757+0000 7f63827b7700 1 --2- 172.21.15.107:0/2467851297 >> [v2:172.21.15.107:6800/3405524625,v1:172.21.15.107:6801/3405524625] conn(0x7f6368036990 0x7f6368038e40 secure :-1 s=READY pgs=10 cs=0 l=1 rev1=1 crypto rx=0x7f6364009990 tx=0x7f6364006e40 comp rx=0 tx=0).stop
2024-05-17T21:43:29.302 INFO:teuthology.orchestra.run.smithi107.stdout:/usr/bin/ceph: stderr
2024-05-17T21:43:28.757+0000 7f63827b7700 1 -- 172.21.15.107:0/2467851297 >> [v2:172.21.15.107:3300/0,v1:172.21.15.107:6789/0] conn(0x7f637c076be0 msgr2=0x7f637c102dd0 secure :-1 s=STATE_CONNECTION_ESTABLISHED l=1).mark_down
2024-05-17T21:43:29.302 INFO:teuthology.orchestra.run.smithi107.stdout:/usr/bin/ceph: stderr
2024-05-17T21:43:28.757+0000 7f63827b7700 1 --2- 172.21.15.107:0/2467851297 >> [v2:172.21.15.107:3300/0,v1:172.21.15.107:6789/0] conn(0x7f637c076be0 0x7f637c102dd0 secure :-1 s=READY pgs=87 cs=0 l=1 rev1=1 crypto rx=0x7f636c011cf0 tx=0x7f636c009250 comp rx=0 tx=0).stop
2024-05-17T21:43:29.302 INFO:teuthology.orchestra.run.smithi107.stdout:/usr/bin/ceph: stderr
2024-05-17T21:43:28.757+0000 7f63827b7700 1 -- 172.21.15.107:0/2467851297 shutdown_connections
2024-05-17T21:43:29.302 INFO:teuthology.orchestra.run.smithi107.stdout:/usr/bin/ceph: stderr
2024-05-17T21:43:28.757+0000 7f63827b7700 1 --2- 172.21.15.107:0/2467851297 >> [v2:172.21.15.107:6800/3405524625,v1:172.21.15.107:6801/3405524625] conn(0x7f6368036990 0x7f6368038e40 unknown :-1 s=CLOSED pgs=10 cs=0 l=1 rev1=1 crypto rx=0 tx=0 comp rx=0 tx=0).stop
2024-05-17T21:43:29.303 INFO:teuthology.orchestra.run.smithi107.stdout:/usr/bin/ceph: stderr
2024-05-17T21:43:28.757+0000 7f63827b7700 1 --2- 172.21.15.107:0/2467851297 >> [v2:172.21.15.107:3300/0,v1:172.21.15.107:6789/0] conn(0x7f637c076be0 0x7f637c102dd0 unknown :-1 s=CLOSED pgs=87 cs=0 l=1 rev1=1 crypto rx=0 tx=0 comp rx=0 tx=0).stop
2024-05-17T21:43:29.303 INFO:teuthology.orchestra.run.smithi107.stdout:/usr/bin/ceph: stderr
2024-05-17T21:43:28.757+0000 7f63827b7700 1 -- 172.21.15.107:0/2467851297 >> 172.21.15.107:0/2467851297 conn(0x7f637c0fced0 msgr2=0x7f637c0fd990 unknown :-1 s=STATE_NONE l=0).mark_down
2024-05-17T21:43:29.303 INFO:teuthology.orchestra.run.smithi107.stdout:/usr/bin/ceph: stderr
2024-05-17T21:43:28.757+0000 7f63827b7700 1 -- 172.21.15.107:0/2467851297 shutdown_connections
2024-05-17T21:43:29.303 INFO:teuthology.orchestra.run.smithi107.stdout:/usr/bin/ceph: stderr
2024-05-17T21:43:28.757+0000 7f63827b7700 1 -- 172.21.15.107:0/2467851297 wait complete.
2024-05-17T21:43:29.354 INFO:journalctl@ceph.mon.smithi107.smithi107.stdout:May 17 21:43:29 smithi107 ceph-mon[28434]: mgrmap e13: smithi107.xhhyiw(active, since 6s)
2024-05-17T21:43:30.555 INFO:teuthology.orchestra.run.smithi107.stdout:/usr/bin/ceph: stderr
2024-05-17T21:43:29.680+0000 7f31a73d2700 1 Processor -- start
2024-05-17T21:43:30.555 INFO:teuthology.orchestra.run.smithi107.stdout:/usr/bin/ceph: stderr
2024-05-17T21:43:29.680+0000 7f31a73d2700 1 -- start start
2024-05-17T21:43:30.555 INFO:teuthology.orchestra.run.smithi107.stdout:/usr/bin/ceph: stderr
2024-05-17T21:43:29.680+0000 7f31a73d2700 1 --2- >> [v2:172.21.15.107:3300/0,v1:172.21.15.107:6789/0] conn(0x7f31a0102870 0x7f31a0102c80 unknown :-1 s=NONE pgs=0 cs=0 l=0 rev1=0 crypto rx=0 tx=0 comp rx=0 tx=0).connect
2024-05-17T21:43:30.556 INFO:teuthology.orchestra.run.smithi107.stdout:/usr/bin/ceph: stderr
2024-05-17T21:43:29.681+0000 7f31a73d2700 1 -- --> [v2:172.21.15.107:3300/0,v1:172.21.15.107:6789/0] -- mon_getmap magic: 0 v1 -- 0x7f31a01031c0 con 0x7f31a0102870
2024-05-17T21:43:30.556 INFO:teuthology.orchestra.run.smithi107.stdout:/usr/bin/ceph: stderr
2024-05-17T21:43:29.681+0000 7f31a516e700 1 --2- >> [v2:172.21.15.107:3300/0,v1:172.21.15.107:6789/0] conn(0x7f31a0102870 0x7f31a0102c80 unknown :-1 s=BANNER_CONNECTING pgs=0 cs=0 l=0 rev1=0 crypto rx=0 tx=0 comp rx=0 tx=0)._handle_peer_banner_payload supported=3 required=0
2024-05-17T21:43:30.556 INFO:teuthology.orchestra.run.smithi107.stdout:/usr/bin/ceph: stderr
2024-05-17T21:43:29.681+0000 7f31a516e700 1 --2- >> [v2:172.21.15.107:3300/0,v1:172.21.15.107:6789/0] conn(0x7f31a0102870 0x7f31a0102c80 unknown :-1 s=HELLO_CONNECTING pgs=0 cs=0 l=0 rev1=1 crypto rx=0 tx=0 comp rx=0 tx=0).handle_hello peer v2:172.21.15.107:3300/0 says I am v2:172.21.15.107:33058/0 (socket says 172.21.15.107:33058)
2024-05-17T21:43:30.556 INFO:teuthology.orchestra.run.smithi107.stdout:/usr/bin/ceph: stderr
2024-05-17T21:43:29.681+0000 7f31a516e700 1 -- 172.21.15.107:0/2790002048 learned_addr learned my addr 172.21.15.107:0/2790002048 (peer_addr_for_me v2:172.21.15.107:0/0)
2024-05-17T21:43:30.556 INFO:teuthology.orchestra.run.smithi107.stdout:/usr/bin/ceph: stderr
2024-05-17T21:43:29.681+0000 7f31a516e700 1 -- 172.21.15.107:0/2790002048 --> [v2:172.21.15.107:3300/0,v1:172.21.15.107:6789/0] -- mon_subscribe({config=0+,monmap=0+}) v3 -- 0x7f31a0103300 con 0x7f31a0102870
2024-05-17T21:43:30.556 INFO:teuthology.orchestra.run.smithi107.stdout:/usr/bin/ceph: stderr
2024-05-17T21:43:29.681+0000 7f31a516e700 1 --2- 172.21.15.107:0/2790002048 >> [v2:172.21.15.107:3300/0,v1:172.21.15.107:6789/0] conn(0x7f31a0102870 0x7f31a0102c80 secure :-1 s=READY pgs=88 cs=0 l=1 rev1=1 crypto rx=0x7f319c0098e0 tx=0x7f319c009250 comp rx=0 tx=0).ready entity=mon.0 client_cookie=844eb0ef034bc558 server_cookie=0 in_seq=0 out_seq=0
2024-05-17T21:43:30.556 INFO:teuthology.orchestra.run.smithi107.stdout:/usr/bin/ceph: stderr
2024-05-17T21:43:29.681+0000 7f3197fff700 1 -- 172.21.15.107:0/2790002048 <== mon.0 v2:172.21.15.107:3300/0 1 ==== mon_map magic: 0 v1 ==== 229+0+0 (secure 0 0 0) 0x7f319c00b860 con 0x7f31a0102870
2024-05-17T21:43:30.556 INFO:teuthology.orchestra.run.smithi107.stdout:/usr/bin/ceph: stderr
2024-05-17T21:43:29.681+0000 7f3197fff700 1 -- 172.21.15.107:0/2790002048 <== mon.0 v2:172.21.15.107:3300/0 2 ==== config(27 keys) v1 ==== 1109+0+0 (secure 0 0 0) 0x7f319c00be90 con 0x7f31a0102870
2024-05-17T21:43:30.556 INFO:teuthology.orchestra.run.smithi107.stdout:/usr/bin/ceph: stderr
2024-05-17T21:43:29.681+0000 7f3197fff700 1 -- 172.21.15.107:0/2790002048 <== mon.0 v2:172.21.15.107:3300/0 3 ==== mon_map magic: 0 v1 ==== 229+0+0 (secure 0 0 0) 0x7f319c0103c0 con 0x7f31a0102870
2024-05-17T21:43:30.556 INFO:teuthology.orchestra.run.smithi107.stdout:/usr/bin/ceph: stderr
2024-05-17T21:43:29.682+0000 7f31a73d2700 1 -- 172.21.15.107:0/2790002048 >> [v2:172.21.15.107:3300/0,v1:172.21.15.107:6789/0] conn(0x7f31a0102870 msgr2=0x7f31a0102c80 secure :-1 s=STATE_CONNECTION_ESTABLISHED l=1).mark_down
2024-05-17T21:43:30.556 INFO:teuthology.orchestra.run.smithi107.stdout:/usr/bin/ceph: stderr
2024-05-17T21:43:29.682+0000 7f31a73d2700 1 --2- 172.21.15.107:0/2790002048 >> [v2:172.21.15.107:3300/0,v1:172.21.15.107:6789/0] conn(0x7f31a0102870 0x7f31a0102c80 secure :-1 s=READY pgs=88 cs=0 l=1 rev1=1 crypto rx=0x7f319c0098e0 tx=0x7f319c009250 comp rx=0 tx=0).stop
2024-05-17T21:43:30.556 INFO:teuthology.orchestra.run.smithi107.stdout:/usr/bin/ceph: stderr
2024-05-17T21:43:29.682+0000 7f31a73d2700 1 -- 172.21.15.107:0/2790002048 shutdown_connections
2024-05-17T21:43:30.556 INFO:teuthology.orchestra.run.smithi107.stdout:/usr/bin/ceph: stderr
2024-05-17T21:43:29.682+0000 7f31a73d2700 1 --2- 172.21.15.107:0/2790002048 >> [v2:172.21.15.107:3300/0,v1:172.21.15.107:6789/0] conn(0x7f31a0102870 0x7f31a0102c80 unknown :-1 s=CLOSED pgs=88 cs=0 l=1 rev1=1 crypto rx=0 tx=0 comp rx=0 tx=0).stop
2024-05-17T21:43:30.557 INFO:teuthology.orchestra.run.smithi107.stdout:/usr/bin/ceph: stderr
2024-05-17T21:43:29.682+0000 7f31a73d2700 1 -- 172.21.15.107:0/2790002048 >> 172.21.15.107:0/2790002048 conn(0x7f31a00fdf90 msgr2=0x7f31a0100400 unknown :-1 s=STATE_NONE l=0).mark_down
2024-05-17T21:43:30.557 INFO:teuthology.orchestra.run.smithi107.stdout:/usr/bin/ceph: stderr
2024-05-17T21:43:29.682+0000 7f31a73d2700 1 -- 172.21.15.107:0/2790002048 shutdown_connections
2024-05-17T21:43:30.557 INFO:teuthology.orchestra.run.smithi107.stdout:/usr/bin/ceph: stderr
2024-05-17T21:43:29.682+0000 7f31a73d2700 1 -- 172.21.15.107:0/2790002048 wait complete.
2024-05-17T21:43:30.557 INFO:teuthology.orchestra.run.smithi107.stdout:/usr/bin/ceph: stderr
2024-05-17T21:43:29.683+0000 7f31a73d2700 1 Processor -- start
2024-05-17T21:43:30.557 INFO:teuthology.orchestra.run.smithi107.stdout:/usr/bin/ceph: stderr
2024-05-17T21:43:29.683+0000 7f31a73d2700 1 -- start start
2024-05-17T21:43:30.557 INFO:teuthology.orchestra.run.smithi107.stdout:/usr/bin/ceph: stderr
2024-05-17T21:43:29.683+0000 7f31a73d2700 1 --2- >> [v2:172.21.15.107:3300/0,v1:172.21.15.107:6789/0] conn(0x7f31a0102870 0x7f31a0111600 unknown :-1 s=NONE pgs=0 cs=0 l=1 rev1=0 crypto rx=0 tx=0 comp rx=0 tx=0).connect
2024-05-17T21:43:30.557 INFO:teuthology.orchestra.run.smithi107.stdout:/usr/bin/ceph: stderr
2024-05-17T21:43:29.683+0000 7f31a73d2700 1 -- --> [v2:172.21.15.107:3300/0,v1:172.21.15.107:6789/0] -- mon_getmap magic: 0 v1 -- 0x7f31a0111b40 con 0x7f31a0102870
2024-05-17T21:43:30.557 INFO:teuthology.orchestra.run.smithi107.stdout:/usr/bin/ceph: stderr
2024-05-17T21:43:29.683+0000 7f31a516e700 1 --2- >> [v2:172.21.15.107:3300/0,v1:172.21.15.107:6789/0] conn(0x7f31a0102870 0x7f31a0111600 unknown :-1 s=BANNER_CONNECTING pgs=0 cs=0 l=1 rev1=0 crypto rx=0 tx=0 comp rx=0 tx=0)._handle_peer_banner_payload supported=3 required=0
2024-05-17T21:43:30.557 INFO:teuthology.orchestra.run.smithi107.stdout:/usr/bin/ceph: stderr
2024-05-17T21:43:29.683+0000 7f31a516e700 1 --2- >> [v2:172.21.15.107:3300/0,v1:172.21.15.107:6789/0] conn(0x7f31a0102870 0x7f31a0111600 unknown :-1 s=HELLO_CONNECTING pgs=0 cs=0 l=1 rev1=1 crypto rx=0 tx=0 comp rx=0 tx=0).handle_hello peer v2:172.21.15.107:3300/0 says I am v2:172.21.15.107:33070/0 (socket says 172.21.15.107:33070)
2024-05-17T21:43:30.557 INFO:teuthology.orchestra.run.smithi107.stdout:/usr/bin/ceph: stderr
2024-05-17T21:43:29.683+0000 7f31a516e700 1 -- 172.21.15.107:0/624168105 learned_addr learned my addr 172.21.15.107:0/624168105 (peer_addr_for_me v2:172.21.15.107:0/0)
2024-05-17T21:43:30.558 INFO:teuthology.orchestra.run.smithi107.stdout:/usr/bin/ceph: stderr
2024-05-17T21:43:29.683+0000 7f31a516e700 1 -- 172.21.15.107:0/624168105 --> [v2:172.21.15.107:3300/0,v1:172.21.15.107:6789/0] -- mon_subscribe({config=0+,monmap=0+}) v3 -- 0x7f319c0094f0 con 0x7f31a0102870
2024-05-17T21:43:30.558 INFO:teuthology.orchestra.run.smithi107.stdout:/usr/bin/ceph: stderr
2024-05-17T21:43:29.683+0000 7f31a516e700 1 --2- 172.21.15.107:0/624168105 >> [v2:172.21.15.107:3300/0,v1:172.21.15.107:6789/0] conn(0x7f31a0102870 0x7f31a0111600 secure :-1 s=READY pgs=89 cs=0 l=1 rev1=1 crypto rx=0x7f319c0090b0 tx=0x7f319c009250 comp rx=0 tx=0).ready entity=mon.0 client_cookie=0 server_cookie=0 in_seq=0 out_seq=0
2024-05-17T21:43:30.558 INFO:teuthology.orchestra.run.smithi107.stdout:/usr/bin/ceph: stderr
2024-05-17T21:43:29.683+0000 7f3195ffb700 1 -- 172.21.15.107:0/624168105 <== mon.0 v2:172.21.15.107:3300/0 1 ==== mon_map magic: 0 v1 ==== 229+0+0 (secure 0 0 0) 0x7f319c010840 con 0x7f31a0102870
2024-05-17T21:43:30.558 INFO:teuthology.orchestra.run.smithi107.stdout:/usr/bin/ceph: stderr
2024-05-17T21:43:29.683+0000 7f3195ffb700 1 -- 172.21.15.107:0/624168105 <== mon.0 v2:172.21.15.107:3300/0 2 ==== config(27 keys) v1 ==== 1109+0+0 (secure 0 0 0) 0x7f319c010e70 con 0x7f31a0102870
2024-05-17T21:43:30.558 INFO:teuthology.orchestra.run.smithi107.stdout:/usr/bin/ceph: stderr
2024-05-17T21:43:29.683+0000 7f31a73d2700 1 -- 172.21.15.107:0/624168105 --> [v2:172.21.15.107:3300/0,v1:172.21.15.107:6789/0] -- mon_subscribe({mgrmap=0+}) v3 -- 0x7f31a0111d40 con 0x7f31a0102870
2024-05-17T21:43:30.558 INFO:teuthology.orchestra.run.smithi107.stdout:/usr/bin/ceph: stderr
2024-05-17T21:43:29.683+0000 7f3195ffb700 1 -- 172.21.15.107:0/624168105 <== mon.0 v2:172.21.15.107:3300/0 3 ==== mon_map magic: 0 v1 ==== 229+0+0 (secure 0 0 0) 0x7f319c024e40 con 0x7f31a0102870
2024-05-17T21:43:30.558 INFO:teuthology.orchestra.run.smithi107.stdout:/usr/bin/ceph: stderr
2024-05-17T21:43:29.684+0000 7f31a73d2700 1 -- 172.21.15.107:0/624168105 --> [v2:172.21.15.107:3300/0,v1:172.21.15.107:6789/0] -- mon_subscribe({osdmap=0}) v3 -- 0x7f31a01128b0 con 0x7f31a0102870
2024-05-17T21:43:30.558 INFO:teuthology.orchestra.run.smithi107.stdout:/usr/bin/ceph: stderr
2024-05-17T21:43:29.685+0000 7f3195ffb700 1 -- 172.21.15.107:0/624168105 <== mon.0 v2:172.21.15.107:3300/0 4 ==== mgrmap(e 13) v1 ==== 43433+0+0 (secure 0 0 0) 0x7f319c01a4e0 con 0x7f31a0102870
2024-05-17T21:43:30.558 INFO:teuthology.orchestra.run.smithi107.stdout:/usr/bin/ceph: stderr
2024-05-17T21:43:29.685+0000 7f31a73d2700 1 -- 172.21.15.107:0/624168105 --> [v2:172.21.15.107:3300/0,v1:172.21.15.107:6789/0] -- mon_command({"prefix": "get_command_descriptions"} v 0) v1 -- 0x7f31a005f5c0 con 0x7f31a0102870
2024-05-17T21:43:30.558 INFO:teuthology.orchestra.run.smithi107.stdout:/usr/bin/ceph: stderr
2024-05-17T21:43:29.685+0000 7f3195ffb700 1 --2- 172.21.15.107:0/624168105 >> [v2:172.21.15.107:6800/3405524625,v1:172.21.15.107:6801/3405524625] conn(0x7f318c036940 0x7f318c038df0 unknown :-1 s=NONE pgs=0 cs=0 l=1 rev1=0 crypto rx=0 tx=0 comp rx=0 tx=0).connect
2024-05-17T21:43:30.558 INFO:teuthology.orchestra.run.smithi107.stdout:/usr/bin/ceph: stderr
2024-05-17T21:43:29.685+0000 7f3195ffb700 1 -- 172.21.15.107:0/624168105 <== mon.0 v2:172.21.15.107:3300/0 5 ==== osd_map(3..3 src has 1..3) v4 ==== 1151+0+0 (secure 0 0 0) 0x7f319c04abe0 con 0x7f31a0102870
2024-05-17T21:43:30.558 INFO:teuthology.orchestra.run.smithi107.stdout:/usr/bin/ceph: stderr
2024-05-17T21:43:29.685+0000 7f31a496d700 1 --2- 172.21.15.107:0/624168105 >> [v2:172.21.15.107:6800/3405524625,v1:172.21.15.107:6801/3405524625] conn(0x7f318c036940 0x7f318c038df0 unknown :-1 s=BANNER_CONNECTING pgs=0 cs=0 l=1 rev1=0 crypto rx=0 tx=0 comp rx=0 tx=0)._handle_peer_banner_payload supported=3 required=0
2024-05-17T21:43:30.559 INFO:teuthology.orchestra.run.smithi107.stdout:/usr/bin/ceph: stderr
2024-05-17T21:43:29.685+0000 7f31a496d700 1 --2- 172.21.15.107:0/624168105 >> [v2:172.21.15.107:6800/3405524625,v1:172.21.15.107:6801/3405524625] conn(0x7f318c036940 0x7f318c038df0 secure :-1 s=READY pgs=11 cs=0 l=1 rev1=1 crypto rx=0x7f3190009990 tx=0x7f3190006e40 comp rx=0 tx=0).ready entity=mgr.14162 client_cookie=0 server_cookie=0 in_seq=0 out_seq=0
2024-05-17T21:43:30.559 INFO:teuthology.orchestra.run.smithi107.stdout:/usr/bin/ceph: stderr
2024-05-17T21:43:29.689+0000 7f3195ffb700 1 -- 172.21.15.107:0/624168105 <== mon.0 v2:172.21.15.107:3300/0 6 ==== mon_command_ack([{"prefix": "get_command_descriptions"}]=0 v0) v1 ==== 72+0+176702 (secure 0 0 0) 0x7f319c018940 con 0x7f31a0102870
2024-05-17T21:43:30.559 INFO:teuthology.orchestra.run.smithi107.stdout:/usr/bin/ceph: stderr
2024-05-17T21:43:29.981+0000 7f31a73d2700 1 -- 172.21.15.107:0/624168105 --> [v2:172.21.15.107:3300/0,v1:172.21.15.107:6789/0] -- mon_command([{prefix=config-key set, key=mgr/dashboard/cluster/status}] v 0) v1 -- 0x7f31a004bed0 con 0x7f31a0102870
2024-05-17T21:43:30.559 INFO:teuthology.orchestra.run.smithi107.stdout:/usr/bin/ceph: stderr
2024-05-17T21:43:29.983+0000 7f3195ffb700 1 -- 172.21.15.107:0/624168105 <== mon.0 v2:172.21.15.107:3300/0 7 ==== mon_command_ack([{prefix=config-key set, key=mgr/dashboard/cluster/status}]=0 set mgr/dashboard/cluster/status v33)=0 set mgr/dashboard/cluster/status v33) v1 ==== 153+0+0 (secure 0 0 0) 0x7f319c018350 con 0x7f31a0102870
2024-05-17T21:43:30.559 INFO:teuthology.orchestra.run.smithi107.stdout:/usr/bin/ceph: stderr
2024-05-17T21:43:29.986+0000 7f31a73d2700 1 -- 172.21.15.107:0/624168105 >> [v2:172.21.15.107:6800/3405524625,v1:172.21.15.107:6801/3405524625] conn(0x7f318c036940 msgr2=0x7f318c038df0 secure :-1 s=STATE_CONNECTION_ESTABLISHED l=1).mark_down
2024-05-17T21:43:30.559 INFO:teuthology.orchestra.run.smithi107.stdout:/usr/bin/ceph: stderr
2024-05-17T21:43:29.986+0000 7f31a73d2700 1 --2- 172.21.15.107:0/624168105 >> [v2:172.21.15.107:6800/3405524625,v1:172.21.15.107:6801/3405524625] conn(0x7f318c036940 0x7f318c038df0 secure :-1 s=READY pgs=11 cs=0 l=1 rev1=1 crypto rx=0x7f3190009990 tx=0x7f3190006e40 comp rx=0 tx=0).stop
2024-05-17T21:43:30.559 INFO:teuthology.orchestra.run.smithi107.stdout:/usr/bin/ceph: stderr
2024-05-17T21:43:29.986+0000 7f31a73d2700 1 -- 172.21.15.107:0/624168105 >> [v2:172.21.15.107:3300/0,v1:172.21.15.107:6789/0] conn(0x7f31a0102870 msgr2=0x7f31a0111600 secure :-1 s=STATE_CONNECTION_ESTABLISHED l=1).mark_down
2024-05-17T21:43:30.559 INFO:teuthology.orchestra.run.smithi107.stdout:/usr/bin/ceph: stderr
2024-05-17T21:43:29.986+0000 7f31a73d2700 1 --2- 172.21.15.107:0/624168105 >> [v2:172.21.15.107:3300/0,v1:172.21.15.107:6789/0] conn(0x7f31a0102870 0x7f31a0111600 secure :-1 s=READY pgs=89 cs=0 l=1 rev1=1 crypto rx=0x7f319c0090b0 tx=0x7f319c009250 comp rx=0 tx=0).stop
2024-05-17T21:43:30.559 INFO:teuthology.orchestra.run.smithi107.stdout:/usr/bin/ceph: stderr
2024-05-17T21:43:29.986+0000 7f31a73d2700 1 -- 172.21.15.107:0/624168105 shutdown_connections
2024-05-17T21:43:30.559 INFO:teuthology.orchestra.run.smithi107.stdout:/usr/bin/ceph: stderr
2024-05-17T21:43:29.986+0000 7f31a73d2700 1 --2- 172.21.15.107:0/624168105 >> [v2:172.21.15.107:6800/3405524625,v1:172.21.15.107:6801/3405524625] conn(0x7f318c036940 0x7f318c038df0 unknown :-1 s=CLOSED pgs=11 cs=0 l=1 rev1=1 crypto rx=0 tx=0 comp rx=0 tx=0).stop
2024-05-17T21:43:30.559 INFO:teuthology.orchestra.run.smithi107.stdout:/usr/bin/ceph: stderr
2024-05-17T21:43:29.986+0000 7f31a73d2700 1 --2- 172.21.15.107:0/624168105 >> [v2:172.21.15.107:3300/0,v1:172.21.15.107:6789/0] conn(0x7f31a0102870 0x7f31a0111600 unknown :-1 s=CLOSED pgs=89 cs=0 l=1 rev1=1 crypto rx=0 tx=0 comp rx=0 tx=0).stop
2024-05-17T21:43:30.560 INFO:teuthology.orchestra.run.smithi107.stdout:/usr/bin/ceph: stderr
2024-05-17T21:43:29.986+0000 7f31a73d2700 1 -- 172.21.15.107:0/624168105 >> 172.21.15.107:0/624168105 conn(0x7f31a00fdf90 msgr2=0x7f31a00feb00 unknown :-1 s=STATE_NONE l=0).mark_down
2024-05-17T21:43:30.560 INFO:teuthology.orchestra.run.smithi107.stdout:/usr/bin/ceph: stderr
2024-05-17T21:43:29.986+0000 7f31a73d2700 1 -- 172.21.15.107:0/624168105 shutdown_connections
2024-05-17T21:43:30.560 INFO:teuthology.orchestra.run.smithi107.stdout:/usr/bin/ceph: stderr
2024-05-17T21:43:29.986+0000 7f31a73d2700 1 -- 172.21.15.107:0/624168105 wait complete.
2024-05-17T21:43:30.560 INFO:teuthology.orchestra.run.smithi107.stdout:/usr/bin/ceph: stderr set mgr/dashboard/cluster/status
2024-05-17T21:43:30.560 INFO:teuthology.orchestra.run.smithi107.stdout:You can access the Ceph CLI as following in case of multi-cluster or non-default config:
2024-05-17T21:43:30.560 INFO:teuthology.orchestra.run.smithi107.stdout:
2024-05-17T21:43:30.560 INFO:teuthology.orchestra.run.smithi107.stdout: sudo /home/ubuntu/cephtest/cephadm shell --fsid 3722731a-1496-11ef-bc9a-c7b262605968 -c /etc/ceph/ceph.conf -k /etc/ceph/ceph.client.admin.keyring
2024-05-17T21:43:30.560 INFO:teuthology.orchestra.run.smithi107.stdout:
2024-05-17T21:43:30.560 INFO:teuthology.orchestra.run.smithi107.stdout:Or, if you are only running a single cluster on this host:
2024-05-17T21:43:30.560 INFO:teuthology.orchestra.run.smithi107.stdout:
2024-05-17T21:43:30.560 INFO:teuthology.orchestra.run.smithi107.stdout: sudo /home/ubuntu/cephtest/cephadm shell
2024-05-17T21:43:30.560 INFO:teuthology.orchestra.run.smithi107.stdout:
2024-05-17T21:43:30.560 INFO:teuthology.orchestra.run.smithi107.stdout:Please consider enabling telemetry to help improve Ceph:
2024-05-17T21:43:30.560 INFO:teuthology.orchestra.run.smithi107.stdout:
2024-05-17T21:43:30.560 INFO:teuthology.orchestra.run.smithi107.stdout: ceph telemetry on
2024-05-17T21:43:30.560 INFO:teuthology.orchestra.run.smithi107.stdout:
2024-05-17T21:43:30.561 INFO:teuthology.orchestra.run.smithi107.stdout:For more information see:
2024-05-17T21:43:30.561 INFO:teuthology.orchestra.run.smithi107.stdout:
2024-05-17T21:43:30.561 INFO:teuthology.orchestra.run.smithi107.stdout: https://docs.ceph.com/docs/master/mgr/telemetry/
2024-05-17T21:43:30.561 INFO:teuthology.orchestra.run.smithi107.stdout:
2024-05-17T21:43:30.561 INFO:teuthology.orchestra.run.smithi107.stdout:Bootstrap complete.
2024-05-17T21:43:30.589 INFO:tasks.cephadm:Fetching config...
2024-05-17T21:43:30.589 DEBUG:teuthology.orchestra.run.smithi107:> set -ex
2024-05-17T21:43:30.589 DEBUG:teuthology.orchestra.run.smithi107:> dd if=/etc/ceph/ceph.conf of=/dev/stdout
2024-05-17T21:43:30.646 INFO:tasks.cephadm:Fetching client.admin keyring...
2024-05-17T21:43:30.646 DEBUG:teuthology.orchestra.run.smithi107:> set -ex
2024-05-17T21:43:30.646 DEBUG:teuthology.orchestra.run.smithi107:> dd if=/etc/ceph/ceph.client.admin.keyring of=/dev/stdout
2024-05-17T21:43:30.702 INFO:tasks.cephadm:Fetching mon keyring...
2024-05-17T21:43:30.702 DEBUG:teuthology.orchestra.run.smithi107:> set -ex
2024-05-17T21:43:30.702 DEBUG:teuthology.orchestra.run.smithi107:> sudo dd if=/var/lib/ceph/3722731a-1496-11ef-bc9a-c7b262605968/mon.smithi107/keyring of=/dev/stdout
2024-05-17T21:43:30.767 INFO:tasks.cephadm:Fetching pub ssh key...
2024-05-17T21:43:30.768 DEBUG:teuthology.orchestra.run.smithi107:> set -ex
2024-05-17T21:43:30.768 DEBUG:teuthology.orchestra.run.smithi107:> dd if=/home/ubuntu/cephtest/ceph.pub of=/dev/stdout
2024-05-17T21:43:30.822 INFO:tasks.cephadm:Installing pub ssh key for root users...
2024-05-17T21:43:30.822 DEBUG:teuthology.orchestra.run.smithi107:> sudo install -d -m 0700 /root/.ssh && echo 'ssh-rsa AAAAB3NzaC1yc2EAAAADAQABAAABgQDC82J4v0yngLUWHqgMnkz1BtuSxjzef52E8Eig8IVeZp7HkNJWFBdaHG++rWmW7COJuA4L7cjFG/t0n2Cv0ZDRoAWT1PN0+5I17aLtivFr77qLoi0rOxfNhp4gFrFF+9OosLjlTNKZjk1kkojWJC8yCfWY5jcl6LY+5y1YnAYfuquqK8cjLrzCjg9vvoihv82tBe+p20KD0HlyLzARqILlktDOUOHnXeCmgRVPuw5T+PZ/Kiytb28gHHsxGiGhttgs0D4ImCNO7+MOLBALzECk7OjmPPaVYsbv3rA+P2n9vbGMCLuVhpWCKEfvLwr4WUueKnBgApmXWW6nu0bP2XqNamn79HdL71tAH3rb0n8A2CUwWRqCGhkRWYH5iKEd0RyqSbLDv1K2wGuCD+SYLwCN1I8K1IGwnhhFR/9W4lXf3hJnhUOgLw6XLQTlo826uKq+Fs9/OUjVHossT1BFiZIkug5LDvO354kaIum6uo144Ub6kqG7giLTFssS+H3vy9U= ceph-3722731a-1496-11ef-bc9a-c7b262605968' | sudo tee -a /root/.ssh/authorized_keys && sudo chmod 0600 /root/.ssh/authorized_keys
2024-05-17T21:43:30.896 INFO:teuthology.orchestra.run.smithi107.stdout:ssh-rsa AAAAB3NzaC1yc2EAAAADAQABAAABgQDC82J4v0yngLUWHqgMnkz1BtuSxjzef52E8Eig8IVeZp7HkNJWFBdaHG++rWmW7COJuA4L7cjFG/t0n2Cv0ZDRoAWT1PN0+5I17aLtivFr77qLoi0rOxfNhp4gFrFF+9OosLjlTNKZjk1kkojWJC8yCfWY5jcl6LY+5y1YnAYfuquqK8cjLrzCjg9vvoihv82tBe+p20KD0HlyLzARqILlktDOUOHnXeCmgRVPuw5T+PZ/Kiytb28gHHsxGiGhttgs0D4ImCNO7+MOLBALzECk7OjmPPaVYsbv3rA+P2n9vbGMCLuVhpWCKEfvLwr4WUueKnBgApmXWW6nu0bP2XqNamn79HdL71tAH3rb0n8A2CUwWRqCGhkRWYH5iKEd0RyqSbLDv1K2wGuCD+SYLwCN1I8K1IGwnhhFR/9W4lXf3hJnhUOgLw6XLQTlo826uKq+Fs9/OUjVHossT1BFiZIkug5LDvO354kaIum6uo144Ub6kqG7giLTFssS+H3vy9U= ceph-3722731a-1496-11ef-bc9a-c7b262605968
2024-05-17T21:43:30.907 DEBUG:teuthology.orchestra.run.smithi138:> sudo install -d -m 0700 /root/.ssh && echo 'ssh-rsa AAAAB3NzaC1yc2EAAAADAQABAAABgQDC82J4v0yngLUWHqgMnkz1BtuSxjzef52E8Eig8IVeZp7HkNJWFBdaHG++rWmW7COJuA4L7cjFG/t0n2Cv0ZDRoAWT1PN0+5I17aLtivFr77qLoi0rOxfNhp4gFrFF+9OosLjlTNKZjk1kkojWJC8yCfWY5jcl6LY+5y1YnAYfuquqK8cjLrzCjg9vvoihv82tBe+p20KD0HlyLzARqILlktDOUOHnXeCmgRVPuw5T+PZ/Kiytb28gHHsxGiGhttgs0D4ImCNO7+MOLBALzECk7OjmPPaVYsbv3rA+P2n9vbGMCLuVhpWCKEfvLwr4WUueKnBgApmXWW6nu0bP2XqNamn79HdL71tAH3rb0n8A2CUwWRqCGhkRWYH5iKEd0RyqSbLDv1K2wGuCD+SYLwCN1I8K1IGwnhhFR/9W4lXf3hJnhUOgLw6XLQTlo826uKq+Fs9/OUjVHossT1BFiZIkug5LDvO354kaIum6uo144Ub6kqG7giLTFssS+H3vy9U= ceph-3722731a-1496-11ef-bc9a-c7b262605968' | sudo tee -a /root/.ssh/authorized_keys && sudo chmod 0600 /root/.ssh/authorized_keys
2024-05-17T21:43:30.948 INFO:teuthology.orchestra.run.smithi138.stdout:ssh-rsa AAAAB3NzaC1yc2EAAAADAQABAAABgQDC82J4v0yngLUWHqgMnkz1BtuSxjzef52E8Eig8IVeZp7HkNJWFBdaHG++rWmW7COJuA4L7cjFG/t0n2Cv0ZDRoAWT1PN0+5I17aLtivFr77qLoi0rOxfNhp4gFrFF+9OosLjlTNKZjk1kkojWJC8yCfWY5jcl6LY+5y1YnAYfuquqK8cjLrzCjg9vvoihv82tBe+p20KD0HlyLzARqILlktDOUOHnXeCmgRVPuw5T+PZ/Kiytb28gHHsxGiGhttgs0D4ImCNO7+MOLBALzECk7OjmPPaVYsbv3rA+P2n9vbGMCLuVhpWCKEfvLwr4WUueKnBgApmXWW6nu0bP2XqNamn79HdL71tAH3rb0n8A2CUwWRqCGhkRWYH5iKEd0RyqSbLDv1K2wGuCD+SYLwCN1I8K1IGwnhhFR/9W4lXf3hJnhUOgLw6XLQTlo826uKq+Fs9/OUjVHossT1BFiZIkug5LDvO354kaIum6uo144Ub6kqG7giLTFssS+H3vy9U= ceph-3722731a-1496-11ef-bc9a-c7b262605968
2024-05-17T21:43:30.960 DEBUG:teuthology.orchestra.run.smithi107:> sudo /home/ubuntu/cephtest/cephadm --image quay.ceph.io/ceph-ci/ceph:quincy shell -c /etc/ceph/ceph.conf -k /etc/ceph/ceph.client.admin.keyring --fsid 3722731a-1496-11ef-bc9a-c7b262605968 -- ceph config set mgr mgr/cephadm/allow_ptrace true
2024-05-17T21:43:31.212 INFO:teuthology.orchestra.run.smithi107.stderr:Inferring config /var/lib/ceph/3722731a-1496-11ef-bc9a-c7b262605968/mon.smithi107/config
2024-05-17T21:43:31.334 INFO:journalctl@ceph.mon.smithi107.smithi107.stdout:May 17 21:43:30 smithi107 ceph-mon[28434]: from='client.? 172.21.15.107:0/624168105' entity='client.admin'
2024-05-17T21:43:33.798 INFO:teuthology.orchestra.run.smithi107.stderr:2024-05-17T21:43:33.801+0000 7f7a06b62700 1 -- 172.21.15.107:0/3967845524 >> [v2:172.21.15.107:3300/0,v1:172.21.15.107:6789/0] conn(0x7f7a00065d30 msgr2=0x7f7a000ff630 secure :-1 s=STATE_CONNECTION_ESTABLISHED l=1).mark_down
2024-05-17T21:43:33.798 INFO:teuthology.orchestra.run.smithi107.stderr:2024-05-17T21:43:33.801+0000 7f7a06b62700 1 --2- 172.21.15.107:0/3967845524 >> [v2:172.21.15.107:3300/0,v1:172.21.15.107:6789/0] conn(0x7f7a00065d30 0x7f7a000ff630 secure :-1 s=READY pgs=90 cs=0 l=1 rev1=1 crypto rx=0x7f79f40048c0 tx=0x7f79f4009e30 comp rx=0 tx=0).stop
2024-05-17T21:43:33.798 INFO:teuthology.orchestra.run.smithi107.stderr:2024-05-17T21:43:33.802+0000 7f7a06b62700 1 -- 172.21.15.107:0/3967845524 shutdown_connections
2024-05-17T21:43:33.798 INFO:teuthology.orchestra.run.smithi107.stderr:2024-05-17T21:43:33.802+0000 7f7a06b62700 1 --2- 172.21.15.107:0/3967845524 >> [v2:172.21.15.107:3300/0,v1:172.21.15.107:6789/0] conn(0x7f7a00065d30 0x7f7a000ff630 unknown :-1 s=CLOSED pgs=90 cs=0 l=1 rev1=1 crypto rx=0 tx=0 comp rx=0 tx=0).stop
2024-05-17T21:43:33.799 INFO:teuthology.orchestra.run.smithi107.stderr:2024-05-17T21:43:33.802+0000 7f7a06b62700 1 -- 172.21.15.107:0/3967845524 >> 172.21.15.107:0/3967845524 conn(0x7f7a000f70a0 msgr2=0x7f7a000f94d0 unknown :-1 s=STATE_NONE l=0).mark_down
2024-05-17T21:43:33.799 INFO:teuthology.orchestra.run.smithi107.stderr:2024-05-17T21:43:33.802+0000 7f7a06b62700 1 -- 172.21.15.107:0/3967845524 shutdown_connections
2024-05-17T21:43:33.799 INFO:teuthology.orchestra.run.smithi107.stderr:2024-05-17T21:43:33.802+0000 7f7a06b62700 1 -- 172.21.15.107:0/3967845524 wait complete.
2024-05-17T21:43:33.799 INFO:teuthology.orchestra.run.smithi107.stderr:2024-05-17T21:43:33.802+0000 7f7a06b62700 1 Processor -- start
2024-05-17T21:43:33.799 INFO:teuthology.orchestra.run.smithi107.stderr:2024-05-17T21:43:33.802+0000 7f7a06b62700 1 -- start start
2024-05-17T21:43:33.799 INFO:teuthology.orchestra.run.smithi107.stderr:2024-05-17T21:43:33.803+0000 7f7a06b62700 1 --2- >> [v2:172.21.15.107:3300/0,v1:172.21.15.107:6789/0] conn(0x7f7a00065d30 0x7f7a0010d090 unknown :-1 s=NONE pgs=0 cs=0 l=1 rev1=0 crypto rx=0 tx=0 comp rx=0 tx=0).connect
2024-05-17T21:43:33.799 INFO:teuthology.orchestra.run.smithi107.stderr:2024-05-17T21:43:33.803+0000 7f7a06b62700 1 -- --> [v2:172.21.15.107:3300/0,v1:172.21.15.107:6789/0] -- mon_getmap magic: 0 v1 -- 0x7f7a0010d5d0 con 0x7f7a00065d30
2024-05-17T21:43:33.799 INFO:teuthology.orchestra.run.smithi107.stderr:2024-05-17T21:43:33.803+0000 7f7a048fe700 1 --2- >> [v2:172.21.15.107:3300/0,v1:172.21.15.107:6789/0] conn(0x7f7a00065d30 0x7f7a0010d090 unknown :-1 s=BANNER_CONNECTING pgs=0 cs=0 l=1 rev1=0 crypto rx=0 tx=0 comp rx=0 tx=0)._handle_peer_banner_payload supported=3 required=0
2024-05-17T21:43:33.799 INFO:teuthology.orchestra.run.smithi107.stderr:2024-05-17T21:43:33.803+0000 7f7a048fe700 1 --2- >> [v2:172.21.15.107:3300/0,v1:172.21.15.107:6789/0] conn(0x7f7a00065d30 0x7f7a0010d090 unknown :-1 s=HELLO_CONNECTING pgs=0 cs=0 l=1 rev1=1 crypto rx=0 tx=0 comp rx=0 tx=0).handle_hello peer v2:172.21.15.107:3300/0 says I am v2:172.21.15.107:33094/0 (socket says 172.21.15.107:33094)
2024-05-17T21:43:33.799 INFO:teuthology.orchestra.run.smithi107.stderr:2024-05-17T21:43:33.803+0000 7f7a048fe700 1 -- 172.21.15.107:0/1665255867 learned_addr learned my addr 172.21.15.107:0/1665255867 (peer_addr_for_me v2:172.21.15.107:0/0)
2024-05-17T21:43:33.799 INFO:teuthology.orchestra.run.smithi107.stderr:2024-05-17T21:43:33.803+0000 7f7a048fe700 1 -- 172.21.15.107:0/1665255867 --> [v2:172.21.15.107:3300/0,v1:172.21.15.107:6789/0] -- mon_subscribe({config=0+,monmap=0+}) v3 -- 0x7f79f4005040 con 0x7f7a00065d30
2024-05-17T21:43:33.799 INFO:teuthology.orchestra.run.smithi107.stderr:2024-05-17T21:43:33.803+0000 7f7a048fe700 1 --2- 172.21.15.107:0/1665255867 >> [v2:172.21.15.107:3300/0,v1:172.21.15.107:6789/0] conn(0x7f7a00065d30 0x7f7a0010d090 secure :-1 s=READY pgs=91 cs=0 l=1 rev1=1 crypto rx=0x7f79f4009680 tx=0x7f79f4009e30 comp rx=0 tx=0).ready entity=mon.0 client_cookie=0 server_cookie=0 in_seq=0 out_seq=0
2024-05-17T21:43:33.799 INFO:teuthology.orchestra.run.smithi107.stderr:2024-05-17T21:43:33.803+0000 7f79fd7fa700 1 -- 172.21.15.107:0/1665255867 <== mon.0 v2:172.21.15.107:3300/0 1 ==== mon_map magic: 0 v1 ==== 229+0+0 (secure 0 0 0) 0x7f79f400bed0 con 0x7f7a00065d30
2024-05-17T21:43:33.800 INFO:teuthology.orchestra.run.smithi107.stderr:2024-05-17T21:43:33.803+0000 7f79fd7fa700 1 -- 172.21.15.107:0/1665255867 <== mon.0 v2:172.21.15.107:3300/0 2 ==== config(27 keys) v1 ==== 1109+0+0 (secure 0 0 0) 0x7f79f400b5c0 con 0x7f7a00065d30
2024-05-17T21:43:33.800 INFO:teuthology.orchestra.run.smithi107.stderr:2024-05-17T21:43:33.803+0000 7f7a06b62700 1 -- 172.21.15.107:0/1665255867 --> [v2:172.21.15.107:3300/0,v1:172.21.15.107:6789/0] -- mon_subscribe({mgrmap=0+}) v3 -- 0x7f7a0010d7d0 con 0x7f7a00065d30
2024-05-17T21:43:33.800 INFO:teuthology.orchestra.run.smithi107.stderr:2024-05-17T21:43:33.803+0000 7f79fd7fa700 1 -- 172.21.15.107:0/1665255867 <== mon.0 v2:172.21.15.107:3300/0 3 ==== mon_map magic: 0 v1 ==== 229+0+0 (secure 0 0 0) 0x7f79f401c5b0 con 0x7f7a00065d30
2024-05-17T21:43:33.800 INFO:teuthology.orchestra.run.smithi107.stderr:2024-05-17T21:43:33.804+0000 7f7a06b62700 1 -- 172.21.15.107:0/1665255867 --> [v2:172.21.15.107:3300/0,v1:172.21.15.107:6789/0] -- mon_subscribe({osdmap=0}) v3 -- 0x7f7a0010e340 con 0x7f7a00065d30
2024-05-17T21:43:33.801 INFO:teuthology.orchestra.run.smithi107.stderr:2024-05-17T21:43:33.804+0000 7f7a06b62700 1 -- 172.21.15.107:0/1665255867 --> [v2:172.21.15.107:3300/0,v1:172.21.15.107:6789/0] -- mon_command({"prefix": "get_command_descriptions"} v 0) v1 -- 0x7f7a00102f40 con 0x7f7a00065d30
2024-05-17T21:43:33.801 INFO:teuthology.orchestra.run.smithi107.stderr:2024-05-17T21:43:33.804+0000 7f79fd7fa700 1 -- 172.21.15.107:0/1665255867 <== mon.0 v2:172.21.15.107:3300/0 4 ==== mgrmap(e 13) v1 ==== 43433+0+0 (secure 0 0 0) 0x7f79f401c710 con 0x7f7a00065d30
2024-05-17T21:43:33.801 INFO:teuthology.orchestra.run.smithi107.stderr:2024-05-17T21:43:33.805+0000 7f79fd7fa700 1 --2- 172.21.15.107:0/1665255867 >> [v2:172.21.15.107:6800/3405524625,v1:172.21.15.107:6801/3405524625] conn(0x7f79f00368d0 0x7f79f0038d80 unknown :-1 s=NONE pgs=0 cs=0 l=1 rev1=0 crypto rx=0 tx=0 comp rx=0 tx=0).connect
2024-05-17T21:43:33.801 INFO:teuthology.orchestra.run.smithi107.stderr:2024-05-17T21:43:33.805+0000 7f79fd7fa700 1 -- 172.21.15.107:0/1665255867 <== mon.0 v2:172.21.15.107:3300/0 5 ==== osd_map(3..3 src has 1..3) v4 ==== 1151+0+0 (secure 0 0 0) 0x7f79f4049960 con 0x7f7a00065d30
2024-05-17T21:43:33.801 INFO:teuthology.orchestra.run.smithi107.stderr:2024-05-17T21:43:33.805+0000 7f79fffff700 1 --2- 172.21.15.107:0/1665255867 >> [v2:172.21.15.107:6800/3405524625,v1:172.21.15.107:6801/3405524625] conn(0x7f79f00368d0 0x7f79f0038d80 unknown :-1 s=BANNER_CONNECTING pgs=0 cs=0 l=1 rev1=0 crypto rx=0 tx=0 comp rx=0 tx=0)._handle_peer_banner_payload supported=3 required=0
2024-05-17T21:43:33.801 INFO:teuthology.orchestra.run.smithi107.stderr:2024-05-17T21:43:33.805+0000 7f79fffff700 1 --2- 172.21.15.107:0/1665255867 >> [v2:172.21.15.107:6800/3405524625,v1:172.21.15.107:6801/3405524625] conn(0x7f79f00368d0 0x7f79f0038d80 secure :-1 s=READY pgs=12 cs=0 l=1 rev1=1 crypto rx=0x7f79ec009990 tx=0x7f79ec006e40 comp rx=0 tx=0).ready entity=mgr.14162 client_cookie=0 server_cookie=0 in_seq=0 out_seq=0
2024-05-17T21:43:33.807 INFO:teuthology.orchestra.run.smithi107.stderr:2024-05-17T21:43:33.812+0000 7f79fd7fa700 1 -- 172.21.15.107:0/1665255867 <== mon.0 v2:172.21.15.107:3300/0 6 ==== mon_command_ack([{"prefix": "get_command_descriptions"}]=0 v0) v1 ==== 72+0+176702 (secure 0 0 0) 0x7f79f4025400 con 0x7f7a00065d30
2024-05-17T21:43:34.024 INFO:teuthology.orchestra.run.smithi107.stderr:2024-05-17T21:43:34.030+0000 7f7a06b62700 1 -- 172.21.15.107:0/1665255867 --> [v2:172.21.15.107:3300/0,v1:172.21.15.107:6789/0] -- mon_command([{prefix=config set, name=mgr/cephadm/allow_ptrace}] v 0) v1 -- 0x7f7a0005f5c0 con 0x7f7a00065d30
2024-05-17T21:43:34.030 INFO:teuthology.orchestra.run.smithi107.stderr:2024-05-17T21:43:34.035+0000 7f79fd7fa700 1 -- 172.21.15.107:0/1665255867 <== mon.0 v2:172.21.15.107:3300/0 7 ==== mon_command_ack([{prefix=config set, name=mgr/cephadm/allow_ptrace}]=0 v9)=0 v9) v1 ==== 125+0+0 (secure 0 0 0) 0x7f79f4011b60 con 0x7f7a00065d30
2024-05-17T21:43:34.032 INFO:teuthology.orchestra.run.smithi107.stderr:2024-05-17T21:43:34.037+0000 7f7a06b62700 1 -- 172.21.15.107:0/1665255867 >> [v2:172.21.15.107:6800/3405524625,v1:172.21.15.107:6801/3405524625] conn(0x7f79f00368d0 msgr2=0x7f79f0038d80 secure :-1 s=STATE_CONNECTION_ESTABLISHED l=1).mark_down
2024-05-17T21:43:34.032 INFO:teuthology.orchestra.run.smithi107.stderr:2024-05-17T21:43:34.037+0000 7f7a06b62700 1 --2- 172.21.15.107:0/1665255867 >> [v2:172.21.15.107:6800/3405524625,v1:172.21.15.107:6801/3405524625] conn(0x7f79f00368d0 0x7f79f0038d80 secure :-1 s=READY pgs=12 cs=0 l=1 rev1=1 crypto rx=0x7f79ec009990 tx=0x7f79ec006e40 comp rx=0 tx=0).stop
2024-05-17T21:43:34.032 INFO:teuthology.orchestra.run.smithi107.stderr:2024-05-17T21:43:34.037+0000 7f7a06b62700 1 -- 172.21.15.107:0/1665255867 >> [v2:172.21.15.107:3300/0,v1:172.21.15.107:6789/0] conn(0x7f7a00065d30 msgr2=0x7f7a0010d090 secure :-1 s=STATE_CONNECTION_ESTABLISHED l=1).mark_down
2024-05-17T21:43:34.032 INFO:teuthology.orchestra.run.smithi107.stderr:2024-05-17T21:43:34.037+0000 7f7a06b62700 1 --2- 172.21.15.107:0/1665255867 >> [v2:172.21.15.107:3300/0,v1:172.21.15.107:6789/0] conn(0x7f7a00065d30 0x7f7a0010d090 secure :-1 s=READY pgs=91 cs=0 l=1 rev1=1 crypto rx=0x7f79f4009680 tx=0x7f79f4009e30 comp rx=0 tx=0).stop
2024-05-17T21:43:34.032 INFO:teuthology.orchestra.run.smithi107.stderr:2024-05-17T21:43:34.037+0000 7f7a06b62700 1 -- 172.21.15.107:0/1665255867 shutdown_connections
2024-05-17T21:43:34.032 INFO:teuthology.orchestra.run.smithi107.stderr:2024-05-17T21:43:34.037+0000 7f7a06b62700 1 --2- 172.21.15.107:0/1665255867 >> [v2:172.21.15.107:6800/3405524625,v1:172.21.15.107:6801/3405524625] conn(0x7f79f00368d0 0x7f79f0038d80 unknown :-1 s=CLOSED pgs=12 cs=0 l=1 rev1=1 crypto rx=0 tx=0 comp rx=0 tx=0).stop
