2024-05-20T16:04:00.241+0000 7f522cff9700 1 -- 172.21.15.82:0/3420475560 <== mon.0 v2:172.21.15.82:3300/0 7 ==== mon_command_ack([{"prefix": "status", "format": "json-pretty"}]=0 v0) ==== 79+0+1239 (secure 0 0 0) 0x7f5220025460 con 0x7f523007bcc0
2024-05-20T16:04:06.116 INFO:teuthology.orchestra.run.smithi082.stdout:/usr/bin/ceph: stderr
2024-05-20T16:04:00.242+0000 7f5235af2700 1 -- 172.21.15.82:0/3420475560 >> [v2:172.21.15.82:3300/0,v1:172.21.15.82:6789/0] conn(0x7f523007bcc0 msgr2=0x7f523019cd70 secure :-1 s=STATE_CONNECTION_ESTABLISHED l=1).mark_down
2024-05-20T16:04:06.116 INFO:teuthology.orchestra.run.smithi082.stdout:/usr/bin/ceph: stderr
2024-05-20T16:04:00.242+0000 7f5235af2700 1 --2- 172.21.15.82:0/3420475560 >> [v2:172.21.15.82:3300/0,v1:172.21.15.82:6789/0] conn(0x7f523007bcc0 0x7f523019cd70 secure :-1 s=READY pgs=8 cs=0 l=1 rev1=1 crypto rx=0x7f5220011850 tx=0x7f5220011c10 comp rx=0 tx=0).stop
2024-05-20T16:04:06.116 INFO:teuthology.orchestra.run.smithi082.stdout:/usr/bin/ceph: stderr
2024-05-20T16:04:00.243+0000 7f5235af2700 1 -- 172.21.15.82:0/3420475560 shutdown_connections
2024-05-20T16:04:06.117 INFO:teuthology.orchestra.run.smithi082.stdout:/usr/bin/ceph: stderr
2024-05-20T16:04:00.243+0000 7f5235af2700 1 --2- 172.21.15.82:0/3420475560 >> [v2:172.21.15.82:3300/0,v1:172.21.15.82:6789/0] conn(0x7f523007bcc0 0x7f523019cd70 unknown :-1 s=CLOSED pgs=8 cs=0 l=1 rev1=1 crypto rx=0 tx=0 comp rx=0 tx=0).stop
2024-05-20T16:04:06.117 INFO:teuthology.orchestra.run.smithi082.stdout:/usr/bin/ceph: stderr
2024-05-20T16:04:00.243+0000 7f5235af2700 1 -- 172.21.15.82:0/3420475560 >> 172.21.15.82:0/3420475560 conn(0x7f5230103070 msgr2=0x7f5230104920 unknown :-1 s=STATE_NONE l=0).mark_down
2024-05-20T16:04:06.117 INFO:teuthology.orchestra.run.smithi082.stdout:/usr/bin/ceph: stderr
2024-05-20T16:04:00.243+0000 7f5235af2700 1 -- 172.21.15.82:0/3420475560 shutdown_connections
2024-05-20T16:04:06.117 INFO:teuthology.orchestra.run.smithi082.stdout:/usr/bin/ceph: stderr
2024-05-20T16:04:00.243+0000 7f5235af2700 1 -- 172.21.15.82:0/3420475560 wait complete.
2024-05-20T16:04:06.117 INFO:teuthology.orchestra.run.smithi082.stdout:mgr not available, waiting (2/15)...
2024-05-20T16:04:09.110 INFO:journalctl@ceph.mon.a.smithi082.stdout:May 20 16:04:08 smithi082 ceph-mon[32238]: from='client.? 172.21.15.82:0/134581828' entity='client.admin' cmd=[{"prefix": "status", "format": "json-pretty"}]: dispatch
2024-05-20T16:04:09.357 INFO:teuthology.orchestra.run.smithi082.stdout:/usr/bin/ceph: stdout
2024-05-20T16:04:09.358 INFO:teuthology.orchestra.run.smithi082.stdout:/usr/bin/ceph: stdout {
2024-05-20T16:04:09.358 INFO:teuthology.orchestra.run.smithi082.stdout:/usr/bin/ceph: stdout "fsid": "59d1600a-16c2-11ef-bc9a-c7b262605968",
2024-05-20T16:04:09.358 INFO:teuthology.orchestra.run.smithi082.stdout:/usr/bin/ceph: stdout "health": {
2024-05-20T16:04:09.358 INFO:teuthology.orchestra.run.smithi082.stdout:/usr/bin/ceph: stdout "status": "HEALTH_OK",
2024-05-20T16:04:09.358 INFO:teuthology.orchestra.run.smithi082.stdout:/usr/bin/ceph: stdout "checks": {},
2024-05-20T16:04:09.358 INFO:teuthology.orchestra.run.smithi082.stdout:/usr/bin/ceph: stdout "mutes": []
2024-05-20T16:04:09.358 INFO:teuthology.orchestra.run.smithi082.stdout:/usr/bin/ceph: stdout },
2024-05-20T16:04:09.358 INFO:teuthology.orchestra.run.smithi082.stdout:/usr/bin/ceph: stdout "election_epoch": 5,
2024-05-20T16:04:09.358 INFO:teuthology.orchestra.run.smithi082.stdout:/usr/bin/ceph: stdout "quorum": [
2024-05-20T16:04:09.358 INFO:teuthology.orchestra.run.smithi082.stdout:/usr/bin/ceph: stdout 0
2024-05-20T16:04:09.358 INFO:teuthology.orchestra.run.smithi082.stdout:/usr/bin/ceph: stdout ],
2024-05-20T16:04:09.358 INFO:teuthology.orchestra.run.smithi082.stdout:/usr/bin/ceph: stdout "quorum_names": [
2024-05-20T16:04:09.359 INFO:teuthology.orchestra.run.smithi082.stdout:/usr/bin/ceph: stdout "a"
2024-05-20T16:04:09.359 INFO:teuthology.orchestra.run.smithi082.stdout:/usr/bin/ceph: stdout ],
2024-05-20T16:04:09.359 INFO:teuthology.orchestra.run.smithi082.stdout:/usr/bin/ceph: stdout "quorum_age": 17,
2024-05-20T16:04:09.359 INFO:teuthology.orchestra.run.smithi082.stdout:/usr/bin/ceph: stdout "monmap": {
2024-05-20T16:04:09.359 INFO:teuthology.orchestra.run.smithi082.stdout:/usr/bin/ceph: stdout "epoch": 1,
2024-05-20T16:04:09.359 INFO:teuthology.orchestra.run.smithi082.stdout:/usr/bin/ceph: stdout "min_mon_release_name": "squid",
2024-05-20T16:04:09.359 INFO:teuthology.orchestra.run.smithi082.stdout:/usr/bin/ceph: stdout "num_mons": 1
2024-05-20T16:04:09.359 INFO:teuthology.orchestra.run.smithi082.stdout:/usr/bin/ceph: stdout },
2024-05-20T16:04:09.359 INFO:teuthology.orchestra.run.smithi082.stdout:/usr/bin/ceph: stdout "osdmap": {
2024-05-20T16:04:09.359 INFO:teuthology.orchestra.run.smithi082.stdout:/usr/bin/ceph: stdout "epoch": 1,
2024-05-20T16:04:09.359 INFO:teuthology.orchestra.run.smithi082.stdout:/usr/bin/ceph: stdout "num_osds": 0,
2024-05-20T16:04:09.359 INFO:teuthology.orchestra.run.smithi082.stdout:/usr/bin/ceph: stdout "num_up_osds": 0,
2024-05-20T16:04:09.359 INFO:teuthology.orchestra.run.smithi082.stdout:/usr/bin/ceph: stdout "osd_up_since": 0,
2024-05-20T16:04:09.367 INFO:teuthology.orchestra.run.smithi082.stdout:/usr/bin/ceph: stdout "num_in_osds": 0,
2024-05-20T16:04:09.367 INFO:teuthology.orchestra.run.smithi082.stdout:/usr/bin/ceph: stdout "osd_in_since": 0,
2024-05-20T16:04:09.367 INFO:teuthology.orchestra.run.smithi082.stdout:/usr/bin/ceph: stdout "num_remapped_pgs": 0
2024-05-20T16:04:09.368 INFO:teuthology.orchestra.run.smithi082.stdout:/usr/bin/ceph: stdout },
2024-05-20T16:04:09.368 INFO:teuthology.orchestra.run.smithi082.stdout:/usr/bin/ceph: stdout "pgmap": {
2024-05-20T16:04:09.368 INFO:teuthology.orchestra.run.smithi082.stdout:/usr/bin/ceph: stdout "pgs_by_state": [],
2024-05-20T16:04:09.368 INFO:teuthology.orchestra.run.smithi082.stdout:/usr/bin/ceph: stdout "num_pgs": 0,
2024-05-20T16:04:09.368 INFO:teuthology.orchestra.run.smithi082.stdout:/usr/bin/ceph: stdout "num_pools": 0,
2024-05-20T16:04:09.368 INFO:teuthology.orchestra.run.smithi082.stdout:/usr/bin/ceph: stdout "num_objects": 0,
2024-05-20T16:04:09.368 INFO:teuthology.orchestra.run.smithi082.stdout:/usr/bin/ceph: stdout "data_bytes": 0,
2024-05-20T16:04:09.368 INFO:teuthology.orchestra.run.smithi082.stdout:/usr/bin/ceph: stdout "bytes_used": 0,
2024-05-20T16:04:09.368 INFO:teuthology.orchestra.run.smithi082.stdout:/usr/bin/ceph: stdout "bytes_avail": 0,
2024-05-20T16:04:09.368 INFO:teuthology.orchestra.run.smithi082.stdout:/usr/bin/ceph: stdout "bytes_total": 0
2024-05-20T16:04:09.368 INFO:teuthology.orchestra.run.smithi082.stdout:/usr/bin/ceph: stdout },
2024-05-20T16:04:09.368 INFO:teuthology.orchestra.run.smithi082.stdout:/usr/bin/ceph: stdout "fsmap": {
2024-05-20T16:04:09.368 INFO:teuthology.orchestra.run.smithi082.stdout:/usr/bin/ceph: stdout "epoch": 1,
2024-05-20T16:04:09.368 INFO:teuthology.orchestra.run.smithi082.stdout:/usr/bin/ceph: stdout "by_rank": [],
2024-05-20T16:04:09.369 INFO:teuthology.orchestra.run.smithi082.stdout:/usr/bin/ceph: stdout "up:standby": 0
2024-05-20T16:04:09.369 INFO:teuthology.orchestra.run.smithi082.stdout:/usr/bin/ceph: stdout },
2024-05-20T16:04:09.369 INFO:teuthology.orchestra.run.smithi082.stdout:/usr/bin/ceph: stdout "mgrmap": {
2024-05-20T16:04:09.369 INFO:teuthology.orchestra.run.smithi082.stdout:/usr/bin/ceph: stdout "available": true,
2024-05-20T16:04:09.369 INFO:teuthology.orchestra.run.smithi082.stdout:/usr/bin/ceph: stdout "num_standbys": 0,
2024-05-20T16:04:09.369 INFO:teuthology.orchestra.run.smithi082.stdout:/usr/bin/ceph: stdout "modules": [
2024-05-20T16:04:09.369 INFO:teuthology.orchestra.run.smithi082.stdout:/usr/bin/ceph: stdout "iostat",
2024-05-20T16:04:09.369 INFO:teuthology.orchestra.run.smithi082.stdout:/usr/bin/ceph: stdout "nfs",
2024-05-20T16:04:09.369 INFO:teuthology.orchestra.run.smithi082.stdout:/usr/bin/ceph: stdout "restful"
2024-05-20T16:04:09.369 INFO:teuthology.orchestra.run.smithi082.stdout:/usr/bin/ceph: stdout ],
2024-05-20T16:04:09.369 INFO:teuthology.orchestra.run.smithi082.stdout:/usr/bin/ceph: stdout "services": {}
2024-05-20T16:04:09.369 INFO:teuthology.orchestra.run.smithi082.stdout:/usr/bin/ceph: stdout },
2024-05-20T16:04:09.369 INFO:teuthology.orchestra.run.smithi082.stdout:/usr/bin/ceph: stdout "servicemap": {
2024-05-20T16:04:09.370 INFO:teuthology.orchestra.run.smithi082.stdout:/usr/bin/ceph: stdout "epoch": 1,
2024-05-20T16:04:09.370 INFO:teuthology.orchestra.run.smithi082.stdout:/usr/bin/ceph: stdout "modified": "2024-05-20T16:03:46.612160+0000",
2024-05-20T16:04:09.370 INFO:teuthology.orchestra.run.smithi082.stdout:/usr/bin/ceph: stdout "services": {}
2024-05-20T16:04:09.370 INFO:teuthology.orchestra.run.smithi082.stdout:/usr/bin/ceph: stdout },
2024-05-20T16:04:09.370 INFO:teuthology.orchestra.run.smithi082.stdout:/usr/bin/ceph: stdout "progress_events": {}
2024-05-20T16:04:09.370 INFO:teuthology.orchestra.run.smithi082.stdout:/usr/bin/ceph: stdout }
2024-05-20T16:04:09.370 INFO:teuthology.orchestra.run.smithi082.stdout:/usr/bin/ceph: stderr
2024-05-20T16:04:08.531+0000 7f3f5c587700 1 Processor -- start
2024-05-20T16:04:09.370 INFO:teuthology.orchestra.run.smithi082.stdout:/usr/bin/ceph: stderr
2024-05-20T16:04:08.531+0000 7f3f5c587700 1 -- start start
2024-05-20T16:04:09.370 INFO:teuthology.orchestra.run.smithi082.stdout:/usr/bin/ceph: stderr
2024-05-20T16:04:08.531+0000 7f3f5c587700 1 --2- >> [v2:172.21.15.82:3300/0,v1:172.21.15.82:6789/0] conn(0x7f3f5407bcc0 0x7f3f5410b5c0 unknown :-1 s=NONE pgs=0 cs=0 l=0 rev1=0 crypto rx=0 tx=0 comp rx=0 tx=0).connect
2024-05-20T16:04:09.370 INFO:teuthology.orchestra.run.smithi082.stdout:/usr/bin/ceph: stderr
2024-05-20T16:04:08.531+0000 7f3f5c587700 1 -- --> [v2:172.21.15.82:3300/0,v1:172.21.15.82:6789/0] -- mon_getmap magic: 0 -- 0x7f3f5410bbd0 con 0x7f3f5407bcc0
2024-05-20T16:04:09.370 INFO:teuthology.orchestra.run.smithi082.stdout:/usr/bin/ceph: stderr
2024-05-20T16:04:08.531+0000 7f3f5a323700 1 --2- >> [v2:172.21.15.82:3300/0,v1:172.21.15.82:6789/0] conn(0x7f3f5407bcc0 0x7f3f5410b5c0 unknown :-1 s=BANNER_CONNECTING pgs=0 cs=0 l=0 rev1=0 crypto rx=0 tx=0 comp rx=0 tx=0)._handle_peer_banner_payload supported=3 required=0
2024-05-20T16:04:09.370 INFO:teuthology.orchestra.run.smithi082.stdout:/usr/bin/ceph: stderr
2024-05-20T16:04:08.531+0000 7f3f5a323700 1 --2- >> [v2:172.21.15.82:3300/0,v1:172.21.15.82:6789/0] conn(0x7f3f5407bcc0 0x7f3f5410b5c0 unknown :-1 s=HELLO_CONNECTING pgs=0 cs=0 l=0 rev1=1 crypto rx=0 tx=0 comp rx=0 tx=0).handle_hello peer v2:172.21.15.82:3300/0 says I am v2:172.21.15.82:36036/0 (socket says 172.21.15.82:36036)
2024-05-20T16:04:09.370 INFO:teuthology.orchestra.run.smithi082.stdout:/usr/bin/ceph: stderr
2024-05-20T16:04:08.531+0000 7f3f5a323700 1 -- 172.21.15.82:0/3432759110 learned_addr learned my addr 172.21.15.82:0/3432759110 (peer_addr_for_me v2:172.21.15.82:0/0)
2024-05-20T16:04:09.371 INFO:teuthology.orchestra.run.smithi082.stdout:/usr/bin/ceph: stderr
2024-05-20T16:04:08.532+0000 7f3f5a323700 1 -- 172.21.15.82:0/3432759110 --> [v2:172.21.15.82:3300/0,v1:172.21.15.82:6789/0] -- mon_subscribe({config=0+,monmap=0+}) -- 0x7f3f5410bd50 con 0x7f3f5407bcc0
2024-05-20T16:04:09.371 INFO:teuthology.orchestra.run.smithi082.stdout:/usr/bin/ceph: stderr
2024-05-20T16:04:08.532+0000 7f3f5a323700 1 --2- 172.21.15.82:0/3432759110 >> [v2:172.21.15.82:3300/0,v1:172.21.15.82:6789/0] conn(0x7f3f5407bcc0 0x7f3f5410b5c0 secure :-1 s=READY pgs=16 cs=0 l=1 rev1=1 crypto rx=0x7f3f500098a0 tx=0x7f3f50009bb0 comp rx=0 tx=0).ready entity=mon.0 client_cookie=3348968e78072898 server_cookie=0 in_seq=0 out_seq=0
2024-05-20T16:04:09.371 INFO:teuthology.orchestra.run.smithi082.stdout:/usr/bin/ceph: stderr
2024-05-20T16:04:08.532+0000 7f3f59321700 1 -- 172.21.15.82:0/3432759110 <== mon.0 v2:172.21.15.82:3300/0 1 ==== mon_map magic: 0 ==== 205+0+0 (secure 0 0 0) 0x7f3f50004160 con 0x7f3f5407bcc0
2024-05-20T16:04:09.371 INFO:teuthology.orchestra.run.smithi082.stdout:/usr/bin/ceph: stderr
2024-05-20T16:04:08.532+0000 7f3f59321700 1 -- 172.21.15.82:0/3432759110 <== mon.0 v2:172.21.15.82:3300/0 2 ==== config(27 keys) ==== 1109+0+0 (secure 0 0 0) 0x7f3f50004300 con 0x7f3f5407bcc0
2024-05-20T16:04:09.371 INFO:teuthology.orchestra.run.smithi082.stdout:/usr/bin/ceph: stderr
2024-05-20T16:04:08.532+0000 7f3f59321700 1 -- 172.21.15.82:0/3432759110 <== mon.0 v2:172.21.15.82:3300/0 3 ==== mon_map magic: 0 ==== 205+0+0 (secure 0 0 0) 0x7f3f50011b50 con 0x7f3f5407bcc0
2024-05-20T16:04:09.371 INFO:teuthology.orchestra.run.smithi082.stdout:/usr/bin/ceph: stderr
2024-05-20T16:04:08.533+0000 7f3f5c587700 1 -- 172.21.15.82:0/3432759110 >> [v2:172.21.15.82:3300/0,v1:172.21.15.82:6789/0] conn(0x7f3f5407bcc0 msgr2=0x7f3f5410b5c0 secure :-1 s=STATE_CONNECTION_ESTABLISHED l=1).mark_down
2024-05-20T16:04:09.371 INFO:teuthology.orchestra.run.smithi082.stdout:/usr/bin/ceph: stderr
2024-05-20T16:04:08.533+0000 7f3f5c587700 1 --2- 172.21.15.82:0/3432759110 >> [v2:172.21.15.82:3300/0,v1:172.21.15.82:6789/0] conn(0x7f3f5407bcc0 0x7f3f5410b5c0 secure :-1 s=READY pgs=16 cs=0 l=1 rev1=1 crypto rx=0x7f3f500098a0 tx=0x7f3f50009bb0 comp rx=0 tx=0).stop
2024-05-20T16:04:09.371 INFO:teuthology.orchestra.run.smithi082.stdout:/usr/bin/ceph: stderr
2024-05-20T16:04:08.533+0000 7f3f5c587700 1 -- 172.21.15.82:0/3432759110 shutdown_connections
2024-05-20T16:04:09.371 INFO:teuthology.orchestra.run.smithi082.stdout:/usr/bin/ceph: stderr
2024-05-20T16:04:08.533+0000 7f3f5c587700 1 --2- 172.21.15.82:0/3432759110 >> [v2:172.21.15.82:3300/0,v1:172.21.15.82:6789/0] conn(0x7f3f5407bcc0 0x7f3f5410b5c0 unknown :-1 s=CLOSED pgs=16 cs=0 l=1 rev1=1 crypto rx=0 tx=0 comp rx=0 tx=0).stop
2024-05-20T16:04:09.371 INFO:teuthology.orchestra.run.smithi082.stdout:/usr/bin/ceph: stderr
2024-05-20T16:04:08.533+0000 7f3f5c587700 1 -- 172.21.15.82:0/3432759110 >> 172.21.15.82:0/3432759110 conn(0x7f3f54103070 msgr2=0x7f3f541054c0 unknown :-1 s=STATE_NONE l=0).mark_down
2024-05-20T16:04:09.371 INFO:teuthology.orchestra.run.smithi082.stdout:/usr/bin/ceph: stderr
2024-05-20T16:04:08.533+0000 7f3f5c587700 1 -- 172.21.15.82:0/3432759110 shutdown_connections
2024-05-20T16:04:09.371 INFO:teuthology.orchestra.run.smithi082.stdout:/usr/bin/ceph: stderr
2024-05-20T16:04:08.533+0000 7f3f5c587700 1 -- 172.21.15.82:0/3432759110 wait complete.
2024-05-20T16:04:09.371 INFO:teuthology.orchestra.run.smithi082.stdout:/usr/bin/ceph: stderr
2024-05-20T16:04:08.534+0000 7f3f5c587700 1 Processor -- start
2024-05-20T16:04:09.371 INFO:teuthology.orchestra.run.smithi082.stdout:/usr/bin/ceph: stderr
2024-05-20T16:04:08.534+0000 7f3f5c587700 1 -- start start
2024-05-20T16:04:09.372 INFO:teuthology.orchestra.run.smithi082.stdout:/usr/bin/ceph: stderr
2024-05-20T16:04:08.534+0000 7f3f5c587700 1 --2- >> [v2:172.21.15.82:3300/0,v1:172.21.15.82:6789/0] conn(0x7f3f5407bcc0 0x7f3f5419cd70 unknown :-1 s=NONE pgs=0 cs=0 l=1 rev1=0 crypto rx=0 tx=0 comp rx=0 tx=0).connect
2024-05-20T16:04:09.372 INFO:teuthology.orchestra.run.smithi082.stdout:/usr/bin/ceph: stderr
2024-05-20T16:04:08.534+0000 7f3f5c587700 1 -- --> [v2:172.21.15.82:3300/0,v1:172.21.15.82:6789/0] -- mon_getmap magic: 0 -- 0x7f3f5410ce30 con 0x7f3f5407bcc0
2024-05-20T16:04:09.372 INFO:teuthology.orchestra.run.smithi082.stdout:/usr/bin/ceph: stderr
2024-05-20T16:04:08.534+0000 7f3f5a323700 1 --2- >> [v2:172.21.15.82:3300/0,v1:172.21.15.82:6789/0] conn(0x7f3f5407bcc0 0x7f3f5419cd70 unknown :-1 s=BANNER_CONNECTING pgs=0 cs=0 l=1 rev1=0 crypto rx=0 tx=0 comp rx=0 tx=0)._handle_peer_banner_payload supported=3 required=0
2024-05-20T16:04:09.372 INFO:teuthology.orchestra.run.smithi082.stdout:/usr/bin/ceph: stderr
2024-05-20T16:04:08.534+0000 7f3f5a323700 1 --2- >> [v2:172.21.15.82:3300/0,v1:172.21.15.82:6789/0] conn(0x7f3f5407bcc0 0x7f3f5419cd70 unknown :-1 s=HELLO_CONNECTING pgs=0 cs=0 l=1 rev1=1 crypto rx=0 tx=0 comp rx=0 tx=0).handle_hello peer v2:172.21.15.82:3300/0 says I am v2:172.21.15.82:36044/0 (socket says 172.21.15.82:36044)
2024-05-20T16:04:09.372 INFO:teuthology.orchestra.run.smithi082.stdout:/usr/bin/ceph: stderr
2024-05-20T16:04:08.534+0000 7f3f5a323700 1 -- 172.21.15.82:0/134581828 learned_addr learned my addr 172.21.15.82:0/134581828 (peer_addr_for_me v2:172.21.15.82:0/0)
2024-05-20T16:04:09.372 INFO:teuthology.orchestra.run.smithi082.stdout:/usr/bin/ceph: stderr
2024-05-20T16:04:08.534+0000 7f3f5a323700 1 -- 172.21.15.82:0/134581828 --> [v2:172.21.15.82:3300/0,v1:172.21.15.82:6789/0] -- mon_subscribe({config=0+,monmap=0+}) -- 0x7f3f5419d2b0 con 0x7f3f5407bcc0
2024-05-20T16:04:09.372 INFO:teuthology.orchestra.run.smithi082.stdout:/usr/bin/ceph: stderr
2024-05-20T16:04:08.534+0000 7f3f5a323700 1 --2- 172.21.15.82:0/134581828 >> [v2:172.21.15.82:3300/0,v1:172.21.15.82:6789/0] conn(0x7f3f5407bcc0 0x7f3f5419cd70 secure :-1 s=READY pgs=17 cs=0 l=1 rev1=1 crypto rx=0x7f3f50011850 tx=0x7f3f50011c10 comp rx=0 tx=0).ready entity=mon.0 client_cookie=0 server_cookie=0 in_seq=0 out_seq=0
2024-05-20T16:04:09.372 INFO:teuthology.orchestra.run.smithi082.stdout:/usr/bin/ceph: stderr
2024-05-20T16:04:08.535+0000 7f3f4b7fe700 1 -- 172.21.15.82:0/134581828 <== mon.0 v2:172.21.15.82:3300/0 1 ==== mon_map magic: 0 ==== 205+0+0 (secure 0 0 0) 0x7f3f50003af0 con 0x7f3f5407bcc0
2024-05-20T16:04:09.372 INFO:teuthology.orchestra.run.smithi082.stdout:/usr/bin/ceph: stderr
2024-05-20T16:04:08.535+0000 7f3f5c587700 1 -- 172.21.15.82:0/134581828 --> [v2:172.21.15.82:3300/0,v1:172.21.15.82:6789/0] -- mon_subscribe({mgrmap=0+}) -- 0x7f3f5419d540 con 0x7f3f5407bcc0
2024-05-20T16:04:09.372 INFO:teuthology.orchestra.run.smithi082.stdout:/usr/bin/ceph: stderr
2024-05-20T16:04:08.535+0000 7f3f4b7fe700 1 -- 172.21.15.82:0/134581828 <== mon.0 v2:172.21.15.82:3300/0 2 ==== config(27 keys) ==== 1109+0+0 (secure 0 0 0) 0x7f3f50020070 con 0x7f3f5407bcc0
2024-05-20T16:04:09.372 INFO:teuthology.orchestra.run.smithi082.stdout:/usr/bin/ceph: stderr
2024-05-20T16:04:08.535+0000 7f3f4b7fe700 1 -- 172.21.15.82:0/134581828 <== mon.0 v2:172.21.15.82:3300/0 3 ==== mon_map magic: 0 ==== 205+0+0 (secure 0 0 0) 0x7f3f500195a0 con 0x7f3f5407bcc0
2024-05-20T16:04:09.372 INFO:teuthology.orchestra.run.smithi082.stdout:/usr/bin/ceph: stderr
2024-05-20T16:04:08.535+0000 7f3f5c587700 1 -- 172.21.15.82:0/134581828 --> [v2:172.21.15.82:3300/0,v1:172.21.15.82:6789/0] -- mon_subscribe({osdmap=0}) -- 0x7f3f541a0150 con 0x7f3f5407bcc0
2024-05-20T16:04:09.372 INFO:teuthology.orchestra.run.smithi082.stdout:/usr/bin/ceph: stderr
2024-05-20T16:04:08.536+0000 7f3f4b7fe700 1 -- 172.21.15.82:0/134581828 <== mon.0 v2:172.21.15.82:3300/0 4 ==== mgrmap(e 4) ==== 46276+0+0 (secure 0 0 0) 0x7f3f500198a0 con 0x7f3f5407bcc0
2024-05-20T16:04:09.372 INFO:teuthology.orchestra.run.smithi082.stdout:/usr/bin/ceph: stderr
2024-05-20T16:04:08.536+0000 7f3f4b7fe700 1 --2- 172.21.15.82:0/134581828 >> [v2:172.21.15.82:6800/1959459348,v1:172.21.15.82:6801/1959459348] conn(0x7f3f400390c0 0x7f3f4003b5d0 unknown :-1 s=NONE pgs=0 cs=0 l=1 rev1=0 crypto rx=0 tx=0 comp rx=0 tx=0).connect
2024-05-20T16:04:09.373 INFO:teuthology.orchestra.run.smithi082.stdout:/usr/bin/ceph: stderr
2024-05-20T16:04:08.536+0000 7f3f4b7fe700 1 -- 172.21.15.82:0/134581828 <== mon.0 v2:172.21.15.82:3300/0 5 ==== osd_map(1..1 src has 1..1) ==== 725+0+0 (secure 0 0 0) 0x7f3f50011e00 con 0x7f3f5407bcc0
2024-05-20T16:04:09.373 INFO:teuthology.orchestra.run.smithi082.stdout:/usr/bin/ceph: stderr
2024-05-20T16:04:08.536+0000 7f3f5c587700 1 -- 172.21.15.82:0/134581828 --> [v2:172.21.15.82:3300/0,v1:172.21.15.82:6789/0] -- mon_command({"prefix": "get_command_descriptions"} v 0) -- 0x7f3f54063ca0 con 0x7f3f5407bcc0
2024-05-20T16:04:09.373 INFO:teuthology.orchestra.run.smithi082.stdout:/usr/bin/ceph: stderr
2024-05-20T16:04:08.536+0000 7f3f59b22700 1 --2- 172.21.15.82:0/134581828 >> [v2:172.21.15.82:6800/1959459348,v1:172.21.15.82:6801/1959459348] conn(0x7f3f400390c0 0x7f3f4003b5d0 unknown :-1 s=BANNER_CONNECTING pgs=0 cs=0 l=1 rev1=0 crypto rx=0 tx=0 comp rx=0 tx=0)._handle_peer_banner_payload supported=3 required=0
2024-05-20T16:04:09.373 INFO:teuthology.orchestra.run.smithi082.stdout:/usr/bin/ceph: stderr
2024-05-20T16:04:08.536+0000 7f3f59b22700 1 --2- 172.21.15.82:0/134581828 >> [v2:172.21.15.82:6800/1959459348,v1:172.21.15.82:6801/1959459348] conn(0x7f3f400390c0 0x7f3f4003b5d0 secure :-1 s=READY pgs=6 cs=0 l=1 rev1=1 crypto rx=0x7f3f44006fd0 tx=0x7f3f44006e40 comp rx=0 tx=0).ready entity=mgr.14100 client_cookie=0 server_cookie=0 in_seq=0 out_seq=0
2024-05-20T16:04:09.373 INFO:teuthology.orchestra.run.smithi082.stdout:/usr/bin/ceph: stderr
2024-05-20T16:04:08.542+0000 7f3f4b7fe700 1 -- 172.21.15.82:0/134581828 <== mon.0 v2:172.21.15.82:3300/0 6 ==== mon_command_ack([{"prefix": "get_command_descriptions"}]=0 v0) ==== 72+0+186418 (secure 0 0 0) 0x7f3f50003c90 con 0x7f3f5407bcc0
2024-05-20T16:04:09.373 INFO:teuthology.orchestra.run.smithi082.stdout:/usr/bin/ceph: stderr
2024-05-20T16:04:08.828+0000 7f3f5c587700 1 -- 172.21.15.82:0/134581828 --> [v2:172.21.15.82:3300/0,v1:172.21.15.82:6789/0] -- mon_command({"prefix": "status", "format": "json-pretty"} v 0) -- 0x7f3f541a0720 con 0x7f3f5407bcc0
2024-05-20T16:04:09.373 INFO:teuthology.orchestra.run.smithi082.stdout:/usr/bin/ceph: stderr
2024-05-20T16:04:08.829+0000 7f3f4b7fe700 1 -- 172.21.15.82:0/134581828 <== mon.0 v2:172.21.15.82:3300/0 7 ==== mon_command_ack([{"prefix": "status", "format": "json-pretty"}]=0 v0) ==== 79+0+1239 (secure 0 0 0) 0x7f3f50023530 con 0x7f3f5407bcc0
2024-05-20T16:04:09.373 INFO:teuthology.orchestra.run.smithi082.stdout:/usr/bin/ceph: stderr
2024-05-20T16:04:08.831+0000 7f3f5c587700 1 -- 172.21.15.82:0/134581828 >> [v2:172.21.15.82:6800/1959459348,v1:172.21.15.82:6801/1959459348] conn(0x7f3f400390c0 msgr2=0x7f3f4003b5d0 secure :-1 s=STATE_CONNECTION_ESTABLISHED l=1).mark_down
2024-05-20T16:04:09.373 INFO:teuthology.orchestra.run.smithi082.stdout:/usr/bin/ceph: stderr
2024-05-20T16:04:08.831+0000 7f3f5c587700 1 --2- 172.21.15.82:0/134581828 >> [v2:172.21.15.82:6800/1959459348,v1:172.21.15.82:6801/1959459348] conn(0x7f3f400390c0 0x7f3f4003b5d0 secure :-1 s=READY pgs=6 cs=0 l=1 rev1=1 crypto rx=0x7f3f44006fd0 tx=0x7f3f44006e40 comp rx=0 tx=0).stop
2024-05-20T16:04:09.373 INFO:teuthology.orchestra.run.smithi082.stdout:/usr/bin/ceph: stderr
2024-05-20T16:04:08.831+0000 7f3f5c587700 1 -- 172.21.15.82:0/134581828 >> [v2:172.21.15.82:3300/0,v1:172.21.15.82:6789/0] conn(0x7f3f5407bcc0 msgr2=0x7f3f5419cd70 secure :-1 s=STATE_CONNECTION_ESTABLISHED l=1).mark_down
2024-05-20T16:04:09.373 INFO:teuthology.orchestra.run.smithi082.stdout:/usr/bin/ceph: stderr
2024-05-20T16:04:08.831+0000 7f3f5c587700 1 --2- 172.21.15.82:0/134581828 >> [v2:172.21.15.82:3300/0,v1:172.21.15.82:6789/0] conn(0x7f3f5407bcc0 0x7f3f5419cd70 secure :-1 s=READY pgs=17 cs=0 l=1 rev1=1 crypto rx=0x7f3f50011850 tx=0x7f3f50011c10 comp rx=0 tx=0).stop
2024-05-20T16:04:09.373 INFO:teuthology.orchestra.run.smithi082.stdout:/usr/bin/ceph: stderr
2024-05-20T16:04:08.831+0000 7f3f5c587700 1 -- 172.21.15.82:0/134581828 shutdown_connections
2024-05-20T16:04:09.373 INFO:teuthology.orchestra.run.smithi082.stdout:/usr/bin/ceph: stderr
2024-05-20T16:04:08.831+0000 7f3f5c587700 1 --2- 172.21.15.82:0/134581828 >> [v2:172.21.15.82:6800/1959459348,v1:172.21.15.82:6801/1959459348] conn(0x7f3f400390c0 0x7f3f4003b5d0 unknown :-1 s=CLOSED pgs=6 cs=0 l=1 rev1=1 crypto rx=0 tx=0 comp rx=0 tx=0).stop
2024-05-20T16:04:09.373 INFO:teuthology.orchestra.run.smithi082.stdout:/usr/bin/ceph: stderr
2024-05-20T16:04:08.831+0000 7f3f5c587700 1 --2- 172.21.15.82:0/134581828 >> [v2:172.21.15.82:3300/0,v1:172.21.15.82:6789/0] conn(0x7f3f5407bcc0 0x7f3f5419cd70 unknown :-1 s=CLOSED pgs=17 cs=0 l=1 rev1=1 crypto rx=0 tx=0 comp rx=0 tx=0).stop
2024-05-20T16:04:09.374 INFO:teuthology.orchestra.run.smithi082.stdout:/usr/bin/ceph: stderr
2024-05-20T16:04:08.831+0000 7f3f5c587700 1 -- 172.21.15.82:0/134581828 >> 172.21.15.82:0/134581828 conn(0x7f3f54103070 msgr2=0x7f3f54104920 unknown :-1 s=STATE_NONE l=0).mark_down
2024-05-20T16:04:09.374 INFO:teuthology.orchestra.run.smithi082.stdout:/usr/bin/ceph: stderr
2024-05-20T16:04:08.831+0000 7f3f5c587700 1 -- 172.21.15.82:0/134581828 shutdown_connections
2024-05-20T16:04:09.374 INFO:teuthology.orchestra.run.smithi082.stdout:/usr/bin/ceph: stderr
2024-05-20T16:04:08.831+0000 7f3f5c587700 1 -- 172.21.15.82:0/134581828 wait complete.
2024-05-20T16:04:09.374 INFO:teuthology.orchestra.run.smithi082.stdout:mgr is available
2024-05-20T16:04:10.360 INFO:journalctl@ceph.mon.a.smithi082.stdout:May 20 16:04:10 smithi082 ceph-mon[32238]: from='client.? 172.21.15.82:0/1429849811' entity='client.admin' cmd=[{"prefix": "config assimilate-conf"}]: dispatch
2024-05-20T16:04:10.928 INFO:teuthology.orchestra.run.smithi082.stdout:/usr/bin/ceph: stdout
2024-05-20T16:04:10.935 INFO:teuthology.orchestra.run.smithi082.stdout:/usr/bin/ceph: stdout [global]
2024-05-20T16:04:10.935 INFO:teuthology.orchestra.run.smithi082.stdout:/usr/bin/ceph: stdout fsid = 59d1600a-16c2-11ef-bc9a-c7b262605968
2024-05-20T16:04:10.935 INFO:teuthology.orchestra.run.smithi082.stdout:/usr/bin/ceph: stdout mon_osd_allow_pg_remap = true
2024-05-20T16:04:10.935 INFO:teuthology.orchestra.run.smithi082.stdout:/usr/bin/ceph: stdout mon_osd_allow_primary_affinity = true
2024-05-20T16:04:10.935 INFO:teuthology.orchestra.run.smithi082.stdout:/usr/bin/ceph: stdout mon_warn_on_no_sortbitwise = false
2024-05-20T16:04:10.935 INFO:teuthology.orchestra.run.smithi082.stdout:/usr/bin/ceph: stdout osd_crush_chooseleaf_type = 0
2024-05-20T16:04:10.935 INFO:teuthology.orchestra.run.smithi082.stdout:/usr/bin/ceph: stdout
2024-05-20T16:04:10.935 INFO:teuthology.orchestra.run.smithi082.stdout:/usr/bin/ceph: stdout [mgr]
2024-05-20T16:04:10.935 INFO:teuthology.orchestra.run.smithi082.stdout:/usr/bin/ceph: stdout mgr/telemetry/nag = false
2024-05-20T16:04:10.935 INFO:teuthology.orchestra.run.smithi082.stdout:/usr/bin/ceph: stdout
2024-05-20T16:04:10.935 INFO:teuthology.orchestra.run.smithi082.stdout:/usr/bin/ceph: stdout [osd]
2024-05-20T16:04:10.935 INFO:teuthology.orchestra.run.smithi082.stdout:/usr/bin/ceph: stdout mon_osd_backfillfull_ratio = 0.85
2024-05-20T16:04:10.935 INFO:teuthology.orchestra.run.smithi082.stdout:/usr/bin/ceph: stdout mon_osd_full_ratio = 0.9
2024-05-20T16:04:10.936 INFO:teuthology.orchestra.run.smithi082.stdout:/usr/bin/ceph: stdout mon_osd_nearfull_ratio = 0.8
2024-05-20T16:04:10.936 INFO:teuthology.orchestra.run.smithi082.stdout:/usr/bin/ceph: stdout osd_map_max_advance = 10
2024-05-20T16:04:10.936 INFO:teuthology.orchestra.run.smithi082.stdout:/usr/bin/ceph: stdout osd_sloppy_crc = true
2024-05-20T16:04:10.936 INFO:teuthology.orchestra.run.smithi082.stdout:/usr/bin/ceph: stderr
2024-05-20T16:04:09.783+0000 7f0bd145b700 1 Processor -- start
2024-05-20T16:04:10.936 INFO:teuthology.orchestra.run.smithi082.stdout:/usr/bin/ceph: stderr
2024-05-20T16:04:09.783+0000 7f0bd145b700 1 -- start start
2024-05-20T16:04:10.936 INFO:teuthology.orchestra.run.smithi082.stdout:/usr/bin/ceph: stderr
2024-05-20T16:04:09.783+0000 7f0bd145b700 1 --2- >> [v2:172.21.15.82:3300/0,v1:172.21.15.82:6789/0] conn(0x7f0bcc108ae0 0x7f0bcc108ef0 unknown :-1 s=NONE pgs=0 cs=0 l=0 rev1=0 crypto rx=0 tx=0 comp rx=0 tx=0).connect
2024-05-20T16:04:10.936 INFO:teuthology.orchestra.run.smithi082.stdout:/usr/bin/ceph: stderr
2024-05-20T16:04:09.783+0000 7f0bd145b700 1 -- --> [v2:172.21.15.82:3300/0,v1:172.21.15.82:6789/0] -- mon_getmap magic: 0 -- 0x7f0bcc1094e0 con 0x7f0bcc108ae0
2024-05-20T16:04:10.936 INFO:teuthology.orchestra.run.smithi082.stdout:/usr/bin/ceph: stderr
2024-05-20T16:04:09.783+0000 7f0bcaffd700 1 --2- >> [v2:172.21.15.82:3300/0,v1:172.21.15.82:6789/0] conn(0x7f0bcc108ae0 0x7f0bcc108ef0 unknown :-1 s=BANNER_CONNECTING pgs=0 cs=0 l=0 rev1=0 crypto rx=0 tx=0 comp rx=0 tx=0)._handle_peer_banner_payload supported=3 required=0
2024-05-20T16:04:10.936 INFO:teuthology.orchestra.run.smithi082.stdout:/usr/bin/ceph: stderr
2024-05-20T16:04:09.784+0000 7f0bcaffd700 1 --2- >> [v2:172.21.15.82:3300/0,v1:172.21.15.82:6789/0] conn(0x7f0bcc108ae0 0x7f0bcc108ef0 unknown :-1 s=HELLO_CONNECTING pgs=0 cs=0 l=0 rev1=1 crypto rx=0 tx=0 comp rx=0 tx=0).handle_hello peer v2:172.21.15.82:3300/0 says I am v2:172.21.15.82:33858/0 (socket says 172.21.15.82:33858)
2024-05-20T16:04:10.936 INFO:teuthology.orchestra.run.smithi082.stdout:/usr/bin/ceph: stderr
2024-05-20T16:04:09.784+0000 7f0bcaffd700 1 -- 172.21.15.82:0/2496217031 learned_addr learned my addr 172.21.15.82:0/2496217031 (peer_addr_for_me v2:172.21.15.82:0/0)
2024-05-20T16:04:10.936 INFO:teuthology.orchestra.run.smithi082.stdout:/usr/bin/ceph: stderr
2024-05-20T16:04:09.784+0000 7f0bcaffd700 1 -- 172.21.15.82:0/2496217031 --> [v2:172.21.15.82:3300/0,v1:172.21.15.82:6789/0] -- mon_subscribe({config=0+,monmap=0+}) -- 0x7f0bcc109c10 con 0x7f0bcc108ae0
2024-05-20T16:04:10.936 INFO:teuthology.orchestra.run.smithi082.stdout:/usr/bin/ceph: stderr
2024-05-20T16:04:09.784+0000 7f0bcaffd700 1 --2- 172.21.15.82:0/2496217031 >> [v2:172.21.15.82:3300/0,v1:172.21.15.82:6789/0] conn(0x7f0bcc108ae0 0x7f0bcc108ef0 secure :-1 s=READY pgs=18 cs=0 l=1 rev1=1 crypto rx=0x7f0bbc0098a0 tx=0x7f0bbc009bb0 comp rx=0 tx=0).ready entity=mon.0 client_cookie=8295e815f51a6834 server_cookie=0 in_seq=0 out_seq=0
2024-05-20T16:04:10.936 INFO:teuthology.orchestra.run.smithi082.stdout:/usr/bin/ceph: stderr
2024-05-20T16:04:09.784+0000 7f0bc9ffb700 1 -- 172.21.15.82:0/2496217031 <== mon.0 v2:172.21.15.82:3300/0 1 ==== mon_map magic: 0 ==== 205+0+0 (secure 0 0 0) 0x7f0bbc004160 con 0x7f0bcc108ae0
2024-05-20T16:04:10.936 INFO:teuthology.orchestra.run.smithi082.stdout:/usr/bin/ceph: stderr
2024-05-20T16:04:09.784+0000 7f0bc9ffb700 1 -- 172.21.15.82:0/2496217031 <== mon.0 v2:172.21.15.82:3300/0 2 ==== config(27 keys) ==== 1109+0+0 (secure 0 0 0) 0x7f0bbc004300 con 0x7f0bcc108ae0
2024-05-20T16:04:10.937 INFO:teuthology.orchestra.run.smithi082.stdout:/usr/bin/ceph: stderr
2024-05-20T16:04:09.784+0000 7f0bc9ffb700 1 -- 172.21.15.82:0/2496217031 <== mon.0 v2:172.21.15.82:3300/0 3 ==== mon_map magic: 0 ==== 205+0+0 (secure 0 0 0) 0x7f0bbc011b50 con 0x7f0bcc108ae0
2024-05-20T16:04:10.937 INFO:teuthology.orchestra.run.smithi082.stdout:/usr/bin/ceph: stderr
2024-05-20T16:04:09.785+0000 7f0bd145b700 1 -- 172.21.15.82:0/2496217031 >> [v2:172.21.15.82:3300/0,v1:172.21.15.82:6789/0] conn(0x7f0bcc108ae0 msgr2=0x7f0bcc108ef0 secure :-1 s=STATE_CONNECTION_ESTABLISHED l=1).mark_down
2024-05-20T16:04:10.937 INFO:teuthology.orchestra.run.smithi082.stdout:/usr/bin/ceph: stderr
2024-05-20T16:04:09.785+0000 7f0bd145b700 1 --2- 172.21.15.82:0/2496217031 >> [v2:172.21.15.82:3300/0,v1:172.21.15.82:6789/0] conn(0x7f0bcc108ae0 0x7f0bcc108ef0 secure :-1 s=READY pgs=18 cs=0 l=1 rev1=1 crypto rx=0x7f0bbc0098a0 tx=0x7f0bbc009bb0 comp rx=0 tx=0).stop
2024-05-20T16:04:10.937 INFO:teuthology.orchestra.run.smithi082.stdout:/usr/bin/ceph: stderr
2024-05-20T16:04:09.785+0000 7f0bd145b700 1 -- 172.21.15.82:0/2496217031 shutdown_connections
2024-05-20T16:04:10.937 INFO:teuthology.orchestra.run.smithi082.stdout:/usr/bin/ceph: stderr
2024-05-20T16:04:09.785+0000 7f0bd145b700 1 --2- 172.21.15.82:0/2496217031 >> [v2:172.21.15.82:3300/0,v1:172.21.15.82:6789/0] conn(0x7f0bcc108ae0 0x7f0bcc108ef0 unknown :-1 s=CLOSED pgs=18 cs=0 l=1 rev1=1 crypto rx=0 tx=0 comp rx=0 tx=0).stop
2024-05-20T16:04:10.937 INFO:teuthology.orchestra.run.smithi082.stdout:/usr/bin/ceph: stderr
2024-05-20T16:04:09.785+0000 7f0bd145b700 1 -- 172.21.15.82:0/2496217031 >> 172.21.15.82:0/2496217031 conn(0x7f0bcc1041c0 msgr2=0x7f0bcc106610 unknown :-1 s=STATE_NONE l=0).mark_down
2024-05-20T16:04:10.937 INFO:teuthology.orchestra.run.smithi082.stdout:/usr/bin/ceph: stderr
2024-05-20T16:04:09.785+0000 7f0bd145b700 1 -- 172.21.15.82:0/2496217031 shutdown_connections
2024-05-20T16:04:10.937 INFO:teuthology.orchestra.run.smithi082.stdout:/usr/bin/ceph: stderr
2024-05-20T16:04:09.785+0000 7f0bd145b700 1 -- 172.21.15.82:0/2496217031 wait complete.
2024-05-20T16:04:10.937 INFO:teuthology.orchestra.run.smithi082.stdout:/usr/bin/ceph: stderr
2024-05-20T16:04:09.786+0000 7f0bd145b700 1 Processor -- start
2024-05-20T16:04:10.937 INFO:teuthology.orchestra.run.smithi082.stdout:/usr/bin/ceph: stderr
2024-05-20T16:04:09.786+0000 7f0bd145b700 1 -- start start
2024-05-20T16:04:10.937 INFO:teuthology.orchestra.run.smithi082.stdout:/usr/bin/ceph: stderr
2024-05-20T16:04:09.786+0000 7f0bd145b700 1 --2- >> [v2:172.21.15.82:3300/0,v1:172.21.15.82:6789/0] conn(0x7f0bcc108ae0 0x7f0bcc19cee0 unknown :-1 s=NONE pgs=0 cs=0 l=1 rev1=0 crypto rx=0 tx=0 comp rx=0 tx=0).connect
2024-05-20T16:04:10.937 INFO:teuthology.orchestra.run.smithi082.stdout:/usr/bin/ceph: stderr
2024-05-20T16:04:09.786+0000 7f0bd145b700 1 -- --> [v2:172.21.15.82:3300/0,v1:172.21.15.82:6789/0] -- mon_getmap magic: 0 -- 0x7f0bcc10cfc0 con 0x7f0bcc108ae0
2024-05-20T16:04:10.937 INFO:teuthology.orchestra.run.smithi082.stdout:/usr/bin/ceph: stderr
2024-05-20T16:04:09.786+0000 7f0bcaffd700 1 --2- >> [v2:172.21.15.82:3300/0,v1:172.21.15.82:6789/0] conn(0x7f0bcc108ae0 0x7f0bcc19cee0 unknown :-1 s=BANNER_CONNECTING pgs=0 cs=0 l=1 rev1=0 crypto rx=0 tx=0 comp rx=0 tx=0)._handle_peer_banner_payload supported=3 required=0
2024-05-20T16:04:10.937 INFO:teuthology.orchestra.run.smithi082.stdout:/usr/bin/ceph: stderr
2024-05-20T16:04:09.786+0000 7f0bcaffd700 1 --2- >> [v2:172.21.15.82:3300/0,v1:172.21.15.82:6789/0] conn(0x7f0bcc108ae0 0x7f0bcc19cee0 unknown :-1 s=HELLO_CONNECTING pgs=0 cs=0 l=1 rev1=1 crypto rx=0 tx=0 comp rx=0 tx=0).handle_hello peer v2:172.21.15.82:3300/0 says I am v2:172.21.15.82:33866/0 (socket says 172.21.15.82:33866)
2024-05-20T16:04:10.938 INFO:teuthology.orchestra.run.smithi082.stdout:/usr/bin/ceph: stderr
2024-05-20T16:04:09.786+0000 7f0bcaffd700 1 -- 172.21.15.82:0/1429849811 learned_addr learned my addr 172.21.15.82:0/1429849811 (peer_addr_for_me v2:172.21.15.82:0/0)
2024-05-20T16:04:10.938 INFO:teuthology.orchestra.run.smithi082.stdout:/usr/bin/ceph: stderr
2024-05-20T16:04:09.786+0000 7f0bcaffd700 1 -- 172.21.15.82:0/1429849811 --> [v2:172.21.15.82:3300/0,v1:172.21.15.82:6789/0] -- mon_subscribe({config=0+,monmap=0+}) -- 0x7f0bcc19d420 con 0x7f0bcc108ae0
2024-05-20T16:04:10.938 INFO:teuthology.orchestra.run.smithi082.stdout:/usr/bin/ceph: stderr
2024-05-20T16:04:09.787+0000 7f0bcaffd700 1 --2- 172.21.15.82:0/1429849811 >> [v2:172.21.15.82:3300/0,v1:172.21.15.82:6789/0] conn(0x7f0bcc108ae0 0x7f0bcc19cee0 secure :-1 s=READY pgs=19 cs=0 l=1 rev1=1 crypto rx=0x7f0bbc0046e0 tx=0x7f0bbc011c10 comp rx=0 tx=0).ready entity=mon.0 client_cookie=0 server_cookie=0 in_seq=0 out_seq=0
2024-05-20T16:04:10.938 INFO:teuthology.orchestra.run.smithi082.stdout:/usr/bin/ceph: stderr
2024-05-20T16:04:09.787+0000 7f0bb3fff700 1 -- 172.21.15.82:0/1429849811 <== mon.0 v2:172.21.15.82:3300/0 1 ==== mon_map magic: 0 ==== 205+0+0 (secure 0 0 0) 0x7f0bbc0039e0 con 0x7f0bcc108ae0
2024-05-20T16:04:10.938 INFO:teuthology.orchestra.run.smithi082.stdout:/usr/bin/ceph: stderr
2024-05-20T16:04:09.787+0000 7f0bb3fff700 1 -- 172.21.15.82:0/1429849811 <== mon.0 v2:172.21.15.82:3300/0 2 ==== config(27 keys) ==== 1109+0+0 (secure 0 0 0) 0x7f0bbc003b80 con 0x7f0bcc108ae0
2024-05-20T16:04:10.938 INFO:teuthology.orchestra.run.smithi082.stdout:/usr/bin/ceph: stderr
2024-05-20T16:04:09.787+0000 7f0bd145b700 1 -- 172.21.15.82:0/1429849811 --> [v2:172.21.15.82:3300/0,v1:172.21.15.82:6789/0] -- mon_subscribe({mgrmap=0+}) -- 0x7f0bcc19d6b0 con 0x7f0bcc108ae0
2024-05-20T16:04:10.938 INFO:teuthology.orchestra.run.smithi082.stdout:/usr/bin/ceph: stderr
2024-05-20T16:04:09.787+0000 7f0bb3fff700 1 -- 172.21.15.82:0/1429849811 <== mon.0 v2:172.21.15.82:3300/0 3 ==== mon_map magic: 0 ==== 205+0+0 (secure 0 0 0) 0x7f0bbc024650 con 0x7f0bcc108ae0
2024-05-20T16:04:10.938 INFO:teuthology.orchestra.run.smithi082.stdout:/usr/bin/ceph: stderr
2024-05-20T16:04:09.787+0000 7f0bd145b700 1 -- 172.21.15.82:0/1429849811 --> [v2:172.21.15.82:3300/0,v1:172.21.15.82:6789/0] -- mon_subscribe({osdmap=0}) -- 0x7f0bcc1a02c0 con 0x7f0bcc108ae0
2024-05-20T16:04:10.938 INFO:teuthology.orchestra.run.smithi082.stdout:/usr/bin/ceph: stderr
2024-05-20T16:04:09.788+0000 7f0bb3fff700 1 -- 172.21.15.82:0/1429849811 <== mon.0 v2:172.21.15.82:3300/0 4 ==== mgrmap(e 4) ==== 46276+0+0 (secure 0 0 0) 0x7f0bbc022020 con 0x7f0bcc108ae0
2024-05-20T16:04:10.938 INFO:teuthology.orchestra.run.smithi082.stdout:/usr/bin/ceph: stderr
2024-05-20T16:04:09.788+0000 7f0bb3fff700 1 --2- 172.21.15.82:0/1429849811 >> [v2:172.21.15.82:6800/1959459348,v1:172.21.15.82:6801/1959459348] conn(0x7f0bb4039110 0x7f0bb403b620 unknown :-1 s=NONE pgs=0 cs=0 l=1 rev1=0 crypto rx=0 tx=0 comp rx=0 tx=0).connect
2024-05-20T16:04:10.938 INFO:teuthology.orchestra.run.smithi082.stdout:/usr/bin/ceph: stderr
2024-05-20T16:04:09.788+0000 7f0bd145b700 1 -- 172.21.15.82:0/1429849811 --> [v2:172.21.15.82:3300/0,v1:172.21.15.82:6789/0] -- mon_command({"prefix": "get_command_descriptions"} v 0) -- 0x7f0bcc063ca0 con 0x7f0bcc108ae0
2024-05-20T16:04:10.938 INFO:teuthology.orchestra.run.smithi082.stdout:/usr/bin/ceph: stderr
2024-05-20T16:04:09.788+0000 7f0bb3fff700 1 -- 172.21.15.82:0/1429849811 <== mon.0 v2:172.21.15.82:3300/0 5 ==== osd_map(1..1 src has 1..1) ==== 725+0+0 (secure 0 0 0) 0x7f0bbc011e00 con 0x7f0bcc108ae0
2024-05-20T16:04:10.938 INFO:teuthology.orchestra.run.smithi082.stdout:/usr/bin/ceph: stderr
2024-05-20T16:04:09.788+0000 7f0bca7fc700 1 --2- 172.21.15.82:0/1429849811 >> [v2:172.21.15.82:6800/1959459348,v1:172.21.15.82:6801/1959459348] conn(0x7f0bb4039110 0x7f0bb403b620 unknown :-1 s=BANNER_CONNECTING pgs=0 cs=0 l=1 rev1=0 crypto rx=0 tx=0 comp rx=0 tx=0)._handle_peer_banner_payload supported=3 required=0
2024-05-20T16:04:10.939 INFO:teuthology.orchestra.run.smithi082.stdout:/usr/bin/ceph: stderr
2024-05-20T16:04:09.788+0000 7f0bca7fc700 1 --2- 172.21.15.82:0/1429849811 >> [v2:172.21.15.82:6800/1959459348,v1:172.21.15.82:6801/1959459348] conn(0x7f0bb4039110 0x7f0bb403b620 secure :-1 s=READY pgs=7 cs=0 l=1 rev1=1 crypto rx=0x7f0bc0006fd0 tx=0x7f0bc0006e40 comp rx=0 tx=0).ready entity=mgr.14100 client_cookie=0 server_cookie=0 in_seq=0 out_seq=0
2024-05-20T16:04:10.939 INFO:teuthology.orchestra.run.smithi082.stdout:/usr/bin/ceph: stderr
2024-05-20T16:04:09.793+0000 7f0bb3fff700 1 -- 172.21.15.82:0/1429849811 <== mon.0 v2:172.21.15.82:3300/0 6 ==== mon_command_ack([{"prefix": "get_command_descriptions"}]=0 v0) ==== 72+0+186418 (secure 0 0 0) 0x7f0bbc003d30 con 0x7f0bcc108ae0
2024-05-20T16:04:10.939 INFO:teuthology.orchestra.run.smithi082.stdout:/usr/bin/ceph: stderr
2024-05-20T16:04:09.984+0000 7f0bd145b700 1 -- 172.21.15.82:0/1429849811 --> [v2:172.21.15.82:3300/0,v1:172.21.15.82:6789/0] -- mon_command({"prefix": "config assimilate-conf"} v 0) -- 0x7f0bcc1a1a90 con 0x7f0bcc108ae0
2024-05-20T16:04:10.939 INFO:teuthology.orchestra.run.smithi082.stdout:/usr/bin/ceph: stderr
2024-05-20T16:04:09.985+0000 7f0bb3fff700 1 -- 172.21.15.82:0/1429849811 <== mon.0 v2:172.21.15.82:3300/0 7 ==== mon_command_ack([{"prefix": "config assimilate-conf"}]=0 v3) ==== 70+0+373 (secure 0 0 0) 0x7f0bbc04c9f0 con 0x7f0bcc108ae0
2024-05-20T16:04:10.939 INFO:teuthology.orchestra.run.smithi082.stdout:/usr/bin/ceph: stderr
2024-05-20T16:04:09.987+0000 7f0bd145b700 1 -- 172.21.15.82:0/1429849811 >> [v2:172.21.15.82:6800/1959459348,v1:172.21.15.82:6801/1959459348] conn(0x7f0bb4039110 msgr2=0x7f0bb403b620 secure :-1 s=STATE_CONNECTION_ESTABLISHED l=1).mark_down
2024-05-20T16:04:10.939 INFO:teuthology.orchestra.run.smithi082.stdout:/usr/bin/ceph: stderr
2024-05-20T16:04:09.987+0000 7f0bd145b700 1 --2- 172.21.15.82:0/1429849811 >> [v2:172.21.15.82:6800/1959459348,v1:172.21.15.82:6801/1959459348] conn(0x7f0bb4039110 0x7f0bb403b620 secure :-1 s=READY pgs=7 cs=0 l=1 rev1=1 crypto rx=0x7f0bc0006fd0 tx=0x7f0bc0006e40 comp rx=0 tx=0).stop
2024-05-20T16:04:10.939 INFO:teuthology.orchestra.run.smithi082.stdout:/usr/bin/ceph: stderr
2024-05-20T16:04:09.987+0000 7f0bd145b700 1 -- 172.21.15.82:0/1429849811 >> [v2:172.21.15.82:3300/0,v1:172.21.15.82:6789/0] conn(0x7f0bcc108ae0 msgr2=0x7f0bcc19cee0 secure :-1 s=STATE_CONNECTION_ESTABLISHED l=1).mark_down
2024-05-20T16:04:10.939 INFO:teuthology.orchestra.run.smithi082.stdout:/usr/bin/ceph: stderr
2024-05-20T16:04:09.987+0000 7f0bd145b700 1 --2- 172.21.15.82:0/1429849811 >> [v2:172.21.15.82:3300/0,v1:172.21.15.82:6789/0] conn(0x7f0bcc108ae0 0x7f0bcc19cee0 secure :-1 s=READY pgs=19 cs=0 l=1 rev1=1 crypto rx=0x7f0bbc0046e0 tx=0x7f0bbc011c10 comp rx=0 tx=0).stop
2024-05-20T16:04:10.939 INFO:teuthology.orchestra.run.smithi082.stdout:/usr/bin/ceph: stderr
2024-05-20T16:04:09.987+0000 7f0bd145b700 1 -- 172.21.15.82:0/1429849811 shutdown_connections
2024-05-20T16:04:10.939 INFO:teuthology.orchestra.run.smithi082.stdout:/usr/bin/ceph: stderr
2024-05-20T16:04:09.987+0000 7f0bd145b700 1 --2- 172.21.15.82:0/1429849811 >> [v2:172.21.15.82:6800/1959459348,v1:172.21.15.82:6801/1959459348] conn(0x7f0bb4039110 0x7f0bb403b620 unknown :-1 s=CLOSED pgs=7 cs=0 l=1 rev1=1 crypto rx=0 tx=0 comp rx=0 tx=0).stop
2024-05-20T16:04:10.939 INFO:teuthology.orchestra.run.smithi082.stdout:/usr/bin/ceph: stderr
2024-05-20T16:04:09.987+0000 7f0bd145b700 1 --2- 172.21.15.82:0/1429849811 >> [v2:172.21.15.82:3300/0,v1:172.21.15.82:6789/0] conn(0x7f0bcc108ae0 0x7f0bcc19cee0 unknown :-1 s=CLOSED pgs=19 cs=0 l=1 rev1=1 crypto rx=0 tx=0 comp rx=0 tx=0).stop
2024-05-20T16:04:10.939 INFO:teuthology.orchestra.run.smithi082.stdout:/usr/bin/ceph: stderr
2024-05-20T16:04:09.987+0000 7f0bd145b700 1 -- 172.21.15.82:0/1429849811 >> 172.21.15.82:0/1429849811 conn(0x7f0bcc1041c0 msgr2=0x7f0bcc105b80 unknown :-1 s=STATE_NONE l=0).mark_down
2024-05-20T16:04:10.939 INFO:teuthology.orchestra.run.smithi082.stdout:/usr/bin/ceph: stderr
2024-05-20T16:04:09.988+0000 7f0bd145b700 1 -- 172.21.15.82:0/1429849811 shutdown_connections
2024-05-20T16:04:10.939 INFO:teuthology.orchestra.run.smithi082.stdout:/usr/bin/ceph: stderr
2024-05-20T16:04:09.988+0000 7f0bd145b700 1 -- 172.21.15.82:0/1429849811 wait complete.
2024-05-20T16:04:10.939 INFO:teuthology.orchestra.run.smithi082.stdout:Enabling cephadm module...
2024-05-20T16:04:12.564 INFO:journalctl@ceph.mon.a.smithi082.stdout:May 20 16:04:12 smithi082 ceph-mon[32238]: from='client.? 172.21.15.82:0/1902575948' entity='client.admin' cmd=[{"prefix": "mgr module enable", "module": "cephadm"}]: dispatch
2024-05-20T16:04:12.564 INFO:journalctl@ceph.mgr.x.smithi082.stdout:May 20 16:04:12 smithi082 ceph-59d1600a-16c2-11ef-bc9a-c7b262605968-mgr-x[32467]: ignoring --setuser ceph since I am not root
2024-05-20T16:04:12.564 INFO:journalctl@ceph.mgr.x.smithi082.stdout:May 20 16:04:12 smithi082 ceph-59d1600a-16c2-11ef-bc9a-c7b262605968-mgr-x[32467]: ignoring --setgroup ceph since I am not root
2024-05-20T16:04:12.564 INFO:journalctl@ceph.mgr.x.smithi082.stdout:May 20 16:04:12 smithi082 ceph-59d1600a-16c2-11ef-bc9a-c7b262605968-mgr-x[32467]:
2024-05-20T16:04:12.457+0000 7efe2a45e200 -1 mgr[py] Module balancer has missing NOTIFY_TYPES member
2024-05-20T16:04:12.839 INFO:journalctl@ceph.mgr.x.smithi082.stdout:May 20 16:04:12 smithi082 ceph-59d1600a-16c2-11ef-bc9a-c7b262605968-mgr-x[32467]:
2024-05-20T16:04:12.647+0000 7efe2a45e200 -1 mgr[py] Module orchestrator has missing NOTIFY_TYPES member
2024-05-20T16:04:12.839 INFO:journalctl@ceph.mgr.x.smithi082.stdout:May 20 16:04:12 smithi082 ceph-59d1600a-16c2-11ef-bc9a-c7b262605968-mgr-x[32467]:
2024-05-20T16:04:12.752+0000 7efe2a45e200 -1 mgr[py] Module snap_schedule has missing NOTIFY_TYPES member
2024-05-20T16:04:12.846 INFO:teuthology.orchestra.run.smithi082.stdout:/usr/bin/ceph: stderr
2024-05-20T16:04:11.949+0000 7f84db1f1700 1 Processor -- start
2024-05-20T16:04:12.846 INFO:teuthology.orchestra.run.smithi082.stdout:/usr/bin/ceph: stderr
2024-05-20T16:04:11.949+0000 7f84db1f1700 1 -- start start
2024-05-20T16:04:12.846 INFO:teuthology.orchestra.run.smithi082.stdout:/usr/bin/ceph: stderr
2024-05-20T16:04:11.950+0000 7f84db1f1700 1 --2- >> [v2:172.21.15.82:3300/0,v1:172.21.15.82:6789/0] conn(0x7f84d4107990 0x7f84d4107da0 unknown :-1 s=NONE pgs=0 cs=0 l=0 rev1=0 crypto rx=0 tx=0 comp rx=0 tx=0).connect
2024-05-20T16:04:12.846 INFO:teuthology.orchestra.run.smithi082.stdout:/usr/bin/ceph: stderr
2024-05-20T16:04:11.950+0000 7f84db1f1700 1 -- --> [v2:172.21.15.82:3300/0,v1:172.21.15.82:6789/0] -- mon_getmap magic: 0 -- 0x7f84d4108390 con 0x7f84d4107990
2024-05-20T16:04:12.846 INFO:teuthology.orchestra.run.smithi082.stdout:/usr/bin/ceph: stderr
2024-05-20T16:04:11.950+0000 7f84d8f8d700 1 --2- >> [v2:172.21.15.82:3300/0,v1:172.21.15.82:6789/0] conn(0x7f84d4107990 0x7f84d4107da0 unknown :-1 s=BANNER_CONNECTING pgs=0 cs=0 l=0 rev1=0 crypto rx=0 tx=0 comp rx=0 tx=0)._handle_peer_banner_payload supported=3 required=0
2024-05-20T16:04:12.846 INFO:teuthology.orchestra.run.smithi082.stdout:/usr/bin/ceph: stderr
2024-05-20T16:04:11.950+0000 7f84d8f8d700 1 --2- >> [v2:172.21.15.82:3300/0,v1:172.21.15.82:6789/0] conn(0x7f84d4107990 0x7f84d4107da0 unknown :-1 s=HELLO_CONNECTING pgs=0 cs=0 l=0 rev1=1 crypto rx=0 tx=0 comp rx=0 tx=0).handle_hello peer v2:172.21.15.82:3300/0 says I am v2:172.21.15.82:33868/0 (socket says 172.21.15.82:33868)
2024-05-20T16:04:12.846 INFO:teuthology.orchestra.run.smithi082.stdout:/usr/bin/ceph: stderr
2024-05-20T16:04:11.950+0000 7f84d8f8d700 1 -- 172.21.15.82:0/678713873 learned_addr learned my addr 172.21.15.82:0/678713873 (peer_addr_for_me v2:172.21.15.82:0/0)
2024-05-20T16:04:12.846 INFO:teuthology.orchestra.run.smithi082.stdout:/usr/bin/ceph: stderr
2024-05-20T16:04:11.950+0000 7f84d8f8d700 1 -- 172.21.15.82:0/678713873 --> [v2:172.21.15.82:3300/0,v1:172.21.15.82:6789/0] -- mon_subscribe({config=0+,monmap=0+}) -- 0x7f84d4108ac0 con 0x7f84d4107990
2024-05-20T16:04:12.846 INFO:teuthology.orchestra.run.smithi082.stdout:/usr/bin/ceph: stderr
2024-05-20T16:04:11.950+0000 7f84d8f8d700 1 --2- 172.21.15.82:0/678713873 >> [v2:172.21.15.82:3300/0,v1:172.21.15.82:6789/0] conn(0x7f84d4107990 0x7f84d4107da0 secure :-1 s=READY pgs=20 cs=0 l=1 rev1=1 crypto rx=0x7f84d0009e80 tx=0x7f84d000b330 comp rx=0 tx=0).ready entity=mon.0 client_cookie=f7718a1e2083169f server_cookie=0 in_seq=0 out_seq=0
2024-05-20T16:04:12.846 INFO:teuthology.orchestra.run.smithi082.stdout:/usr/bin/ceph: stderr
2024-05-20T16:04:11.950+0000 7f84cb7fe700 1 -- 172.21.15.82:0/678713873 <== mon.0 v2:172.21.15.82:3300/0 1 ==== mon_map magic: 0 ==== 205+0+0 (secure 0 0 0) 0x7f84d0017070 con 0x7f84d4107990
2024-05-20T16:04:12.846 INFO:teuthology.orchestra.run.smithi082.stdout:/usr/bin/ceph: stderr
2024-05-20T16:04:11.950+0000 7f84cb7fe700 1 -- 172.21.15.82:0/678713873 <== mon.0 v2:172.21.15.82:3300/0 2 ==== config(27 keys) ==== 1109+0+0 (secure 0 0 0) 0x7f84d000b8c0 con 0x7f84d4107990
2024-05-20T16:04:12.847 INFO:teuthology.orchestra.run.smithi082.stdout:/usr/bin/ceph: stderr
2024-05-20T16:04:11.950+0000 7f84cb7fe700 1 -- 172.21.15.82:0/678713873 <== mon.0 v2:172.21.15.82:3300/0 3 ==== mon_map magic: 0 ==== 205+0+0 (secure 0 0 0) 0x7f84d00045c0 con 0x7f84d4107990
2024-05-20T16:04:12.847 INFO:teuthology.orchestra.run.smithi082.stdout:/usr/bin/ceph: stderr
2024-05-20T16:04:11.951+0000 7f84db1f1700 1 -- 172.21.15.82:0/678713873 >> [v2:172.21.15.82:3300/0,v1:172.21.15.82:6789/0] conn(0x7f84d4107990 msgr2=0x7f84d4107da0 secure :-1 s=STATE_CONNECTION_ESTABLISHED l=1).mark_down
2024-05-20T16:04:12.847 INFO:teuthology.orchestra.run.smithi082.stdout:/usr/bin/ceph: stderr
2024-05-20T16:04:11.951+0000 7f84db1f1700 1 --2- 172.21.15.82:0/678713873 >> [v2:172.21.15.82:3300/0,v1:172.21.15.82:6789/0] conn(0x7f84d4107990 0x7f84d4107da0 secure :-1 s=READY pgs=20 cs=0 l=1 rev1=1 crypto rx=0x7f84d0009e80 tx=0x7f84d000b330 comp rx=0 tx=0).stop
2024-05-20T16:04:12.847 INFO:teuthology.orchestra.run.smithi082.stdout:/usr/bin/ceph: stderr
2024-05-20T16:04:11.951+0000 7f84db1f1700 1 -- 172.21.15.82:0/678713873 shutdown_connections
2024-05-20T16:04:12.847 INFO:teuthology.orchestra.run.smithi082.stdout:/usr/bin/ceph: stderr
2024-05-20T16:04:11.951+0000 7f84db1f1700 1 --2- 172.21.15.82:0/678713873 >> [v2:172.21.15.82:3300/0,v1:172.21.15.82:6789/0] conn(0x7f84d4107990 0x7f84d4107da0 unknown :-1 s=CLOSED pgs=20 cs=0 l=1 rev1=1 crypto rx=0 tx=0 comp rx=0 tx=0).stop
2024-05-20T16:04:12.847 INFO:teuthology.orchestra.run.smithi082.stdout:/usr/bin/ceph: stderr
2024-05-20T16:04:11.951+0000 7f84db1f1700 1 -- 172.21.15.82:0/678713873 >> 172.21.15.82:0/678713873 conn(0x7f84d4103070 msgr2=0x7f84d41054c0 unknown :-1 s=STATE_NONE l=0).mark_down
2024-05-20T16:04:12.847 INFO:teuthology.orchestra.run.smithi082.stdout:/usr/bin/ceph: stderr
2024-05-20T16:04:11.951+0000 7f84db1f1700 1 -- 172.21.15.82:0/678713873 shutdown_connections
2024-05-20T16:04:12.847 INFO:teuthology.orchestra.run.smithi082.stdout:/usr/bin/ceph: stderr
2024-05-20T16:04:11.951+0000 7f84db1f1700 1 -- 172.21.15.82:0/678713873 wait complete.
2024-05-20T16:04:12.847 INFO:teuthology.orchestra.run.smithi082.stdout:/usr/bin/ceph: stderr
2024-05-20T16:04:11.952+0000 7f84db1f1700 1 Processor -- start
2024-05-20T16:04:12.847 INFO:teuthology.orchestra.run.smithi082.stdout:/usr/bin/ceph: stderr
2024-05-20T16:04:11.952+0000 7f84db1f1700 1 -- start start
2024-05-20T16:04:12.847 INFO:teuthology.orchestra.run.smithi082.stdout:/usr/bin/ceph: stderr
2024-05-20T16:04:11.952+0000 7f84db1f1700 1 --2- >> [v2:172.21.15.82:3300/0,v1:172.21.15.82:6789/0] conn(0x7f84d4107990 0x7f84d419ab90 unknown :-1 s=NONE pgs=0 cs=0 l=1 rev1=0 crypto rx=0 tx=0 comp rx=0 tx=0).connect
2024-05-20T16:04:12.848 INFO:teuthology.orchestra.run.smithi082.stdout:/usr/bin/ceph: stderr
2024-05-20T16:04:11.952+0000 7f84db1f1700 1 -- --> [v2:172.21.15.82:3300/0,v1:172.21.15.82:6789/0] -- mon_getmap magic: 0 -- 0x7f84d407b140 con 0x7f84d4107990
2024-05-20T16:04:12.848 INFO:teuthology.orchestra.run.smithi082.stdout:/usr/bin/ceph: stderr
