2024-05-20T16:04:31.386+0000 7f8d16a8a700 1 --2- >> [v2:172.21.15.82:3300/0,v1:172.21.15.82:6789/0] conn(0x7f8d10109570 0x7f8d1019cd60 unknown :-1 s=NONE pgs=0 cs=0 l=1 rev1=0 crypto rx=0 tx=0 comp rx=0 tx=0).connect
2024-05-20T16:04:32.547 INFO:teuthology.orchestra.run.smithi082.stdout:/usr/bin/ceph: stderr
2024-05-20T16:04:31.386+0000 7f8d16a8a700 1 -- --> [v2:172.21.15.82:3300/0,v1:172.21.15.82:6789/0] -- mon_getmap magic: 0 -- 0x7f8d1010ce30 con 0x7f8d10109570
2024-05-20T16:04:32.547 INFO:teuthology.orchestra.run.smithi082.stdout:/usr/bin/ceph: stderr
2024-05-20T16:04:31.386+0000 7f8d14826700 1 --2- >> [v2:172.21.15.82:3300/0,v1:172.21.15.82:6789/0] conn(0x7f8d10109570 0x7f8d1019cd60 unknown :-1 s=BANNER_CONNECTING pgs=0 cs=0 l=1 rev1=0 crypto rx=0 tx=0 comp rx=0 tx=0)._handle_peer_banner_payload supported=3 required=0
2024-05-20T16:04:32.547 INFO:teuthology.orchestra.run.smithi082.stdout:/usr/bin/ceph: stderr
2024-05-20T16:04:31.386+0000 7f8d14826700 1 --2- >> [v2:172.21.15.82:3300/0,v1:172.21.15.82:6789/0] conn(0x7f8d10109570 0x7f8d1019cd60 unknown :-1 s=HELLO_CONNECTING pgs=0 cs=0 l=1 rev1=1 crypto rx=0 tx=0 comp rx=0 tx=0).handle_hello peer v2:172.21.15.82:3300/0 says I am v2:172.21.15.82:57292/0 (socket says 172.21.15.82:57292)
2024-05-20T16:04:32.547 INFO:teuthology.orchestra.run.smithi082.stdout:/usr/bin/ceph: stderr
2024-05-20T16:04:31.386+0000 7f8d14826700 1 -- 172.21.15.82:0/1904074244 learned_addr learned my addr 172.21.15.82:0/1904074244 (peer_addr_for_me v2:172.21.15.82:0/0)
2024-05-20T16:04:32.547 INFO:teuthology.orchestra.run.smithi082.stdout:/usr/bin/ceph: stderr
2024-05-20T16:04:31.386+0000 7f8d14826700 1 -- 172.21.15.82:0/1904074244 --> [v2:172.21.15.82:3300/0,v1:172.21.15.82:6789/0] -- mon_subscribe({config=0+,monmap=0+}) -- 0x7f8d1019d2a0 con 0x7f8d10109570
2024-05-20T16:04:32.547 INFO:teuthology.orchestra.run.smithi082.stdout:/usr/bin/ceph: stderr
2024-05-20T16:04:31.386+0000 7f8d14826700 1 --2- 172.21.15.82:0/1904074244 >> [v2:172.21.15.82:3300/0,v1:172.21.15.82:6789/0] conn(0x7f8d10109570 0x7f8d1019cd60 secure :-1 s=READY pgs=46 cs=0 l=1 rev1=1 crypto rx=0x7f8d04009e50 tx=0x7f8d0400bd30 comp rx=0 tx=0).ready entity=mon.0 client_cookie=0 server_cookie=0 in_seq=0 out_seq=0
2024-05-20T16:04:32.547 INFO:teuthology.orchestra.run.smithi082.stdout:/usr/bin/ceph: stderr
2024-05-20T16:04:31.387+0000 7f8d0dffb700 1 -- 172.21.15.82:0/1904074244 <== mon.0 v2:172.21.15.82:3300/0 1 ==== mon_map magic: 0 ==== 205+0+0 (secure 0 0 0) 0x7f8d04020020 con 0x7f8d10109570
2024-05-20T16:04:32.548 INFO:teuthology.orchestra.run.smithi082.stdout:/usr/bin/ceph: stderr
2024-05-20T16:04:31.387+0000 7f8d0dffb700 1 -- 172.21.15.82:0/1904074244 <== mon.0 v2:172.21.15.82:3300/0 2 ==== config(27 keys) ==== 1109+0+0 (secure 0 0 0) 0x7f8d04003b50 con 0x7f8d10109570
2024-05-20T16:04:32.548 INFO:teuthology.orchestra.run.smithi082.stdout:/usr/bin/ceph: stderr
2024-05-20T16:04:31.387+0000 7f8d0dffb700 1 -- 172.21.15.82:0/1904074244 <== mon.0 v2:172.21.15.82:3300/0 3 ==== mon_map magic: 0 ==== 205+0+0 (secure 0 0 0) 0x7f8d04017040 con 0x7f8d10109570
2024-05-20T16:04:32.548 INFO:teuthology.orchestra.run.smithi082.stdout:/usr/bin/ceph: stderr
2024-05-20T16:04:31.387+0000 7f8d16a8a700 1 -- 172.21.15.82:0/1904074244 --> [v2:172.21.15.82:3300/0,v1:172.21.15.82:6789/0] -- mon_subscribe({mgrmap=0+}) -- 0x7f8d1019d530 con 0x7f8d10109570
2024-05-20T16:04:32.548 INFO:teuthology.orchestra.run.smithi082.stdout:/usr/bin/ceph: stderr
2024-05-20T16:04:31.387+0000 7f8d16a8a700 1 -- 172.21.15.82:0/1904074244 --> [v2:172.21.15.82:3300/0,v1:172.21.15.82:6789/0] -- mon_subscribe({osdmap=0}) -- 0x7f8d101a0130 con 0x7f8d10109570
2024-05-20T16:04:32.548 INFO:teuthology.orchestra.run.smithi082.stdout:/usr/bin/ceph: stderr
2024-05-20T16:04:31.388+0000 7f8d0dffb700 1 -- 172.21.15.82:0/1904074244 <== mon.0 v2:172.21.15.82:3300/0 4 ==== mgrmap(e 8) ==== 46287+0+0 (secure 0 0 0) 0x7f8d04023020 con 0x7f8d10109570
2024-05-20T16:04:32.548 INFO:teuthology.orchestra.run.smithi082.stdout:/usr/bin/ceph: stderr
2024-05-20T16:04:31.388+0000 7f8d16a8a700 1 -- 172.21.15.82:0/1904074244 --> [v2:172.21.15.82:3300/0,v1:172.21.15.82:6789/0] -- mon_command({"prefix": "get_command_descriptions"} v 0) -- 0x7f8d10063ca0 con 0x7f8d10109570
2024-05-20T16:04:32.548 INFO:teuthology.orchestra.run.smithi082.stdout:/usr/bin/ceph: stderr
2024-05-20T16:04:31.388+0000 7f8d0dffb700 1 --2- 172.21.15.82:0/1904074244 >> [v2:172.21.15.82:6800/1763049308,v1:172.21.15.82:6801/1763049308] conn(0x7f8d00039110 0x7f8d0003b620 unknown :-1 s=NONE pgs=0 cs=0 l=1 rev1=0 crypto rx=0 tx=0 comp rx=0 tx=0).connect
2024-05-20T16:04:32.548 INFO:teuthology.orchestra.run.smithi082.stdout:/usr/bin/ceph: stderr
2024-05-20T16:04:31.388+0000 7f8d0dffb700 1 -- 172.21.15.82:0/1904074244 <== mon.0 v2:172.21.15.82:3300/0 5 ==== osd_map(2..2 src has 1..2) ==== 940+0+0 (secure 0 0 0) 0x7f8d0400f050 con 0x7f8d10109570
2024-05-20T16:04:32.548 INFO:teuthology.orchestra.run.smithi082.stdout:/usr/bin/ceph: stderr
2024-05-20T16:04:31.388+0000 7f8d0ffff700 1 --2- 172.21.15.82:0/1904074244 >> [v2:172.21.15.82:6800/1763049308,v1:172.21.15.82:6801/1763049308] conn(0x7f8d00039110 0x7f8d0003b620 unknown :-1 s=BANNER_CONNECTING pgs=0 cs=0 l=1 rev1=0 crypto rx=0 tx=0 comp rx=0 tx=0)._handle_peer_banner_payload supported=3 required=0
2024-05-20T16:04:32.548 INFO:teuthology.orchestra.run.smithi082.stdout:/usr/bin/ceph: stderr
2024-05-20T16:04:31.388+0000 7f8d0ffff700 1 --2- 172.21.15.82:0/1904074244 >> [v2:172.21.15.82:6800/1763049308,v1:172.21.15.82:6801/1763049308] conn(0x7f8d00039110 0x7f8d0003b620 secure :-1 s=READY pgs=12 cs=0 l=1 rev1=1 crypto rx=0x7f8cfc006fd0 tx=0x7f8cfc006e40 comp rx=0 tx=0).ready entity=mgr.14118 client_cookie=0 server_cookie=0 in_seq=0 out_seq=0
2024-05-20T16:04:32.548 INFO:teuthology.orchestra.run.smithi082.stdout:/usr/bin/ceph: stderr
2024-05-20T16:04:31.393+0000 7f8d0dffb700 1 -- 172.21.15.82:0/1904074244 <== mon.0 v2:172.21.15.82:3300/0 6 ==== mon_command_ack([{"prefix": "get_command_descriptions"}]=0 v0) ==== 72+0+186418 (secure 0 0 0) 0x7f8d0402a020 con 0x7f8d10109570
2024-05-20T16:04:32.548 INFO:teuthology.orchestra.run.smithi082.stdout:/usr/bin/ceph: stderr
2024-05-20T16:04:31.615+0000 7f8d16a8a700 1 -- 172.21.15.82:0/1904074244 --> [v2:172.21.15.82:6800/1763049308,v1:172.21.15.82:6801/1763049308] -- mgr_command(tid 0: {"prefix": "orch apply", "service_type": "mon", "unmanaged": true, "target": ["mon-mgr", ""]}) -- 0x7f8d10105030 con 0x7f8d00039110
2024-05-20T16:04:32.548 INFO:teuthology.orchestra.run.smithi082.stdout:/usr/bin/ceph: stderr
2024-05-20T16:04:31.621+0000 7f8d0dffb700 1 -- 172.21.15.82:0/1904074244 <== mgr.14118 v2:172.21.15.82:6800/1763049308 1 ==== mgr_command_reply(tid 0: 0 ) ==== 8+0+24 (secure 0 0 0) 0x7f8d10105030 con 0x7f8d00039110
2024-05-20T16:04:32.548 INFO:teuthology.orchestra.run.smithi082.stdout:/usr/bin/ceph: stderr
2024-05-20T16:04:31.623+0000 7f8d16a8a700 1 -- 172.21.15.82:0/1904074244 >> [v2:172.21.15.82:6800/1763049308,v1:172.21.15.82:6801/1763049308] conn(0x7f8d00039110 msgr2=0x7f8d0003b620 secure :-1 s=STATE_CONNECTION_ESTABLISHED l=1).mark_down
2024-05-20T16:04:32.549 INFO:teuthology.orchestra.run.smithi082.stdout:/usr/bin/ceph: stderr
2024-05-20T16:04:31.623+0000 7f8d16a8a700 1 --2- 172.21.15.82:0/1904074244 >> [v2:172.21.15.82:6800/1763049308,v1:172.21.15.82:6801/1763049308] conn(0x7f8d00039110 0x7f8d0003b620 secure :-1 s=READY pgs=12 cs=0 l=1 rev1=1 crypto rx=0x7f8cfc006fd0 tx=0x7f8cfc006e40 comp rx=0 tx=0).stop
2024-05-20T16:04:32.549 INFO:teuthology.orchestra.run.smithi082.stdout:/usr/bin/ceph: stderr
2024-05-20T16:04:31.623+0000 7f8d16a8a700 1 -- 172.21.15.82:0/1904074244 >> [v2:172.21.15.82:3300/0,v1:172.21.15.82:6789/0] conn(0x7f8d10109570 msgr2=0x7f8d1019cd60 secure :-1 s=STATE_CONNECTION_ESTABLISHED l=1).mark_down
2024-05-20T16:04:32.549 INFO:teuthology.orchestra.run.smithi082.stdout:/usr/bin/ceph: stderr
2024-05-20T16:04:31.623+0000 7f8d16a8a700 1 --2- 172.21.15.82:0/1904074244 >> [v2:172.21.15.82:3300/0,v1:172.21.15.82:6789/0] conn(0x7f8d10109570 0x7f8d1019cd60 secure :-1 s=READY pgs=46 cs=0 l=1 rev1=1 crypto rx=0x7f8d04009e50 tx=0x7f8d0400bd30 comp rx=0 tx=0).stop
2024-05-20T16:04:32.549 INFO:teuthology.orchestra.run.smithi082.stdout:/usr/bin/ceph: stderr
2024-05-20T16:04:31.623+0000 7f8d16a8a700 1 -- 172.21.15.82:0/1904074244 shutdown_connections
2024-05-20T16:04:32.549 INFO:teuthology.orchestra.run.smithi082.stdout:/usr/bin/ceph: stderr
2024-05-20T16:04:31.623+0000 7f8d16a8a700 1 --2- 172.21.15.82:0/1904074244 >> [v2:172.21.15.82:6800/1763049308,v1:172.21.15.82:6801/1763049308] conn(0x7f8d00039110 0x7f8d0003b620 unknown :-1 s=CLOSED pgs=12 cs=0 l=1 rev1=1 crypto rx=0 tx=0 comp rx=0 tx=0).stop
2024-05-20T16:04:32.549 INFO:teuthology.orchestra.run.smithi082.stdout:/usr/bin/ceph: stderr
2024-05-20T16:04:31.623+0000 7f8d16a8a700 1 --2- 172.21.15.82:0/1904074244 >> [v2:172.21.15.82:3300/0,v1:172.21.15.82:6789/0] conn(0x7f8d10109570 0x7f8d1019cd60 unknown :-1 s=CLOSED pgs=46 cs=0 l=1 rev1=1 crypto rx=0 tx=0 comp rx=0 tx=0).stop
2024-05-20T16:04:32.549 INFO:teuthology.orchestra.run.smithi082.stdout:/usr/bin/ceph: stderr
2024-05-20T16:04:31.623+0000 7f8d16a8a700 1 -- 172.21.15.82:0/1904074244 >> 172.21.15.82:0/1904074244 conn(0x7f8d10103070 msgr2=0x7f8d10104920 unknown :-1 s=STATE_NONE l=0).mark_down
2024-05-20T16:04:32.549 INFO:teuthology.orchestra.run.smithi082.stdout:/usr/bin/ceph: stderr
2024-05-20T16:04:31.623+0000 7f8d16a8a700 1 -- 172.21.15.82:0/1904074244 shutdown_connections
2024-05-20T16:04:32.549 INFO:teuthology.orchestra.run.smithi082.stdout:/usr/bin/ceph: stderr
2024-05-20T16:04:31.623+0000 7f8d16a8a700 1 -- 172.21.15.82:0/1904074244 wait complete.
2024-05-20T16:04:32.549 INFO:teuthology.orchestra.run.smithi082.stdout:Deploying unmanaged mgr service...
2024-05-20T16:04:32.609 INFO:journalctl@ceph.mon.a.smithi082.stdout:May 20 16:04:32 smithi082 ceph-mon[32238]: Added host smithi082
2024-05-20T16:04:32.610 INFO:journalctl@ceph.mon.a.smithi082.stdout:May 20 16:04:32 smithi082 ceph-mon[32238]: from='mgr.14118 172.21.15.82:0/3662546898' entity='mgr.x'
2024-05-20T16:04:33.560 INFO:journalctl@ceph.mon.a.smithi082.stdout:May 20 16:04:33 smithi082 ceph-mon[32238]: from='client.14140 -' entity='client.admin' cmd=[{"prefix": "orch apply", "service_type": "mon", "unmanaged": true, "target": ["mon-mgr", ""]}]: dispatch
2024-05-20T16:04:33.560 INFO:journalctl@ceph.mon.a.smithi082.stdout:May 20 16:04:33 smithi082 ceph-mon[32238]: Saving service mon spec with placement count:5
2024-05-20T16:04:33.560 INFO:journalctl@ceph.mon.a.smithi082.stdout:May 20 16:04:33 smithi082 ceph-mon[32238]: from='mgr.14118 172.21.15.82:0/3662546898' entity='mgr.x'
2024-05-20T16:04:34.028 INFO:teuthology.orchestra.run.smithi082.stdout:/usr/bin/ceph: stdout Scheduled mgr update...
2024-05-20T16:04:34.029 INFO:teuthology.orchestra.run.smithi082.stdout:/usr/bin/ceph: stderr
2024-05-20T16:04:33.078+0000 7feebecaf700 1 Processor -- start
2024-05-20T16:04:34.029 INFO:teuthology.orchestra.run.smithi082.stdout:/usr/bin/ceph: stderr
2024-05-20T16:04:33.078+0000 7feebecaf700 1 -- start start
2024-05-20T16:04:34.029 INFO:teuthology.orchestra.run.smithi082.stdout:/usr/bin/ceph: stderr
2024-05-20T16:04:33.078+0000 7feebecaf700 1 --2- >> [v2:172.21.15.82:3300/0,v1:172.21.15.82:6789/0] conn(0x7feeb807c510 0x7feeb810b690 unknown :-1 s=NONE pgs=0 cs=0 l=0 rev1=0 crypto rx=0 tx=0 comp rx=0 tx=0).connect
2024-05-20T16:04:34.029 INFO:teuthology.orchestra.run.smithi082.stdout:/usr/bin/ceph: stderr
2024-05-20T16:04:33.078+0000 7feebecaf700 1 -- --> [v2:172.21.15.82:3300/0,v1:172.21.15.82:6789/0] -- mon_getmap magic: 0 -- 0x7feeb810bc60 con 0x7feeb807c510
2024-05-20T16:04:34.029 INFO:teuthology.orchestra.run.smithi082.stdout:/usr/bin/ceph: stderr
2024-05-20T16:04:33.078+0000 7feebca4b700 1 --2- >> [v2:172.21.15.82:3300/0,v1:172.21.15.82:6789/0] conn(0x7feeb807c510 0x7feeb810b690 unknown :-1 s=BANNER_CONNECTING pgs=0 cs=0 l=0 rev1=0 crypto rx=0 tx=0 comp rx=0 tx=0)._handle_peer_banner_payload supported=3 required=0
2024-05-20T16:04:34.029 INFO:teuthology.orchestra.run.smithi082.stdout:/usr/bin/ceph: stderr
2024-05-20T16:04:33.078+0000 7feebca4b700 1 --2- >> [v2:172.21.15.82:3300/0,v1:172.21.15.82:6789/0] conn(0x7feeb807c510 0x7feeb810b690 unknown :-1 s=HELLO_CONNECTING pgs=0 cs=0 l=0 rev1=1 crypto rx=0 tx=0 comp rx=0 tx=0).handle_hello peer v2:172.21.15.82:3300/0 says I am v2:172.21.15.82:57302/0 (socket says 172.21.15.82:57302)
2024-05-20T16:04:34.029 INFO:teuthology.orchestra.run.smithi082.stdout:/usr/bin/ceph: stderr
2024-05-20T16:04:33.078+0000 7feebca4b700 1 -- 172.21.15.82:0/2775464392 learned_addr learned my addr 172.21.15.82:0/2775464392 (peer_addr_for_me v2:172.21.15.82:0/0)
2024-05-20T16:04:34.029 INFO:teuthology.orchestra.run.smithi082.stdout:/usr/bin/ceph: stderr
2024-05-20T16:04:33.078+0000 7feebca4b700 1 -- 172.21.15.82:0/2775464392 --> [v2:172.21.15.82:3300/0,v1:172.21.15.82:6789/0] -- mon_subscribe({config=0+,monmap=0+}) -- 0x7feeb810bde0 con 0x7feeb807c510
2024-05-20T16:04:34.029 INFO:teuthology.orchestra.run.smithi082.stdout:/usr/bin/ceph: stderr
2024-05-20T16:04:33.079+0000 7feebca4b700 1 --2- 172.21.15.82:0/2775464392 >> [v2:172.21.15.82:3300/0,v1:172.21.15.82:6789/0] conn(0x7feeb807c510 0x7feeb810b690 secure :-1 s=READY pgs=47 cs=0 l=1 rev1=1 crypto rx=0x7feeac0098a0 tx=0x7feeac009bb0 comp rx=0 tx=0).ready entity=mon.0 client_cookie=ce16abfd2c939204 server_cookie=0 in_seq=0 out_seq=0
2024-05-20T16:04:34.029 INFO:teuthology.orchestra.run.smithi082.stdout:/usr/bin/ceph: stderr
2024-05-20T16:04:33.079+0000 7feeb77fe700 1 -- 172.21.15.82:0/2775464392 <== mon.0 v2:172.21.15.82:3300/0 1 ==== mon_map magic: 0 ==== 205+0+0 (secure 0 0 0) 0x7feeac004160 con 0x7feeb807c510
2024-05-20T16:04:34.029 INFO:teuthology.orchestra.run.smithi082.stdout:/usr/bin/ceph: stderr
2024-05-20T16:04:33.079+0000 7feeb77fe700 1 -- 172.21.15.82:0/2775464392 <== mon.0 v2:172.21.15.82:3300/0 2 ==== config(27 keys) ==== 1109+0+0 (secure 0 0 0) 0x7feeac004300 con 0x7feeb807c510
2024-05-20T16:04:34.030 INFO:teuthology.orchestra.run.smithi082.stdout:/usr/bin/ceph: stderr
2024-05-20T16:04:33.079+0000 7feeb77fe700 1 -- 172.21.15.82:0/2775464392 <== mon.0 v2:172.21.15.82:3300/0 3 ==== mon_map magic: 0 ==== 205+0+0 (secure 0 0 0) 0x7feeac011b50 con 0x7feeb807c510
2024-05-20T16:04:34.030 INFO:teuthology.orchestra.run.smithi082.stdout:/usr/bin/ceph: stderr
2024-05-20T16:04:33.079+0000 7feebecaf700 1 -- 172.21.15.82:0/2775464392 >> [v2:172.21.15.82:3300/0,v1:172.21.15.82:6789/0] conn(0x7feeb807c510 msgr2=0x7feeb810b690 secure :-1 s=STATE_CONNECTION_ESTABLISHED l=1).mark_down
2024-05-20T16:04:34.030 INFO:teuthology.orchestra.run.smithi082.stdout:/usr/bin/ceph: stderr
2024-05-20T16:04:33.079+0000 7feebecaf700 1 --2- 172.21.15.82:0/2775464392 >> [v2:172.21.15.82:3300/0,v1:172.21.15.82:6789/0] conn(0x7feeb807c510 0x7feeb810b690 secure :-1 s=READY pgs=47 cs=0 l=1 rev1=1 crypto rx=0x7feeac0098a0 tx=0x7feeac009bb0 comp rx=0 tx=0).stop
2024-05-20T16:04:34.030 INFO:teuthology.orchestra.run.smithi082.stdout:/usr/bin/ceph: stderr
2024-05-20T16:04:33.079+0000 7feebecaf700 1 -- 172.21.15.82:0/2775464392 shutdown_connections
2024-05-20T16:04:34.030 INFO:teuthology.orchestra.run.smithi082.stdout:/usr/bin/ceph: stderr
2024-05-20T16:04:33.079+0000 7feebecaf700 1 --2- 172.21.15.82:0/2775464392 >> [v2:172.21.15.82:3300/0,v1:172.21.15.82:6789/0] conn(0x7feeb807c510 0x7feeb810b690 unknown :-1 s=CLOSED pgs=47 cs=0 l=1 rev1=1 crypto rx=0 tx=0 comp rx=0 tx=0).stop
2024-05-20T16:04:34.030 INFO:teuthology.orchestra.run.smithi082.stdout:/usr/bin/ceph: stderr
2024-05-20T16:04:33.079+0000 7feebecaf700 1 -- 172.21.15.82:0/2775464392 >> 172.21.15.82:0/2775464392 conn(0x7feeb8103060 msgr2=0x7feeb8105510 unknown :-1 s=STATE_NONE l=0).mark_down
2024-05-20T16:04:34.030 INFO:teuthology.orchestra.run.smithi082.stdout:/usr/bin/ceph: stderr
2024-05-20T16:04:33.080+0000 7feebecaf700 1 -- 172.21.15.82:0/2775464392 shutdown_connections
2024-05-20T16:04:34.030 INFO:teuthology.orchestra.run.smithi082.stdout:/usr/bin/ceph: stderr
2024-05-20T16:04:33.080+0000 7feebecaf700 1 -- 172.21.15.82:0/2775464392 wait complete.
2024-05-20T16:04:34.030 INFO:teuthology.orchestra.run.smithi082.stdout:/usr/bin/ceph: stderr
2024-05-20T16:04:33.080+0000 7feebecaf700 1 Processor -- start
2024-05-20T16:04:34.030 INFO:teuthology.orchestra.run.smithi082.stdout:/usr/bin/ceph: stderr
2024-05-20T16:04:33.080+0000 7feebecaf700 1 -- start start
2024-05-20T16:04:34.030 INFO:teuthology.orchestra.run.smithi082.stdout:/usr/bin/ceph: stderr
2024-05-20T16:04:33.080+0000 7feebecaf700 1 --2- >> [v2:172.21.15.82:3300/0,v1:172.21.15.82:6789/0] conn(0x7feeb807c510 0x7feeb819ce00 unknown :-1 s=NONE pgs=0 cs=0 l=1 rev1=0 crypto rx=0 tx=0 comp rx=0 tx=0).connect
2024-05-20T16:04:34.030 INFO:teuthology.orchestra.run.smithi082.stdout:/usr/bin/ceph: stderr
2024-05-20T16:04:33.080+0000 7feebecaf700 1 -- --> [v2:172.21.15.82:3300/0,v1:172.21.15.82:6789/0] -- mon_getmap magic: 0 -- 0x7feeb810cec0 con 0x7feeb807c510
2024-05-20T16:04:34.030 INFO:teuthology.orchestra.run.smithi082.stdout:/usr/bin/ceph: stderr
2024-05-20T16:04:33.080+0000 7feebca4b700 1 --2- >> [v2:172.21.15.82:3300/0,v1:172.21.15.82:6789/0] conn(0x7feeb807c510 0x7feeb819ce00 unknown :-1 s=BANNER_CONNECTING pgs=0 cs=0 l=1 rev1=0 crypto rx=0 tx=0 comp rx=0 tx=0)._handle_peer_banner_payload supported=3 required=0
2024-05-20T16:04:34.031 INFO:teuthology.orchestra.run.smithi082.stdout:/usr/bin/ceph: stderr
2024-05-20T16:04:33.080+0000 7feebca4b700 1 --2- >> [v2:172.21.15.82:3300/0,v1:172.21.15.82:6789/0] conn(0x7feeb807c510 0x7feeb819ce00 unknown :-1 s=HELLO_CONNECTING pgs=0 cs=0 l=1 rev1=1 crypto rx=0 tx=0 comp rx=0 tx=0).handle_hello peer v2:172.21.15.82:3300/0 says I am v2:172.21.15.82:57304/0 (socket says 172.21.15.82:57304)
2024-05-20T16:04:34.031 INFO:teuthology.orchestra.run.smithi082.stdout:/usr/bin/ceph: stderr
2024-05-20T16:04:33.080+0000 7feebca4b700 1 -- 172.21.15.82:0/146709311 learned_addr learned my addr 172.21.15.82:0/146709311 (peer_addr_for_me v2:172.21.15.82:0/0)
2024-05-20T16:04:34.031 INFO:teuthology.orchestra.run.smithi082.stdout:/usr/bin/ceph: stderr
2024-05-20T16:04:33.081+0000 7feebca4b700 1 -- 172.21.15.82:0/146709311 --> [v2:172.21.15.82:3300/0,v1:172.21.15.82:6789/0] -- mon_subscribe({config=0+,monmap=0+}) -- 0x7feeb819d340 con 0x7feeb807c510
2024-05-20T16:04:34.031 INFO:teuthology.orchestra.run.smithi082.stdout:/usr/bin/ceph: stderr
2024-05-20T16:04:33.081+0000 7feebca4b700 1 --2- 172.21.15.82:0/146709311 >> [v2:172.21.15.82:3300/0,v1:172.21.15.82:6789/0] conn(0x7feeb807c510 0x7feeb819ce00 secure :-1 s=READY pgs=48 cs=0 l=1 rev1=1 crypto rx=0x7feeac009fb0 tx=0x7feeac011bf0 comp rx=0 tx=0).ready entity=mon.0 client_cookie=0 server_cookie=0 in_seq=0 out_seq=0
2024-05-20T16:04:34.031 INFO:teuthology.orchestra.run.smithi082.stdout:/usr/bin/ceph: stderr
2024-05-20T16:04:33.081+0000 7feeb5ffb700 1 -- 172.21.15.82:0/146709311 <== mon.0 v2:172.21.15.82:3300/0 1 ==== mon_map magic: 0 ==== 205+0+0 (secure 0 0 0) 0x7feeac0038b0 con 0x7feeb807c510
2024-05-20T16:04:34.031 INFO:teuthology.orchestra.run.smithi082.stdout:/usr/bin/ceph: stderr
2024-05-20T16:04:33.081+0000 7feeb5ffb700 1 -- 172.21.15.82:0/146709311 <== mon.0 v2:172.21.15.82:3300/0 2 ==== config(27 keys) ==== 1109+0+0 (secure 0 0 0) 0x7feeac011e50 con 0x7feeb807c510
2024-05-20T16:04:34.031 INFO:teuthology.orchestra.run.smithi082.stdout:/usr/bin/ceph: stderr
2024-05-20T16:04:33.081+0000 7feeb5ffb700 1 -- 172.21.15.82:0/146709311 <== mon.0 v2:172.21.15.82:3300/0 3 ==== mon_map magic: 0 ==== 205+0+0 (secure 0 0 0) 0x7feeac019420 con 0x7feeb807c510
2024-05-20T16:04:34.031 INFO:teuthology.orchestra.run.smithi082.stdout:/usr/bin/ceph: stderr
2024-05-20T16:04:33.081+0000 7feebecaf700 1 -- 172.21.15.82:0/146709311 --> [v2:172.21.15.82:3300/0,v1:172.21.15.82:6789/0] -- mon_subscribe({mgrmap=0+}) -- 0x7feeb819d5d0 con 0x7feeb807c510
2024-05-20T16:04:34.031 INFO:teuthology.orchestra.run.smithi082.stdout:/usr/bin/ceph: stderr
2024-05-20T16:04:33.081+0000 7feebecaf700 1 -- 172.21.15.82:0/146709311 --> [v2:172.21.15.82:3300/0,v1:172.21.15.82:6789/0] -- mon_subscribe({osdmap=0}) -- 0x7feeb81a01e0 con 0x7feeb807c510
2024-05-20T16:04:34.031 INFO:teuthology.orchestra.run.smithi082.stdout:/usr/bin/ceph: stderr
2024-05-20T16:04:33.082+0000 7feeb5ffb700 1 -- 172.21.15.82:0/146709311 <== mon.0 v2:172.21.15.82:3300/0 4 ==== mgrmap(e 8) ==== 46287+0+0 (secure 0 0 0) 0x7feeac003a50 con 0x7feeb807c510
2024-05-20T16:04:34.031 INFO:teuthology.orchestra.run.smithi082.stdout:/usr/bin/ceph: stderr
2024-05-20T16:04:33.082+0000 7feebecaf700 1 -- 172.21.15.82:0/146709311 --> [v2:172.21.15.82:3300/0,v1:172.21.15.82:6789/0] -- mon_command({"prefix": "get_command_descriptions"} v 0) -- 0x7feeb8063ca0 con 0x7feeb807c510
2024-05-20T16:04:34.031 INFO:teuthology.orchestra.run.smithi082.stdout:/usr/bin/ceph: stderr
2024-05-20T16:04:33.082+0000 7feeb5ffb700 1 --2- 172.21.15.82:0/146709311 >> [v2:172.21.15.82:6800/1763049308,v1:172.21.15.82:6801/1763049308] conn(0x7feea80390c0 0x7feea803b5d0 unknown :-1 s=NONE pgs=0 cs=0 l=1 rev1=0 crypto rx=0 tx=0 comp rx=0 tx=0).connect
2024-05-20T16:04:34.031 INFO:teuthology.orchestra.run.smithi082.stdout:/usr/bin/ceph: stderr
2024-05-20T16:04:33.083+0000 7feeb5ffb700 1 -- 172.21.15.82:0/146709311 <== mon.0 v2:172.21.15.82:3300/0 5 ==== osd_map(2..2 src has 1..2) ==== 940+0+0 (secure 0 0 0) 0x7feeac04d3b0 con 0x7feeb807c510
2024-05-20T16:04:34.031 INFO:teuthology.orchestra.run.smithi082.stdout:/usr/bin/ceph: stderr
2024-05-20T16:04:33.083+0000 7feeb7fff700 1 --2- 172.21.15.82:0/146709311 >> [v2:172.21.15.82:6800/1763049308,v1:172.21.15.82:6801/1763049308] conn(0x7feea80390c0 0x7feea803b5d0 unknown :-1 s=BANNER_CONNECTING pgs=0 cs=0 l=1 rev1=0 crypto rx=0 tx=0 comp rx=0 tx=0)._handle_peer_banner_payload supported=3 required=0
2024-05-20T16:04:34.031 INFO:teuthology.orchestra.run.smithi082.stdout:/usr/bin/ceph: stderr
2024-05-20T16:04:33.083+0000 7feeb7fff700 1 --2- 172.21.15.82:0/146709311 >> [v2:172.21.15.82:6800/1763049308,v1:172.21.15.82:6801/1763049308] conn(0x7feea80390c0 0x7feea803b5d0 secure :-1 s=READY pgs=13 cs=0 l=1 rev1=1 crypto rx=0x7feea4006fd0 tx=0x7feea4006e40 comp rx=0 tx=0).ready entity=mgr.14118 client_cookie=0 server_cookie=0 in_seq=0 out_seq=0
2024-05-20T16:04:34.032 INFO:teuthology.orchestra.run.smithi082.stdout:/usr/bin/ceph: stderr
2024-05-20T16:04:33.088+0000 7feeb5ffb700 1 -- 172.21.15.82:0/146709311 <== mon.0 v2:172.21.15.82:3300/0 6 ==== mon_command_ack([{"prefix": "get_command_descriptions"}]=0 v0) ==== 72+0+186418 (secure 0 0 0) 0x7feeac04cd00 con 0x7feeb807c510
2024-05-20T16:04:34.032 INFO:teuthology.orchestra.run.smithi082.stdout:/usr/bin/ceph: stderr
2024-05-20T16:04:33.300+0000 7feebecaf700 1 -- 172.21.15.82:0/146709311 --> [v2:172.21.15.82:6800/1763049308,v1:172.21.15.82:6801/1763049308] -- mgr_command(tid 0: {"prefix": "orch apply", "service_type": "mgr", "unmanaged": true, "target": ["mon-mgr", ""]}) -- 0x7feeb8103fb0 con 0x7feea80390c0
2024-05-20T16:04:34.032 INFO:teuthology.orchestra.run.smithi082.stdout:/usr/bin/ceph: stderr
2024-05-20T16:04:33.305+0000 7feeb5ffb700 1 -- 172.21.15.82:0/146709311 <== mgr.14118 v2:172.21.15.82:6800/1763049308 1 ==== mgr_command_reply(tid 0: 0 ) ==== 8+0+24 (secure 0 0 0) 0x7feeb8103fb0 con 0x7feea80390c0
2024-05-20T16:04:34.032 INFO:teuthology.orchestra.run.smithi082.stdout:/usr/bin/ceph: stderr
2024-05-20T16:04:33.307+0000 7feebecaf700 1 -- 172.21.15.82:0/146709311 >> [v2:172.21.15.82:6800/1763049308,v1:172.21.15.82:6801/1763049308] conn(0x7feea80390c0 msgr2=0x7feea803b5d0 secure :-1 s=STATE_CONNECTION_ESTABLISHED l=1).mark_down
2024-05-20T16:04:34.032 INFO:teuthology.orchestra.run.smithi082.stdout:/usr/bin/ceph: stderr
2024-05-20T16:04:33.307+0000 7feebecaf700 1 --2- 172.21.15.82:0/146709311 >> [v2:172.21.15.82:6800/1763049308,v1:172.21.15.82:6801/1763049308] conn(0x7feea80390c0 0x7feea803b5d0 secure :-1 s=READY pgs=13 cs=0 l=1 rev1=1 crypto rx=0x7feea4006fd0 tx=0x7feea4006e40 comp rx=0 tx=0).stop
2024-05-20T16:04:34.032 INFO:teuthology.orchestra.run.smithi082.stdout:/usr/bin/ceph: stderr
2024-05-20T16:04:33.307+0000 7feebecaf700 1 -- 172.21.15.82:0/146709311 >> [v2:172.21.15.82:3300/0,v1:172.21.15.82:6789/0] conn(0x7feeb807c510 msgr2=0x7feeb819ce00 secure :-1 s=STATE_CONNECTION_ESTABLISHED l=1).mark_down
2024-05-20T16:04:34.032 INFO:teuthology.orchestra.run.smithi082.stdout:/usr/bin/ceph: stderr
2024-05-20T16:04:33.307+0000 7feebecaf700 1 --2- 172.21.15.82:0/146709311 >> [v2:172.21.15.82:3300/0,v1:172.21.15.82:6789/0] conn(0x7feeb807c510 0x7feeb819ce00 secure :-1 s=READY pgs=48 cs=0 l=1 rev1=1 crypto rx=0x7feeac009fb0 tx=0x7feeac011bf0 comp rx=0 tx=0).stop
2024-05-20T16:04:34.032 INFO:teuthology.orchestra.run.smithi082.stdout:/usr/bin/ceph: stderr
2024-05-20T16:04:33.307+0000 7feebecaf700 1 -- 172.21.15.82:0/146709311 shutdown_connections
2024-05-20T16:04:34.032 INFO:teuthology.orchestra.run.smithi082.stdout:/usr/bin/ceph: stderr
2024-05-20T16:04:33.307+0000 7feebecaf700 1 --2- 172.21.15.82:0/146709311 >> [v2:172.21.15.82:6800/1763049308,v1:172.21.15.82:6801/1763049308] conn(0x7feea80390c0 0x7feea803b5d0 unknown :-1 s=CLOSED pgs=13 cs=0 l=1 rev1=1 crypto rx=0 tx=0 comp rx=0 tx=0).stop
2024-05-20T16:04:34.032 INFO:teuthology.orchestra.run.smithi082.stdout:/usr/bin/ceph: stderr
2024-05-20T16:04:33.307+0000 7feebecaf700 1 --2- 172.21.15.82:0/146709311 >> [v2:172.21.15.82:3300/0,v1:172.21.15.82:6789/0] conn(0x7feeb807c510 0x7feeb819ce00 unknown :-1 s=CLOSED pgs=48 cs=0 l=1 rev1=1 crypto rx=0 tx=0 comp rx=0 tx=0).stop
2024-05-20T16:04:34.032 INFO:teuthology.orchestra.run.smithi082.stdout:/usr/bin/ceph: stderr
2024-05-20T16:04:33.307+0000 7feebecaf700 1 -- 172.21.15.82:0/146709311 >> 172.21.15.82:0/146709311 conn(0x7feeb8103060 msgr2=0x7feeb81038a0 unknown :-1 s=STATE_NONE l=0).mark_down
2024-05-20T16:04:34.032 INFO:teuthology.orchestra.run.smithi082.stdout:/usr/bin/ceph: stderr
2024-05-20T16:04:33.307+0000 7feebecaf700 1 -- 172.21.15.82:0/146709311 shutdown_connections
2024-05-20T16:04:34.033 INFO:teuthology.orchestra.run.smithi082.stdout:/usr/bin/ceph: stderr
2024-05-20T16:04:33.307+0000 7feebecaf700 1 -- 172.21.15.82:0/146709311 wait complete.
2024-05-20T16:04:34.450 INFO:journalctl@ceph.mon.a.smithi082.stdout:May 20 16:04:34 smithi082 ceph-mon[32238]: from='client.14142 -' entity='client.admin' cmd=[{"prefix": "orch apply", "service_type": "mgr", "unmanaged": true, "target": ["mon-mgr", ""]}]: dispatch
2024-05-20T16:04:34.450 INFO:journalctl@ceph.mon.a.smithi082.stdout:May 20 16:04:34 smithi082 ceph-mon[32238]: Saving service mgr spec with placement count:2
2024-05-20T16:04:34.450 INFO:journalctl@ceph.mon.a.smithi082.stdout:May 20 16:04:34 smithi082 ceph-mon[32238]: from='mgr.14118 172.21.15.82:0/3662546898' entity='mgr.x'
2024-05-20T16:04:34.450 INFO:journalctl@ceph.mon.a.smithi082.stdout:May 20 16:04:34 smithi082 ceph-mon[32238]: from='mgr.14118 172.21.15.82:0/3662546898' entity='mgr.x'
2024-05-20T16:04:35.455 INFO:teuthology.orchestra.run.smithi082.stdout:/usr/bin/ceph: stderr
2024-05-20T16:04:34.490+0000 7fb0daad1700 1 Processor -- start
2024-05-20T16:04:35.455 INFO:teuthology.orchestra.run.smithi082.stdout:/usr/bin/ceph: stderr
2024-05-20T16:04:34.490+0000 7fb0daad1700 1 -- start start
2024-05-20T16:04:35.455 INFO:teuthology.orchestra.run.smithi082.stdout:/usr/bin/ceph: stderr
2024-05-20T16:04:34.491+0000 7fb0daad1700 1 --2- >> [v2:172.21.15.82:3300/0,v1:172.21.15.82:6789/0] conn(0x7fb0d4107990 0x7fb0d4107da0 unknown :-1 s=NONE pgs=0 cs=0 l=0 rev1=0 crypto rx=0 tx=0 comp rx=0 tx=0).connect
2024-05-20T16:04:35.455 INFO:teuthology.orchestra.run.smithi082.stdout:/usr/bin/ceph: stderr
2024-05-20T16:04:34.491+0000 7fb0daad1700 1 -- --> [v2:172.21.15.82:3300/0,v1:172.21.15.82:6789/0] -- mon_getmap magic: 0 -- 0x7fb0d4108390 con 0x7fb0d4107990
2024-05-20T16:04:35.456 INFO:teuthology.orchestra.run.smithi082.stdout:/usr/bin/ceph: stderr
2024-05-20T16:04:34.491+0000 7fb0d886d700 1 --2- >> [v2:172.21.15.82:3300/0,v1:172.21.15.82:6789/0] conn(0x7fb0d4107990 0x7fb0d4107da0 unknown :-1 s=BANNER_CONNECTING pgs=0 cs=0 l=0 rev1=0 crypto rx=0 tx=0 comp rx=0 tx=0)._handle_peer_banner_payload supported=3 required=0
2024-05-20T16:04:35.456 INFO:teuthology.orchestra.run.smithi082.stdout:/usr/bin/ceph: stderr
2024-05-20T16:04:34.491+0000 7fb0d886d700 1 --2- >> [v2:172.21.15.82:3300/0,v1:172.21.15.82:6789/0] conn(0x7fb0d4107990 0x7fb0d4107da0 unknown :-1 s=HELLO_CONNECTING pgs=0 cs=0 l=0 rev1=1 crypto rx=0 tx=0 comp rx=0 tx=0).handle_hello peer v2:172.21.15.82:3300/0 says I am v2:172.21.15.82:57306/0 (socket says 172.21.15.82:57306)
2024-05-20T16:04:35.456 INFO:teuthology.orchestra.run.smithi082.stdout:/usr/bin/ceph: stderr
2024-05-20T16:04:34.491+0000 7fb0d886d700 1 -- 172.21.15.82:0/2956434201 learned_addr learned my addr 172.21.15.82:0/2956434201 (peer_addr_for_me v2:172.21.15.82:0/0)
2024-05-20T16:04:35.456 INFO:teuthology.orchestra.run.smithi082.stdout:/usr/bin/ceph: stderr
2024-05-20T16:04:34.491+0000 7fb0d886d700 1 -- 172.21.15.82:0/2956434201 --> [v2:172.21.15.82:3300/0,v1:172.21.15.82:6789/0] -- mon_subscribe({config=0+,monmap=0+}) -- 0x7fb0d4108ac0 con 0x7fb0d4107990
2024-05-20T16:04:35.456 INFO:teuthology.orchestra.run.smithi082.stdout:/usr/bin/ceph: stderr
2024-05-20T16:04:34.491+0000 7fb0d886d700 1 --2- 172.21.15.82:0/2956434201 >> [v2:172.21.15.82:3300/0,v1:172.21.15.82:6789/0] conn(0x7fb0d4107990 0x7fb0d4107da0 secure :-1 s=READY pgs=49 cs=0 l=1 rev1=1 crypto rx=0x7fb0c80098a0 tx=0x7fb0c8009bb0 comp rx=0 tx=0).ready entity=mon.0 client_cookie=427f6ba76cecde14 server_cookie=0 in_seq=0 out_seq=0
2024-05-20T16:04:35.456 INFO:teuthology.orchestra.run.smithi082.stdout:/usr/bin/ceph: stderr
2024-05-20T16:04:34.491+0000 7fb0d37fe700 1 -- 172.21.15.82:0/2956434201 <== mon.0 v2:172.21.15.82:3300/0 1 ==== mon_map magic: 0 ==== 205+0+0 (secure 0 0 0) 0x7fb0c8004160 con 0x7fb0d4107990
2024-05-20T16:04:35.456 INFO:teuthology.orchestra.run.smithi082.stdout:/usr/bin/ceph: stderr
2024-05-20T16:04:34.491+0000 7fb0d37fe700 1 -- 172.21.15.82:0/2956434201 <== mon.0 v2:172.21.15.82:3300/0 2 ==== config(27 keys) ==== 1140+0+0 (secure 0 0 0) 0x7fb0c8004300 con 0x7fb0d4107990
2024-05-20T16:04:35.456 INFO:teuthology.orchestra.run.smithi082.stdout:/usr/bin/ceph: stderr
2024-05-20T16:04:34.491+0000 7fb0d37fe700 1 -- 172.21.15.82:0/2956434201 <== mon.0 v2:172.21.15.82:3300/0 3 ==== mon_map magic: 0 ==== 205+0+0 (secure 0 0 0) 0x7fb0c8011b20 con 0x7fb0d4107990
2024-05-20T16:04:35.457 INFO:teuthology.orchestra.run.smithi082.stdout:/usr/bin/ceph: stderr
2024-05-20T16:04:34.492+0000 7fb0daad1700 1 -- 172.21.15.82:0/2956434201 >> [v2:172.21.15.82:3300/0,v1:172.21.15.82:6789/0] conn(0x7fb0d4107990 msgr2=0x7fb0d4107da0 secure :-1 s=STATE_CONNECTION_ESTABLISHED l=1).mark_down
2024-05-20T16:04:35.457 INFO:teuthology.orchestra.run.smithi082.stdout:/usr/bin/ceph: stderr
2024-05-20T16:04:34.492+0000 7fb0daad1700 1 --2- 172.21.15.82:0/2956434201 >> [v2:172.21.15.82:3300/0,v1:172.21.15.82:6789/0] conn(0x7fb0d4107990 0x7fb0d4107da0 secure :-1 s=READY pgs=49 cs=0 l=1 rev1=1 crypto rx=0x7fb0c80098a0 tx=0x7fb0c8009bb0 comp rx=0 tx=0).stop
2024-05-20T16:04:35.457 INFO:teuthology.orchestra.run.smithi082.stdout:/usr/bin/ceph: stderr
2024-05-20T16:04:34.492+0000 7fb0daad1700 1 -- 172.21.15.82:0/2956434201 shutdown_connections
2024-05-20T16:04:35.457 INFO:teuthology.orchestra.run.smithi082.stdout:/usr/bin/ceph: stderr
2024-05-20T16:04:34.492+0000 7fb0daad1700 1 --2- 172.21.15.82:0/2956434201 >> [v2:172.21.15.82:3300/0,v1:172.21.15.82:6789/0] conn(0x7fb0d4107990 0x7fb0d4107da0 unknown :-1 s=CLOSED pgs=49 cs=0 l=1 rev1=1 crypto rx=0 tx=0 comp rx=0 tx=0).stop
2024-05-20T16:04:35.457 INFO:teuthology.orchestra.run.smithi082.stdout:/usr/bin/ceph: stderr
2024-05-20T16:04:34.492+0000 7fb0daad1700 1 -- 172.21.15.82:0/2956434201 >> 172.21.15.82:0/2956434201 conn(0x7fb0d4103070 msgr2=0x7fb0d41054c0 unknown :-1 s=STATE_NONE l=0).mark_down
2024-05-20T16:04:35.457 INFO:teuthology.orchestra.run.smithi082.stdout:/usr/bin/ceph: stderr
2024-05-20T16:04:34.492+0000 7fb0daad1700 1 -- 172.21.15.82:0/2956434201 shutdown_connections
2024-05-20T16:04:35.457 INFO:teuthology.orchestra.run.smithi082.stdout:/usr/bin/ceph: stderr
2024-05-20T16:04:34.492+0000 7fb0daad1700 1 -- 172.21.15.82:0/2956434201 wait complete.
2024-05-20T16:04:35.457 INFO:teuthology.orchestra.run.smithi082.stdout:/usr/bin/ceph: stderr
2024-05-20T16:04:34.493+0000 7fb0daad1700 1 Processor -- start
2024-05-20T16:04:35.458 INFO:teuthology.orchestra.run.smithi082.stdout:/usr/bin/ceph: stderr
2024-05-20T16:04:34.493+0000 7fb0daad1700 1 -- start start
2024-05-20T16:04:35.458 INFO:teuthology.orchestra.run.smithi082.stdout:/usr/bin/ceph: stderr
2024-05-20T16:04:34.493+0000 7fb0daad1700 1 --2- >> [v2:172.21.15.82:3300/0,v1:172.21.15.82:6789/0] conn(0x7fb0d4107990 0x7fb0d4106130 unknown :-1 s=NONE pgs=0 cs=0 l=1 rev1=0 crypto rx=0 tx=0 comp rx=0 tx=0).connect
2024-05-20T16:04:35.458 INFO:teuthology.orchestra.run.smithi082.stdout:/usr/bin/ceph: stderr
2024-05-20T16:04:34.493+0000 7fb0daad1700 1 -- --> [v2:172.21.15.82:3300/0,v1:172.21.15.82:6789/0] -- mon_getmap magic: 0 -- 0x7fb0d410be70 con 0x7fb0d4107990
2024-05-20T16:04:35.458 INFO:teuthology.orchestra.run.smithi082.stdout:/usr/bin/ceph: stderr
2024-05-20T16:04:34.493+0000 7fb0d886d700 1 --2- >> [v2:172.21.15.82:3300/0,v1:172.21.15.82:6789/0] conn(0x7fb0d4107990 0x7fb0d4106130 unknown :-1 s=BANNER_CONNECTING pgs=0 cs=0 l=1 rev1=0 crypto rx=0 tx=0 comp rx=0 tx=0)._handle_peer_banner_payload supported=3 required=0
2024-05-20T16:04:35.458 INFO:teuthology.orchestra.run.smithi082.stdout:/usr/bin/ceph: stderr
2024-05-20T16:04:34.493+0000 7fb0d886d700 1 --2- >> [v2:172.21.15.82:3300/0,v1:172.21.15.82:6789/0] conn(0x7fb0d4107990 0x7fb0d4106130 unknown :-1 s=HELLO_CONNECTING pgs=0 cs=0 l=1 rev1=1 crypto rx=0 tx=0 comp rx=0 tx=0).handle_hello peer v2:172.21.15.82:3300/0 says I am v2:172.21.15.82:57322/0 (socket says 172.21.15.82:57322)
2024-05-20T16:04:35.458 INFO:teuthology.orchestra.run.smithi082.stdout:/usr/bin/ceph: stderr
2024-05-20T16:04:34.493+0000 7fb0d886d700 1 -- 172.21.15.82:0/1515658260 learned_addr learned my addr 172.21.15.82:0/1515658260 (peer_addr_for_me v2:172.21.15.82:0/0)
2024-05-20T16:04:35.458 INFO:teuthology.orchestra.run.smithi082.stdout:/usr/bin/ceph: stderr
2024-05-20T16:04:34.494+0000 7fb0d886d700 1 -- 172.21.15.82:0/1515658260 --> [v2:172.21.15.82:3300/0,v1:172.21.15.82:6789/0] -- mon_subscribe({config=0+,monmap=0+}) -- 0x7fb0d4106670 con 0x7fb0d4107990
2024-05-20T16:04:35.458 INFO:teuthology.orchestra.run.smithi082.stdout:/usr/bin/ceph: stderr
2024-05-20T16:04:34.494+0000 7fb0d886d700 1 --2- 172.21.15.82:0/1515658260 >> [v2:172.21.15.82:3300/0,v1:172.21.15.82:6789/0] conn(0x7fb0d4107990 0x7fb0d4106130 secure :-1 s=READY pgs=50 cs=0 l=1 rev1=1 crypto rx=0x7fb0c8009fb0 tx=0x7fb0c8011c10 comp rx=0 tx=0).ready entity=mon.0 client_cookie=0 server_cookie=0 in_seq=0 out_seq=0
2024-05-20T16:04:35.458 INFO:teuthology.orchestra.run.smithi082.stdout:/usr/bin/ceph: stderr
2024-05-20T16:04:34.494+0000 7fb0d1ffb700 1 -- 172.21.15.82:0/1515658260 <== mon.0 v2:172.21.15.82:3300/0 1 ==== mon_map magic: 0 ==== 205+0+0 (secure 0 0 0) 0x7fb0c8003930 con 0x7fb0d4107990
2024-05-20T16:04:35.459 INFO:teuthology.orchestra.run.smithi082.stdout:/usr/bin/ceph: stderr
2024-05-20T16:04:34.494+0000 7fb0d1ffb700 1 -- 172.21.15.82:0/1515658260 <== mon.0 v2:172.21.15.82:3300/0 2 ==== config(27 keys) ==== 1140+0+0 (secure 0 0 0) 0x7fb0c8003ad0 con 0x7fb0d4107990
2024-05-20T16:04:35.459 INFO:teuthology.orchestra.run.smithi082.stdout:/usr/bin/ceph: stderr
2024-05-20T16:04:34.494+0000 7fb0daad1700 1 -- 172.21.15.82:0/1515658260 --> [v2:172.21.15.82:3300/0,v1:172.21.15.82:6789/0] -- mon_subscribe({mgrmap=0+}) -- 0x7fb0d41048c0 con 0x7fb0d4107990
2024-05-20T16:04:35.459 INFO:teuthology.orchestra.run.smithi082.stdout:/usr/bin/ceph: stderr
2024-05-20T16:04:34.494+0000 7fb0d1ffb700 1 -- 172.21.15.82:0/1515658260 <== mon.0 v2:172.21.15.82:3300/0 3 ==== mon_map magic: 0 ==== 205+0+0 (secure 0 0 0) 0x7fb0c8019670 con 0x7fb0d4107990
2024-05-20T16:04:35.459 INFO:teuthology.orchestra.run.smithi082.stdout:/usr/bin/ceph: stderr
2024-05-20T16:04:34.494+0000 7fb0daad1700 1 -- 172.21.15.82:0/1515658260 --> [v2:172.21.15.82:3300/0,v1:172.21.15.82:6789/0] -- mon_subscribe({osdmap=0}) -- 0x7fb0d4104d20 con 0x7fb0d4107990
2024-05-20T16:04:35.459 INFO:teuthology.orchestra.run.smithi082.stdout:/usr/bin/ceph: stderr
2024-05-20T16:04:34.495+0000 7fb0daad1700 1 -- 172.21.15.82:0/1515658260 --> [v2:172.21.15.82:3300/0,v1:172.21.15.82:6789/0] -- mon_command({"prefix": "get_command_descriptions"} v 0) -- 0x7fb0d4063ca0 con 0x7fb0d4107990
2024-05-20T16:04:35.459 INFO:teuthology.orchestra.run.smithi082.stdout:/usr/bin/ceph: stderr
2024-05-20T16:04:34.495+0000 7fb0d1ffb700 1 -- 172.21.15.82:0/1515658260 <== mon.0 v2:172.21.15.82:3300/0 4 ==== mgrmap(e 8) ==== 46287+0+0 (secure 0 0 0) 0x7fb0c8019920 con 0x7fb0d4107990
2024-05-20T16:04:35.459 INFO:teuthology.orchestra.run.smithi082.stdout:/usr/bin/ceph: stderr
2024-05-20T16:04:34.496+0000 7fb0d1ffb700 1 --2- 172.21.15.82:0/1515658260 >> [v2:172.21.15.82:6800/1763049308,v1:172.21.15.82:6801/1763049308] conn(0x7fb0c4039110 0x7fb0c403b620 unknown :-1 s=NONE pgs=0 cs=0 l=1 rev1=0 crypto rx=0 tx=0 comp rx=0 tx=0).connect
2024-05-20T16:04:35.459 INFO:teuthology.orchestra.run.smithi082.stdout:/usr/bin/ceph: stderr
2024-05-20T16:04:34.496+0000 7fb0d1ffb700 1 -- 172.21.15.82:0/1515658260 <== mon.0 v2:172.21.15.82:3300/0 5 ==== osd_map(2..2 src has 1..2) ==== 940+0+0 (secure 0 0 0) 0x7fb0c804d630 con 0x7fb0d4107990
2024-05-20T16:04:35.459 INFO:teuthology.orchestra.run.smithi082.stdout:/usr/bin/ceph: stderr
2024-05-20T16:04:34.496+0000 7fb0d3fff700 1 --2- 172.21.15.82:0/1515658260 >> [v2:172.21.15.82:6800/1763049308,v1:172.21.15.82:6801/1763049308] conn(0x7fb0c4039110 0x7fb0c403b620 unknown :-1 s=BANNER_CONNECTING pgs=0 cs=0 l=1 rev1=0 crypto rx=0 tx=0 comp rx=0 tx=0)._handle_peer_banner_payload supported=3 required=0
2024-05-20T16:04:35.460 INFO:teuthology.orchestra.run.smithi082.stdout:/usr/bin/ceph: stderr
2024-05-20T16:04:34.496+0000 7fb0d3fff700 1 --2- 172.21.15.82:0/1515658260 >> [v2:172.21.15.82:6800/1763049308,v1:172.21.15.82:6801/1763049308] conn(0x7fb0c4039110 0x7fb0c403b620 secure :-1 s=READY pgs=14 cs=0 l=1 rev1=1 crypto rx=0x7fb0c0006fd0 tx=0x7fb0c0006e40 comp rx=0 tx=0).ready entity=mgr.14118 client_cookie=0 server_cookie=0 in_seq=0 out_seq=0
2024-05-20T16:04:35.460 INFO:teuthology.orchestra.run.smithi082.stdout:/usr/bin/ceph: stderr
2024-05-20T16:04:34.501+0000 7fb0d1ffb700 1 -- 172.21.15.82:0/1515658260 <== mon.0 v2:172.21.15.82:3300/0 6 ==== mon_command_ack([{"prefix": "get_command_descriptions"}]=0 v0) ==== 72+0+186418 (secure 0 0 0) 0x7fb0c8011e20 con 0x7fb0d4107990
2024-05-20T16:04:35.460 INFO:teuthology.orchestra.run.smithi082.stdout:/usr/bin/ceph: stderr
2024-05-20T16:04:34.721+0000 7fb0daad1700 1 -- 172.21.15.82:0/1515658260 --> [v2:172.21.15.82:3300/0,v1:172.21.15.82:6789/0] -- mon_command([{prefix=config set, name=mgr/cephadm/container_init}] v 0) -- 0x7fb0d4195e70 con 0x7fb0d4107990
2024-05-20T16:04:35.460 INFO:teuthology.orchestra.run.smithi082.stdout:/usr/bin/ceph: stderr
2024-05-20T16:04:34.727+0000 7fb0d1ffb700 1 -- 172.21.15.82:0/1515658260 <== mon.0 v2:172.21.15.82:3300/0 7 ==== mon_command_ack([{prefix=config set, name=mgr/cephadm/container_init}]=0 v7)=0 v7) ==== 142+0+0 (secure 0 0 0) 0x7fb0c8019d10 con 0x7fb0d4107990
2024-05-20T16:04:35.460 INFO:teuthology.orchestra.run.smithi082.stdout:/usr/bin/ceph: stderr
2024-05-20T16:04:34.729+0000 7fb0daad1700 1 -- 172.21.15.82:0/1515658260 >> [v2:172.21.15.82:6800/1763049308,v1:172.21.15.82:6801/1763049308] conn(0x7fb0c4039110 msgr2=0x7fb0c403b620 secure :-1 s=STATE_CONNECTION_ESTABLISHED l=1).mark_down
2024-05-20T16:04:35.460 INFO:teuthology.orchestra.run.smithi082.stdout:/usr/bin/ceph: stderr
2024-05-20T16:04:34.729+0000 7fb0daad1700 1 --2- 172.21.15.82:0/1515658260 >> [v2:172.21.15.82:6800/1763049308,v1:172.21.15.82:6801/1763049308] conn(0x7fb0c4039110 0x7fb0c403b620 secure :-1 s=READY pgs=14 cs=0 l=1 rev1=1 crypto rx=0x7fb0c0006fd0 tx=0x7fb0c0006e40 comp rx=0 tx=0).stop
2024-05-20T16:04:35.460 INFO:teuthology.orchestra.run.smithi082.stdout:/usr/bin/ceph: stderr
2024-05-20T16:04:34.729+0000 7fb0daad1700 1 -- 172.21.15.82:0/1515658260 >> [v2:172.21.15.82:3300/0,v1:172.21.15.82:6789/0] conn(0x7fb0d4107990 msgr2=0x7fb0d4106130 secure :-1 s=STATE_CONNECTION_ESTABLISHED l=1).mark_down
2024-05-20T16:04:35.460 INFO:teuthology.orchestra.run.smithi082.stdout:/usr/bin/ceph: stderr
2024-05-20T16:04:34.729+0000 7fb0daad1700 1 --2- 172.21.15.82:0/1515658260 >> [v2:172.21.15.82:3300/0,v1:172.21.15.82:6789/0] conn(0x7fb0d4107990 0x7fb0d4106130 secure :-1 s=READY pgs=50 cs=0 l=1 rev1=1 crypto rx=0x7fb0c8009fb0 tx=0x7fb0c8011c10 comp rx=0 tx=0).stop
2024-05-20T16:04:35.461 INFO:teuthology.orchestra.run.smithi082.stdout:/usr/bin/ceph: stderr
2024-05-20T16:04:34.729+0000 7fb0daad1700 1 -- 172.21.15.82:0/1515658260 shutdown_connections
2024-05-20T16:04:35.461 INFO:teuthology.orchestra.run.smithi082.stdout:/usr/bin/ceph: stderr
2024-05-20T16:04:34.729+0000 7fb0daad1700 1 --2- 172.21.15.82:0/1515658260 >> [v2:172.21.15.82:6800/1763049308,v1:172.21.15.82:6801/1763049308] conn(0x7fb0c4039110 0x7fb0c403b620 unknown :-1 s=CLOSED pgs=14 cs=0 l=1 rev1=1 crypto rx=0 tx=0 comp rx=0 tx=0).stop
2024-05-20T16:04:35.461 INFO:teuthology.orchestra.run.smithi082.stdout:/usr/bin/ceph: stderr
2024-05-20T16:04:34.729+0000 7fb0daad1700 1 --2- 172.21.15.82:0/1515658260 >> [v2:172.21.15.82:3300/0,v1:172.21.15.82:6789/0] conn(0x7fb0d4107990 0x7fb0d4106130 unknown :-1 s=CLOSED pgs=50 cs=0 l=1 rev1=1 crypto rx=0 tx=0 comp rx=0 tx=0).stop
2024-05-20T16:04:35.461 INFO:teuthology.orchestra.run.smithi082.stdout:/usr/bin/ceph: stderr
2024-05-20T16:04:34.729+0000 7fb0daad1700 1 -- 172.21.15.82:0/1515658260 >> 172.21.15.82:0/1515658260 conn(0x7fb0d4103070 msgr2=0x7fb0d4193380 unknown :-1 s=STATE_NONE l=0).mark_down
2024-05-20T16:04:35.461 INFO:teuthology.orchestra.run.smithi082.stdout:/usr/bin/ceph: stderr
2024-05-20T16:04:34.729+0000 7fb0daad1700 1 -- 172.21.15.82:0/1515658260 shutdown_connections
2024-05-20T16:04:35.461 INFO:teuthology.orchestra.run.smithi082.stdout:/usr/bin/ceph: stderr
2024-05-20T16:04:34.729+0000 7fb0daad1700 1 -- 172.21.15.82:0/1515658260 wait complete.
2024-05-20T16:04:35.984 INFO:journalctl@ceph.mon.a.smithi082.stdout:May 20 16:04:35 smithi082 ceph-mon[32238]: from='client.? 172.21.15.82:0/1515658260' entity='client.admin'
2024-05-20T16:04:36.853 INFO:teuthology.orchestra.run.smithi082.stdout:/usr/bin/ceph: stderr
2024-05-20T16:04:36.103+0000 7f7b4f628700 1 Processor -- start
2024-05-20T16:04:36.853 INFO:teuthology.orchestra.run.smithi082.stdout:/usr/bin/ceph: stderr
2024-05-20T16:04:36.104+0000 7f7b4f628700 1 -- start start
2024-05-20T16:04:36.853 INFO:teuthology.orchestra.run.smithi082.stdout:/usr/bin/ceph: stderr
2024-05-20T16:04:36.104+0000 7f7b4f628700 1 --2- >> [v2:172.21.15.82:3300/0,v1:172.21.15.82:6789/0] conn(0x7f7b481079b0 0x7f7b48107dc0 unknown :-1 s=NONE pgs=0 cs=0 l=0 rev1=0 crypto rx=0 tx=0 comp rx=0 tx=0).connect
2024-05-20T16:04:36.853 INFO:teuthology.orchestra.run.smithi082.stdout:/usr/bin/ceph: stderr
2024-05-20T16:04:36.104+0000 7f7b4f628700 1 -- --> [v2:172.21.15.82:3300/0,v1:172.21.15.82:6789/0] -- mon_getmap magic: 0 -- 0x7f7b481083b0 con 0x7f7b481079b0
2024-05-20T16:04:36.854 INFO:teuthology.orchestra.run.smithi082.stdout:/usr/bin/ceph: stderr
2024-05-20T16:04:36.104+0000 7f7b4d3c4700 1 --2- >> [v2:172.21.15.82:3300/0,v1:172.21.15.82:6789/0] conn(0x7f7b481079b0 0x7f7b48107dc0 unknown :-1 s=BANNER_CONNECTING pgs=0 cs=0 l=0 rev1=0 crypto rx=0 tx=0 comp rx=0 tx=0)._handle_peer_banner_payload supported=3 required=0
2024-05-20T16:04:36.854 INFO:teuthology.orchestra.run.smithi082.stdout:/usr/bin/ceph: stderr
2024-05-20T16:04:36.104+0000 7f7b4d3c4700 1 --2- >> [v2:172.21.15.82:3300/0,v1:172.21.15.82:6789/0] conn(0x7f7b481079b0 0x7f7b48107dc0 unknown :-1 s=HELLO_CONNECTING pgs=0 cs=0 l=0 rev1=1 crypto rx=0 tx=0 comp rx=0 tx=0).handle_hello peer v2:172.21.15.82:3300/0 says I am v2:172.21.15.82:57330/0 (socket says 172.21.15.82:57330)
2024-05-20T16:04:36.854 INFO:teuthology.orchestra.run.smithi082.stdout:/usr/bin/ceph: stderr
2024-05-20T16:04:36.104+0000 7f7b4d3c4700 1 -- 172.21.15.82:0/2177960070 learned_addr learned my addr 172.21.15.82:0/2177960070 (peer_addr_for_me v2:172.21.15.82:0/0)
2024-05-20T16:04:36.854 INFO:teuthology.orchestra.run.smithi082.stdout:/usr/bin/ceph: stderr
2024-05-20T16:04:36.104+0000 7f7b4d3c4700 1 -- 172.21.15.82:0/2177960070 --> [v2:172.21.15.82:3300/0,v1:172.21.15.82:6789/0] -- mon_subscribe({config=0+,monmap=0+}) -- 0x7f7b48108ae0 con 0x7f7b481079b0
2024-05-20T16:04:36.854 INFO:teuthology.orchestra.run.smithi082.stdout:/usr/bin/ceph: stderr
2024-05-20T16:04:36.105+0000 7f7b4d3c4700 1 --2- 172.21.15.82:0/2177960070 >> [v2:172.21.15.82:3300/0,v1:172.21.15.82:6789/0] conn(0x7f7b481079b0 0x7f7b48107dc0 secure :-1 s=READY pgs=51 cs=0 l=1 rev1=1 crypto rx=0x7f7b440098a0 tx=0x7f7b44009bb0 comp rx=0 tx=0).ready entity=mon.0 client_cookie=7b184c1903f890bc server_cookie=0 in_seq=0 out_seq=0
2024-05-20T16:04:36.854 INFO:teuthology.orchestra.run.smithi082.stdout:/usr/bin/ceph: stderr
2024-05-20T16:04:36.105+0000 7f7b3bfff700 1 -- 172.21.15.82:0/2177960070 <== mon.0 v2:172.21.15.82:3300/0 1 ==== mon_map magic: 0 ==== 205+0+0 (secure 0 0 0) 0x7f7b44004160 con 0x7f7b481079b0
2024-05-20T16:04:36.854 INFO:teuthology.orchestra.run.smithi082.stdout:/usr/bin/ceph: stderr
2024-05-20T16:04:36.105+0000 7f7b3bfff700 1 -- 172.21.15.82:0/2177960070 <== mon.0 v2:172.21.15.82:3300/0 2 ==== config(27 keys) ==== 1140+0+0 (secure 0 0 0) 0x7f7b44004300 con 0x7f7b481079b0
2024-05-20T16:04:36.854 INFO:teuthology.orchestra.run.smithi082.stdout:/usr/bin/ceph: stderr
2024-05-20T16:04:36.105+0000 7f7b3bfff700 1 -- 172.21.15.82:0/2177960070 <== mon.0 v2:172.21.15.82:3300/0 3 ==== mon_map magic: 0 ==== 205+0+0 (secure 0 0 0) 0x7f7b44011b20 con 0x7f7b481079b0
2024-05-20T16:04:36.854 INFO:teuthology.orchestra.run.smithi082.stdout:/usr/bin/ceph: stderr
2024-05-20T16:04:36.105+0000 7f7b4f628700 1 -- 172.21.15.82:0/2177960070 >> [v2:172.21.15.82:3300/0,v1:172.21.15.82:6789/0] conn(0x7f7b481079b0 msgr2=0x7f7b48107dc0 secure :-1 s=STATE_CONNECTION_ESTABLISHED l=1).mark_down
2024-05-20T16:04:36.854 INFO:teuthology.orchestra.run.smithi082.stdout:/usr/bin/ceph: stderr
2024-05-20T16:04:36.106+0000 7f7b4f628700 1 --2- 172.21.15.82:0/2177960070 >> [v2:172.21.15.82:3300/0,v1:172.21.15.82:6789/0] conn(0x7f7b481079b0 0x7f7b48107dc0 secure :-1 s=READY pgs=51 cs=0 l=1 rev1=1 crypto rx=0x7f7b440098a0 tx=0x7f7b44009bb0 comp rx=0 tx=0).stop
2024-05-20T16:04:36.854 INFO:teuthology.orchestra.run.smithi082.stdout:/usr/bin/ceph: stderr
2024-05-20T16:04:36.106+0000 7f7b4f628700 1 -- 172.21.15.82:0/2177960070 shutdown_connections
2024-05-20T16:04:36.855 INFO:teuthology.orchestra.run.smithi082.stdout:/usr/bin/ceph: stderr
2024-05-20T16:04:36.106+0000 7f7b4f628700 1 --2- 172.21.15.82:0/2177960070 >> [v2:172.21.15.82:3300/0,v1:172.21.15.82:6789/0] conn(0x7f7b481079b0 0x7f7b48107dc0 unknown :-1 s=CLOSED pgs=51 cs=0 l=1 rev1=1 crypto rx=0 tx=0 comp rx=0 tx=0).stop
2024-05-20T16:04:36.855 INFO:teuthology.orchestra.run.smithi082.stdout:/usr/bin/ceph: stderr
2024-05-20T16:04:36.106+0000 7f7b4f628700 1 -- 172.21.15.82:0/2177960070 >> 172.21.15.82:0/2177960070 conn(0x7f7b48103050 msgr2=0x7f7b481054a0 unknown :-1 s=STATE_NONE l=0).mark_down
2024-05-20T16:04:36.855 INFO:teuthology.orchestra.run.smithi082.stdout:/usr/bin/ceph: stderr
2024-05-20T16:04:36.106+0000 7f7b4f628700 1 -- 172.21.15.82:0/2177960070 shutdown_connections
2024-05-20T16:04:36.855 INFO:teuthology.orchestra.run.smithi082.stdout:/usr/bin/ceph: stderr
2024-05-20T16:04:36.106+0000 7f7b4f628700 1 -- 172.21.15.82:0/2177960070 wait complete.
2024-05-20T16:04:36.855 INFO:teuthology.orchestra.run.smithi082.stdout:/usr/bin/ceph: stderr
2024-05-20T16:04:36.106+0000 7f7b4f628700 1 Processor -- start
2024-05-20T16:04:36.855 INFO:teuthology.orchestra.run.smithi082.stdout:/usr/bin/ceph: stderr
2024-05-20T16:04:36.106+0000 7f7b4f628700 1 -- start start
2024-05-20T16:04:36.855 INFO:teuthology.orchestra.run.smithi082.stdout:/usr/bin/ceph: stderr
2024-05-20T16:04:36.107+0000 7f7b4f628700 1 --2- >> [v2:172.21.15.82:3300/0,v1:172.21.15.82:6789/0] conn(0x7f7b481079b0 0x7f7b4819bd10 unknown :-1 s=NONE pgs=0 cs=0 l=1 rev1=0 crypto rx=0 tx=0 comp rx=0 tx=0).connect
2024-05-20T16:04:36.855 INFO:teuthology.orchestra.run.smithi082.stdout:/usr/bin/ceph: stderr
2024-05-20T16:04:36.107+0000 7f7b4f628700 1 -- --> [v2:172.21.15.82:3300/0,v1:172.21.15.82:6789/0] -- mon_getmap magic: 0 -- 0x7f7b4810be90 con 0x7f7b481079b0
2024-05-20T16:04:36.855 INFO:teuthology.orchestra.run.smithi082.stdout:/usr/bin/ceph: stderr
2024-05-20T16:04:36.107+0000 7f7b4d3c4700 1 --2- >> [v2:172.21.15.82:3300/0,v1:172.21.15.82:6789/0] conn(0x7f7b481079b0 0x7f7b4819bd10 unknown :-1 s=BANNER_CONNECTING pgs=0 cs=0 l=1 rev1=0 crypto rx=0 tx=0 comp rx=0 tx=0)._handle_peer_banner_payload supported=3 required=0
2024-05-20T16:04:36.855 INFO:teuthology.orchestra.run.smithi082.stdout:/usr/bin/ceph: stderr
2024-05-20T16:04:36.107+0000 7f7b4d3c4700 1 --2- >> [v2:172.21.15.82:3300/0,v1:172.21.15.82:6789/0] conn(0x7f7b481079b0 0x7f7b4819bd10 unknown :-1 s=HELLO_CONNECTING pgs=0 cs=0 l=1 rev1=1 crypto rx=0 tx=0 comp rx=0 tx=0).handle_hello peer v2:172.21.15.82:3300/0 says I am v2:172.21.15.82:57332/0 (socket says 172.21.15.82:57332)
2024-05-20T16:04:36.855 INFO:teuthology.orchestra.run.smithi082.stdout:/usr/bin/ceph: stderr
2024-05-20T16:04:36.107+0000 7f7b4d3c4700 1 -- 172.21.15.82:0/2332569445 learned_addr learned my addr 172.21.15.82:0/2332569445 (peer_addr_for_me v2:172.21.15.82:0/0)
2024-05-20T16:04:36.855 INFO:teuthology.orchestra.run.smithi082.stdout:/usr/bin/ceph: stderr
