2024-05-20T16:04:20.818 INFO:teuthology.orchestra.run.smithi082.stdout:/usr/bin/ceph: stderr
2024-05-20T16:04:17.470+0000 7fc9967fc700 1 -- 172.21.15.82:0/3383994206 >> [v2:172.21.15.82:6800/1959459348,v1:172.21.15.82:6801/1959459348] conn(0x7fc9800390c0 msgr2=0x7fc98003b5d0 unknown :-1 s=STATE_CONNECTING_RE l=1).process reconnect failed to v2:172.21.15.82:6800/1959459348
2024-05-20T16:04:20.818 INFO:teuthology.orchestra.run.smithi082.stdout:/usr/bin/ceph: stderr
2024-05-20T16:04:17.470+0000 7fc9967fc700 1 --2- 172.21.15.82:0/3383994206 >> [v2:172.21.15.82:6800/1959459348,v1:172.21.15.82:6801/1959459348] conn(0x7fc9800390c0 0x7fc98003b5d0 unknown :-1 s=START_CONNECT pgs=0 cs=0 l=1 rev1=0 crypto rx=0 tx=0 comp rx=0 tx=0)._fault waiting 3.200000
2024-05-20T16:04:20.818 INFO:teuthology.orchestra.run.smithi082.stdout:/usr/bin/ceph: stderr
2024-05-20T16:04:19.209+0000 7fc99c8d6700 1 -- 172.21.15.82:0/3383994206 <== mon.0 v2:172.21.15.82:3300/0 6 ==== mgrmap(e 6) ==== 46054+0+0 (secure 0 0 0) 0x7fc98801aa70 con 0x7fc998107a20
2024-05-20T16:04:20.818 INFO:teuthology.orchestra.run.smithi082.stdout:/usr/bin/ceph: stderr
2024-05-20T16:04:19.210+0000 7fc99c8d6700 1 -- 172.21.15.82:0/3383994206 >> [v2:172.21.15.82:6800/1959459348,v1:172.21.15.82:6801/1959459348] conn(0x7fc9800390c0 msgr2=0x7fc98003b5d0 unknown :-1 s=STATE_CONNECTING l=1).mark_down
2024-05-20T16:04:20.818 INFO:teuthology.orchestra.run.smithi082.stdout:/usr/bin/ceph: stderr
2024-05-20T16:04:19.210+0000 7fc99c8d6700 1 --2- 172.21.15.82:0/3383994206 >> [v2:172.21.15.82:6800/1959459348,v1:172.21.15.82:6801/1959459348] conn(0x7fc9800390c0 0x7fc98003b5d0 unknown :-1 s=START_CONNECT pgs=0 cs=0 l=1 rev1=0 crypto rx=0 tx=0 comp rx=0 tx=0).stop
2024-05-20T16:04:20.818 INFO:teuthology.orchestra.run.smithi082.stdout:/usr/bin/ceph: stderr
2024-05-20T16:04:20.211+0000 7fc99c8d6700 1 -- 172.21.15.82:0/3383994206 <== mon.0 v2:172.21.15.82:3300/0 7 ==== mgrmap(e 7) ==== 46181+0+0 (secure 0 0 0) 0x7fc988018350 con 0x7fc998107a20
2024-05-20T16:04:20.819 INFO:teuthology.orchestra.run.smithi082.stdout:/usr/bin/ceph: stderr
2024-05-20T16:04:20.211+0000 7fc99c8d6700 1 --2- 172.21.15.82:0/3383994206 >> [v2:172.21.15.82:6800/1763049308,v1:172.21.15.82:6801/1763049308] conn(0x7fc98003ca40 0x7fc98003ee60 unknown :-1 s=NONE pgs=0 cs=0 l=1 rev1=0 crypto rx=0 tx=0 comp rx=0 tx=0).connect
2024-05-20T16:04:20.819 INFO:teuthology.orchestra.run.smithi082.stdout:/usr/bin/ceph: stderr
2024-05-20T16:04:20.211+0000 7fc99c8d6700 1 -- 172.21.15.82:0/3383994206 --> [v2:172.21.15.82:6800/1763049308,v1:172.21.15.82:6801/1763049308] -- command(tid 0: {"prefix": "get_command_descriptions"}) -- 0x7fc98003bce0 con 0x7fc98003ca40
2024-05-20T16:04:20.819 INFO:teuthology.orchestra.run.smithi082.stdout:/usr/bin/ceph: stderr
2024-05-20T16:04:20.212+0000 7fc9967fc700 1 --2- 172.21.15.82:0/3383994206 >> [v2:172.21.15.82:6800/1763049308,v1:172.21.15.82:6801/1763049308] conn(0x7fc98003ca40 0x7fc98003ee60 unknown :-1 s=BANNER_CONNECTING pgs=0 cs=0 l=1 rev1=0 crypto rx=0 tx=0 comp rx=0 tx=0)._handle_peer_banner_payload supported=3 required=0
2024-05-20T16:04:20.819 INFO:teuthology.orchestra.run.smithi082.stdout:/usr/bin/ceph: stderr
2024-05-20T16:04:20.212+0000 7fc9967fc700 1 --2- 172.21.15.82:0/3383994206 >> [v2:172.21.15.82:6800/1763049308,v1:172.21.15.82:6801/1763049308] conn(0x7fc98003ca40 0x7fc98003ee60 secure :-1 s=READY pgs=2 cs=0 l=1 rev1=1 crypto rx=0x7fc98c003a10 tx=0x7fc98c009290 comp rx=0 tx=0).ready entity=mgr.14118 client_cookie=0 server_cookie=0 in_seq=0 out_seq=0
2024-05-20T16:04:20.819 INFO:teuthology.orchestra.run.smithi082.stdout:/usr/bin/ceph: stderr
2024-05-20T16:04:20.213+0000 7fc99c8d6700 1 -- 172.21.15.82:0/3383994206 <== mgr.14118 v2:172.21.15.82:6800/1763049308 1 ==== command_reply(tid 0: 0 ) ==== 8+0+7774 (secure 0 0 0) 0x7fc98003bce0 con 0x7fc98003ca40
2024-05-20T16:04:20.819 INFO:teuthology.orchestra.run.smithi082.stdout:/usr/bin/ceph: stderr
2024-05-20T16:04:20.219+0000 7fc99d8d8700 1 -- 172.21.15.82:0/3383994206 --> [v2:172.21.15.82:6800/1763049308,v1:172.21.15.82:6801/1763049308] -- command(tid 1: {"prefix": "mgr_status"}) -- 0x7fc998063ca0 con 0x7fc98003ca40
2024-05-20T16:04:20.819 INFO:teuthology.orchestra.run.smithi082.stdout:/usr/bin/ceph: stderr
2024-05-20T16:04:20.220+0000 7fc99c8d6700 1 -- 172.21.15.82:0/3383994206 <== mgr.14118 v2:172.21.15.82:6800/1763049308 2 ==== command_reply(tid 1: 0 ) ==== 8+0+51 (secure 0 0 0) 0x7fc998063ca0 con 0x7fc98003ca40
2024-05-20T16:04:20.819 INFO:teuthology.orchestra.run.smithi082.stdout:/usr/bin/ceph: stderr
2024-05-20T16:04:20.220+0000 7fc99d8d8700 1 -- 172.21.15.82:0/3383994206 >> [v2:172.21.15.82:6800/1763049308,v1:172.21.15.82:6801/1763049308] conn(0x7fc98003ca40 msgr2=0x7fc98003ee60 secure :-1 s=STATE_CONNECTION_ESTABLISHED l=1).mark_down
2024-05-20T16:04:20.819 INFO:teuthology.orchestra.run.smithi082.stdout:/usr/bin/ceph: stderr
2024-05-20T16:04:20.220+0000 7fc99d8d8700 1 --2- 172.21.15.82:0/3383994206 >> [v2:172.21.15.82:6800/1763049308,v1:172.21.15.82:6801/1763049308] conn(0x7fc98003ca40 0x7fc98003ee60 secure :-1 s=READY pgs=2 cs=0 l=1 rev1=1 crypto rx=0x7fc98c003a10 tx=0x7fc98c009290 comp rx=0 tx=0).stop
2024-05-20T16:04:20.819 INFO:teuthology.orchestra.run.smithi082.stdout:/usr/bin/ceph: stderr
2024-05-20T16:04:20.220+0000 7fc99d8d8700 1 -- 172.21.15.82:0/3383994206 >> [v2:172.21.15.82:3300/0,v1:172.21.15.82:6789/0] conn(0x7fc998107a20 msgr2=0x7fc99819bda0 secure :-1 s=STATE_CONNECTION_ESTABLISHED l=1).mark_down
2024-05-20T16:04:20.820 INFO:teuthology.orchestra.run.smithi082.stdout:/usr/bin/ceph: stderr
2024-05-20T16:04:20.220+0000 7fc99d8d8700 1 --2- 172.21.15.82:0/3383994206 >> [v2:172.21.15.82:3300/0,v1:172.21.15.82:6789/0] conn(0x7fc998107a20 0x7fc99819bda0 secure :-1 s=READY pgs=27 cs=0 l=1 rev1=1 crypto rx=0x7fc988009fb0 tx=0x7fc988011c10 comp rx=0 tx=0).stop
2024-05-20T16:04:20.820 INFO:teuthology.orchestra.run.smithi082.stdout:/usr/bin/ceph: stderr
2024-05-20T16:04:20.220+0000 7fc99d8d8700 1 -- 172.21.15.82:0/3383994206 shutdown_connections
2024-05-20T16:04:20.820 INFO:teuthology.orchestra.run.smithi082.stdout:/usr/bin/ceph: stderr
2024-05-20T16:04:20.220+0000 7fc99d8d8700 1 --2- 172.21.15.82:0/3383994206 >> [v2:172.21.15.82:3300/0,v1:172.21.15.82:6789/0] conn(0x7fc998107a20 0x7fc99819bda0 unknown :-1 s=CLOSED pgs=27 cs=0 l=1 rev1=1 crypto rx=0 tx=0 comp rx=0 tx=0).stop
2024-05-20T16:04:20.820 INFO:teuthology.orchestra.run.smithi082.stdout:/usr/bin/ceph: stderr
2024-05-20T16:04:20.220+0000 7fc99d8d8700 1 --2- 172.21.15.82:0/3383994206 >> [v2:172.21.15.82:6800/1763049308,v1:172.21.15.82:6801/1763049308] conn(0x7fc98003ca40 0x7fc98003ee60 unknown :-1 s=CLOSED pgs=2 cs=0 l=1 rev1=1 crypto rx=0 tx=0 comp rx=0 tx=0).stop
2024-05-20T16:04:20.820 INFO:teuthology.orchestra.run.smithi082.stdout:/usr/bin/ceph: stderr
2024-05-20T16:04:20.220+0000 7fc99d8d8700 1 --2- 172.21.15.82:0/3383994206 >> [v2:172.21.15.82:6800/1959459348,v1:172.21.15.82:6801/1959459348] conn(0x7fc9800390c0 0x7fc98003b5d0 unknown :-1 s=CLOSED pgs=0 cs=0 l=1 rev1=0 crypto rx=0 tx=0 comp rx=0 tx=0).stop
2024-05-20T16:04:20.820 INFO:teuthology.orchestra.run.smithi082.stdout:/usr/bin/ceph: stderr
2024-05-20T16:04:20.220+0000 7fc99d8d8700 1 -- 172.21.15.82:0/3383994206 >> 172.21.15.82:0/3383994206 conn(0x7fc998103060 msgr2=0x7fc9981038a0 unknown :-1 s=STATE_NONE l=0).mark_down
2024-05-20T16:04:20.820 INFO:teuthology.orchestra.run.smithi082.stdout:/usr/bin/ceph: stderr
2024-05-20T16:04:20.220+0000 7fc99d8d8700 1 -- 172.21.15.82:0/3383994206 shutdown_connections
2024-05-20T16:04:20.820 INFO:teuthology.orchestra.run.smithi082.stdout:/usr/bin/ceph: stderr
2024-05-20T16:04:20.220+0000 7fc99d8d8700 1 -- 172.21.15.82:0/3383994206 wait complete.
2024-05-20T16:04:20.820 INFO:teuthology.orchestra.run.smithi082.stdout:mgr epoch 5 is available
2024-05-20T16:04:20.820 INFO:teuthology.orchestra.run.smithi082.stdout:Setting orchestrator backend to cephadm...
2024-05-20T16:04:21.498 INFO:journalctl@ceph.mon.a.smithi082.stdout:May 20 16:04:21 smithi082 ceph-mon[32238]: from='client.14122 -' entity='client.admin' cmd=[{"prefix": "get_command_descriptions"}]: dispatch
2024-05-20T16:04:21.498 INFO:journalctl@ceph.mon.a.smithi082.stdout:May 20 16:04:21 smithi082 ceph-mon[32238]: from='client.14122 -' entity='client.admin' cmd=[{"prefix": "mgr_status"}]: dispatch
2024-05-20T16:04:21.498 INFO:journalctl@ceph.mon.a.smithi082.stdout:May 20 16:04:21 smithi082 ceph-mon[32238]: from='mgr.14118 172.21.15.82:0/3662546898' entity='mgr.x'
2024-05-20T16:04:21.499 INFO:journalctl@ceph.mon.a.smithi082.stdout:May 20 16:04:21 smithi082 ceph-mon[32238]: from='mgr.14118 172.21.15.82:0/3662546898' entity='mgr.x'
2024-05-20T16:04:22.032 INFO:teuthology.orchestra.run.smithi082.stdout:/usr/bin/ceph: stderr
2024-05-20T16:04:21.266+0000 7fa6d0c3c700 1 Processor -- start
2024-05-20T16:04:22.032 INFO:teuthology.orchestra.run.smithi082.stdout:/usr/bin/ceph: stderr
2024-05-20T16:04:21.266+0000 7fa6d0c3c700 1 -- start start
2024-05-20T16:04:22.032 INFO:teuthology.orchestra.run.smithi082.stdout:/usr/bin/ceph: stderr
2024-05-20T16:04:21.267+0000 7fa6d0c3c700 1 --2- >> [v2:172.21.15.82:3300/0,v1:172.21.15.82:6789/0] conn(0x7fa6cc107990 0x7fa6cc107da0 unknown :-1 s=NONE pgs=0 cs=0 l=0 rev1=0 crypto rx=0 tx=0 comp rx=0 tx=0).connect
2024-05-20T16:04:22.032 INFO:teuthology.orchestra.run.smithi082.stdout:/usr/bin/ceph: stderr
2024-05-20T16:04:21.267+0000 7fa6d0c3c700 1 -- --> [v2:172.21.15.82:3300/0,v1:172.21.15.82:6789/0] -- mon_getmap magic: 0 -- 0x7fa6cc108390 con 0x7fa6cc107990
2024-05-20T16:04:22.033 INFO:teuthology.orchestra.run.smithi082.stdout:/usr/bin/ceph: stderr
2024-05-20T16:04:21.267+0000 7fa6ca59c700 1 --2- >> [v2:172.21.15.82:3300/0,v1:172.21.15.82:6789/0] conn(0x7fa6cc107990 0x7fa6cc107da0 unknown :-1 s=BANNER_CONNECTING pgs=0 cs=0 l=0 rev1=0 crypto rx=0 tx=0 comp rx=0 tx=0)._handle_peer_banner_payload supported=3 required=0
2024-05-20T16:04:22.033 INFO:teuthology.orchestra.run.smithi082.stdout:/usr/bin/ceph: stderr
2024-05-20T16:04:21.267+0000 7fa6ca59c700 1 --2- >> [v2:172.21.15.82:3300/0,v1:172.21.15.82:6789/0] conn(0x7fa6cc107990 0x7fa6cc107da0 unknown :-1 s=HELLO_CONNECTING pgs=0 cs=0 l=0 rev1=1 crypto rx=0 tx=0 comp rx=0 tx=0).handle_hello peer v2:172.21.15.82:3300/0 says I am v2:172.21.15.82:43232/0 (socket says 172.21.15.82:43232)
2024-05-20T16:04:22.033 INFO:teuthology.orchestra.run.smithi082.stdout:/usr/bin/ceph: stderr
2024-05-20T16:04:21.267+0000 7fa6ca59c700 1 -- 172.21.15.82:0/914554743 learned_addr learned my addr 172.21.15.82:0/914554743 (peer_addr_for_me v2:172.21.15.82:0/0)
2024-05-20T16:04:22.033 INFO:teuthology.orchestra.run.smithi082.stdout:/usr/bin/ceph: stderr
2024-05-20T16:04:21.267+0000 7fa6ca59c700 1 -- 172.21.15.82:0/914554743 --> [v2:172.21.15.82:3300/0,v1:172.21.15.82:6789/0] -- mon_subscribe({config=0+,monmap=0+}) -- 0x7fa6cc108ac0 con 0x7fa6cc107990
2024-05-20T16:04:22.033 INFO:teuthology.orchestra.run.smithi082.stdout:/usr/bin/ceph: stderr
2024-05-20T16:04:21.267+0000 7fa6ca59c700 1 --2- 172.21.15.82:0/914554743 >> [v2:172.21.15.82:3300/0,v1:172.21.15.82:6789/0] conn(0x7fa6cc107990 0x7fa6cc107da0 secure :-1 s=READY pgs=35 cs=0 l=1 rev1=1 crypto rx=0x7fa6c00098a0 tx=0x7fa6c0009bb0 comp rx=0 tx=0).ready entity=mon.0 client_cookie=6b9de36ae7053490 server_cookie=0 in_seq=0 out_seq=0
2024-05-20T16:04:22.033 INFO:teuthology.orchestra.run.smithi082.stdout:/usr/bin/ceph: stderr
2024-05-20T16:04:21.268+0000 7fa6c959a700 1 -- 172.21.15.82:0/914554743 <== mon.0 v2:172.21.15.82:3300/0 1 ==== mon_map magic: 0 ==== 205+0+0 (secure 0 0 0) 0x7fa6c0004160 con 0x7fa6cc107990
2024-05-20T16:04:22.033 INFO:teuthology.orchestra.run.smithi082.stdout:/usr/bin/ceph: stderr
2024-05-20T16:04:21.268+0000 7fa6c959a700 1 -- 172.21.15.82:0/914554743 <== mon.0 v2:172.21.15.82:3300/0 2 ==== config(27 keys) ==== 1109+0+0 (secure 0 0 0) 0x7fa6c0004300 con 0x7fa6cc107990
2024-05-20T16:04:22.033 INFO:teuthology.orchestra.run.smithi082.stdout:/usr/bin/ceph: stderr
2024-05-20T16:04:21.268+0000 7fa6c959a700 1 -- 172.21.15.82:0/914554743 <== mon.0 v2:172.21.15.82:3300/0 3 ==== mon_map magic: 0 ==== 205+0+0 (secure 0 0 0) 0x7fa6c0011b50 con 0x7fa6cc107990
2024-05-20T16:04:22.033 INFO:teuthology.orchestra.run.smithi082.stdout:/usr/bin/ceph: stderr
2024-05-20T16:04:21.268+0000 7fa6d0c3c700 1 -- 172.21.15.82:0/914554743 >> [v2:172.21.15.82:3300/0,v1:172.21.15.82:6789/0] conn(0x7fa6cc107990 msgr2=0x7fa6cc107da0 secure :-1 s=STATE_CONNECTION_ESTABLISHED l=1).mark_down
2024-05-20T16:04:22.033 INFO:teuthology.orchestra.run.smithi082.stdout:/usr/bin/ceph: stderr
2024-05-20T16:04:21.268+0000 7fa6d0c3c700 1 --2- 172.21.15.82:0/914554743 >> [v2:172.21.15.82:3300/0,v1:172.21.15.82:6789/0] conn(0x7fa6cc107990 0x7fa6cc107da0 secure :-1 s=READY pgs=35 cs=0 l=1 rev1=1 crypto rx=0x7fa6c00098a0 tx=0x7fa6c0009bb0 comp rx=0 tx=0).stop
2024-05-20T16:04:22.033 INFO:teuthology.orchestra.run.smithi082.stdout:/usr/bin/ceph: stderr
2024-05-20T16:04:21.268+0000 7fa6d0c3c700 1 -- 172.21.15.82:0/914554743 shutdown_connections
2024-05-20T16:04:22.033 INFO:teuthology.orchestra.run.smithi082.stdout:/usr/bin/ceph: stderr
2024-05-20T16:04:21.268+0000 7fa6d0c3c700 1 --2- 172.21.15.82:0/914554743 >> [v2:172.21.15.82:3300/0,v1:172.21.15.82:6789/0] conn(0x7fa6cc107990 0x7fa6cc107da0 unknown :-1 s=CLOSED pgs=35 cs=0 l=1 rev1=1 crypto rx=0 tx=0 comp rx=0 tx=0).stop
2024-05-20T16:04:22.033 INFO:teuthology.orchestra.run.smithi082.stdout:/usr/bin/ceph: stderr
2024-05-20T16:04:21.268+0000 7fa6d0c3c700 1 -- 172.21.15.82:0/914554743 >> 172.21.15.82:0/914554743 conn(0x7fa6cc103070 msgr2=0x7fa6cc1054c0 unknown :-1 s=STATE_NONE l=0).mark_down
2024-05-20T16:04:22.034 INFO:teuthology.orchestra.run.smithi082.stdout:/usr/bin/ceph: stderr
2024-05-20T16:04:21.269+0000 7fa6d0c3c700 1 -- 172.21.15.82:0/914554743 shutdown_connections
2024-05-20T16:04:22.034 INFO:teuthology.orchestra.run.smithi082.stdout:/usr/bin/ceph: stderr
2024-05-20T16:04:21.269+0000 7fa6d0c3c700 1 -- 172.21.15.82:0/914554743 wait complete.
2024-05-20T16:04:22.034 INFO:teuthology.orchestra.run.smithi082.stdout:/usr/bin/ceph: stderr
2024-05-20T16:04:21.269+0000 7fa6d0c3c700 1 Processor -- start
2024-05-20T16:04:22.034 INFO:teuthology.orchestra.run.smithi082.stdout:/usr/bin/ceph: stderr
2024-05-20T16:04:21.269+0000 7fa6d0c3c700 1 -- start start
2024-05-20T16:04:22.034 INFO:teuthology.orchestra.run.smithi082.stdout:/usr/bin/ceph: stderr
2024-05-20T16:04:21.270+0000 7fa6d0c3c700 1 --2- >> [v2:172.21.15.82:3300/0,v1:172.21.15.82:6789/0] conn(0x7fa6cc107990 0x7fa6cc19bd30 unknown :-1 s=NONE pgs=0 cs=0 l=1 rev1=0 crypto rx=0 tx=0 comp rx=0 tx=0).connect
2024-05-20T16:04:22.034 INFO:teuthology.orchestra.run.smithi082.stdout:/usr/bin/ceph: stderr
2024-05-20T16:04:21.270+0000 7fa6d0c3c700 1 -- --> [v2:172.21.15.82:3300/0,v1:172.21.15.82:6789/0] -- mon_getmap magic: 0 -- 0x7fa6cc10be70 con 0x7fa6cc107990
2024-05-20T16:04:22.034 INFO:teuthology.orchestra.run.smithi082.stdout:/usr/bin/ceph: stderr
2024-05-20T16:04:21.270+0000 7fa6ca59c700 1 --2- >> [v2:172.21.15.82:3300/0,v1:172.21.15.82:6789/0] conn(0x7fa6cc107990 0x7fa6cc19bd30 unknown :-1 s=BANNER_CONNECTING pgs=0 cs=0 l=1 rev1=0 crypto rx=0 tx=0 comp rx=0 tx=0)._handle_peer_banner_payload supported=3 required=0
2024-05-20T16:04:22.034 INFO:teuthology.orchestra.run.smithi082.stdout:/usr/bin/ceph: stderr
2024-05-20T16:04:21.270+0000 7fa6ca59c700 1 --2- >> [v2:172.21.15.82:3300/0,v1:172.21.15.82:6789/0] conn(0x7fa6cc107990 0x7fa6cc19bd30 unknown :-1 s=HELLO_CONNECTING pgs=0 cs=0 l=1 rev1=1 crypto rx=0 tx=0 comp rx=0 tx=0).handle_hello peer v2:172.21.15.82:3300/0 says I am v2:172.21.15.82:43248/0 (socket says 172.21.15.82:43248)
2024-05-20T16:04:22.034 INFO:teuthology.orchestra.run.smithi082.stdout:/usr/bin/ceph: stderr
2024-05-20T16:04:21.270+0000 7fa6ca59c700 1 -- 172.21.15.82:0/2493090538 learned_addr learned my addr 172.21.15.82:0/2493090538 (peer_addr_for_me v2:172.21.15.82:0/0)
2024-05-20T16:04:22.034 INFO:teuthology.orchestra.run.smithi082.stdout:/usr/bin/ceph: stderr
2024-05-20T16:04:21.270+0000 7fa6ca59c700 1 -- 172.21.15.82:0/2493090538 --> [v2:172.21.15.82:3300/0,v1:172.21.15.82:6789/0] -- mon_subscribe({config=0+,monmap=0+}) -- 0x7fa6cc19c270 con 0x7fa6cc107990
2024-05-20T16:04:22.034 INFO:teuthology.orchestra.run.smithi082.stdout:/usr/bin/ceph: stderr
2024-05-20T16:04:21.270+0000 7fa6ca59c700 1 --2- 172.21.15.82:0/2493090538 >> [v2:172.21.15.82:3300/0,v1:172.21.15.82:6789/0] conn(0x7fa6cc107990 0x7fa6cc19bd30 secure :-1 s=READY pgs=36 cs=0 l=1 rev1=1 crypto rx=0x7fa6c00046e0 tx=0x7fa6c0011c10 comp rx=0 tx=0).ready entity=mon.0 client_cookie=0 server_cookie=0 in_seq=0 out_seq=0
2024-05-20T16:04:22.034 INFO:teuthology.orchestra.run.smithi082.stdout:/usr/bin/ceph: stderr
2024-05-20T16:04:21.270+0000 7fa6bb7fe700 1 -- 172.21.15.82:0/2493090538 <== mon.0 v2:172.21.15.82:3300/0 1 ==== mon_map magic: 0 ==== 205+0+0 (secure 0 0 0) 0x7fa6c00039e0 con 0x7fa6cc107990
2024-05-20T16:04:22.034 INFO:teuthology.orchestra.run.smithi082.stdout:/usr/bin/ceph: stderr
2024-05-20T16:04:21.270+0000 7fa6d0c3c700 1 -- 172.21.15.82:0/2493090538 --> [v2:172.21.15.82:3300/0,v1:172.21.15.82:6789/0] -- mon_subscribe({mgrmap=0+}) -- 0x7fa6cc19c500 con 0x7fa6cc107990
2024-05-20T16:04:22.035 INFO:teuthology.orchestra.run.smithi082.stdout:/usr/bin/ceph: stderr
2024-05-20T16:04:21.270+0000 7fa6bb7fe700 1 -- 172.21.15.82:0/2493090538 <== mon.0 v2:172.21.15.82:3300/0 2 ==== config(27 keys) ==== 1109+0+0 (secure 0 0 0) 0x7fa6c0003b80 con 0x7fa6cc107990
2024-05-20T16:04:22.035 INFO:teuthology.orchestra.run.smithi082.stdout:/usr/bin/ceph: stderr
2024-05-20T16:04:21.270+0000 7fa6bb7fe700 1 -- 172.21.15.82:0/2493090538 <== mon.0 v2:172.21.15.82:3300/0 3 ==== mon_map magic: 0 ==== 205+0+0 (secure 0 0 0) 0x7fa6c0024690 con 0x7fa6cc107990
2024-05-20T16:04:22.035 INFO:teuthology.orchestra.run.smithi082.stdout:/usr/bin/ceph: stderr
2024-05-20T16:04:21.270+0000 7fa6d0c3c700 1 -- 172.21.15.82:0/2493090538 --> [v2:172.21.15.82:3300/0,v1:172.21.15.82:6789/0] -- mon_subscribe({osdmap=0}) -- 0x7fa6cc19f100 con 0x7fa6cc107990
2024-05-20T16:04:22.035 INFO:teuthology.orchestra.run.smithi082.stdout:/usr/bin/ceph: stderr
2024-05-20T16:04:21.271+0000 7fa6bb7fe700 1 -- 172.21.15.82:0/2493090538 <== mon.0 v2:172.21.15.82:3300/0 4 ==== mgrmap(e 7) ==== 46181+0+0 (secure 0 0 0) 0x7fa6c0022020 con 0x7fa6cc107990
2024-05-20T16:04:22.035 INFO:teuthology.orchestra.run.smithi082.stdout:/usr/bin/ceph: stderr
2024-05-20T16:04:21.272+0000 7fa6bb7fe700 1 --2- 172.21.15.82:0/2493090538 >> [v2:172.21.15.82:6800/1763049308,v1:172.21.15.82:6801/1763049308] conn(0x7fa6b4038ff0 0x7fa6b403b500 unknown :-1 s=NONE pgs=0 cs=0 l=1 rev1=0 crypto rx=0 tx=0 comp rx=0 tx=0).connect
2024-05-20T16:04:22.035 INFO:teuthology.orchestra.run.smithi082.stdout:/usr/bin/ceph: stderr
2024-05-20T16:04:21.272+0000 7fa6d0c3c700 1 -- 172.21.15.82:0/2493090538 --> [v2:172.21.15.82:3300/0,v1:172.21.15.82:6789/0] -- mon_command({"prefix": "get_command_descriptions"} v 0) -- 0x7fa6cc063ca0 con 0x7fa6cc107990
2024-05-20T16:04:22.035 INFO:teuthology.orchestra.run.smithi082.stdout:/usr/bin/ceph: stderr
2024-05-20T16:04:21.272+0000 7fa6bb7fe700 1 -- 172.21.15.82:0/2493090538 <== mon.0 v2:172.21.15.82:3300/0 5 ==== osd_map(2..2 src has 1..2) ==== 940+0+0 (secure 0 0 0) 0x7fa6c0011e00 con 0x7fa6cc107990
2024-05-20T16:04:22.035 INFO:teuthology.orchestra.run.smithi082.stdout:/usr/bin/ceph: stderr
2024-05-20T16:04:21.272+0000 7fa6c9d9b700 1 --2- 172.21.15.82:0/2493090538 >> [v2:172.21.15.82:6800/1763049308,v1:172.21.15.82:6801/1763049308] conn(0x7fa6b4038ff0 0x7fa6b403b500 unknown :-1 s=BANNER_CONNECTING pgs=0 cs=0 l=1 rev1=0 crypto rx=0 tx=0 comp rx=0 tx=0)._handle_peer_banner_payload supported=3 required=0
2024-05-20T16:04:22.035 INFO:teuthology.orchestra.run.smithi082.stdout:/usr/bin/ceph: stderr
2024-05-20T16:04:21.272+0000 7fa6c9d9b700 1 --2- 172.21.15.82:0/2493090538 >> [v2:172.21.15.82:6800/1763049308,v1:172.21.15.82:6801/1763049308] conn(0x7fa6b4038ff0 0x7fa6b403b500 secure :-1 s=READY pgs=7 cs=0 l=1 rev1=1 crypto rx=0x7fa6bc006fd0 tx=0x7fa6bc006e40 comp rx=0 tx=0).ready entity=mgr.14118 client_cookie=0 server_cookie=0 in_seq=0 out_seq=0
2024-05-20T16:04:22.035 INFO:teuthology.orchestra.run.smithi082.stdout:/usr/bin/ceph: stderr
2024-05-20T16:04:21.277+0000 7fa6bb7fe700 1 -- 172.21.15.82:0/2493090538 <== mon.0 v2:172.21.15.82:3300/0 6 ==== mon_command_ack([{"prefix": "get_command_descriptions"}]=0 v0) ==== 72+0+186418 (secure 0 0 0) 0x7fa6c0003d30 con 0x7fa6cc107990
2024-05-20T16:04:22.035 INFO:teuthology.orchestra.run.smithi082.stdout:/usr/bin/ceph: stderr
2024-05-20T16:04:21.497+0000 7fa6d0c3c700 1 -- 172.21.15.82:0/2493090538 --> [v2:172.21.15.82:6800/1763049308,v1:172.21.15.82:6801/1763049308] -- mgr_command(tid 0: {"prefix": "orch set backend", "module_name": "cephadm", "target": ["mon-mgr", ""]}) -- 0x7fa6cc105060 con 0x7fa6b4038ff0
2024-05-20T16:04:22.035 INFO:teuthology.orchestra.run.smithi082.stdout:/usr/bin/ceph: stderr
2024-05-20T16:04:21.506+0000 7fa6bb7fe700 1 -- 172.21.15.82:0/2493090538 <== mgr.14118 v2:172.21.15.82:6800/1763049308 1 ==== mgr_command_reply(tid 0: 0 ) ==== 8+0+0 (secure 0 0 0) 0x7fa6cc105060 con 0x7fa6b4038ff0
2024-05-20T16:04:22.035 INFO:teuthology.orchestra.run.smithi082.stdout:/usr/bin/ceph: stderr
2024-05-20T16:04:21.508+0000 7fa6d0c3c700 1 -- 172.21.15.82:0/2493090538 >> [v2:172.21.15.82:6800/1763049308,v1:172.21.15.82:6801/1763049308] conn(0x7fa6b4038ff0 msgr2=0x7fa6b403b500 secure :-1 s=STATE_CONNECTION_ESTABLISHED l=1).mark_down
2024-05-20T16:04:22.036 INFO:teuthology.orchestra.run.smithi082.stdout:/usr/bin/ceph: stderr
2024-05-20T16:04:21.508+0000 7fa6d0c3c700 1 --2- 172.21.15.82:0/2493090538 >> [v2:172.21.15.82:6800/1763049308,v1:172.21.15.82:6801/1763049308] conn(0x7fa6b4038ff0 0x7fa6b403b500 secure :-1 s=READY pgs=7 cs=0 l=1 rev1=1 crypto rx=0x7fa6bc006fd0 tx=0x7fa6bc006e40 comp rx=0 tx=0).stop
2024-05-20T16:04:22.036 INFO:teuthology.orchestra.run.smithi082.stdout:/usr/bin/ceph: stderr
2024-05-20T16:04:21.508+0000 7fa6d0c3c700 1 -- 172.21.15.82:0/2493090538 >> [v2:172.21.15.82:3300/0,v1:172.21.15.82:6789/0] conn(0x7fa6cc107990 msgr2=0x7fa6cc19bd30 secure :-1 s=STATE_CONNECTION_ESTABLISHED l=1).mark_down
2024-05-20T16:04:22.036 INFO:teuthology.orchestra.run.smithi082.stdout:/usr/bin/ceph: stderr
2024-05-20T16:04:21.508+0000 7fa6d0c3c700 1 --2- 172.21.15.82:0/2493090538 >> [v2:172.21.15.82:3300/0,v1:172.21.15.82:6789/0] conn(0x7fa6cc107990 0x7fa6cc19bd30 secure :-1 s=READY pgs=36 cs=0 l=1 rev1=1 crypto rx=0x7fa6c00046e0 tx=0x7fa6c0011c10 comp rx=0 tx=0).stop
2024-05-20T16:04:22.036 INFO:teuthology.orchestra.run.smithi082.stdout:/usr/bin/ceph: stderr
2024-05-20T16:04:21.509+0000 7fa6d0c3c700 1 -- 172.21.15.82:0/2493090538 shutdown_connections
2024-05-20T16:04:22.036 INFO:teuthology.orchestra.run.smithi082.stdout:/usr/bin/ceph: stderr
2024-05-20T16:04:21.509+0000 7fa6d0c3c700 1 --2- 172.21.15.82:0/2493090538 >> [v2:172.21.15.82:6800/1763049308,v1:172.21.15.82:6801/1763049308] conn(0x7fa6b4038ff0 0x7fa6b403b500 unknown :-1 s=CLOSED pgs=7 cs=0 l=1 rev1=1 crypto rx=0 tx=0 comp rx=0 tx=0).stop
2024-05-20T16:04:22.036 INFO:teuthology.orchestra.run.smithi082.stdout:/usr/bin/ceph: stderr
2024-05-20T16:04:21.509+0000 7fa6d0c3c700 1 --2- 172.21.15.82:0/2493090538 >> [v2:172.21.15.82:3300/0,v1:172.21.15.82:6789/0] conn(0x7fa6cc107990 0x7fa6cc19bd30 unknown :-1 s=CLOSED pgs=36 cs=0 l=1 rev1=1 crypto rx=0 tx=0 comp rx=0 tx=0).stop
2024-05-20T16:04:22.036 INFO:teuthology.orchestra.run.smithi082.stdout:/usr/bin/ceph: stderr
2024-05-20T16:04:21.509+0000 7fa6d0c3c700 1 -- 172.21.15.82:0/2493090538 >> 172.21.15.82:0/2493090538 conn(0x7fa6cc103070 msgr2=0x7fa6cc104950 unknown :-1 s=STATE_NONE l=0).mark_down
2024-05-20T16:04:22.036 INFO:teuthology.orchestra.run.smithi082.stdout:/usr/bin/ceph: stderr
2024-05-20T16:04:21.509+0000 7fa6d0c3c700 1 -- 172.21.15.82:0/2493090538 shutdown_connections
2024-05-20T16:04:22.036 INFO:teuthology.orchestra.run.smithi082.stdout:/usr/bin/ceph: stderr
2024-05-20T16:04:21.509+0000 7fa6d0c3c700 1 -- 172.21.15.82:0/2493090538 wait complete.
2024-05-20T16:04:22.860 INFO:journalctl@ceph.mon.a.smithi082.stdout:May 20 16:04:22 smithi082 ceph-mon[32238]: [20/May/2024:16:04:21] ENGINE Bus STARTING
2024-05-20T16:04:22.860 INFO:journalctl@ceph.mon.a.smithi082.stdout:May 20 16:04:22 smithi082 ceph-mon[32238]: from='client.14130 -' entity='client.admin' cmd=[{"prefix": "orch set backend", "module_name": "cephadm", "target": ["mon-mgr", ""]}]: dispatch
2024-05-20T16:04:22.860 INFO:journalctl@ceph.mon.a.smithi082.stdout:May 20 16:04:22 smithi082 ceph-mon[32238]: from='mgr.14118 172.21.15.82:0/3662546898' entity='mgr.x'
2024-05-20T16:04:22.860 INFO:journalctl@ceph.mon.a.smithi082.stdout:May 20 16:04:22 smithi082 ceph-mon[32238]: from='mgr.14118 172.21.15.82:0/3662546898' entity='mgr.x' cmd=[{"prefix": "config dump", "format": "json"}]: dispatch
2024-05-20T16:04:22.860 INFO:journalctl@ceph.mon.a.smithi082.stdout:May 20 16:04:22 smithi082 ceph-mon[32238]: [20/May/2024:16:04:21] ENGINE Serving on https://172.21.15.82:7150
2024-05-20T16:04:22.860 INFO:journalctl@ceph.mon.a.smithi082.stdout:May 20 16:04:22 smithi082 ceph-mon[32238]: [20/May/2024:16:04:21] ENGINE Serving on http://172.21.15.82:8765
2024-05-20T16:04:22.860 INFO:journalctl@ceph.mon.a.smithi082.stdout:May 20 16:04:22 smithi082 ceph-mon[32238]: [20/May/2024:16:04:21] ENGINE Bus STARTED
2024-05-20T16:04:22.860 INFO:journalctl@ceph.mon.a.smithi082.stdout:May 20 16:04:22 smithi082 ceph-mon[32238]: from='mgr.14118 172.21.15.82:0/3662546898' entity='mgr.x' cmd=[{"prefix": "config dump", "format": "json"}]: dispatch
2024-05-20T16:04:22.860 INFO:journalctl@ceph.mon.a.smithi082.stdout:May 20 16:04:22 smithi082 ceph-mon[32238]: mgrmap e8: x(active, since 2s)
2024-05-20T16:04:23.197 INFO:teuthology.orchestra.run.smithi082.stdout:/usr/bin/ceph: stdout value unchanged
2024-05-20T16:04:23.198 INFO:teuthology.orchestra.run.smithi082.stdout:/usr/bin/ceph: stderr
2024-05-20T16:04:22.420+0000 7f096e402700 1 Processor -- start
2024-05-20T16:04:23.198 INFO:teuthology.orchestra.run.smithi082.stdout:/usr/bin/ceph: stderr
2024-05-20T16:04:22.420+0000 7f096e402700 1 -- start start
2024-05-20T16:04:23.198 INFO:teuthology.orchestra.run.smithi082.stdout:/usr/bin/ceph: stderr
2024-05-20T16:04:22.421+0000 7f096e402700 1 --2- >> [v2:172.21.15.82:3300/0,v1:172.21.15.82:6789/0] conn(0x7f096807c550 0x7f096810b650 unknown :-1 s=NONE pgs=0 cs=0 l=0 rev1=0 crypto rx=0 tx=0 comp rx=0 tx=0).connect
2024-05-20T16:04:23.198 INFO:teuthology.orchestra.run.smithi082.stdout:/usr/bin/ceph: stderr
2024-05-20T16:04:22.421+0000 7f096e402700 1 -- --> [v2:172.21.15.82:3300/0,v1:172.21.15.82:6789/0] -- mon_getmap magic: 0 -- 0x7f096810bc60 con 0x7f096807c550
2024-05-20T16:04:23.199 INFO:teuthology.orchestra.run.smithi082.stdout:/usr/bin/ceph: stderr
2024-05-20T16:04:22.421+0000 7f0967fff700 1 --2- >> [v2:172.21.15.82:3300/0,v1:172.21.15.82:6789/0] conn(0x7f096807c550 0x7f096810b650 unknown :-1 s=BANNER_CONNECTING pgs=0 cs=0 l=0 rev1=0 crypto rx=0 tx=0 comp rx=0 tx=0)._handle_peer_banner_payload supported=3 required=0
2024-05-20T16:04:23.199 INFO:teuthology.orchestra.run.smithi082.stdout:/usr/bin/ceph: stderr
2024-05-20T16:04:22.421+0000 7f0967fff700 1 --2- >> [v2:172.21.15.82:3300/0,v1:172.21.15.82:6789/0] conn(0x7f096807c550 0x7f096810b650 unknown :-1 s=HELLO_CONNECTING pgs=0 cs=0 l=0 rev1=1 crypto rx=0 tx=0 comp rx=0 tx=0).handle_hello peer v2:172.21.15.82:3300/0 says I am v2:172.21.15.82:43250/0 (socket says 172.21.15.82:43250)
2024-05-20T16:04:23.199 INFO:teuthology.orchestra.run.smithi082.stdout:/usr/bin/ceph: stderr
2024-05-20T16:04:22.421+0000 7f0967fff700 1 -- 172.21.15.82:0/2535815900 learned_addr learned my addr 172.21.15.82:0/2535815900 (peer_addr_for_me v2:172.21.15.82:0/0)
2024-05-20T16:04:23.200 INFO:teuthology.orchestra.run.smithi082.stdout:/usr/bin/ceph: stderr
2024-05-20T16:04:22.421+0000 7f0967fff700 1 -- 172.21.15.82:0/2535815900 --> [v2:172.21.15.82:3300/0,v1:172.21.15.82:6789/0] -- mon_subscribe({config=0+,monmap=0+}) -- 0x7f096810bde0 con 0x7f096807c550
2024-05-20T16:04:23.200 INFO:teuthology.orchestra.run.smithi082.stdout:/usr/bin/ceph: stderr
2024-05-20T16:04:22.421+0000 7f0967fff700 1 --2- 172.21.15.82:0/2535815900 >> [v2:172.21.15.82:3300/0,v1:172.21.15.82:6789/0] conn(0x7f096807c550 0x7f096810b650 secure :-1 s=READY pgs=37 cs=0 l=1 rev1=1 crypto rx=0x7f09580098a0 tx=0x7f0958009bb0 comp rx=0 tx=0).ready entity=mon.0 client_cookie=5902251dd39e7692 server_cookie=0 in_seq=0 out_seq=0
2024-05-20T16:04:23.200 INFO:teuthology.orchestra.run.smithi082.stdout:/usr/bin/ceph: stderr
2024-05-20T16:04:22.421+0000 7f0966ffd700 1 -- 172.21.15.82:0/2535815900 <== mon.0 v2:172.21.15.82:3300/0 1 ==== mon_map magic: 0 ==== 205+0+0 (secure 0 0 0) 0x7f0958004160 con 0x7f096807c550
2024-05-20T16:04:23.255 INFO:teuthology.orchestra.run.smithi082.stdout:/usr/bin/ceph: stderr
2024-05-20T16:04:22.421+0000 7f0966ffd700 1 -- 172.21.15.82:0/2535815900 <== mon.0 v2:172.21.15.82:3300/0 2 ==== config(27 keys) ==== 1109+0+0 (secure 0 0 0) 0x7f0958004300 con 0x7f096807c550
2024-05-20T16:04:23.256 INFO:teuthology.orchestra.run.smithi082.stdout:/usr/bin/ceph: stderr
2024-05-20T16:04:22.421+0000 7f0966ffd700 1 -- 172.21.15.82:0/2535815900 <== mon.0 v2:172.21.15.82:3300/0 3 ==== mon_map magic: 0 ==== 205+0+0 (secure 0 0 0) 0x7f0958011b50 con 0x7f096807c550
2024-05-20T16:04:23.256 INFO:teuthology.orchestra.run.smithi082.stdout:/usr/bin/ceph: stderr
2024-05-20T16:04:22.422+0000 7f096e402700 1 -- 172.21.15.82:0/2535815900 >> [v2:172.21.15.82:3300/0,v1:172.21.15.82:6789/0] conn(0x7f096807c550 msgr2=0x7f096810b650 secure :-1 s=STATE_CONNECTION_ESTABLISHED l=1).mark_down
2024-05-20T16:04:23.256 INFO:teuthology.orchestra.run.smithi082.stdout:/usr/bin/ceph: stderr
2024-05-20T16:04:22.422+0000 7f096e402700 1 --2- 172.21.15.82:0/2535815900 >> [v2:172.21.15.82:3300/0,v1:172.21.15.82:6789/0] conn(0x7f096807c550 0x7f096810b650 secure :-1 s=READY pgs=37 cs=0 l=1 rev1=1 crypto rx=0x7f09580098a0 tx=0x7f0958009bb0 comp rx=0 tx=0).stop
2024-05-20T16:04:23.256 INFO:teuthology.orchestra.run.smithi082.stdout:/usr/bin/ceph: stderr
2024-05-20T16:04:22.422+0000 7f096e402700 1 -- 172.21.15.82:0/2535815900 shutdown_connections
2024-05-20T16:04:23.256 INFO:teuthology.orchestra.run.smithi082.stdout:/usr/bin/ceph: stderr
2024-05-20T16:04:22.422+0000 7f096e402700 1 --2- 172.21.15.82:0/2535815900 >> [v2:172.21.15.82:3300/0,v1:172.21.15.82:6789/0] conn(0x7f096807c550 0x7f096810b650 unknown :-1 s=CLOSED pgs=37 cs=0 l=1 rev1=1 crypto rx=0 tx=0 comp rx=0 tx=0).stop
2024-05-20T16:04:23.256 INFO:teuthology.orchestra.run.smithi082.stdout:/usr/bin/ceph: stderr
2024-05-20T16:04:22.422+0000 7f096e402700 1 -- 172.21.15.82:0/2535815900 >> 172.21.15.82:0/2535815900 conn(0x7f0968103060 msgr2=0x7f0968105510 unknown :-1 s=STATE_NONE l=0).mark_down
2024-05-20T16:04:23.256 INFO:teuthology.orchestra.run.smithi082.stdout:/usr/bin/ceph: stderr
2024-05-20T16:04:22.422+0000 7f096e402700 1 -- 172.21.15.82:0/2535815900 shutdown_connections
2024-05-20T16:04:23.256 INFO:teuthology.orchestra.run.smithi082.stdout:/usr/bin/ceph: stderr
2024-05-20T16:04:22.422+0000 7f096e402700 1 -- 172.21.15.82:0/2535815900 wait complete.
2024-05-20T16:04:23.256 INFO:teuthology.orchestra.run.smithi082.stdout:/usr/bin/ceph: stderr
2024-05-20T16:04:22.423+0000 7f096e402700 1 Processor -- start
2024-05-20T16:04:23.257 INFO:teuthology.orchestra.run.smithi082.stdout:/usr/bin/ceph: stderr
2024-05-20T16:04:22.423+0000 7f096e402700 1 -- start start
2024-05-20T16:04:23.257 INFO:teuthology.orchestra.run.smithi082.stdout:/usr/bin/ceph: stderr
2024-05-20T16:04:22.423+0000 7f096e402700 1 --2- >> [v2:172.21.15.82:3300/0,v1:172.21.15.82:6789/0] conn(0x7f096807c550 0x7f096819cdf0 unknown :-1 s=NONE pgs=0 cs=0 l=1 rev1=0 crypto rx=0 tx=0 comp rx=0 tx=0).connect
2024-05-20T16:04:23.257 INFO:teuthology.orchestra.run.smithi082.stdout:/usr/bin/ceph: stderr
2024-05-20T16:04:22.423+0000 7f096e402700 1 -- --> [v2:172.21.15.82:3300/0,v1:172.21.15.82:6789/0] -- mon_getmap magic: 0 -- 0x7f096810cec0 con 0x7f096807c550
2024-05-20T16:04:23.257 INFO:teuthology.orchestra.run.smithi082.stdout:/usr/bin/ceph: stderr
2024-05-20T16:04:22.423+0000 7f0967fff700 1 --2- >> [v2:172.21.15.82:3300/0,v1:172.21.15.82:6789/0] conn(0x7f096807c550 0x7f096819cdf0 unknown :-1 s=BANNER_CONNECTING pgs=0 cs=0 l=1 rev1=0 crypto rx=0 tx=0 comp rx=0 tx=0)._handle_peer_banner_payload supported=3 required=0
2024-05-20T16:04:23.257 INFO:teuthology.orchestra.run.smithi082.stdout:/usr/bin/ceph: stderr
2024-05-20T16:04:22.423+0000 7f0967fff700 1 --2- >> [v2:172.21.15.82:3300/0,v1:172.21.15.82:6789/0] conn(0x7f096807c550 0x7f096819cdf0 unknown :-1 s=HELLO_CONNECTING pgs=0 cs=0 l=1 rev1=1 crypto rx=0 tx=0 comp rx=0 tx=0).handle_hello peer v2:172.21.15.82:3300/0 says I am v2:172.21.15.82:43262/0 (socket says 172.21.15.82:43262)
2024-05-20T16:04:23.257 INFO:teuthology.orchestra.run.smithi082.stdout:/usr/bin/ceph: stderr
2024-05-20T16:04:22.423+0000 7f0967fff700 1 -- 172.21.15.82:0/1427986176 learned_addr learned my addr 172.21.15.82:0/1427986176 (peer_addr_for_me v2:172.21.15.82:0/0)
2024-05-20T16:04:23.257 INFO:teuthology.orchestra.run.smithi082.stdout:/usr/bin/ceph: stderr
2024-05-20T16:04:22.424+0000 7f0967fff700 1 -- 172.21.15.82:0/1427986176 --> [v2:172.21.15.82:3300/0,v1:172.21.15.82:6789/0] -- mon_subscribe({config=0+,monmap=0+}) -- 0x7f096819d330 con 0x7f096807c550
2024-05-20T16:04:23.257 INFO:teuthology.orchestra.run.smithi082.stdout:/usr/bin/ceph: stderr
2024-05-20T16:04:22.424+0000 7f0967fff700 1 --2- 172.21.15.82:0/1427986176 >> [v2:172.21.15.82:3300/0,v1:172.21.15.82:6789/0] conn(0x7f096807c550 0x7f096819cdf0 secure :-1 s=READY pgs=38 cs=0 l=1 rev1=1 crypto rx=0x7f0958011850 tx=0x7f0958011c10 comp rx=0 tx=0).ready entity=mon.0 client_cookie=0 server_cookie=0 in_seq=0 out_seq=0
2024-05-20T16:04:23.257 INFO:teuthology.orchestra.run.smithi082.stdout:/usr/bin/ceph: stderr
2024-05-20T16:04:22.424+0000 7f09657fa700 1 -- 172.21.15.82:0/1427986176 <== mon.0 v2:172.21.15.82:3300/0 1 ==== mon_map magic: 0 ==== 205+0+0 (secure 0 0 0) 0x7f0958003af0 con 0x7f096807c550
2024-05-20T16:04:23.257 INFO:teuthology.orchestra.run.smithi082.stdout:/usr/bin/ceph: stderr
2024-05-20T16:04:22.424+0000 7f09657fa700 1 -- 172.21.15.82:0/1427986176 <== mon.0 v2:172.21.15.82:3300/0 2 ==== config(27 keys) ==== 1109+0+0 (secure 0 0 0) 0x7f0958020070 con 0x7f096807c550
2024-05-20T16:04:23.257 INFO:teuthology.orchestra.run.smithi082.stdout:/usr/bin/ceph: stderr
2024-05-20T16:04:22.424+0000 7f096e402700 1 -- 172.21.15.82:0/1427986176 --> [v2:172.21.15.82:3300/0,v1:172.21.15.82:6789/0] -- mon_subscribe({mgrmap=0+}) -- 0x7f096819d5c0 con 0x7f096807c550
2024-05-20T16:04:23.257 INFO:teuthology.orchestra.run.smithi082.stdout:/usr/bin/ceph: stderr
2024-05-20T16:04:22.424+0000 7f09657fa700 1 -- 172.21.15.82:0/1427986176 <== mon.0 v2:172.21.15.82:3300/0 3 ==== mon_map magic: 0 ==== 205+0+0 (secure 0 0 0) 0x7f09580195a0 con 0x7f096807c550
2024-05-20T16:04:23.258 INFO:teuthology.orchestra.run.smithi082.stdout:/usr/bin/ceph: stderr
2024-05-20T16:04:22.424+0000 7f096e402700 1 -- 172.21.15.82:0/1427986176 --> [v2:172.21.15.82:3300/0,v1:172.21.15.82:6789/0] -- mon_subscribe({osdmap=0}) -- 0x7f09681a01d0 con 0x7f096807c550
2024-05-20T16:04:23.258 INFO:teuthology.orchestra.run.smithi082.stdout:/usr/bin/ceph: stderr
2024-05-20T16:04:22.425+0000 7f09657fa700 1 -- 172.21.15.82:0/1427986176 <== mon.0 v2:172.21.15.82:3300/0 4 ==== mgrmap(e 8) ==== 46287+0+0 (secure 0 0 0) 0x7f0958019850 con 0x7f096807c550
2024-05-20T16:04:23.258 INFO:teuthology.orchestra.run.smithi082.stdout:/usr/bin/ceph: stderr
2024-05-20T16:04:22.425+0000 7f096e402700 1 -- 172.21.15.82:0/1427986176 --> [v2:172.21.15.82:3300/0,v1:172.21.15.82:6789/0] -- mon_command({"prefix": "get_command_descriptions"} v 0) -- 0x7f0968063ca0 con 0x7f096807c550
2024-05-20T16:04:23.258 INFO:teuthology.orchestra.run.smithi082.stdout:/usr/bin/ceph: stderr
2024-05-20T16:04:22.425+0000 7f09657fa700 1 --2- 172.21.15.82:0/1427986176 >> [v2:172.21.15.82:6800/1763049308,v1:172.21.15.82:6801/1763049308] conn(0x7f0954039160 0x7f095403b670 unknown :-1 s=NONE pgs=0 cs=0 l=1 rev1=0 crypto rx=0 tx=0 comp rx=0 tx=0).connect
2024-05-20T16:04:23.258 INFO:teuthology.orchestra.run.smithi082.stdout:/usr/bin/ceph: stderr
2024-05-20T16:04:22.425+0000 7f09657fa700 1 -- 172.21.15.82:0/1427986176 <== mon.0 v2:172.21.15.82:3300/0 5 ==== osd_map(2..2 src has 1..2) ==== 940+0+0 (secure 0 0 0) 0x7f0958011e00 con 0x7f096807c550
2024-05-20T16:04:23.258 INFO:teuthology.orchestra.run.smithi082.stdout:/usr/bin/ceph: stderr
2024-05-20T16:04:22.425+0000 7f09677fe700 1 --2- 172.21.15.82:0/1427986176 >> [v2:172.21.15.82:6800/1763049308,v1:172.21.15.82:6801/1763049308] conn(0x7f0954039160 0x7f095403b670 unknown :-1 s=BANNER_CONNECTING pgs=0 cs=0 l=1 rev1=0 crypto rx=0 tx=0 comp rx=0 tx=0)._handle_peer_banner_payload supported=3 required=0
2024-05-20T16:04:23.258 INFO:teuthology.orchestra.run.smithi082.stdout:/usr/bin/ceph: stderr
2024-05-20T16:04:22.426+0000 7f09677fe700 1 --2- 172.21.15.82:0/1427986176 >> [v2:172.21.15.82:6800/1763049308,v1:172.21.15.82:6801/1763049308] conn(0x7f0954039160 0x7f095403b670 secure :-1 s=READY pgs=8 cs=0 l=1 rev1=1 crypto rx=0x7f0950006fd0 tx=0x7f0950006e40 comp rx=0 tx=0).ready entity=mgr.14118 client_cookie=0 server_cookie=0 in_seq=0 out_seq=0
2024-05-20T16:04:23.258 INFO:teuthology.orchestra.run.smithi082.stdout:/usr/bin/ceph: stderr
2024-05-20T16:04:22.430+0000 7f09657fa700 1 -- 172.21.15.82:0/1427986176 <== mon.0 v2:172.21.15.82:3300/0 6 ==== mon_command_ack([{"prefix": "get_command_descriptions"}]=0 v0) ==== 72+0+186418 (secure 0 0 0) 0x7f0958003c90 con 0x7f096807c550
2024-05-20T16:04:23.258 INFO:teuthology.orchestra.run.smithi082.stdout:/usr/bin/ceph: stderr
2024-05-20T16:04:22.628+0000 7f096e402700 1 -- 172.21.15.82:0/1427986176 --> [v2:172.21.15.82:6800/1763049308,v1:172.21.15.82:6801/1763049308] -- mgr_command(tid 0: {"prefix": "cephadm set-user", "user": "root", "target": ["mon-mgr", ""]}) -- 0x7f0968103fa0 con 0x7f0954039160
2024-05-20T16:04:23.258 INFO:teuthology.orchestra.run.smithi082.stdout:/usr/bin/ceph: stderr
2024-05-20T16:04:22.629+0000 7f09657fa700 1 -- 172.21.15.82:0/1427986176 <== mgr.14118 v2:172.21.15.82:6800/1763049308 1 ==== mgr_command_reply(tid 0: 0 ) ==== 8+0+16 (secure 0 0 0) 0x7f0968103fa0 con 0x7f0954039160
2024-05-20T16:04:23.258 INFO:teuthology.orchestra.run.smithi082.stdout:/usr/bin/ceph: stderr
2024-05-20T16:04:22.631+0000 7f096e402700 1 -- 172.21.15.82:0/1427986176 >> [v2:172.21.15.82:6800/1763049308,v1:172.21.15.82:6801/1763049308] conn(0x7f0954039160 msgr2=0x7f095403b670 secure :-1 s=STATE_CONNECTION_ESTABLISHED l=1).mark_down
2024-05-20T16:04:23.259 INFO:teuthology.orchestra.run.smithi082.stdout:/usr/bin/ceph: stderr
2024-05-20T16:04:22.631+0000 7f096e402700 1 --2- 172.21.15.82:0/1427986176 >> [v2:172.21.15.82:6800/1763049308,v1:172.21.15.82:6801/1763049308] conn(0x7f0954039160 0x7f095403b670 secure :-1 s=READY pgs=8 cs=0 l=1 rev1=1 crypto rx=0x7f0950006fd0 tx=0x7f0950006e40 comp rx=0 tx=0).stop
2024-05-20T16:04:23.259 INFO:teuthology.orchestra.run.smithi082.stdout:/usr/bin/ceph: stderr
2024-05-20T16:04:22.631+0000 7f096e402700 1 -- 172.21.15.82:0/1427986176 >> [v2:172.21.15.82:3300/0,v1:172.21.15.82:6789/0] conn(0x7f096807c550 msgr2=0x7f096819cdf0 secure :-1 s=STATE_CONNECTION_ESTABLISHED l=1).mark_down
2024-05-20T16:04:23.259 INFO:teuthology.orchestra.run.smithi082.stdout:/usr/bin/ceph: stderr
2024-05-20T16:04:22.631+0000 7f096e402700 1 --2- 172.21.15.82:0/1427986176 >> [v2:172.21.15.82:3300/0,v1:172.21.15.82:6789/0] conn(0x7f096807c550 0x7f096819cdf0 secure :-1 s=READY pgs=38 cs=0 l=1 rev1=1 crypto rx=0x7f0958011850 tx=0x7f0958011c10 comp rx=0 tx=0).stop
2024-05-20T16:04:23.259 INFO:teuthology.orchestra.run.smithi082.stdout:/usr/bin/ceph: stderr
2024-05-20T16:04:22.631+0000 7f096e402700 1 -- 172.21.15.82:0/1427986176 shutdown_connections
2024-05-20T16:04:23.259 INFO:teuthology.orchestra.run.smithi082.stdout:/usr/bin/ceph: stderr
2024-05-20T16:04:22.631+0000 7f096e402700 1 --2- 172.21.15.82:0/1427986176 >> [v2:172.21.15.82:6800/1763049308,v1:172.21.15.82:6801/1763049308] conn(0x7f0954039160 0x7f095403b670 unknown :-1 s=CLOSED pgs=8 cs=0 l=1 rev1=1 crypto rx=0 tx=0 comp rx=0 tx=0).stop
2024-05-20T16:04:23.259 INFO:teuthology.orchestra.run.smithi082.stdout:/usr/bin/ceph: stderr
2024-05-20T16:04:22.631+0000 7f096e402700 1 --2- 172.21.15.82:0/1427986176 >> [v2:172.21.15.82:3300/0,v1:172.21.15.82:6789/0] conn(0x7f096807c550 0x7f096819cdf0 unknown :-1 s=CLOSED pgs=38 cs=0 l=1 rev1=1 crypto rx=0 tx=0 comp rx=0 tx=0).stop
2024-05-20T16:04:23.259 INFO:teuthology.orchestra.run.smithi082.stdout:/usr/bin/ceph: stderr
2024-05-20T16:04:22.631+0000 7f096e402700 1 -- 172.21.15.82:0/1427986176 >> 172.21.15.82:0/1427986176 conn(0x7f0968103060 msgr2=0x7f0968103890 unknown :-1 s=STATE_NONE l=0).mark_down
2024-05-20T16:04:23.259 INFO:teuthology.orchestra.run.smithi082.stdout:/usr/bin/ceph: stderr
2024-05-20T16:04:22.631+0000 7f096e402700 1 -- 172.21.15.82:0/1427986176 shutdown_connections
2024-05-20T16:04:23.259 INFO:teuthology.orchestra.run.smithi082.stdout:/usr/bin/ceph: stderr
2024-05-20T16:04:22.631+0000 7f096e402700 1 -- 172.21.15.82:0/1427986176 wait complete.
2024-05-20T16:04:23.259 INFO:teuthology.orchestra.run.smithi082.stdout:Generating ssh key...
2024-05-20T16:04:23.592 INFO:journalctl@ceph.mon.a.smithi082.stdout:May 20 16:04:23 smithi082 ceph-mon[32238]: from='client.14132 -' entity='client.admin' cmd=[{"prefix": "cephadm set-user", "user": "root", "target": ["mon-mgr", ""]}]: dispatch
2024-05-20T16:04:24.213 INFO:journalctl@ceph.mgr.x.smithi082.stdout:May 20 16:04:23 smithi082 ceph-59d1600a-16c2-11ef-bc9a-c7b262605968-mgr-x[32467]: Generating public/private rsa key pair.
2024-05-20T16:04:24.213 INFO:journalctl@ceph.mgr.x.smithi082.stdout:May 20 16:04:23 smithi082 ceph-59d1600a-16c2-11ef-bc9a-c7b262605968-mgr-x[32467]: Your identification has been saved in /tmp/tmpbkvbeohb/key.
2024-05-20T16:04:24.213 INFO:journalctl@ceph.mgr.x.smithi082.stdout:May 20 16:04:23 smithi082 ceph-59d1600a-16c2-11ef-bc9a-c7b262605968-mgr-x[32467]: Your public key has been saved in /tmp/tmpbkvbeohb/key.pub.
2024-05-20T16:04:24.213 INFO:journalctl@ceph.mgr.x.smithi082.stdout:May 20 16:04:23 smithi082 ceph-59d1600a-16c2-11ef-bc9a-c7b262605968-mgr-x[32467]: The key fingerprint is:
2024-05-20T16:04:24.213 INFO:journalctl@ceph.mgr.x.smithi082.stdout:May 20 16:04:23 smithi082 ceph-59d1600a-16c2-11ef-bc9a-c7b262605968-mgr-x[32467]: SHA256:dEZUFKtyhTvi/WuR89AnW4MvgRJCXbetRAtzPk9z6aY ceph-59d1600a-16c2-11ef-bc9a-c7b262605968
2024-05-20T16:04:24.213 INFO:journalctl@ceph.mgr.x.smithi082.stdout:May 20 16:04:23 smithi082 ceph-59d1600a-16c2-11ef-bc9a-c7b262605968-mgr-x[32467]: The key's randomart image is:
2024-05-20T16:04:24.213 INFO:journalctl@ceph.mgr.x.smithi082.stdout:May 20 16:04:23 smithi082 ceph-59d1600a-16c2-11ef-bc9a-c7b262605968-mgr-x[32467]: +---[RSA 3072]----+
2024-05-20T16:04:24.213 INFO:journalctl@ceph.mgr.x.smithi082.stdout:May 20 16:04:23 smithi082 ceph-59d1600a-16c2-11ef-bc9a-c7b262605968-mgr-x[32467]: | ..+*+= |
2024-05-20T16:04:24.213 INFO:journalctl@ceph.mgr.x.smithi082.stdout:May 20 16:04:23 smithi082 ceph-59d1600a-16c2-11ef-bc9a-c7b262605968-mgr-x[32467]: | . o .B.+ .|
2024-05-20T16:04:24.213 INFO:journalctl@ceph.mgr.x.smithi082.stdout:May 20 16:04:23 smithi082 ceph-59d1600a-16c2-11ef-bc9a-c7b262605968-mgr-x[32467]: | . . + o* =.|
2024-05-20T16:04:24.213 INFO:journalctl@ceph.mgr.x.smithi082.stdout:May 20 16:04:23 smithi082 ceph-59d1600a-16c2-11ef-bc9a-c7b262605968-mgr-x[32467]: | o + +. * o|
2024-05-20T16:04:24.213 INFO:journalctl@ceph.mgr.x.smithi082.stdout:May 20 16:04:23 smithi082 ceph-59d1600a-16c2-11ef-bc9a-c7b262605968-mgr-x[32467]: | S * .+.+ |
2024-05-20T16:04:24.213 INFO:journalctl@ceph.mgr.x.smithi082.stdout:May 20 16:04:23 smithi082 ceph-59d1600a-16c2-11ef-bc9a-c7b262605968-mgr-x[32467]: | . * o=o=.o|
2024-05-20T16:04:24.214 INFO:journalctl@ceph.mgr.x.smithi082.stdout:May 20 16:04:23 smithi082 ceph-59d1600a-16c2-11ef-bc9a-c7b262605968-mgr-x[32467]: | . o Eo=.|
2024-05-20T16:04:24.214 INFO:journalctl@ceph.mgr.x.smithi082.stdout:May 20 16:04:23 smithi082 ceph-59d1600a-16c2-11ef-bc9a-c7b262605968-mgr-x[32467]: | ...o. |
2024-05-20T16:04:24.214 INFO:journalctl@ceph.mgr.x.smithi082.stdout:May 20 16:04:23 smithi082 ceph-59d1600a-16c2-11ef-bc9a-c7b262605968-mgr-x[32467]: | .o.. |
2024-05-20T16:04:24.214 INFO:journalctl@ceph.mgr.x.smithi082.stdout:May 20 16:04:23 smithi082 ceph-59d1600a-16c2-11ef-bc9a-c7b262605968-mgr-x[32467]: +----[SHA256]-----+
2024-05-20T16:04:24.511 INFO:teuthology.orchestra.run.smithi082.stdout:/usr/bin/ceph: stderr
2024-05-20T16:04:23.625+0000 7f876e981700 1 Processor -- start
2024-05-20T16:04:24.511 INFO:teuthology.orchestra.run.smithi082.stdout:/usr/bin/ceph: stderr
2024-05-20T16:04:23.626+0000 7f876e981700 1 -- start start
2024-05-20T16:04:24.511 INFO:teuthology.orchestra.run.smithi082.stdout:/usr/bin/ceph: stderr
2024-05-20T16:04:23.626+0000 7f876e981700 1 --2- >> [v2:172.21.15.82:3300/0,v1:172.21.15.82:6789/0] conn(0x7f8768107990 0x7f8768107da0 unknown :-1 s=NONE pgs=0 cs=0 l=0 rev1=0 crypto rx=0 tx=0 comp rx=0 tx=0).connect
2024-05-20T16:04:24.511 INFO:teuthology.orchestra.run.smithi082.stdout:/usr/bin/ceph: stderr
2024-05-20T16:04:23.626+0000 7f876e981700 1 -- --> [v2:172.21.15.82:3300/0,v1:172.21.15.82:6789/0] -- mon_getmap magic: 0 -- 0x7f8768108390 con 0x7f8768107990
2024-05-20T16:04:24.511 INFO:teuthology.orchestra.run.smithi082.stdout:/usr/bin/ceph: stderr
2024-05-20T16:04:23.626+0000 7f8767fff700 1 --2- >> [v2:172.21.15.82:3300/0,v1:172.21.15.82:6789/0] conn(0x7f8768107990 0x7f8768107da0 unknown :-1 s=BANNER_CONNECTING pgs=0 cs=0 l=0 rev1=0 crypto rx=0 tx=0 comp rx=0 tx=0)._handle_peer_banner_payload supported=3 required=0
2024-05-20T16:04:24.511 INFO:teuthology.orchestra.run.smithi082.stdout:/usr/bin/ceph: stderr
2024-05-20T16:04:23.626+0000 7f8767fff700 1 --2- >> [v2:172.21.15.82:3300/0,v1:172.21.15.82:6789/0] conn(0x7f8768107990 0x7f8768107da0 unknown :-1 s=HELLO_CONNECTING pgs=0 cs=0 l=0 rev1=1 crypto rx=0 tx=0 comp rx=0 tx=0).handle_hello peer v2:172.21.15.82:3300/0 says I am v2:172.21.15.82:43272/0 (socket says 172.21.15.82:43272)
2024-05-20T16:04:24.512 INFO:teuthology.orchestra.run.smithi082.stdout:/usr/bin/ceph: stderr
2024-05-20T16:04:23.626+0000 7f8767fff700 1 -- 172.21.15.82:0/2079848822 learned_addr learned my addr 172.21.15.82:0/2079848822 (peer_addr_for_me v2:172.21.15.82:0/0)
2024-05-20T16:04:24.512 INFO:teuthology.orchestra.run.smithi082.stdout:/usr/bin/ceph: stderr
2024-05-20T16:04:23.626+0000 7f8767fff700 1 -- 172.21.15.82:0/2079848822 --> [v2:172.21.15.82:3300/0,v1:172.21.15.82:6789/0] -- mon_subscribe({config=0+,monmap=0+}) -- 0x7f8768108ac0 con 0x7f8768107990
2024-05-20T16:04:24.512 INFO:teuthology.orchestra.run.smithi082.stdout:/usr/bin/ceph: stderr
2024-05-20T16:04:23.626+0000 7f8767fff700 1 --2- 172.21.15.82:0/2079848822 >> [v2:172.21.15.82:3300/0,v1:172.21.15.82:6789/0] conn(0x7f8768107990 0x7f8768107da0 secure :-1 s=READY pgs=39 cs=0 l=1 rev1=1 crypto rx=0x7f875800bb40 tx=0x7f875800be50 comp rx=0 tx=0).ready entity=mon.0 client_cookie=fcd6277f2c217ed7 server_cookie=0 in_seq=0 out_seq=0
2024-05-20T16:04:24.512 INFO:teuthology.orchestra.run.smithi082.stdout:/usr/bin/ceph: stderr
2024-05-20T16:04:23.627+0000 7f87677fe700 1 -- 172.21.15.82:0/2079848822 <== mon.0 v2:172.21.15.82:3300/0 1 ==== mon_map magic: 0 ==== 205+0+0 (secure 0 0 0) 0x7f875800dbe0 con 0x7f8768107990
2024-05-20T16:04:24.512 INFO:teuthology.orchestra.run.smithi082.stdout:/usr/bin/ceph: stderr
2024-05-20T16:04:23.627+0000 7f87677fe700 1 -- 172.21.15.82:0/2079848822 <== mon.0 v2:172.21.15.82:3300/0 2 ==== config(27 keys) ==== 1109+0+0 (secure 0 0 0) 0x7f87580044f0 con 0x7f8768107990
2024-05-20T16:04:24.512 INFO:teuthology.orchestra.run.smithi082.stdout:/usr/bin/ceph: stderr
2024-05-20T16:04:23.627+0000 7f87677fe700 1 -- 172.21.15.82:0/2079848822 <== mon.0 v2:172.21.15.82:3300/0 3 ==== mon_map magic: 0 ==== 205+0+0 (secure 0 0 0) 0x7f8758010470 con 0x7f8768107990
2024-05-20T16:04:24.512 INFO:teuthology.orchestra.run.smithi082.stdout:/usr/bin/ceph: stderr
2024-05-20T16:04:23.627+0000 7f876e981700 1 -- 172.21.15.82:0/2079848822 >> [v2:172.21.15.82:3300/0,v1:172.21.15.82:6789/0] conn(0x7f8768107990 msgr2=0x7f8768107da0 secure :-1 s=STATE_CONNECTION_ESTABLISHED l=1).mark_down
2024-05-20T16:04:24.512 INFO:teuthology.orchestra.run.smithi082.stdout:/usr/bin/ceph: stderr
2024-05-20T16:04:23.627+0000 7f876e981700 1 --2- 172.21.15.82:0/2079848822 >> [v2:172.21.15.82:3300/0,v1:172.21.15.82:6789/0] conn(0x7f8768107990 0x7f8768107da0 secure :-1 s=READY pgs=39 cs=0 l=1 rev1=1 crypto rx=0x7f875800bb40 tx=0x7f875800be50 comp rx=0 tx=0).stop
2024-05-20T16:04:24.512 INFO:teuthology.orchestra.run.smithi082.stdout:/usr/bin/ceph: stderr
2024-05-20T16:04:23.627+0000 7f876e981700 1 -- 172.21.15.82:0/2079848822 shutdown_connections
2024-05-20T16:04:24.512 INFO:teuthology.orchestra.run.smithi082.stdout:/usr/bin/ceph: stderr
2024-05-20T16:04:23.627+0000 7f876e981700 1 --2- 172.21.15.82:0/2079848822 >> [v2:172.21.15.82:3300/0,v1:172.21.15.82:6789/0] conn(0x7f8768107990 0x7f8768107da0 unknown :-1 s=CLOSED pgs=39 cs=0 l=1 rev1=1 crypto rx=0 tx=0 comp rx=0 tx=0).stop
2024-05-20T16:04:24.512 INFO:teuthology.orchestra.run.smithi082.stdout:/usr/bin/ceph: stderr
2024-05-20T16:04:23.627+0000 7f876e981700 1 -- 172.21.15.82:0/2079848822 >> 172.21.15.82:0/2079848822 conn(0x7f8768103070 msgr2=0x7f87681054c0 unknown :-1 s=STATE_NONE l=0).mark_down
2024-05-20T16:04:24.512 INFO:teuthology.orchestra.run.smithi082.stdout:/usr/bin/ceph: stderr
2024-05-20T16:04:23.628+0000 7f876e981700 1 -- 172.21.15.82:0/2079848822 shutdown_connections
2024-05-20T16:04:24.513 INFO:teuthology.orchestra.run.smithi082.stdout:/usr/bin/ceph: stderr
