2024-05-20T16:57:27.256+0000 7fabae5cb700 1 --2- 172.21.15.6:0/462797714 >> [v2:172.21.15.6:3300/0,v1:172.21.15.6:6789/0] conn(0x7faba807bc80 0x7faba810b400 unknown :-1 s=CLOSED pgs=47 cs=0 l=1 rev1=1 crypto rx=0 tx=0 comp rx=0 tx=0).stop
2024-05-20T16:57:28.178 INFO:teuthology.orchestra.run.smithi006.stdout:/usr/bin/ceph: stderr
2024-05-20T16:57:27.256+0000 7fabae5cb700 1 -- 172.21.15.6:0/462797714 >> 172.21.15.6:0/462797714 conn(0x7faba8102df0 msgr2=0x7faba81052a0 unknown :-1 s=STATE_NONE l=0).mark_down
2024-05-20T16:57:28.178 INFO:teuthology.orchestra.run.smithi006.stdout:/usr/bin/ceph: stderr
2024-05-20T16:57:27.256+0000 7fabae5cb700 1 -- 172.21.15.6:0/462797714 shutdown_connections
2024-05-20T16:57:28.178 INFO:teuthology.orchestra.run.smithi006.stdout:/usr/bin/ceph: stderr
2024-05-20T16:57:27.256+0000 7fabae5cb700 1 -- 172.21.15.6:0/462797714 wait complete.
2024-05-20T16:57:28.178 INFO:teuthology.orchestra.run.smithi006.stdout:/usr/bin/ceph: stderr
2024-05-20T16:57:27.256+0000 7fabae5cb700 1 Processor -- start
2024-05-20T16:57:28.178 INFO:teuthology.orchestra.run.smithi006.stdout:/usr/bin/ceph: stderr
2024-05-20T16:57:27.256+0000 7fabae5cb700 1 -- start start
2024-05-20T16:57:28.178 INFO:teuthology.orchestra.run.smithi006.stdout:/usr/bin/ceph: stderr
2024-05-20T16:57:27.257+0000 7fabae5cb700 1 --2- >> [v2:172.21.15.6:3300/0,v1:172.21.15.6:6789/0] conn(0x7faba807bc80 0x7faba819cc10 unknown :-1 s=NONE pgs=0 cs=0 l=1 rev1=0 crypto rx=0 tx=0 comp rx=0 tx=0).connect
2024-05-20T16:57:28.178 INFO:teuthology.orchestra.run.smithi006.stdout:/usr/bin/ceph: stderr
2024-05-20T16:57:27.257+0000 7fabae5cb700 1 -- --> [v2:172.21.15.6:3300/0,v1:172.21.15.6:6789/0] -- mon_getmap magic: 0 -- 0x7faba810cbf0 con 0x7faba807bc80
2024-05-20T16:57:28.178 INFO:teuthology.orchestra.run.smithi006.stdout:/usr/bin/ceph: stderr
2024-05-20T16:57:27.257+0000 7faba7fff700 1 --2- >> [v2:172.21.15.6:3300/0,v1:172.21.15.6:6789/0] conn(0x7faba807bc80 0x7faba819cc10 unknown :-1 s=BANNER_CONNECTING pgs=0 cs=0 l=1 rev1=0 crypto rx=0 tx=0 comp rx=0 tx=0)._handle_peer_banner_payload supported=3 required=0
2024-05-20T16:57:28.179 INFO:teuthology.orchestra.run.smithi006.stdout:/usr/bin/ceph: stderr
2024-05-20T16:57:27.257+0000 7faba7fff700 1 --2- >> [v2:172.21.15.6:3300/0,v1:172.21.15.6:6789/0] conn(0x7faba807bc80 0x7faba819cc10 unknown :-1 s=HELLO_CONNECTING pgs=0 cs=0 l=1 rev1=1 crypto rx=0 tx=0 comp rx=0 tx=0).handle_hello peer v2:172.21.15.6:3300/0 says I am v2:172.21.15.6:56774/0 (socket says 172.21.15.6:56774)
2024-05-20T16:57:28.179 INFO:teuthology.orchestra.run.smithi006.stdout:/usr/bin/ceph: stderr
2024-05-20T16:57:27.257+0000 7faba7fff700 1 -- 172.21.15.6:0/2142430499 learned_addr learned my addr 172.21.15.6:0/2142430499 (peer_addr_for_me v2:172.21.15.6:0/0)
2024-05-20T16:57:28.179 INFO:teuthology.orchestra.run.smithi006.stdout:/usr/bin/ceph: stderr
2024-05-20T16:57:27.257+0000 7faba7fff700 1 -- 172.21.15.6:0/2142430499 --> [v2:172.21.15.6:3300/0,v1:172.21.15.6:6789/0] -- mon_subscribe({config=0+,monmap=0+}) -- 0x7faba819d150 con 0x7faba807bc80
2024-05-20T16:57:28.179 INFO:teuthology.orchestra.run.smithi006.stdout:/usr/bin/ceph: stderr
2024-05-20T16:57:27.257+0000 7faba7fff700 1 --2- 172.21.15.6:0/2142430499 >> [v2:172.21.15.6:3300/0,v1:172.21.15.6:6789/0] conn(0x7faba807bc80 0x7faba819cc10 secure :-1 s=READY pgs=48 cs=0 l=1 rev1=1 crypto rx=0x7fab98006af0 tx=0x7fab98011ae0 comp rx=0 tx=0).ready entity=mon.0 client_cookie=0 server_cookie=0 in_seq=0 out_seq=0
2024-05-20T16:57:28.179 INFO:teuthology.orchestra.run.smithi006.stdout:/usr/bin/ceph: stderr
2024-05-20T16:57:27.257+0000 7faba5ffb700 1 -- 172.21.15.6:0/2142430499 <== mon.0 v2:172.21.15.6:3300/0 1 ==== mon_map magic: 0 ==== 205+0+0 (secure 0 0 0) 0x7fab98003a60 con 0x7faba807bc80
2024-05-20T16:57:28.179 INFO:teuthology.orchestra.run.smithi006.stdout:/usr/bin/ceph: stderr
2024-05-20T16:57:27.257+0000 7faba5ffb700 1 -- 172.21.15.6:0/2142430499 <== mon.0 v2:172.21.15.6:3300/0 2 ==== config(26 keys) ==== 1071+0+0 (secure 0 0 0) 0x7fab98003c00 con 0x7faba807bc80
2024-05-20T16:57:28.179 INFO:teuthology.orchestra.run.smithi006.stdout:/usr/bin/ceph: stderr
2024-05-20T16:57:27.257+0000 7fabae5cb700 1 -- 172.21.15.6:0/2142430499 --> [v2:172.21.15.6:3300/0,v1:172.21.15.6:6789/0] -- mon_subscribe({mgrmap=0+}) -- 0x7faba819d3e0 con 0x7faba807bc80
2024-05-20T16:57:28.179 INFO:teuthology.orchestra.run.smithi006.stdout:/usr/bin/ceph: stderr
2024-05-20T16:57:27.257+0000 7faba5ffb700 1 -- 172.21.15.6:0/2142430499 <== mon.0 v2:172.21.15.6:3300/0 3 ==== mon_map magic: 0 ==== 205+0+0 (secure 0 0 0) 0x7fab98019750 con 0x7faba807bc80
2024-05-20T16:57:28.179 INFO:teuthology.orchestra.run.smithi006.stdout:/usr/bin/ceph: stderr
2024-05-20T16:57:27.258+0000 7fabae5cb700 1 -- 172.21.15.6:0/2142430499 --> [v2:172.21.15.6:3300/0,v1:172.21.15.6:6789/0] -- mon_subscribe({osdmap=0}) -- 0x7faba819fff0 con 0x7faba807bc80
2024-05-20T16:57:28.179 INFO:teuthology.orchestra.run.smithi006.stdout:/usr/bin/ceph: stderr
2024-05-20T16:57:27.258+0000 7fabae5cb700 1 -- 172.21.15.6:0/2142430499 --> [v2:172.21.15.6:3300/0,v1:172.21.15.6:6789/0] -- mon_command({"prefix": "get_command_descriptions"} v 0) -- 0x7faba8063ca0 con 0x7faba807bc80
2024-05-20T16:57:28.179 INFO:teuthology.orchestra.run.smithi006.stdout:/usr/bin/ceph: stderr
2024-05-20T16:57:27.258+0000 7faba5ffb700 1 -- 172.21.15.6:0/2142430499 <== mon.0 v2:172.21.15.6:3300/0 4 ==== mgrmap(e 8) ==== 46287+0+0 (secure 0 0 0) 0x7fab98022020 con 0x7faba807bc80
2024-05-20T16:57:28.179 INFO:teuthology.orchestra.run.smithi006.stdout:/usr/bin/ceph: stderr
2024-05-20T16:57:27.259+0000 7faba5ffb700 1 --2- 172.21.15.6:0/2142430499 >> [v2:172.21.15.6:6800/3509827796,v1:172.21.15.6:6801/3509827796] conn(0x7fab94039050 0x7fab9403b560 unknown :-1 s=NONE pgs=0 cs=0 l=1 rev1=0 crypto rx=0 tx=0 comp rx=0 tx=0).connect
2024-05-20T16:57:28.179 INFO:teuthology.orchestra.run.smithi006.stdout:/usr/bin/ceph: stderr
2024-05-20T16:57:27.259+0000 7faba5ffb700 1 -- 172.21.15.6:0/2142430499 <== mon.0 v2:172.21.15.6:3300/0 5 ==== osd_map(2..2 src has 1..2) ==== 940+0+0 (secure 0 0 0) 0x7fab9804d330 con 0x7faba807bc80
2024-05-20T16:57:28.179 INFO:teuthology.orchestra.run.smithi006.stdout:/usr/bin/ceph: stderr
2024-05-20T16:57:27.259+0000 7fab9ffff700 1 --2- 172.21.15.6:0/2142430499 >> [v2:172.21.15.6:6800/3509827796,v1:172.21.15.6:6801/3509827796] conn(0x7fab94039050 0x7fab9403b560 unknown :-1 s=BANNER_CONNECTING pgs=0 cs=0 l=1 rev1=0 crypto rx=0 tx=0 comp rx=0 tx=0)._handle_peer_banner_payload supported=3 required=0
2024-05-20T16:57:28.179 INFO:teuthology.orchestra.run.smithi006.stdout:/usr/bin/ceph: stderr
2024-05-20T16:57:27.259+0000 7fab9ffff700 1 --2- 172.21.15.6:0/2142430499 >> [v2:172.21.15.6:6800/3509827796,v1:172.21.15.6:6801/3509827796] conn(0x7fab94039050 0x7fab9403b560 secure :-1 s=READY pgs=12 cs=0 l=1 rev1=1 crypto rx=0x7fab90006fd0 tx=0x7fab90006e40 comp rx=0 tx=0).ready entity=mgr.14120 client_cookie=0 server_cookie=0 in_seq=0 out_seq=0
2024-05-20T16:57:28.180 INFO:teuthology.orchestra.run.smithi006.stdout:/usr/bin/ceph: stderr
2024-05-20T16:57:27.264+0000 7faba5ffb700 1 -- 172.21.15.6:0/2142430499 <== mon.0 v2:172.21.15.6:3300/0 6 ==== mon_command_ack([{"prefix": "get_command_descriptions"}]=0 v0) ==== 72+0+186418 (secure 0 0 0) 0x7fab98020e80 con 0x7faba807bc80
2024-05-20T16:57:28.180 INFO:teuthology.orchestra.run.smithi006.stdout:/usr/bin/ceph: stderr
2024-05-20T16:57:27.491+0000 7fabae5cb700 1 -- 172.21.15.6:0/2142430499 --> [v2:172.21.15.6:6800/3509827796,v1:172.21.15.6:6801/3509827796] -- mgr_command(tid 0: {"prefix": "orch apply", "service_type": "mon", "unmanaged": true, "target": ["mon-mgr", ""]}) -- 0x7faba8103e70 con 0x7fab94039050
2024-05-20T16:57:28.180 INFO:teuthology.orchestra.run.smithi006.stdout:/usr/bin/ceph: stderr
2024-05-20T16:57:27.499+0000 7faba5ffb700 1 -- 172.21.15.6:0/2142430499 <== mgr.14120 v2:172.21.15.6:6800/3509827796 1 ==== mgr_command_reply(tid 0: 0 ) ==== 8+0+24 (secure 0 0 0) 0x7faba8103e70 con 0x7fab94039050
2024-05-20T16:57:28.180 INFO:teuthology.orchestra.run.smithi006.stdout:/usr/bin/ceph: stderr
2024-05-20T16:57:27.501+0000 7fabae5cb700 1 -- 172.21.15.6:0/2142430499 >> [v2:172.21.15.6:6800/3509827796,v1:172.21.15.6:6801/3509827796] conn(0x7fab94039050 msgr2=0x7fab9403b560 secure :-1 s=STATE_CONNECTION_ESTABLISHED l=1).mark_down
2024-05-20T16:57:28.180 INFO:teuthology.orchestra.run.smithi006.stdout:/usr/bin/ceph: stderr
2024-05-20T16:57:27.501+0000 7fabae5cb700 1 --2- 172.21.15.6:0/2142430499 >> [v2:172.21.15.6:6800/3509827796,v1:172.21.15.6:6801/3509827796] conn(0x7fab94039050 0x7fab9403b560 secure :-1 s=READY pgs=12 cs=0 l=1 rev1=1 crypto rx=0x7fab90006fd0 tx=0x7fab90006e40 comp rx=0 tx=0).stop
2024-05-20T16:57:28.180 INFO:teuthology.orchestra.run.smithi006.stdout:/usr/bin/ceph: stderr
2024-05-20T16:57:27.501+0000 7fabae5cb700 1 -- 172.21.15.6:0/2142430499 >> [v2:172.21.15.6:3300/0,v1:172.21.15.6:6789/0] conn(0x7faba807bc80 msgr2=0x7faba819cc10 secure :-1 s=STATE_CONNECTION_ESTABLISHED l=1).mark_down
2024-05-20T16:57:28.180 INFO:teuthology.orchestra.run.smithi006.stdout:/usr/bin/ceph: stderr
2024-05-20T16:57:27.501+0000 7fabae5cb700 1 --2- 172.21.15.6:0/2142430499 >> [v2:172.21.15.6:3300/0,v1:172.21.15.6:6789/0] conn(0x7faba807bc80 0x7faba819cc10 secure :-1 s=READY pgs=48 cs=0 l=1 rev1=1 crypto rx=0x7fab98006af0 tx=0x7fab98011ae0 comp rx=0 tx=0).stop
2024-05-20T16:57:28.180 INFO:teuthology.orchestra.run.smithi006.stdout:/usr/bin/ceph: stderr
2024-05-20T16:57:27.501+0000 7fabae5cb700 1 -- 172.21.15.6:0/2142430499 shutdown_connections
2024-05-20T16:57:28.180 INFO:teuthology.orchestra.run.smithi006.stdout:/usr/bin/ceph: stderr
2024-05-20T16:57:27.501+0000 7fabae5cb700 1 --2- 172.21.15.6:0/2142430499 >> [v2:172.21.15.6:6800/3509827796,v1:172.21.15.6:6801/3509827796] conn(0x7fab94039050 0x7fab9403b560 unknown :-1 s=CLOSED pgs=12 cs=0 l=1 rev1=1 crypto rx=0 tx=0 comp rx=0 tx=0).stop
2024-05-20T16:57:28.180 INFO:teuthology.orchestra.run.smithi006.stdout:/usr/bin/ceph: stderr
2024-05-20T16:57:27.501+0000 7fabae5cb700 1 --2- 172.21.15.6:0/2142430499 >> [v2:172.21.15.6:3300/0,v1:172.21.15.6:6789/0] conn(0x7faba807bc80 0x7faba819cc10 unknown :-1 s=CLOSED pgs=48 cs=0 l=1 rev1=1 crypto rx=0 tx=0 comp rx=0 tx=0).stop
2024-05-20T16:57:28.180 INFO:teuthology.orchestra.run.smithi006.stdout:/usr/bin/ceph: stderr
2024-05-20T16:57:27.501+0000 7fabae5cb700 1 -- 172.21.15.6:0/2142430499 >> 172.21.15.6:0/2142430499 conn(0x7faba8102df0 msgr2=0x7faba8103720 unknown :-1 s=STATE_NONE l=0).mark_down
2024-05-20T16:57:28.180 INFO:teuthology.orchestra.run.smithi006.stdout:/usr/bin/ceph: stderr
2024-05-20T16:57:27.501+0000 7fabae5cb700 1 -- 172.21.15.6:0/2142430499 shutdown_connections
2024-05-20T16:57:28.180 INFO:teuthology.orchestra.run.smithi006.stdout:/usr/bin/ceph: stderr
2024-05-20T16:57:27.501+0000 7fabae5cb700 1 -- 172.21.15.6:0/2142430499 wait complete.
2024-05-20T16:57:28.180 INFO:teuthology.orchestra.run.smithi006.stdout:Deploying unmanaged mgr service...
2024-05-20T16:57:28.853 INFO:journalctl@ceph.mon.a.smithi006.stdout:May 20 16:57:28 smithi006 ceph-mon[32486]: from='client.14142 -' entity='client.admin' cmd=[{"prefix": "orch apply", "service_type": "mon", "unmanaged": true, "target": ["mon-mgr", ""]}]: dispatch
2024-05-20T16:57:28.853 INFO:journalctl@ceph.mon.a.smithi006.stdout:May 20 16:57:28 smithi006 ceph-mon[32486]: Saving service mon spec with placement count:5
2024-05-20T16:57:28.853 INFO:journalctl@ceph.mon.a.smithi006.stdout:May 20 16:57:28 smithi006 ceph-mon[32486]: from='mgr.14120 172.21.15.6:0/1941757882' entity='mgr.x'
2024-05-20T16:57:30.514 INFO:journalctl@ceph.mon.a.smithi006.stdout:May 20 16:57:30 smithi006 ceph-mon[32486]: from='mgr.14120 172.21.15.6:0/1941757882' entity='mgr.x'
2024-05-20T16:57:30.514 INFO:journalctl@ceph.mon.a.smithi006.stdout:May 20 16:57:30 smithi006 ceph-mon[32486]: from='client.14144 -' entity='client.admin' cmd=[{"prefix": "orch apply", "service_type": "mgr", "unmanaged": true, "target": ["mon-mgr", ""]}]: dispatch
2024-05-20T16:57:30.514 INFO:journalctl@ceph.mon.a.smithi006.stdout:May 20 16:57:30 smithi006 ceph-mon[32486]: Saving service mgr spec with placement count:2
2024-05-20T16:57:30.514 INFO:journalctl@ceph.mon.a.smithi006.stdout:May 20 16:57:30 smithi006 ceph-mon[32486]: from='mgr.14120 172.21.15.6:0/1941757882' entity='mgr.x'
2024-05-20T16:57:30.514 INFO:journalctl@ceph.mon.a.smithi006.stdout:May 20 16:57:30 smithi006 ceph-mon[32486]: from='mgr.14120 172.21.15.6:0/1941757882' entity='mgr.x'
2024-05-20T16:57:30.521 INFO:teuthology.orchestra.run.smithi006.stdout:/usr/bin/ceph: stdout Scheduled mgr update...
2024-05-20T16:57:30.521 INFO:teuthology.orchestra.run.smithi006.stdout:/usr/bin/ceph: stderr
2024-05-20T16:57:29.488+0000 7f027bca7700 1 Processor -- start
2024-05-20T16:57:30.521 INFO:teuthology.orchestra.run.smithi006.stdout:/usr/bin/ceph: stderr
2024-05-20T16:57:29.488+0000 7f027bca7700 1 -- start start
2024-05-20T16:57:30.521 INFO:teuthology.orchestra.run.smithi006.stdout:/usr/bin/ceph: stderr
2024-05-20T16:57:29.488+0000 7f027bca7700 1 --2- >> [v2:172.21.15.6:3300/0,v1:172.21.15.6:6789/0] conn(0x7f02741089e0 0x7f0274108df0 unknown :-1 s=NONE pgs=0 cs=0 l=0 rev1=0 crypto rx=0 tx=0 comp rx=0 tx=0).connect
2024-05-20T16:57:30.522 INFO:teuthology.orchestra.run.smithi006.stdout:/usr/bin/ceph: stderr
2024-05-20T16:57:29.488+0000 7f027bca7700 1 -- --> [v2:172.21.15.6:3300/0,v1:172.21.15.6:6789/0] -- mon_getmap magic: 0 -- 0x7f02741093e0 con 0x7f02741089e0
2024-05-20T16:57:30.522 INFO:teuthology.orchestra.run.smithi006.stdout:/usr/bin/ceph: stderr
2024-05-20T16:57:29.489+0000 7f0279a43700 1 --2- >> [v2:172.21.15.6:3300/0,v1:172.21.15.6:6789/0] conn(0x7f02741089e0 0x7f0274108df0 unknown :-1 s=BANNER_CONNECTING pgs=0 cs=0 l=0 rev1=0 crypto rx=0 tx=0 comp rx=0 tx=0)._handle_peer_banner_payload supported=3 required=0
2024-05-20T16:57:30.522 INFO:teuthology.orchestra.run.smithi006.stdout:/usr/bin/ceph: stderr
2024-05-20T16:57:29.489+0000 7f0279a43700 1 --2- >> [v2:172.21.15.6:3300/0,v1:172.21.15.6:6789/0] conn(0x7f02741089e0 0x7f0274108df0 unknown :-1 s=HELLO_CONNECTING pgs=0 cs=0 l=0 rev1=1 crypto rx=0 tx=0 comp rx=0 tx=0).handle_hello peer v2:172.21.15.6:3300/0 says I am v2:172.21.15.6:56790/0 (socket says 172.21.15.6:56790)
2024-05-20T16:57:30.522 INFO:teuthology.orchestra.run.smithi006.stdout:/usr/bin/ceph: stderr
2024-05-20T16:57:29.489+0000 7f0279a43700 1 -- 172.21.15.6:0/745123354 learned_addr learned my addr 172.21.15.6:0/745123354 (peer_addr_for_me v2:172.21.15.6:0/0)
2024-05-20T16:57:30.522 INFO:teuthology.orchestra.run.smithi006.stdout:/usr/bin/ceph: stderr
2024-05-20T16:57:29.489+0000 7f0279a43700 1 -- 172.21.15.6:0/745123354 --> [v2:172.21.15.6:3300/0,v1:172.21.15.6:6789/0] -- mon_subscribe({config=0+,monmap=0+}) -- 0x7f0274109b10 con 0x7f02741089e0
2024-05-20T16:57:30.522 INFO:teuthology.orchestra.run.smithi006.stdout:/usr/bin/ceph: stderr
2024-05-20T16:57:29.489+0000 7f0279a43700 1 --2- 172.21.15.6:0/745123354 >> [v2:172.21.15.6:3300/0,v1:172.21.15.6:6789/0] conn(0x7f02741089e0 0x7f0274108df0 secure :-1 s=READY pgs=49 cs=0 l=1 rev1=1 crypto rx=0x7f02700098a0 tx=0x7f0270009bb0 comp rx=0 tx=0).ready entity=mon.0 client_cookie=10e6a18367514d80 server_cookie=0 in_seq=0 out_seq=0
2024-05-20T16:57:30.522 INFO:teuthology.orchestra.run.smithi006.stdout:/usr/bin/ceph: stderr
2024-05-20T16:57:29.490+0000 7f0278a41700 1 -- 172.21.15.6:0/745123354 <== mon.0 v2:172.21.15.6:3300/0 1 ==== mon_map magic: 0 ==== 205+0+0 (secure 0 0 0) 0x7f0270004160 con 0x7f02741089e0
2024-05-20T16:57:30.522 INFO:teuthology.orchestra.run.smithi006.stdout:/usr/bin/ceph: stderr
2024-05-20T16:57:29.490+0000 7f0278a41700 1 -- 172.21.15.6:0/745123354 <== mon.0 v2:172.21.15.6:3300/0 2 ==== config(26 keys) ==== 1102+0+0 (secure 0 0 0) 0x7f0270004300 con 0x7f02741089e0
2024-05-20T16:57:30.522 INFO:teuthology.orchestra.run.smithi006.stdout:/usr/bin/ceph: stderr
2024-05-20T16:57:29.490+0000 7f0278a41700 1 -- 172.21.15.6:0/745123354 <== mon.0 v2:172.21.15.6:3300/0 3 ==== mon_map magic: 0 ==== 205+0+0 (secure 0 0 0) 0x7f0270011a50 con 0x7f02741089e0
2024-05-20T16:57:30.522 INFO:teuthology.orchestra.run.smithi006.stdout:/usr/bin/ceph: stderr
2024-05-20T16:57:29.491+0000 7f027bca7700 1 -- 172.21.15.6:0/745123354 >> [v2:172.21.15.6:3300/0,v1:172.21.15.6:6789/0] conn(0x7f02741089e0 msgr2=0x7f0274108df0 secure :-1 s=STATE_CONNECTION_ESTABLISHED l=1).mark_down
2024-05-20T16:57:30.522 INFO:teuthology.orchestra.run.smithi006.stdout:/usr/bin/ceph: stderr
2024-05-20T16:57:29.491+0000 7f027bca7700 1 --2- 172.21.15.6:0/745123354 >> [v2:172.21.15.6:3300/0,v1:172.21.15.6:6789/0] conn(0x7f02741089e0 0x7f0274108df0 secure :-1 s=READY pgs=49 cs=0 l=1 rev1=1 crypto rx=0x7f02700098a0 tx=0x7f0270009bb0 comp rx=0 tx=0).stop
2024-05-20T16:57:30.523 INFO:teuthology.orchestra.run.smithi006.stdout:/usr/bin/ceph: stderr
2024-05-20T16:57:29.491+0000 7f027bca7700 1 -- 172.21.15.6:0/745123354 shutdown_connections
2024-05-20T16:57:30.523 INFO:teuthology.orchestra.run.smithi006.stdout:/usr/bin/ceph: stderr
2024-05-20T16:57:29.491+0000 7f027bca7700 1 --2- 172.21.15.6:0/745123354 >> [v2:172.21.15.6:3300/0,v1:172.21.15.6:6789/0] conn(0x7f02741089e0 0x7f0274108df0 unknown :-1 s=CLOSED pgs=49 cs=0 l=1 rev1=1 crypto rx=0 tx=0 comp rx=0 tx=0).stop
2024-05-20T16:57:30.523 INFO:teuthology.orchestra.run.smithi006.stdout:/usr/bin/ceph: stderr
2024-05-20T16:57:29.491+0000 7f027bca7700 1 -- 172.21.15.6:0/745123354 >> 172.21.15.6:0/745123354 conn(0x7f0274104080 msgr2=0x7f02741064d0 unknown :-1 s=STATE_NONE l=0).mark_down
2024-05-20T16:57:30.523 INFO:teuthology.orchestra.run.smithi006.stdout:/usr/bin/ceph: stderr
2024-05-20T16:57:29.491+0000 7f027bca7700 1 -- 172.21.15.6:0/745123354 shutdown_connections
2024-05-20T16:57:30.523 INFO:teuthology.orchestra.run.smithi006.stdout:/usr/bin/ceph: stderr
2024-05-20T16:57:29.491+0000 7f027bca7700 1 -- 172.21.15.6:0/745123354 wait complete.
2024-05-20T16:57:30.523 INFO:teuthology.orchestra.run.smithi006.stdout:/usr/bin/ceph: stderr
2024-05-20T16:57:29.492+0000 7f027bca7700 1 Processor -- start
2024-05-20T16:57:30.523 INFO:teuthology.orchestra.run.smithi006.stdout:/usr/bin/ceph: stderr
2024-05-20T16:57:29.492+0000 7f027bca7700 1 -- start start
2024-05-20T16:57:30.523 INFO:teuthology.orchestra.run.smithi006.stdout:/usr/bin/ceph: stderr
2024-05-20T16:57:29.492+0000 7f027bca7700 1 --2- >> [v2:172.21.15.6:3300/0,v1:172.21.15.6:6789/0] conn(0x7f02741089e0 0x7f027419cd10 unknown :-1 s=NONE pgs=0 cs=0 l=1 rev1=0 crypto rx=0 tx=0 comp rx=0 tx=0).connect
2024-05-20T16:57:30.523 INFO:teuthology.orchestra.run.smithi006.stdout:/usr/bin/ceph: stderr
2024-05-20T16:57:29.492+0000 7f027bca7700 1 -- --> [v2:172.21.15.6:3300/0,v1:172.21.15.6:6789/0] -- mon_getmap magic: 0 -- 0x7f027410cec0 con 0x7f02741089e0
2024-05-20T16:57:30.523 INFO:teuthology.orchestra.run.smithi006.stdout:/usr/bin/ceph: stderr
2024-05-20T16:57:29.493+0000 7f0279a43700 1 --2- >> [v2:172.21.15.6:3300/0,v1:172.21.15.6:6789/0] conn(0x7f02741089e0 0x7f027419cd10 unknown :-1 s=BANNER_CONNECTING pgs=0 cs=0 l=1 rev1=0 crypto rx=0 tx=0 comp rx=0 tx=0)._handle_peer_banner_payload supported=3 required=0
2024-05-20T16:57:30.523 INFO:teuthology.orchestra.run.smithi006.stdout:/usr/bin/ceph: stderr
2024-05-20T16:57:29.493+0000 7f0279a43700 1 --2- >> [v2:172.21.15.6:3300/0,v1:172.21.15.6:6789/0] conn(0x7f02741089e0 0x7f027419cd10 unknown :-1 s=HELLO_CONNECTING pgs=0 cs=0 l=1 rev1=1 crypto rx=0 tx=0 comp rx=0 tx=0).handle_hello peer v2:172.21.15.6:3300/0 says I am v2:172.21.15.6:56806/0 (socket says 172.21.15.6:56806)
2024-05-20T16:57:30.523 INFO:teuthology.orchestra.run.smithi006.stdout:/usr/bin/ceph: stderr
2024-05-20T16:57:29.493+0000 7f0279a43700 1 -- 172.21.15.6:0/1104230591 learned_addr learned my addr 172.21.15.6:0/1104230591 (peer_addr_for_me v2:172.21.15.6:0/0)
2024-05-20T16:57:30.523 INFO:teuthology.orchestra.run.smithi006.stdout:/usr/bin/ceph: stderr
2024-05-20T16:57:29.493+0000 7f0279a43700 1 -- 172.21.15.6:0/1104230591 --> [v2:172.21.15.6:3300/0,v1:172.21.15.6:6789/0] -- mon_subscribe({config=0+,monmap=0+}) -- 0x7f027419d250 con 0x7f02741089e0
2024-05-20T16:57:30.523 INFO:teuthology.orchestra.run.smithi006.stdout:/usr/bin/ceph: stderr
2024-05-20T16:57:29.493+0000 7f0279a43700 1 --2- 172.21.15.6:0/1104230591 >> [v2:172.21.15.6:3300/0,v1:172.21.15.6:6789/0] conn(0x7f02741089e0 0x7f027419cd10 secure :-1 s=READY pgs=50 cs=0 l=1 rev1=1 crypto rx=0x7f0270011a20 tx=0x7f0270011b00 comp rx=0 tx=0).ready entity=mon.0 client_cookie=0 server_cookie=0 in_seq=0 out_seq=0
2024-05-20T16:57:30.524 INFO:teuthology.orchestra.run.smithi006.stdout:/usr/bin/ceph: stderr
2024-05-20T16:57:29.493+0000 7f026affd700 1 -- 172.21.15.6:0/1104230591 <== mon.0 v2:172.21.15.6:3300/0 1 ==== mon_map magic: 0 ==== 205+0+0 (secure 0 0 0) 0x7f02700038b0 con 0x7f02741089e0
2024-05-20T16:57:30.524 INFO:teuthology.orchestra.run.smithi006.stdout:/usr/bin/ceph: stderr
2024-05-20T16:57:29.493+0000 7f026affd700 1 -- 172.21.15.6:0/1104230591 <== mon.0 v2:172.21.15.6:3300/0 2 ==== config(26 keys) ==== 1102+0+0 (secure 0 0 0) 0x7f0270003a50 con 0x7f02741089e0
2024-05-20T16:57:30.524 INFO:teuthology.orchestra.run.smithi006.stdout:/usr/bin/ceph: stderr
2024-05-20T16:57:29.493+0000 7f027bca7700 1 -- 172.21.15.6:0/1104230591 --> [v2:172.21.15.6:3300/0,v1:172.21.15.6:6789/0] -- mon_subscribe({mgrmap=0+}) -- 0x7f027419d4e0 con 0x7f02741089e0
2024-05-20T16:57:30.524 INFO:teuthology.orchestra.run.smithi006.stdout:/usr/bin/ceph: stderr
2024-05-20T16:57:29.494+0000 7f026affd700 1 -- 172.21.15.6:0/1104230591 <== mon.0 v2:172.21.15.6:3300/0 3 ==== mon_map magic: 0 ==== 205+0+0 (secure 0 0 0) 0x7f0270024610 con 0x7f02741089e0
2024-05-20T16:57:30.524 INFO:teuthology.orchestra.run.smithi006.stdout:/usr/bin/ceph: stderr
2024-05-20T16:57:29.494+0000 7f027bca7700 1 -- 172.21.15.6:0/1104230591 --> [v2:172.21.15.6:3300/0,v1:172.21.15.6:6789/0] -- mon_subscribe({osdmap=0}) -- 0x7f027419d900 con 0x7f02741089e0
2024-05-20T16:57:30.524 INFO:teuthology.orchestra.run.smithi006.stdout:/usr/bin/ceph: stderr
2024-05-20T16:57:29.494+0000 7f026affd700 1 -- 172.21.15.6:0/1104230591 <== mon.0 v2:172.21.15.6:3300/0 4 ==== mgrmap(e 8) ==== 46287+0+0 (secure 0 0 0) 0x7f02700193c0 con 0x7f02741089e0
2024-05-20T16:57:30.524 INFO:teuthology.orchestra.run.smithi006.stdout:/usr/bin/ceph: stderr
2024-05-20T16:57:29.495+0000 7f026affd700 1 --2- 172.21.15.6:0/1104230591 >> [v2:172.21.15.6:6800/3509827796,v1:172.21.15.6:6801/3509827796] conn(0x7f02600390a0 0x7f026003b5b0 unknown :-1 s=NONE pgs=0 cs=0 l=1 rev1=0 crypto rx=0 tx=0 comp rx=0 tx=0).connect
2024-05-20T16:57:30.524 INFO:teuthology.orchestra.run.smithi006.stdout:/usr/bin/ceph: stderr
2024-05-20T16:57:29.495+0000 7f026affd700 1 -- 172.21.15.6:0/1104230591 <== mon.0 v2:172.21.15.6:3300/0 5 ==== osd_map(2..2 src has 1..2) ==== 940+0+0 (secure 0 0 0) 0x7f027001a840 con 0x7f02741089e0
2024-05-20T16:57:30.524 INFO:teuthology.orchestra.run.smithi006.stdout:/usr/bin/ceph: stderr
2024-05-20T16:57:29.495+0000 7f0279242700 1 --2- 172.21.15.6:0/1104230591 >> [v2:172.21.15.6:6800/3509827796,v1:172.21.15.6:6801/3509827796] conn(0x7f02600390a0 0x7f026003b5b0 unknown :-1 s=BANNER_CONNECTING pgs=0 cs=0 l=1 rev1=0 crypto rx=0 tx=0 comp rx=0 tx=0)._handle_peer_banner_payload supported=3 required=0
2024-05-20T16:57:30.524 INFO:teuthology.orchestra.run.smithi006.stdout:/usr/bin/ceph: stderr
2024-05-20T16:57:29.495+0000 7f027bca7700 1 -- 172.21.15.6:0/1104230591 --> [v2:172.21.15.6:3300/0,v1:172.21.15.6:6789/0] -- mon_command({"prefix": "get_command_descriptions"} v 0) -- 0x7f0274063ca0 con 0x7f02741089e0
2024-05-20T16:57:30.524 INFO:teuthology.orchestra.run.smithi006.stdout:/usr/bin/ceph: stderr
2024-05-20T16:57:29.495+0000 7f0279242700 1 --2- 172.21.15.6:0/1104230591 >> [v2:172.21.15.6:6800/3509827796,v1:172.21.15.6:6801/3509827796] conn(0x7f02600390a0 0x7f026003b5b0 secure :-1 s=READY pgs=13 cs=0 l=1 rev1=1 crypto rx=0x7f0264006fd0 tx=0x7f0264006e40 comp rx=0 tx=0).ready entity=mgr.14120 client_cookie=0 server_cookie=0 in_seq=0 out_seq=0
2024-05-20T16:57:30.524 INFO:teuthology.orchestra.run.smithi006.stdout:/usr/bin/ceph: stderr
2024-05-20T16:57:29.501+0000 7f026affd700 1 -- 172.21.15.6:0/1104230591 <== mon.0 v2:172.21.15.6:3300/0 6 ==== mon_command_ack([{"prefix": "get_command_descriptions"}]=0 v0) ==== 72+0+186418 (secure 0 0 0) 0x7f0270010380 con 0x7f02741089e0
2024-05-20T16:57:30.524 INFO:teuthology.orchestra.run.smithi006.stdout:/usr/bin/ceph: stderr
2024-05-20T16:57:29.743+0000 7f027bca7700 1 -- 172.21.15.6:0/1104230591 --> [v2:172.21.15.6:6800/3509827796,v1:172.21.15.6:6801/3509827796] -- mgr_command(tid 0: {"prefix": "orch apply", "service_type": "mgr", "unmanaged": true, "target": ["mon-mgr", ""]}) -- 0x7f02741a01a0 con 0x7f02600390a0
2024-05-20T16:57:30.524 INFO:teuthology.orchestra.run.smithi006.stdout:/usr/bin/ceph: stderr
2024-05-20T16:57:29.751+0000 7f026affd700 1 -- 172.21.15.6:0/1104230591 <== mgr.14120 v2:172.21.15.6:6800/3509827796 1 ==== mgr_command_reply(tid 0: 0 ) ==== 8+0+24 (secure 0 0 0) 0x7f02741a01a0 con 0x7f02600390a0
2024-05-20T16:57:30.525 INFO:teuthology.orchestra.run.smithi006.stdout:/usr/bin/ceph: stderr
2024-05-20T16:57:29.753+0000 7f027bca7700 1 -- 172.21.15.6:0/1104230591 >> [v2:172.21.15.6:6800/3509827796,v1:172.21.15.6:6801/3509827796] conn(0x7f02600390a0 msgr2=0x7f026003b5b0 secure :-1 s=STATE_CONNECTION_ESTABLISHED l=1).mark_down
2024-05-20T16:57:30.525 INFO:teuthology.orchestra.run.smithi006.stdout:/usr/bin/ceph: stderr
2024-05-20T16:57:29.753+0000 7f027bca7700 1 --2- 172.21.15.6:0/1104230591 >> [v2:172.21.15.6:6800/3509827796,v1:172.21.15.6:6801/3509827796] conn(0x7f02600390a0 0x7f026003b5b0 secure :-1 s=READY pgs=13 cs=0 l=1 rev1=1 crypto rx=0x7f0264006fd0 tx=0x7f0264006e40 comp rx=0 tx=0).stop
2024-05-20T16:57:30.525 INFO:teuthology.orchestra.run.smithi006.stdout:/usr/bin/ceph: stderr
2024-05-20T16:57:29.753+0000 7f027bca7700 1 -- 172.21.15.6:0/1104230591 >> [v2:172.21.15.6:3300/0,v1:172.21.15.6:6789/0] conn(0x7f02741089e0 msgr2=0x7f027419cd10 secure :-1 s=STATE_CONNECTION_ESTABLISHED l=1).mark_down
2024-05-20T16:57:30.525 INFO:teuthology.orchestra.run.smithi006.stdout:/usr/bin/ceph: stderr
2024-05-20T16:57:29.753+0000 7f027bca7700 1 --2- 172.21.15.6:0/1104230591 >> [v2:172.21.15.6:3300/0,v1:172.21.15.6:6789/0] conn(0x7f02741089e0 0x7f027419cd10 secure :-1 s=READY pgs=50 cs=0 l=1 rev1=1 crypto rx=0x7f0270011a20 tx=0x7f0270011b00 comp rx=0 tx=0).stop
2024-05-20T16:57:30.525 INFO:teuthology.orchestra.run.smithi006.stdout:/usr/bin/ceph: stderr
2024-05-20T16:57:29.753+0000 7f027bca7700 1 -- 172.21.15.6:0/1104230591 shutdown_connections
2024-05-20T16:57:30.525 INFO:teuthology.orchestra.run.smithi006.stdout:/usr/bin/ceph: stderr
2024-05-20T16:57:29.753+0000 7f027bca7700 1 --2- 172.21.15.6:0/1104230591 >> [v2:172.21.15.6:6800/3509827796,v1:172.21.15.6:6801/3509827796] conn(0x7f02600390a0 0x7f026003b5b0 unknown :-1 s=CLOSED pgs=13 cs=0 l=1 rev1=1 crypto rx=0 tx=0 comp rx=0 tx=0).stop
2024-05-20T16:57:30.525 INFO:teuthology.orchestra.run.smithi006.stdout:/usr/bin/ceph: stderr
2024-05-20T16:57:29.753+0000 7f027bca7700 1 --2- 172.21.15.6:0/1104230591 >> [v2:172.21.15.6:3300/0,v1:172.21.15.6:6789/0] conn(0x7f02741089e0 0x7f027419cd10 unknown :-1 s=CLOSED pgs=50 cs=0 l=1 rev1=1 crypto rx=0 tx=0 comp rx=0 tx=0).stop
2024-05-20T16:57:30.525 INFO:teuthology.orchestra.run.smithi006.stdout:/usr/bin/ceph: stderr
2024-05-20T16:57:29.753+0000 7f027bca7700 1 -- 172.21.15.6:0/1104230591 >> 172.21.15.6:0/1104230591 conn(0x7f0274104080 msgr2=0x7f0274104860 unknown :-1 s=STATE_NONE l=0).mark_down
2024-05-20T16:57:30.525 INFO:teuthology.orchestra.run.smithi006.stdout:/usr/bin/ceph: stderr
2024-05-20T16:57:29.754+0000 7f027bca7700 1 -- 172.21.15.6:0/1104230591 shutdown_connections
2024-05-20T16:57:30.525 INFO:teuthology.orchestra.run.smithi006.stdout:/usr/bin/ceph: stderr
2024-05-20T16:57:29.754+0000 7f027bca7700 1 -- 172.21.15.6:0/1104230591 wait complete.
2024-05-20T16:57:31.988 INFO:teuthology.orchestra.run.smithi006.stdout:/usr/bin/ceph: stderr
2024-05-20T16:57:30.945+0000 7f0c31a0a700 1 Processor -- start
2024-05-20T16:57:31.989 INFO:teuthology.orchestra.run.smithi006.stdout:/usr/bin/ceph: stderr
2024-05-20T16:57:30.945+0000 7f0c31a0a700 1 -- start start
2024-05-20T16:57:31.989 INFO:teuthology.orchestra.run.smithi006.stdout:/usr/bin/ceph: stderr
2024-05-20T16:57:30.946+0000 7f0c31a0a700 1 --2- >> [v2:172.21.15.6:3300/0,v1:172.21.15.6:6789/0] conn(0x7f0c2c1077b0 0x7f0c2c107bc0 unknown :-1 s=NONE pgs=0 cs=0 l=0 rev1=0 crypto rx=0 tx=0 comp rx=0 tx=0).connect
2024-05-20T16:57:31.989 INFO:teuthology.orchestra.run.smithi006.stdout:/usr/bin/ceph: stderr
2024-05-20T16:57:30.946+0000 7f0c31a0a700 1 -- --> [v2:172.21.15.6:3300/0,v1:172.21.15.6:6789/0] -- mon_getmap magic: 0 -- 0x7f0c2c1081b0 con 0x7f0c2c1077b0
2024-05-20T16:57:31.989 INFO:teuthology.orchestra.run.smithi006.stdout:/usr/bin/ceph: stderr
2024-05-20T16:57:30.946+0000 7f0c2affd700 1 --2- >> [v2:172.21.15.6:3300/0,v1:172.21.15.6:6789/0] conn(0x7f0c2c1077b0 0x7f0c2c107bc0 unknown :-1 s=BANNER_CONNECTING pgs=0 cs=0 l=0 rev1=0 crypto rx=0 tx=0 comp rx=0 tx=0)._handle_peer_banner_payload supported=3 required=0
2024-05-20T16:57:31.989 INFO:teuthology.orchestra.run.smithi006.stdout:/usr/bin/ceph: stderr
2024-05-20T16:57:30.946+0000 7f0c2affd700 1 --2- >> [v2:172.21.15.6:3300/0,v1:172.21.15.6:6789/0] conn(0x7f0c2c1077b0 0x7f0c2c107bc0 unknown :-1 s=HELLO_CONNECTING pgs=0 cs=0 l=0 rev1=1 crypto rx=0 tx=0 comp rx=0 tx=0).handle_hello peer v2:172.21.15.6:3300/0 says I am v2:172.21.15.6:54196/0 (socket says 172.21.15.6:54196)
2024-05-20T16:57:31.989 INFO:teuthology.orchestra.run.smithi006.stdout:/usr/bin/ceph: stderr
2024-05-20T16:57:30.946+0000 7f0c2affd700 1 -- 172.21.15.6:0/3759381921 learned_addr learned my addr 172.21.15.6:0/3759381921 (peer_addr_for_me v2:172.21.15.6:0/0)
2024-05-20T16:57:31.989 INFO:teuthology.orchestra.run.smithi006.stdout:/usr/bin/ceph: stderr
2024-05-20T16:57:30.946+0000 7f0c2affd700 1 -- 172.21.15.6:0/3759381921 --> [v2:172.21.15.6:3300/0,v1:172.21.15.6:6789/0] -- mon_subscribe({config=0+,monmap=0+}) -- 0x7f0c2c1088e0 con 0x7f0c2c1077b0
2024-05-20T16:57:31.989 INFO:teuthology.orchestra.run.smithi006.stdout:/usr/bin/ceph: stderr
2024-05-20T16:57:30.946+0000 7f0c2affd700 1 --2- 172.21.15.6:0/3759381921 >> [v2:172.21.15.6:3300/0,v1:172.21.15.6:6789/0] conn(0x7f0c2c1077b0 0x7f0c2c107bc0 secure :-1 s=READY pgs=51 cs=0 l=1 rev1=1 crypto rx=0x7f0c1c0098a0 tx=0x7f0c1c009bb0 comp rx=0 tx=0).ready entity=mon.0 client_cookie=6c613ed11742d2d4 server_cookie=0 in_seq=0 out_seq=0
2024-05-20T16:57:31.989 INFO:teuthology.orchestra.run.smithi006.stdout:/usr/bin/ceph: stderr
2024-05-20T16:57:30.946+0000 7f0c29ffb700 1 -- 172.21.15.6:0/3759381921 <== mon.0 v2:172.21.15.6:3300/0 1 ==== mon_map magic: 0 ==== 205+0+0 (secure 0 0 0) 0x7f0c1c004160 con 0x7f0c2c1077b0
2024-05-20T16:57:31.989 INFO:teuthology.orchestra.run.smithi006.stdout:/usr/bin/ceph: stderr
2024-05-20T16:57:30.947+0000 7f0c29ffb700 1 -- 172.21.15.6:0/3759381921 <== mon.0 v2:172.21.15.6:3300/0 2 ==== config(26 keys) ==== 1102+0+0 (secure 0 0 0) 0x7f0c1c004300 con 0x7f0c2c1077b0
2024-05-20T16:57:31.990 INFO:teuthology.orchestra.run.smithi006.stdout:/usr/bin/ceph: stderr
2024-05-20T16:57:30.947+0000 7f0c29ffb700 1 -- 172.21.15.6:0/3759381921 <== mon.0 v2:172.21.15.6:3300/0 3 ==== mon_map magic: 0 ==== 205+0+0 (secure 0 0 0) 0x7f0c1c011a50 con 0x7f0c2c1077b0
2024-05-20T16:57:31.990 INFO:teuthology.orchestra.run.smithi006.stdout:/usr/bin/ceph: stderr
2024-05-20T16:57:30.947+0000 7f0c31a0a700 1 -- 172.21.15.6:0/3759381921 >> [v2:172.21.15.6:3300/0,v1:172.21.15.6:6789/0] conn(0x7f0c2c1077b0 msgr2=0x7f0c2c107bc0 secure :-1 s=STATE_CONNECTION_ESTABLISHED l=1).mark_down
2024-05-20T16:57:31.990 INFO:teuthology.orchestra.run.smithi006.stdout:/usr/bin/ceph: stderr
2024-05-20T16:57:30.947+0000 7f0c31a0a700 1 --2- 172.21.15.6:0/3759381921 >> [v2:172.21.15.6:3300/0,v1:172.21.15.6:6789/0] conn(0x7f0c2c1077b0 0x7f0c2c107bc0 secure :-1 s=READY pgs=51 cs=0 l=1 rev1=1 crypto rx=0x7f0c1c0098a0 tx=0x7f0c1c009bb0 comp rx=0 tx=0).stop
2024-05-20T16:57:31.990 INFO:teuthology.orchestra.run.smithi006.stdout:/usr/bin/ceph: stderr
2024-05-20T16:57:30.947+0000 7f0c31a0a700 1 -- 172.21.15.6:0/3759381921 shutdown_connections
2024-05-20T16:57:31.990 INFO:teuthology.orchestra.run.smithi006.stdout:/usr/bin/ceph: stderr
2024-05-20T16:57:30.947+0000 7f0c31a0a700 1 --2- 172.21.15.6:0/3759381921 >> [v2:172.21.15.6:3300/0,v1:172.21.15.6:6789/0] conn(0x7f0c2c1077b0 0x7f0c2c107bc0 unknown :-1 s=CLOSED pgs=51 cs=0 l=1 rev1=1 crypto rx=0 tx=0 comp rx=0 tx=0).stop
2024-05-20T16:57:31.990 INFO:teuthology.orchestra.run.smithi006.stdout:/usr/bin/ceph: stderr
2024-05-20T16:57:30.947+0000 7f0c31a0a700 1 -- 172.21.15.6:0/3759381921 >> 172.21.15.6:0/3759381921 conn(0x7f0c2c102df0 msgr2=0x7f0c2c1052a0 unknown :-1 s=STATE_NONE l=0).mark_down
2024-05-20T16:57:31.990 INFO:teuthology.orchestra.run.smithi006.stdout:/usr/bin/ceph: stderr
2024-05-20T16:57:30.947+0000 7f0c31a0a700 1 -- 172.21.15.6:0/3759381921 shutdown_connections
2024-05-20T16:57:31.990 INFO:teuthology.orchestra.run.smithi006.stdout:/usr/bin/ceph: stderr
2024-05-20T16:57:30.947+0000 7f0c31a0a700 1 -- 172.21.15.6:0/3759381921 wait complete.
2024-05-20T16:57:31.990 INFO:teuthology.orchestra.run.smithi006.stdout:/usr/bin/ceph: stderr
2024-05-20T16:57:30.948+0000 7f0c31a0a700 1 Processor -- start
2024-05-20T16:57:31.990 INFO:teuthology.orchestra.run.smithi006.stdout:/usr/bin/ceph: stderr
2024-05-20T16:57:30.948+0000 7f0c31a0a700 1 -- start start
2024-05-20T16:57:31.990 INFO:teuthology.orchestra.run.smithi006.stdout:/usr/bin/ceph: stderr
2024-05-20T16:57:30.948+0000 7f0c31a0a700 1 --2- >> [v2:172.21.15.6:3300/0,v1:172.21.15.6:6789/0] conn(0x7f0c2c1077b0 0x7f0c2c104f40 unknown :-1 s=NONE pgs=0 cs=0 l=1 rev1=0 crypto rx=0 tx=0 comp rx=0 tx=0).connect
2024-05-20T16:57:31.990 INFO:teuthology.orchestra.run.smithi006.stdout:/usr/bin/ceph: stderr
2024-05-20T16:57:30.948+0000 7f0c31a0a700 1 -- --> [v2:172.21.15.6:3300/0,v1:172.21.15.6:6789/0] -- mon_getmap magic: 0 -- 0x7f0c2c10bc90 con 0x7f0c2c1077b0
2024-05-20T16:57:31.990 INFO:teuthology.orchestra.run.smithi006.stdout:/usr/bin/ceph: stderr
2024-05-20T16:57:30.948+0000 7f0c2affd700 1 --2- >> [v2:172.21.15.6:3300/0,v1:172.21.15.6:6789/0] conn(0x7f0c2c1077b0 0x7f0c2c104f40 unknown :-1 s=BANNER_CONNECTING pgs=0 cs=0 l=1 rev1=0 crypto rx=0 tx=0 comp rx=0 tx=0)._handle_peer_banner_payload supported=3 required=0
2024-05-20T16:57:31.991 INFO:teuthology.orchestra.run.smithi006.stdout:/usr/bin/ceph: stderr
2024-05-20T16:57:30.949+0000 7f0c2affd700 1 --2- >> [v2:172.21.15.6:3300/0,v1:172.21.15.6:6789/0] conn(0x7f0c2c1077b0 0x7f0c2c104f40 unknown :-1 s=HELLO_CONNECTING pgs=0 cs=0 l=1 rev1=1 crypto rx=0 tx=0 comp rx=0 tx=0).handle_hello peer v2:172.21.15.6:3300/0 says I am v2:172.21.15.6:54204/0 (socket says 172.21.15.6:54204)
2024-05-20T16:57:31.991 INFO:teuthology.orchestra.run.smithi006.stdout:/usr/bin/ceph: stderr
2024-05-20T16:57:30.949+0000 7f0c2affd700 1 -- 172.21.15.6:0/1219736756 learned_addr learned my addr 172.21.15.6:0/1219736756 (peer_addr_for_me v2:172.21.15.6:0/0)
2024-05-20T16:57:31.991 INFO:teuthology.orchestra.run.smithi006.stdout:/usr/bin/ceph: stderr
2024-05-20T16:57:30.949+0000 7f0c2affd700 1 -- 172.21.15.6:0/1219736756 --> [v2:172.21.15.6:3300/0,v1:172.21.15.6:6789/0] -- mon_subscribe({config=0+,monmap=0+}) -- 0x7f0c2c105480 con 0x7f0c2c1077b0
2024-05-20T16:57:31.991 INFO:teuthology.orchestra.run.smithi006.stdout:/usr/bin/ceph: stderr
2024-05-20T16:57:30.949+0000 7f0c2affd700 1 --2- 172.21.15.6:0/1219736756 >> [v2:172.21.15.6:3300/0,v1:172.21.15.6:6789/0] conn(0x7f0c2c1077b0 0x7f0c2c104f40 secure :-1 s=READY pgs=52 cs=0 l=1 rev1=1 crypto rx=0x7f0c1c011a20 tx=0x7f0c1c011b00 comp rx=0 tx=0).ready entity=mon.0 client_cookie=0 server_cookie=0 in_seq=0 out_seq=0
2024-05-20T16:57:31.991 INFO:teuthology.orchestra.run.smithi006.stdout:/usr/bin/ceph: stderr
2024-05-20T16:57:30.949+0000 7f0c30a08700 1 -- 172.21.15.6:0/1219736756 <== mon.0 v2:172.21.15.6:3300/0 1 ==== mon_map magic: 0 ==== 205+0+0 (secure 0 0 0) 0x7f0c1c0038b0 con 0x7f0c2c1077b0
2024-05-20T16:57:31.991 INFO:teuthology.orchestra.run.smithi006.stdout:/usr/bin/ceph: stderr
2024-05-20T16:57:30.949+0000 7f0c30a08700 1 -- 172.21.15.6:0/1219736756 <== mon.0 v2:172.21.15.6:3300/0 2 ==== config(26 keys) ==== 1102+0+0 (secure 0 0 0) 0x7f0c1c003a50 con 0x7f0c2c1077b0
2024-05-20T16:57:31.991 INFO:teuthology.orchestra.run.smithi006.stdout:/usr/bin/ceph: stderr
2024-05-20T16:57:30.949+0000 7f0c31a0a700 1 -- 172.21.15.6:0/1219736756 --> [v2:172.21.15.6:3300/0,v1:172.21.15.6:6789/0] -- mon_subscribe({mgrmap=0+}) -- 0x7f0c2c1036d0 con 0x7f0c2c1077b0
2024-05-20T16:57:31.991 INFO:teuthology.orchestra.run.smithi006.stdout:/usr/bin/ceph: stderr
2024-05-20T16:57:30.949+0000 7f0c30a08700 1 -- 172.21.15.6:0/1219736756 <== mon.0 v2:172.21.15.6:3300/0 3 ==== mon_map magic: 0 ==== 205+0+0 (secure 0 0 0) 0x7f0c1c024610 con 0x7f0c2c1077b0
2024-05-20T16:57:31.991 INFO:teuthology.orchestra.run.smithi006.stdout:/usr/bin/ceph: stderr
2024-05-20T16:57:30.949+0000 7f0c31a0a700 1 -- 172.21.15.6:0/1219736756 --> [v2:172.21.15.6:3300/0,v1:172.21.15.6:6789/0] -- mon_subscribe({osdmap=0}) -- 0x7f0c2c103bb0 con 0x7f0c2c1077b0
2024-05-20T16:57:31.991 INFO:teuthology.orchestra.run.smithi006.stdout:/usr/bin/ceph: stderr
2024-05-20T16:57:30.950+0000 7f0c31a0a700 1 -- 172.21.15.6:0/1219736756 --> [v2:172.21.15.6:3300/0,v1:172.21.15.6:6789/0] -- mon_command({"prefix": "get_command_descriptions"} v 0) -- 0x7f0c2c063ca0 con 0x7f0c2c1077b0
2024-05-20T16:57:31.991 INFO:teuthology.orchestra.run.smithi006.stdout:/usr/bin/ceph: stderr
2024-05-20T16:57:30.950+0000 7f0c30a08700 1 -- 172.21.15.6:0/1219736756 <== mon.0 v2:172.21.15.6:3300/0 4 ==== mgrmap(e 8) ==== 46287+0+0 (secure 0 0 0) 0x7f0c1c02d3f0 con 0x7f0c2c1077b0
2024-05-20T16:57:31.991 INFO:teuthology.orchestra.run.smithi006.stdout:/usr/bin/ceph: stderr
2024-05-20T16:57:30.951+0000 7f0c30a08700 1 --2- 172.21.15.6:0/1219736756 >> [v2:172.21.15.6:6800/3509827796,v1:172.21.15.6:6801/3509827796] conn(0x7f0c14039050 0x7f0c1403b560 unknown :-1 s=NONE pgs=0 cs=0 l=1 rev1=0 crypto rx=0 tx=0 comp rx=0 tx=0).connect
2024-05-20T16:57:31.991 INFO:teuthology.orchestra.run.smithi006.stdout:/usr/bin/ceph: stderr
2024-05-20T16:57:30.951+0000 7f0c30a08700 1 -- 172.21.15.6:0/1219736756 <== mon.0 v2:172.21.15.6:3300/0 5 ==== osd_map(2..2 src has 1..2) ==== 940+0+0 (secure 0 0 0) 0x7f0c1c04d3f0 con 0x7f0c2c1077b0
2024-05-20T16:57:31.992 INFO:teuthology.orchestra.run.smithi006.stdout:/usr/bin/ceph: stderr
2024-05-20T16:57:30.951+0000 7f0c2a7fc700 1 --2- 172.21.15.6:0/1219736756 >> [v2:172.21.15.6:6800/3509827796,v1:172.21.15.6:6801/3509827796] conn(0x7f0c14039050 0x7f0c1403b560 unknown :-1 s=BANNER_CONNECTING pgs=0 cs=0 l=1 rev1=0 crypto rx=0 tx=0 comp rx=0 tx=0)._handle_peer_banner_payload supported=3 required=0
2024-05-20T16:57:31.992 INFO:teuthology.orchestra.run.smithi006.stdout:/usr/bin/ceph: stderr
2024-05-20T16:57:30.951+0000 7f0c2a7fc700 1 --2- 172.21.15.6:0/1219736756 >> [v2:172.21.15.6:6800/3509827796,v1:172.21.15.6:6801/3509827796] conn(0x7f0c14039050 0x7f0c1403b560 secure :-1 s=READY pgs=14 cs=0 l=1 rev1=1 crypto rx=0x7f0c20006fd0 tx=0x7f0c20006e40 comp rx=0 tx=0).ready entity=mgr.14120 client_cookie=0 server_cookie=0 in_seq=0 out_seq=0
2024-05-20T16:57:31.992 INFO:teuthology.orchestra.run.smithi006.stdout:/usr/bin/ceph: stderr
2024-05-20T16:57:30.956+0000 7f0c30a08700 1 -- 172.21.15.6:0/1219736756 <== mon.0 v2:172.21.15.6:3300/0 6 ==== mon_command_ack([{"prefix": "get_command_descriptions"}]=0 v0) ==== 72+0+186418 (secure 0 0 0) 0x7f0c1c00e260 con 0x7f0c2c1077b0
2024-05-20T16:57:31.992 INFO:teuthology.orchestra.run.smithi006.stdout:/usr/bin/ceph: stderr
2024-05-20T16:57:31.173+0000 7f0c31a0a700 1 -- 172.21.15.6:0/1219736756 --> [v2:172.21.15.6:3300/0,v1:172.21.15.6:6789/0] -- mon_command([{prefix=config set, name=mgr/cephadm/container_init}] v 0) -- 0x7f0c2c195d20 con 0x7f0c2c1077b0
2024-05-20T16:57:31.992 INFO:teuthology.orchestra.run.smithi006.stdout:/usr/bin/ceph: stderr
2024-05-20T16:57:31.176+0000 7f0c30a08700 1 -- 172.21.15.6:0/1219736756 <== mon.0 v2:172.21.15.6:3300/0 7 ==== mon_command_ack([{prefix=config set, name=mgr/cephadm/container_init}]=0 v7)=0 v7) ==== 142+0+0 (secure 0 0 0) 0x7f0c1c00b5a0 con 0x7f0c2c1077b0
2024-05-20T16:57:31.992 INFO:teuthology.orchestra.run.smithi006.stdout:/usr/bin/ceph: stderr
2024-05-20T16:57:31.178+0000 7f0c31a0a700 1 -- 172.21.15.6:0/1219736756 >> [v2:172.21.15.6:6800/3509827796,v1:172.21.15.6:6801/3509827796] conn(0x7f0c14039050 msgr2=0x7f0c1403b560 secure :-1 s=STATE_CONNECTION_ESTABLISHED l=1).mark_down
2024-05-20T16:57:31.992 INFO:teuthology.orchestra.run.smithi006.stdout:/usr/bin/ceph: stderr
2024-05-20T16:57:31.178+0000 7f0c31a0a700 1 --2- 172.21.15.6:0/1219736756 >> [v2:172.21.15.6:6800/3509827796,v1:172.21.15.6:6801/3509827796] conn(0x7f0c14039050 0x7f0c1403b560 secure :-1 s=READY pgs=14 cs=0 l=1 rev1=1 crypto rx=0x7f0c20006fd0 tx=0x7f0c20006e40 comp rx=0 tx=0).stop
2024-05-20T16:57:31.992 INFO:teuthology.orchestra.run.smithi006.stdout:/usr/bin/ceph: stderr
2024-05-20T16:57:31.178+0000 7f0c31a0a700 1 -- 172.21.15.6:0/1219736756 >> [v2:172.21.15.6:3300/0,v1:172.21.15.6:6789/0] conn(0x7f0c2c1077b0 msgr2=0x7f0c2c104f40 secure :-1 s=STATE_CONNECTION_ESTABLISHED l=1).mark_down
2024-05-20T16:57:31.992 INFO:teuthology.orchestra.run.smithi006.stdout:/usr/bin/ceph: stderr
2024-05-20T16:57:31.178+0000 7f0c31a0a700 1 --2- 172.21.15.6:0/1219736756 >> [v2:172.21.15.6:3300/0,v1:172.21.15.6:6789/0] conn(0x7f0c2c1077b0 0x7f0c2c104f40 secure :-1 s=READY pgs=52 cs=0 l=1 rev1=1 crypto rx=0x7f0c1c011a20 tx=0x7f0c1c011b00 comp rx=0 tx=0).stop
2024-05-20T16:57:31.992 INFO:teuthology.orchestra.run.smithi006.stdout:/usr/bin/ceph: stderr
2024-05-20T16:57:31.178+0000 7f0c31a0a700 1 -- 172.21.15.6:0/1219736756 shutdown_connections
2024-05-20T16:57:31.992 INFO:teuthology.orchestra.run.smithi006.stdout:/usr/bin/ceph: stderr
2024-05-20T16:57:31.178+0000 7f0c31a0a700 1 --2- 172.21.15.6:0/1219736756 >> [v2:172.21.15.6:6800/3509827796,v1:172.21.15.6:6801/3509827796] conn(0x7f0c14039050 0x7f0c1403b560 unknown :-1 s=CLOSED pgs=14 cs=0 l=1 rev1=1 crypto rx=0 tx=0 comp rx=0 tx=0).stop
2024-05-20T16:57:31.992 INFO:teuthology.orchestra.run.smithi006.stdout:/usr/bin/ceph: stderr
2024-05-20T16:57:31.178+0000 7f0c31a0a700 1 --2- 172.21.15.6:0/1219736756 >> [v2:172.21.15.6:3300/0,v1:172.21.15.6:6789/0] conn(0x7f0c2c1077b0 0x7f0c2c104f40 unknown :-1 s=CLOSED pgs=52 cs=0 l=1 rev1=1 crypto rx=0 tx=0 comp rx=0 tx=0).stop
2024-05-20T16:57:31.992 INFO:teuthology.orchestra.run.smithi006.stdout:/usr/bin/ceph: stderr
2024-05-20T16:57:31.178+0000 7f0c31a0a700 1 -- 172.21.15.6:0/1219736756 >> 172.21.15.6:0/1219736756 conn(0x7f0c2c102df0 msgr2=0x7f0c2c193190 unknown :-1 s=STATE_NONE l=0).mark_down
2024-05-20T16:57:31.993 INFO:teuthology.orchestra.run.smithi006.stdout:/usr/bin/ceph: stderr
2024-05-20T16:57:31.178+0000 7f0c31a0a700 1 -- 172.21.15.6:0/1219736756 shutdown_connections
2024-05-20T16:57:31.993 INFO:teuthology.orchestra.run.smithi006.stdout:/usr/bin/ceph: stderr
2024-05-20T16:57:31.178+0000 7f0c31a0a700 1 -- 172.21.15.6:0/1219736756 wait complete.
2024-05-20T16:57:32.300 INFO:journalctl@ceph.mon.a.smithi006.stdout:May 20 16:57:32 smithi006 ceph-mon[32486]: from='client.? 172.21.15.6:0/1219736756' entity='client.admin'
2024-05-20T16:57:33.373 INFO:teuthology.orchestra.run.smithi006.stdout:/usr/bin/ceph: stderr
2024-05-20T16:57:32.422+0000 7fcdfff80700 1 Processor -- start
2024-05-20T16:57:33.373 INFO:teuthology.orchestra.run.smithi006.stdout:/usr/bin/ceph: stderr
2024-05-20T16:57:32.422+0000 7fcdfff80700 1 -- start start
2024-05-20T16:57:33.373 INFO:teuthology.orchestra.run.smithi006.stdout:/usr/bin/ceph: stderr
2024-05-20T16:57:32.422+0000 7fcdfff80700 1 --2- >> [v2:172.21.15.6:3300/0,v1:172.21.15.6:6789/0] conn(0x7fcdf8107800 0x7fcdf8107c10 unknown :-1 s=NONE pgs=0 cs=0 l=0 rev1=0 crypto rx=0 tx=0 comp rx=0 tx=0).connect
2024-05-20T16:57:33.373 INFO:teuthology.orchestra.run.smithi006.stdout:/usr/bin/ceph: stderr
2024-05-20T16:57:32.422+0000 7fcdfff80700 1 -- --> [v2:172.21.15.6:3300/0,v1:172.21.15.6:6789/0] -- mon_getmap magic: 0 -- 0x7fcdf8108200 con 0x7fcdf8107800
2024-05-20T16:57:33.373 INFO:teuthology.orchestra.run.smithi006.stdout:/usr/bin/ceph: stderr
2024-05-20T16:57:32.422+0000 7fcdfdd1c700 1 --2- >> [v2:172.21.15.6:3300/0,v1:172.21.15.6:6789/0] conn(0x7fcdf8107800 0x7fcdf8107c10 unknown :-1 s=BANNER_CONNECTING pgs=0 cs=0 l=0 rev1=0 crypto rx=0 tx=0 comp rx=0 tx=0)._handle_peer_banner_payload supported=3 required=0
2024-05-20T16:57:33.374 INFO:teuthology.orchestra.run.smithi006.stdout:/usr/bin/ceph: stderr
2024-05-20T16:57:32.422+0000 7fcdfdd1c700 1 --2- >> [v2:172.21.15.6:3300/0,v1:172.21.15.6:6789/0] conn(0x7fcdf8107800 0x7fcdf8107c10 unknown :-1 s=HELLO_CONNECTING pgs=0 cs=0 l=0 rev1=1 crypto rx=0 tx=0 comp rx=0 tx=0).handle_hello peer v2:172.21.15.6:3300/0 says I am v2:172.21.15.6:54206/0 (socket says 172.21.15.6:54206)
2024-05-20T16:57:33.374 INFO:teuthology.orchestra.run.smithi006.stdout:/usr/bin/ceph: stderr
2024-05-20T16:57:32.422+0000 7fcdfdd1c700 1 -- 172.21.15.6:0/3072951995 learned_addr learned my addr 172.21.15.6:0/3072951995 (peer_addr_for_me v2:172.21.15.6:0/0)
2024-05-20T16:57:33.374 INFO:teuthology.orchestra.run.smithi006.stdout:/usr/bin/ceph: stderr
2024-05-20T16:57:32.423+0000 7fcdfdd1c700 1 -- 172.21.15.6:0/3072951995 --> [v2:172.21.15.6:3300/0,v1:172.21.15.6:6789/0] -- mon_subscribe({config=0+,monmap=0+}) -- 0x7fcdf8108930 con 0x7fcdf8107800
2024-05-20T16:57:33.374 INFO:teuthology.orchestra.run.smithi006.stdout:/usr/bin/ceph: stderr
2024-05-20T16:57:32.423+0000 7fcdfdd1c700 1 --2- 172.21.15.6:0/3072951995 >> [v2:172.21.15.6:3300/0,v1:172.21.15.6:6789/0] conn(0x7fcdf8107800 0x7fcdf8107c10 secure :-1 s=READY pgs=53 cs=0 l=1 rev1=1 crypto rx=0x7fcdec0098a0 tx=0x7fcdec009bb0 comp rx=0 tx=0).ready entity=mon.0 client_cookie=468b43fa280be339 server_cookie=0 in_seq=0 out_seq=0
2024-05-20T16:57:33.374 INFO:teuthology.orchestra.run.smithi006.stdout:/usr/bin/ceph: stderr
2024-05-20T16:57:32.423+0000 7fcdfcd1a700 1 -- 172.21.15.6:0/3072951995 <== mon.0 v2:172.21.15.6:3300/0 1 ==== mon_map magic: 0 ==== 205+0+0 (secure 0 0 0) 0x7fcdec004160 con 0x7fcdf8107800
2024-05-20T16:57:33.374 INFO:teuthology.orchestra.run.smithi006.stdout:/usr/bin/ceph: stderr
2024-05-20T16:57:32.423+0000 7fcdfcd1a700 1 -- 172.21.15.6:0/3072951995 <== mon.0 v2:172.21.15.6:3300/0 2 ==== config(26 keys) ==== 1102+0+0 (secure 0 0 0) 0x7fcdec004300 con 0x7fcdf8107800
2024-05-20T16:57:33.374 INFO:teuthology.orchestra.run.smithi006.stdout:/usr/bin/ceph: stderr
2024-05-20T16:57:32.423+0000 7fcdfcd1a700 1 -- 172.21.15.6:0/3072951995 <== mon.0 v2:172.21.15.6:3300/0 3 ==== mon_map magic: 0 ==== 205+0+0 (secure 0 0 0) 0x7fcdec011a50 con 0x7fcdf8107800
2024-05-20T16:57:33.374 INFO:teuthology.orchestra.run.smithi006.stdout:/usr/bin/ceph: stderr
2024-05-20T16:57:32.424+0000 7fcdfff80700 1 -- 172.21.15.6:0/3072951995 >> [v2:172.21.15.6:3300/0,v1:172.21.15.6:6789/0] conn(0x7fcdf8107800 msgr2=0x7fcdf8107c10 secure :-1 s=STATE_CONNECTION_ESTABLISHED l=1).mark_down
2024-05-20T16:57:33.374 INFO:teuthology.orchestra.run.smithi006.stdout:/usr/bin/ceph: stderr
2024-05-20T16:57:32.424+0000 7fcdfff80700 1 --2- 172.21.15.6:0/3072951995 >> [v2:172.21.15.6:3300/0,v1:172.21.15.6:6789/0] conn(0x7fcdf8107800 0x7fcdf8107c10 secure :-1 s=READY pgs=53 cs=0 l=1 rev1=1 crypto rx=0x7fcdec0098a0 tx=0x7fcdec009bb0 comp rx=0 tx=0).stop
2024-05-20T16:57:33.374 INFO:teuthology.orchestra.run.smithi006.stdout:/usr/bin/ceph: stderr
2024-05-20T16:57:32.424+0000 7fcdfff80700 1 -- 172.21.15.6:0/3072951995 shutdown_connections
2024-05-20T16:57:33.374 INFO:teuthology.orchestra.run.smithi006.stdout:/usr/bin/ceph: stderr
2024-05-20T16:57:32.424+0000 7fcdfff80700 1 --2- 172.21.15.6:0/3072951995 >> [v2:172.21.15.6:3300/0,v1:172.21.15.6:6789/0] conn(0x7fcdf8107800 0x7fcdf8107c10 unknown :-1 s=CLOSED pgs=53 cs=0 l=1 rev1=1 crypto rx=0 tx=0 comp rx=0 tx=0).stop
2024-05-20T16:57:33.375 INFO:teuthology.orchestra.run.smithi006.stdout:/usr/bin/ceph: stderr
2024-05-20T16:57:32.424+0000 7fcdfff80700 1 -- 172.21.15.6:0/3072951995 >> 172.21.15.6:0/3072951995 conn(0x7fcdf8102e40 msgr2=0x7fcdf81052f0 unknown :-1 s=STATE_NONE l=0).mark_down
2024-05-20T16:57:33.375 INFO:teuthology.orchestra.run.smithi006.stdout:/usr/bin/ceph: stderr
2024-05-20T16:57:32.424+0000 7fcdfff80700 1 -- 172.21.15.6:0/3072951995 shutdown_connections
2024-05-20T16:57:33.375 INFO:teuthology.orchestra.run.smithi006.stdout:/usr/bin/ceph: stderr
2024-05-20T16:57:32.424+0000 7fcdfff80700 1 -- 172.21.15.6:0/3072951995 wait complete.
2024-05-20T16:57:33.375 INFO:teuthology.orchestra.run.smithi006.stdout:/usr/bin/ceph: stderr
2024-05-20T16:57:32.425+0000 7fcdfff80700 1 Processor -- start
2024-05-20T16:57:33.375 INFO:teuthology.orchestra.run.smithi006.stdout:/usr/bin/ceph: stderr
2024-05-20T16:57:32.425+0000 7fcdfff80700 1 -- start start
2024-05-20T16:57:33.376 INFO:teuthology.orchestra.run.smithi006.stdout:/usr/bin/ceph: stderr
2024-05-20T16:57:32.425+0000 7fcdfff80700 1 --2- >> [v2:172.21.15.6:3300/0,v1:172.21.15.6:6789/0] conn(0x7fcdf8107800 0x7fcdf819cc60 unknown :-1 s=NONE pgs=0 cs=0 l=1 rev1=0 crypto rx=0 tx=0 comp rx=0 tx=0).connect
2024-05-20T16:57:33.376 INFO:teuthology.orchestra.run.smithi006.stdout:/usr/bin/ceph: stderr
2024-05-20T16:57:32.425+0000 7fcdfff80700 1 -- --> [v2:172.21.15.6:3300/0,v1:172.21.15.6:6789/0] -- mon_getmap magic: 0 -- 0x7fcdf810bce0 con 0x7fcdf8107800
2024-05-20T16:57:33.376 INFO:teuthology.orchestra.run.smithi006.stdout:/usr/bin/ceph: stderr
2024-05-20T16:57:32.425+0000 7fcdfdd1c700 1 --2- >> [v2:172.21.15.6:3300/0,v1:172.21.15.6:6789/0] conn(0x7fcdf8107800 0x7fcdf819cc60 unknown :-1 s=BANNER_CONNECTING pgs=0 cs=0 l=1 rev1=0 crypto rx=0 tx=0 comp rx=0 tx=0)._handle_peer_banner_payload supported=3 required=0
