2024-05-20T16:57:15.919 INFO:teuthology.orchestra.run.smithi006.stdout:/usr/bin/ceph: stderr
2024-05-20T16:57:10.251+0000 7f139a59c700 1 -- 172.21.15.6:0/2248501491 >> [v2:172.21.15.6:6800/741681069,v1:172.21.15.6:6801/741681069] conn(0x7f1384039000 msgr2=0x7f138403b510 unknown :-1 s=STATE_CONNECTING_RE l=1).process reconnect failed to v2:172.21.15.6:6800/741681069
2024-05-20T16:57:15.919 INFO:teuthology.orchestra.run.smithi006.stdout:/usr/bin/ceph: stderr
2024-05-20T16:57:10.251+0000 7f139a59c700 1 --2- 172.21.15.6:0/2248501491 >> [v2:172.21.15.6:6800/741681069,v1:172.21.15.6:6801/741681069] conn(0x7f1384039000 0x7f138403b510 unknown :-1 s=START_CONNECT pgs=0 cs=0 l=1 rev1=0 crypto rx=0 tx=0 comp rx=0 tx=0)._fault waiting 0.800000
2024-05-20T16:57:15.919 INFO:teuthology.orchestra.run.smithi006.stdout:/usr/bin/ceph: stderr
2024-05-20T16:57:11.052+0000 7f139a59c700 1 -- 172.21.15.6:0/2248501491 >> [v2:172.21.15.6:6800/741681069,v1:172.21.15.6:6801/741681069] conn(0x7f1384039000 msgr2=0x7f138403b510 unknown :-1 s=STATE_CONNECTING_RE l=1).process reconnect failed to v2:172.21.15.6:6800/741681069
2024-05-20T16:57:15.919 INFO:teuthology.orchestra.run.smithi006.stdout:/usr/bin/ceph: stderr
2024-05-20T16:57:11.052+0000 7f139a59c700 1 --2- 172.21.15.6:0/2248501491 >> [v2:172.21.15.6:6800/741681069,v1:172.21.15.6:6801/741681069] conn(0x7f1384039000 0x7f138403b510 unknown :-1 s=START_CONNECT pgs=0 cs=0 l=1 rev1=0 crypto rx=0 tx=0 comp rx=0 tx=0)._fault waiting 1.600000
2024-05-20T16:57:15.919 INFO:teuthology.orchestra.run.smithi006.stdout:/usr/bin/ceph: stderr
2024-05-20T16:57:12.653+0000 7f139a59c700 1 -- 172.21.15.6:0/2248501491 >> [v2:172.21.15.6:6800/741681069,v1:172.21.15.6:6801/741681069] conn(0x7f1384039000 msgr2=0x7f138403b510 unknown :-1 s=STATE_CONNECTING_RE l=1).process reconnect failed to v2:172.21.15.6:6800/741681069
2024-05-20T16:57:15.919 INFO:teuthology.orchestra.run.smithi006.stdout:/usr/bin/ceph: stderr
2024-05-20T16:57:12.653+0000 7f139a59c700 1 --2- 172.21.15.6:0/2248501491 >> [v2:172.21.15.6:6800/741681069,v1:172.21.15.6:6801/741681069] conn(0x7f1384039000 0x7f138403b510 unknown :-1 s=START_CONNECT pgs=0 cs=0 l=1 rev1=0 crypto rx=0 tx=0 comp rx=0 tx=0)._fault waiting 3.200000
2024-05-20T16:57:15.920 INFO:teuthology.orchestra.run.smithi006.stdout:/usr/bin/ceph: stderr
2024-05-20T16:57:14.357+0000 7f1383fff700 1 -- 172.21.15.6:0/2248501491 <== mon.0 v2:172.21.15.6:3300/0 6 ==== mgrmap(e 6) ==== 46054+0+0 (secure 0 0 0) 0x7f138c01abe0 con 0x7f139c07bc80
2024-05-20T16:57:15.920 INFO:teuthology.orchestra.run.smithi006.stdout:/usr/bin/ceph: stderr
2024-05-20T16:57:14.357+0000 7f1383fff700 1 -- 172.21.15.6:0/2248501491 >> [v2:172.21.15.6:6800/741681069,v1:172.21.15.6:6801/741681069] conn(0x7f1384039000 msgr2=0x7f138403b510 unknown :-1 s=STATE_CONNECTING l=1).mark_down
2024-05-20T16:57:15.920 INFO:teuthology.orchestra.run.smithi006.stdout:/usr/bin/ceph: stderr
2024-05-20T16:57:14.357+0000 7f1383fff700 1 --2- 172.21.15.6:0/2248501491 >> [v2:172.21.15.6:6800/741681069,v1:172.21.15.6:6801/741681069] conn(0x7f1384039000 0x7f138403b510 unknown :-1 s=START_CONNECT pgs=0 cs=0 l=1 rev1=0 crypto rx=0 tx=0 comp rx=0 tx=0).stop
2024-05-20T16:57:15.920 INFO:teuthology.orchestra.run.smithi006.stdout:/usr/bin/ceph: stderr
2024-05-20T16:57:15.358+0000 7f1383fff700 1 -- 172.21.15.6:0/2248501491 <== mon.0 v2:172.21.15.6:3300/0 7 ==== mgrmap(e 7) ==== 46181+0+0 (secure 0 0 0) 0x7f138c023390 con 0x7f139c07bc80
2024-05-20T16:57:15.920 INFO:teuthology.orchestra.run.smithi006.stdout:/usr/bin/ceph: stderr
2024-05-20T16:57:15.358+0000 7f1383fff700 1 --2- 172.21.15.6:0/2248501491 >> [v2:172.21.15.6:6800/3509827796,v1:172.21.15.6:6801/3509827796] conn(0x7f138403c980 0x7f138403eda0 unknown :-1 s=NONE pgs=0 cs=0 l=1 rev1=0 crypto rx=0 tx=0 comp rx=0 tx=0).connect
2024-05-20T16:57:15.920 INFO:teuthology.orchestra.run.smithi006.stdout:/usr/bin/ceph: stderr
2024-05-20T16:57:15.358+0000 7f1383fff700 1 -- 172.21.15.6:0/2248501491 --> [v2:172.21.15.6:6800/3509827796,v1:172.21.15.6:6801/3509827796] -- command(tid 0: {"prefix": "get_command_descriptions"}) -- 0x7f138403bc20 con 0x7f138403c980
2024-05-20T16:57:15.920 INFO:teuthology.orchestra.run.smithi006.stdout:/usr/bin/ceph: stderr
2024-05-20T16:57:15.359+0000 7f139a59c700 1 --2- 172.21.15.6:0/2248501491 >> [v2:172.21.15.6:6800/3509827796,v1:172.21.15.6:6801/3509827796] conn(0x7f138403c980 0x7f138403eda0 unknown :-1 s=BANNER_CONNECTING pgs=0 cs=0 l=1 rev1=0 crypto rx=0 tx=0 comp rx=0 tx=0)._handle_peer_banner_payload supported=3 required=0
2024-05-20T16:57:15.920 INFO:teuthology.orchestra.run.smithi006.stdout:/usr/bin/ceph: stderr
2024-05-20T16:57:15.359+0000 7f139a59c700 1 --2- 172.21.15.6:0/2248501491 >> [v2:172.21.15.6:6800/3509827796,v1:172.21.15.6:6801/3509827796] conn(0x7f138403c980 0x7f138403eda0 secure :-1 s=READY pgs=1 cs=0 l=1 rev1=1 crypto rx=0x7f1390003a10 tx=0x7f1390009290 comp rx=0 tx=0).ready entity=mgr.14120 client_cookie=0 server_cookie=0 in_seq=0 out_seq=0
2024-05-20T16:57:15.920 INFO:teuthology.orchestra.run.smithi006.stdout:/usr/bin/ceph: stderr
2024-05-20T16:57:15.360+0000 7f1383fff700 1 -- 172.21.15.6:0/2248501491 <== mgr.14120 v2:172.21.15.6:6800/3509827796 1 ==== command_reply(tid 0: 0 ) ==== 8+0+7774 (secure 0 0 0) 0x7f138403bc20 con 0x7f138403c980
2024-05-20T16:57:15.920 INFO:teuthology.orchestra.run.smithi006.stdout:/usr/bin/ceph: stderr
2024-05-20T16:57:15.367+0000 7f13a1215700 1 -- 172.21.15.6:0/2248501491 --> [v2:172.21.15.6:6800/3509827796,v1:172.21.15.6:6801/3509827796] -- command(tid 1: {"prefix": "mgr_status"}) -- 0x7f139c063ca0 con 0x7f138403c980
2024-05-20T16:57:15.920 INFO:teuthology.orchestra.run.smithi006.stdout:/usr/bin/ceph: stderr
2024-05-20T16:57:15.368+0000 7f1383fff700 1 -- 172.21.15.6:0/2248501491 <== mgr.14120 v2:172.21.15.6:6800/3509827796 2 ==== command_reply(tid 1: 0 ) ==== 8+0+51 (secure 0 0 0) 0x7f139c063ca0 con 0x7f138403c980
2024-05-20T16:57:15.920 INFO:teuthology.orchestra.run.smithi006.stdout:/usr/bin/ceph: stderr
2024-05-20T16:57:15.368+0000 7f13a1215700 1 -- 172.21.15.6:0/2248501491 >> [v2:172.21.15.6:6800/3509827796,v1:172.21.15.6:6801/3509827796] conn(0x7f138403c980 msgr2=0x7f138403eda0 secure :-1 s=STATE_CONNECTION_ESTABLISHED l=1).mark_down
2024-05-20T16:57:15.921 INFO:teuthology.orchestra.run.smithi006.stdout:/usr/bin/ceph: stderr
2024-05-20T16:57:15.368+0000 7f13a1215700 1 --2- 172.21.15.6:0/2248501491 >> [v2:172.21.15.6:6800/3509827796,v1:172.21.15.6:6801/3509827796] conn(0x7f138403c980 0x7f138403eda0 secure :-1 s=READY pgs=1 cs=0 l=1 rev1=1 crypto rx=0x7f1390003a10 tx=0x7f1390009290 comp rx=0 tx=0).stop
2024-05-20T16:57:15.921 INFO:teuthology.orchestra.run.smithi006.stdout:/usr/bin/ceph: stderr
2024-05-20T16:57:15.368+0000 7f13a1215700 1 -- 172.21.15.6:0/2248501491 >> [v2:172.21.15.6:3300/0,v1:172.21.15.6:6789/0] conn(0x7f139c07bc80 msgr2=0x7f139c19cc50 secure :-1 s=STATE_CONNECTION_ESTABLISHED l=1).mark_down
2024-05-20T16:57:15.921 INFO:teuthology.orchestra.run.smithi006.stdout:/usr/bin/ceph: stderr
2024-05-20T16:57:15.368+0000 7f13a1215700 1 --2- 172.21.15.6:0/2248501491 >> [v2:172.21.15.6:3300/0,v1:172.21.15.6:6789/0] conn(0x7f139c07bc80 0x7f139c19cc50 secure :-1 s=READY pgs=29 cs=0 l=1 rev1=1 crypto rx=0x7f138c0116a0 tx=0x7f138c011b70 comp rx=0 tx=0).stop
2024-05-20T16:57:15.921 INFO:teuthology.orchestra.run.smithi006.stdout:/usr/bin/ceph: stderr
2024-05-20T16:57:15.368+0000 7f13a1215700 1 -- 172.21.15.6:0/2248501491 shutdown_connections
2024-05-20T16:57:15.921 INFO:teuthology.orchestra.run.smithi006.stdout:/usr/bin/ceph: stderr
2024-05-20T16:57:15.368+0000 7f13a1215700 1 --2- 172.21.15.6:0/2248501491 >> [v2:172.21.15.6:6800/3509827796,v1:172.21.15.6:6801/3509827796] conn(0x7f138403c980 0x7f138403eda0 unknown :-1 s=CLOSED pgs=1 cs=0 l=1 rev1=1 crypto rx=0 tx=0 comp rx=0 tx=0).stop
2024-05-20T16:57:15.921 INFO:teuthology.orchestra.run.smithi006.stdout:/usr/bin/ceph: stderr
2024-05-20T16:57:15.368+0000 7f13a1215700 1 --2- 172.21.15.6:0/2248501491 >> [v2:172.21.15.6:3300/0,v1:172.21.15.6:6789/0] conn(0x7f139c07bc80 0x7f139c19cc50 unknown :-1 s=CLOSED pgs=29 cs=0 l=1 rev1=1 crypto rx=0 tx=0 comp rx=0 tx=0).stop
2024-05-20T16:57:15.921 INFO:teuthology.orchestra.run.smithi006.stdout:/usr/bin/ceph: stderr
2024-05-20T16:57:15.368+0000 7f13a1215700 1 --2- 172.21.15.6:0/2248501491 >> [v2:172.21.15.6:6800/741681069,v1:172.21.15.6:6801/741681069] conn(0x7f1384039000 0x7f138403b510 unknown :-1 s=CLOSED pgs=0 cs=0 l=1 rev1=0 crypto rx=0 tx=0 comp rx=0 tx=0).stop
2024-05-20T16:57:15.921 INFO:teuthology.orchestra.run.smithi006.stdout:/usr/bin/ceph: stderr
2024-05-20T16:57:15.368+0000 7f13a1215700 1 -- 172.21.15.6:0/2248501491 >> 172.21.15.6:0/2248501491 conn(0x7f139c102e00 msgr2=0x7f139c103770 unknown :-1 s=STATE_NONE l=0).mark_down
2024-05-20T16:57:15.921 INFO:teuthology.orchestra.run.smithi006.stdout:/usr/bin/ceph: stderr
2024-05-20T16:57:15.368+0000 7f13a1215700 1 -- 172.21.15.6:0/2248501491 shutdown_connections
2024-05-20T16:57:15.921 INFO:teuthology.orchestra.run.smithi006.stdout:/usr/bin/ceph: stderr
2024-05-20T16:57:15.368+0000 7f13a1215700 1 -- 172.21.15.6:0/2248501491 wait complete.
2024-05-20T16:57:15.921 INFO:teuthology.orchestra.run.smithi006.stdout:mgr epoch 5 is available
2024-05-20T16:57:15.921 INFO:teuthology.orchestra.run.smithi006.stdout:Setting orchestrator backend to cephadm...
2024-05-20T16:57:16.576 INFO:journalctl@ceph.mon.a.smithi006.stdout:May 20 16:57:16 smithi006 ceph-mon[32486]: from='client.14124 -' entity='client.admin' cmd=[{"prefix": "get_command_descriptions"}]: dispatch
2024-05-20T16:57:16.576 INFO:journalctl@ceph.mon.a.smithi006.stdout:May 20 16:57:16 smithi006 ceph-mon[32486]: from='client.14124 -' entity='client.admin' cmd=[{"prefix": "mgr_status"}]: dispatch
2024-05-20T16:57:16.576 INFO:journalctl@ceph.mon.a.smithi006.stdout:May 20 16:57:16 smithi006 ceph-mon[32486]: from='mgr.14120 172.21.15.6:0/1941757882' entity='mgr.x'
2024-05-20T16:57:16.576 INFO:journalctl@ceph.mon.a.smithi006.stdout:May 20 16:57:16 smithi006 ceph-mon[32486]: from='mgr.14120 172.21.15.6:0/1941757882' entity='mgr.x'
2024-05-20T16:57:16.576 INFO:journalctl@ceph.mon.a.smithi006.stdout:May 20 16:57:16 smithi006 ceph-mon[32486]: [20/May/2024:16:57:16] ENGINE Bus STARTING
2024-05-20T16:57:17.153 INFO:teuthology.orchestra.run.smithi006.stdout:/usr/bin/ceph: stderr
2024-05-20T16:57:16.339+0000 7f4571830700 1 Processor -- start
2024-05-20T16:57:17.154 INFO:teuthology.orchestra.run.smithi006.stdout:/usr/bin/ceph: stderr
2024-05-20T16:57:16.339+0000 7f4571830700 1 -- start start
2024-05-20T16:57:17.154 INFO:teuthology.orchestra.run.smithi006.stdout:/usr/bin/ceph: stderr
2024-05-20T16:57:16.339+0000 7f4571830700 1 --2- >> [v2:172.21.15.6:3300/0,v1:172.21.15.6:6789/0] conn(0x7f456c1077b0 0x7f456c107bc0 unknown :-1 s=NONE pgs=0 cs=0 l=0 rev1=0 crypto rx=0 tx=0 comp rx=0 tx=0).connect
2024-05-20T16:57:17.154 INFO:teuthology.orchestra.run.smithi006.stdout:/usr/bin/ceph: stderr
2024-05-20T16:57:16.339+0000 7f4571830700 1 -- --> [v2:172.21.15.6:3300/0,v1:172.21.15.6:6789/0] -- mon_getmap magic: 0 -- 0x7f456c1081b0 con 0x7f456c1077b0
2024-05-20T16:57:17.154 INFO:teuthology.orchestra.run.smithi006.stdout:/usr/bin/ceph: stderr
2024-05-20T16:57:16.340+0000 7f456affd700 1 --2- >> [v2:172.21.15.6:3300/0,v1:172.21.15.6:6789/0] conn(0x7f456c1077b0 0x7f456c107bc0 unknown :-1 s=BANNER_CONNECTING pgs=0 cs=0 l=0 rev1=0 crypto rx=0 tx=0 comp rx=0 tx=0)._handle_peer_banner_payload supported=3 required=0
2024-05-20T16:57:17.154 INFO:teuthology.orchestra.run.smithi006.stdout:/usr/bin/ceph: stderr
2024-05-20T16:57:16.340+0000 7f456affd700 1 --2- >> [v2:172.21.15.6:3300/0,v1:172.21.15.6:6789/0] conn(0x7f456c1077b0 0x7f456c107bc0 unknown :-1 s=HELLO_CONNECTING pgs=0 cs=0 l=0 rev1=1 crypto rx=0 tx=0 comp rx=0 tx=0).handle_hello peer v2:172.21.15.6:3300/0 says I am v2:172.21.15.6:56244/0 (socket says 172.21.15.6:56244)
2024-05-20T16:57:17.154 INFO:teuthology.orchestra.run.smithi006.stdout:/usr/bin/ceph: stderr
2024-05-20T16:57:16.340+0000 7f456affd700 1 -- 172.21.15.6:0/3025998836 learned_addr learned my addr 172.21.15.6:0/3025998836 (peer_addr_for_me v2:172.21.15.6:0/0)
2024-05-20T16:57:17.154 INFO:teuthology.orchestra.run.smithi006.stdout:/usr/bin/ceph: stderr
2024-05-20T16:57:16.340+0000 7f456affd700 1 -- 172.21.15.6:0/3025998836 --> [v2:172.21.15.6:3300/0,v1:172.21.15.6:6789/0] -- mon_subscribe({config=0+,monmap=0+}) -- 0x7f456c1088e0 con 0x7f456c1077b0
2024-05-20T16:57:17.154 INFO:teuthology.orchestra.run.smithi006.stdout:/usr/bin/ceph: stderr
2024-05-20T16:57:16.340+0000 7f456affd700 1 --2- 172.21.15.6:0/3025998836 >> [v2:172.21.15.6:3300/0,v1:172.21.15.6:6789/0] conn(0x7f456c1077b0 0x7f456c107bc0 secure :-1 s=READY pgs=37 cs=0 l=1 rev1=1 crypto rx=0x7f455c0098a0 tx=0x7f455c009bb0 comp rx=0 tx=0).ready entity=mon.0 client_cookie=ff3fbe1666b64df6 server_cookie=0 in_seq=0 out_seq=0
2024-05-20T16:57:17.154 INFO:teuthology.orchestra.run.smithi006.stdout:/usr/bin/ceph: stderr
2024-05-20T16:57:16.340+0000 7f4569ffb700 1 -- 172.21.15.6:0/3025998836 <== mon.0 v2:172.21.15.6:3300/0 1 ==== mon_map magic: 0 ==== 205+0+0 (secure 0 0 0) 0x7f455c004160 con 0x7f456c1077b0
2024-05-20T16:57:17.154 INFO:teuthology.orchestra.run.smithi006.stdout:/usr/bin/ceph: stderr
2024-05-20T16:57:16.340+0000 7f4569ffb700 1 -- 172.21.15.6:0/3025998836 <== mon.0 v2:172.21.15.6:3300/0 2 ==== config(26 keys) ==== 1071+0+0 (secure 0 0 0) 0x7f455c004300 con 0x7f456c1077b0
2024-05-20T16:57:17.154 INFO:teuthology.orchestra.run.smithi006.stdout:/usr/bin/ceph: stderr
2024-05-20T16:57:16.340+0000 7f4569ffb700 1 -- 172.21.15.6:0/3025998836 <== mon.0 v2:172.21.15.6:3300/0 3 ==== mon_map magic: 0 ==== 205+0+0 (secure 0 0 0) 0x7f455c011a80 con 0x7f456c1077b0
2024-05-20T16:57:17.154 INFO:teuthology.orchestra.run.smithi006.stdout:/usr/bin/ceph: stderr
2024-05-20T16:57:16.341+0000 7f4571830700 1 -- 172.21.15.6:0/3025998836 >> [v2:172.21.15.6:3300/0,v1:172.21.15.6:6789/0] conn(0x7f456c1077b0 msgr2=0x7f456c107bc0 secure :-1 s=STATE_CONNECTION_ESTABLISHED l=1).mark_down
2024-05-20T16:57:17.155 INFO:teuthology.orchestra.run.smithi006.stdout:/usr/bin/ceph: stderr
2024-05-20T16:57:16.341+0000 7f4571830700 1 --2- 172.21.15.6:0/3025998836 >> [v2:172.21.15.6:3300/0,v1:172.21.15.6:6789/0] conn(0x7f456c1077b0 0x7f456c107bc0 secure :-1 s=READY pgs=37 cs=0 l=1 rev1=1 crypto rx=0x7f455c0098a0 tx=0x7f455c009bb0 comp rx=0 tx=0).stop
2024-05-20T16:57:17.155 INFO:teuthology.orchestra.run.smithi006.stdout:/usr/bin/ceph: stderr
2024-05-20T16:57:16.341+0000 7f4571830700 1 -- 172.21.15.6:0/3025998836 shutdown_connections
2024-05-20T16:57:17.155 INFO:teuthology.orchestra.run.smithi006.stdout:/usr/bin/ceph: stderr
2024-05-20T16:57:16.341+0000 7f4571830700 1 --2- 172.21.15.6:0/3025998836 >> [v2:172.21.15.6:3300/0,v1:172.21.15.6:6789/0] conn(0x7f456c1077b0 0x7f456c107bc0 unknown :-1 s=CLOSED pgs=37 cs=0 l=1 rev1=1 crypto rx=0 tx=0 comp rx=0 tx=0).stop
2024-05-20T16:57:17.155 INFO:teuthology.orchestra.run.smithi006.stdout:/usr/bin/ceph: stderr
2024-05-20T16:57:16.341+0000 7f4571830700 1 -- 172.21.15.6:0/3025998836 >> 172.21.15.6:0/3025998836 conn(0x7f456c102df0 msgr2=0x7f456c1052a0 unknown :-1 s=STATE_NONE l=0).mark_down
2024-05-20T16:57:17.155 INFO:teuthology.orchestra.run.smithi006.stdout:/usr/bin/ceph: stderr
2024-05-20T16:57:16.341+0000 7f4571830700 1 -- 172.21.15.6:0/3025998836 shutdown_connections
2024-05-20T16:57:17.155 INFO:teuthology.orchestra.run.smithi006.stdout:/usr/bin/ceph: stderr
2024-05-20T16:57:16.341+0000 7f4571830700 1 -- 172.21.15.6:0/3025998836 wait complete.
2024-05-20T16:57:17.155 INFO:teuthology.orchestra.run.smithi006.stdout:/usr/bin/ceph: stderr
2024-05-20T16:57:16.342+0000 7f4571830700 1 Processor -- start
2024-05-20T16:57:17.155 INFO:teuthology.orchestra.run.smithi006.stdout:/usr/bin/ceph: stderr
2024-05-20T16:57:16.342+0000 7f4571830700 1 -- start start
2024-05-20T16:57:17.155 INFO:teuthology.orchestra.run.smithi006.stdout:/usr/bin/ceph: stderr
2024-05-20T16:57:16.342+0000 7f4571830700 1 --2- >> [v2:172.21.15.6:3300/0,v1:172.21.15.6:6789/0] conn(0x7f456c1077b0 0x7f456c104f70 unknown :-1 s=NONE pgs=0 cs=0 l=1 rev1=0 crypto rx=0 tx=0 comp rx=0 tx=0).connect
2024-05-20T16:57:17.155 INFO:teuthology.orchestra.run.smithi006.stdout:/usr/bin/ceph: stderr
2024-05-20T16:57:16.342+0000 7f4571830700 1 -- --> [v2:172.21.15.6:3300/0,v1:172.21.15.6:6789/0] -- mon_getmap magic: 0 -- 0x7f456c10bc90 con 0x7f456c1077b0
2024-05-20T16:57:17.155 INFO:teuthology.orchestra.run.smithi006.stdout:/usr/bin/ceph: stderr
2024-05-20T16:57:16.342+0000 7f456affd700 1 --2- >> [v2:172.21.15.6:3300/0,v1:172.21.15.6:6789/0] conn(0x7f456c1077b0 0x7f456c104f70 unknown :-1 s=BANNER_CONNECTING pgs=0 cs=0 l=1 rev1=0 crypto rx=0 tx=0 comp rx=0 tx=0)._handle_peer_banner_payload supported=3 required=0
2024-05-20T16:57:17.155 INFO:teuthology.orchestra.run.smithi006.stdout:/usr/bin/ceph: stderr
2024-05-20T16:57:16.342+0000 7f456affd700 1 --2- >> [v2:172.21.15.6:3300/0,v1:172.21.15.6:6789/0] conn(0x7f456c1077b0 0x7f456c104f70 unknown :-1 s=HELLO_CONNECTING pgs=0 cs=0 l=1 rev1=1 crypto rx=0 tx=0 comp rx=0 tx=0).handle_hello peer v2:172.21.15.6:3300/0 says I am v2:172.21.15.6:56250/0 (socket says 172.21.15.6:56250)
2024-05-20T16:57:17.155 INFO:teuthology.orchestra.run.smithi006.stdout:/usr/bin/ceph: stderr
2024-05-20T16:57:16.342+0000 7f456affd700 1 -- 172.21.15.6:0/1941204064 learned_addr learned my addr 172.21.15.6:0/1941204064 (peer_addr_for_me v2:172.21.15.6:0/0)
2024-05-20T16:57:17.155 INFO:teuthology.orchestra.run.smithi006.stdout:/usr/bin/ceph: stderr
2024-05-20T16:57:16.343+0000 7f456affd700 1 -- 172.21.15.6:0/1941204064 --> [v2:172.21.15.6:3300/0,v1:172.21.15.6:6789/0] -- mon_subscribe({config=0+,monmap=0+}) -- 0x7f456c1054b0 con 0x7f456c1077b0
2024-05-20T16:57:17.156 INFO:teuthology.orchestra.run.smithi006.stdout:/usr/bin/ceph: stderr
2024-05-20T16:57:16.343+0000 7f456affd700 1 --2- 172.21.15.6:0/1941204064 >> [v2:172.21.15.6:3300/0,v1:172.21.15.6:6789/0] conn(0x7f456c1077b0 0x7f456c104f70 secure :-1 s=READY pgs=38 cs=0 l=1 rev1=1 crypto rx=0x7f455c011a50 tx=0x7f455c011b30 comp rx=0 tx=0).ready entity=mon.0 client_cookie=0 server_cookie=0 in_seq=0 out_seq=0
2024-05-20T16:57:17.156 INFO:teuthology.orchestra.run.smithi006.stdout:/usr/bin/ceph: stderr
2024-05-20T16:57:16.343+0000 7f457082e700 1 -- 172.21.15.6:0/1941204064 <== mon.0 v2:172.21.15.6:3300/0 1 ==== mon_map magic: 0 ==== 205+0+0 (secure 0 0 0) 0x7f455c003970 con 0x7f456c1077b0
2024-05-20T16:57:17.156 INFO:teuthology.orchestra.run.smithi006.stdout:/usr/bin/ceph: stderr
2024-05-20T16:57:16.343+0000 7f457082e700 1 -- 172.21.15.6:0/1941204064 <== mon.0 v2:172.21.15.6:3300/0 2 ==== config(26 keys) ==== 1071+0+0 (secure 0 0 0) 0x7f455c003b10 con 0x7f456c1077b0
2024-05-20T16:57:17.156 INFO:teuthology.orchestra.run.smithi006.stdout:/usr/bin/ceph: stderr
2024-05-20T16:57:16.343+0000 7f4571830700 1 -- 172.21.15.6:0/1941204064 --> [v2:172.21.15.6:3300/0,v1:172.21.15.6:6789/0] -- mon_subscribe({mgrmap=0+}) -- 0x7f456c103700 con 0x7f456c1077b0
2024-05-20T16:57:17.156 INFO:teuthology.orchestra.run.smithi006.stdout:/usr/bin/ceph: stderr
2024-05-20T16:57:16.343+0000 7f457082e700 1 -- 172.21.15.6:0/1941204064 <== mon.0 v2:172.21.15.6:3300/0 3 ==== mon_map magic: 0 ==== 205+0+0 (secure 0 0 0) 0x7f455c024580 con 0x7f456c1077b0
2024-05-20T16:57:17.156 INFO:teuthology.orchestra.run.smithi006.stdout:/usr/bin/ceph: stderr
2024-05-20T16:57:16.343+0000 7f4571830700 1 -- 172.21.15.6:0/1941204064 --> [v2:172.21.15.6:3300/0,v1:172.21.15.6:6789/0] -- mon_subscribe({osdmap=0}) -- 0x7f456c103be0 con 0x7f456c1077b0
2024-05-20T16:57:17.156 INFO:teuthology.orchestra.run.smithi006.stdout:/usr/bin/ceph: stderr
2024-05-20T16:57:16.344+0000 7f4571830700 1 -- 172.21.15.6:0/1941204064 --> [v2:172.21.15.6:3300/0,v1:172.21.15.6:6789/0] -- mon_command({"prefix": "get_command_descriptions"} v 0) -- 0x7f456c063ca0 con 0x7f456c1077b0
2024-05-20T16:57:17.156 INFO:teuthology.orchestra.run.smithi006.stdout:/usr/bin/ceph: stderr
2024-05-20T16:57:16.344+0000 7f457082e700 1 -- 172.21.15.6:0/1941204064 <== mon.0 v2:172.21.15.6:3300/0 4 ==== mgrmap(e 7) ==== 46181+0+0 (secure 0 0 0) 0x7f455c02d3f0 con 0x7f456c1077b0
2024-05-20T16:57:17.156 INFO:teuthology.orchestra.run.smithi006.stdout:/usr/bin/ceph: stderr
2024-05-20T16:57:16.344+0000 7f457082e700 1 --2- 172.21.15.6:0/1941204064 >> [v2:172.21.15.6:6800/3509827796,v1:172.21.15.6:6801/3509827796] conn(0x7f4558038f30 0x7f455803b440 unknown :-1 s=NONE pgs=0 cs=0 l=1 rev1=0 crypto rx=0 tx=0 comp rx=0 tx=0).connect
2024-05-20T16:57:17.156 INFO:teuthology.orchestra.run.smithi006.stdout:/usr/bin/ceph: stderr
2024-05-20T16:57:16.344+0000 7f457082e700 1 -- 172.21.15.6:0/1941204064 <== mon.0 v2:172.21.15.6:3300/0 5 ==== osd_map(2..2 src has 1..2) ==== 940+0+0 (secure 0 0 0) 0x7f455c04d180 con 0x7f456c1077b0
2024-05-20T16:57:17.156 INFO:teuthology.orchestra.run.smithi006.stdout:/usr/bin/ceph: stderr
2024-05-20T16:57:16.345+0000 7f456a7fc700 1 --2- 172.21.15.6:0/1941204064 >> [v2:172.21.15.6:6800/3509827796,v1:172.21.15.6:6801/3509827796] conn(0x7f4558038f30 0x7f455803b440 unknown :-1 s=BANNER_CONNECTING pgs=0 cs=0 l=1 rev1=0 crypto rx=0 tx=0 comp rx=0 tx=0)._handle_peer_banner_payload supported=3 required=0
2024-05-20T16:57:17.157 INFO:teuthology.orchestra.run.smithi006.stdout:/usr/bin/ceph: stderr
2024-05-20T16:57:16.345+0000 7f456a7fc700 1 --2- 172.21.15.6:0/1941204064 >> [v2:172.21.15.6:6800/3509827796,v1:172.21.15.6:6801/3509827796] conn(0x7f4558038f30 0x7f455803b440 secure :-1 s=READY pgs=7 cs=0 l=1 rev1=1 crypto rx=0x7f4554006fd0 tx=0x7f4554006e40 comp rx=0 tx=0).ready entity=mgr.14120 client_cookie=0 server_cookie=0 in_seq=0 out_seq=0
2024-05-20T16:57:17.157 INFO:teuthology.orchestra.run.smithi006.stdout:/usr/bin/ceph: stderr
2024-05-20T16:57:16.350+0000 7f457082e700 1 -- 172.21.15.6:0/1941204064 <== mon.0 v2:172.21.15.6:3300/0 6 ==== mon_command_ack([{"prefix": "get_command_descriptions"}]=0 v0) ==== 72+0+186418 (secure 0 0 0) 0x7f455c00e260 con 0x7f456c1077b0
2024-05-20T16:57:17.157 INFO:teuthology.orchestra.run.smithi006.stdout:/usr/bin/ceph: stderr
2024-05-20T16:57:16.421+0000 7f457082e700 1 -- 172.21.15.6:0/1941204064 <== mon.0 v2:172.21.15.6:3300/0 7 ==== mgrmap(e 8) ==== 46287+0+0 (secure 0 0 0) 0x7f455c0193c0 con 0x7f456c1077b0
2024-05-20T16:57:17.157 INFO:teuthology.orchestra.run.smithi006.stdout:/usr/bin/ceph: stderr
2024-05-20T16:57:16.575+0000 7f4571830700 1 -- 172.21.15.6:0/1941204064 --> [v2:172.21.15.6:6800/3509827796,v1:172.21.15.6:6801/3509827796] -- mgr_command(tid 0: {"prefix": "orch set backend", "module_name": "cephadm", "target": ["mon-mgr", ""]}) -- 0x7f456c195de0 con 0x7f4558038f30
2024-05-20T16:57:17.157 INFO:teuthology.orchestra.run.smithi006.stdout:/usr/bin/ceph: stderr
2024-05-20T16:57:16.583+0000 7f457082e700 1 -- 172.21.15.6:0/1941204064 <== mgr.14120 v2:172.21.15.6:6800/3509827796 1 ==== mgr_command_reply(tid 0: 0 ) ==== 8+0+0 (secure 0 0 0) 0x7f456c195de0 con 0x7f4558038f30
2024-05-20T16:57:17.157 INFO:teuthology.orchestra.run.smithi006.stdout:/usr/bin/ceph: stderr
2024-05-20T16:57:16.585+0000 7f4571830700 1 -- 172.21.15.6:0/1941204064 >> [v2:172.21.15.6:6800/3509827796,v1:172.21.15.6:6801/3509827796] conn(0x7f4558038f30 msgr2=0x7f455803b440 secure :-1 s=STATE_CONNECTION_ESTABLISHED l=1).mark_down
2024-05-20T16:57:17.157 INFO:teuthology.orchestra.run.smithi006.stdout:/usr/bin/ceph: stderr
2024-05-20T16:57:16.585+0000 7f4571830700 1 --2- 172.21.15.6:0/1941204064 >> [v2:172.21.15.6:6800/3509827796,v1:172.21.15.6:6801/3509827796] conn(0x7f4558038f30 0x7f455803b440 secure :-1 s=READY pgs=7 cs=0 l=1 rev1=1 crypto rx=0x7f4554006fd0 tx=0x7f4554006e40 comp rx=0 tx=0).stop
2024-05-20T16:57:17.157 INFO:teuthology.orchestra.run.smithi006.stdout:/usr/bin/ceph: stderr
2024-05-20T16:57:16.585+0000 7f4571830700 1 -- 172.21.15.6:0/1941204064 >> [v2:172.21.15.6:3300/0,v1:172.21.15.6:6789/0] conn(0x7f456c1077b0 msgr2=0x7f456c104f70 secure :-1 s=STATE_CONNECTION_ESTABLISHED l=1).mark_down
2024-05-20T16:57:17.157 INFO:teuthology.orchestra.run.smithi006.stdout:/usr/bin/ceph: stderr
2024-05-20T16:57:16.585+0000 7f4571830700 1 --2- 172.21.15.6:0/1941204064 >> [v2:172.21.15.6:3300/0,v1:172.21.15.6:6789/0] conn(0x7f456c1077b0 0x7f456c104f70 secure :-1 s=READY pgs=38 cs=0 l=1 rev1=1 crypto rx=0x7f455c011a50 tx=0x7f455c011b30 comp rx=0 tx=0).stop
2024-05-20T16:57:17.157 INFO:teuthology.orchestra.run.smithi006.stdout:/usr/bin/ceph: stderr
2024-05-20T16:57:16.586+0000 7f4571830700 1 -- 172.21.15.6:0/1941204064 shutdown_connections
2024-05-20T16:57:17.157 INFO:teuthology.orchestra.run.smithi006.stdout:/usr/bin/ceph: stderr
2024-05-20T16:57:16.586+0000 7f4571830700 1 --2- 172.21.15.6:0/1941204064 >> [v2:172.21.15.6:6800/3509827796,v1:172.21.15.6:6801/3509827796] conn(0x7f4558038f30 0x7f455803b440 unknown :-1 s=CLOSED pgs=7 cs=0 l=1 rev1=1 crypto rx=0 tx=0 comp rx=0 tx=0).stop
2024-05-20T16:57:17.157 INFO:teuthology.orchestra.run.smithi006.stdout:/usr/bin/ceph: stderr
2024-05-20T16:57:16.586+0000 7f4571830700 1 --2- 172.21.15.6:0/1941204064 >> [v2:172.21.15.6:3300/0,v1:172.21.15.6:6789/0] conn(0x7f456c1077b0 0x7f456c104f70 unknown :-1 s=CLOSED pgs=38 cs=0 l=1 rev1=1 crypto rx=0 tx=0 comp rx=0 tx=0).stop
2024-05-20T16:57:17.158 INFO:teuthology.orchestra.run.smithi006.stdout:/usr/bin/ceph: stderr
2024-05-20T16:57:16.586+0000 7f4571830700 1 -- 172.21.15.6:0/1941204064 >> 172.21.15.6:0/1941204064 conn(0x7f456c102df0 msgr2=0x7f456c1931e0 unknown :-1 s=STATE_NONE l=0).mark_down
2024-05-20T16:57:17.158 INFO:teuthology.orchestra.run.smithi006.stdout:/usr/bin/ceph: stderr
2024-05-20T16:57:16.586+0000 7f4571830700 1 -- 172.21.15.6:0/1941204064 shutdown_connections
2024-05-20T16:57:17.158 INFO:teuthology.orchestra.run.smithi006.stdout:/usr/bin/ceph: stderr
2024-05-20T16:57:16.586+0000 7f4571830700 1 -- 172.21.15.6:0/1941204064 wait complete.
2024-05-20T16:57:17.574 INFO:journalctl@ceph.mon.a.smithi006.stdout:May 20 16:57:17 smithi006 ceph-mon[32486]: [20/May/2024:16:57:16] ENGINE Serving on https://172.21.15.6:7150
2024-05-20T16:57:17.574 INFO:journalctl@ceph.mon.a.smithi006.stdout:May 20 16:57:17 smithi006 ceph-mon[32486]: [20/May/2024:16:57:16] ENGINE Serving on http://172.21.15.6:8765
2024-05-20T16:57:17.574 INFO:journalctl@ceph.mon.a.smithi006.stdout:May 20 16:57:17 smithi006 ceph-mon[32486]: [20/May/2024:16:57:16] ENGINE Bus STARTED
2024-05-20T16:57:17.574 INFO:journalctl@ceph.mon.a.smithi006.stdout:May 20 16:57:17 smithi006 ceph-mon[32486]: from='mgr.14120 172.21.15.6:0/1941757882' entity='mgr.x' cmd=[{"prefix": "config dump", "format": "json"}]: dispatch
2024-05-20T16:57:17.575 INFO:journalctl@ceph.mon.a.smithi006.stdout:May 20 16:57:17 smithi006 ceph-mon[32486]: mgrmap e8: x(active, since 2s)
2024-05-20T16:57:17.575 INFO:journalctl@ceph.mon.a.smithi006.stdout:May 20 16:57:17 smithi006 ceph-mon[32486]: from='client.14132 -' entity='client.admin' cmd=[{"prefix": "orch set backend", "module_name": "cephadm", "target": ["mon-mgr", ""]}]: dispatch
2024-05-20T16:57:17.575 INFO:journalctl@ceph.mon.a.smithi006.stdout:May 20 16:57:17 smithi006 ceph-mon[32486]: from='mgr.14120 172.21.15.6:0/1941757882' entity='mgr.x'
2024-05-20T16:57:17.575 INFO:journalctl@ceph.mon.a.smithi006.stdout:May 20 16:57:17 smithi006 ceph-mon[32486]: from='mgr.14120 172.21.15.6:0/1941757882' entity='mgr.x' cmd=[{"prefix": "config dump", "format": "json"}]: dispatch
2024-05-20T16:57:18.505 INFO:journalctl@ceph.mon.a.smithi006.stdout:May 20 16:57:18 smithi006 ceph-mon[32486]: from='client.14134 -' entity='client.admin' cmd=[{"prefix": "cephadm set-user", "user": "root", "target": ["mon-mgr", ""]}]: dispatch
2024-05-20T16:57:18.514 INFO:teuthology.orchestra.run.smithi006.stdout:/usr/bin/ceph: stdout value unchanged
2024-05-20T16:57:18.514 INFO:teuthology.orchestra.run.smithi006.stdout:/usr/bin/ceph: stderr
2024-05-20T16:57:17.617+0000 7f5e8193d700 1 Processor -- start
2024-05-20T16:57:18.514 INFO:teuthology.orchestra.run.smithi006.stdout:/usr/bin/ceph: stderr
2024-05-20T16:57:17.617+0000 7f5e8193d700 1 -- start start
2024-05-20T16:57:18.514 INFO:teuthology.orchestra.run.smithi006.stdout:/usr/bin/ceph: stderr
2024-05-20T16:57:17.617+0000 7f5e8193d700 1 --2- >> [v2:172.21.15.6:3300/0,v1:172.21.15.6:6789/0] conn(0x7f5e7c1088d0 0x7f5e7c108ce0 unknown :-1 s=NONE pgs=0 cs=0 l=0 rev1=0 crypto rx=0 tx=0 comp rx=0 tx=0).connect
2024-05-20T16:57:18.514 INFO:teuthology.orchestra.run.smithi006.stdout:/usr/bin/ceph: stderr
2024-05-20T16:57:17.617+0000 7f5e8193d700 1 -- --> [v2:172.21.15.6:3300/0,v1:172.21.15.6:6789/0] -- mon_getmap magic: 0 -- 0x7f5e7c1092d0 con 0x7f5e7c1088d0
2024-05-20T16:57:18.514 INFO:teuthology.orchestra.run.smithi006.stdout:/usr/bin/ceph: stderr
2024-05-20T16:57:17.617+0000 7f5e7affd700 1 --2- >> [v2:172.21.15.6:3300/0,v1:172.21.15.6:6789/0] conn(0x7f5e7c1088d0 0x7f5e7c108ce0 unknown :-1 s=BANNER_CONNECTING pgs=0 cs=0 l=0 rev1=0 crypto rx=0 tx=0 comp rx=0 tx=0)._handle_peer_banner_payload supported=3 required=0
2024-05-20T16:57:18.514 INFO:teuthology.orchestra.run.smithi006.stdout:/usr/bin/ceph: stderr
2024-05-20T16:57:17.618+0000 7f5e7affd700 1 --2- >> [v2:172.21.15.6:3300/0,v1:172.21.15.6:6789/0] conn(0x7f5e7c1088d0 0x7f5e7c108ce0 unknown :-1 s=HELLO_CONNECTING pgs=0 cs=0 l=0 rev1=1 crypto rx=0 tx=0 comp rx=0 tx=0).handle_hello peer v2:172.21.15.6:3300/0 says I am v2:172.21.15.6:56258/0 (socket says 172.21.15.6:56258)
2024-05-20T16:57:18.514 INFO:teuthology.orchestra.run.smithi006.stdout:/usr/bin/ceph: stderr
2024-05-20T16:57:17.618+0000 7f5e7affd700 1 -- 172.21.15.6:0/2977060226 learned_addr learned my addr 172.21.15.6:0/2977060226 (peer_addr_for_me v2:172.21.15.6:0/0)
2024-05-20T16:57:18.514 INFO:teuthology.orchestra.run.smithi006.stdout:/usr/bin/ceph: stderr
2024-05-20T16:57:17.618+0000 7f5e7affd700 1 -- 172.21.15.6:0/2977060226 --> [v2:172.21.15.6:3300/0,v1:172.21.15.6:6789/0] -- mon_subscribe({config=0+,monmap=0+}) -- 0x7f5e7c109a00 con 0x7f5e7c1088d0
2024-05-20T16:57:18.514 INFO:teuthology.orchestra.run.smithi006.stdout:/usr/bin/ceph: stderr
2024-05-20T16:57:17.618+0000 7f5e7affd700 1 --2- 172.21.15.6:0/2977060226 >> [v2:172.21.15.6:3300/0,v1:172.21.15.6:6789/0] conn(0x7f5e7c1088d0 0x7f5e7c108ce0 secure :-1 s=READY pgs=39 cs=0 l=1 rev1=1 crypto rx=0x7f5e6c009e80 tx=0x7f5e6c00b330 comp rx=0 tx=0).ready entity=mon.0 client_cookie=86c25931e7d4b43a server_cookie=0 in_seq=0 out_seq=0
2024-05-20T16:57:18.515 INFO:teuthology.orchestra.run.smithi006.stdout:/usr/bin/ceph: stderr
2024-05-20T16:57:17.618+0000 7f5e79ffb700 1 -- 172.21.15.6:0/2977060226 <== mon.0 v2:172.21.15.6:3300/0 1 ==== mon_map magic: 0 ==== 205+0+0 (secure 0 0 0) 0x7f5e6c017070 con 0x7f5e7c1088d0
2024-05-20T16:57:18.515 INFO:teuthology.orchestra.run.smithi006.stdout:/usr/bin/ceph: stderr
2024-05-20T16:57:17.618+0000 7f5e79ffb700 1 -- 172.21.15.6:0/2977060226 <== mon.0 v2:172.21.15.6:3300/0 2 ==== config(26 keys) ==== 1071+0+0 (secure 0 0 0) 0x7f5e6c00b8c0 con 0x7f5e7c1088d0
2024-05-20T16:57:18.515 INFO:teuthology.orchestra.run.smithi006.stdout:/usr/bin/ceph: stderr
2024-05-20T16:57:17.618+0000 7f5e79ffb700 1 -- 172.21.15.6:0/2977060226 <== mon.0 v2:172.21.15.6:3300/0 3 ==== mon_map magic: 0 ==== 205+0+0 (secure 0 0 0) 0x7f5e6c004520 con 0x7f5e7c1088d0
2024-05-20T16:57:18.515 INFO:teuthology.orchestra.run.smithi006.stdout:/usr/bin/ceph: stderr
2024-05-20T16:57:17.619+0000 7f5e8193d700 1 -- 172.21.15.6:0/2977060226 >> [v2:172.21.15.6:3300/0,v1:172.21.15.6:6789/0] conn(0x7f5e7c1088d0 msgr2=0x7f5e7c108ce0 secure :-1 s=STATE_CONNECTION_ESTABLISHED l=1).mark_down
2024-05-20T16:57:18.515 INFO:teuthology.orchestra.run.smithi006.stdout:/usr/bin/ceph: stderr
2024-05-20T16:57:17.619+0000 7f5e8193d700 1 --2- 172.21.15.6:0/2977060226 >> [v2:172.21.15.6:3300/0,v1:172.21.15.6:6789/0] conn(0x7f5e7c1088d0 0x7f5e7c108ce0 secure :-1 s=READY pgs=39 cs=0 l=1 rev1=1 crypto rx=0x7f5e6c009e80 tx=0x7f5e6c00b330 comp rx=0 tx=0).stop
2024-05-20T16:57:18.515 INFO:teuthology.orchestra.run.smithi006.stdout:/usr/bin/ceph: stderr
2024-05-20T16:57:17.619+0000 7f5e8193d700 1 -- 172.21.15.6:0/2977060226 shutdown_connections
2024-05-20T16:57:18.515 INFO:teuthology.orchestra.run.smithi006.stdout:/usr/bin/ceph: stderr
2024-05-20T16:57:17.619+0000 7f5e8193d700 1 --2- 172.21.15.6:0/2977060226 >> [v2:172.21.15.6:3300/0,v1:172.21.15.6:6789/0] conn(0x7f5e7c1088d0 0x7f5e7c108ce0 unknown :-1 s=CLOSED pgs=39 cs=0 l=1 rev1=1 crypto rx=0 tx=0 comp rx=0 tx=0).stop
2024-05-20T16:57:18.515 INFO:teuthology.orchestra.run.smithi006.stdout:/usr/bin/ceph: stderr
2024-05-20T16:57:17.619+0000 7f5e8193d700 1 -- 172.21.15.6:0/2977060226 >> 172.21.15.6:0/2977060226 conn(0x7f5e7c103ff0 msgr2=0x7f5e7c106440 unknown :-1 s=STATE_NONE l=0).mark_down
2024-05-20T16:57:18.515 INFO:teuthology.orchestra.run.smithi006.stdout:/usr/bin/ceph: stderr
2024-05-20T16:57:17.619+0000 7f5e8193d700 1 -- 172.21.15.6:0/2977060226 shutdown_connections
2024-05-20T16:57:18.515 INFO:teuthology.orchestra.run.smithi006.stdout:/usr/bin/ceph: stderr
2024-05-20T16:57:17.619+0000 7f5e8193d700 1 -- 172.21.15.6:0/2977060226 wait complete.
2024-05-20T16:57:18.515 INFO:teuthology.orchestra.run.smithi006.stdout:/usr/bin/ceph: stderr
2024-05-20T16:57:17.620+0000 7f5e8193d700 1 Processor -- start
2024-05-20T16:57:18.515 INFO:teuthology.orchestra.run.smithi006.stdout:/usr/bin/ceph: stderr
2024-05-20T16:57:17.620+0000 7f5e8193d700 1 -- start start
2024-05-20T16:57:18.515 INFO:teuthology.orchestra.run.smithi006.stdout:/usr/bin/ceph: stderr
2024-05-20T16:57:17.620+0000 7f5e8193d700 1 --2- >> [v2:172.21.15.6:3300/0,v1:172.21.15.6:6789/0] conn(0x7f5e7c1088d0 0x7f5e7c19cc40 unknown :-1 s=NONE pgs=0 cs=0 l=1 rev1=0 crypto rx=0 tx=0 comp rx=0 tx=0).connect
2024-05-20T16:57:18.515 INFO:teuthology.orchestra.run.smithi006.stdout:/usr/bin/ceph: stderr
2024-05-20T16:57:17.620+0000 7f5e8193d700 1 -- --> [v2:172.21.15.6:3300/0,v1:172.21.15.6:6789/0] -- mon_getmap magic: 0 -- 0x7f5e7c10cdb0 con 0x7f5e7c1088d0
2024-05-20T16:57:18.516 INFO:teuthology.orchestra.run.smithi006.stdout:/usr/bin/ceph: stderr
2024-05-20T16:57:17.620+0000 7f5e7affd700 1 --2- >> [v2:172.21.15.6:3300/0,v1:172.21.15.6:6789/0] conn(0x7f5e7c1088d0 0x7f5e7c19cc40 unknown :-1 s=BANNER_CONNECTING pgs=0 cs=0 l=1 rev1=0 crypto rx=0 tx=0 comp rx=0 tx=0)._handle_peer_banner_payload supported=3 required=0
2024-05-20T16:57:18.516 INFO:teuthology.orchestra.run.smithi006.stdout:/usr/bin/ceph: stderr
2024-05-20T16:57:17.620+0000 7f5e7affd700 1 --2- >> [v2:172.21.15.6:3300/0,v1:172.21.15.6:6789/0] conn(0x7f5e7c1088d0 0x7f5e7c19cc40 unknown :-1 s=HELLO_CONNECTING pgs=0 cs=0 l=1 rev1=1 crypto rx=0 tx=0 comp rx=0 tx=0).handle_hello peer v2:172.21.15.6:3300/0 says I am v2:172.21.15.6:56260/0 (socket says 172.21.15.6:56260)
2024-05-20T16:57:18.516 INFO:teuthology.orchestra.run.smithi006.stdout:/usr/bin/ceph: stderr
2024-05-20T16:57:17.620+0000 7f5e7affd700 1 -- 172.21.15.6:0/3473267999 learned_addr learned my addr 172.21.15.6:0/3473267999 (peer_addr_for_me v2:172.21.15.6:0/0)
2024-05-20T16:57:18.516 INFO:teuthology.orchestra.run.smithi006.stdout:/usr/bin/ceph: stderr
2024-05-20T16:57:17.621+0000 7f5e7affd700 1 -- 172.21.15.6:0/3473267999 --> [v2:172.21.15.6:3300/0,v1:172.21.15.6:6789/0] -- mon_subscribe({config=0+,monmap=0+}) -- 0x7f5e7c19d180 con 0x7f5e7c1088d0
2024-05-20T16:57:18.516 INFO:teuthology.orchestra.run.smithi006.stdout:/usr/bin/ceph: stderr
2024-05-20T16:57:17.621+0000 7f5e7affd700 1 --2- 172.21.15.6:0/3473267999 >> [v2:172.21.15.6:3300/0,v1:172.21.15.6:6789/0] conn(0x7f5e7c1088d0 0x7f5e7c19cc40 secure :-1 s=READY pgs=40 cs=0 l=1 rev1=1 crypto rx=0x7f5e6c009fd0 tx=0x7f5e6c004670 comp rx=0 tx=0).ready entity=mon.0 client_cookie=0 server_cookie=0 in_seq=0 out_seq=0
2024-05-20T16:57:18.516 INFO:teuthology.orchestra.run.smithi006.stdout:/usr/bin/ceph: stderr
2024-05-20T16:57:17.621+0000 7f5e8093b700 1 -- 172.21.15.6:0/3473267999 <== mon.0 v2:172.21.15.6:3300/0 1 ==== mon_map magic: 0 ==== 205+0+0 (secure 0 0 0) 0x7f5e6c020020 con 0x7f5e7c1088d0
2024-05-20T16:57:18.516 INFO:teuthology.orchestra.run.smithi006.stdout:/usr/bin/ceph: stderr
2024-05-20T16:57:17.621+0000 7f5e8093b700 1 -- 172.21.15.6:0/3473267999 <== mon.0 v2:172.21.15.6:3300/0 2 ==== config(26 keys) ==== 1071+0+0 (secure 0 0 0) 0x7f5e6c012430 con 0x7f5e7c1088d0
2024-05-20T16:57:18.516 INFO:teuthology.orchestra.run.smithi006.stdout:/usr/bin/ceph: stderr
2024-05-20T16:57:17.621+0000 7f5e8193d700 1 -- 172.21.15.6:0/3473267999 --> [v2:172.21.15.6:3300/0,v1:172.21.15.6:6789/0] -- mon_subscribe({mgrmap=0+}) -- 0x7f5e7c19d410 con 0x7f5e7c1088d0
2024-05-20T16:57:18.516 INFO:teuthology.orchestra.run.smithi006.stdout:/usr/bin/ceph: stderr
2024-05-20T16:57:17.621+0000 7f5e8093b700 1 -- 172.21.15.6:0/3473267999 <== mon.0 v2:172.21.15.6:3300/0 3 ==== mon_map magic: 0 ==== 205+0+0 (secure 0 0 0) 0x7f5e6c017040 con 0x7f5e7c1088d0
2024-05-20T16:57:18.516 INFO:teuthology.orchestra.run.smithi006.stdout:/usr/bin/ceph: stderr
2024-05-20T16:57:17.621+0000 7f5e8193d700 1 -- 172.21.15.6:0/3473267999 --> [v2:172.21.15.6:3300/0,v1:172.21.15.6:6789/0] -- mon_subscribe({osdmap=0}) -- 0x7f5e7c1a0020 con 0x7f5e7c1088d0
2024-05-20T16:57:18.516 INFO:teuthology.orchestra.run.smithi006.stdout:/usr/bin/ceph: stderr
2024-05-20T16:57:17.622+0000 7f5e8093b700 1 -- 172.21.15.6:0/3473267999 <== mon.0 v2:172.21.15.6:3300/0 4 ==== mgrmap(e 8) ==== 46287+0+0 (secure 0 0 0) 0x7f5e6c023020 con 0x7f5e7c1088d0
2024-05-20T16:57:18.516 INFO:teuthology.orchestra.run.smithi006.stdout:/usr/bin/ceph: stderr
2024-05-20T16:57:17.622+0000 7f5e8193d700 1 -- 172.21.15.6:0/3473267999 --> [v2:172.21.15.6:3300/0,v1:172.21.15.6:6789/0] -- mon_command({"prefix": "get_command_descriptions"} v 0) -- 0x7f5e7c063ca0 con 0x7f5e7c1088d0
2024-05-20T16:57:18.516 INFO:teuthology.orchestra.run.smithi006.stdout:/usr/bin/ceph: stderr
2024-05-20T16:57:17.622+0000 7f5e8093b700 1 --2- 172.21.15.6:0/3473267999 >> [v2:172.21.15.6:6800/3509827796,v1:172.21.15.6:6801/3509827796] conn(0x7f5e68039050 0x7f5e6803b560 unknown :-1 s=NONE pgs=0 cs=0 l=1 rev1=0 crypto rx=0 tx=0 comp rx=0 tx=0).connect
2024-05-20T16:57:18.517 INFO:teuthology.orchestra.run.smithi006.stdout:/usr/bin/ceph: stderr
2024-05-20T16:57:17.622+0000 7f5e8093b700 1 -- 172.21.15.6:0/3473267999 <== mon.0 v2:172.21.15.6:3300/0 5 ==== osd_map(2..2 src has 1..2) ==== 940+0+0 (secure 0 0 0) 0x7f5e6c00f050 con 0x7f5e7c1088d0
2024-05-20T16:57:18.517 INFO:teuthology.orchestra.run.smithi006.stdout:/usr/bin/ceph: stderr
2024-05-20T16:57:17.622+0000 7f5e7a7fc700 1 --2- 172.21.15.6:0/3473267999 >> [v2:172.21.15.6:6800/3509827796,v1:172.21.15.6:6801/3509827796] conn(0x7f5e68039050 0x7f5e6803b560 unknown :-1 s=BANNER_CONNECTING pgs=0 cs=0 l=1 rev1=0 crypto rx=0 tx=0 comp rx=0 tx=0)._handle_peer_banner_payload supported=3 required=0
2024-05-20T16:57:18.517 INFO:teuthology.orchestra.run.smithi006.stdout:/usr/bin/ceph: stderr
2024-05-20T16:57:17.623+0000 7f5e7a7fc700 1 --2- 172.21.15.6:0/3473267999 >> [v2:172.21.15.6:6800/3509827796,v1:172.21.15.6:6801/3509827796] conn(0x7f5e68039050 0x7f5e6803b560 secure :-1 s=READY pgs=8 cs=0 l=1 rev1=1 crypto rx=0x7f5e64006fd0 tx=0x7f5e64006e40 comp rx=0 tx=0).ready entity=mgr.14120 client_cookie=0 server_cookie=0 in_seq=0 out_seq=0
2024-05-20T16:57:18.517 INFO:teuthology.orchestra.run.smithi006.stdout:/usr/bin/ceph: stderr
2024-05-20T16:57:17.628+0000 7f5e8093b700 1 -- 172.21.15.6:0/3473267999 <== mon.0 v2:172.21.15.6:3300/0 6 ==== mon_command_ack([{"prefix": "get_command_descriptions"}]=0 v0) ==== 72+0+186418 (secure 0 0 0) 0x7f5e6c02a020 con 0x7f5e7c1088d0
2024-05-20T16:57:18.517 INFO:teuthology.orchestra.run.smithi006.stdout:/usr/bin/ceph: stderr
2024-05-20T16:57:17.834+0000 7f5e8193d700 1 -- 172.21.15.6:0/3473267999 --> [v2:172.21.15.6:6800/3509827796,v1:172.21.15.6:6801/3509827796] -- mgr_command(tid 0: {"prefix": "cephadm set-user", "user": "root", "target": ["mon-mgr", ""]}) -- 0x7f5e7c105fc0 con 0x7f5e68039050
2024-05-20T16:57:18.517 INFO:teuthology.orchestra.run.smithi006.stdout:/usr/bin/ceph: stderr
2024-05-20T16:57:17.835+0000 7f5e8093b700 1 -- 172.21.15.6:0/3473267999 <== mgr.14120 v2:172.21.15.6:6800/3509827796 1 ==== mgr_command_reply(tid 0: 0 ) ==== 8+0+16 (secure 0 0 0) 0x7f5e7c105fc0 con 0x7f5e68039050
2024-05-20T16:57:18.517 INFO:teuthology.orchestra.run.smithi006.stdout:/usr/bin/ceph: stderr
2024-05-20T16:57:17.837+0000 7f5e8193d700 1 -- 172.21.15.6:0/3473267999 >> [v2:172.21.15.6:6800/3509827796,v1:172.21.15.6:6801/3509827796] conn(0x7f5e68039050 msgr2=0x7f5e6803b560 secure :-1 s=STATE_CONNECTION_ESTABLISHED l=1).mark_down
2024-05-20T16:57:18.517 INFO:teuthology.orchestra.run.smithi006.stdout:/usr/bin/ceph: stderr
2024-05-20T16:57:17.837+0000 7f5e8193d700 1 --2- 172.21.15.6:0/3473267999 >> [v2:172.21.15.6:6800/3509827796,v1:172.21.15.6:6801/3509827796] conn(0x7f5e68039050 0x7f5e6803b560 secure :-1 s=READY pgs=8 cs=0 l=1 rev1=1 crypto rx=0x7f5e64006fd0 tx=0x7f5e64006e40 comp rx=0 tx=0).stop
2024-05-20T16:57:18.517 INFO:teuthology.orchestra.run.smithi006.stdout:/usr/bin/ceph: stderr
2024-05-20T16:57:17.837+0000 7f5e8193d700 1 -- 172.21.15.6:0/3473267999 >> [v2:172.21.15.6:3300/0,v1:172.21.15.6:6789/0] conn(0x7f5e7c1088d0 msgr2=0x7f5e7c19cc40 secure :-1 s=STATE_CONNECTION_ESTABLISHED l=1).mark_down
2024-05-20T16:57:18.517 INFO:teuthology.orchestra.run.smithi006.stdout:/usr/bin/ceph: stderr
2024-05-20T16:57:17.837+0000 7f5e8193d700 1 --2- 172.21.15.6:0/3473267999 >> [v2:172.21.15.6:3300/0,v1:172.21.15.6:6789/0] conn(0x7f5e7c1088d0 0x7f5e7c19cc40 secure :-1 s=READY pgs=40 cs=0 l=1 rev1=1 crypto rx=0x7f5e6c009fd0 tx=0x7f5e6c004670 comp rx=0 tx=0).stop
2024-05-20T16:57:18.517 INFO:teuthology.orchestra.run.smithi006.stdout:/usr/bin/ceph: stderr
2024-05-20T16:57:17.837+0000 7f5e8193d700 1 -- 172.21.15.6:0/3473267999 shutdown_connections
2024-05-20T16:57:18.517 INFO:teuthology.orchestra.run.smithi006.stdout:/usr/bin/ceph: stderr
2024-05-20T16:57:17.837+0000 7f5e8193d700 1 --2- 172.21.15.6:0/3473267999 >> [v2:172.21.15.6:6800/3509827796,v1:172.21.15.6:6801/3509827796] conn(0x7f5e68039050 0x7f5e6803b560 unknown :-1 s=CLOSED pgs=8 cs=0 l=1 rev1=1 crypto rx=0 tx=0 comp rx=0 tx=0).stop
2024-05-20T16:57:18.517 INFO:teuthology.orchestra.run.smithi006.stdout:/usr/bin/ceph: stderr
2024-05-20T16:57:17.837+0000 7f5e8193d700 1 --2- 172.21.15.6:0/3473267999 >> [v2:172.21.15.6:3300/0,v1:172.21.15.6:6789/0] conn(0x7f5e7c1088d0 0x7f5e7c19cc40 unknown :-1 s=CLOSED pgs=40 cs=0 l=1 rev1=1 crypto rx=0 tx=0 comp rx=0 tx=0).stop
2024-05-20T16:57:18.518 INFO:teuthology.orchestra.run.smithi006.stdout:/usr/bin/ceph: stderr
2024-05-20T16:57:17.837+0000 7f5e8193d700 1 -- 172.21.15.6:0/3473267999 >> 172.21.15.6:0/3473267999 conn(0x7f5e7c103ff0 msgr2=0x7f5e7c1058b0 unknown :-1 s=STATE_NONE l=0).mark_down
2024-05-20T16:57:18.518 INFO:teuthology.orchestra.run.smithi006.stdout:/usr/bin/ceph: stderr
2024-05-20T16:57:17.837+0000 7f5e8193d700 1 -- 172.21.15.6:0/3473267999 shutdown_connections
2024-05-20T16:57:18.518 INFO:teuthology.orchestra.run.smithi006.stdout:/usr/bin/ceph: stderr
2024-05-20T16:57:17.837+0000 7f5e8193d700 1 -- 172.21.15.6:0/3473267999 wait complete.
2024-05-20T16:57:18.518 INFO:teuthology.orchestra.run.smithi006.stdout:Generating ssh key...
2024-05-20T16:57:19.630 INFO:journalctl@ceph.mgr.x.smithi006.stdout:May 20 16:57:19 smithi006 ceph-c726c954-16c9-11ef-bc9a-c7b262605968-mgr-x[32717]: Generating public/private rsa key pair.
2024-05-20T16:57:19.630 INFO:journalctl@ceph.mgr.x.smithi006.stdout:May 20 16:57:19 smithi006 ceph-c726c954-16c9-11ef-bc9a-c7b262605968-mgr-x[32717]: Your identification has been saved in /tmp/tmp32dow136/key.
2024-05-20T16:57:19.631 INFO:journalctl@ceph.mgr.x.smithi006.stdout:May 20 16:57:19 smithi006 ceph-c726c954-16c9-11ef-bc9a-c7b262605968-mgr-x[32717]: Your public key has been saved in /tmp/tmp32dow136/key.pub.
2024-05-20T16:57:19.631 INFO:journalctl@ceph.mgr.x.smithi006.stdout:May 20 16:57:19 smithi006 ceph-c726c954-16c9-11ef-bc9a-c7b262605968-mgr-x[32717]: The key fingerprint is:
2024-05-20T16:57:19.631 INFO:journalctl@ceph.mgr.x.smithi006.stdout:May 20 16:57:19 smithi006 ceph-c726c954-16c9-11ef-bc9a-c7b262605968-mgr-x[32717]: SHA256:XOZ4naxOH8Hi+zz+vf+87EYrho0JwBYW8bejGP6pjzc ceph-c726c954-16c9-11ef-bc9a-c7b262605968
2024-05-20T16:57:19.631 INFO:journalctl@ceph.mgr.x.smithi006.stdout:May 20 16:57:19 smithi006 ceph-c726c954-16c9-11ef-bc9a-c7b262605968-mgr-x[32717]: The key's randomart image is:
2024-05-20T16:57:19.631 INFO:journalctl@ceph.mgr.x.smithi006.stdout:May 20 16:57:19 smithi006 ceph-c726c954-16c9-11ef-bc9a-c7b262605968-mgr-x[32717]: +---[RSA 3072]----+
2024-05-20T16:57:19.631 INFO:journalctl@ceph.mgr.x.smithi006.stdout:May 20 16:57:19 smithi006 ceph-c726c954-16c9-11ef-bc9a-c7b262605968-mgr-x[32717]: | oo |
2024-05-20T16:57:19.631 INFO:journalctl@ceph.mgr.x.smithi006.stdout:May 20 16:57:19 smithi006 ceph-c726c954-16c9-11ef-bc9a-c7b262605968-mgr-x[32717]: | o. |
2024-05-20T16:57:19.631 INFO:journalctl@ceph.mgr.x.smithi006.stdout:May 20 16:57:19 smithi006 ceph-c726c954-16c9-11ef-bc9a-c7b262605968-mgr-x[32717]: | o ..o. |
2024-05-20T16:57:19.631 INFO:journalctl@ceph.mgr.x.smithi006.stdout:May 20 16:57:19 smithi006 ceph-c726c954-16c9-11ef-bc9a-c7b262605968-mgr-x[32717]: | = =.+.. |
2024-05-20T16:57:19.631 INFO:journalctl@ceph.mgr.x.smithi006.stdout:May 20 16:57:19 smithi006 ceph-c726c954-16c9-11ef-bc9a-c7b262605968-mgr-x[32717]: | ..S +o* |
2024-05-20T16:57:19.631 INFO:journalctl@ceph.mgr.x.smithi006.stdout:May 20 16:57:19 smithi006 ceph-c726c954-16c9-11ef-bc9a-c7b262605968-mgr-x[32717]: | . o+.o.. . |
2024-05-20T16:57:19.631 INFO:journalctl@ceph.mgr.x.smithi006.stdout:May 20 16:57:19 smithi006 ceph-c726c954-16c9-11ef-bc9a-c7b262605968-mgr-x[32717]: | o .= * . .|
2024-05-20T16:57:19.631 INFO:journalctl@ceph.mgr.x.smithi006.stdout:May 20 16:57:19 smithi006 ceph-c726c954-16c9-11ef-bc9a-c7b262605968-mgr-x[32717]: | oE.B.=.= |
2024-05-20T16:57:19.631 INFO:journalctl@ceph.mgr.x.smithi006.stdout:May 20 16:57:19 smithi006 ceph-c726c954-16c9-11ef-bc9a-c7b262605968-mgr-x[32717]: | o+++o*o==X|
2024-05-20T16:57:19.632 INFO:journalctl@ceph.mgr.x.smithi006.stdout:May 20 16:57:19 smithi006 ceph-c726c954-16c9-11ef-bc9a-c7b262605968-mgr-x[32717]: +----[SHA256]-----+
2024-05-20T16:57:19.941 INFO:teuthology.orchestra.run.smithi006.stdout:/usr/bin/ceph: stderr
2024-05-20T16:57:18.944+0000 7f3fcf69a700 1 Processor -- start
2024-05-20T16:57:19.941 INFO:teuthology.orchestra.run.smithi006.stdout:/usr/bin/ceph: stderr
2024-05-20T16:57:18.944+0000 7f3fcf69a700 1 -- start start
2024-05-20T16:57:19.942 INFO:teuthology.orchestra.run.smithi006.stdout:/usr/bin/ceph: stderr
2024-05-20T16:57:18.944+0000 7f3fcf69a700 1 --2- >> [v2:172.21.15.6:3300/0,v1:172.21.15.6:6789/0] conn(0x7f3fc81093d0 0x7f3fc810b7f0 unknown :-1 s=NONE pgs=0 cs=0 l=0 rev1=0 crypto rx=0 tx=0 comp rx=0 tx=0).connect
2024-05-20T16:57:19.942 INFO:teuthology.orchestra.run.smithi006.stdout:/usr/bin/ceph: stderr
2024-05-20T16:57:18.944+0000 7f3fcf69a700 1 -- --> [v2:172.21.15.6:3300/0,v1:172.21.15.6:6789/0] -- mon_getmap magic: 0 -- 0x7f3fc807c640 con 0x7f3fc81093d0
2024-05-20T16:57:19.942 INFO:teuthology.orchestra.run.smithi006.stdout:/usr/bin/ceph: stderr
2024-05-20T16:57:18.944+0000 7f3fcd436700 1 --2- >> [v2:172.21.15.6:3300/0,v1:172.21.15.6:6789/0] conn(0x7f3fc81093d0 0x7f3fc810b7f0 unknown :-1 s=BANNER_CONNECTING pgs=0 cs=0 l=0 rev1=0 crypto rx=0 tx=0 comp rx=0 tx=0)._handle_peer_banner_payload supported=3 required=0
2024-05-20T16:57:19.942 INFO:teuthology.orchestra.run.smithi006.stdout:/usr/bin/ceph: stderr
2024-05-20T16:57:18.944+0000 7f3fcd436700 1 --2- >> [v2:172.21.15.6:3300/0,v1:172.21.15.6:6789/0] conn(0x7f3fc81093d0 0x7f3fc810b7f0 unknown :-1 s=HELLO_CONNECTING pgs=0 cs=0 l=0 rev1=1 crypto rx=0 tx=0 comp rx=0 tx=0).handle_hello peer v2:172.21.15.6:3300/0 says I am v2:172.21.15.6:56272/0 (socket says 172.21.15.6:56272)
2024-05-20T16:57:19.942 INFO:teuthology.orchestra.run.smithi006.stdout:/usr/bin/ceph: stderr
2024-05-20T16:57:18.944+0000 7f3fcd436700 1 -- 172.21.15.6:0/2440314457 learned_addr learned my addr 172.21.15.6:0/2440314457 (peer_addr_for_me v2:172.21.15.6:0/0)
2024-05-20T16:57:19.942 INFO:teuthology.orchestra.run.smithi006.stdout:/usr/bin/ceph: stderr
2024-05-20T16:57:18.945+0000 7f3fcd436700 1 -- 172.21.15.6:0/2440314457 --> [v2:172.21.15.6:3300/0,v1:172.21.15.6:6789/0] -- mon_subscribe({config=0+,monmap=0+}) -- 0x7f3fc810bd30 con 0x7f3fc81093d0
2024-05-20T16:57:19.942 INFO:teuthology.orchestra.run.smithi006.stdout:/usr/bin/ceph: stderr
2024-05-20T16:57:18.945+0000 7f3fcd436700 1 --2- 172.21.15.6:0/2440314457 >> [v2:172.21.15.6:3300/0,v1:172.21.15.6:6789/0] conn(0x7f3fc81093d0 0x7f3fc810b7f0 secure :-1 s=READY pgs=41 cs=0 l=1 rev1=1 crypto rx=0x7f3fc40098a0 tx=0x7f3fc4009bb0 comp rx=0 tx=0).ready entity=mon.0 client_cookie=c33636002b50f4ba server_cookie=0 in_seq=0 out_seq=0
2024-05-20T16:57:19.942 INFO:teuthology.orchestra.run.smithi006.stdout:/usr/bin/ceph: stderr
2024-05-20T16:57:18.945+0000 7f3fbffff700 1 -- 172.21.15.6:0/2440314457 <== mon.0 v2:172.21.15.6:3300/0 1 ==== mon_map magic: 0 ==== 205+0+0 (secure 0 0 0) 0x7f3fc4004160 con 0x7f3fc81093d0
2024-05-20T16:57:19.942 INFO:teuthology.orchestra.run.smithi006.stdout:/usr/bin/ceph: stderr
2024-05-20T16:57:18.945+0000 7f3fbffff700 1 -- 172.21.15.6:0/2440314457 <== mon.0 v2:172.21.15.6:3300/0 2 ==== config(26 keys) ==== 1071+0+0 (secure 0 0 0) 0x7f3fc4004300 con 0x7f3fc81093d0
2024-05-20T16:57:19.942 INFO:teuthology.orchestra.run.smithi006.stdout:/usr/bin/ceph: stderr
2024-05-20T16:57:18.945+0000 7f3fbffff700 1 -- 172.21.15.6:0/2440314457 <== mon.0 v2:172.21.15.6:3300/0 3 ==== mon_map magic: 0 ==== 205+0+0 (secure 0 0 0) 0x7f3fc4011a80 con 0x7f3fc81093d0
2024-05-20T16:57:19.942 INFO:teuthology.orchestra.run.smithi006.stdout:/usr/bin/ceph: stderr
2024-05-20T16:57:18.946+0000 7f3fcf69a700 1 -- 172.21.15.6:0/2440314457 >> [v2:172.21.15.6:3300/0,v1:172.21.15.6:6789/0] conn(0x7f3fc81093d0 msgr2=0x7f3fc810b7f0 secure :-1 s=STATE_CONNECTION_ESTABLISHED l=1).mark_down
