2024-05-20T17:23:30.489+0000 7ffb8ed9d700 1 --2- >> [v2:172.21.15.135:3300/0,v1:172.21.15.135:6789/0] conn(0x7ffb90109660 0x7ffb90108de0 unknown :-1 s=BANNER_CONNECTING pgs=0 cs=0 l=1 rev1=0 crypto rx=0 tx=0 comp rx=0 tx=0)._handle_peer_banner_payload supported=3 required=0
2024-05-20T17:23:31.320 INFO:teuthology.orchestra.run.smithi135.stdout:/usr/bin/ceph: stderr
2024-05-20T17:23:30.489+0000 7ffb8ed9d700 1 --2- >> [v2:172.21.15.135:3300/0,v1:172.21.15.135:6789/0] conn(0x7ffb90109660 0x7ffb90108de0 unknown :-1 s=HELLO_CONNECTING pgs=0 cs=0 l=1 rev1=1 crypto rx=0 tx=0 comp rx=0 tx=0).handle_hello peer v2:172.21.15.135:3300/0 says I am v2:172.21.15.135:49052/0 (socket says 172.21.15.135:49052)
2024-05-20T17:23:31.320 INFO:teuthology.orchestra.run.smithi135.stdout:/usr/bin/ceph: stderr
2024-05-20T17:23:30.489+0000 7ffb8ed9d700 1 -- 172.21.15.135:0/2927384950 learned_addr learned my addr 172.21.15.135:0/2927384950 (peer_addr_for_me v2:172.21.15.135:0/0)
2024-05-20T17:23:31.320 INFO:teuthology.orchestra.run.smithi135.stdout:/usr/bin/ceph: stderr
2024-05-20T17:23:30.489+0000 7ffb8ed9d700 1 -- 172.21.15.135:0/2927384950 --> [v2:172.21.15.135:3300/0,v1:172.21.15.135:6789/0] -- mon_subscribe({config=0+,monmap=0+}) -- 0x7ffb90109320 con 0x7ffb90109660
2024-05-20T17:23:31.320 INFO:teuthology.orchestra.run.smithi135.stdout:/usr/bin/ceph: stderr
2024-05-20T17:23:30.489+0000 7ffb8ed9d700 1 --2- 172.21.15.135:0/2927384950 >> [v2:172.21.15.135:3300/0,v1:172.21.15.135:6789/0] conn(0x7ffb90109660 0x7ffb90108de0 secure :-1 s=READY pgs=19 cs=0 l=1 rev1=1 crypto rx=0x7ffb80009fb0 tx=0x7ffb80011bf0 comp rx=0 tx=0).ready entity=mon.0 client_cookie=0 server_cookie=0 in_seq=0 out_seq=0
2024-05-20T17:23:31.320 INFO:teuthology.orchestra.run.smithi135.stdout:/usr/bin/ceph: stderr
2024-05-20T17:23:30.490+0000 7ffb77fff700 1 -- 172.21.15.135:0/2927384950 <== mon.0 v2:172.21.15.135:3300/0 1 ==== mon_map magic: 0 ==== 205+0+0 (secure 0 0 0) 0x7ffb800038b0 con 0x7ffb90109660
2024-05-20T17:23:31.320 INFO:teuthology.orchestra.run.smithi135.stdout:/usr/bin/ceph: stderr
2024-05-20T17:23:30.490+0000 7ffb77fff700 1 -- 172.21.15.135:0/2927384950 <== mon.0 v2:172.21.15.135:3300/0 2 ==== config(27 keys) ==== 1109+0+0 (secure 0 0 0) 0x7ffb80011e50 con 0x7ffb90109660
2024-05-20T17:23:31.321 INFO:teuthology.orchestra.run.smithi135.stdout:/usr/bin/ceph: stderr
2024-05-20T17:23:30.490+0000 7ffb9504f700 1 -- 172.21.15.135:0/2927384950 --> [v2:172.21.15.135:3300/0,v1:172.21.15.135:6789/0] -- mon_subscribe({mgrmap=0+}) -- 0x7ffb90107570 con 0x7ffb90109660
2024-05-20T17:23:31.321 INFO:teuthology.orchestra.run.smithi135.stdout:/usr/bin/ceph: stderr
2024-05-20T17:23:30.490+0000 7ffb77fff700 1 -- 172.21.15.135:0/2927384950 <== mon.0 v2:172.21.15.135:3300/0 3 ==== mon_map magic: 0 ==== 205+0+0 (secure 0 0 0) 0x7ffb80019550 con 0x7ffb90109660
2024-05-20T17:23:31.321 INFO:teuthology.orchestra.run.smithi135.stdout:/usr/bin/ceph: stderr
2024-05-20T17:23:30.490+0000 7ffb9504f700 1 -- 172.21.15.135:0/2927384950 --> [v2:172.21.15.135:3300/0,v1:172.21.15.135:6789/0] -- mon_subscribe({osdmap=0}) -- 0x7ffb90107a50 con 0x7ffb90109660
2024-05-20T17:23:31.321 INFO:teuthology.orchestra.run.smithi135.stdout:/usr/bin/ceph: stderr
2024-05-20T17:23:30.490+0000 7ffb77fff700 1 -- 172.21.15.135:0/2927384950 <== mon.0 v2:172.21.15.135:3300/0 4 ==== mgrmap(e 4) ==== 46276+0+0 (secure 0 0 0) 0x7ffb80019800 con 0x7ffb90109660
2024-05-20T17:23:31.321 INFO:teuthology.orchestra.run.smithi135.stdout:/usr/bin/ceph: stderr
2024-05-20T17:23:30.491+0000 7ffb9504f700 1 -- 172.21.15.135:0/2927384950 --> [v2:172.21.15.135:3300/0,v1:172.21.15.135:6789/0] -- mon_command({"prefix": "get_command_descriptions"} v 0) -- 0x7ffb90063ca0 con 0x7ffb90109660
2024-05-20T17:23:31.321 INFO:teuthology.orchestra.run.smithi135.stdout:/usr/bin/ceph: stderr
2024-05-20T17:23:30.491+0000 7ffb77fff700 1 --2- 172.21.15.135:0/2927384950 >> [v2:172.21.15.135:6800/3053430682,v1:172.21.15.135:6801/3053430682] conn(0x7ffb78039000 0x7ffb7803b510 unknown :-1 s=NONE pgs=0 cs=0 l=1 rev1=0 crypto rx=0 tx=0 comp rx=0 tx=0).connect
2024-05-20T17:23:31.321 INFO:teuthology.orchestra.run.smithi135.stdout:/usr/bin/ceph: stderr
2024-05-20T17:23:30.491+0000 7ffb77fff700 1 -- 172.21.15.135:0/2927384950 <== mon.0 v2:172.21.15.135:3300/0 5 ==== osd_map(1..1 src has 1..1) ==== 725+0+0 (secure 0 0 0) 0x7ffb8004e1f0 con 0x7ffb90109660
2024-05-20T17:23:31.321 INFO:teuthology.orchestra.run.smithi135.stdout:/usr/bin/ceph: stderr
2024-05-20T17:23:30.491+0000 7ffb8e59c700 1 --2- 172.21.15.135:0/2927384950 >> [v2:172.21.15.135:6800/3053430682,v1:172.21.15.135:6801/3053430682] conn(0x7ffb78039000 0x7ffb7803b510 unknown :-1 s=BANNER_CONNECTING pgs=0 cs=0 l=1 rev1=0 crypto rx=0 tx=0 comp rx=0 tx=0)._handle_peer_banner_payload supported=3 required=0
2024-05-20T17:23:31.322 INFO:teuthology.orchestra.run.smithi135.stdout:/usr/bin/ceph: stderr
2024-05-20T17:23:30.491+0000 7ffb8e59c700 1 --2- 172.21.15.135:0/2927384950 >> [v2:172.21.15.135:6800/3053430682,v1:172.21.15.135:6801/3053430682] conn(0x7ffb78039000 0x7ffb7803b510 secure :-1 s=READY pgs=6 cs=0 l=1 rev1=1 crypto rx=0x7ffb84006fd0 tx=0x7ffb84006e40 comp rx=0 tx=0).ready entity=mgr.14100 client_cookie=0 server_cookie=0 in_seq=0 out_seq=0
2024-05-20T17:23:31.322 INFO:teuthology.orchestra.run.smithi135.stdout:/usr/bin/ceph: stderr
2024-05-20T17:23:30.496+0000 7ffb77fff700 1 -- 172.21.15.135:0/2927384950 <== mon.0 v2:172.21.15.135:3300/0 6 ==== mon_command_ack([{"prefix": "get_command_descriptions"}]=0 v0) ==== 72+0+186418 (secure 0 0 0) 0x7ffb8000fda0 con 0x7ffb90109660
2024-05-20T17:23:31.322 INFO:teuthology.orchestra.run.smithi135.stdout:/usr/bin/ceph: stderr
2024-05-20T17:23:30.769+0000 7ffb9504f700 1 -- 172.21.15.135:0/2927384950 --> [v2:172.21.15.135:3300/0,v1:172.21.15.135:6789/0] -- mon_command({"prefix": "status", "format": "json-pretty"} v 0) -- 0x7ffb90108190 con 0x7ffb90109660
2024-05-20T17:23:31.322 INFO:teuthology.orchestra.run.smithi135.stdout:/usr/bin/ceph: stderr
2024-05-20T17:23:30.770+0000 7ffb77fff700 1 -- 172.21.15.135:0/2927384950 <== mon.0 v2:172.21.15.135:3300/0 7 ==== mon_command_ack([{"prefix": "status", "format": "json-pretty"}]=0 v0) ==== 79+0+1239 (secure 0 0 0) 0x7ffb8002d960 con 0x7ffb90109660
2024-05-20T17:23:31.322 INFO:teuthology.orchestra.run.smithi135.stdout:/usr/bin/ceph: stderr
2024-05-20T17:23:30.772+0000 7ffb9504f700 1 -- 172.21.15.135:0/2927384950 >> [v2:172.21.15.135:6800/3053430682,v1:172.21.15.135:6801/3053430682] conn(0x7ffb78039000 msgr2=0x7ffb7803b510 secure :-1 s=STATE_CONNECTION_ESTABLISHED l=1).mark_down
2024-05-20T17:23:31.322 INFO:teuthology.orchestra.run.smithi135.stdout:/usr/bin/ceph: stderr
2024-05-20T17:23:30.772+0000 7ffb9504f700 1 --2- 172.21.15.135:0/2927384950 >> [v2:172.21.15.135:6800/3053430682,v1:172.21.15.135:6801/3053430682] conn(0x7ffb78039000 0x7ffb7803b510 secure :-1 s=READY pgs=6 cs=0 l=1 rev1=1 crypto rx=0x7ffb84006fd0 tx=0x7ffb84006e40 comp rx=0 tx=0).stop
2024-05-20T17:23:31.322 INFO:teuthology.orchestra.run.smithi135.stdout:/usr/bin/ceph: stderr
2024-05-20T17:23:30.772+0000 7ffb9504f700 1 -- 172.21.15.135:0/2927384950 >> [v2:172.21.15.135:3300/0,v1:172.21.15.135:6789/0] conn(0x7ffb90109660 msgr2=0x7ffb90108de0 secure :-1 s=STATE_CONNECTION_ESTABLISHED l=1).mark_down
2024-05-20T17:23:31.322 INFO:teuthology.orchestra.run.smithi135.stdout:/usr/bin/ceph: stderr
2024-05-20T17:23:30.772+0000 7ffb9504f700 1 --2- 172.21.15.135:0/2927384950 >> [v2:172.21.15.135:3300/0,v1:172.21.15.135:6789/0] conn(0x7ffb90109660 0x7ffb90108de0 secure :-1 s=READY pgs=19 cs=0 l=1 rev1=1 crypto rx=0x7ffb80009fb0 tx=0x7ffb80011bf0 comp rx=0 tx=0).stop
2024-05-20T17:23:31.322 INFO:teuthology.orchestra.run.smithi135.stdout:/usr/bin/ceph: stderr
2024-05-20T17:23:30.772+0000 7ffb9504f700 1 -- 172.21.15.135:0/2927384950 shutdown_connections
2024-05-20T17:23:31.322 INFO:teuthology.orchestra.run.smithi135.stdout:/usr/bin/ceph: stderr
2024-05-20T17:23:30.772+0000 7ffb9504f700 1 --2- 172.21.15.135:0/2927384950 >> [v2:172.21.15.135:6800/3053430682,v1:172.21.15.135:6801/3053430682] conn(0x7ffb78039000 0x7ffb7803b510 unknown :-1 s=CLOSED pgs=6 cs=0 l=1 rev1=1 crypto rx=0 tx=0 comp rx=0 tx=0).stop
2024-05-20T17:23:31.322 INFO:teuthology.orchestra.run.smithi135.stdout:/usr/bin/ceph: stderr
2024-05-20T17:23:30.772+0000 7ffb9504f700 1 --2- 172.21.15.135:0/2927384950 >> [v2:172.21.15.135:3300/0,v1:172.21.15.135:6789/0] conn(0x7ffb90109660 0x7ffb90108de0 unknown :-1 s=CLOSED pgs=19 cs=0 l=1 rev1=1 crypto rx=0 tx=0 comp rx=0 tx=0).stop
2024-05-20T17:23:31.322 INFO:teuthology.orchestra.run.smithi135.stdout:/usr/bin/ceph: stderr
2024-05-20T17:23:30.772+0000 7ffb9504f700 1 -- 172.21.15.135:0/2927384950 >> 172.21.15.135:0/2927384950 conn(0x7ffb901030c0 msgr2=0x7ffb90104990 unknown :-1 s=STATE_NONE l=0).mark_down
2024-05-20T17:23:31.323 INFO:teuthology.orchestra.run.smithi135.stdout:/usr/bin/ceph: stderr
2024-05-20T17:23:30.772+0000 7ffb9504f700 1 -- 172.21.15.135:0/2927384950 shutdown_connections
2024-05-20T17:23:31.323 INFO:teuthology.orchestra.run.smithi135.stdout:/usr/bin/ceph: stderr
2024-05-20T17:23:30.773+0000 7ffb9504f700 1 -- 172.21.15.135:0/2927384950 wait complete.
2024-05-20T17:23:31.323 INFO:teuthology.orchestra.run.smithi135.stdout:mgr is available
2024-05-20T17:23:32.306 INFO:journalctl@ceph.mon.a.smithi135.stdout:May 20 17:23:32 smithi135 ceph-mon[32027]: from='client.? 172.21.15.135:0/295191137' entity='client.admin' cmd=[{"prefix": "config assimilate-conf"}]: dispatch
2024-05-20T17:23:32.593 INFO:teuthology.orchestra.run.smithi135.stdout:/usr/bin/ceph: stdout
2024-05-20T17:23:32.594 INFO:teuthology.orchestra.run.smithi135.stdout:/usr/bin/ceph: stdout [global]
2024-05-20T17:23:32.594 INFO:teuthology.orchestra.run.smithi135.stdout:/usr/bin/ceph: stdout fsid = 76c4e726-16cd-11ef-bc9a-c7b262605968
2024-05-20T17:23:32.594 INFO:teuthology.orchestra.run.smithi135.stdout:/usr/bin/ceph: stdout mon_osd_allow_pg_remap = true
2024-05-20T17:23:32.594 INFO:teuthology.orchestra.run.smithi135.stdout:/usr/bin/ceph: stdout mon_osd_allow_primary_affinity = true
2024-05-20T17:23:32.594 INFO:teuthology.orchestra.run.smithi135.stdout:/usr/bin/ceph: stdout mon_warn_on_no_sortbitwise = false
2024-05-20T17:23:32.594 INFO:teuthology.orchestra.run.smithi135.stdout:/usr/bin/ceph: stdout osd_crush_chooseleaf_type = 0
2024-05-20T17:23:32.594 INFO:teuthology.orchestra.run.smithi135.stdout:/usr/bin/ceph: stdout
2024-05-20T17:23:32.595 INFO:teuthology.orchestra.run.smithi135.stdout:/usr/bin/ceph: stdout [mgr]
2024-05-20T17:23:32.595 INFO:teuthology.orchestra.run.smithi135.stdout:/usr/bin/ceph: stdout mgr/telemetry/nag = false
2024-05-20T17:23:32.595 INFO:teuthology.orchestra.run.smithi135.stdout:/usr/bin/ceph: stdout
2024-05-20T17:23:32.595 INFO:teuthology.orchestra.run.smithi135.stdout:/usr/bin/ceph: stdout [osd]
2024-05-20T17:23:32.595 INFO:teuthology.orchestra.run.smithi135.stdout:/usr/bin/ceph: stdout mon_osd_backfillfull_ratio = 0.85
2024-05-20T17:23:32.595 INFO:teuthology.orchestra.run.smithi135.stdout:/usr/bin/ceph: stdout mon_osd_full_ratio = 0.9
2024-05-20T17:23:32.595 INFO:teuthology.orchestra.run.smithi135.stdout:/usr/bin/ceph: stdout mon_osd_nearfull_ratio = 0.8
2024-05-20T17:23:32.595 INFO:teuthology.orchestra.run.smithi135.stdout:/usr/bin/ceph: stdout osd_map_max_advance = 10
2024-05-20T17:23:32.595 INFO:teuthology.orchestra.run.smithi135.stdout:/usr/bin/ceph: stdout osd_sloppy_crc = true
2024-05-20T17:23:32.595 INFO:teuthology.orchestra.run.smithi135.stdout:/usr/bin/ceph: stderr
2024-05-20T17:23:31.748+0000 7f63054c5700 1 Processor -- start
2024-05-20T17:23:32.596 INFO:teuthology.orchestra.run.smithi135.stdout:/usr/bin/ceph: stderr
2024-05-20T17:23:31.748+0000 7f63054c5700 1 -- start start
2024-05-20T17:23:32.596 INFO:teuthology.orchestra.run.smithi135.stdout:/usr/bin/ceph: stderr
2024-05-20T17:23:31.748+0000 7f63054c5700 1 --2- >> [v2:172.21.15.135:3300/0,v1:172.21.15.135:6789/0] conn(0x7f630007c580 0x7f630010b6d0 unknown :-1 s=NONE pgs=0 cs=0 l=0 rev1=0 crypto rx=0 tx=0 comp rx=0 tx=0).connect
2024-05-20T17:23:32.596 INFO:teuthology.orchestra.run.smithi135.stdout:/usr/bin/ceph: stderr
2024-05-20T17:23:31.748+0000 7f63054c5700 1 -- --> [v2:172.21.15.135:3300/0,v1:172.21.15.135:6789/0] -- mon_getmap magic: 0 -- 0x7f630010bce0 con 0x7f630007c580
2024-05-20T17:23:32.596 INFO:teuthology.orchestra.run.smithi135.stdout:/usr/bin/ceph: stderr
2024-05-20T17:23:31.749+0000 7f62feffd700 1 --2- >> [v2:172.21.15.135:3300/0,v1:172.21.15.135:6789/0] conn(0x7f630007c580 0x7f630010b6d0 unknown :-1 s=BANNER_CONNECTING pgs=0 cs=0 l=0 rev1=0 crypto rx=0 tx=0 comp rx=0 tx=0)._handle_peer_banner_payload supported=3 required=0
2024-05-20T17:23:32.596 INFO:teuthology.orchestra.run.smithi135.stdout:/usr/bin/ceph: stderr
2024-05-20T17:23:31.749+0000 7f62feffd700 1 --2- >> [v2:172.21.15.135:3300/0,v1:172.21.15.135:6789/0] conn(0x7f630007c580 0x7f630010b6d0 unknown :-1 s=HELLO_CONNECTING pgs=0 cs=0 l=0 rev1=1 crypto rx=0 tx=0 comp rx=0 tx=0).handle_hello peer v2:172.21.15.135:3300/0 says I am v2:172.21.15.135:49068/0 (socket says 172.21.15.135:49068)
2024-05-20T17:23:32.596 INFO:teuthology.orchestra.run.smithi135.stdout:/usr/bin/ceph: stderr
2024-05-20T17:23:31.749+0000 7f62feffd700 1 -- 172.21.15.135:0/1623842015 learned_addr learned my addr 172.21.15.135:0/1623842015 (peer_addr_for_me v2:172.21.15.135:0/0)
2024-05-20T17:23:32.596 INFO:teuthology.orchestra.run.smithi135.stdout:/usr/bin/ceph: stderr
2024-05-20T17:23:31.749+0000 7f62feffd700 1 -- 172.21.15.135:0/1623842015 --> [v2:172.21.15.135:3300/0,v1:172.21.15.135:6789/0] -- mon_subscribe({config=0+,monmap=0+}) -- 0x7f630010be60 con 0x7f630007c580
2024-05-20T17:23:32.596 INFO:teuthology.orchestra.run.smithi135.stdout:/usr/bin/ceph: stderr
2024-05-20T17:23:31.749+0000 7f62feffd700 1 --2- 172.21.15.135:0/1623842015 >> [v2:172.21.15.135:3300/0,v1:172.21.15.135:6789/0] conn(0x7f630007c580 0x7f630010b6d0 secure :-1 s=READY pgs=20 cs=0 l=1 rev1=1 crypto rx=0x7f62f00098a0 tx=0x7f62f0009bb0 comp rx=0 tx=0).ready entity=mon.0 client_cookie=33bf97b20005386 server_cookie=0 in_seq=0 out_seq=0
2024-05-20T17:23:32.596 INFO:teuthology.orchestra.run.smithi135.stdout:/usr/bin/ceph: stderr
2024-05-20T17:23:31.749+0000 7f62fe7fc700 1 -- 172.21.15.135:0/1623842015 <== mon.0 v2:172.21.15.135:3300/0 1 ==== mon_map magic: 0 ==== 205+0+0 (secure 0 0 0) 0x7f62f0004160 con 0x7f630007c580
2024-05-20T17:23:32.597 INFO:teuthology.orchestra.run.smithi135.stdout:/usr/bin/ceph: stderr
2024-05-20T17:23:31.749+0000 7f62fe7fc700 1 -- 172.21.15.135:0/1623842015 <== mon.0 v2:172.21.15.135:3300/0 2 ==== config(27 keys) ==== 1109+0+0 (secure 0 0 0) 0x7f62f0004300 con 0x7f630007c580
2024-05-20T17:23:32.597 INFO:teuthology.orchestra.run.smithi135.stdout:/usr/bin/ceph: stderr
2024-05-20T17:23:31.749+0000 7f62fe7fc700 1 -- 172.21.15.135:0/1623842015 <== mon.0 v2:172.21.15.135:3300/0 3 ==== mon_map magic: 0 ==== 205+0+0 (secure 0 0 0) 0x7f62f0011b50 con 0x7f630007c580
2024-05-20T17:23:32.597 INFO:teuthology.orchestra.run.smithi135.stdout:/usr/bin/ceph: stderr
2024-05-20T17:23:31.750+0000 7f63054c5700 1 -- 172.21.15.135:0/1623842015 >> [v2:172.21.15.135:3300/0,v1:172.21.15.135:6789/0] conn(0x7f630007c580 msgr2=0x7f630010b6d0 secure :-1 s=STATE_CONNECTION_ESTABLISHED l=1).mark_down
2024-05-20T17:23:32.597 INFO:teuthology.orchestra.run.smithi135.stdout:/usr/bin/ceph: stderr
2024-05-20T17:23:31.750+0000 7f63054c5700 1 --2- 172.21.15.135:0/1623842015 >> [v2:172.21.15.135:3300/0,v1:172.21.15.135:6789/0] conn(0x7f630007c580 0x7f630010b6d0 secure :-1 s=READY pgs=20 cs=0 l=1 rev1=1 crypto rx=0x7f62f00098a0 tx=0x7f62f0009bb0 comp rx=0 tx=0).stop
2024-05-20T17:23:32.597 INFO:teuthology.orchestra.run.smithi135.stdout:/usr/bin/ceph: stderr
2024-05-20T17:23:31.750+0000 7f63054c5700 1 -- 172.21.15.135:0/1623842015 shutdown_connections
2024-05-20T17:23:32.597 INFO:teuthology.orchestra.run.smithi135.stdout:/usr/bin/ceph: stderr
2024-05-20T17:23:31.750+0000 7f63054c5700 1 --2- 172.21.15.135:0/1623842015 >> [v2:172.21.15.135:3300/0,v1:172.21.15.135:6789/0] conn(0x7f630007c580 0x7f630010b6d0 unknown :-1 s=CLOSED pgs=20 cs=0 l=1 rev1=1 crypto rx=0 tx=0 comp rx=0 tx=0).stop
2024-05-20T17:23:32.597 INFO:teuthology.orchestra.run.smithi135.stdout:/usr/bin/ceph: stderr
2024-05-20T17:23:31.750+0000 7f63054c5700 1 -- 172.21.15.135:0/1623842015 >> 172.21.15.135:0/1623842015 conn(0x7f63001030c0 msgr2=0x7f6300105510 unknown :-1 s=STATE_NONE l=0).mark_down
2024-05-20T17:23:32.597 INFO:teuthology.orchestra.run.smithi135.stdout:/usr/bin/ceph: stderr
2024-05-20T17:23:31.750+0000 7f63054c5700 1 -- 172.21.15.135:0/1623842015 shutdown_connections
2024-05-20T17:23:32.598 INFO:teuthology.orchestra.run.smithi135.stdout:/usr/bin/ceph: stderr
2024-05-20T17:23:31.750+0000 7f63054c5700 1 -- 172.21.15.135:0/1623842015 wait complete.
2024-05-20T17:23:32.598 INFO:teuthology.orchestra.run.smithi135.stdout:/usr/bin/ceph: stderr
2024-05-20T17:23:31.751+0000 7f63054c5700 1 Processor -- start
2024-05-20T17:23:32.598 INFO:teuthology.orchestra.run.smithi135.stdout:/usr/bin/ceph: stderr
2024-05-20T17:23:31.751+0000 7f63054c5700 1 -- start start
2024-05-20T17:23:32.598 INFO:teuthology.orchestra.run.smithi135.stdout:/usr/bin/ceph: stderr
2024-05-20T17:23:31.751+0000 7f63054c5700 1 --2- >> [v2:172.21.15.135:3300/0,v1:172.21.15.135:6789/0] conn(0x7f630007c580 0x7f630019cf00 unknown :-1 s=NONE pgs=0 cs=0 l=1 rev1=0 crypto rx=0 tx=0 comp rx=0 tx=0).connect
2024-05-20T17:23:32.598 INFO:teuthology.orchestra.run.smithi135.stdout:/usr/bin/ceph: stderr
2024-05-20T17:23:31.751+0000 7f63054c5700 1 -- --> [v2:172.21.15.135:3300/0,v1:172.21.15.135:6789/0] -- mon_getmap magic: 0 -- 0x7f630010cf40 con 0x7f630007c580
2024-05-20T17:23:32.598 INFO:teuthology.orchestra.run.smithi135.stdout:/usr/bin/ceph: stderr
2024-05-20T17:23:31.751+0000 7f62feffd700 1 --2- >> [v2:172.21.15.135:3300/0,v1:172.21.15.135:6789/0] conn(0x7f630007c580 0x7f630019cf00 unknown :-1 s=BANNER_CONNECTING pgs=0 cs=0 l=1 rev1=0 crypto rx=0 tx=0 comp rx=0 tx=0)._handle_peer_banner_payload supported=3 required=0
2024-05-20T17:23:32.598 INFO:teuthology.orchestra.run.smithi135.stdout:/usr/bin/ceph: stderr
2024-05-20T17:23:31.751+0000 7f62feffd700 1 --2- >> [v2:172.21.15.135:3300/0,v1:172.21.15.135:6789/0] conn(0x7f630007c580 0x7f630019cf00 unknown :-1 s=HELLO_CONNECTING pgs=0 cs=0 l=1 rev1=1 crypto rx=0 tx=0 comp rx=0 tx=0).handle_hello peer v2:172.21.15.135:3300/0 says I am v2:172.21.15.135:49078/0 (socket says 172.21.15.135:49078)
2024-05-20T17:23:32.598 INFO:teuthology.orchestra.run.smithi135.stdout:/usr/bin/ceph: stderr
2024-05-20T17:23:31.751+0000 7f62feffd700 1 -- 172.21.15.135:0/295191137 learned_addr learned my addr 172.21.15.135:0/295191137 (peer_addr_for_me v2:172.21.15.135:0/0)
2024-05-20T17:23:32.598 INFO:teuthology.orchestra.run.smithi135.stdout:/usr/bin/ceph: stderr
2024-05-20T17:23:31.752+0000 7f62feffd700 1 -- 172.21.15.135:0/295191137 --> [v2:172.21.15.135:3300/0,v1:172.21.15.135:6789/0] -- mon_subscribe({config=0+,monmap=0+}) -- 0x7f630019d440 con 0x7f630007c580
2024-05-20T17:23:32.598 INFO:teuthology.orchestra.run.smithi135.stdout:/usr/bin/ceph: stderr
2024-05-20T17:23:31.752+0000 7f62feffd700 1 --2- 172.21.15.135:0/295191137 >> [v2:172.21.15.135:3300/0,v1:172.21.15.135:6789/0] conn(0x7f630007c580 0x7f630019cf00 secure :-1 s=READY pgs=21 cs=0 l=1 rev1=1 crypto rx=0x7f62f0009fb0 tx=0x7f62f0011bf0 comp rx=0 tx=0).ready entity=mon.0 client_cookie=0 server_cookie=0 in_seq=0 out_seq=0
2024-05-20T17:23:32.599 INFO:teuthology.orchestra.run.smithi135.stdout:/usr/bin/ceph: stderr
2024-05-20T17:23:31.752+0000 7f62fcff9700 1 -- 172.21.15.135:0/295191137 <== mon.0 v2:172.21.15.135:3300/0 1 ==== mon_map magic: 0 ==== 205+0+0 (secure 0 0 0) 0x7f62f00038b0 con 0x7f630007c580
2024-05-20T17:23:32.599 INFO:teuthology.orchestra.run.smithi135.stdout:/usr/bin/ceph: stderr
2024-05-20T17:23:31.752+0000 7f62fcff9700 1 -- 172.21.15.135:0/295191137 <== mon.0 v2:172.21.15.135:3300/0 2 ==== config(27 keys) ==== 1109+0+0 (secure 0 0 0) 0x7f62f0011e50 con 0x7f630007c580
2024-05-20T17:23:32.599 INFO:teuthology.orchestra.run.smithi135.stdout:/usr/bin/ceph: stderr
2024-05-20T17:23:31.752+0000 7f63054c5700 1 -- 172.21.15.135:0/295191137 --> [v2:172.21.15.135:3300/0,v1:172.21.15.135:6789/0] -- mon_subscribe({mgrmap=0+}) -- 0x7f630019d6d0 con 0x7f630007c580
2024-05-20T17:23:32.599 INFO:teuthology.orchestra.run.smithi135.stdout:/usr/bin/ceph: stderr
2024-05-20T17:23:31.752+0000 7f62fcff9700 1 -- 172.21.15.135:0/295191137 <== mon.0 v2:172.21.15.135:3300/0 3 ==== mon_map magic: 0 ==== 205+0+0 (secure 0 0 0) 0x7f62f0019550 con 0x7f630007c580
2024-05-20T17:23:32.599 INFO:teuthology.orchestra.run.smithi135.stdout:/usr/bin/ceph: stderr
2024-05-20T17:23:31.752+0000 7f63054c5700 1 -- 172.21.15.135:0/295191137 --> [v2:172.21.15.135:3300/0,v1:172.21.15.135:6789/0] -- mon_subscribe({osdmap=0}) -- 0x7f63001a02e0 con 0x7f630007c580
2024-05-20T17:23:32.599 INFO:teuthology.orchestra.run.smithi135.stdout:/usr/bin/ceph: stderr
2024-05-20T17:23:31.753+0000 7f62fcff9700 1 -- 172.21.15.135:0/295191137 <== mon.0 v2:172.21.15.135:3300/0 4 ==== mgrmap(e 4) ==== 46276+0+0 (secure 0 0 0) 0x7f62f0019800 con 0x7f630007c580
2024-05-20T17:23:32.599 INFO:teuthology.orchestra.run.smithi135.stdout:/usr/bin/ceph: stderr
2024-05-20T17:23:31.753+0000 7f63054c5700 1 -- 172.21.15.135:0/295191137 --> [v2:172.21.15.135:3300/0,v1:172.21.15.135:6789/0] -- mon_command({"prefix": "get_command_descriptions"} v 0) -- 0x7f6300063ca0 con 0x7f630007c580
2024-05-20T17:23:32.599 INFO:teuthology.orchestra.run.smithi135.stdout:/usr/bin/ceph: stderr
2024-05-20T17:23:31.753+0000 7f62fcff9700 1 --2- 172.21.15.135:0/295191137 >> [v2:172.21.15.135:6800/3053430682,v1:172.21.15.135:6801/3053430682] conn(0x7f62ec039000 0x7f62ec03b510 unknown :-1 s=NONE pgs=0 cs=0 l=1 rev1=0 crypto rx=0 tx=0 comp rx=0 tx=0).connect
2024-05-20T17:23:32.599 INFO:teuthology.orchestra.run.smithi135.stdout:/usr/bin/ceph: stderr
2024-05-20T17:23:31.753+0000 7f62fcff9700 1 -- 172.21.15.135:0/295191137 <== mon.0 v2:172.21.15.135:3300/0 5 ==== osd_map(1..1 src has 1..1) ==== 725+0+0 (secure 0 0 0) 0x7f62f004d150 con 0x7f630007c580
2024-05-20T17:23:32.600 INFO:teuthology.orchestra.run.smithi135.stdout:/usr/bin/ceph: stderr
2024-05-20T17:23:31.753+0000 7f62f7fff700 1 --2- 172.21.15.135:0/295191137 >> [v2:172.21.15.135:6800/3053430682,v1:172.21.15.135:6801/3053430682] conn(0x7f62ec039000 0x7f62ec03b510 unknown :-1 s=BANNER_CONNECTING pgs=0 cs=0 l=1 rev1=0 crypto rx=0 tx=0 comp rx=0 tx=0)._handle_peer_banner_payload supported=3 required=0
2024-05-20T17:23:32.600 INFO:teuthology.orchestra.run.smithi135.stdout:/usr/bin/ceph: stderr
2024-05-20T17:23:31.754+0000 7f62f7fff700 1 --2- 172.21.15.135:0/295191137 >> [v2:172.21.15.135:6800/3053430682,v1:172.21.15.135:6801/3053430682] conn(0x7f62ec039000 0x7f62ec03b510 secure :-1 s=READY pgs=7 cs=0 l=1 rev1=1 crypto rx=0x7f62e8006fd0 tx=0x7f62e8006e40 comp rx=0 tx=0).ready entity=mgr.14100 client_cookie=0 server_cookie=0 in_seq=0 out_seq=0
2024-05-20T17:23:32.600 INFO:teuthology.orchestra.run.smithi135.stdout:/usr/bin/ceph: stderr
2024-05-20T17:23:31.758+0000 7f62fcff9700 1 -- 172.21.15.135:0/295191137 <== mon.0 v2:172.21.15.135:3300/0 6 ==== mon_command_ack([{"prefix": "get_command_descriptions"}]=0 v0) ==== 72+0+186418 (secure 0 0 0) 0x7f62f000bc10 con 0x7f630007c580
2024-05-20T17:23:32.600 INFO:teuthology.orchestra.run.smithi135.stdout:/usr/bin/ceph: stderr
2024-05-20T17:23:31.950+0000 7f63054c5700 1 -- 172.21.15.135:0/295191137 --> [v2:172.21.15.135:3300/0,v1:172.21.15.135:6789/0] -- mon_command({"prefix": "config assimilate-conf"} v 0) -- 0x7f63001a04b0 con 0x7f630007c580
2024-05-20T17:23:32.600 INFO:teuthology.orchestra.run.smithi135.stdout:/usr/bin/ceph: stderr
2024-05-20T17:23:31.951+0000 7f62fcff9700 1 -- 172.21.15.135:0/295191137 <== mon.0 v2:172.21.15.135:3300/0 7 ==== mon_command_ack([{"prefix": "config assimilate-conf"}]=0 v3) ==== 70+0+373 (secure 0 0 0) 0x7f62f000fda0 con 0x7f630007c580
2024-05-20T17:23:32.600 INFO:teuthology.orchestra.run.smithi135.stdout:/usr/bin/ceph: stderr
2024-05-20T17:23:31.954+0000 7f63054c5700 1 -- 172.21.15.135:0/295191137 >> [v2:172.21.15.135:6800/3053430682,v1:172.21.15.135:6801/3053430682] conn(0x7f62ec039000 msgr2=0x7f62ec03b510 secure :-1 s=STATE_CONNECTION_ESTABLISHED l=1).mark_down
2024-05-20T17:23:32.600 INFO:teuthology.orchestra.run.smithi135.stdout:/usr/bin/ceph: stderr
2024-05-20T17:23:31.954+0000 7f63054c5700 1 --2- 172.21.15.135:0/295191137 >> [v2:172.21.15.135:6800/3053430682,v1:172.21.15.135:6801/3053430682] conn(0x7f62ec039000 0x7f62ec03b510 secure :-1 s=READY pgs=7 cs=0 l=1 rev1=1 crypto rx=0x7f62e8006fd0 tx=0x7f62e8006e40 comp rx=0 tx=0).stop
2024-05-20T17:23:32.600 INFO:teuthology.orchestra.run.smithi135.stdout:/usr/bin/ceph: stderr
2024-05-20T17:23:31.954+0000 7f63054c5700 1 -- 172.21.15.135:0/295191137 >> [v2:172.21.15.135:3300/0,v1:172.21.15.135:6789/0] conn(0x7f630007c580 msgr2=0x7f630019cf00 secure :-1 s=STATE_CONNECTION_ESTABLISHED l=1).mark_down
2024-05-20T17:23:32.600 INFO:teuthology.orchestra.run.smithi135.stdout:/usr/bin/ceph: stderr
2024-05-20T17:23:31.954+0000 7f63054c5700 1 --2- 172.21.15.135:0/295191137 >> [v2:172.21.15.135:3300/0,v1:172.21.15.135:6789/0] conn(0x7f630007c580 0x7f630019cf00 secure :-1 s=READY pgs=21 cs=0 l=1 rev1=1 crypto rx=0x7f62f0009fb0 tx=0x7f62f0011bf0 comp rx=0 tx=0).stop
2024-05-20T17:23:32.600 INFO:teuthology.orchestra.run.smithi135.stdout:/usr/bin/ceph: stderr
2024-05-20T17:23:31.954+0000 7f63054c5700 1 -- 172.21.15.135:0/295191137 shutdown_connections
2024-05-20T17:23:32.600 INFO:teuthology.orchestra.run.smithi135.stdout:/usr/bin/ceph: stderr
2024-05-20T17:23:31.954+0000 7f63054c5700 1 --2- 172.21.15.135:0/295191137 >> [v2:172.21.15.135:6800/3053430682,v1:172.21.15.135:6801/3053430682] conn(0x7f62ec039000 0x7f62ec03b510 unknown :-1 s=CLOSED pgs=7 cs=0 l=1 rev1=1 crypto rx=0 tx=0 comp rx=0 tx=0).stop
2024-05-20T17:23:32.601 INFO:teuthology.orchestra.run.smithi135.stdout:/usr/bin/ceph: stderr
2024-05-20T17:23:31.954+0000 7f63054c5700 1 --2- 172.21.15.135:0/295191137 >> [v2:172.21.15.135:3300/0,v1:172.21.15.135:6789/0] conn(0x7f630007c580 0x7f630019cf00 unknown :-1 s=CLOSED pgs=21 cs=0 l=1 rev1=1 crypto rx=0 tx=0 comp rx=0 tx=0).stop
2024-05-20T17:23:32.601 INFO:teuthology.orchestra.run.smithi135.stdout:/usr/bin/ceph: stderr
2024-05-20T17:23:31.954+0000 7f63054c5700 1 -- 172.21.15.135:0/295191137 >> 172.21.15.135:0/295191137 conn(0x7f63001030c0 msgr2=0x7f6300104970 unknown :-1 s=STATE_NONE l=0).mark_down
2024-05-20T17:23:32.601 INFO:teuthology.orchestra.run.smithi135.stdout:/usr/bin/ceph: stderr
2024-05-20T17:23:31.954+0000 7f63054c5700 1 -- 172.21.15.135:0/295191137 shutdown_connections
2024-05-20T17:23:32.601 INFO:teuthology.orchestra.run.smithi135.stdout:/usr/bin/ceph: stderr
2024-05-20T17:23:31.954+0000 7f63054c5700 1 -- 172.21.15.135:0/295191137 wait complete.
2024-05-20T17:23:32.601 INFO:teuthology.orchestra.run.smithi135.stdout:Enabling cephadm module...
2024-05-20T17:23:33.512 INFO:journalctl@ceph.mon.a.smithi135.stdout:May 20 17:23:33 smithi135 ceph-mon[32027]: from='client.? 172.21.15.135:0/2337226664' entity='client.admin' cmd=[{"prefix": "mgr module enable", "module": "cephadm"}]: dispatch
2024-05-20T17:23:33.512 INFO:journalctl@ceph.mgr.x.smithi135.stdout:May 20 17:23:33 smithi135 ceph-76c4e726-16cd-11ef-bc9a-c7b262605968-mgr-x[32256]: ignoring --setuser ceph since I am not root
2024-05-20T17:23:33.513 INFO:journalctl@ceph.mgr.x.smithi135.stdout:May 20 17:23:33 smithi135 ceph-76c4e726-16cd-11ef-bc9a-c7b262605968-mgr-x[32256]: ignoring --setgroup ceph since I am not root
2024-05-20T17:23:33.513 INFO:journalctl@ceph.mgr.x.smithi135.stdout:May 20 17:23:33 smithi135 ceph-76c4e726-16cd-11ef-bc9a-c7b262605968-mgr-x[32256]:
2024-05-20T17:23:33.511+0000 7fd792ede200 -1 mgr[py] Module balancer has missing NOTIFY_TYPES member
2024-05-20T17:23:33.806 INFO:journalctl@ceph.mgr.x.smithi135.stdout:May 20 17:23:33 smithi135 ceph-76c4e726-16cd-11ef-bc9a-c7b262605968-mgr-x[32256]:
2024-05-20T17:23:33.702+0000 7fd792ede200 -1 mgr[py] Module orchestrator has missing NOTIFY_TYPES member
2024-05-20T17:23:33.806 INFO:journalctl@ceph.mgr.x.smithi135.stdout:May 20 17:23:33 smithi135 ceph-76c4e726-16cd-11ef-bc9a-c7b262605968-mgr-x[32256]:
2024-05-20T17:23:33.805+0000 7fd792ede200 -1 mgr[py] Module snap_schedule has missing NOTIFY_TYPES member
2024-05-20T17:23:33.921 INFO:teuthology.orchestra.run.smithi135.stdout:/usr/bin/ceph: stderr
2024-05-20T17:23:32.991+0000 7f3ddb2ee700 1 Processor -- start
2024-05-20T17:23:33.921 INFO:teuthology.orchestra.run.smithi135.stdout:/usr/bin/ceph: stderr
2024-05-20T17:23:32.991+0000 7f3ddb2ee700 1 -- start start
2024-05-20T17:23:33.921 INFO:teuthology.orchestra.run.smithi135.stdout:/usr/bin/ceph: stderr
2024-05-20T17:23:32.991+0000 7f3ddb2ee700 1 --2- >> [v2:172.21.15.135:3300/0,v1:172.21.15.135:6789/0] conn(0x7f3dd4108b90 0x7f3dd4108fa0 unknown :-1 s=NONE pgs=0 cs=0 l=0 rev1=0 crypto rx=0 tx=0 comp rx=0 tx=0).connect
2024-05-20T17:23:33.921 INFO:teuthology.orchestra.run.smithi135.stdout:/usr/bin/ceph: stderr
2024-05-20T17:23:32.991+0000 7f3ddb2ee700 1 -- --> [v2:172.21.15.135:3300/0,v1:172.21.15.135:6789/0] -- mon_getmap magic: 0 -- 0x7f3dd4109590 con 0x7f3dd4108b90
2024-05-20T17:23:33.921 INFO:teuthology.orchestra.run.smithi135.stdout:/usr/bin/ceph: stderr
2024-05-20T17:23:32.991+0000 7f3dd908a700 1 --2- >> [v2:172.21.15.135:3300/0,v1:172.21.15.135:6789/0] conn(0x7f3dd4108b90 0x7f3dd4108fa0 unknown :-1 s=BANNER_CONNECTING pgs=0 cs=0 l=0 rev1=0 crypto rx=0 tx=0 comp rx=0 tx=0)._handle_peer_banner_payload supported=3 required=0
2024-05-20T17:23:33.921 INFO:teuthology.orchestra.run.smithi135.stdout:/usr/bin/ceph: stderr
2024-05-20T17:23:32.991+0000 7f3dd908a700 1 --2- >> [v2:172.21.15.135:3300/0,v1:172.21.15.135:6789/0] conn(0x7f3dd4108b90 0x7f3dd4108fa0 unknown :-1 s=HELLO_CONNECTING pgs=0 cs=0 l=0 rev1=1 crypto rx=0 tx=0 comp rx=0 tx=0).handle_hello peer v2:172.21.15.135:3300/0 says I am v2:172.21.15.135:49088/0 (socket says 172.21.15.135:49088)
2024-05-20T17:23:33.921 INFO:teuthology.orchestra.run.smithi135.stdout:/usr/bin/ceph: stderr
2024-05-20T17:23:32.991+0000 7f3dd908a700 1 -- 172.21.15.135:0/1744555978 learned_addr learned my addr 172.21.15.135:0/1744555978 (peer_addr_for_me v2:172.21.15.135:0/0)
2024-05-20T17:23:33.921 INFO:teuthology.orchestra.run.smithi135.stdout:/usr/bin/ceph: stderr
2024-05-20T17:23:32.992+0000 7f3dd908a700 1 -- 172.21.15.135:0/1744555978 --> [v2:172.21.15.135:3300/0,v1:172.21.15.135:6789/0] -- mon_subscribe({config=0+,monmap=0+}) -- 0x7f3dd4109cc0 con 0x7f3dd4108b90
2024-05-20T17:23:33.921 INFO:teuthology.orchestra.run.smithi135.stdout:/usr/bin/ceph: stderr
2024-05-20T17:23:32.992+0000 7f3dd908a700 1 --2- 172.21.15.135:0/1744555978 >> [v2:172.21.15.135:3300/0,v1:172.21.15.135:6789/0] conn(0x7f3dd4108b90 0x7f3dd4108fa0 secure :-1 s=READY pgs=22 cs=0 l=1 rev1=1 crypto rx=0x7f3dd00098a0 tx=0x7f3dd0009bb0 comp rx=0 tx=0).ready entity=mon.0 client_cookie=45c47404b22924f6 server_cookie=0 in_seq=0 out_seq=0
2024-05-20T17:23:33.921 INFO:teuthology.orchestra.run.smithi135.stdout:/usr/bin/ceph: stderr
2024-05-20T17:23:32.992+0000 7f3dcbfff700 1 -- 172.21.15.135:0/1744555978 <== mon.0 v2:172.21.15.135:3300/0 1 ==== mon_map magic: 0 ==== 205+0+0 (secure 0 0 0) 0x7f3dd0004160 con 0x7f3dd4108b90
2024-05-20T17:23:33.922 INFO:teuthology.orchestra.run.smithi135.stdout:/usr/bin/ceph: stderr
2024-05-20T17:23:32.992+0000 7f3dcbfff700 1 -- 172.21.15.135:0/1744555978 <== mon.0 v2:172.21.15.135:3300/0 2 ==== config(27 keys) ==== 1109+0+0 (secure 0 0 0) 0x7f3dd0004300 con 0x7f3dd4108b90
2024-05-20T17:23:33.922 INFO:teuthology.orchestra.run.smithi135.stdout:/usr/bin/ceph: stderr
2024-05-20T17:23:32.992+0000 7f3dcbfff700 1 -- 172.21.15.135:0/1744555978 <== mon.0 v2:172.21.15.135:3300/0 3 ==== mon_map magic: 0 ==== 205+0+0 (secure 0 0 0) 0x7f3dd0011b50 con 0x7f3dd4108b90
2024-05-20T17:23:33.922 INFO:teuthology.orchestra.run.smithi135.stdout:/usr/bin/ceph: stderr
2024-05-20T17:23:32.993+0000 7f3ddb2ee700 1 -- 172.21.15.135:0/1744555978 >> [v2:172.21.15.135:3300/0,v1:172.21.15.135:6789/0] conn(0x7f3dd4108b90 msgr2=0x7f3dd4108fa0 secure :-1 s=STATE_CONNECTION_ESTABLISHED l=1).mark_down
2024-05-20T17:23:33.922 INFO:teuthology.orchestra.run.smithi135.stdout:/usr/bin/ceph: stderr
2024-05-20T17:23:32.993+0000 7f3ddb2ee700 1 --2- 172.21.15.135:0/1744555978 >> [v2:172.21.15.135:3300/0,v1:172.21.15.135:6789/0] conn(0x7f3dd4108b90 0x7f3dd4108fa0 secure :-1 s=READY pgs=22 cs=0 l=1 rev1=1 crypto rx=0x7f3dd00098a0 tx=0x7f3dd0009bb0 comp rx=0 tx=0).stop
2024-05-20T17:23:33.922 INFO:teuthology.orchestra.run.smithi135.stdout:/usr/bin/ceph: stderr
2024-05-20T17:23:32.993+0000 7f3ddb2ee700 1 -- 172.21.15.135:0/1744555978 shutdown_connections
2024-05-20T17:23:33.922 INFO:teuthology.orchestra.run.smithi135.stdout:/usr/bin/ceph: stderr
2024-05-20T17:23:32.993+0000 7f3ddb2ee700 1 --2- 172.21.15.135:0/1744555978 >> [v2:172.21.15.135:3300/0,v1:172.21.15.135:6789/0] conn(0x7f3dd4108b90 0x7f3dd4108fa0 unknown :-1 s=CLOSED pgs=22 cs=0 l=1 rev1=1 crypto rx=0 tx=0 comp rx=0 tx=0).stop
2024-05-20T17:23:33.922 INFO:teuthology.orchestra.run.smithi135.stdout:/usr/bin/ceph: stderr
2024-05-20T17:23:32.993+0000 7f3ddb2ee700 1 -- 172.21.15.135:0/1744555978 >> 172.21.15.135:0/1744555978 conn(0x7f3dd4104230 msgr2=0x7f3dd4106680 unknown :-1 s=STATE_NONE l=0).mark_down
2024-05-20T17:23:33.922 INFO:teuthology.orchestra.run.smithi135.stdout:/usr/bin/ceph: stderr
2024-05-20T17:23:32.993+0000 7f3ddb2ee700 1 -- 172.21.15.135:0/1744555978 shutdown_connections
2024-05-20T17:23:33.922 INFO:teuthology.orchestra.run.smithi135.stdout:/usr/bin/ceph: stderr
2024-05-20T17:23:32.993+0000 7f3ddb2ee700 1 -- 172.21.15.135:0/1744555978 wait complete.
2024-05-20T17:23:33.922 INFO:teuthology.orchestra.run.smithi135.stdout:/usr/bin/ceph: stderr
2024-05-20T17:23:32.994+0000 7f3ddb2ee700 1 Processor -- start
2024-05-20T17:23:33.922 INFO:teuthology.orchestra.run.smithi135.stdout:/usr/bin/ceph: stderr
2024-05-20T17:23:32.994+0000 7f3ddb2ee700 1 -- start start
2024-05-20T17:23:33.922 INFO:teuthology.orchestra.run.smithi135.stdout:/usr/bin/ceph: stderr
2024-05-20T17:23:32.994+0000 7f3ddb2ee700 1 --2- >> [v2:172.21.15.135:3300/0,v1:172.21.15.135:6789/0] conn(0x7f3dd4108b90 0x7f3dd419cfc0 unknown :-1 s=NONE pgs=0 cs=0 l=1 rev1=0 crypto rx=0 tx=0 comp rx=0 tx=0).connect
2024-05-20T17:23:33.923 INFO:teuthology.orchestra.run.smithi135.stdout:/usr/bin/ceph: stderr
2024-05-20T17:23:32.994+0000 7f3ddb2ee700 1 -- --> [v2:172.21.15.135:3300/0,v1:172.21.15.135:6789/0] -- mon_getmap magic: 0 -- 0x7f3dd410d070 con 0x7f3dd4108b90
2024-05-20T17:23:33.923 INFO:teuthology.orchestra.run.smithi135.stdout:/usr/bin/ceph: stderr
2024-05-20T17:23:32.994+0000 7f3dd908a700 1 --2- >> [v2:172.21.15.135:3300/0,v1:172.21.15.135:6789/0] conn(0x7f3dd4108b90 0x7f3dd419cfc0 unknown :-1 s=BANNER_CONNECTING pgs=0 cs=0 l=1 rev1=0 crypto rx=0 tx=0 comp rx=0 tx=0)._handle_peer_banner_payload supported=3 required=0
2024-05-20T17:23:33.923 INFO:teuthology.orchestra.run.smithi135.stdout:/usr/bin/ceph: stderr
2024-05-20T17:23:32.994+0000 7f3dd908a700 1 --2- >> [v2:172.21.15.135:3300/0,v1:172.21.15.135:6789/0] conn(0x7f3dd4108b90 0x7f3dd419cfc0 unknown :-1 s=HELLO_CONNECTING pgs=0 cs=0 l=1 rev1=1 crypto rx=0 tx=0 comp rx=0 tx=0).handle_hello peer v2:172.21.15.135:3300/0 says I am v2:172.21.15.135:49102/0 (socket says 172.21.15.135:49102)
2024-05-20T17:23:33.923 INFO:teuthology.orchestra.run.smithi135.stdout:/usr/bin/ceph: stderr
2024-05-20T17:23:32.994+0000 7f3dd908a700 1 -- 172.21.15.135:0/2337226664 learned_addr learned my addr 172.21.15.135:0/2337226664 (peer_addr_for_me v2:172.21.15.135:0/0)
2024-05-20T17:23:33.923 INFO:teuthology.orchestra.run.smithi135.stdout:/usr/bin/ceph: stderr
2024-05-20T17:23:32.994+0000 7f3dd908a700 1 -- 172.21.15.135:0/2337226664 --> [v2:172.21.15.135:3300/0,v1:172.21.15.135:6789/0] -- mon_subscribe({config=0+,monmap=0+}) -- 0x7f3dd419d500 con 0x7f3dd4108b90
2024-05-20T17:23:33.923 INFO:teuthology.orchestra.run.smithi135.stdout:/usr/bin/ceph: stderr
2024-05-20T17:23:32.994+0000 7f3dd908a700 1 --2- 172.21.15.135:0/2337226664 >> [v2:172.21.15.135:3300/0,v1:172.21.15.135:6789/0] conn(0x7f3dd4108b90 0x7f3dd419cfc0 secure :-1 s=READY pgs=23 cs=0 l=1 rev1=1 crypto rx=0x7f3dd0009fb0 tx=0x7f3dd0011c10 comp rx=0 tx=0).ready entity=mon.0 client_cookie=0 server_cookie=0 in_seq=0 out_seq=0
2024-05-20T17:23:33.923 INFO:teuthology.orchestra.run.smithi135.stdout:/usr/bin/ceph: stderr
2024-05-20T17:23:32.994+0000 7f3dca7fc700 1 -- 172.21.15.135:0/2337226664 <== mon.0 v2:172.21.15.135:3300/0 1 ==== mon_map magic: 0 ==== 205+0+0 (secure 0 0 0) 0x7f3dd00038b0 con 0x7f3dd4108b90
2024-05-20T17:23:33.923 INFO:teuthology.orchestra.run.smithi135.stdout:/usr/bin/ceph: stderr
2024-05-20T17:23:32.994+0000 7f3dca7fc700 1 -- 172.21.15.135:0/2337226664 <== mon.0 v2:172.21.15.135:3300/0 2 ==== config(27 keys) ==== 1109+0+0 (secure 0 0 0) 0x7f3dd0011e50 con 0x7f3dd4108b90
2024-05-20T17:23:33.923 INFO:teuthology.orchestra.run.smithi135.stdout:/usr/bin/ceph: stderr
2024-05-20T17:23:32.994+0000 7f3ddb2ee700 1 -- 172.21.15.135:0/2337226664 --> [v2:172.21.15.135:3300/0,v1:172.21.15.135:6789/0] -- mon_subscribe({mgrmap=0+}) -- 0x7f3dd419d790 con 0x7f3dd4108b90
2024-05-20T17:23:33.923 INFO:teuthology.orchestra.run.smithi135.stdout:/usr/bin/ceph: stderr
2024-05-20T17:23:32.995+0000 7f3dca7fc700 1 -- 172.21.15.135:0/2337226664 <== mon.0 v2:172.21.15.135:3300/0 3 ==== mon_map magic: 0 ==== 205+0+0 (secure 0 0 0) 0x7f3dd001a430 con 0x7f3dd4108b90
2024-05-20T17:23:33.923 INFO:teuthology.orchestra.run.smithi135.stdout:/usr/bin/ceph: stderr
2024-05-20T17:23:32.995+0000 7f3ddb2ee700 1 -- 172.21.15.135:0/2337226664 --> [v2:172.21.15.135:3300/0,v1:172.21.15.135:6789/0] -- mon_subscribe({osdmap=0}) -- 0x7f3dd41a03a0 con 0x7f3dd4108b90
2024-05-20T17:23:33.923 INFO:teuthology.orchestra.run.smithi135.stdout:/usr/bin/ceph: stderr
2024-05-20T17:23:32.996+0000 7f3dca7fc700 1 -- 172.21.15.135:0/2337226664 <== mon.0 v2:172.21.15.135:3300/0 4 ==== mgrmap(e 4) ==== 46276+0+0 (secure 0 0 0) 0x7f3dd001a6e0 con 0x7f3dd4108b90
2024-05-20T17:23:33.923 INFO:teuthology.orchestra.run.smithi135.stdout:/usr/bin/ceph: stderr
2024-05-20T17:23:32.996+0000 7f3ddb2ee700 1 -- 172.21.15.135:0/2337226664 --> [v2:172.21.15.135:3300/0,v1:172.21.15.135:6789/0] -- mon_command({"prefix": "get_command_descriptions"} v 0) -- 0x7f3dd4063ca0 con 0x7f3dd4108b90
2024-05-20T17:23:33.923 INFO:teuthology.orchestra.run.smithi135.stdout:/usr/bin/ceph: stderr
2024-05-20T17:23:32.996+0000 7f3dca7fc700 1 --2- 172.21.15.135:0/2337226664 >> [v2:172.21.15.135:6800/3053430682,v1:172.21.15.135:6801/3053430682] conn(0x7f3dc0039000 0x7f3dc003b510 unknown :-1 s=NONE pgs=0 cs=0 l=1 rev1=0 crypto rx=0 tx=0 comp rx=0 tx=0).connect
2024-05-20T17:23:33.924 INFO:teuthology.orchestra.run.smithi135.stdout:/usr/bin/ceph: stderr
2024-05-20T17:23:32.996+0000 7f3dca7fc700 1 -- 172.21.15.135:0/2337226664 <== mon.0 v2:172.21.15.135:3300/0 5 ==== osd_map(1..1 src has 1..1) ==== 725+0+0 (secure 0 0 0) 0x7f3dd004d0b0 con 0x7f3dd4108b90
2024-05-20T17:23:33.924 INFO:teuthology.orchestra.run.smithi135.stdout:/usr/bin/ceph: stderr
2024-05-20T17:23:32.996+0000 7f3dd8889700 1 --2- 172.21.15.135:0/2337226664 >> [v2:172.21.15.135:6800/3053430682,v1:172.21.15.135:6801/3053430682] conn(0x7f3dc0039000 0x7f3dc003b510 unknown :-1 s=BANNER_CONNECTING pgs=0 cs=0 l=1 rev1=0 crypto rx=0 tx=0 comp rx=0 tx=0)._handle_peer_banner_payload supported=3 required=0
2024-05-20T17:23:33.924 INFO:teuthology.orchestra.run.smithi135.stdout:/usr/bin/ceph: stderr
2024-05-20T17:23:32.996+0000 7f3dd8889700 1 --2- 172.21.15.135:0/2337226664 >> [v2:172.21.15.135:6800/3053430682,v1:172.21.15.135:6801/3053430682] conn(0x7f3dc0039000 0x7f3dc003b510 secure :-1 s=READY pgs=8 cs=0 l=1 rev1=1 crypto rx=0x7f3dc4006fd0 tx=0x7f3dc4006e40 comp rx=0 tx=0).ready entity=mgr.14100 client_cookie=0 server_cookie=0 in_seq=0 out_seq=0
2024-05-20T17:23:33.924 INFO:teuthology.orchestra.run.smithi135.stdout:/usr/bin/ceph: stderr
2024-05-20T17:23:33.001+0000 7f3dca7fc700 1 -- 172.21.15.135:0/2337226664 <== mon.0 v2:172.21.15.135:3300/0 6 ==== mon_command_ack([{"prefix": "get_command_descriptions"}]=0 v0) ==== 72+0+186418 (secure 0 0 0) 0x7f3dd0024440 con 0x7f3dd4108b90
2024-05-20T17:23:33.924 INFO:teuthology.orchestra.run.smithi135.stdout:/usr/bin/ceph: stderr
2024-05-20T17:23:33.249+0000 7f3ddb2ee700 1 -- 172.21.15.135:0/2337226664 --> [v2:172.21.15.135:3300/0,v1:172.21.15.135:6789/0] -- mon_command({"prefix": "mgr module enable", "module": "cephadm"} v 0) -- 0x7f3dd41a0a20 con 0x7f3dd4108b90
2024-05-20T17:23:33.924 INFO:teuthology.orchestra.run.smithi135.stdout:/usr/bin/ceph: stderr
2024-05-20T17:23:33.301+0000 7f3dca7fc700 1 -- 172.21.15.135:0/2337226664 <== mon.0 v2:172.21.15.135:3300/0 7 ==== mon_command_ack([{"prefix": "mgr module enable", "module": "cephadm"}]=0 v5) ==== 86+0+0 (secure 0 0 0) 0x7f3dd002d770 con 0x7f3dd4108b90
2024-05-20T17:23:33.924 INFO:teuthology.orchestra.run.smithi135.stdout:/usr/bin/ceph: stderr
2024-05-20T17:23:33.303+0000 7f3dca7fc700 1 -- 172.21.15.135:0/2337226664 <== mon.0 v2:172.21.15.135:3300/0 8 ==== mgrmap(e 5) ==== 46287+0+0 (secure 0 0 0) 0x7f3dd0018350 con 0x7f3dd4108b90
2024-05-20T17:23:33.924 INFO:teuthology.orchestra.run.smithi135.stdout:/usr/bin/ceph: stderr
2024-05-20T17:23:33.304+0000 7f3ddb2ee700 1 -- 172.21.15.135:0/2337226664 >> [v2:172.21.15.135:6800/3053430682,v1:172.21.15.135:6801/3053430682] conn(0x7f3dc0039000 msgr2=0x7f3dc003b510 secure :-1 s=STATE_CONNECTION_ESTABLISHED l=1).mark_down
2024-05-20T17:23:33.924 INFO:teuthology.orchestra.run.smithi135.stdout:/usr/bin/ceph: stderr
2024-05-20T17:23:33.304+0000 7f3ddb2ee700 1 --2- 172.21.15.135:0/2337226664 >> [v2:172.21.15.135:6800/3053430682,v1:172.21.15.135:6801/3053430682] conn(0x7f3dc0039000 0x7f3dc003b510 secure :-1 s=READY pgs=8 cs=0 l=1 rev1=1 crypto rx=0x7f3dc4006fd0 tx=0x7f3dc4006e40 comp rx=0 tx=0).stop
2024-05-20T17:23:33.924 INFO:teuthology.orchestra.run.smithi135.stdout:/usr/bin/ceph: stderr
2024-05-20T17:23:33.304+0000 7f3ddb2ee700 1 -- 172.21.15.135:0/2337226664 >> [v2:172.21.15.135:3300/0,v1:172.21.15.135:6789/0] conn(0x7f3dd4108b90 msgr2=0x7f3dd419cfc0 secure :-1 s=STATE_CONNECTION_ESTABLISHED l=1).mark_down
2024-05-20T17:23:33.924 INFO:teuthology.orchestra.run.smithi135.stdout:/usr/bin/ceph: stderr
2024-05-20T17:23:33.304+0000 7f3ddb2ee700 1 --2- 172.21.15.135:0/2337226664 >> [v2:172.21.15.135:3300/0,v1:172.21.15.135:6789/0] conn(0x7f3dd4108b90 0x7f3dd419cfc0 secure :-1 s=READY pgs=23 cs=0 l=1 rev1=1 crypto rx=0x7f3dd0009fb0 tx=0x7f3dd0011c10 comp rx=0 tx=0).stop
2024-05-20T17:23:33.924 INFO:teuthology.orchestra.run.smithi135.stdout:/usr/bin/ceph: stderr
2024-05-20T17:23:33.304+0000 7f3ddb2ee700 1 -- 172.21.15.135:0/2337226664 shutdown_connections
2024-05-20T17:23:33.924 INFO:teuthology.orchestra.run.smithi135.stdout:/usr/bin/ceph: stderr
2024-05-20T17:23:33.304+0000 7f3ddb2ee700 1 --2- 172.21.15.135:0/2337226664 >> [v2:172.21.15.135:6800/3053430682,v1:172.21.15.135:6801/3053430682] conn(0x7f3dc0039000 0x7f3dc003b510 unknown :-1 s=CLOSED pgs=8 cs=0 l=1 rev1=1 crypto rx=0 tx=0 comp rx=0 tx=0).stop
2024-05-20T17:23:33.925 INFO:teuthology.orchestra.run.smithi135.stdout:/usr/bin/ceph: stderr
2024-05-20T17:23:33.304+0000 7f3ddb2ee700 1 --2- 172.21.15.135:0/2337226664 >> [v2:172.21.15.135:3300/0,v1:172.21.15.135:6789/0] conn(0x7f3dd4108b90 0x7f3dd419cfc0 unknown :-1 s=CLOSED pgs=23 cs=0 l=1 rev1=1 crypto rx=0 tx=0 comp rx=0 tx=0).stop
2024-05-20T17:23:33.925 INFO:teuthology.orchestra.run.smithi135.stdout:/usr/bin/ceph: stderr
2024-05-20T17:23:33.304+0000 7f3ddb2ee700 1 -- 172.21.15.135:0/2337226664 >> 172.21.15.135:0/2337226664 conn(0x7f3dd4104230 msgr2=0x7f3dd4104ac0 unknown :-1 s=STATE_NONE l=0).mark_down
2024-05-20T17:23:33.925 INFO:teuthology.orchestra.run.smithi135.stdout:/usr/bin/ceph: stderr
2024-05-20T17:23:33.305+0000 7f3ddb2ee700 1 -- 172.21.15.135:0/2337226664 shutdown_connections
2024-05-20T17:23:33.925 INFO:teuthology.orchestra.run.smithi135.stdout:/usr/bin/ceph: stderr
2024-05-20T17:23:33.305+0000 7f3ddb2ee700 1 -- 172.21.15.135:0/2337226664 wait complete.
2024-05-20T17:23:34.454 INFO:journalctl@ceph.mon.a.smithi135.stdout:May 20 17:23:34 smithi135 ceph-mon[32027]: from='client.? 172.21.15.135:0/2337226664' entity='client.admin' cmd='[{"prefix": "mgr module enable", "module": "cephadm"}]': finished
2024-05-20T17:23:34.454 INFO:journalctl@ceph.mon.a.smithi135.stdout:May 20 17:23:34 smithi135 ceph-mon[32027]: mgrmap e5: x(active, since 6s)
2024-05-20T17:23:34.454 INFO:journalctl@ceph.mgr.x.smithi135.stdout:May 20 17:23:34 smithi135 ceph-76c4e726-16cd-11ef-bc9a-c7b262605968-mgr-x[32256]:
2024-05-20T17:23:34.122+0000 7fd792ede200 -1 mgr[py] Module progress has missing NOTIFY_TYPES member
2024-05-20T17:23:34.454 INFO:journalctl@ceph.mgr.x.smithi135.stdout:May 20 17:23:34 smithi135 ceph-76c4e726-16cd-11ef-bc9a-c7b262605968-mgr-x[32256]:
2024-05-20T17:23:34.212+0000 7fd792ede200 -1 mgr[py] Module influx has missing NOTIFY_TYPES member
2024-05-20T17:23:35.219 INFO:teuthology.orchestra.run.smithi135.stdout:/usr/bin/ceph: stdout {
2024-05-20T17:23:35.219 INFO:teuthology.orchestra.run.smithi135.stdout:/usr/bin/ceph: stdout "epoch": 5,
2024-05-20T17:23:35.219 INFO:teuthology.orchestra.run.smithi135.stdout:/usr/bin/ceph: stdout "available": true,
2024-05-20T17:23:35.220 INFO:teuthology.orchestra.run.smithi135.stdout:/usr/bin/ceph: stdout "active_name": "x",
2024-05-20T17:23:35.220 INFO:teuthology.orchestra.run.smithi135.stdout:/usr/bin/ceph: stdout "num_standby": 0
2024-05-20T17:23:35.220 INFO:teuthology.orchestra.run.smithi135.stdout:/usr/bin/ceph: stdout }
2024-05-20T17:23:35.220 INFO:teuthology.orchestra.run.smithi135.stdout:/usr/bin/ceph: stderr
2024-05-20T17:23:34.352+0000 7fb0d495a700 1 Processor -- start
2024-05-20T17:23:35.220 INFO:teuthology.orchestra.run.smithi135.stdout:/usr/bin/ceph: stderr
2024-05-20T17:23:34.352+0000 7fb0d495a700 1 -- start start
2024-05-20T17:23:35.220 INFO:teuthology.orchestra.run.smithi135.stdout:/usr/bin/ceph: stderr
2024-05-20T17:23:34.352+0000 7fb0d495a700 1 --2- >> [v2:172.21.15.135:3300/0,v1:172.21.15.135:6789/0] conn(0x7fb0d0108f60 0x7fb0d0109370 unknown :-1 s=NONE pgs=0 cs=0 l=0 rev1=0 crypto rx=0 tx=0 comp rx=0 tx=0).connect
2024-05-20T17:23:35.220 INFO:teuthology.orchestra.run.smithi135.stdout:/usr/bin/ceph: stderr
2024-05-20T17:23:34.352+0000 7fb0d495a700 1 -- --> [v2:172.21.15.135:3300/0,v1:172.21.15.135:6789/0] -- mon_getmap magic: 0 -- 0x7fb0d0109980 con 0x7fb0d0108f60
2024-05-20T17:23:35.220 INFO:teuthology.orchestra.run.smithi135.stdout:/usr/bin/ceph: stderr
2024-05-20T17:23:34.352+0000 7fb0ce59c700 1 --2- >> [v2:172.21.15.135:3300/0,v1:172.21.15.135:6789/0] conn(0x7fb0d0108f60 0x7fb0d0109370 unknown :-1 s=BANNER_CONNECTING pgs=0 cs=0 l=0 rev1=0 crypto rx=0 tx=0 comp rx=0 tx=0)._handle_peer_banner_payload supported=3 required=0
2024-05-20T17:23:35.220 INFO:teuthology.orchestra.run.smithi135.stdout:/usr/bin/ceph: stderr
2024-05-20T17:23:34.352+0000 7fb0ce59c700 1 --2- >> [v2:172.21.15.135:3300/0,v1:172.21.15.135:6789/0] conn(0x7fb0d0108f60 0x7fb0d0109370 unknown :-1 s=HELLO_CONNECTING pgs=0 cs=0 l=0 rev1=1 crypto rx=0 tx=0 comp rx=0 tx=0).handle_hello peer v2:172.21.15.135:3300/0 says I am v2:172.21.15.135:49130/0 (socket says 172.21.15.135:49130)
2024-05-20T17:23:35.220 INFO:teuthology.orchestra.run.smithi135.stdout:/usr/bin/ceph: stderr
2024-05-20T17:23:34.352+0000 7fb0ce59c700 1 -- 172.21.15.135:0/1690376505 learned_addr learned my addr 172.21.15.135:0/1690376505 (peer_addr_for_me v2:172.21.15.135:0/0)
2024-05-20T17:23:35.220 INFO:teuthology.orchestra.run.smithi135.stdout:/usr/bin/ceph: stderr
2024-05-20T17:23:34.353+0000 7fb0ce59c700 1 -- 172.21.15.135:0/1690376505 --> [v2:172.21.15.135:3300/0,v1:172.21.15.135:6789/0] -- mon_subscribe({config=0+,monmap=0+}) -- 0x7fb0d0107b90 con 0x7fb0d0108f60
2024-05-20T17:23:35.220 INFO:teuthology.orchestra.run.smithi135.stdout:/usr/bin/ceph: stderr
2024-05-20T17:23:34.353+0000 7fb0ce59c700 1 --2- 172.21.15.135:0/1690376505 >> [v2:172.21.15.135:3300/0,v1:172.21.15.135:6789/0] conn(0x7fb0d0108f60 0x7fb0d0109370 secure :-1 s=READY pgs=26 cs=0 l=1 rev1=1 crypto rx=0x7fb0c00098a0 tx=0x7fb0c0009bb0 comp rx=0 tx=0).ready entity=mon.0 client_cookie=f0add345855f6b9a server_cookie=0 in_seq=0 out_seq=0
2024-05-20T17:23:35.221 INFO:teuthology.orchestra.run.smithi135.stdout:/usr/bin/ceph: stderr
2024-05-20T17:23:34.353+0000 7fb0cd59a700 1 -- 172.21.15.135:0/1690376505 <== mon.0 v2:172.21.15.135:3300/0 1 ==== mon_map magic: 0 ==== 205+0+0 (secure 0 0 0) 0x7fb0c0004160 con 0x7fb0d0108f60
2024-05-20T17:23:35.221 INFO:teuthology.orchestra.run.smithi135.stdout:/usr/bin/ceph: stderr
2024-05-20T17:23:34.353+0000 7fb0cd59a700 1 -- 172.21.15.135:0/1690376505 <== mon.0 v2:172.21.15.135:3300/0 2 ==== config(27 keys) ==== 1109+0+0 (secure 0 0 0) 0x7fb0c0004300 con 0x7fb0d0108f60
2024-05-20T17:23:35.221 INFO:teuthology.orchestra.run.smithi135.stdout:/usr/bin/ceph: stderr
2024-05-20T17:23:34.353+0000 7fb0cd59a700 1 -- 172.21.15.135:0/1690376505 <== mon.0 v2:172.21.15.135:3300/0 3 ==== mon_map magic: 0 ==== 205+0+0 (secure 0 0 0) 0x7fb0c0011b50 con 0x7fb0d0108f60
2024-05-20T17:23:35.221 INFO:teuthology.orchestra.run.smithi135.stdout:/usr/bin/ceph: stderr
2024-05-20T17:23:34.354+0000 7fb0d495a700 1 -- 172.21.15.135:0/1690376505 >> [v2:172.21.15.135:3300/0,v1:172.21.15.135:6789/0] conn(0x7fb0d0108f60 msgr2=0x7fb0d0109370 secure :-1 s=STATE_CONNECTION_ESTABLISHED l=1).mark_down
2024-05-20T17:23:35.221 INFO:teuthology.orchestra.run.smithi135.stdout:/usr/bin/ceph: stderr
2024-05-20T17:23:34.354+0000 7fb0d495a700 1 --2- 172.21.15.135:0/1690376505 >> [v2:172.21.15.135:3300/0,v1:172.21.15.135:6789/0] conn(0x7fb0d0108f60 0x7fb0d0109370 secure :-1 s=READY pgs=26 cs=0 l=1 rev1=1 crypto rx=0x7fb0c00098a0 tx=0x7fb0c0009bb0 comp rx=0 tx=0).stop
