2024-05-20T17:23:42.409+0000 7f6cf8f63700 1 -- 172.21.15.135:0/1216524012 wait complete.
2024-05-20T17:23:43.241 INFO:teuthology.orchestra.run.smithi135.stdout:/usr/bin/ceph: stderr
2024-05-20T17:23:42.409+0000 7f6cf8f63700 1 Processor -- start
2024-05-20T17:23:43.241 INFO:teuthology.orchestra.run.smithi135.stdout:/usr/bin/ceph: stderr
2024-05-20T17:23:42.409+0000 7f6cf8f63700 1 -- start start
2024-05-20T17:23:43.241 INFO:teuthology.orchestra.run.smithi135.stdout:/usr/bin/ceph: stderr
2024-05-20T17:23:42.410+0000 7f6cf8f63700 1 --2- >> [v2:172.21.15.135:3300/0,v1:172.21.15.135:6789/0] conn(0x7f6cf4107450 0x7f6cf419f1c0 unknown :-1 s=NONE pgs=0 cs=0 l=1 rev1=0 crypto rx=0 tx=0 comp rx=0 tx=0).connect
2024-05-20T17:23:43.241 INFO:teuthology.orchestra.run.smithi135.stdout:/usr/bin/ceph: stderr
2024-05-20T17:23:42.410+0000 7f6cf8f63700 1 -- --> [v2:172.21.15.135:3300/0,v1:172.21.15.135:6789/0] -- mon_getmap magic: 0 -- 0x7f6cf4108e80 con 0x7f6cf4107450
2024-05-20T17:23:43.241 INFO:teuthology.orchestra.run.smithi135.stdout:/usr/bin/ceph: stderr
2024-05-20T17:23:42.410+0000 7f6cf259c700 1 --2- >> [v2:172.21.15.135:3300/0,v1:172.21.15.135:6789/0] conn(0x7f6cf4107450 0x7f6cf419f1c0 unknown :-1 s=BANNER_CONNECTING pgs=0 cs=0 l=1 rev1=0 crypto rx=0 tx=0 comp rx=0 tx=0)._handle_peer_banner_payload supported=3 required=0
2024-05-20T17:23:43.241 INFO:teuthology.orchestra.run.smithi135.stdout:/usr/bin/ceph: stderr
2024-05-20T17:23:42.410+0000 7f6cf259c700 1 --2- >> [v2:172.21.15.135:3300/0,v1:172.21.15.135:6789/0] conn(0x7f6cf4107450 0x7f6cf419f1c0 unknown :-1 s=HELLO_CONNECTING pgs=0 cs=0 l=1 rev1=1 crypto rx=0 tx=0 comp rx=0 tx=0).handle_hello peer v2:172.21.15.135:3300/0 says I am v2:172.21.15.135:60604/0 (socket says 172.21.15.135:60604)
2024-05-20T17:23:43.241 INFO:teuthology.orchestra.run.smithi135.stdout:/usr/bin/ceph: stderr
2024-05-20T17:23:42.410+0000 7f6cf259c700 1 -- 172.21.15.135:0/2625052412 learned_addr learned my addr 172.21.15.135:0/2625052412 (peer_addr_for_me v2:172.21.15.135:0/0)
2024-05-20T17:23:43.241 INFO:teuthology.orchestra.run.smithi135.stdout:/usr/bin/ceph: stderr
2024-05-20T17:23:42.410+0000 7f6cf259c700 1 -- 172.21.15.135:0/2625052412 --> [v2:172.21.15.135:3300/0,v1:172.21.15.135:6789/0] -- mon_subscribe({config=0+,monmap=0+}) -- 0x7f6cf419f700 con 0x7f6cf4107450
2024-05-20T17:23:43.241 INFO:teuthology.orchestra.run.smithi135.stdout:/usr/bin/ceph: stderr
2024-05-20T17:23:42.410+0000 7f6cf259c700 1 --2- 172.21.15.135:0/2625052412 >> [v2:172.21.15.135:3300/0,v1:172.21.15.135:6789/0] conn(0x7f6cf4107450 0x7f6cf419f1c0 secure :-1 s=READY pgs=38 cs=0 l=1 rev1=1 crypto rx=0x7f6ce4011850 tx=0x7f6ce4011c10 comp rx=0 tx=0).ready entity=mon.0 client_cookie=0 server_cookie=0 in_seq=0 out_seq=0
2024-05-20T17:23:43.241 INFO:teuthology.orchestra.run.smithi135.stdout:/usr/bin/ceph: stderr
2024-05-20T17:23:42.410+0000 7f6ceb7fe700 1 -- 172.21.15.135:0/2625052412 <== mon.0 v2:172.21.15.135:3300/0 1 ==== mon_map magic: 0 ==== 205+0+0 (secure 0 0 0) 0x7f6ce4003af0 con 0x7f6cf4107450
2024-05-20T17:23:43.241 INFO:teuthology.orchestra.run.smithi135.stdout:/usr/bin/ceph: stderr
2024-05-20T17:23:42.410+0000 7f6ceb7fe700 1 -- 172.21.15.135:0/2625052412 <== mon.0 v2:172.21.15.135:3300/0 2 ==== config(27 keys) ==== 1109+0+0 (secure 0 0 0) 0x7f6ce4020070 con 0x7f6cf4107450
2024-05-20T17:23:43.241 INFO:teuthology.orchestra.run.smithi135.stdout:/usr/bin/ceph: stderr
2024-05-20T17:23:42.410+0000 7f6cf8f63700 1 -- 172.21.15.135:0/2625052412 --> [v2:172.21.15.135:3300/0,v1:172.21.15.135:6789/0] -- mon_subscribe({mgrmap=0+}) -- 0x7f6cf419f990 con 0x7f6cf4107450
2024-05-20T17:23:43.242 INFO:teuthology.orchestra.run.smithi135.stdout:/usr/bin/ceph: stderr
2024-05-20T17:23:42.410+0000 7f6ceb7fe700 1 -- 172.21.15.135:0/2625052412 <== mon.0 v2:172.21.15.135:3300/0 3 ==== mon_map magic: 0 ==== 205+0+0 (secure 0 0 0) 0x7f6ce40195a0 con 0x7f6cf4107450
2024-05-20T17:23:43.242 INFO:teuthology.orchestra.run.smithi135.stdout:/usr/bin/ceph: stderr
2024-05-20T17:23:42.410+0000 7f6cf8f63700 1 -- 172.21.15.135:0/2625052412 --> [v2:172.21.15.135:3300/0,v1:172.21.15.135:6789/0] -- mon_subscribe({osdmap=0}) -- 0x7f6cf41a25a0 con 0x7f6cf4107450
2024-05-20T17:23:43.242 INFO:teuthology.orchestra.run.smithi135.stdout:/usr/bin/ceph: stderr
2024-05-20T17:23:42.411+0000 7f6cf8f63700 1 -- 172.21.15.135:0/2625052412 --> [v2:172.21.15.135:3300/0,v1:172.21.15.135:6789/0] -- mon_command({"prefix": "get_command_descriptions"} v 0) -- 0x7f6cf4063ca0 con 0x7f6cf4107450
2024-05-20T17:23:43.242 INFO:teuthology.orchestra.run.smithi135.stdout:/usr/bin/ceph: stderr
2024-05-20T17:23:42.411+0000 7f6ceb7fe700 1 -- 172.21.15.135:0/2625052412 <== mon.0 v2:172.21.15.135:3300/0 4 ==== mgrmap(e 8) ==== 46287+0+0 (secure 0 0 0) 0x7f6ce40198a0 con 0x7f6cf4107450
2024-05-20T17:23:43.242 INFO:teuthology.orchestra.run.smithi135.stdout:/usr/bin/ceph: stderr
2024-05-20T17:23:42.412+0000 7f6ceb7fe700 1 --2- 172.21.15.135:0/2625052412 >> [v2:172.21.15.135:6800/45942653,v1:172.21.15.135:6801/45942653] conn(0x7f6ce0039050 0x7f6ce003b560 unknown :-1 s=NONE pgs=0 cs=0 l=1 rev1=0 crypto rx=0 tx=0 comp rx=0 tx=0).connect
2024-05-20T17:23:43.242 INFO:teuthology.orchestra.run.smithi135.stdout:/usr/bin/ceph: stderr
2024-05-20T17:23:42.412+0000 7f6ceb7fe700 1 -- 172.21.15.135:0/2625052412 <== mon.0 v2:172.21.15.135:3300/0 5 ==== osd_map(2..2 src has 1..2) ==== 940+0+0 (secure 0 0 0) 0x7f6ce4011e00 con 0x7f6cf4107450
2024-05-20T17:23:43.242 INFO:teuthology.orchestra.run.smithi135.stdout:/usr/bin/ceph: stderr
2024-05-20T17:23:42.412+0000 7f6cebfff700 1 --2- 172.21.15.135:0/2625052412 >> [v2:172.21.15.135:6800/45942653,v1:172.21.15.135:6801/45942653] conn(0x7f6ce0039050 0x7f6ce003b560 unknown :-1 s=BANNER_CONNECTING pgs=0 cs=0 l=1 rev1=0 crypto rx=0 tx=0 comp rx=0 tx=0)._handle_peer_banner_payload supported=3 required=0
2024-05-20T17:23:43.242 INFO:teuthology.orchestra.run.smithi135.stdout:/usr/bin/ceph: stderr
2024-05-20T17:23:42.412+0000 7f6cebfff700 1 --2- 172.21.15.135:0/2625052412 >> [v2:172.21.15.135:6800/45942653,v1:172.21.15.135:6801/45942653] conn(0x7f6ce0039050 0x7f6ce003b560 secure :-1 s=READY pgs=7 cs=0 l=1 rev1=1 crypto rx=0x7f6cdc006fd0 tx=0x7f6cdc006e40 comp rx=0 tx=0).ready entity=mgr.14120 client_cookie=0 server_cookie=0 in_seq=0 out_seq=0
2024-05-20T17:23:43.242 INFO:teuthology.orchestra.run.smithi135.stdout:/usr/bin/ceph: stderr
2024-05-20T17:23:42.417+0000 7f6ceb7fe700 1 -- 172.21.15.135:0/2625052412 <== mon.0 v2:172.21.15.135:3300/0 6 ==== mon_command_ack([{"prefix": "get_command_descriptions"}]=0 v0) ==== 72+0+186418 (secure 0 0 0) 0x7f6ce4003c90 con 0x7f6cf4107450
2024-05-20T17:23:43.242 INFO:teuthology.orchestra.run.smithi135.stdout:/usr/bin/ceph: stderr
2024-05-20T17:23:42.626+0000 7f6cf8f63700 1 -- 172.21.15.135:0/2625052412 --> [v2:172.21.15.135:6800/45942653,v1:172.21.15.135:6801/45942653] -- mgr_command(tid 0: {"prefix": "orch set backend", "module_name": "cephadm", "target": ["mon-mgr", ""]}) -- 0x7f6cf402dfd0 con 0x7f6ce0039050
2024-05-20T17:23:43.242 INFO:teuthology.orchestra.run.smithi135.stdout:/usr/bin/ceph: stderr
2024-05-20T17:23:42.634+0000 7f6ceb7fe700 1 -- 172.21.15.135:0/2625052412 <== mgr.14120 v2:172.21.15.135:6800/45942653 1 ==== mgr_command_reply(tid 0: 0 ) ==== 8+0+0 (secure 0 0 0) 0x7f6cf402dfd0 con 0x7f6ce0039050
2024-05-20T17:23:43.242 INFO:teuthology.orchestra.run.smithi135.stdout:/usr/bin/ceph: stderr
2024-05-20T17:23:42.636+0000 7f6cf8f63700 1 -- 172.21.15.135:0/2625052412 >> [v2:172.21.15.135:6800/45942653,v1:172.21.15.135:6801/45942653] conn(0x7f6ce0039050 msgr2=0x7f6ce003b560 secure :-1 s=STATE_CONNECTION_ESTABLISHED l=1).mark_down
2024-05-20T17:23:43.243 INFO:teuthology.orchestra.run.smithi135.stdout:/usr/bin/ceph: stderr
2024-05-20T17:23:42.636+0000 7f6cf8f63700 1 --2- 172.21.15.135:0/2625052412 >> [v2:172.21.15.135:6800/45942653,v1:172.21.15.135:6801/45942653] conn(0x7f6ce0039050 0x7f6ce003b560 secure :-1 s=READY pgs=7 cs=0 l=1 rev1=1 crypto rx=0x7f6cdc006fd0 tx=0x7f6cdc006e40 comp rx=0 tx=0).stop
2024-05-20T17:23:43.243 INFO:teuthology.orchestra.run.smithi135.stdout:/usr/bin/ceph: stderr
2024-05-20T17:23:42.636+0000 7f6cf8f63700 1 -- 172.21.15.135:0/2625052412 >> [v2:172.21.15.135:3300/0,v1:172.21.15.135:6789/0] conn(0x7f6cf4107450 msgr2=0x7f6cf419f1c0 secure :-1 s=STATE_CONNECTION_ESTABLISHED l=1).mark_down
2024-05-20T17:23:43.243 INFO:teuthology.orchestra.run.smithi135.stdout:/usr/bin/ceph: stderr
2024-05-20T17:23:42.636+0000 7f6cf8f63700 1 --2- 172.21.15.135:0/2625052412 >> [v2:172.21.15.135:3300/0,v1:172.21.15.135:6789/0] conn(0x7f6cf4107450 0x7f6cf419f1c0 secure :-1 s=READY pgs=38 cs=0 l=1 rev1=1 crypto rx=0x7f6ce4011850 tx=0x7f6ce4011c10 comp rx=0 tx=0).stop
2024-05-20T17:23:43.243 INFO:teuthology.orchestra.run.smithi135.stdout:/usr/bin/ceph: stderr
2024-05-20T17:23:42.636+0000 7f6cf8f63700 1 -- 172.21.15.135:0/2625052412 shutdown_connections
2024-05-20T17:23:43.243 INFO:teuthology.orchestra.run.smithi135.stdout:/usr/bin/ceph: stderr
2024-05-20T17:23:42.636+0000 7f6cf8f63700 1 --2- 172.21.15.135:0/2625052412 >> [v2:172.21.15.135:6800/45942653,v1:172.21.15.135:6801/45942653] conn(0x7f6ce0039050 0x7f6ce003b560 unknown :-1 s=CLOSED pgs=7 cs=0 l=1 rev1=1 crypto rx=0 tx=0 comp rx=0 tx=0).stop
2024-05-20T17:23:43.243 INFO:teuthology.orchestra.run.smithi135.stdout:/usr/bin/ceph: stderr
2024-05-20T17:23:42.636+0000 7f6cf8f63700 1 --2- 172.21.15.135:0/2625052412 >> [v2:172.21.15.135:3300/0,v1:172.21.15.135:6789/0] conn(0x7f6cf4107450 0x7f6cf419f1c0 unknown :-1 s=CLOSED pgs=38 cs=0 l=1 rev1=1 crypto rx=0 tx=0 comp rx=0 tx=0).stop
2024-05-20T17:23:43.243 INFO:teuthology.orchestra.run.smithi135.stdout:/usr/bin/ceph: stderr
2024-05-20T17:23:42.636+0000 7f6cf8f63700 1 -- 172.21.15.135:0/2625052412 >> 172.21.15.135:0/2625052412 conn(0x7f6cf41030c0 msgr2=0x7f6cf41931a0 unknown :-1 s=STATE_NONE l=0).mark_down
2024-05-20T17:23:43.243 INFO:teuthology.orchestra.run.smithi135.stdout:/usr/bin/ceph: stderr
2024-05-20T17:23:42.637+0000 7f6cf8f63700 1 -- 172.21.15.135:0/2625052412 shutdown_connections
2024-05-20T17:23:43.243 INFO:teuthology.orchestra.run.smithi135.stdout:/usr/bin/ceph: stderr
2024-05-20T17:23:42.637+0000 7f6cf8f63700 1 -- 172.21.15.135:0/2625052412 wait complete.
2024-05-20T17:23:43.535 INFO:journalctl@ceph.mon.a.smithi135.stdout:May 20 17:23:43 smithi135 ceph-mon[32027]: mgrmap e8: x(active, since 2s)
2024-05-20T17:23:43.535 INFO:journalctl@ceph.mon.a.smithi135.stdout:May 20 17:23:43 smithi135 ceph-mon[32027]: from='mgr.14120 172.21.15.135:0/4233377045' entity='mgr.x'
2024-05-20T17:23:43.535 INFO:journalctl@ceph.mon.a.smithi135.stdout:May 20 17:23:43 smithi135 ceph-mon[32027]: from='mgr.14120 172.21.15.135:0/4233377045' entity='mgr.x' cmd=[{"prefix": "config dump", "format": "json"}]: dispatch
2024-05-20T17:23:44.422 INFO:journalctl@ceph.mon.a.smithi135.stdout:May 20 17:23:44 smithi135 ceph-mon[32027]: from='client.14132 -' entity='client.admin' cmd=[{"prefix": "orch set backend", "module_name": "cephadm", "target": ["mon-mgr", ""]}]: dispatch
2024-05-20T17:23:44.429 INFO:teuthology.orchestra.run.smithi135.stdout:/usr/bin/ceph: stdout value unchanged
2024-05-20T17:23:44.430 INFO:teuthology.orchestra.run.smithi135.stdout:/usr/bin/ceph: stderr
2024-05-20T17:23:43.645+0000 7fe6356cc700 1 Processor -- start
2024-05-20T17:23:44.430 INFO:teuthology.orchestra.run.smithi135.stdout:/usr/bin/ceph: stderr
2024-05-20T17:23:43.645+0000 7fe6356cc700 1 -- start start
2024-05-20T17:23:44.430 INFO:teuthology.orchestra.run.smithi135.stdout:/usr/bin/ceph: stderr
2024-05-20T17:23:43.645+0000 7fe6356cc700 1 --2- >> [v2:172.21.15.135:3300/0,v1:172.21.15.135:6789/0] conn(0x7fe6301079f0 0x7fe630107e00 unknown :-1 s=NONE pgs=0 cs=0 l=0 rev1=0 crypto rx=0 tx=0 comp rx=0 tx=0).connect
2024-05-20T17:23:44.430 INFO:teuthology.orchestra.run.smithi135.stdout:/usr/bin/ceph: stderr
2024-05-20T17:23:43.646+0000 7fe6356cc700 1 -- --> [v2:172.21.15.135:3300/0,v1:172.21.15.135:6789/0] -- mon_getmap magic: 0 -- 0x7fe6301083f0 con 0x7fe6301079f0
2024-05-20T17:23:44.430 INFO:teuthology.orchestra.run.smithi135.stdout:/usr/bin/ceph: stderr
2024-05-20T17:23:43.646+0000 7fe62effd700 1 --2- >> [v2:172.21.15.135:3300/0,v1:172.21.15.135:6789/0] conn(0x7fe6301079f0 0x7fe630107e00 unknown :-1 s=BANNER_CONNECTING pgs=0 cs=0 l=0 rev1=0 crypto rx=0 tx=0 comp rx=0 tx=0)._handle_peer_banner_payload supported=3 required=0
2024-05-20T17:23:44.430 INFO:teuthology.orchestra.run.smithi135.stdout:/usr/bin/ceph: stderr
2024-05-20T17:23:43.646+0000 7fe62effd700 1 --2- >> [v2:172.21.15.135:3300/0,v1:172.21.15.135:6789/0] conn(0x7fe6301079f0 0x7fe630107e00 unknown :-1 s=HELLO_CONNECTING pgs=0 cs=0 l=0 rev1=1 crypto rx=0 tx=0 comp rx=0 tx=0).handle_hello peer v2:172.21.15.135:3300/0 says I am v2:172.21.15.135:60612/0 (socket says 172.21.15.135:60612)
2024-05-20T17:23:44.430 INFO:teuthology.orchestra.run.smithi135.stdout:/usr/bin/ceph: stderr
2024-05-20T17:23:43.646+0000 7fe62effd700 1 -- 172.21.15.135:0/426846401 learned_addr learned my addr 172.21.15.135:0/426846401 (peer_addr_for_me v2:172.21.15.135:0/0)
2024-05-20T17:23:44.430 INFO:teuthology.orchestra.run.smithi135.stdout:/usr/bin/ceph: stderr
2024-05-20T17:23:43.646+0000 7fe62effd700 1 -- 172.21.15.135:0/426846401 --> [v2:172.21.15.135:3300/0,v1:172.21.15.135:6789/0] -- mon_subscribe({config=0+,monmap=0+}) -- 0x7fe630108bc0 con 0x7fe6301079f0
2024-05-20T17:23:44.430 INFO:teuthology.orchestra.run.smithi135.stdout:/usr/bin/ceph: stderr
2024-05-20T17:23:43.646+0000 7fe62effd700 1 --2- 172.21.15.135:0/426846401 >> [v2:172.21.15.135:3300/0,v1:172.21.15.135:6789/0] conn(0x7fe6301079f0 0x7fe630107e00 secure :-1 s=READY pgs=39 cs=0 l=1 rev1=1 crypto rx=0x7fe6200098a0 tx=0x7fe620009bb0 comp rx=0 tx=0).ready entity=mon.0 client_cookie=50c1ba98fa7d94a9 server_cookie=0 in_seq=0 out_seq=0
2024-05-20T17:23:44.430 INFO:teuthology.orchestra.run.smithi135.stdout:/usr/bin/ceph: stderr
2024-05-20T17:23:43.646+0000 7fe62e7fc700 1 -- 172.21.15.135:0/426846401 <== mon.0 v2:172.21.15.135:3300/0 1 ==== mon_map magic: 0 ==== 205+0+0 (secure 0 0 0) 0x7fe620004160 con 0x7fe6301079f0
2024-05-20T17:23:44.431 INFO:teuthology.orchestra.run.smithi135.stdout:/usr/bin/ceph: stderr
2024-05-20T17:23:43.646+0000 7fe62e7fc700 1 -- 172.21.15.135:0/426846401 <== mon.0 v2:172.21.15.135:3300/0 2 ==== config(27 keys) ==== 1109+0+0 (secure 0 0 0) 0x7fe620004300 con 0x7fe6301079f0
2024-05-20T17:23:44.431 INFO:teuthology.orchestra.run.smithi135.stdout:/usr/bin/ceph: stderr
2024-05-20T17:23:43.646+0000 7fe62e7fc700 1 -- 172.21.15.135:0/426846401 <== mon.0 v2:172.21.15.135:3300/0 3 ==== mon_map magic: 0 ==== 205+0+0 (secure 0 0 0) 0x7fe620011b50 con 0x7fe6301079f0
2024-05-20T17:23:44.431 INFO:teuthology.orchestra.run.smithi135.stdout:/usr/bin/ceph: stderr
2024-05-20T17:23:43.647+0000 7fe6356cc700 1 -- 172.21.15.135:0/426846401 >> [v2:172.21.15.135:3300/0,v1:172.21.15.135:6789/0] conn(0x7fe6301079f0 msgr2=0x7fe630107e00 secure :-1 s=STATE_CONNECTION_ESTABLISHED l=1).mark_down
2024-05-20T17:23:44.431 INFO:teuthology.orchestra.run.smithi135.stdout:/usr/bin/ceph: stderr
2024-05-20T17:23:43.647+0000 7fe6356cc700 1 --2- 172.21.15.135:0/426846401 >> [v2:172.21.15.135:3300/0,v1:172.21.15.135:6789/0] conn(0x7fe6301079f0 0x7fe630107e00 secure :-1 s=READY pgs=39 cs=0 l=1 rev1=1 crypto rx=0x7fe6200098a0 tx=0x7fe620009bb0 comp rx=0 tx=0).stop
2024-05-20T17:23:44.431 INFO:teuthology.orchestra.run.smithi135.stdout:/usr/bin/ceph: stderr
2024-05-20T17:23:43.647+0000 7fe6356cc700 1 -- 172.21.15.135:0/426846401 shutdown_connections
2024-05-20T17:23:44.431 INFO:teuthology.orchestra.run.smithi135.stdout:/usr/bin/ceph: stderr
2024-05-20T17:23:43.647+0000 7fe6356cc700 1 --2- 172.21.15.135:0/426846401 >> [v2:172.21.15.135:3300/0,v1:172.21.15.135:6789/0] conn(0x7fe6301079f0 0x7fe630107e00 unknown :-1 s=CLOSED pgs=39 cs=0 l=1 rev1=1 crypto rx=0 tx=0 comp rx=0 tx=0).stop
2024-05-20T17:23:44.431 INFO:teuthology.orchestra.run.smithi135.stdout:/usr/bin/ceph: stderr
2024-05-20T17:23:43.647+0000 7fe6356cc700 1 -- 172.21.15.135:0/426846401 >> 172.21.15.135:0/426846401 conn(0x7fe630103030 msgr2=0x7fe6301054e0 unknown :-1 s=STATE_NONE l=0).mark_down
2024-05-20T17:23:44.431 INFO:teuthology.orchestra.run.smithi135.stdout:/usr/bin/ceph: stderr
2024-05-20T17:23:43.647+0000 7fe6356cc700 1 -- 172.21.15.135:0/426846401 shutdown_connections
2024-05-20T17:23:44.431 INFO:teuthology.orchestra.run.smithi135.stdout:/usr/bin/ceph: stderr
2024-05-20T17:23:43.647+0000 7fe6356cc700 1 -- 172.21.15.135:0/426846401 wait complete.
2024-05-20T17:23:44.431 INFO:teuthology.orchestra.run.smithi135.stdout:/usr/bin/ceph: stderr
2024-05-20T17:23:43.648+0000 7fe6356cc700 1 Processor -- start
2024-05-20T17:23:44.431 INFO:teuthology.orchestra.run.smithi135.stdout:/usr/bin/ceph: stderr
2024-05-20T17:23:43.648+0000 7fe6356cc700 1 -- start start
2024-05-20T17:23:44.431 INFO:teuthology.orchestra.run.smithi135.stdout:/usr/bin/ceph: stderr
2024-05-20T17:23:43.648+0000 7fe6356cc700 1 --2- >> [v2:172.21.15.135:3300/0,v1:172.21.15.135:6789/0] conn(0x7fe6301079f0 0x7fe63007c3a0 unknown :-1 s=NONE pgs=0 cs=0 l=1 rev1=0 crypto rx=0 tx=0 comp rx=0 tx=0).connect
2024-05-20T17:23:44.432 INFO:teuthology.orchestra.run.smithi135.stdout:/usr/bin/ceph: stderr
2024-05-20T17:23:43.648+0000 7fe6356cc700 1 -- --> [v2:172.21.15.135:3300/0,v1:172.21.15.135:6789/0] -- mon_getmap magic: 0 -- 0x7fe63010bf70 con 0x7fe6301079f0
2024-05-20T17:23:44.432 INFO:teuthology.orchestra.run.smithi135.stdout:/usr/bin/ceph: stderr
2024-05-20T17:23:43.648+0000 7fe62effd700 1 --2- >> [v2:172.21.15.135:3300/0,v1:172.21.15.135:6789/0] conn(0x7fe6301079f0 0x7fe63007c3a0 unknown :-1 s=BANNER_CONNECTING pgs=0 cs=0 l=1 rev1=0 crypto rx=0 tx=0 comp rx=0 tx=0)._handle_peer_banner_payload supported=3 required=0
2024-05-20T17:23:44.432 INFO:teuthology.orchestra.run.smithi135.stdout:/usr/bin/ceph: stderr
2024-05-20T17:23:43.648+0000 7fe62effd700 1 --2- >> [v2:172.21.15.135:3300/0,v1:172.21.15.135:6789/0] conn(0x7fe6301079f0 0x7fe63007c3a0 unknown :-1 s=HELLO_CONNECTING pgs=0 cs=0 l=1 rev1=1 crypto rx=0 tx=0 comp rx=0 tx=0).handle_hello peer v2:172.21.15.135:3300/0 says I am v2:172.21.15.135:60622/0 (socket says 172.21.15.135:60622)
2024-05-20T17:23:44.432 INFO:teuthology.orchestra.run.smithi135.stdout:/usr/bin/ceph: stderr
2024-05-20T17:23:43.648+0000 7fe62effd700 1 -- 172.21.15.135:0/1239889946 learned_addr learned my addr 172.21.15.135:0/1239889946 (peer_addr_for_me v2:172.21.15.135:0/0)
2024-05-20T17:23:44.432 INFO:teuthology.orchestra.run.smithi135.stdout:/usr/bin/ceph: stderr
2024-05-20T17:23:43.649+0000 7fe62effd700 1 -- 172.21.15.135:0/1239889946 --> [v2:172.21.15.135:3300/0,v1:172.21.15.135:6789/0] -- mon_subscribe({config=0+,monmap=0+}) -- 0x7fe63007c8e0 con 0x7fe6301079f0
2024-05-20T17:23:44.432 INFO:teuthology.orchestra.run.smithi135.stdout:/usr/bin/ceph: stderr
2024-05-20T17:23:43.649+0000 7fe62effd700 1 --2- 172.21.15.135:0/1239889946 >> [v2:172.21.15.135:3300/0,v1:172.21.15.135:6789/0] conn(0x7fe6301079f0 0x7fe63007c3a0 secure :-1 s=READY pgs=40 cs=0 l=1 rev1=1 crypto rx=0x7fe6200046e0 tx=0x7fe620011c10 comp rx=0 tx=0).ready entity=mon.0 client_cookie=0 server_cookie=0 in_seq=0 out_seq=0
2024-05-20T17:23:44.432 INFO:teuthology.orchestra.run.smithi135.stdout:/usr/bin/ceph: stderr
2024-05-20T17:23:43.649+0000 7fe62cff9700 1 -- 172.21.15.135:0/1239889946 <== mon.0 v2:172.21.15.135:3300/0 1 ==== mon_map magic: 0 ==== 205+0+0 (secure 0 0 0) 0x7fe6200039e0 con 0x7fe6301079f0
2024-05-20T17:23:44.432 INFO:teuthology.orchestra.run.smithi135.stdout:/usr/bin/ceph: stderr
2024-05-20T17:23:43.649+0000 7fe6356cc700 1 -- 172.21.15.135:0/1239889946 --> [v2:172.21.15.135:3300/0,v1:172.21.15.135:6789/0] -- mon_subscribe({mgrmap=0+}) -- 0x7fe63019fd90 con 0x7fe6301079f0
2024-05-20T17:23:44.432 INFO:teuthology.orchestra.run.smithi135.stdout:/usr/bin/ceph: stderr
2024-05-20T17:23:43.649+0000 7fe62cff9700 1 -- 172.21.15.135:0/1239889946 <== mon.0 v2:172.21.15.135:3300/0 2 ==== config(27 keys) ==== 1109+0+0 (secure 0 0 0) 0x7fe620003b80 con 0x7fe6301079f0
2024-05-20T17:23:44.432 INFO:teuthology.orchestra.run.smithi135.stdout:/usr/bin/ceph: stderr
2024-05-20T17:23:43.649+0000 7fe62cff9700 1 -- 172.21.15.135:0/1239889946 <== mon.0 v2:172.21.15.135:3300/0 3 ==== mon_map magic: 0 ==== 205+0+0 (secure 0 0 0) 0x7fe620024690 con 0x7fe6301079f0
2024-05-20T17:23:44.432 INFO:teuthology.orchestra.run.smithi135.stdout:/usr/bin/ceph: stderr
2024-05-20T17:23:43.649+0000 7fe6356cc700 1 -- 172.21.15.135:0/1239889946 --> [v2:172.21.15.135:3300/0,v1:172.21.15.135:6789/0] -- mon_subscribe({osdmap=0}) -- 0x7fe6301a0210 con 0x7fe6301079f0
2024-05-20T17:23:44.432 INFO:teuthology.orchestra.run.smithi135.stdout:/usr/bin/ceph: stderr
2024-05-20T17:23:43.650+0000 7fe6356cc700 1 -- 172.21.15.135:0/1239889946 --> [v2:172.21.15.135:3300/0,v1:172.21.15.135:6789/0] -- mon_command({"prefix": "get_command_descriptions"} v 0) -- 0x7fe630063ca0 con 0x7fe6301079f0
2024-05-20T17:23:44.432 INFO:teuthology.orchestra.run.smithi135.stdout:/usr/bin/ceph: stderr
2024-05-20T17:23:43.650+0000 7fe62cff9700 1 -- 172.21.15.135:0/1239889946 <== mon.0 v2:172.21.15.135:3300/0 4 ==== mgrmap(e 8) ==== 46287+0+0 (secure 0 0 0) 0x7fe620022020 con 0x7fe6301079f0
2024-05-20T17:23:44.433 INFO:teuthology.orchestra.run.smithi135.stdout:/usr/bin/ceph: stderr
2024-05-20T17:23:43.650+0000 7fe62cff9700 1 --2- 172.21.15.135:0/1239889946 >> [v2:172.21.15.135:6800/45942653,v1:172.21.15.135:6801/45942653] conn(0x7fe61c0390a0 0x7fe61c03b5b0 unknown :-1 s=NONE pgs=0 cs=0 l=1 rev1=0 crypto rx=0 tx=0 comp rx=0 tx=0).connect
2024-05-20T17:23:44.433 INFO:teuthology.orchestra.run.smithi135.stdout:/usr/bin/ceph: stderr
2024-05-20T17:23:43.650+0000 7fe62cff9700 1 -- 172.21.15.135:0/1239889946 <== mon.0 v2:172.21.15.135:3300/0 5 ==== osd_map(2..2 src has 1..2) ==== 940+0+0 (secure 0 0 0) 0x7fe620011e00 con 0x7fe6301079f0
2024-05-20T17:23:44.433 INFO:teuthology.orchestra.run.smithi135.stdout:/usr/bin/ceph: stderr
2024-05-20T17:23:43.650+0000 7fe6267fc700 1 --2- 172.21.15.135:0/1239889946 >> [v2:172.21.15.135:6800/45942653,v1:172.21.15.135:6801/45942653] conn(0x7fe61c0390a0 0x7fe61c03b5b0 unknown :-1 s=BANNER_CONNECTING pgs=0 cs=0 l=1 rev1=0 crypto rx=0 tx=0 comp rx=0 tx=0)._handle_peer_banner_payload supported=3 required=0
2024-05-20T17:23:44.433 INFO:teuthology.orchestra.run.smithi135.stdout:/usr/bin/ceph: stderr
2024-05-20T17:23:43.651+0000 7fe6267fc700 1 --2- 172.21.15.135:0/1239889946 >> [v2:172.21.15.135:6800/45942653,v1:172.21.15.135:6801/45942653] conn(0x7fe61c0390a0 0x7fe61c03b5b0 secure :-1 s=READY pgs=8 cs=0 l=1 rev1=1 crypto rx=0x7fe618006fd0 tx=0x7fe618006e40 comp rx=0 tx=0).ready entity=mgr.14120 client_cookie=0 server_cookie=0 in_seq=0 out_seq=0
2024-05-20T17:23:44.433 INFO:teuthology.orchestra.run.smithi135.stdout:/usr/bin/ceph: stderr
2024-05-20T17:23:43.656+0000 7fe62cff9700 1 -- 172.21.15.135:0/1239889946 <== mon.0 v2:172.21.15.135:3300/0 6 ==== mon_command_ack([{"prefix": "get_command_descriptions"}]=0 v0) ==== 72+0+186418 (secure 0 0 0) 0x7fe620003d30 con 0x7fe6301079f0
2024-05-20T17:23:44.433 INFO:teuthology.orchestra.run.smithi135.stdout:/usr/bin/ceph: stderr
2024-05-20T17:23:43.851+0000 7fe6356cc700 1 -- 172.21.15.135:0/1239889946 --> [v2:172.21.15.135:6800/45942653,v1:172.21.15.135:6801/45942653] -- mgr_command(tid 0: {"prefix": "cephadm set-user", "user": "root", "target": ["mon-mgr", ""]}) -- 0x7fe630104150 con 0x7fe61c0390a0
2024-05-20T17:23:44.433 INFO:teuthology.orchestra.run.smithi135.stdout:/usr/bin/ceph: stderr
2024-05-20T17:23:43.852+0000 7fe62cff9700 1 -- 172.21.15.135:0/1239889946 <== mgr.14120 v2:172.21.15.135:6800/45942653 1 ==== mgr_command_reply(tid 0: 0 ) ==== 8+0+16 (secure 0 0 0) 0x7fe630104150 con 0x7fe61c0390a0
2024-05-20T17:23:44.433 INFO:teuthology.orchestra.run.smithi135.stdout:/usr/bin/ceph: stderr
2024-05-20T17:23:43.854+0000 7fe6356cc700 1 -- 172.21.15.135:0/1239889946 >> [v2:172.21.15.135:6800/45942653,v1:172.21.15.135:6801/45942653] conn(0x7fe61c0390a0 msgr2=0x7fe61c03b5b0 secure :-1 s=STATE_CONNECTION_ESTABLISHED l=1).mark_down
2024-05-20T17:23:44.433 INFO:teuthology.orchestra.run.smithi135.stdout:/usr/bin/ceph: stderr
2024-05-20T17:23:43.854+0000 7fe6356cc700 1 --2- 172.21.15.135:0/1239889946 >> [v2:172.21.15.135:6800/45942653,v1:172.21.15.135:6801/45942653] conn(0x7fe61c0390a0 0x7fe61c03b5b0 secure :-1 s=READY pgs=8 cs=0 l=1 rev1=1 crypto rx=0x7fe618006fd0 tx=0x7fe618006e40 comp rx=0 tx=0).stop
2024-05-20T17:23:44.433 INFO:teuthology.orchestra.run.smithi135.stdout:/usr/bin/ceph: stderr
2024-05-20T17:23:43.854+0000 7fe6356cc700 1 -- 172.21.15.135:0/1239889946 >> [v2:172.21.15.135:3300/0,v1:172.21.15.135:6789/0] conn(0x7fe6301079f0 msgr2=0x7fe63007c3a0 secure :-1 s=STATE_CONNECTION_ESTABLISHED l=1).mark_down
2024-05-20T17:23:44.433 INFO:teuthology.orchestra.run.smithi135.stdout:/usr/bin/ceph: stderr
2024-05-20T17:23:43.854+0000 7fe6356cc700 1 --2- 172.21.15.135:0/1239889946 >> [v2:172.21.15.135:3300/0,v1:172.21.15.135:6789/0] conn(0x7fe6301079f0 0x7fe63007c3a0 secure :-1 s=READY pgs=40 cs=0 l=1 rev1=1 crypto rx=0x7fe6200046e0 tx=0x7fe620011c10 comp rx=0 tx=0).stop
2024-05-20T17:23:44.433 INFO:teuthology.orchestra.run.smithi135.stdout:/usr/bin/ceph: stderr
2024-05-20T17:23:43.854+0000 7fe6356cc700 1 -- 172.21.15.135:0/1239889946 shutdown_connections
2024-05-20T17:23:44.433 INFO:teuthology.orchestra.run.smithi135.stdout:/usr/bin/ceph: stderr
2024-05-20T17:23:43.854+0000 7fe6356cc700 1 --2- 172.21.15.135:0/1239889946 >> [v2:172.21.15.135:6800/45942653,v1:172.21.15.135:6801/45942653] conn(0x7fe61c0390a0 0x7fe61c03b5b0 unknown :-1 s=CLOSED pgs=8 cs=0 l=1 rev1=1 crypto rx=0 tx=0 comp rx=0 tx=0).stop
2024-05-20T17:23:44.434 INFO:teuthology.orchestra.run.smithi135.stdout:/usr/bin/ceph: stderr
2024-05-20T17:23:43.854+0000 7fe6356cc700 1 --2- 172.21.15.135:0/1239889946 >> [v2:172.21.15.135:3300/0,v1:172.21.15.135:6789/0] conn(0x7fe6301079f0 0x7fe63007c3a0 unknown :-1 s=CLOSED pgs=40 cs=0 l=1 rev1=1 crypto rx=0 tx=0 comp rx=0 tx=0).stop
2024-05-20T17:23:44.434 INFO:teuthology.orchestra.run.smithi135.stdout:/usr/bin/ceph: stderr
2024-05-20T17:23:43.854+0000 7fe6356cc700 1 -- 172.21.15.135:0/1239889946 >> 172.21.15.135:0/1239889946 conn(0x7fe630103030 msgr2=0x7fe6301039c0 unknown :-1 s=STATE_NONE l=0).mark_down
2024-05-20T17:23:44.434 INFO:teuthology.orchestra.run.smithi135.stdout:/usr/bin/ceph: stderr
2024-05-20T17:23:43.855+0000 7fe6356cc700 1 -- 172.21.15.135:0/1239889946 shutdown_connections
2024-05-20T17:23:44.434 INFO:teuthology.orchestra.run.smithi135.stdout:/usr/bin/ceph: stderr
2024-05-20T17:23:43.855+0000 7fe6356cc700 1 -- 172.21.15.135:0/1239889946 wait complete.
2024-05-20T17:23:44.434 INFO:teuthology.orchestra.run.smithi135.stdout:Generating ssh key...
2024-05-20T17:23:45.331 INFO:journalctl@ceph.mgr.x.smithi135.stdout:May 20 17:23:45 smithi135 ceph-76c4e726-16cd-11ef-bc9a-c7b262605968-mgr-x[32256]: Generating public/private rsa key pair.
2024-05-20T17:23:45.331 INFO:journalctl@ceph.mgr.x.smithi135.stdout:May 20 17:23:45 smithi135 ceph-76c4e726-16cd-11ef-bc9a-c7b262605968-mgr-x[32256]: Your identification has been saved in /tmp/tmppw6d6lsy/key.
2024-05-20T17:23:45.331 INFO:journalctl@ceph.mgr.x.smithi135.stdout:May 20 17:23:45 smithi135 ceph-76c4e726-16cd-11ef-bc9a-c7b262605968-mgr-x[32256]: Your public key has been saved in /tmp/tmppw6d6lsy/key.pub.
2024-05-20T17:23:45.331 INFO:journalctl@ceph.mgr.x.smithi135.stdout:May 20 17:23:45 smithi135 ceph-76c4e726-16cd-11ef-bc9a-c7b262605968-mgr-x[32256]: The key fingerprint is:
2024-05-20T17:23:45.331 INFO:journalctl@ceph.mgr.x.smithi135.stdout:May 20 17:23:45 smithi135 ceph-76c4e726-16cd-11ef-bc9a-c7b262605968-mgr-x[32256]: SHA256:m7Rvi1wJs/cpzF+nCGvq3NI4meUqzJsP7wPIgYq6uhs ceph-76c4e726-16cd-11ef-bc9a-c7b262605968
2024-05-20T17:23:45.331 INFO:journalctl@ceph.mgr.x.smithi135.stdout:May 20 17:23:45 smithi135 ceph-76c4e726-16cd-11ef-bc9a-c7b262605968-mgr-x[32256]: The key's randomart image is:
2024-05-20T17:23:45.331 INFO:journalctl@ceph.mgr.x.smithi135.stdout:May 20 17:23:45 smithi135 ceph-76c4e726-16cd-11ef-bc9a-c7b262605968-mgr-x[32256]: +---[RSA 3072]----+
2024-05-20T17:23:45.331 INFO:journalctl@ceph.mgr.x.smithi135.stdout:May 20 17:23:45 smithi135 ceph-76c4e726-16cd-11ef-bc9a-c7b262605968-mgr-x[32256]: | |
2024-05-20T17:23:45.331 INFO:journalctl@ceph.mgr.x.smithi135.stdout:May 20 17:23:45 smithi135 ceph-76c4e726-16cd-11ef-bc9a-c7b262605968-mgr-x[32256]: | |
2024-05-20T17:23:45.331 INFO:journalctl@ceph.mgr.x.smithi135.stdout:May 20 17:23:45 smithi135 ceph-76c4e726-16cd-11ef-bc9a-c7b262605968-mgr-x[32256]: | . |
2024-05-20T17:23:45.332 INFO:journalctl@ceph.mgr.x.smithi135.stdout:May 20 17:23:45 smithi135 ceph-76c4e726-16cd-11ef-bc9a-c7b262605968-mgr-x[32256]: | . . |
2024-05-20T17:23:45.332 INFO:journalctl@ceph.mgr.x.smithi135.stdout:May 20 17:23:45 smithi135 ceph-76c4e726-16cd-11ef-bc9a-c7b262605968-mgr-x[32256]: |.. . o S |
2024-05-20T17:23:45.332 INFO:journalctl@ceph.mgr.x.smithi135.stdout:May 20 17:23:45 smithi135 ceph-76c4e726-16cd-11ef-bc9a-c7b262605968-mgr-x[32256]: |o o .. B.. |
2024-05-20T17:23:45.332 INFO:journalctl@ceph.mgr.x.smithi135.stdout:May 20 17:23:45 smithi135 ceph-76c4e726-16cd-11ef-bc9a-c7b262605968-mgr-x[32256]: |E o..=X= . .|
2024-05-20T17:23:45.332 INFO:journalctl@ceph.mgr.x.smithi135.stdout:May 20 17:23:45 smithi135 ceph-76c4e726-16cd-11ef-bc9a-c7b262605968-mgr-x[32256]: |.. +*B*O+ + o |
2024-05-20T17:23:45.332 INFO:journalctl@ceph.mgr.x.smithi135.stdout:May 20 17:23:45 smithi135 ceph-76c4e726-16cd-11ef-bc9a-c7b262605968-mgr-x[32256]: |*+ o*@O=+= . |
2024-05-20T17:23:45.332 INFO:journalctl@ceph.mgr.x.smithi135.stdout:May 20 17:23:45 smithi135 ceph-76c4e726-16cd-11ef-bc9a-c7b262605968-mgr-x[32256]: +----[SHA256]-----+
2024-05-20T17:23:45.594 INFO:journalctl@ceph.mon.a.smithi135.stdout:May 20 17:23:45 smithi135 ceph-mon[32027]: from='client.14134 -' entity='client.admin' cmd=[{"prefix": "cephadm set-user", "user": "root", "target": ["mon-mgr", ""]}]: dispatch
2024-05-20T17:23:45.594 INFO:journalctl@ceph.mon.a.smithi135.stdout:May 20 17:23:45 smithi135 ceph-mon[32027]: from='mgr.14120 172.21.15.135:0/4233377045' entity='mgr.x'
2024-05-20T17:23:45.595 INFO:journalctl@ceph.mon.a.smithi135.stdout:May 20 17:23:45 smithi135 ceph-mon[32027]: from='mgr.14120 172.21.15.135:0/4233377045' entity='mgr.x'
2024-05-20T17:23:45.860 INFO:teuthology.orchestra.run.smithi135.stdout:/usr/bin/ceph: stderr
2024-05-20T17:23:44.857+0000 7f3e962e1700 1 Processor -- start
2024-05-20T17:23:45.860 INFO:teuthology.orchestra.run.smithi135.stdout:/usr/bin/ceph: stderr
2024-05-20T17:23:44.858+0000 7f3e962e1700 1 -- start start
2024-05-20T17:23:45.860 INFO:teuthology.orchestra.run.smithi135.stdout:/usr/bin/ceph: stderr
2024-05-20T17:23:44.858+0000 7f3e962e1700 1 --2- >> [v2:172.21.15.135:3300/0,v1:172.21.15.135:6789/0] conn(0x7f3e9007e8a0 0x7f3e9007ccd0 unknown :-1 s=NONE pgs=0 cs=0 l=0 rev1=0 crypto rx=0 tx=0 comp rx=0 tx=0).connect
2024-05-20T17:23:45.860 INFO:teuthology.orchestra.run.smithi135.stdout:/usr/bin/ceph: stderr
2024-05-20T17:23:44.858+0000 7f3e962e1700 1 -- --> [v2:172.21.15.135:3300/0,v1:172.21.15.135:6789/0] -- mon_getmap magic: 0 -- 0x7f3e9007d2a0 con 0x7f3e9007e8a0
2024-05-20T17:23:45.860 INFO:teuthology.orchestra.run.smithi135.stdout:/usr/bin/ceph: stderr
2024-05-20T17:23:44.858+0000 7f3e8ffff700 1 --2- >> [v2:172.21.15.135:3300/0,v1:172.21.15.135:6789/0] conn(0x7f3e9007e8a0 0x7f3e9007ccd0 unknown :-1 s=BANNER_CONNECTING pgs=0 cs=0 l=0 rev1=0 crypto rx=0 tx=0 comp rx=0 tx=0)._handle_peer_banner_payload supported=3 required=0
2024-05-20T17:23:45.861 INFO:teuthology.orchestra.run.smithi135.stdout:/usr/bin/ceph: stderr
2024-05-20T17:23:44.858+0000 7f3e8ffff700 1 --2- >> [v2:172.21.15.135:3300/0,v1:172.21.15.135:6789/0] conn(0x7f3e9007e8a0 0x7f3e9007ccd0 unknown :-1 s=HELLO_CONNECTING pgs=0 cs=0 l=0 rev1=1 crypto rx=0 tx=0 comp rx=0 tx=0).handle_hello peer v2:172.21.15.135:3300/0 says I am v2:172.21.15.135:60636/0 (socket says 172.21.15.135:60636)
2024-05-20T17:23:45.861 INFO:teuthology.orchestra.run.smithi135.stdout:/usr/bin/ceph: stderr
2024-05-20T17:23:44.858+0000 7f3e8ffff700 1 -- 172.21.15.135:0/1854983800 learned_addr learned my addr 172.21.15.135:0/1854983800 (peer_addr_for_me v2:172.21.15.135:0/0)
2024-05-20T17:23:45.861 INFO:teuthology.orchestra.run.smithi135.stdout:/usr/bin/ceph: stderr
2024-05-20T17:23:44.858+0000 7f3e8ffff700 1 -- 172.21.15.135:0/1854983800 --> [v2:172.21.15.135:3300/0,v1:172.21.15.135:6789/0] -- mon_subscribe({config=0+,monmap=0+}) -- 0x7f3e9007d420 con 0x7f3e9007e8a0
2024-05-20T17:23:45.861 INFO:teuthology.orchestra.run.smithi135.stdout:/usr/bin/ceph: stderr
2024-05-20T17:23:44.858+0000 7f3e8ffff700 1 --2- 172.21.15.135:0/1854983800 >> [v2:172.21.15.135:3300/0,v1:172.21.15.135:6789/0] conn(0x7f3e9007e8a0 0x7f3e9007ccd0 secure :-1 s=READY pgs=41 cs=0 l=1 rev1=1 crypto rx=0x7f3e800098a0 tx=0x7f3e80009bb0 comp rx=0 tx=0).ready entity=mon.0 client_cookie=8846a6d38bcccaf7 server_cookie=0 in_seq=0 out_seq=0
2024-05-20T17:23:45.861 INFO:teuthology.orchestra.run.smithi135.stdout:/usr/bin/ceph: stderr
2024-05-20T17:23:44.859+0000 7f3e8effd700 1 -- 172.21.15.135:0/1854983800 <== mon.0 v2:172.21.15.135:3300/0 1 ==== mon_map magic: 0 ==== 205+0+0 (secure 0 0 0) 0x7f3e80004160 con 0x7f3e9007e8a0
2024-05-20T17:23:45.861 INFO:teuthology.orchestra.run.smithi135.stdout:/usr/bin/ceph: stderr
2024-05-20T17:23:44.859+0000 7f3e8effd700 1 -- 172.21.15.135:0/1854983800 <== mon.0 v2:172.21.15.135:3300/0 2 ==== config(27 keys) ==== 1109+0+0 (secure 0 0 0) 0x7f3e80004300 con 0x7f3e9007e8a0
2024-05-20T17:23:45.861 INFO:teuthology.orchestra.run.smithi135.stdout:/usr/bin/ceph: stderr
2024-05-20T17:23:44.859+0000 7f3e8effd700 1 -- 172.21.15.135:0/1854983800 <== mon.0 v2:172.21.15.135:3300/0 3 ==== mon_map magic: 0 ==== 205+0+0 (secure 0 0 0) 0x7f3e80011b50 con 0x7f3e9007e8a0
2024-05-20T17:23:45.861 INFO:teuthology.orchestra.run.smithi135.stdout:/usr/bin/ceph: stderr
2024-05-20T17:23:44.859+0000 7f3e962e1700 1 -- 172.21.15.135:0/1854983800 >> [v2:172.21.15.135:3300/0,v1:172.21.15.135:6789/0] conn(0x7f3e9007e8a0 msgr2=0x7f3e9007ccd0 secure :-1 s=STATE_CONNECTION_ESTABLISHED l=1).mark_down
2024-05-20T17:23:45.861 INFO:teuthology.orchestra.run.smithi135.stdout:/usr/bin/ceph: stderr
2024-05-20T17:23:44.859+0000 7f3e962e1700 1 --2- 172.21.15.135:0/1854983800 >> [v2:172.21.15.135:3300/0,v1:172.21.15.135:6789/0] conn(0x7f3e9007e8a0 0x7f3e9007ccd0 secure :-1 s=READY pgs=41 cs=0 l=1 rev1=1 crypto rx=0x7f3e800098a0 tx=0x7f3e80009bb0 comp rx=0 tx=0).stop
2024-05-20T17:23:45.861 INFO:teuthology.orchestra.run.smithi135.stdout:/usr/bin/ceph: stderr
2024-05-20T17:23:44.859+0000 7f3e962e1700 1 -- 172.21.15.135:0/1854983800 shutdown_connections
2024-05-20T17:23:45.861 INFO:teuthology.orchestra.run.smithi135.stdout:/usr/bin/ceph: stderr
2024-05-20T17:23:44.859+0000 7f3e962e1700 1 --2- 172.21.15.135:0/1854983800 >> [v2:172.21.15.135:3300/0,v1:172.21.15.135:6789/0] conn(0x7f3e9007e8a0 0x7f3e9007ccd0 unknown :-1 s=CLOSED pgs=41 cs=0 l=1 rev1=1 crypto rx=0 tx=0 comp rx=0 tx=0).stop
2024-05-20T17:23:45.861 INFO:teuthology.orchestra.run.smithi135.stdout:/usr/bin/ceph: stderr
2024-05-20T17:23:44.859+0000 7f3e962e1700 1 -- 172.21.15.135:0/1854983800 >> 172.21.15.135:0/1854983800 conn(0x7f3e90104190 msgr2=0x7f3e901065e0 unknown :-1 s=STATE_NONE l=0).mark_down
2024-05-20T17:23:45.862 INFO:teuthology.orchestra.run.smithi135.stdout:/usr/bin/ceph: stderr
2024-05-20T17:23:44.859+0000 7f3e962e1700 1 -- 172.21.15.135:0/1854983800 shutdown_connections
2024-05-20T17:23:45.862 INFO:teuthology.orchestra.run.smithi135.stdout:/usr/bin/ceph: stderr
2024-05-20T17:23:44.859+0000 7f3e962e1700 1 -- 172.21.15.135:0/1854983800 wait complete.
2024-05-20T17:23:45.862 INFO:teuthology.orchestra.run.smithi135.stdout:/usr/bin/ceph: stderr
2024-05-20T17:23:44.860+0000 7f3e962e1700 1 Processor -- start
2024-05-20T17:23:45.862 INFO:teuthology.orchestra.run.smithi135.stdout:/usr/bin/ceph: stderr
2024-05-20T17:23:44.860+0000 7f3e962e1700 1 -- start start
2024-05-20T17:23:45.862 INFO:teuthology.orchestra.run.smithi135.stdout:/usr/bin/ceph: stderr
2024-05-20T17:23:44.860+0000 7f3e962e1700 1 --2- >> [v2:172.21.15.135:3300/0,v1:172.21.15.135:6789/0] conn(0x7f3e9007e8a0 0x7f3e9019f110 unknown :-1 s=NONE pgs=0 cs=0 l=1 rev1=0 crypto rx=0 tx=0 comp rx=0 tx=0).connect
2024-05-20T17:23:45.862 INFO:teuthology.orchestra.run.smithi135.stdout:/usr/bin/ceph: stderr
2024-05-20T17:23:44.860+0000 7f3e962e1700 1 -- --> [v2:172.21.15.135:3300/0,v1:172.21.15.135:6789/0] -- mon_getmap magic: 0 -- 0x7f3e9010f110 con 0x7f3e9007e8a0
2024-05-20T17:23:45.862 INFO:teuthology.orchestra.run.smithi135.stdout:/usr/bin/ceph: stderr
2024-05-20T17:23:44.861+0000 7f3e8ffff700 1 --2- >> [v2:172.21.15.135:3300/0,v1:172.21.15.135:6789/0] conn(0x7f3e9007e8a0 0x7f3e9019f110 unknown :-1 s=BANNER_CONNECTING pgs=0 cs=0 l=1 rev1=0 crypto rx=0 tx=0 comp rx=0 tx=0)._handle_peer_banner_payload supported=3 required=0
2024-05-20T17:23:45.862 INFO:teuthology.orchestra.run.smithi135.stdout:/usr/bin/ceph: stderr
2024-05-20T17:23:44.861+0000 7f3e8ffff700 1 --2- >> [v2:172.21.15.135:3300/0,v1:172.21.15.135:6789/0] conn(0x7f3e9007e8a0 0x7f3e9019f110 unknown :-1 s=HELLO_CONNECTING pgs=0 cs=0 l=1 rev1=1 crypto rx=0 tx=0 comp rx=0 tx=0).handle_hello peer v2:172.21.15.135:3300/0 says I am v2:172.21.15.135:60652/0 (socket says 172.21.15.135:60652)
2024-05-20T17:23:45.862 INFO:teuthology.orchestra.run.smithi135.stdout:/usr/bin/ceph: stderr
2024-05-20T17:23:44.861+0000 7f3e8ffff700 1 -- 172.21.15.135:0/2812159603 learned_addr learned my addr 172.21.15.135:0/2812159603 (peer_addr_for_me v2:172.21.15.135:0/0)
2024-05-20T17:23:45.862 INFO:teuthology.orchestra.run.smithi135.stdout:/usr/bin/ceph: stderr
2024-05-20T17:23:44.861+0000 7f3e8ffff700 1 -- 172.21.15.135:0/2812159603 --> [v2:172.21.15.135:3300/0,v1:172.21.15.135:6789/0] -- mon_subscribe({config=0+,monmap=0+}) -- 0x7f3e9019f650 con 0x7f3e9007e8a0
2024-05-20T17:23:45.862 INFO:teuthology.orchestra.run.smithi135.stdout:/usr/bin/ceph: stderr
2024-05-20T17:23:44.861+0000 7f3e8ffff700 1 --2- 172.21.15.135:0/2812159603 >> [v2:172.21.15.135:3300/0,v1:172.21.15.135:6789/0] conn(0x7f3e9007e8a0 0x7f3e9019f110 secure :-1 s=READY pgs=42 cs=0 l=1 rev1=1 crypto rx=0x7f3e80009fb0 tx=0x7f3e80011bf0 comp rx=0 tx=0).ready entity=mon.0 client_cookie=0 server_cookie=0 in_seq=0 out_seq=0
2024-05-20T17:23:45.862 INFO:teuthology.orchestra.run.smithi135.stdout:/usr/bin/ceph: stderr
2024-05-20T17:23:44.861+0000 7f3e8d7fa700 1 -- 172.21.15.135:0/2812159603 <== mon.0 v2:172.21.15.135:3300/0 1 ==== mon_map magic: 0 ==== 205+0+0 (secure 0 0 0) 0x7f3e800038b0 con 0x7f3e9007e8a0
2024-05-20T17:23:45.863 INFO:teuthology.orchestra.run.smithi135.stdout:/usr/bin/ceph: stderr
2024-05-20T17:23:44.861+0000 7f3e962e1700 1 -- 172.21.15.135:0/2812159603 --> [v2:172.21.15.135:3300/0,v1:172.21.15.135:6789/0] -- mon_subscribe({mgrmap=0+}) -- 0x7f3e9019f8e0 con 0x7f3e9007e8a0
2024-05-20T17:23:45.863 INFO:teuthology.orchestra.run.smithi135.stdout:/usr/bin/ceph: stderr
2024-05-20T17:23:44.861+0000 7f3e8d7fa700 1 -- 172.21.15.135:0/2812159603 <== mon.0 v2:172.21.15.135:3300/0 2 ==== config(27 keys) ==== 1109+0+0 (secure 0 0 0) 0x7f3e80011e50 con 0x7f3e9007e8a0
2024-05-20T17:23:45.863 INFO:teuthology.orchestra.run.smithi135.stdout:/usr/bin/ceph: stderr
2024-05-20T17:23:44.861+0000 7f3e8d7fa700 1 -- 172.21.15.135:0/2812159603 <== mon.0 v2:172.21.15.135:3300/0 3 ==== mon_map magic: 0 ==== 205+0+0 (secure 0 0 0) 0x7f3e80019550 con 0x7f3e9007e8a0
2024-05-20T17:23:45.863 INFO:teuthology.orchestra.run.smithi135.stdout:/usr/bin/ceph: stderr
2024-05-20T17:23:44.861+0000 7f3e962e1700 1 -- 172.21.15.135:0/2812159603 --> [v2:172.21.15.135:3300/0,v1:172.21.15.135:6789/0] -- mon_subscribe({osdmap=0}) -- 0x7f3e901a24f0 con 0x7f3e9007e8a0
2024-05-20T17:23:45.863 INFO:teuthology.orchestra.run.smithi135.stdout:/usr/bin/ceph: stderr
2024-05-20T17:23:44.862+0000 7f3e8d7fa700 1 -- 172.21.15.135:0/2812159603 <== mon.0 v2:172.21.15.135:3300/0 4 ==== mgrmap(e 8) ==== 46287+0+0 (secure 0 0 0) 0x7f3e80019850 con 0x7f3e9007e8a0
2024-05-20T17:23:45.863 INFO:teuthology.orchestra.run.smithi135.stdout:/usr/bin/ceph: stderr
2024-05-20T17:23:44.862+0000 7f3e962e1700 1 -- 172.21.15.135:0/2812159603 --> [v2:172.21.15.135:3300/0,v1:172.21.15.135:6789/0] -- mon_command({"prefix": "get_command_descriptions"} v 0) -- 0x7f3e90063ca0 con 0x7f3e9007e8a0
2024-05-20T17:23:45.863 INFO:teuthology.orchestra.run.smithi135.stdout:/usr/bin/ceph: stderr
2024-05-20T17:23:44.862+0000 7f3e8d7fa700 1 --2- 172.21.15.135:0/2812159603 >> [v2:172.21.15.135:6800/45942653,v1:172.21.15.135:6801/45942653] conn(0x7f3e78039000 0x7f3e7803b510 unknown :-1 s=NONE pgs=0 cs=0 l=1 rev1=0 crypto rx=0 tx=0 comp rx=0 tx=0).connect
2024-05-20T17:23:45.863 INFO:teuthology.orchestra.run.smithi135.stdout:/usr/bin/ceph: stderr
2024-05-20T17:23:44.862+0000 7f3e8d7fa700 1 -- 172.21.15.135:0/2812159603 <== mon.0 v2:172.21.15.135:3300/0 5 ==== osd_map(2..2 src has 1..2) ==== 940+0+0 (secure 0 0 0) 0x7f3e8004d310 con 0x7f3e9007e8a0
2024-05-20T17:23:45.863 INFO:teuthology.orchestra.run.smithi135.stdout:/usr/bin/ceph: stderr
2024-05-20T17:23:44.863+0000 7f3e8f7fe700 1 --2- 172.21.15.135:0/2812159603 >> [v2:172.21.15.135:6800/45942653,v1:172.21.15.135:6801/45942653] conn(0x7f3e78039000 0x7f3e7803b510 unknown :-1 s=BANNER_CONNECTING pgs=0 cs=0 l=1 rev1=0 crypto rx=0 tx=0 comp rx=0 tx=0)._handle_peer_banner_payload supported=3 required=0
2024-05-20T17:23:45.863 INFO:teuthology.orchestra.run.smithi135.stdout:/usr/bin/ceph: stderr
2024-05-20T17:23:44.863+0000 7f3e8f7fe700 1 --2- 172.21.15.135:0/2812159603 >> [v2:172.21.15.135:6800/45942653,v1:172.21.15.135:6801/45942653] conn(0x7f3e78039000 0x7f3e7803b510 secure :-1 s=READY pgs=9 cs=0 l=1 rev1=1 crypto rx=0x7f3e84006fd0 tx=0x7f3e84006e40 comp rx=0 tx=0).ready entity=mgr.14120 client_cookie=0 server_cookie=0 in_seq=0 out_seq=0
2024-05-20T17:23:45.863 INFO:teuthology.orchestra.run.smithi135.stdout:/usr/bin/ceph: stderr
2024-05-20T17:23:44.868+0000 7f3e8d7fa700 1 -- 172.21.15.135:0/2812159603 <== mon.0 v2:172.21.15.135:3300/0 6 ==== mon_command_ack([{"prefix": "get_command_descriptions"}]=0 v0) ==== 72+0+186418 (secure 0 0 0) 0x7f3e8000bc40 con 0x7f3e9007e8a0
2024-05-20T17:23:45.864 INFO:teuthology.orchestra.run.smithi135.stdout:/usr/bin/ceph: stderr
2024-05-20T17:23:45.065+0000 7f3e962e1700 1 -- 172.21.15.135:0/2812159603 --> [v2:172.21.15.135:6800/45942653,v1:172.21.15.135:6801/45942653] -- mgr_command(tid 0: {"prefix": "cephadm generate-key", "target": ["mon-mgr", ""]}) -- 0x7f3e901062b0 con 0x7f3e78039000
2024-05-20T17:23:45.864 INFO:teuthology.orchestra.run.smithi135.stdout:/usr/bin/ceph: stderr
2024-05-20T17:23:45.286+0000 7f3e8d7fa700 1 -- 172.21.15.135:0/2812159603 <== mgr.14120 v2:172.21.15.135:6800/45942653 1 ==== mgr_command_reply(tid 0: 0 ) ==== 8+0+0 (secure 0 0 0) 0x7f3e901062b0 con 0x7f3e78039000
2024-05-20T17:23:45.864 INFO:teuthology.orchestra.run.smithi135.stdout:/usr/bin/ceph: stderr
2024-05-20T17:23:45.288+0000 7f3e962e1700 1 -- 172.21.15.135:0/2812159603 >> [v2:172.21.15.135:6800/45942653,v1:172.21.15.135:6801/45942653] conn(0x7f3e78039000 msgr2=0x7f3e7803b510 secure :-1 s=STATE_CONNECTION_ESTABLISHED l=1).mark_down
2024-05-20T17:23:45.864 INFO:teuthology.orchestra.run.smithi135.stdout:/usr/bin/ceph: stderr
2024-05-20T17:23:45.288+0000 7f3e962e1700 1 --2- 172.21.15.135:0/2812159603 >> [v2:172.21.15.135:6800/45942653,v1:172.21.15.135:6801/45942653] conn(0x7f3e78039000 0x7f3e7803b510 secure :-1 s=READY pgs=9 cs=0 l=1 rev1=1 crypto rx=0x7f3e84006fd0 tx=0x7f3e84006e40 comp rx=0 tx=0).stop
2024-05-20T17:23:45.864 INFO:teuthology.orchestra.run.smithi135.stdout:/usr/bin/ceph: stderr
2024-05-20T17:23:45.288+0000 7f3e962e1700 1 -- 172.21.15.135:0/2812159603 >> [v2:172.21.15.135:3300/0,v1:172.21.15.135:6789/0] conn(0x7f3e9007e8a0 msgr2=0x7f3e9019f110 secure :-1 s=STATE_CONNECTION_ESTABLISHED l=1).mark_down
2024-05-20T17:23:45.864 INFO:teuthology.orchestra.run.smithi135.stdout:/usr/bin/ceph: stderr
2024-05-20T17:23:45.288+0000 7f3e962e1700 1 --2- 172.21.15.135:0/2812159603 >> [v2:172.21.15.135:3300/0,v1:172.21.15.135:6789/0] conn(0x7f3e9007e8a0 0x7f3e9019f110 secure :-1 s=READY pgs=42 cs=0 l=1 rev1=1 crypto rx=0x7f3e80009fb0 tx=0x7f3e80011bf0 comp rx=0 tx=0).stop
2024-05-20T17:23:45.864 INFO:teuthology.orchestra.run.smithi135.stdout:/usr/bin/ceph: stderr
2024-05-20T17:23:45.289+0000 7f3e962e1700 1 -- 172.21.15.135:0/2812159603 shutdown_connections
2024-05-20T17:23:45.864 INFO:teuthology.orchestra.run.smithi135.stdout:/usr/bin/ceph: stderr
2024-05-20T17:23:45.289+0000 7f3e962e1700 1 --2- 172.21.15.135:0/2812159603 >> [v2:172.21.15.135:6800/45942653,v1:172.21.15.135:6801/45942653] conn(0x7f3e78039000 0x7f3e7803b510 unknown :-1 s=CLOSED pgs=9 cs=0 l=1 rev1=1 crypto rx=0 tx=0 comp rx=0 tx=0).stop
2024-05-20T17:23:45.864 INFO:teuthology.orchestra.run.smithi135.stdout:/usr/bin/ceph: stderr
2024-05-20T17:23:45.289+0000 7f3e962e1700 1 --2- 172.21.15.135:0/2812159603 >> [v2:172.21.15.135:3300/0,v1:172.21.15.135:6789/0] conn(0x7f3e9007e8a0 0x7f3e9019f110 unknown :-1 s=CLOSED pgs=42 cs=0 l=1 rev1=1 crypto rx=0 tx=0 comp rx=0 tx=0).stop
2024-05-20T17:23:45.864 INFO:teuthology.orchestra.run.smithi135.stdout:/usr/bin/ceph: stderr
2024-05-20T17:23:45.289+0000 7f3e962e1700 1 -- 172.21.15.135:0/2812159603 >> 172.21.15.135:0/2812159603 conn(0x7f3e90104190 msgr2=0x7f3e90105b60 unknown :-1 s=STATE_NONE l=0).mark_down
2024-05-20T17:23:45.864 INFO:teuthology.orchestra.run.smithi135.stdout:/usr/bin/ceph: stderr
2024-05-20T17:23:45.289+0000 7f3e962e1700 1 -- 172.21.15.135:0/2812159603 shutdown_connections
2024-05-20T17:23:45.864 INFO:teuthology.orchestra.run.smithi135.stdout:/usr/bin/ceph: stderr
2024-05-20T17:23:45.289+0000 7f3e962e1700 1 -- 172.21.15.135:0/2812159603 wait complete.
2024-05-20T17:23:46.441 INFO:journalctl@ceph.mon.a.smithi135.stdout:May 20 17:23:46 smithi135 ceph-mon[32027]: from='client.14136 -' entity='client.admin' cmd=[{"prefix": "cephadm generate-key", "target": ["mon-mgr", ""]}]: dispatch
2024-05-20T17:23:46.441 INFO:journalctl@ceph.mon.a.smithi135.stdout:May 20 17:23:46 smithi135 ceph-mon[32027]: Generating ssh key...
2024-05-20T17:23:47.000 INFO:teuthology.orchestra.run.smithi135.stdout:/usr/bin/ceph: stdout ssh-rsa AAAAB3NzaC1yc2EAAAADAQABAAABgQC+99O6RELzDRmN5sHTE6oOulyx2/2WkNG3/S1ox1kjmUm/SuJw6wIdDxV/TQuRJH7ot+ojbogHhALmUo+hZ5UF0s/mzXuM1og/+gD4BsAgEEpMuLTumRPs/toLLtIeYNDZlezdZPKPZP71rIKbQeZ5lJTgswWz5CsT51eY0VlDThhTwPlwVarRfTR9OyQp8bJ6W0BWka85UctMJhQFFSkDIOZQGMtzQw/0wcmh7j2Is2Csx9zhMpNgYliR0VB5sQTiYPRJTF1lelGT9Kb0aE1Cv9EFWPPUnEMkM3CmsUppyvs6wBNq0XdmH+ZYI1ZTmtLCoaUyccLmsyu0/knBy5r3BPnb3tYvQFzUR/8bz4bICMUfs4wKk1a4jaED91wxgHQrwwLky4L6YDmOlowH4XZ0yjZl6wDvK/gvO8HLCxOb/javAzvzkRPez78OBXEbPQa92kbb05Sk1SFFNOORM0oAt6svubVOBR/9BSceGvHOqUZBAUqzMJcIFTYGpAwaZz8= ceph-76c4e726-16cd-11ef-bc9a-c7b262605968
2024-05-20T17:23:47.001 INFO:teuthology.orchestra.run.smithi135.stdout:/usr/bin/ceph: stderr
2024-05-20T17:23:46.232+0000 7f4174f97700 1 Processor -- start
2024-05-20T17:23:47.001 INFO:teuthology.orchestra.run.smithi135.stdout:/usr/bin/ceph: stderr
2024-05-20T17:23:46.232+0000 7f4174f97700 1 -- start start
2024-05-20T17:23:47.001 INFO:teuthology.orchestra.run.smithi135.stdout:/usr/bin/ceph: stderr
2024-05-20T17:23:46.232+0000 7f4174f97700 1 --2- >> [v2:172.21.15.135:3300/0,v1:172.21.15.135:6789/0] conn(0x7f4170109640 0x7f417010ba60 unknown :-1 s=NONE pgs=0 cs=0 l=0 rev1=0 crypto rx=0 tx=0 comp rx=0 tx=0).connect
2024-05-20T17:23:47.001 INFO:teuthology.orchestra.run.smithi135.stdout:/usr/bin/ceph: stderr
2024-05-20T17:23:46.232+0000 7f4174f97700 1 -- --> [v2:172.21.15.135:3300/0,v1:172.21.15.135:6789/0] -- mon_getmap magic: 0 -- 0x7f417007c6d0 con 0x7f4170109640
2024-05-20T17:23:47.001 INFO:teuthology.orchestra.run.smithi135.stdout:/usr/bin/ceph: stderr
2024-05-20T17:23:46.232+0000 7f416e59c700 1 --2- >> [v2:172.21.15.135:3300/0,v1:172.21.15.135:6789/0] conn(0x7f4170109640 0x7f417010ba60 unknown :-1 s=BANNER_CONNECTING pgs=0 cs=0 l=0 rev1=0 crypto rx=0 tx=0 comp rx=0 tx=0)._handle_peer_banner_payload supported=3 required=0
2024-05-20T17:23:47.001 INFO:teuthology.orchestra.run.smithi135.stdout:/usr/bin/ceph: stderr
2024-05-20T17:23:46.232+0000 7f416e59c700 1 --2- >> [v2:172.21.15.135:3300/0,v1:172.21.15.135:6789/0] conn(0x7f4170109640 0x7f417010ba60 unknown :-1 s=HELLO_CONNECTING pgs=0 cs=0 l=0 rev1=1 crypto rx=0 tx=0 comp rx=0 tx=0).handle_hello peer v2:172.21.15.135:3300/0 says I am v2:172.21.15.135:60668/0 (socket says 172.21.15.135:60668)
2024-05-20T17:23:47.001 INFO:teuthology.orchestra.run.smithi135.stdout:/usr/bin/ceph: stderr
2024-05-20T17:23:46.232+0000 7f416e59c700 1 -- 172.21.15.135:0/3205723902 learned_addr learned my addr 172.21.15.135:0/3205723902 (peer_addr_for_me v2:172.21.15.135:0/0)
2024-05-20T17:23:47.001 INFO:teuthology.orchestra.run.smithi135.stdout:/usr/bin/ceph: stderr
2024-05-20T17:23:46.232+0000 7f416e59c700 1 -- 172.21.15.135:0/3205723902 --> [v2:172.21.15.135:3300/0,v1:172.21.15.135:6789/0] -- mon_subscribe({config=0+,monmap=0+}) -- 0x7f417010bfa0 con 0x7f4170109640
2024-05-20T17:23:47.001 INFO:teuthology.orchestra.run.smithi135.stdout:/usr/bin/ceph: stderr
2024-05-20T17:23:46.232+0000 7f416e59c700 1 --2- 172.21.15.135:0/3205723902 >> [v2:172.21.15.135:3300/0,v1:172.21.15.135:6789/0] conn(0x7f4170109640 0x7f417010ba60 secure :-1 s=READY pgs=43 cs=0 l=1 rev1=1 crypto rx=0x7f41640098a0 tx=0x7f4164009bb0 comp rx=0 tx=0).ready entity=mon.0 client_cookie=fddf335a19cffe35 server_cookie=0 in_seq=0 out_seq=0
2024-05-20T17:23:47.002 INFO:teuthology.orchestra.run.smithi135.stdout:/usr/bin/ceph: stderr
2024-05-20T17:23:46.233+0000 7f416d59a700 1 -- 172.21.15.135:0/3205723902 <== mon.0 v2:172.21.15.135:3300/0 1 ==== mon_map magic: 0 ==== 205+0+0 (secure 0 0 0) 0x7f4164004160 con 0x7f4170109640
2024-05-20T17:23:47.002 INFO:teuthology.orchestra.run.smithi135.stdout:/usr/bin/ceph: stderr
