2024-05-20T17:24:11.880+0000 7fddab490700 1 -- 172.21.15.135:0/2732599930 >> 172.21.15.135:0/2732599930 conn(0x7fdda41041c0 msgr2=0x7fdda4106610 unknown :-1 s=STATE_NONE l=0).mark_down
2024-05-20T17:24:13.061 INFO:teuthology.orchestra.run.smithi135.stdout:/usr/bin/ceph: stderr
2024-05-20T17:24:11.880+0000 7fddab490700 1 -- 172.21.15.135:0/2732599930 shutdown_connections
2024-05-20T17:24:13.061 INFO:teuthology.orchestra.run.smithi135.stdout:/usr/bin/ceph: stderr
2024-05-20T17:24:11.880+0000 7fddab490700 1 -- 172.21.15.135:0/2732599930 wait complete.
2024-05-20T17:24:13.061 INFO:teuthology.orchestra.run.smithi135.stdout:/usr/bin/ceph: stderr
2024-05-20T17:24:11.881+0000 7fddab490700 1 Processor -- start
2024-05-20T17:24:13.061 INFO:teuthology.orchestra.run.smithi135.stdout:/usr/bin/ceph: stderr
2024-05-20T17:24:11.881+0000 7fddab490700 1 -- start start
2024-05-20T17:24:13.061 INFO:teuthology.orchestra.run.smithi135.stdout:/usr/bin/ceph: stderr
2024-05-20T17:24:11.881+0000 7fddab490700 1 --2- >> [v2:172.21.15.135:3300/0,v1:172.21.15.135:6789/0] conn(0x7fdda4108ae0 0x7fdda419cf70 unknown :-1 s=NONE pgs=0 cs=0 l=1 rev1=0 crypto rx=0 tx=0 comp rx=0 tx=0).connect
2024-05-20T17:24:13.061 INFO:teuthology.orchestra.run.smithi135.stdout:/usr/bin/ceph: stderr
2024-05-20T17:24:11.881+0000 7fddab490700 1 -- --> [v2:172.21.15.135:3300/0,v1:172.21.15.135:6789/0] -- mon_getmap magic: 0 -- 0x7fdda410d060 con 0x7fdda4108ae0
2024-05-20T17:24:13.061 INFO:teuthology.orchestra.run.smithi135.stdout:/usr/bin/ceph: stderr
2024-05-20T17:24:11.882+0000 7fdda922c700 1 --2- >> [v2:172.21.15.135:3300/0,v1:172.21.15.135:6789/0] conn(0x7fdda4108ae0 0x7fdda419cf70 unknown :-1 s=BANNER_CONNECTING pgs=0 cs=0 l=1 rev1=0 crypto rx=0 tx=0 comp rx=0 tx=0)._handle_peer_banner_payload supported=3 required=0
2024-05-20T17:24:13.061 INFO:teuthology.orchestra.run.smithi135.stdout:/usr/bin/ceph: stderr
2024-05-20T17:24:11.882+0000 7fdda922c700 1 --2- >> [v2:172.21.15.135:3300/0,v1:172.21.15.135:6789/0] conn(0x7fdda4108ae0 0x7fdda419cf70 unknown :-1 s=HELLO_CONNECTING pgs=0 cs=0 l=1 rev1=1 crypto rx=0 tx=0 comp rx=0 tx=0).handle_hello peer v2:172.21.15.135:3300/0 says I am v2:172.21.15.135:52250/0 (socket says 172.21.15.135:52250)
2024-05-20T17:24:13.061 INFO:teuthology.orchestra.run.smithi135.stdout:/usr/bin/ceph: stderr
2024-05-20T17:24:11.882+0000 7fdda922c700 1 -- 172.21.15.135:0/437432575 learned_addr learned my addr 172.21.15.135:0/437432575 (peer_addr_for_me v2:172.21.15.135:0/0)
2024-05-20T17:24:13.061 INFO:teuthology.orchestra.run.smithi135.stdout:/usr/bin/ceph: stderr
2024-05-20T17:24:11.882+0000 7fdda922c700 1 -- 172.21.15.135:0/437432575 --> [v2:172.21.15.135:3300/0,v1:172.21.15.135:6789/0] -- mon_subscribe({config=0+,monmap=0+}) -- 0x7fdda419d4b0 con 0x7fdda4108ae0
2024-05-20T17:24:13.061 INFO:teuthology.orchestra.run.smithi135.stdout:/usr/bin/ceph: stderr
2024-05-20T17:24:11.882+0000 7fdda922c700 1 --2- 172.21.15.135:0/437432575 >> [v2:172.21.15.135:3300/0,v1:172.21.15.135:6789/0] conn(0x7fdda4108ae0 0x7fdda419cf70 secure :-1 s=READY pgs=75 cs=0 l=1 rev1=1 crypto rx=0x7fdda0009fb0 tx=0x7fdda0011c10 comp rx=0 tx=0).ready entity=mon.0 client_cookie=0 server_cookie=0 in_seq=0 out_seq=0
2024-05-20T17:24:13.062 INFO:teuthology.orchestra.run.smithi135.stdout:/usr/bin/ceph: stderr
2024-05-20T17:24:11.882+0000 7fdd9a7fc700 1 -- 172.21.15.135:0/437432575 <== mon.0 v2:172.21.15.135:3300/0 1 ==== mon_map magic: 0 ==== 205+0+0 (secure 0 0 0) 0x7fdda0003930 con 0x7fdda4108ae0
2024-05-20T17:24:13.062 INFO:teuthology.orchestra.run.smithi135.stdout:/usr/bin/ceph: stderr
2024-05-20T17:24:11.882+0000 7fdd9a7fc700 1 -- 172.21.15.135:0/437432575 <== mon.0 v2:172.21.15.135:3300/0 2 ==== config(27 keys) ==== 1140+0+0 (secure 0 0 0) 0x7fdda0003ad0 con 0x7fdda4108ae0
2024-05-20T17:24:13.062 INFO:teuthology.orchestra.run.smithi135.stdout:/usr/bin/ceph: stderr
2024-05-20T17:24:11.882+0000 7fdd9a7fc700 1 -- 172.21.15.135:0/437432575 <== mon.0 v2:172.21.15.135:3300/0 3 ==== mon_map magic: 0 ==== 205+0+0 (secure 0 0 0) 0x7fdda0019670 con 0x7fdda4108ae0
2024-05-20T17:24:13.062 INFO:teuthology.orchestra.run.smithi135.stdout:/usr/bin/ceph: stderr
2024-05-20T17:24:11.882+0000 7fddab490700 1 -- 172.21.15.135:0/437432575 --> [v2:172.21.15.135:3300/0,v1:172.21.15.135:6789/0] -- mon_subscribe({mgrmap=0+}) -- 0x7fdda419d740 con 0x7fdda4108ae0
2024-05-20T17:24:13.062 INFO:teuthology.orchestra.run.smithi135.stdout:/usr/bin/ceph: stderr
2024-05-20T17:24:11.882+0000 7fddab490700 1 -- 172.21.15.135:0/437432575 --> [v2:172.21.15.135:3300/0,v1:172.21.15.135:6789/0] -- mon_subscribe({osdmap=0}) -- 0x7fdda41a0350 con 0x7fdda4108ae0
2024-05-20T17:24:13.062 INFO:teuthology.orchestra.run.smithi135.stdout:/usr/bin/ceph: stderr
2024-05-20T17:24:11.883+0000 7fdd9a7fc700 1 -- 172.21.15.135:0/437432575 <== mon.0 v2:172.21.15.135:3300/0 4 ==== mgrmap(e 12) ==== 46300+0+0 (secure 0 0 0) 0x7fdda0019920 con 0x7fdda4108ae0
2024-05-20T17:24:13.062 INFO:teuthology.orchestra.run.smithi135.stdout:/usr/bin/ceph: stderr
2024-05-20T17:24:11.884+0000 7fdd9a7fc700 1 --2- 172.21.15.135:0/437432575 >> [v2:172.21.15.135:6800/3106262554,v1:172.21.15.135:6801/3106262554] conn(0x7fdd900390b0 0x7fdd9003b5c0 unknown :-1 s=NONE pgs=0 cs=0 l=1 rev1=0 crypto rx=0 tx=0 comp rx=0 tx=0).connect
2024-05-20T17:24:13.062 INFO:teuthology.orchestra.run.smithi135.stdout:/usr/bin/ceph: stderr
2024-05-20T17:24:11.884+0000 7fdd9a7fc700 1 -- 172.21.15.135:0/437432575 <== mon.0 v2:172.21.15.135:3300/0 5 ==== osd_map(3..3 src has 1..3) ==== 1155+0+0 (secure 0 0 0) 0x7fdda004d750 con 0x7fdda4108ae0
2024-05-20T17:24:13.062 INFO:teuthology.orchestra.run.smithi135.stdout:/usr/bin/ceph: stderr
2024-05-20T17:24:11.884+0000 7fddab490700 1 -- 172.21.15.135:0/437432575 --> [v2:172.21.15.135:3300/0,v1:172.21.15.135:6789/0] -- mon_command({"prefix": "get_command_descriptions"} v 0) -- 0x7fdda4063ca0 con 0x7fdda4108ae0
2024-05-20T17:24:13.062 INFO:teuthology.orchestra.run.smithi135.stdout:/usr/bin/ceph: stderr
2024-05-20T17:24:11.884+0000 7fdda8a2b700 1 --2- 172.21.15.135:0/437432575 >> [v2:172.21.15.135:6800/3106262554,v1:172.21.15.135:6801/3106262554] conn(0x7fdd900390b0 0x7fdd9003b5c0 unknown :-1 s=BANNER_CONNECTING pgs=0 cs=0 l=1 rev1=0 crypto rx=0 tx=0 comp rx=0 tx=0)._handle_peer_banner_payload supported=3 required=0
2024-05-20T17:24:13.062 INFO:teuthology.orchestra.run.smithi135.stdout:/usr/bin/ceph: stderr
2024-05-20T17:24:11.885+0000 7fdda8a2b700 1 --2- 172.21.15.135:0/437432575 >> [v2:172.21.15.135:6800/3106262554,v1:172.21.15.135:6801/3106262554] conn(0x7fdd900390b0 0x7fdd9003b5c0 secure :-1 s=READY pgs=9 cs=0 l=1 rev1=1 crypto rx=0x7fdd94006fd0 tx=0x7fdd94006e40 comp rx=0 tx=0).ready entity=mgr.14152 client_cookie=0 server_cookie=0 in_seq=0 out_seq=0
2024-05-20T17:24:13.062 INFO:teuthology.orchestra.run.smithi135.stdout:/usr/bin/ceph: stderr
2024-05-20T17:24:11.890+0000 7fdd9a7fc700 1 -- 172.21.15.135:0/437432575 <== mon.0 v2:172.21.15.135:3300/0 6 ==== mon_command_ack([{"prefix": "get_command_descriptions"}]=0 v0) ==== 72+0+186418 (secure 0 0 0) 0x7fdda0011e20 con 0x7fdda4108ae0
2024-05-20T17:24:13.062 INFO:teuthology.orchestra.run.smithi135.stdout:/usr/bin/ceph: stderr
2024-05-20T17:24:12.090+0000 7fddab490700 1 -- 172.21.15.135:0/437432575 --> [v2:172.21.15.135:3300/0,v1:172.21.15.135:6789/0] -- mon_command({"prefix": "config get", "who": "mgr", "key": "mgr/dashboard/ssl_server_port"} v 0) -- 0x7fdda41a0520 con 0x7fdda4108ae0
2024-05-20T17:24:13.063 INFO:teuthology.orchestra.run.smithi135.stdout:/usr/bin/ceph: stderr
2024-05-20T17:24:12.091+0000 7fdd9a7fc700 1 -- 172.21.15.135:0/437432575 <== mon.0 v2:172.21.15.135:3300/0 7 ==== mon_command_ack([{"prefix": "config get", "who": "mgr", "key": "mgr/dashboard/ssl_server_port"}]=0 v8) ==== 112+0+5 (secure 0 0 0) 0x7fdda0019c10 con 0x7fdda4108ae0
2024-05-20T17:24:13.063 INFO:teuthology.orchestra.run.smithi135.stdout:/usr/bin/ceph: stderr
2024-05-20T17:24:12.093+0000 7fddab490700 1 -- 172.21.15.135:0/437432575 >> [v2:172.21.15.135:6800/3106262554,v1:172.21.15.135:6801/3106262554] conn(0x7fdd900390b0 msgr2=0x7fdd9003b5c0 secure :-1 s=STATE_CONNECTION_ESTABLISHED l=1).mark_down
2024-05-20T17:24:13.063 INFO:teuthology.orchestra.run.smithi135.stdout:/usr/bin/ceph: stderr
2024-05-20T17:24:12.093+0000 7fddab490700 1 --2- 172.21.15.135:0/437432575 >> [v2:172.21.15.135:6800/3106262554,v1:172.21.15.135:6801/3106262554] conn(0x7fdd900390b0 0x7fdd9003b5c0 secure :-1 s=READY pgs=9 cs=0 l=1 rev1=1 crypto rx=0x7fdd94006fd0 tx=0x7fdd94006e40 comp rx=0 tx=0).stop
2024-05-20T17:24:13.063 INFO:teuthology.orchestra.run.smithi135.stdout:/usr/bin/ceph: stderr
2024-05-20T17:24:12.093+0000 7fddab490700 1 -- 172.21.15.135:0/437432575 >> [v2:172.21.15.135:3300/0,v1:172.21.15.135:6789/0] conn(0x7fdda4108ae0 msgr2=0x7fdda419cf70 secure :-1 s=STATE_CONNECTION_ESTABLISHED l=1).mark_down
2024-05-20T17:24:13.063 INFO:teuthology.orchestra.run.smithi135.stdout:/usr/bin/ceph: stderr
2024-05-20T17:24:12.093+0000 7fddab490700 1 --2- 172.21.15.135:0/437432575 >> [v2:172.21.15.135:3300/0,v1:172.21.15.135:6789/0] conn(0x7fdda4108ae0 0x7fdda419cf70 secure :-1 s=READY pgs=75 cs=0 l=1 rev1=1 crypto rx=0x7fdda0009fb0 tx=0x7fdda0011c10 comp rx=0 tx=0).stop
2024-05-20T17:24:13.063 INFO:teuthology.orchestra.run.smithi135.stdout:/usr/bin/ceph: stderr
2024-05-20T17:24:12.093+0000 7fddab490700 1 -- 172.21.15.135:0/437432575 shutdown_connections
2024-05-20T17:24:13.063 INFO:teuthology.orchestra.run.smithi135.stdout:/usr/bin/ceph: stderr
2024-05-20T17:24:12.093+0000 7fddab490700 1 --2- 172.21.15.135:0/437432575 >> [v2:172.21.15.135:6800/3106262554,v1:172.21.15.135:6801/3106262554] conn(0x7fdd900390b0 0x7fdd9003b5c0 unknown :-1 s=CLOSED pgs=9 cs=0 l=1 rev1=1 crypto rx=0 tx=0 comp rx=0 tx=0).stop
2024-05-20T17:24:13.063 INFO:teuthology.orchestra.run.smithi135.stdout:/usr/bin/ceph: stderr
2024-05-20T17:24:12.093+0000 7fddab490700 1 --2- 172.21.15.135:0/437432575 >> [v2:172.21.15.135:3300/0,v1:172.21.15.135:6789/0] conn(0x7fdda4108ae0 0x7fdda419cf70 unknown :-1 s=CLOSED pgs=75 cs=0 l=1 rev1=1 crypto rx=0 tx=0 comp rx=0 tx=0).stop
2024-05-20T17:24:13.063 INFO:teuthology.orchestra.run.smithi135.stdout:/usr/bin/ceph: stderr
2024-05-20T17:24:12.093+0000 7fddab490700 1 -- 172.21.15.135:0/437432575 >> 172.21.15.135:0/437432575 conn(0x7fdda41041c0 msgr2=0x7fdda4105ae0 unknown :-1 s=STATE_NONE l=0).mark_down
2024-05-20T17:24:13.063 INFO:teuthology.orchestra.run.smithi135.stdout:/usr/bin/ceph: stderr
2024-05-20T17:24:12.093+0000 7fddab490700 1 -- 172.21.15.135:0/437432575 shutdown_connections
2024-05-20T17:24:13.063 INFO:teuthology.orchestra.run.smithi135.stdout:/usr/bin/ceph: stderr
2024-05-20T17:24:12.093+0000 7fddab490700 1 -- 172.21.15.135:0/437432575 wait complete.
2024-05-20T17:24:13.066 INFO:teuthology.orchestra.run.smithi135.stdout:Non-zero exit code 1 from systemctl is-enabled firewalld.service
2024-05-20T17:24:13.067 INFO:teuthology.orchestra.run.smithi135.stdout:systemctl: stdout disabled
2024-05-20T17:24:13.074 INFO:teuthology.orchestra.run.smithi135.stdout:Non-zero exit code 3 from systemctl is-active firewalld.service
2024-05-20T17:24:13.074 INFO:teuthology.orchestra.run.smithi135.stdout:systemctl: stdout inactive
2024-05-20T17:24:13.074 INFO:teuthology.orchestra.run.smithi135.stdout:firewalld.service is not enabled
2024-05-20T17:24:13.075 INFO:teuthology.orchestra.run.smithi135.stdout:Not possible to open ports <[8443]>. firewalld.service is not available
2024-05-20T17:24:13.076 INFO:teuthology.orchestra.run.smithi135.stdout:Ceph Dashboard is now available at:
2024-05-20T17:24:13.076 INFO:teuthology.orchestra.run.smithi135.stdout:
2024-05-20T17:24:13.076 INFO:teuthology.orchestra.run.smithi135.stdout: URL: https://smithi135.front.sepia.ceph.com:8443/
2024-05-20T17:24:13.076 INFO:teuthology.orchestra.run.smithi135.stdout: User: admin
2024-05-20T17:24:13.076 INFO:teuthology.orchestra.run.smithi135.stdout: Password: ujqbhkt10o
2024-05-20T17:24:13.076 INFO:teuthology.orchestra.run.smithi135.stdout:
2024-05-20T17:24:13.077 INFO:teuthology.orchestra.run.smithi135.stdout:Saving cluster configuration to /var/lib/ceph/76c4e726-16cd-11ef-bc9a-c7b262605968/config directory
2024-05-20T17:24:13.077 INFO:teuthology.orchestra.run.smithi135.stdout:Enabling autotune for osd_memory_target
2024-05-20T17:24:13.954 INFO:journalctl@ceph.mon.a.smithi135.stdout:May 20 17:24:13 smithi135 ceph-mon[32027]: mgrmap e13: x(active, since 6s)
2024-05-20T17:24:14.652 INFO:teuthology.orchestra.run.smithi135.stdout:/usr/bin/ceph: stderr
2024-05-20T17:24:13.897+0000 7efcf0d6c700 1 Processor -- start
2024-05-20T17:24:14.652 INFO:teuthology.orchestra.run.smithi135.stdout:/usr/bin/ceph: stderr
2024-05-20T17:24:13.897+0000 7efcf0d6c700 1 -- start start
2024-05-20T17:24:14.652 INFO:teuthology.orchestra.run.smithi135.stdout:/usr/bin/ceph: stderr
2024-05-20T17:24:13.897+0000 7efcf0d6c700 1 --2- >> [v2:172.21.15.135:3300/0,v1:172.21.15.135:6789/0] conn(0x7efcec109640 0x7efcec10ba60 unknown :-1 s=NONE pgs=0 cs=0 l=0 rev1=0 crypto rx=0 tx=0 comp rx=0 tx=0).connect
2024-05-20T17:24:14.652 INFO:teuthology.orchestra.run.smithi135.stdout:/usr/bin/ceph: stderr
2024-05-20T17:24:13.897+0000 7efcf0d6c700 1 -- --> [v2:172.21.15.135:3300/0,v1:172.21.15.135:6789/0] -- mon_getmap magic: 0 -- 0x7efcec07c6d0 con 0x7efcec109640
2024-05-20T17:24:14.652 INFO:teuthology.orchestra.run.smithi135.stdout:/usr/bin/ceph: stderr
2024-05-20T17:24:13.897+0000 7efcea59c700 1 --2- >> [v2:172.21.15.135:3300/0,v1:172.21.15.135:6789/0] conn(0x7efcec109640 0x7efcec10ba60 unknown :-1 s=BANNER_CONNECTING pgs=0 cs=0 l=0 rev1=0 crypto rx=0 tx=0 comp rx=0 tx=0)._handle_peer_banner_payload supported=3 required=0
2024-05-20T17:24:14.652 INFO:teuthology.orchestra.run.smithi135.stdout:/usr/bin/ceph: stderr
2024-05-20T17:24:13.897+0000 7efcea59c700 1 --2- >> [v2:172.21.15.135:3300/0,v1:172.21.15.135:6789/0] conn(0x7efcec109640 0x7efcec10ba60 unknown :-1 s=HELLO_CONNECTING pgs=0 cs=0 l=0 rev1=1 crypto rx=0 tx=0 comp rx=0 tx=0).handle_hello peer v2:172.21.15.135:3300/0 says I am v2:172.21.15.135:52264/0 (socket says 172.21.15.135:52264)
2024-05-20T17:24:14.652 INFO:teuthology.orchestra.run.smithi135.stdout:/usr/bin/ceph: stderr
2024-05-20T17:24:13.897+0000 7efcea59c700 1 -- 172.21.15.135:0/2882237522 learned_addr learned my addr 172.21.15.135:0/2882237522 (peer_addr_for_me v2:172.21.15.135:0/0)
2024-05-20T17:24:14.652 INFO:teuthology.orchestra.run.smithi135.stdout:/usr/bin/ceph: stderr
2024-05-20T17:24:13.898+0000 7efcea59c700 1 -- 172.21.15.135:0/2882237522 --> [v2:172.21.15.135:3300/0,v1:172.21.15.135:6789/0] -- mon_subscribe({config=0+,monmap=0+}) -- 0x7efcec10bfa0 con 0x7efcec109640
2024-05-20T17:24:14.653 INFO:teuthology.orchestra.run.smithi135.stdout:/usr/bin/ceph: stderr
2024-05-20T17:24:13.898+0000 7efcea59c700 1 --2- 172.21.15.135:0/2882237522 >> [v2:172.21.15.135:3300/0,v1:172.21.15.135:6789/0] conn(0x7efcec109640 0x7efcec10ba60 secure :-1 s=READY pgs=76 cs=0 l=1 rev1=1 crypto rx=0x7efcdc0098a0 tx=0x7efcdc009bb0 comp rx=0 tx=0).ready entity=mon.0 client_cookie=eb1a3f8d641f8ab2 server_cookie=0 in_seq=0 out_seq=0
2024-05-20T17:24:14.653 INFO:teuthology.orchestra.run.smithi135.stdout:/usr/bin/ceph: stderr
2024-05-20T17:24:13.898+0000 7efce959a700 1 -- 172.21.15.135:0/2882237522 <== mon.0 v2:172.21.15.135:3300/0 1 ==== mon_map magic: 0 ==== 205+0+0 (secure 0 0 0) 0x7efcdc004160 con 0x7efcec109640
2024-05-20T17:24:14.653 INFO:teuthology.orchestra.run.smithi135.stdout:/usr/bin/ceph: stderr
2024-05-20T17:24:13.898+0000 7efce959a700 1 -- 172.21.15.135:0/2882237522 <== mon.0 v2:172.21.15.135:3300/0 2 ==== config(27 keys) ==== 1140+0+0 (secure 0 0 0) 0x7efcdc004300 con 0x7efcec109640
2024-05-20T17:24:14.653 INFO:teuthology.orchestra.run.smithi135.stdout:/usr/bin/ceph: stderr
2024-05-20T17:24:13.898+0000 7efce959a700 1 -- 172.21.15.135:0/2882237522 <== mon.0 v2:172.21.15.135:3300/0 3 ==== mon_map magic: 0 ==== 205+0+0 (secure 0 0 0) 0x7efcdc011b20 con 0x7efcec109640
2024-05-20T17:24:14.653 INFO:teuthology.orchestra.run.smithi135.stdout:/usr/bin/ceph: stderr
2024-05-20T17:24:13.899+0000 7efcf0d6c700 1 -- 172.21.15.135:0/2882237522 >> [v2:172.21.15.135:3300/0,v1:172.21.15.135:6789/0] conn(0x7efcec109640 msgr2=0x7efcec10ba60 secure :-1 s=STATE_CONNECTION_ESTABLISHED l=1).mark_down
2024-05-20T17:24:14.653 INFO:teuthology.orchestra.run.smithi135.stdout:/usr/bin/ceph: stderr
2024-05-20T17:24:13.899+0000 7efcf0d6c700 1 --2- 172.21.15.135:0/2882237522 >> [v2:172.21.15.135:3300/0,v1:172.21.15.135:6789/0] conn(0x7efcec109640 0x7efcec10ba60 secure :-1 s=READY pgs=76 cs=0 l=1 rev1=1 crypto rx=0x7efcdc0098a0 tx=0x7efcdc009bb0 comp rx=0 tx=0).stop
2024-05-20T17:24:14.653 INFO:teuthology.orchestra.run.smithi135.stdout:/usr/bin/ceph: stderr
2024-05-20T17:24:13.899+0000 7efcf0d6c700 1 -- 172.21.15.135:0/2882237522 shutdown_connections
2024-05-20T17:24:14.653 INFO:teuthology.orchestra.run.smithi135.stdout:/usr/bin/ceph: stderr
2024-05-20T17:24:13.899+0000 7efcf0d6c700 1 --2- 172.21.15.135:0/2882237522 >> [v2:172.21.15.135:3300/0,v1:172.21.15.135:6789/0] conn(0x7efcec109640 0x7efcec10ba60 unknown :-1 s=CLOSED pgs=76 cs=0 l=1 rev1=1 crypto rx=0 tx=0 comp rx=0 tx=0).stop
2024-05-20T17:24:14.653 INFO:teuthology.orchestra.run.smithi135.stdout:/usr/bin/ceph: stderr
2024-05-20T17:24:13.899+0000 7efcf0d6c700 1 -- 172.21.15.135:0/2882237522 >> 172.21.15.135:0/2882237522 conn(0x7efcec1030c0 msgr2=0x7efcec105510 unknown :-1 s=STATE_NONE l=0).mark_down
2024-05-20T17:24:14.653 INFO:teuthology.orchestra.run.smithi135.stdout:/usr/bin/ceph: stderr
2024-05-20T17:24:13.899+0000 7efcf0d6c700 1 -- 172.21.15.135:0/2882237522 shutdown_connections
2024-05-20T17:24:14.653 INFO:teuthology.orchestra.run.smithi135.stdout:/usr/bin/ceph: stderr
2024-05-20T17:24:13.899+0000 7efcf0d6c700 1 -- 172.21.15.135:0/2882237522 wait complete.
2024-05-20T17:24:14.653 INFO:teuthology.orchestra.run.smithi135.stdout:/usr/bin/ceph: stderr
2024-05-20T17:24:13.900+0000 7efcf0d6c700 1 Processor -- start
2024-05-20T17:24:14.654 INFO:teuthology.orchestra.run.smithi135.stdout:/usr/bin/ceph: stderr
2024-05-20T17:24:13.900+0000 7efcf0d6c700 1 -- start start
2024-05-20T17:24:14.654 INFO:teuthology.orchestra.run.smithi135.stdout:/usr/bin/ceph: stderr
2024-05-20T17:24:13.900+0000 7efcf0d6c700 1 --2- >> [v2:172.21.15.135:3300/0,v1:172.21.15.135:6789/0] conn(0x7efcec109640 0x7efcec19cea0 unknown :-1 s=NONE pgs=0 cs=0 l=1 rev1=0 crypto rx=0 tx=0 comp rx=0 tx=0).connect
2024-05-20T17:24:14.654 INFO:teuthology.orchestra.run.smithi135.stdout:/usr/bin/ceph: stderr
2024-05-20T17:24:13.900+0000 7efcf0d6c700 1 -- --> [v2:172.21.15.135:3300/0,v1:172.21.15.135:6789/0] -- mon_getmap magic: 0 -- 0x7efcec10cfa0 con 0x7efcec109640
2024-05-20T17:24:14.654 INFO:teuthology.orchestra.run.smithi135.stdout:/usr/bin/ceph: stderr
2024-05-20T17:24:13.900+0000 7efcea59c700 1 --2- >> [v2:172.21.15.135:3300/0,v1:172.21.15.135:6789/0] conn(0x7efcec109640 0x7efcec19cea0 unknown :-1 s=BANNER_CONNECTING pgs=0 cs=0 l=1 rev1=0 crypto rx=0 tx=0 comp rx=0 tx=0)._handle_peer_banner_payload supported=3 required=0
2024-05-20T17:24:14.654 INFO:teuthology.orchestra.run.smithi135.stdout:/usr/bin/ceph: stderr
2024-05-20T17:24:13.900+0000 7efcea59c700 1 --2- >> [v2:172.21.15.135:3300/0,v1:172.21.15.135:6789/0] conn(0x7efcec109640 0x7efcec19cea0 unknown :-1 s=HELLO_CONNECTING pgs=0 cs=0 l=1 rev1=1 crypto rx=0 tx=0 comp rx=0 tx=0).handle_hello peer v2:172.21.15.135:3300/0 says I am v2:172.21.15.135:52268/0 (socket says 172.21.15.135:52268)
2024-05-20T17:24:14.654 INFO:teuthology.orchestra.run.smithi135.stdout:/usr/bin/ceph: stderr
2024-05-20T17:24:13.900+0000 7efcea59c700 1 -- 172.21.15.135:0/4074573085 learned_addr learned my addr 172.21.15.135:0/4074573085 (peer_addr_for_me v2:172.21.15.135:0/0)
2024-05-20T17:24:14.654 INFO:teuthology.orchestra.run.smithi135.stdout:/usr/bin/ceph: stderr
2024-05-20T17:24:13.900+0000 7efcea59c700 1 -- 172.21.15.135:0/4074573085 --> [v2:172.21.15.135:3300/0,v1:172.21.15.135:6789/0] -- mon_subscribe({config=0+,monmap=0+}) -- 0x7efcec19d3e0 con 0x7efcec109640
2024-05-20T17:24:14.654 INFO:teuthology.orchestra.run.smithi135.stdout:/usr/bin/ceph: stderr
2024-05-20T17:24:13.900+0000 7efcea59c700 1 --2- 172.21.15.135:0/4074573085 >> [v2:172.21.15.135:3300/0,v1:172.21.15.135:6789/0] conn(0x7efcec109640 0x7efcec19cea0 secure :-1 s=READY pgs=77 cs=0 l=1 rev1=1 crypto rx=0x7efcdc000c00 tx=0x7efcdc011c10 comp rx=0 tx=0).ready entity=mon.0 client_cookie=0 server_cookie=0 in_seq=0 out_seq=0
2024-05-20T17:24:14.654 INFO:teuthology.orchestra.run.smithi135.stdout:/usr/bin/ceph: stderr
2024-05-20T17:24:13.901+0000 7efcdb7fe700 1 -- 172.21.15.135:0/4074573085 <== mon.0 v2:172.21.15.135:3300/0 1 ==== mon_map magic: 0 ==== 205+0+0 (secure 0 0 0) 0x7efcdc003b60 con 0x7efcec109640
2024-05-20T17:24:14.654 INFO:teuthology.orchestra.run.smithi135.stdout:/usr/bin/ceph: stderr
2024-05-20T17:24:13.901+0000 7efcdb7fe700 1 -- 172.21.15.135:0/4074573085 <== mon.0 v2:172.21.15.135:3300/0 2 ==== config(27 keys) ==== 1140+0+0 (secure 0 0 0) 0x7efcdc01a910 con 0x7efcec109640
2024-05-20T17:24:14.654 INFO:teuthology.orchestra.run.smithi135.stdout:/usr/bin/ceph: stderr
2024-05-20T17:24:13.901+0000 7efcf0d6c700 1 -- 172.21.15.135:0/4074573085 --> [v2:172.21.15.135:3300/0,v1:172.21.15.135:6789/0] -- mon_subscribe({mgrmap=0+}) -- 0x7efcec19d670 con 0x7efcec109640
2024-05-20T17:24:14.655 INFO:teuthology.orchestra.run.smithi135.stdout:/usr/bin/ceph: stderr
2024-05-20T17:24:13.901+0000 7efcdb7fe700 1 -- 172.21.15.135:0/4074573085 <== mon.0 v2:172.21.15.135:3300/0 3 ==== mon_map magic: 0 ==== 205+0+0 (secure 0 0 0) 0x7efcdc024930 con 0x7efcec109640
2024-05-20T17:24:14.655 INFO:teuthology.orchestra.run.smithi135.stdout:/usr/bin/ceph: stderr
2024-05-20T17:24:13.901+0000 7efcf0d6c700 1 -- 172.21.15.135:0/4074573085 --> [v2:172.21.15.135:3300/0,v1:172.21.15.135:6789/0] -- mon_subscribe({osdmap=0}) -- 0x7efcec1a0280 con 0x7efcec109640
2024-05-20T17:24:14.655 INFO:teuthology.orchestra.run.smithi135.stdout:/usr/bin/ceph: stderr
2024-05-20T17:24:13.902+0000 7efcf0d6c700 1 -- 172.21.15.135:0/4074573085 --> [v2:172.21.15.135:3300/0,v1:172.21.15.135:6789/0] -- mon_command({"prefix": "get_command_descriptions"} v 0) -- 0x7efcec19dad0 con 0x7efcec109640
2024-05-20T17:24:14.655 INFO:teuthology.orchestra.run.smithi135.stdout:/usr/bin/ceph: stderr
2024-05-20T17:24:13.902+0000 7efcdb7fe700 1 -- 172.21.15.135:0/4074573085 <== mon.0 v2:172.21.15.135:3300/0 4 ==== mgrmap(e 13) ==== 46344+0+0 (secure 0 0 0) 0x7efcdc022020 con 0x7efcec109640
2024-05-20T17:24:14.655 INFO:teuthology.orchestra.run.smithi135.stdout:/usr/bin/ceph: stderr
2024-05-20T17:24:13.902+0000 7efcdb7fe700 1 --2- 172.21.15.135:0/4074573085 >> [v2:172.21.15.135:6800/3106262554,v1:172.21.15.135:6801/3106262554] conn(0x7efcd4039140 0x7efcd403b650 unknown :-1 s=NONE pgs=0 cs=0 l=1 rev1=0 crypto rx=0 tx=0 comp rx=0 tx=0).connect
2024-05-20T17:24:14.655 INFO:teuthology.orchestra.run.smithi135.stdout:/usr/bin/ceph: stderr
2024-05-20T17:24:13.902+0000 7efcdb7fe700 1 -- 172.21.15.135:0/4074573085 <== mon.0 v2:172.21.15.135:3300/0 5 ==== osd_map(3..3 src has 1..3) ==== 1155+0+0 (secure 0 0 0) 0x7efcdc04d4a0 con 0x7efcec109640
2024-05-20T17:24:14.655 INFO:teuthology.orchestra.run.smithi135.stdout:/usr/bin/ceph: stderr
2024-05-20T17:24:13.902+0000 7efce9d9b700 1 --2- 172.21.15.135:0/4074573085 >> [v2:172.21.15.135:6800/3106262554,v1:172.21.15.135:6801/3106262554] conn(0x7efcd4039140 0x7efcd403b650 unknown :-1 s=BANNER_CONNECTING pgs=0 cs=0 l=1 rev1=0 crypto rx=0 tx=0 comp rx=0 tx=0)._handle_peer_banner_payload supported=3 required=0
2024-05-20T17:24:14.655 INFO:teuthology.orchestra.run.smithi135.stdout:/usr/bin/ceph: stderr
2024-05-20T17:24:13.902+0000 7efce9d9b700 1 --2- 172.21.15.135:0/4074573085 >> [v2:172.21.15.135:6800/3106262554,v1:172.21.15.135:6801/3106262554] conn(0x7efcd4039140 0x7efcd403b650 secure :-1 s=READY pgs=10 cs=0 l=1 rev1=1 crypto rx=0x7efce0006fd0 tx=0x7efce0006e40 comp rx=0 tx=0).ready entity=mgr.14152 client_cookie=0 server_cookie=0 in_seq=0 out_seq=0
2024-05-20T17:24:14.655 INFO:teuthology.orchestra.run.smithi135.stdout:/usr/bin/ceph: stderr
2024-05-20T17:24:13.907+0000 7efcdb7fe700 1 -- 172.21.15.135:0/4074573085 <== mon.0 v2:172.21.15.135:3300/0 6 ==== mon_command_ack([{"prefix": "get_command_descriptions"}]=0 v0) ==== 72+0+186418 (secure 0 0 0) 0x7efcdc00b3e0 con 0x7efcec109640
2024-05-20T17:24:14.655 INFO:teuthology.orchestra.run.smithi135.stdout:/usr/bin/ceph: stderr
2024-05-20T17:24:14.103+0000 7efcf0d6c700 1 -- 172.21.15.135:0/4074573085 --> [v2:172.21.15.135:3300/0,v1:172.21.15.135:6789/0] -- mon_command([{prefix=config set, name=osd_memory_target_autotune}] v 0) -- 0x7efcec1a0450 con 0x7efcec109640
2024-05-20T17:24:14.655 INFO:teuthology.orchestra.run.smithi135.stdout:/usr/bin/ceph: stderr
2024-05-20T17:24:14.104+0000 7efcdb7fe700 1 -- 172.21.15.135:0/4074573085 <== mon.0 v2:172.21.15.135:3300/0 7 ==== mon_command_ack([{prefix=config set, name=osd_memory_target_autotune}]=0 v8)=0 v8) ==== 127+0+0 (secure 0 0 0) 0x7efcdc0172b0 con 0x7efcec109640
2024-05-20T17:24:14.655 INFO:teuthology.orchestra.run.smithi135.stdout:/usr/bin/ceph: stderr
2024-05-20T17:24:14.106+0000 7efcf0d6c700 1 -- 172.21.15.135:0/4074573085 >> [v2:172.21.15.135:6800/3106262554,v1:172.21.15.135:6801/3106262554] conn(0x7efcd4039140 msgr2=0x7efcd403b650 secure :-1 s=STATE_CONNECTION_ESTABLISHED l=1).mark_down
2024-05-20T17:24:14.656 INFO:teuthology.orchestra.run.smithi135.stdout:/usr/bin/ceph: stderr
2024-05-20T17:24:14.106+0000 7efcf0d6c700 1 --2- 172.21.15.135:0/4074573085 >> [v2:172.21.15.135:6800/3106262554,v1:172.21.15.135:6801/3106262554] conn(0x7efcd4039140 0x7efcd403b650 secure :-1 s=READY pgs=10 cs=0 l=1 rev1=1 crypto rx=0x7efce0006fd0 tx=0x7efce0006e40 comp rx=0 tx=0).stop
2024-05-20T17:24:14.656 INFO:teuthology.orchestra.run.smithi135.stdout:/usr/bin/ceph: stderr
2024-05-20T17:24:14.106+0000 7efcf0d6c700 1 -- 172.21.15.135:0/4074573085 >> [v2:172.21.15.135:3300/0,v1:172.21.15.135:6789/0] conn(0x7efcec109640 msgr2=0x7efcec19cea0 secure :-1 s=STATE_CONNECTION_ESTABLISHED l=1).mark_down
2024-05-20T17:24:14.656 INFO:teuthology.orchestra.run.smithi135.stdout:/usr/bin/ceph: stderr
2024-05-20T17:24:14.106+0000 7efcf0d6c700 1 --2- 172.21.15.135:0/4074573085 >> [v2:172.21.15.135:3300/0,v1:172.21.15.135:6789/0] conn(0x7efcec109640 0x7efcec19cea0 secure :-1 s=READY pgs=77 cs=0 l=1 rev1=1 crypto rx=0x7efcdc000c00 tx=0x7efcdc011c10 comp rx=0 tx=0).stop
2024-05-20T17:24:14.656 INFO:teuthology.orchestra.run.smithi135.stdout:/usr/bin/ceph: stderr
2024-05-20T17:24:14.106+0000 7efcf0d6c700 1 -- 172.21.15.135:0/4074573085 shutdown_connections
2024-05-20T17:24:14.656 INFO:teuthology.orchestra.run.smithi135.stdout:/usr/bin/ceph: stderr
2024-05-20T17:24:14.106+0000 7efcf0d6c700 1 --2- 172.21.15.135:0/4074573085 >> [v2:172.21.15.135:6800/3106262554,v1:172.21.15.135:6801/3106262554] conn(0x7efcd4039140 0x7efcd403b650 unknown :-1 s=CLOSED pgs=10 cs=0 l=1 rev1=1 crypto rx=0 tx=0 comp rx=0 tx=0).stop
2024-05-20T17:24:14.656 INFO:teuthology.orchestra.run.smithi135.stdout:/usr/bin/ceph: stderr
2024-05-20T17:24:14.106+0000 7efcf0d6c700 1 --2- 172.21.15.135:0/4074573085 >> [v2:172.21.15.135:3300/0,v1:172.21.15.135:6789/0] conn(0x7efcec109640 0x7efcec19cea0 unknown :-1 s=CLOSED pgs=77 cs=0 l=1 rev1=1 crypto rx=0 tx=0 comp rx=0 tx=0).stop
2024-05-20T17:24:14.656 INFO:teuthology.orchestra.run.smithi135.stdout:/usr/bin/ceph: stderr
2024-05-20T17:24:14.106+0000 7efcf0d6c700 1 -- 172.21.15.135:0/4074573085 >> 172.21.15.135:0/4074573085 conn(0x7efcec1030c0 msgr2=0x7efcec104970 unknown :-1 s=STATE_NONE l=0).mark_down
2024-05-20T17:24:14.656 INFO:teuthology.orchestra.run.smithi135.stdout:/usr/bin/ceph: stderr
2024-05-20T17:24:14.106+0000 7efcf0d6c700 1 -- 172.21.15.135:0/4074573085 shutdown_connections
2024-05-20T17:24:14.656 INFO:teuthology.orchestra.run.smithi135.stdout:/usr/bin/ceph: stderr
2024-05-20T17:24:14.106+0000 7efcf0d6c700 1 -- 172.21.15.135:0/4074573085 wait complete.
2024-05-20T17:24:16.075 INFO:teuthology.orchestra.run.smithi135.stdout:/usr/bin/ceph: stderr
2024-05-20T17:24:15.206+0000 7fd9f0e61700 1 Processor -- start
2024-05-20T17:24:16.075 INFO:teuthology.orchestra.run.smithi135.stdout:/usr/bin/ceph: stderr
2024-05-20T17:24:15.206+0000 7fd9f0e61700 1 -- start start
2024-05-20T17:24:16.075 INFO:teuthology.orchestra.run.smithi135.stdout:/usr/bin/ceph: stderr
2024-05-20T17:24:15.206+0000 7fd9f0e61700 1 --2- >> [v2:172.21.15.135:3300/0,v1:172.21.15.135:6789/0] conn(0x7fd9ec1079b0 0x7fd9ec107dc0 unknown :-1 s=NONE pgs=0 cs=0 l=0 rev1=0 crypto rx=0 tx=0 comp rx=0 tx=0).connect
2024-05-20T17:24:16.076 INFO:teuthology.orchestra.run.smithi135.stdout:/usr/bin/ceph: stderr
2024-05-20T17:24:15.206+0000 7fd9f0e61700 1 -- --> [v2:172.21.15.135:3300/0,v1:172.21.15.135:6789/0] -- mon_getmap magic: 0 -- 0x7fd9ec1083b0 con 0x7fd9ec1079b0
2024-05-20T17:24:16.076 INFO:teuthology.orchestra.run.smithi135.stdout:/usr/bin/ceph: stderr
2024-05-20T17:24:15.206+0000 7fd9ea59c700 1 --2- >> [v2:172.21.15.135:3300/0,v1:172.21.15.135:6789/0] conn(0x7fd9ec1079b0 0x7fd9ec107dc0 unknown :-1 s=BANNER_CONNECTING pgs=0 cs=0 l=0 rev1=0 crypto rx=0 tx=0 comp rx=0 tx=0)._handle_peer_banner_payload supported=3 required=0
2024-05-20T17:24:16.076 INFO:teuthology.orchestra.run.smithi135.stdout:/usr/bin/ceph: stderr
2024-05-20T17:24:15.206+0000 7fd9ea59c700 1 --2- >> [v2:172.21.15.135:3300/0,v1:172.21.15.135:6789/0] conn(0x7fd9ec1079b0 0x7fd9ec107dc0 unknown :-1 s=HELLO_CONNECTING pgs=0 cs=0 l=0 rev1=1 crypto rx=0 tx=0 comp rx=0 tx=0).handle_hello peer v2:172.21.15.135:3300/0 says I am v2:172.21.15.135:52284/0 (socket says 172.21.15.135:52284)
2024-05-20T17:24:16.076 INFO:teuthology.orchestra.run.smithi135.stdout:/usr/bin/ceph: stderr
2024-05-20T17:24:15.206+0000 7fd9ea59c700 1 -- 172.21.15.135:0/2395076840 learned_addr learned my addr 172.21.15.135:0/2395076840 (peer_addr_for_me v2:172.21.15.135:0/0)
2024-05-20T17:24:16.076 INFO:teuthology.orchestra.run.smithi135.stdout:/usr/bin/ceph: stderr
2024-05-20T17:24:15.206+0000 7fd9ea59c700 1 -- 172.21.15.135:0/2395076840 --> [v2:172.21.15.135:3300/0,v1:172.21.15.135:6789/0] -- mon_subscribe({config=0+,monmap=0+}) -- 0x7fd9ec108b80 con 0x7fd9ec1079b0
2024-05-20T17:24:16.076 INFO:teuthology.orchestra.run.smithi135.stdout:/usr/bin/ceph: stderr
2024-05-20T17:24:15.206+0000 7fd9ea59c700 1 --2- 172.21.15.135:0/2395076840 >> [v2:172.21.15.135:3300/0,v1:172.21.15.135:6789/0] conn(0x7fd9ec1079b0 0x7fd9ec107dc0 secure :-1 s=READY pgs=78 cs=0 l=1 rev1=1 crypto rx=0x7fd9d40098a0 tx=0x7fd9d4009bb0 comp rx=0 tx=0).ready entity=mon.0 client_cookie=98de09f04f47595e server_cookie=0 in_seq=0 out_seq=0
2024-05-20T17:24:16.076 INFO:teuthology.orchestra.run.smithi135.stdout:/usr/bin/ceph: stderr
2024-05-20T17:24:15.206+0000 7fd9e959a700 1 -- 172.21.15.135:0/2395076840 <== mon.0 v2:172.21.15.135:3300/0 1 ==== mon_map magic: 0 ==== 205+0+0 (secure 0 0 0) 0x7fd9d4004160 con 0x7fd9ec1079b0
2024-05-20T17:24:16.076 INFO:teuthology.orchestra.run.smithi135.stdout:/usr/bin/ceph: stderr
2024-05-20T17:24:15.206+0000 7fd9e959a700 1 -- 172.21.15.135:0/2395076840 <== mon.0 v2:172.21.15.135:3300/0 2 ==== config(27 keys) ==== 1140+0+0 (secure 0 0 0) 0x7fd9d4004300 con 0x7fd9ec1079b0
2024-05-20T17:24:16.076 INFO:teuthology.orchestra.run.smithi135.stdout:/usr/bin/ceph: stderr
2024-05-20T17:24:15.207+0000 7fd9e959a700 1 -- 172.21.15.135:0/2395076840 <== mon.0 v2:172.21.15.135:3300/0 3 ==== mon_map magic: 0 ==== 205+0+0 (secure 0 0 0) 0x7fd9d4011b20 con 0x7fd9ec1079b0
2024-05-20T17:24:16.076 INFO:teuthology.orchestra.run.smithi135.stdout:/usr/bin/ceph: stderr
2024-05-20T17:24:15.207+0000 7fd9f0e61700 1 -- 172.21.15.135:0/2395076840 >> [v2:172.21.15.135:3300/0,v1:172.21.15.135:6789/0] conn(0x7fd9ec1079b0 msgr2=0x7fd9ec107dc0 secure :-1 s=STATE_CONNECTION_ESTABLISHED l=1).mark_down
2024-05-20T17:24:16.076 INFO:teuthology.orchestra.run.smithi135.stdout:/usr/bin/ceph: stderr
2024-05-20T17:24:15.207+0000 7fd9f0e61700 1 --2- 172.21.15.135:0/2395076840 >> [v2:172.21.15.135:3300/0,v1:172.21.15.135:6789/0] conn(0x7fd9ec1079b0 0x7fd9ec107dc0 secure :-1 s=READY pgs=78 cs=0 l=1 rev1=1 crypto rx=0x7fd9d40098a0 tx=0x7fd9d4009bb0 comp rx=0 tx=0).stop
2024-05-20T17:24:16.077 INFO:teuthology.orchestra.run.smithi135.stdout:/usr/bin/ceph: stderr
2024-05-20T17:24:15.207+0000 7fd9f0e61700 1 -- 172.21.15.135:0/2395076840 shutdown_connections
2024-05-20T17:24:16.077 INFO:teuthology.orchestra.run.smithi135.stdout:/usr/bin/ceph: stderr
2024-05-20T17:24:15.207+0000 7fd9f0e61700 1 --2- 172.21.15.135:0/2395076840 >> [v2:172.21.15.135:3300/0,v1:172.21.15.135:6789/0] conn(0x7fd9ec1079b0 0x7fd9ec107dc0 unknown :-1 s=CLOSED pgs=78 cs=0 l=1 rev1=1 crypto rx=0 tx=0 comp rx=0 tx=0).stop
2024-05-20T17:24:16.077 INFO:teuthology.orchestra.run.smithi135.stdout:/usr/bin/ceph: stderr
2024-05-20T17:24:15.207+0000 7fd9f0e61700 1 -- 172.21.15.135:0/2395076840 >> 172.21.15.135:0/2395076840 conn(0x7fd9ec1030d0 msgr2=0x7fd9ec105520 unknown :-1 s=STATE_NONE l=0).mark_down
2024-05-20T17:24:16.077 INFO:teuthology.orchestra.run.smithi135.stdout:/usr/bin/ceph: stderr
2024-05-20T17:24:15.207+0000 7fd9f0e61700 1 -- 172.21.15.135:0/2395076840 shutdown_connections
2024-05-20T17:24:16.077 INFO:teuthology.orchestra.run.smithi135.stdout:/usr/bin/ceph: stderr
2024-05-20T17:24:15.207+0000 7fd9f0e61700 1 -- 172.21.15.135:0/2395076840 wait complete.
2024-05-20T17:24:16.077 INFO:teuthology.orchestra.run.smithi135.stdout:/usr/bin/ceph: stderr
2024-05-20T17:24:15.208+0000 7fd9f0e61700 1 Processor -- start
2024-05-20T17:24:16.077 INFO:teuthology.orchestra.run.smithi135.stdout:/usr/bin/ceph: stderr
2024-05-20T17:24:15.208+0000 7fd9f0e61700 1 -- start start
2024-05-20T17:24:16.077 INFO:teuthology.orchestra.run.smithi135.stdout:/usr/bin/ceph: stderr
2024-05-20T17:24:15.208+0000 7fd9f0e61700 1 --2- >> [v2:172.21.15.135:3300/0,v1:172.21.15.135:6789/0] conn(0x7fd9ec1079b0 0x7fd9ec07b970 unknown :-1 s=NONE pgs=0 cs=0 l=1 rev1=0 crypto rx=0 tx=0 comp rx=0 tx=0).connect
2024-05-20T17:24:16.077 INFO:teuthology.orchestra.run.smithi135.stdout:/usr/bin/ceph: stderr
2024-05-20T17:24:15.208+0000 7fd9f0e61700 1 -- --> [v2:172.21.15.135:3300/0,v1:172.21.15.135:6789/0] -- mon_getmap magic: 0 -- 0x7fd9ec10bf30 con 0x7fd9ec1079b0
2024-05-20T17:24:16.077 INFO:teuthology.orchestra.run.smithi135.stdout:/usr/bin/ceph: stderr
2024-05-20T17:24:15.208+0000 7fd9ea59c700 1 --2- >> [v2:172.21.15.135:3300/0,v1:172.21.15.135:6789/0] conn(0x7fd9ec1079b0 0x7fd9ec07b970 unknown :-1 s=BANNER_CONNECTING pgs=0 cs=0 l=1 rev1=0 crypto rx=0 tx=0 comp rx=0 tx=0)._handle_peer_banner_payload supported=3 required=0
2024-05-20T17:24:16.077 INFO:teuthology.orchestra.run.smithi135.stdout:/usr/bin/ceph: stderr
2024-05-20T17:24:15.208+0000 7fd9ea59c700 1 --2- >> [v2:172.21.15.135:3300/0,v1:172.21.15.135:6789/0] conn(0x7fd9ec1079b0 0x7fd9ec07b970 unknown :-1 s=HELLO_CONNECTING pgs=0 cs=0 l=1 rev1=1 crypto rx=0 tx=0 comp rx=0 tx=0).handle_hello peer v2:172.21.15.135:3300/0 says I am v2:172.21.15.135:52290/0 (socket says 172.21.15.135:52290)
2024-05-20T17:24:16.077 INFO:teuthology.orchestra.run.smithi135.stdout:/usr/bin/ceph: stderr
2024-05-20T17:24:15.208+0000 7fd9ea59c700 1 -- 172.21.15.135:0/3943703638 learned_addr learned my addr 172.21.15.135:0/3943703638 (peer_addr_for_me v2:172.21.15.135:0/0)
2024-05-20T17:24:16.078 INFO:teuthology.orchestra.run.smithi135.stdout:/usr/bin/ceph: stderr
2024-05-20T17:24:15.209+0000 7fd9ea59c700 1 -- 172.21.15.135:0/3943703638 --> [v2:172.21.15.135:3300/0,v1:172.21.15.135:6789/0] -- mon_subscribe({config=0+,monmap=0+}) -- 0x7fd9ec07beb0 con 0x7fd9ec1079b0
2024-05-20T17:24:16.078 INFO:teuthology.orchestra.run.smithi135.stdout:/usr/bin/ceph: stderr
2024-05-20T17:24:15.209+0000 7fd9ea59c700 1 --2- 172.21.15.135:0/3943703638 >> [v2:172.21.15.135:3300/0,v1:172.21.15.135:6789/0] conn(0x7fd9ec1079b0 0x7fd9ec07b970 secure :-1 s=READY pgs=79 cs=0 l=1 rev1=1 crypto rx=0x7fd9d4009fb0 tx=0x7fd9d4011c10 comp rx=0 tx=0).ready entity=mon.0 client_cookie=0 server_cookie=0 in_seq=0 out_seq=0
2024-05-20T17:24:16.078 INFO:teuthology.orchestra.run.smithi135.stdout:/usr/bin/ceph: stderr
2024-05-20T17:24:15.209+0000 7fd9e37fe700 1 -- 172.21.15.135:0/3943703638 <== mon.0 v2:172.21.15.135:3300/0 1 ==== mon_map magic: 0 ==== 205+0+0 (secure 0 0 0) 0x7fd9d4003930 con 0x7fd9ec1079b0
2024-05-20T17:24:16.078 INFO:teuthology.orchestra.run.smithi135.stdout:/usr/bin/ceph: stderr
2024-05-20T17:24:15.209+0000 7fd9e37fe700 1 -- 172.21.15.135:0/3943703638 <== mon.0 v2:172.21.15.135:3300/0 2 ==== config(27 keys) ==== 1140+0+0 (secure 0 0 0) 0x7fd9d4003ad0 con 0x7fd9ec1079b0
2024-05-20T17:24:16.078 INFO:teuthology.orchestra.run.smithi135.stdout:/usr/bin/ceph: stderr
2024-05-20T17:24:15.209+0000 7fd9f0e61700 1 -- 172.21.15.135:0/3943703638 --> [v2:172.21.15.135:3300/0,v1:172.21.15.135:6789/0] -- mon_subscribe({mgrmap=0+}) -- 0x7fd9ec19fcc0 con 0x7fd9ec1079b0
2024-05-20T17:24:16.078 INFO:teuthology.orchestra.run.smithi135.stdout:/usr/bin/ceph: stderr
2024-05-20T17:24:15.209+0000 7fd9e37fe700 1 -- 172.21.15.135:0/3943703638 <== mon.0 v2:172.21.15.135:3300/0 3 ==== mon_map magic: 0 ==== 205+0+0 (secure 0 0 0) 0x7fd9d4019670 con 0x7fd9ec1079b0
2024-05-20T17:24:16.078 INFO:teuthology.orchestra.run.smithi135.stdout:/usr/bin/ceph: stderr
2024-05-20T17:24:15.209+0000 7fd9f0e61700 1 -- 172.21.15.135:0/3943703638 --> [v2:172.21.15.135:3300/0,v1:172.21.15.135:6789/0] -- mon_subscribe({osdmap=0}) -- 0x7fd9ec1a00c0 con 0x7fd9ec1079b0
2024-05-20T17:24:16.078 INFO:teuthology.orchestra.run.smithi135.stdout:/usr/bin/ceph: stderr
2024-05-20T17:24:15.210+0000 7fd9e37fe700 1 -- 172.21.15.135:0/3943703638 <== mon.0 v2:172.21.15.135:3300/0 4 ==== mgrmap(e 13) ==== 46344+0+0 (secure 0 0 0) 0x7fd9d4019970 con 0x7fd9ec1079b0
2024-05-20T17:24:16.078 INFO:teuthology.orchestra.run.smithi135.stdout:/usr/bin/ceph: stderr
2024-05-20T17:24:15.210+0000 7fd9f0e61700 1 -- 172.21.15.135:0/3943703638 --> [v2:172.21.15.135:3300/0,v1:172.21.15.135:6789/0] -- mon_command({"prefix": "get_command_descriptions"} v 0) -- 0x7fd9ec063ca0 con 0x7fd9ec1079b0
2024-05-20T17:24:16.078 INFO:teuthology.orchestra.run.smithi135.stdout:/usr/bin/ceph: stderr
2024-05-20T17:24:15.210+0000 7fd9e37fe700 1 --2- 172.21.15.135:0/3943703638 >> [v2:172.21.15.135:6800/3106262554,v1:172.21.15.135:6801/3106262554] conn(0x7fd9d80390f0 0x7fd9d803b600 unknown :-1 s=NONE pgs=0 cs=0 l=1 rev1=0 crypto rx=0 tx=0 comp rx=0 tx=0).connect
2024-05-20T17:24:16.078 INFO:teuthology.orchestra.run.smithi135.stdout:/usr/bin/ceph: stderr
2024-05-20T17:24:15.210+0000 7fd9e37fe700 1 -- 172.21.15.135:0/3943703638 <== mon.0 v2:172.21.15.135:3300/0 5 ==== osd_map(3..3 src has 1..3) ==== 1155+0+0 (secure 0 0 0) 0x7fd9d404db70 con 0x7fd9ec1079b0
2024-05-20T17:24:16.079 INFO:teuthology.orchestra.run.smithi135.stdout:/usr/bin/ceph: stderr
2024-05-20T17:24:15.210+0000 7fd9e9d9b700 1 --2- 172.21.15.135:0/3943703638 >> [v2:172.21.15.135:6800/3106262554,v1:172.21.15.135:6801/3106262554] conn(0x7fd9d80390f0 0x7fd9d803b600 unknown :-1 s=BANNER_CONNECTING pgs=0 cs=0 l=1 rev1=0 crypto rx=0 tx=0 comp rx=0 tx=0)._handle_peer_banner_payload supported=3 required=0
2024-05-20T17:24:16.079 INFO:teuthology.orchestra.run.smithi135.stdout:/usr/bin/ceph: stderr
2024-05-20T17:24:15.211+0000 7fd9e9d9b700 1 --2- 172.21.15.135:0/3943703638 >> [v2:172.21.15.135:6800/3106262554,v1:172.21.15.135:6801/3106262554] conn(0x7fd9d80390f0 0x7fd9d803b600 secure :-1 s=READY pgs=11 cs=0 l=1 rev1=1 crypto rx=0x7fd9dc006fd0 tx=0x7fd9dc006e40 comp rx=0 tx=0).ready entity=mgr.14152 client_cookie=0 server_cookie=0 in_seq=0 out_seq=0
2024-05-20T17:24:16.079 INFO:teuthology.orchestra.run.smithi135.stdout:/usr/bin/ceph: stderr
2024-05-20T17:24:15.215+0000 7fd9e37fe700 1 -- 172.21.15.135:0/3943703638 <== mon.0 v2:172.21.15.135:3300/0 6 ==== mon_command_ack([{"prefix": "get_command_descriptions"}]=0 v0) ==== 72+0+186418 (secure 0 0 0) 0x7fd9d4011e20 con 0x7fd9ec1079b0
2024-05-20T17:24:16.079 INFO:teuthology.orchestra.run.smithi135.stdout:/usr/bin/ceph: stderr
2024-05-20T17:24:15.519+0000 7fd9f0e61700 1 -- 172.21.15.135:0/3943703638 --> [v2:172.21.15.135:3300/0,v1:172.21.15.135:6789/0] -- mon_command([{prefix=config-key set, key=mgr/dashboard/cluster/status}] v 0) -- 0x7fd9ec1a0340 con 0x7fd9ec1079b0
2024-05-20T17:24:16.079 INFO:teuthology.orchestra.run.smithi135.stdout:/usr/bin/ceph: stderr
2024-05-20T17:24:15.521+0000 7fd9e37fe700 1 -- 172.21.15.135:0/3943703638 <== mon.0 v2:172.21.15.135:3300/0 7 ==== mon_command_ack([{prefix=config-key set, key=mgr/dashboard/cluster/status}]=0 set mgr/dashboard/cluster/status v27)=0 set mgr/dashboard/cluster/status v27) ==== 153+0+0 (secure 0 0 0) 0x7fd9d4020240 con 0x7fd9ec1079b0
2024-05-20T17:24:16.079 INFO:teuthology.orchestra.run.smithi135.stdout:/usr/bin/ceph: stderr
2024-05-20T17:24:15.524+0000 7fd9f0e61700 1 -- 172.21.15.135:0/3943703638 >> [v2:172.21.15.135:6800/3106262554,v1:172.21.15.135:6801/3106262554] conn(0x7fd9d80390f0 msgr2=0x7fd9d803b600 secure :-1 s=STATE_CONNECTION_ESTABLISHED l=1).mark_down
2024-05-20T17:24:16.079 INFO:teuthology.orchestra.run.smithi135.stdout:/usr/bin/ceph: stderr
2024-05-20T17:24:15.524+0000 7fd9f0e61700 1 --2- 172.21.15.135:0/3943703638 >> [v2:172.21.15.135:6800/3106262554,v1:172.21.15.135:6801/3106262554] conn(0x7fd9d80390f0 0x7fd9d803b600 secure :-1 s=READY pgs=11 cs=0 l=1 rev1=1 crypto rx=0x7fd9dc006fd0 tx=0x7fd9dc006e40 comp rx=0 tx=0).stop
2024-05-20T17:24:16.079 INFO:teuthology.orchestra.run.smithi135.stdout:/usr/bin/ceph: stderr
2024-05-20T17:24:15.524+0000 7fd9f0e61700 1 -- 172.21.15.135:0/3943703638 >> [v2:172.21.15.135:3300/0,v1:172.21.15.135:6789/0] conn(0x7fd9ec1079b0 msgr2=0x7fd9ec07b970 secure :-1 s=STATE_CONNECTION_ESTABLISHED l=1).mark_down
2024-05-20T17:24:16.079 INFO:teuthology.orchestra.run.smithi135.stdout:/usr/bin/ceph: stderr
2024-05-20T17:24:15.524+0000 7fd9f0e61700 1 --2- 172.21.15.135:0/3943703638 >> [v2:172.21.15.135:3300/0,v1:172.21.15.135:6789/0] conn(0x7fd9ec1079b0 0x7fd9ec07b970 secure :-1 s=READY pgs=79 cs=0 l=1 rev1=1 crypto rx=0x7fd9d4009fb0 tx=0x7fd9d4011c10 comp rx=0 tx=0).stop
2024-05-20T17:24:16.079 INFO:teuthology.orchestra.run.smithi135.stdout:/usr/bin/ceph: stderr
2024-05-20T17:24:15.524+0000 7fd9f0e61700 1 -- 172.21.15.135:0/3943703638 shutdown_connections
2024-05-20T17:24:16.079 INFO:teuthology.orchestra.run.smithi135.stdout:/usr/bin/ceph: stderr
2024-05-20T17:24:15.524+0000 7fd9f0e61700 1 --2- 172.21.15.135:0/3943703638 >> [v2:172.21.15.135:6800/3106262554,v1:172.21.15.135:6801/3106262554] conn(0x7fd9d80390f0 0x7fd9d803b600 unknown :-1 s=CLOSED pgs=11 cs=0 l=1 rev1=1 crypto rx=0 tx=0 comp rx=0 tx=0).stop
2024-05-20T17:24:16.079 INFO:teuthology.orchestra.run.smithi135.stdout:/usr/bin/ceph: stderr
2024-05-20T17:24:15.524+0000 7fd9f0e61700 1 --2- 172.21.15.135:0/3943703638 >> [v2:172.21.15.135:3300/0,v1:172.21.15.135:6789/0] conn(0x7fd9ec1079b0 0x7fd9ec07b970 unknown :-1 s=CLOSED pgs=79 cs=0 l=1 rev1=1 crypto rx=0 tx=0 comp rx=0 tx=0).stop
2024-05-20T17:24:16.080 INFO:teuthology.orchestra.run.smithi135.stdout:/usr/bin/ceph: stderr
2024-05-20T17:24:15.524+0000 7fd9f0e61700 1 -- 172.21.15.135:0/3943703638 >> 172.21.15.135:0/3943703638 conn(0x7fd9ec1030d0 msgr2=0x7fd9ec104990 unknown :-1 s=STATE_NONE l=0).mark_down
2024-05-20T17:24:16.080 INFO:teuthology.orchestra.run.smithi135.stdout:/usr/bin/ceph: stderr
2024-05-20T17:24:15.524+0000 7fd9f0e61700 1 -- 172.21.15.135:0/3943703638 shutdown_connections
2024-05-20T17:24:16.080 INFO:teuthology.orchestra.run.smithi135.stdout:/usr/bin/ceph: stderr
2024-05-20T17:24:15.524+0000 7fd9f0e61700 1 -- 172.21.15.135:0/3943703638 wait complete.
2024-05-20T17:24:16.080 INFO:teuthology.orchestra.run.smithi135.stdout:/usr/bin/ceph: stderr set mgr/dashboard/cluster/status
2024-05-20T17:24:16.080 INFO:teuthology.orchestra.run.smithi135.stdout:You can access the Ceph CLI as following in case of multi-cluster or non-default config:
2024-05-20T17:24:16.080 INFO:teuthology.orchestra.run.smithi135.stdout:
2024-05-20T17:24:16.080 INFO:teuthology.orchestra.run.smithi135.stdout: sudo /home/ubuntu/cephtest/cephadm shell --fsid 76c4e726-16cd-11ef-bc9a-c7b262605968 -c /etc/ceph/ceph.conf -k /etc/ceph/ceph.client.admin.keyring
2024-05-20T17:24:16.080 INFO:teuthology.orchestra.run.smithi135.stdout:
2024-05-20T17:24:16.080 INFO:teuthology.orchestra.run.smithi135.stdout:Or, if you are only running a single cluster on this host:
2024-05-20T17:24:16.080 INFO:teuthology.orchestra.run.smithi135.stdout:
2024-05-20T17:24:16.080 INFO:teuthology.orchestra.run.smithi135.stdout: sudo /home/ubuntu/cephtest/cephadm shell
2024-05-20T17:24:16.080 INFO:teuthology.orchestra.run.smithi135.stdout:
2024-05-20T17:24:16.081 INFO:teuthology.orchestra.run.smithi135.stdout:Please consider enabling telemetry to help improve Ceph:
2024-05-20T17:24:16.081 INFO:teuthology.orchestra.run.smithi135.stdout:
2024-05-20T17:24:16.081 INFO:teuthology.orchestra.run.smithi135.stdout: ceph telemetry on
2024-05-20T17:24:16.081 INFO:teuthology.orchestra.run.smithi135.stdout:
2024-05-20T17:24:16.081 INFO:teuthology.orchestra.run.smithi135.stdout:For more information see:
2024-05-20T17:24:16.081 INFO:teuthology.orchestra.run.smithi135.stdout:
2024-05-20T17:24:16.081 INFO:teuthology.orchestra.run.smithi135.stdout: https://docs.ceph.com/en/latest/mgr/telemetry/
2024-05-20T17:24:16.081 INFO:teuthology.orchestra.run.smithi135.stdout:
2024-05-20T17:24:16.081 INFO:teuthology.orchestra.run.smithi135.stdout:Bootstrap complete.
2024-05-20T17:24:16.118 INFO:tasks.cephadm:Fetching config...
2024-05-20T17:24:16.119 DEBUG:teuthology.orchestra.run.smithi135:> set -ex
2024-05-20T17:24:16.119 DEBUG:teuthology.orchestra.run.smithi135:> dd if=/etc/ceph/ceph.conf of=/dev/stdout
2024-05-20T17:24:16.135 INFO:tasks.cephadm:Fetching client.admin keyring...
2024-05-20T17:24:16.135 DEBUG:teuthology.orchestra.run.smithi135:> set -ex
2024-05-20T17:24:16.136 DEBUG:teuthology.orchestra.run.smithi135:> dd if=/etc/ceph/ceph.client.admin.keyring of=/dev/stdout
2024-05-20T17:24:16.192 INFO:tasks.cephadm:Fetching mon keyring...
2024-05-20T17:24:16.192 DEBUG:teuthology.orchestra.run.smithi135:> set -ex
2024-05-20T17:24:16.192 DEBUG:teuthology.orchestra.run.smithi135:> sudo dd if=/var/lib/ceph/76c4e726-16cd-11ef-bc9a-c7b262605968/mon.a/keyring of=/dev/stdout
2024-05-20T17:24:16.256 INFO:tasks.cephadm:Fetching pub ssh key...
2024-05-20T17:24:16.256 DEBUG:teuthology.orchestra.run.smithi135:> set -ex
2024-05-20T17:24:16.257 DEBUG:teuthology.orchestra.run.smithi135:> dd if=/home/ubuntu/cephtest/ceph.pub of=/dev/stdout
2024-05-20T17:24:16.313 INFO:tasks.cephadm:Installing pub ssh key for root users...
2024-05-20T17:24:16.313 DEBUG:teuthology.orchestra.run.smithi135:> sudo install -d -m 0700 /root/.ssh && echo 'ssh-rsa AAAAB3NzaC1yc2EAAAADAQABAAABgQC+99O6RELzDRmN5sHTE6oOulyx2/2WkNG3/S1ox1kjmUm/SuJw6wIdDxV/TQuRJH7ot+ojbogHhALmUo+hZ5UF0s/mzXuM1og/+gD4BsAgEEpMuLTumRPs/toLLtIeYNDZlezdZPKPZP71rIKbQeZ5lJTgswWz5CsT51eY0VlDThhTwPlwVarRfTR9OyQp8bJ6W0BWka85UctMJhQFFSkDIOZQGMtzQw/0wcmh7j2Is2Csx9zhMpNgYliR0VB5sQTiYPRJTF1lelGT9Kb0aE1Cv9EFWPPUnEMkM3CmsUppyvs6wBNq0XdmH+ZYI1ZTmtLCoaUyccLmsyu0/knBy5r3BPnb3tYvQFzUR/8bz4bICMUfs4wKk1a4jaED91wxgHQrwwLky4L6YDmOlowH4XZ0yjZl6wDvK/gvO8HLCxOb/javAzvzkRPez78OBXEbPQa92kbb05Sk1SFFNOORM0oAt6svubVOBR/9BSceGvHOqUZBAUqzMJcIFTYGpAwaZz8= ceph-76c4e726-16cd-11ef-bc9a-c7b262605968' | sudo tee -a /root/.ssh/authorized_keys && sudo chmod 0600 /root/.ssh/authorized_keys
2024-05-20T17:24:16.388 INFO:teuthology.orchestra.run.smithi135.stdout:ssh-rsa AAAAB3NzaC1yc2EAAAADAQABAAABgQC+99O6RELzDRmN5sHTE6oOulyx2/2WkNG3/S1ox1kjmUm/SuJw6wIdDxV/TQuRJH7ot+ojbogHhALmUo+hZ5UF0s/mzXuM1og/+gD4BsAgEEpMuLTumRPs/toLLtIeYNDZlezdZPKPZP71rIKbQeZ5lJTgswWz5CsT51eY0VlDThhTwPlwVarRfTR9OyQp8bJ6W0BWka85UctMJhQFFSkDIOZQGMtzQw/0wcmh7j2Is2Csx9zhMpNgYliR0VB5sQTiYPRJTF1lelGT9Kb0aE1Cv9EFWPPUnEMkM3CmsUppyvs6wBNq0XdmH+ZYI1ZTmtLCoaUyccLmsyu0/knBy5r3BPnb3tYvQFzUR/8bz4bICMUfs4wKk1a4jaED91wxgHQrwwLky4L6YDmOlowH4XZ0yjZl6wDvK/gvO8HLCxOb/javAzvzkRPez78OBXEbPQa92kbb05Sk1SFFNOORM0oAt6svubVOBR/9BSceGvHOqUZBAUqzMJcIFTYGpAwaZz8= ceph-76c4e726-16cd-11ef-bc9a-c7b262605968
2024-05-20T17:24:16.400 DEBUG:teuthology.orchestra.run.smithi160:> sudo install -d -m 0700 /root/.ssh && echo 'ssh-rsa AAAAB3NzaC1yc2EAAAADAQABAAABgQC+99O6RELzDRmN5sHTE6oOulyx2/2WkNG3/S1ox1kjmUm/SuJw6wIdDxV/TQuRJH7ot+ojbogHhALmUo+hZ5UF0s/mzXuM1og/+gD4BsAgEEpMuLTumRPs/toLLtIeYNDZlezdZPKPZP71rIKbQeZ5lJTgswWz5CsT51eY0VlDThhTwPlwVarRfTR9OyQp8bJ6W0BWka85UctMJhQFFSkDIOZQGMtzQw/0wcmh7j2Is2Csx9zhMpNgYliR0VB5sQTiYPRJTF1lelGT9Kb0aE1Cv9EFWPPUnEMkM3CmsUppyvs6wBNq0XdmH+ZYI1ZTmtLCoaUyccLmsyu0/knBy5r3BPnb3tYvQFzUR/8bz4bICMUfs4wKk1a4jaED91wxgHQrwwLky4L6YDmOlowH4XZ0yjZl6wDvK/gvO8HLCxOb/javAzvzkRPez78OBXEbPQa92kbb05Sk1SFFNOORM0oAt6svubVOBR/9BSceGvHOqUZBAUqzMJcIFTYGpAwaZz8= ceph-76c4e726-16cd-11ef-bc9a-c7b262605968' | sudo tee -a /root/.ssh/authorized_keys && sudo chmod 0600 /root/.ssh/authorized_keys
2024-05-20T17:24:16.439 INFO:teuthology.orchestra.run.smithi160.stdout:ssh-rsa AAAAB3NzaC1yc2EAAAADAQABAAABgQC+99O6RELzDRmN5sHTE6oOulyx2/2WkNG3/S1ox1kjmUm/SuJw6wIdDxV/TQuRJH7ot+ojbogHhALmUo+hZ5UF0s/mzXuM1og/+gD4BsAgEEpMuLTumRPs/toLLtIeYNDZlezdZPKPZP71rIKbQeZ5lJTgswWz5CsT51eY0VlDThhTwPlwVarRfTR9OyQp8bJ6W0BWka85UctMJhQFFSkDIOZQGMtzQw/0wcmh7j2Is2Csx9zhMpNgYliR0VB5sQTiYPRJTF1lelGT9Kb0aE1Cv9EFWPPUnEMkM3CmsUppyvs6wBNq0XdmH+ZYI1ZTmtLCoaUyccLmsyu0/knBy5r3BPnb3tYvQFzUR/8bz4bICMUfs4wKk1a4jaED91wxgHQrwwLky4L6YDmOlowH4XZ0yjZl6wDvK/gvO8HLCxOb/javAzvzkRPez78OBXEbPQa92kbb05Sk1SFFNOORM0oAt6svubVOBR/9BSceGvHOqUZBAUqzMJcIFTYGpAwaZz8= ceph-76c4e726-16cd-11ef-bc9a-c7b262605968
