2024-05-20T17:49:19.152+0000 7f40dbfff700 1 --2- 172.21.15.129:0/3277917399 >> [v2:172.21.15.129:6800/3614898033,v1:172.21.15.129:6801/3614898033] conn(0x7f40cc039110 0x7f40cc03b620 unknown :-1 s=START_CONNECT pgs=0 cs=0 l=1 rev1=0 crypto rx=0 tx=0 comp rx=0 tx=0)._fault waiting 1.600000
2024-05-20T17:49:23.542 INFO:teuthology.orchestra.run.smithi129.stdout:/usr/bin/ceph: stderr
2024-05-20T17:49:20.753+0000 7f40dbfff700 1 -- 172.21.15.129:0/3277917399 >> [v2:172.21.15.129:6800/3614898033,v1:172.21.15.129:6801/3614898033] conn(0x7f40cc039110 msgr2=0x7f40cc03b620 unknown :-1 s=STATE_CONNECTING_RE l=1).process reconnect failed to v2:172.21.15.129:6800/3614898033
2024-05-20T17:49:23.542 INFO:teuthology.orchestra.run.smithi129.stdout:/usr/bin/ceph: stderr
2024-05-20T17:49:20.753+0000 7f40dbfff700 1 --2- 172.21.15.129:0/3277917399 >> [v2:172.21.15.129:6800/3614898033,v1:172.21.15.129:6801/3614898033] conn(0x7f40cc039110 0x7f40cc03b620 unknown :-1 s=START_CONNECT pgs=0 cs=0 l=1 rev1=0 crypto rx=0 tx=0 comp rx=0 tx=0)._fault waiting 3.200000
2024-05-20T17:49:23.542 INFO:teuthology.orchestra.run.smithi129.stdout:/usr/bin/ceph: stderr
2024-05-20T17:49:21.928+0000 7f40d9ffb700 1 -- 172.21.15.129:0/3277917399 <== mon.0 v2:172.21.15.129:3300/0 6 ==== mgrmap(e 6) ==== 46054+0+0 (secure 0 0 0) 0x7f40d002d960 con 0x7f40dc07bc60
2024-05-20T17:49:23.542 INFO:teuthology.orchestra.run.smithi129.stdout:/usr/bin/ceph: stderr
2024-05-20T17:49:21.928+0000 7f40d9ffb700 1 -- 172.21.15.129:0/3277917399 >> [v2:172.21.15.129:6800/3614898033,v1:172.21.15.129:6801/3614898033] conn(0x7f40cc039110 msgr2=0x7f40cc03b620 unknown :-1 s=STATE_CONNECTING l=1).mark_down
2024-05-20T17:49:23.542 INFO:teuthology.orchestra.run.smithi129.stdout:/usr/bin/ceph: stderr
2024-05-20T17:49:21.928+0000 7f40d9ffb700 1 --2- 172.21.15.129:0/3277917399 >> [v2:172.21.15.129:6800/3614898033,v1:172.21.15.129:6801/3614898033] conn(0x7f40cc039110 0x7f40cc03b620 unknown :-1 s=START_CONNECT pgs=0 cs=0 l=1 rev1=0 crypto rx=0 tx=0 comp rx=0 tx=0).stop
2024-05-20T17:49:23.542 INFO:teuthology.orchestra.run.smithi129.stdout:/usr/bin/ceph: stderr
2024-05-20T17:49:22.929+0000 7f40d9ffb700 1 -- 172.21.15.129:0/3277917399 <== mon.0 v2:172.21.15.129:3300/0 7 ==== mgrmap(e 7) ==== 46181+0+0 (secure 0 0 0) 0x7f40d004f300 con 0x7f40dc07bc60
2024-05-20T17:49:23.542 INFO:teuthology.orchestra.run.smithi129.stdout:/usr/bin/ceph: stderr
2024-05-20T17:49:22.930+0000 7f40d9ffb700 1 --2- 172.21.15.129:0/3277917399 >> [v2:172.21.15.129:6800/1916241944,v1:172.21.15.129:6801/1916241944] conn(0x7f40cc03ca90 0x7f40cc03eeb0 unknown :-1 s=NONE pgs=0 cs=0 l=1 rev1=0 crypto rx=0 tx=0 comp rx=0 tx=0).connect
2024-05-20T17:49:23.543 INFO:teuthology.orchestra.run.smithi129.stdout:/usr/bin/ceph: stderr
2024-05-20T17:49:22.930+0000 7f40d9ffb700 1 -- 172.21.15.129:0/3277917399 --> [v2:172.21.15.129:6800/1916241944,v1:172.21.15.129:6801/1916241944] -- command(tid 0: {"prefix": "get_command_descriptions"}) -- 0x7f40cc03bd30 con 0x7f40cc03ca90
2024-05-20T17:49:23.543 INFO:teuthology.orchestra.run.smithi129.stdout:/usr/bin/ceph: stderr
2024-05-20T17:49:22.930+0000 7f40dbfff700 1 --2- 172.21.15.129:0/3277917399 >> [v2:172.21.15.129:6800/1916241944,v1:172.21.15.129:6801/1916241944] conn(0x7f40cc03ca90 0x7f40cc03eeb0 unknown :-1 s=BANNER_CONNECTING pgs=0 cs=0 l=1 rev1=0 crypto rx=0 tx=0 comp rx=0 tx=0)._handle_peer_banner_payload supported=3 required=0
2024-05-20T17:49:23.543 INFO:teuthology.orchestra.run.smithi129.stdout:/usr/bin/ceph: stderr
2024-05-20T17:49:22.931+0000 7f40dbfff700 1 --2- 172.21.15.129:0/3277917399 >> [v2:172.21.15.129:6800/1916241944,v1:172.21.15.129:6801/1916241944] conn(0x7f40cc03ca90 0x7f40cc03eeb0 secure :-1 s=READY pgs=3 cs=0 l=1 rev1=1 crypto rx=0x7f40c8003a10 tx=0x7f40c8009290 comp rx=0 tx=0).ready entity=mgr.14118 client_cookie=0 server_cookie=0 in_seq=0 out_seq=0
2024-05-20T17:49:23.543 INFO:teuthology.orchestra.run.smithi129.stdout:/usr/bin/ceph: stderr
2024-05-20T17:49:22.931+0000 7f40d9ffb700 1 -- 172.21.15.129:0/3277917399 <== mgr.14118 v2:172.21.15.129:6800/1916241944 1 ==== command_reply(tid 0: 0 ) ==== 8+0+7774 (secure 0 0 0) 0x7f40cc03bd30 con 0x7f40cc03ca90
2024-05-20T17:49:23.543 INFO:teuthology.orchestra.run.smithi129.stdout:/usr/bin/ceph: stderr
2024-05-20T17:49:22.938+0000 7f40e2cfe700 1 -- 172.21.15.129:0/3277917399 --> [v2:172.21.15.129:6800/1916241944,v1:172.21.15.129:6801/1916241944] -- command(tid 1: {"prefix": "mgr_status"}) -- 0x7f40dc063ca0 con 0x7f40cc03ca90
2024-05-20T17:49:23.543 INFO:teuthology.orchestra.run.smithi129.stdout:/usr/bin/ceph: stderr
2024-05-20T17:49:22.938+0000 7f40d9ffb700 1 -- 172.21.15.129:0/3277917399 <== mgr.14118 v2:172.21.15.129:6800/1916241944 2 ==== command_reply(tid 1: 0 ) ==== 8+0+51 (secure 0 0 0) 0x7f40dc063ca0 con 0x7f40cc03ca90
2024-05-20T17:49:23.543 INFO:teuthology.orchestra.run.smithi129.stdout:/usr/bin/ceph: stderr
2024-05-20T17:49:22.939+0000 7f40e2cfe700 1 -- 172.21.15.129:0/3277917399 >> [v2:172.21.15.129:6800/1916241944,v1:172.21.15.129:6801/1916241944] conn(0x7f40cc03ca90 msgr2=0x7f40cc03eeb0 secure :-1 s=STATE_CONNECTION_ESTABLISHED l=1).mark_down
2024-05-20T17:49:23.543 INFO:teuthology.orchestra.run.smithi129.stdout:/usr/bin/ceph: stderr
2024-05-20T17:49:22.939+0000 7f40e2cfe700 1 --2- 172.21.15.129:0/3277917399 >> [v2:172.21.15.129:6800/1916241944,v1:172.21.15.129:6801/1916241944] conn(0x7f40cc03ca90 0x7f40cc03eeb0 secure :-1 s=READY pgs=3 cs=0 l=1 rev1=1 crypto rx=0x7f40c8003a10 tx=0x7f40c8009290 comp rx=0 tx=0).stop
2024-05-20T17:49:23.543 INFO:teuthology.orchestra.run.smithi129.stdout:/usr/bin/ceph: stderr
2024-05-20T17:49:22.939+0000 7f40e2cfe700 1 -- 172.21.15.129:0/3277917399 >> [v2:172.21.15.129:3300/0,v1:172.21.15.129:6789/0] conn(0x7f40dc07bc60 msgr2=0x7f40dc19cee0 secure :-1 s=STATE_CONNECTION_ESTABLISHED l=1).mark_down
2024-05-20T17:49:23.543 INFO:teuthology.orchestra.run.smithi129.stdout:/usr/bin/ceph: stderr
2024-05-20T17:49:22.939+0000 7f40e2cfe700 1 --2- 172.21.15.129:0/3277917399 >> [v2:172.21.15.129:3300/0,v1:172.21.15.129:6789/0] conn(0x7f40dc07bc60 0x7f40dc19cee0 secure :-1 s=READY pgs=27 cs=0 l=1 rev1=1 crypto rx=0x7f40d0011850 tx=0x7f40d0011c10 comp rx=0 tx=0).stop
2024-05-20T17:49:23.543 INFO:teuthology.orchestra.run.smithi129.stdout:/usr/bin/ceph: stderr
2024-05-20T17:49:22.939+0000 7f40e2cfe700 1 -- 172.21.15.129:0/3277917399 shutdown_connections
2024-05-20T17:49:23.543 INFO:teuthology.orchestra.run.smithi129.stdout:/usr/bin/ceph: stderr
2024-05-20T17:49:22.939+0000 7f40e2cfe700 1 --2- 172.21.15.129:0/3277917399 >> [v2:172.21.15.129:3300/0,v1:172.21.15.129:6789/0] conn(0x7f40dc07bc60 0x7f40dc19cee0 unknown :-1 s=CLOSED pgs=27 cs=0 l=1 rev1=1 crypto rx=0 tx=0 comp rx=0 tx=0).stop
2024-05-20T17:49:23.543 INFO:teuthology.orchestra.run.smithi129.stdout:/usr/bin/ceph: stderr
2024-05-20T17:49:22.939+0000 7f40e2cfe700 1 --2- 172.21.15.129:0/3277917399 >> [v2:172.21.15.129:6800/1916241944,v1:172.21.15.129:6801/1916241944] conn(0x7f40cc03ca90 0x7f40cc03eeb0 unknown :-1 s=CLOSED pgs=3 cs=0 l=1 rev1=1 crypto rx=0 tx=0 comp rx=0 tx=0).stop
2024-05-20T17:49:23.544 INFO:teuthology.orchestra.run.smithi129.stdout:/usr/bin/ceph: stderr
2024-05-20T17:49:22.939+0000 7f40e2cfe700 1 --2- 172.21.15.129:0/3277917399 >> [v2:172.21.15.129:6800/3614898033,v1:172.21.15.129:6801/3614898033] conn(0x7f40cc039110 0x7f40cc03b620 unknown :-1 s=CLOSED pgs=0 cs=0 l=1 rev1=0 crypto rx=0 tx=0 comp rx=0 tx=0).stop
2024-05-20T17:49:23.544 INFO:teuthology.orchestra.run.smithi129.stdout:/usr/bin/ceph: stderr
2024-05-20T17:49:22.939+0000 7f40e2cfe700 1 -- 172.21.15.129:0/3277917399 >> 172.21.15.129:0/3277917399 conn(0x7f40dc103100 msgr2=0x7f40dc103960 unknown :-1 s=STATE_NONE l=0).mark_down
2024-05-20T17:49:23.544 INFO:teuthology.orchestra.run.smithi129.stdout:/usr/bin/ceph: stderr
2024-05-20T17:49:22.939+0000 7f40e2cfe700 1 -- 172.21.15.129:0/3277917399 shutdown_connections
2024-05-20T17:49:23.544 INFO:teuthology.orchestra.run.smithi129.stdout:/usr/bin/ceph: stderr
2024-05-20T17:49:22.939+0000 7f40e2cfe700 1 -- 172.21.15.129:0/3277917399 wait complete.
2024-05-20T17:49:23.544 INFO:teuthology.orchestra.run.smithi129.stdout:mgr epoch 5 is available
2024-05-20T17:49:23.544 INFO:teuthology.orchestra.run.smithi129.stdout:Setting orchestrator backend to cephadm...
2024-05-20T17:49:24.164 INFO:journalctl@ceph.mon.a.smithi129.stdout:May 20 17:49:23 smithi129 ceph-mon[32029]: from='client.14122 -' entity='client.admin' cmd=[{"prefix": "get_command_descriptions"}]: dispatch
2024-05-20T17:49:24.164 INFO:journalctl@ceph.mon.a.smithi129.stdout:May 20 17:49:23 smithi129 ceph-mon[32029]: from='client.14122 -' entity='client.admin' cmd=[{"prefix": "mgr_status"}]: dispatch
2024-05-20T17:49:24.767 INFO:teuthology.orchestra.run.smithi129.stdout:/usr/bin/ceph: stderr
2024-05-20T17:49:23.951+0000 7fc2ecd0c700 1 Processor -- start
2024-05-20T17:49:24.767 INFO:teuthology.orchestra.run.smithi129.stdout:/usr/bin/ceph: stderr
2024-05-20T17:49:23.951+0000 7fc2ecd0c700 1 -- start start
2024-05-20T17:49:24.767 INFO:teuthology.orchestra.run.smithi129.stdout:/usr/bin/ceph: stderr
2024-05-20T17:49:23.951+0000 7fc2ecd0c700 1 --2- >> [v2:172.21.15.129:3300/0,v1:172.21.15.129:6789/0] conn(0x7fc2e807bc60 0x7fc2e810b760 unknown :-1 s=NONE pgs=0 cs=0 l=0 rev1=0 crypto rx=0 tx=0 comp rx=0 tx=0).connect
2024-05-20T17:49:24.767 INFO:teuthology.orchestra.run.smithi129.stdout:/usr/bin/ceph: stderr
2024-05-20T17:49:23.951+0000 7fc2ecd0c700 1 -- --> [v2:172.21.15.129:3300/0,v1:172.21.15.129:6789/0] -- mon_getmap magic: 0 -- 0x7fc2e810bd50 con 0x7fc2e807bc60
2024-05-20T17:49:24.767 INFO:teuthology.orchestra.run.smithi129.stdout:/usr/bin/ceph: stderr
2024-05-20T17:49:23.951+0000 7fc2e659c700 1 --2- >> [v2:172.21.15.129:3300/0,v1:172.21.15.129:6789/0] conn(0x7fc2e807bc60 0x7fc2e810b760 unknown :-1 s=BANNER_CONNECTING pgs=0 cs=0 l=0 rev1=0 crypto rx=0 tx=0 comp rx=0 tx=0)._handle_peer_banner_payload supported=3 required=0
2024-05-20T17:49:24.767 INFO:teuthology.orchestra.run.smithi129.stdout:/usr/bin/ceph: stderr
2024-05-20T17:49:23.952+0000 7fc2e659c700 1 --2- >> [v2:172.21.15.129:3300/0,v1:172.21.15.129:6789/0] conn(0x7fc2e807bc60 0x7fc2e810b760 unknown :-1 s=HELLO_CONNECTING pgs=0 cs=0 l=0 rev1=1 crypto rx=0 tx=0 comp rx=0 tx=0).handle_hello peer v2:172.21.15.129:3300/0 says I am v2:172.21.15.129:58572/0 (socket says 172.21.15.129:58572)
2024-05-20T17:49:24.768 INFO:teuthology.orchestra.run.smithi129.stdout:/usr/bin/ceph: stderr
2024-05-20T17:49:23.952+0000 7fc2e659c700 1 -- 172.21.15.129:0/3299049535 learned_addr learned my addr 172.21.15.129:0/3299049535 (peer_addr_for_me v2:172.21.15.129:0/0)
2024-05-20T17:49:24.768 INFO:teuthology.orchestra.run.smithi129.stdout:/usr/bin/ceph: stderr
2024-05-20T17:49:23.952+0000 7fc2e659c700 1 -- 172.21.15.129:0/3299049535 --> [v2:172.21.15.129:3300/0,v1:172.21.15.129:6789/0] -- mon_subscribe({config=0+,monmap=0+}) -- 0x7fc2e810bed0 con 0x7fc2e807bc60
2024-05-20T17:49:24.768 INFO:teuthology.orchestra.run.smithi129.stdout:/usr/bin/ceph: stderr
2024-05-20T17:49:23.952+0000 7fc2e659c700 1 --2- 172.21.15.129:0/3299049535 >> [v2:172.21.15.129:3300/0,v1:172.21.15.129:6789/0] conn(0x7fc2e807bc60 0x7fc2e810b760 secure :-1 s=READY pgs=35 cs=0 l=1 rev1=1 crypto rx=0x7fc2d80098a0 tx=0x7fc2d8009bb0 comp rx=0 tx=0).ready entity=mon.0 client_cookie=dc5f3d7c7001ee06 server_cookie=0 in_seq=0 out_seq=0
2024-05-20T17:49:24.768 INFO:teuthology.orchestra.run.smithi129.stdout:/usr/bin/ceph: stderr
2024-05-20T17:49:23.952+0000 7fc2e559a700 1 -- 172.21.15.129:0/3299049535 <== mon.0 v2:172.21.15.129:3300/0 1 ==== mon_map magic: 0 ==== 205+0+0 (secure 0 0 0) 0x7fc2d8004160 con 0x7fc2e807bc60
2024-05-20T17:49:24.768 INFO:teuthology.orchestra.run.smithi129.stdout:/usr/bin/ceph: stderr
2024-05-20T17:49:23.952+0000 7fc2e559a700 1 -- 172.21.15.129:0/3299049535 <== mon.0 v2:172.21.15.129:3300/0 2 ==== config(27 keys) ==== 1109+0+0 (secure 0 0 0) 0x7fc2d8004300 con 0x7fc2e807bc60
2024-05-20T17:49:24.768 INFO:teuthology.orchestra.run.smithi129.stdout:/usr/bin/ceph: stderr
2024-05-20T17:49:23.952+0000 7fc2e559a700 1 -- 172.21.15.129:0/3299049535 <== mon.0 v2:172.21.15.129:3300/0 3 ==== mon_map magic: 0 ==== 205+0+0 (secure 0 0 0) 0x7fc2d8011b50 con 0x7fc2e807bc60
2024-05-20T17:49:24.768 INFO:teuthology.orchestra.run.smithi129.stdout:/usr/bin/ceph: stderr
2024-05-20T17:49:23.953+0000 7fc2ecd0c700 1 -- 172.21.15.129:0/3299049535 >> [v2:172.21.15.129:3300/0,v1:172.21.15.129:6789/0] conn(0x7fc2e807bc60 msgr2=0x7fc2e810b760 secure :-1 s=STATE_CONNECTION_ESTABLISHED l=1).mark_down
2024-05-20T17:49:24.768 INFO:teuthology.orchestra.run.smithi129.stdout:/usr/bin/ceph: stderr
2024-05-20T17:49:23.953+0000 7fc2ecd0c700 1 --2- 172.21.15.129:0/3299049535 >> [v2:172.21.15.129:3300/0,v1:172.21.15.129:6789/0] conn(0x7fc2e807bc60 0x7fc2e810b760 secure :-1 s=READY pgs=35 cs=0 l=1 rev1=1 crypto rx=0x7fc2d80098a0 tx=0x7fc2d8009bb0 comp rx=0 tx=0).stop
2024-05-20T17:49:24.768 INFO:teuthology.orchestra.run.smithi129.stdout:/usr/bin/ceph: stderr
2024-05-20T17:49:23.953+0000 7fc2ecd0c700 1 -- 172.21.15.129:0/3299049535 shutdown_connections
2024-05-20T17:49:24.768 INFO:teuthology.orchestra.run.smithi129.stdout:/usr/bin/ceph: stderr
2024-05-20T17:49:23.953+0000 7fc2ecd0c700 1 --2- 172.21.15.129:0/3299049535 >> [v2:172.21.15.129:3300/0,v1:172.21.15.129:6789/0] conn(0x7fc2e807bc60 0x7fc2e810b760 unknown :-1 s=CLOSED pgs=35 cs=0 l=1 rev1=1 crypto rx=0 tx=0 comp rx=0 tx=0).stop
2024-05-20T17:49:24.768 INFO:teuthology.orchestra.run.smithi129.stdout:/usr/bin/ceph: stderr
2024-05-20T17:49:23.953+0000 7fc2ecd0c700 1 -- 172.21.15.129:0/3299049535 >> 172.21.15.129:0/3299049535 conn(0x7fc2e81031d0 msgr2=0x7fc2e8105620 unknown :-1 s=STATE_NONE l=0).mark_down
2024-05-20T17:49:24.768 INFO:teuthology.orchestra.run.smithi129.stdout:/usr/bin/ceph: stderr
2024-05-20T17:49:23.953+0000 7fc2ecd0c700 1 -- 172.21.15.129:0/3299049535 shutdown_connections
2024-05-20T17:49:24.768 INFO:teuthology.orchestra.run.smithi129.stdout:/usr/bin/ceph: stderr
2024-05-20T17:49:23.953+0000 7fc2ecd0c700 1 -- 172.21.15.129:0/3299049535 wait complete.
2024-05-20T17:49:24.769 INFO:teuthology.orchestra.run.smithi129.stdout:/usr/bin/ceph: stderr
2024-05-20T17:49:23.954+0000 7fc2ecd0c700 1 Processor -- start
2024-05-20T17:49:24.769 INFO:teuthology.orchestra.run.smithi129.stdout:/usr/bin/ceph: stderr
2024-05-20T17:49:23.954+0000 7fc2ecd0c700 1 -- start start
2024-05-20T17:49:24.769 INFO:teuthology.orchestra.run.smithi129.stdout:/usr/bin/ceph: stderr
2024-05-20T17:49:23.954+0000 7fc2ecd0c700 1 --2- >> [v2:172.21.15.129:3300/0,v1:172.21.15.129:6789/0] conn(0x7fc2e807bc60 0x7fc2e819cf20 unknown :-1 s=NONE pgs=0 cs=0 l=1 rev1=0 crypto rx=0 tx=0 comp rx=0 tx=0).connect
2024-05-20T17:49:24.769 INFO:teuthology.orchestra.run.smithi129.stdout:/usr/bin/ceph: stderr
2024-05-20T17:49:23.954+0000 7fc2ecd0c700 1 -- --> [v2:172.21.15.129:3300/0,v1:172.21.15.129:6789/0] -- mon_getmap magic: 0 -- 0x7fc2e810cfb0 con 0x7fc2e807bc60
2024-05-20T17:49:24.769 INFO:teuthology.orchestra.run.smithi129.stdout:/usr/bin/ceph: stderr
2024-05-20T17:49:23.954+0000 7fc2e659c700 1 --2- >> [v2:172.21.15.129:3300/0,v1:172.21.15.129:6789/0] conn(0x7fc2e807bc60 0x7fc2e819cf20 unknown :-1 s=BANNER_CONNECTING pgs=0 cs=0 l=1 rev1=0 crypto rx=0 tx=0 comp rx=0 tx=0)._handle_peer_banner_payload supported=3 required=0
2024-05-20T17:49:24.769 INFO:teuthology.orchestra.run.smithi129.stdout:/usr/bin/ceph: stderr
2024-05-20T17:49:23.954+0000 7fc2e659c700 1 --2- >> [v2:172.21.15.129:3300/0,v1:172.21.15.129:6789/0] conn(0x7fc2e807bc60 0x7fc2e819cf20 unknown :-1 s=HELLO_CONNECTING pgs=0 cs=0 l=1 rev1=1 crypto rx=0 tx=0 comp rx=0 tx=0).handle_hello peer v2:172.21.15.129:3300/0 says I am v2:172.21.15.129:58584/0 (socket says 172.21.15.129:58584)
2024-05-20T17:49:24.769 INFO:teuthology.orchestra.run.smithi129.stdout:/usr/bin/ceph: stderr
2024-05-20T17:49:23.954+0000 7fc2e659c700 1 -- 172.21.15.129:0/1163533050 learned_addr learned my addr 172.21.15.129:0/1163533050 (peer_addr_for_me v2:172.21.15.129:0/0)
2024-05-20T17:49:24.769 INFO:teuthology.orchestra.run.smithi129.stdout:/usr/bin/ceph: stderr
2024-05-20T17:49:23.955+0000 7fc2e659c700 1 -- 172.21.15.129:0/1163533050 --> [v2:172.21.15.129:3300/0,v1:172.21.15.129:6789/0] -- mon_subscribe({config=0+,monmap=0+}) -- 0x7fc2e819d460 con 0x7fc2e807bc60
2024-05-20T17:49:24.769 INFO:teuthology.orchestra.run.smithi129.stdout:/usr/bin/ceph: stderr
2024-05-20T17:49:23.955+0000 7fc2e659c700 1 --2- 172.21.15.129:0/1163533050 >> [v2:172.21.15.129:3300/0,v1:172.21.15.129:6789/0] conn(0x7fc2e807bc60 0x7fc2e819cf20 secure :-1 s=READY pgs=36 cs=0 l=1 rev1=1 crypto rx=0x7fc2d8009fb0 tx=0x7fc2d8011bf0 comp rx=0 tx=0).ready entity=mon.0 client_cookie=0 server_cookie=0 in_seq=0 out_seq=0
2024-05-20T17:49:24.769 INFO:teuthology.orchestra.run.smithi129.stdout:/usr/bin/ceph: stderr
2024-05-20T17:49:23.955+0000 7fc2d77fe700 1 -- 172.21.15.129:0/1163533050 <== mon.0 v2:172.21.15.129:3300/0 1 ==== mon_map magic: 0 ==== 205+0+0 (secure 0 0 0) 0x7fc2d80038b0 con 0x7fc2e807bc60
2024-05-20T17:49:24.769 INFO:teuthology.orchestra.run.smithi129.stdout:/usr/bin/ceph: stderr
2024-05-20T17:49:23.955+0000 7fc2d77fe700 1 -- 172.21.15.129:0/1163533050 <== mon.0 v2:172.21.15.129:3300/0 2 ==== config(27 keys) ==== 1109+0+0 (secure 0 0 0) 0x7fc2d8011e50 con 0x7fc2e807bc60
2024-05-20T17:49:24.769 INFO:teuthology.orchestra.run.smithi129.stdout:/usr/bin/ceph: stderr
2024-05-20T17:49:23.955+0000 7fc2ecd0c700 1 -- 172.21.15.129:0/1163533050 --> [v2:172.21.15.129:3300/0,v1:172.21.15.129:6789/0] -- mon_subscribe({mgrmap=0+}) -- 0x7fc2e819d6f0 con 0x7fc2e807bc60
2024-05-20T17:49:24.770 INFO:teuthology.orchestra.run.smithi129.stdout:/usr/bin/ceph: stderr
2024-05-20T17:49:23.955+0000 7fc2d77fe700 1 -- 172.21.15.129:0/1163533050 <== mon.0 v2:172.21.15.129:3300/0 3 ==== mon_map magic: 0 ==== 205+0+0 (secure 0 0 0) 0x7fc2d8019550 con 0x7fc2e807bc60
2024-05-20T17:49:24.770 INFO:teuthology.orchestra.run.smithi129.stdout:/usr/bin/ceph: stderr
2024-05-20T17:49:23.955+0000 7fc2ecd0c700 1 -- 172.21.15.129:0/1163533050 --> [v2:172.21.15.129:3300/0,v1:172.21.15.129:6789/0] -- mon_subscribe({osdmap=0}) -- 0x7fc2e81a0300 con 0x7fc2e807bc60
2024-05-20T17:49:24.770 INFO:teuthology.orchestra.run.smithi129.stdout:/usr/bin/ceph: stderr
2024-05-20T17:49:23.956+0000 7fc2d77fe700 1 -- 172.21.15.129:0/1163533050 <== mon.0 v2:172.21.15.129:3300/0 4 ==== mgrmap(e 7) ==== 46181+0+0 (secure 0 0 0) 0x7fc2d8019850 con 0x7fc2e807bc60
2024-05-20T17:49:24.770 INFO:teuthology.orchestra.run.smithi129.stdout:/usr/bin/ceph: stderr
2024-05-20T17:49:23.956+0000 7fc2ecd0c700 1 -- 172.21.15.129:0/1163533050 --> [v2:172.21.15.129:3300/0,v1:172.21.15.129:6789/0] -- mon_command({"prefix": "get_command_descriptions"} v 0) -- 0x7fc2e8063ca0 con 0x7fc2e807bc60
2024-05-20T17:49:24.770 INFO:teuthology.orchestra.run.smithi129.stdout:/usr/bin/ceph: stderr
2024-05-20T17:49:23.956+0000 7fc2d77fe700 1 --2- 172.21.15.129:0/1163533050 >> [v2:172.21.15.129:6800/1916241944,v1:172.21.15.129:6801/1916241944] conn(0x7fc2d0038fb0 0x7fc2d003b4c0 unknown :-1 s=NONE pgs=0 cs=0 l=1 rev1=0 crypto rx=0 tx=0 comp rx=0 tx=0).connect
2024-05-20T17:49:24.770 INFO:teuthology.orchestra.run.smithi129.stdout:/usr/bin/ceph: stderr
2024-05-20T17:49:23.956+0000 7fc2d77fe700 1 -- 172.21.15.129:0/1163533050 <== mon.0 v2:172.21.15.129:3300/0 5 ==== osd_map(2..2 src has 1..2) ==== 940+0+0 (secure 0 0 0) 0x7fc2d804d340 con 0x7fc2e807bc60
2024-05-20T17:49:24.770 INFO:teuthology.orchestra.run.smithi129.stdout:/usr/bin/ceph: stderr
2024-05-20T17:49:23.956+0000 7fc2e5d9b700 1 --2- 172.21.15.129:0/1163533050 >> [v2:172.21.15.129:6800/1916241944,v1:172.21.15.129:6801/1916241944] conn(0x7fc2d0038fb0 0x7fc2d003b4c0 unknown :-1 s=BANNER_CONNECTING pgs=0 cs=0 l=1 rev1=0 crypto rx=0 tx=0 comp rx=0 tx=0)._handle_peer_banner_payload supported=3 required=0
2024-05-20T17:49:24.770 INFO:teuthology.orchestra.run.smithi129.stdout:/usr/bin/ceph: stderr
2024-05-20T17:49:23.957+0000 7fc2e5d9b700 1 --2- 172.21.15.129:0/1163533050 >> [v2:172.21.15.129:6800/1916241944,v1:172.21.15.129:6801/1916241944] conn(0x7fc2d0038fb0 0x7fc2d003b4c0 secure :-1 s=READY pgs=7 cs=0 l=1 rev1=1 crypto rx=0x7fc2dc006fd0 tx=0x7fc2dc006e40 comp rx=0 tx=0).ready entity=mgr.14118 client_cookie=0 server_cookie=0 in_seq=0 out_seq=0
2024-05-20T17:49:24.770 INFO:teuthology.orchestra.run.smithi129.stdout:/usr/bin/ceph: stderr
2024-05-20T17:49:23.962+0000 7fc2d77fe700 1 -- 172.21.15.129:0/1163533050 <== mon.0 v2:172.21.15.129:3300/0 6 ==== mon_command_ack([{"prefix": "get_command_descriptions"}]=0 v0) ==== 72+0+186418 (secure 0 0 0) 0x7fc2d8023c90 con 0x7fc2e807bc60
2024-05-20T17:49:24.770 INFO:teuthology.orchestra.run.smithi129.stdout:/usr/bin/ceph: stderr
2024-05-20T17:49:23.984+0000 7fc2d77fe700 1 -- 172.21.15.129:0/1163533050 <== mon.0 v2:172.21.15.129:3300/0 7 ==== mgrmap(e 8) ==== 46287+0+0 (secure 0 0 0) 0x7fc2d8003a50 con 0x7fc2e807bc60
2024-05-20T17:49:24.770 INFO:teuthology.orchestra.run.smithi129.stdout:/usr/bin/ceph: stderr
2024-05-20T17:49:24.180+0000 7fc2ecd0c700 1 -- 172.21.15.129:0/1163533050 --> [v2:172.21.15.129:6800/1916241944,v1:172.21.15.129:6801/1916241944] -- mgr_command(tid 0: {"prefix": "orch set backend", "module_name": "cephadm", "target": ["mon-mgr", ""]}) -- 0x7fc2e8105160 con 0x7fc2d0038fb0
2024-05-20T17:49:24.771 INFO:teuthology.orchestra.run.smithi129.stdout:/usr/bin/ceph: stderr
2024-05-20T17:49:24.185+0000 7fc2d77fe700 1 -- 172.21.15.129:0/1163533050 <== mgr.14118 v2:172.21.15.129:6800/1916241944 1 ==== mgr_command_reply(tid 0: 0 ) ==== 8+0+0 (secure 0 0 0) 0x7fc2e8105160 con 0x7fc2d0038fb0
2024-05-20T17:49:24.771 INFO:teuthology.orchestra.run.smithi129.stdout:/usr/bin/ceph: stderr
2024-05-20T17:49:24.188+0000 7fc2ecd0c700 1 -- 172.21.15.129:0/1163533050 >> [v2:172.21.15.129:6800/1916241944,v1:172.21.15.129:6801/1916241944] conn(0x7fc2d0038fb0 msgr2=0x7fc2d003b4c0 secure :-1 s=STATE_CONNECTION_ESTABLISHED l=1).mark_down
2024-05-20T17:49:24.771 INFO:teuthology.orchestra.run.smithi129.stdout:/usr/bin/ceph: stderr
2024-05-20T17:49:24.188+0000 7fc2ecd0c700 1 --2- 172.21.15.129:0/1163533050 >> [v2:172.21.15.129:6800/1916241944,v1:172.21.15.129:6801/1916241944] conn(0x7fc2d0038fb0 0x7fc2d003b4c0 secure :-1 s=READY pgs=7 cs=0 l=1 rev1=1 crypto rx=0x7fc2dc006fd0 tx=0x7fc2dc006e40 comp rx=0 tx=0).stop
2024-05-20T17:49:24.771 INFO:teuthology.orchestra.run.smithi129.stdout:/usr/bin/ceph: stderr
2024-05-20T17:49:24.188+0000 7fc2ecd0c700 1 -- 172.21.15.129:0/1163533050 >> [v2:172.21.15.129:3300/0,v1:172.21.15.129:6789/0] conn(0x7fc2e807bc60 msgr2=0x7fc2e819cf20 secure :-1 s=STATE_CONNECTION_ESTABLISHED l=1).mark_down
2024-05-20T17:49:24.771 INFO:teuthology.orchestra.run.smithi129.stdout:/usr/bin/ceph: stderr
2024-05-20T17:49:24.188+0000 7fc2ecd0c700 1 --2- 172.21.15.129:0/1163533050 >> [v2:172.21.15.129:3300/0,v1:172.21.15.129:6789/0] conn(0x7fc2e807bc60 0x7fc2e819cf20 secure :-1 s=READY pgs=36 cs=0 l=1 rev1=1 crypto rx=0x7fc2d8009fb0 tx=0x7fc2d8011bf0 comp rx=0 tx=0).stop
2024-05-20T17:49:24.771 INFO:teuthology.orchestra.run.smithi129.stdout:/usr/bin/ceph: stderr
2024-05-20T17:49:24.188+0000 7fc2ecd0c700 1 -- 172.21.15.129:0/1163533050 shutdown_connections
2024-05-20T17:49:24.771 INFO:teuthology.orchestra.run.smithi129.stdout:/usr/bin/ceph: stderr
2024-05-20T17:49:24.188+0000 7fc2ecd0c700 1 --2- 172.21.15.129:0/1163533050 >> [v2:172.21.15.129:6800/1916241944,v1:172.21.15.129:6801/1916241944] conn(0x7fc2d0038fb0 0x7fc2d003b4c0 unknown :-1 s=CLOSED pgs=7 cs=0 l=1 rev1=1 crypto rx=0 tx=0 comp rx=0 tx=0).stop
2024-05-20T17:49:24.771 INFO:teuthology.orchestra.run.smithi129.stdout:/usr/bin/ceph: stderr
2024-05-20T17:49:24.188+0000 7fc2ecd0c700 1 --2- 172.21.15.129:0/1163533050 >> [v2:172.21.15.129:3300/0,v1:172.21.15.129:6789/0] conn(0x7fc2e807bc60 0x7fc2e819cf20 unknown :-1 s=CLOSED pgs=36 cs=0 l=1 rev1=1 crypto rx=0 tx=0 comp rx=0 tx=0).stop
2024-05-20T17:49:24.771 INFO:teuthology.orchestra.run.smithi129.stdout:/usr/bin/ceph: stderr
2024-05-20T17:49:24.188+0000 7fc2ecd0c700 1 -- 172.21.15.129:0/1163533050 >> 172.21.15.129:0/1163533050 conn(0x7fc2e81031d0 msgr2=0x7fc2e8104a50 unknown :-1 s=STATE_NONE l=0).mark_down
2024-05-20T17:49:24.771 INFO:teuthology.orchestra.run.smithi129.stdout:/usr/bin/ceph: stderr
2024-05-20T17:49:24.188+0000 7fc2ecd0c700 1 -- 172.21.15.129:0/1163533050 shutdown_connections
2024-05-20T17:49:24.771 INFO:teuthology.orchestra.run.smithi129.stdout:/usr/bin/ceph: stderr
2024-05-20T17:49:24.188+0000 7fc2ecd0c700 1 -- 172.21.15.129:0/1163533050 wait complete.
2024-05-20T17:49:25.164 INFO:journalctl@ceph.mon.a.smithi129.stdout:May 20 17:49:24 smithi129 ceph-mon[32029]: [20/May/2024:17:49:23] ENGINE Bus STARTING
2024-05-20T17:49:25.164 INFO:journalctl@ceph.mon.a.smithi129.stdout:May 20 17:49:24 smithi129 ceph-mon[32029]: mgrmap e8: x(active, since 2s)
2024-05-20T17:49:25.164 INFO:journalctl@ceph.mon.a.smithi129.stdout:May 20 17:49:24 smithi129 ceph-mon[32029]: from='mgr.14118 172.21.15.129:0/3537133830' entity='mgr.x'
2024-05-20T17:49:25.165 INFO:journalctl@ceph.mon.a.smithi129.stdout:May 20 17:49:24 smithi129 ceph-mon[32029]: from='mgr.14118 172.21.15.129:0/3537133830' entity='mgr.x' cmd=[{"prefix": "config dump", "format": "json"}]: dispatch
2024-05-20T17:49:25.165 INFO:journalctl@ceph.mon.a.smithi129.stdout:May 20 17:49:24 smithi129 ceph-mon[32029]: from='mgr.14118 172.21.15.129:0/3537133830' entity='mgr.x' cmd=[{"prefix": "config dump", "format": "json"}]: dispatch
2024-05-20T17:49:26.142 INFO:journalctl@ceph.mon.a.smithi129.stdout:May 20 17:49:25 smithi129 ceph-mon[32029]: [20/May/2024:17:49:24] ENGINE Serving on https://172.21.15.129:7150
2024-05-20T17:49:26.143 INFO:journalctl@ceph.mon.a.smithi129.stdout:May 20 17:49:25 smithi129 ceph-mon[32029]: [20/May/2024:17:49:24] ENGINE Serving on http://172.21.15.129:8765
2024-05-20T17:49:26.143 INFO:journalctl@ceph.mon.a.smithi129.stdout:May 20 17:49:25 smithi129 ceph-mon[32029]: [20/May/2024:17:49:24] ENGINE Bus STARTED
2024-05-20T17:49:26.143 INFO:journalctl@ceph.mon.a.smithi129.stdout:May 20 17:49:25 smithi129 ceph-mon[32029]: from='client.14130 -' entity='client.admin' cmd=[{"prefix": "orch set backend", "module_name": "cephadm", "target": ["mon-mgr", ""]}]: dispatch
2024-05-20T17:49:26.149 INFO:teuthology.orchestra.run.smithi129.stdout:/usr/bin/ceph: stdout value unchanged
2024-05-20T17:49:26.149 INFO:teuthology.orchestra.run.smithi129.stdout:/usr/bin/ceph: stderr
2024-05-20T17:49:25.361+0000 7fc3a7286700 1 Processor -- start
2024-05-20T17:49:26.150 INFO:teuthology.orchestra.run.smithi129.stdout:/usr/bin/ceph: stderr
2024-05-20T17:49:25.361+0000 7fc3a7286700 1 -- start start
2024-05-20T17:49:26.150 INFO:teuthology.orchestra.run.smithi129.stdout:/usr/bin/ceph: stderr
2024-05-20T17:49:25.362+0000 7fc3a7286700 1 --2- >> [v2:172.21.15.129:3300/0,v1:172.21.15.129:6789/0] conn(0x7fc3a01080a0 0x7fc3a01084b0 unknown :-1 s=NONE pgs=0 cs=0 l=0 rev1=0 crypto rx=0 tx=0 comp rx=0 tx=0).connect
2024-05-20T17:49:26.150 INFO:teuthology.orchestra.run.smithi129.stdout:/usr/bin/ceph: stderr
2024-05-20T17:49:25.362+0000 7fc3a7286700 1 -- --> [v2:172.21.15.129:3300/0,v1:172.21.15.129:6789/0] -- mon_getmap magic: 0 -- 0x7fc3a0108a80 con 0x7fc3a01080a0
2024-05-20T17:49:26.150 INFO:teuthology.orchestra.run.smithi129.stdout:/usr/bin/ceph: stderr
2024-05-20T17:49:25.362+0000 7fc3a5022700 1 --2- >> [v2:172.21.15.129:3300/0,v1:172.21.15.129:6789/0] conn(0x7fc3a01080a0 0x7fc3a01084b0 unknown :-1 s=BANNER_CONNECTING pgs=0 cs=0 l=0 rev1=0 crypto rx=0 tx=0 comp rx=0 tx=0)._handle_peer_banner_payload supported=3 required=0
2024-05-20T17:49:26.150 INFO:teuthology.orchestra.run.smithi129.stdout:/usr/bin/ceph: stderr
2024-05-20T17:49:25.362+0000 7fc3a5022700 1 --2- >> [v2:172.21.15.129:3300/0,v1:172.21.15.129:6789/0] conn(0x7fc3a01080a0 0x7fc3a01084b0 unknown :-1 s=HELLO_CONNECTING pgs=0 cs=0 l=0 rev1=1 crypto rx=0 tx=0 comp rx=0 tx=0).handle_hello peer v2:172.21.15.129:3300/0 says I am v2:172.21.15.129:58588/0 (socket says 172.21.15.129:58588)
2024-05-20T17:49:26.150 INFO:teuthology.orchestra.run.smithi129.stdout:/usr/bin/ceph: stderr
2024-05-20T17:49:25.362+0000 7fc3a5022700 1 -- 172.21.15.129:0/3349791045 learned_addr learned my addr 172.21.15.129:0/3349791045 (peer_addr_for_me v2:172.21.15.129:0/0)
2024-05-20T17:49:26.150 INFO:teuthology.orchestra.run.smithi129.stdout:/usr/bin/ceph: stderr
2024-05-20T17:49:25.362+0000 7fc3a5022700 1 -- 172.21.15.129:0/3349791045 --> [v2:172.21.15.129:3300/0,v1:172.21.15.129:6789/0] -- mon_subscribe({config=0+,monmap=0+}) -- 0x7fc3a0108c00 con 0x7fc3a01080a0
2024-05-20T17:49:26.150 INFO:teuthology.orchestra.run.smithi129.stdout:/usr/bin/ceph: stderr
2024-05-20T17:49:25.362+0000 7fc3a5022700 1 --2- 172.21.15.129:0/3349791045 >> [v2:172.21.15.129:3300/0,v1:172.21.15.129:6789/0] conn(0x7fc3a01080a0 0x7fc3a01084b0 secure :-1 s=READY pgs=37 cs=0 l=1 rev1=1 crypto rx=0x7fc3900098a0 tx=0x7fc390009bb0 comp rx=0 tx=0).ready entity=mon.0 client_cookie=bdefb97c93396527 server_cookie=0 in_seq=0 out_seq=0
2024-05-20T17:49:26.150 INFO:teuthology.orchestra.run.smithi129.stdout:/usr/bin/ceph: stderr
2024-05-20T17:49:25.362+0000 7fc397fff700 1 -- 172.21.15.129:0/3349791045 <== mon.0 v2:172.21.15.129:3300/0 1 ==== mon_map magic: 0 ==== 205+0+0 (secure 0 0 0) 0x7fc390004160 con 0x7fc3a01080a0
2024-05-20T17:49:26.150 INFO:teuthology.orchestra.run.smithi129.stdout:/usr/bin/ceph: stderr
2024-05-20T17:49:25.363+0000 7fc397fff700 1 -- 172.21.15.129:0/3349791045 <== mon.0 v2:172.21.15.129:3300/0 2 ==== config(27 keys) ==== 1109+0+0 (secure 0 0 0) 0x7fc390004300 con 0x7fc3a01080a0
2024-05-20T17:49:26.150 INFO:teuthology.orchestra.run.smithi129.stdout:/usr/bin/ceph: stderr
2024-05-20T17:49:25.363+0000 7fc397fff700 1 -- 172.21.15.129:0/3349791045 <== mon.0 v2:172.21.15.129:3300/0 3 ==== mon_map magic: 0 ==== 205+0+0 (secure 0 0 0) 0x7fc390011b50 con 0x7fc3a01080a0
2024-05-20T17:49:26.151 INFO:teuthology.orchestra.run.smithi129.stdout:/usr/bin/ceph: stderr
2024-05-20T17:49:25.363+0000 7fc3a7286700 1 -- 172.21.15.129:0/3349791045 >> [v2:172.21.15.129:3300/0,v1:172.21.15.129:6789/0] conn(0x7fc3a01080a0 msgr2=0x7fc3a01084b0 secure :-1 s=STATE_CONNECTION_ESTABLISHED l=1).mark_down
2024-05-20T17:49:26.151 INFO:teuthology.orchestra.run.smithi129.stdout:/usr/bin/ceph: stderr
2024-05-20T17:49:25.363+0000 7fc3a7286700 1 --2- 172.21.15.129:0/3349791045 >> [v2:172.21.15.129:3300/0,v1:172.21.15.129:6789/0] conn(0x7fc3a01080a0 0x7fc3a01084b0 secure :-1 s=READY pgs=37 cs=0 l=1 rev1=1 crypto rx=0x7fc3900098a0 tx=0x7fc390009bb0 comp rx=0 tx=0).stop
2024-05-20T17:49:26.151 INFO:teuthology.orchestra.run.smithi129.stdout:/usr/bin/ceph: stderr
2024-05-20T17:49:25.363+0000 7fc3a7286700 1 -- 172.21.15.129:0/3349791045 shutdown_connections
2024-05-20T17:49:26.151 INFO:teuthology.orchestra.run.smithi129.stdout:/usr/bin/ceph: stderr
2024-05-20T17:49:25.363+0000 7fc3a7286700 1 --2- 172.21.15.129:0/3349791045 >> [v2:172.21.15.129:3300/0,v1:172.21.15.129:6789/0] conn(0x7fc3a01080a0 0x7fc3a01084b0 unknown :-1 s=CLOSED pgs=37 cs=0 l=1 rev1=1 crypto rx=0 tx=0 comp rx=0 tx=0).stop
2024-05-20T17:49:26.151 INFO:teuthology.orchestra.run.smithi129.stdout:/usr/bin/ceph: stderr
2024-05-20T17:49:25.363+0000 7fc3a7286700 1 -- 172.21.15.129:0/3349791045 >> 172.21.15.129:0/3349791045 conn(0x7fc3a0102970 msgr2=0x7fc3a0104dc0 unknown :-1 s=STATE_NONE l=0).mark_down
2024-05-20T17:49:26.151 INFO:teuthology.orchestra.run.smithi129.stdout:/usr/bin/ceph: stderr
2024-05-20T17:49:25.363+0000 7fc3a7286700 1 -- 172.21.15.129:0/3349791045 shutdown_connections
2024-05-20T17:49:26.151 INFO:teuthology.orchestra.run.smithi129.stdout:/usr/bin/ceph: stderr
2024-05-20T17:49:25.364+0000 7fc3a7286700 1 -- 172.21.15.129:0/3349791045 wait complete.
2024-05-20T17:49:26.151 INFO:teuthology.orchestra.run.smithi129.stdout:/usr/bin/ceph: stderr
2024-05-20T17:49:25.364+0000 7fc3a7286700 1 Processor -- start
2024-05-20T17:49:26.151 INFO:teuthology.orchestra.run.smithi129.stdout:/usr/bin/ceph: stderr
2024-05-20T17:49:25.364+0000 7fc3a7286700 1 -- start start
2024-05-20T17:49:26.151 INFO:teuthology.orchestra.run.smithi129.stdout:/usr/bin/ceph: stderr
2024-05-20T17:49:25.364+0000 7fc3a7286700 1 --2- >> [v2:172.21.15.129:3300/0,v1:172.21.15.129:6789/0] conn(0x7fc3a01080a0 0x7fc3a0107680 unknown :-1 s=NONE pgs=0 cs=0 l=1 rev1=0 crypto rx=0 tx=0 comp rx=0 tx=0).connect
2024-05-20T17:49:26.152 INFO:teuthology.orchestra.run.smithi129.stdout:/usr/bin/ceph: stderr
2024-05-20T17:49:25.364+0000 7fc3a7286700 1 -- --> [v2:172.21.15.129:3300/0,v1:172.21.15.129:6789/0] -- mon_getmap magic: 0 -- 0x7fc3a0109c10 con 0x7fc3a01080a0
2024-05-20T17:49:26.152 INFO:teuthology.orchestra.run.smithi129.stdout:/usr/bin/ceph: stderr
2024-05-20T17:49:25.364+0000 7fc3a5022700 1 --2- >> [v2:172.21.15.129:3300/0,v1:172.21.15.129:6789/0] conn(0x7fc3a01080a0 0x7fc3a0107680 unknown :-1 s=BANNER_CONNECTING pgs=0 cs=0 l=1 rev1=0 crypto rx=0 tx=0 comp rx=0 tx=0)._handle_peer_banner_payload supported=3 required=0
2024-05-20T17:49:26.152 INFO:teuthology.orchestra.run.smithi129.stdout:/usr/bin/ceph: stderr
2024-05-20T17:49:25.365+0000 7fc3a5022700 1 --2- >> [v2:172.21.15.129:3300/0,v1:172.21.15.129:6789/0] conn(0x7fc3a01080a0 0x7fc3a0107680 unknown :-1 s=HELLO_CONNECTING pgs=0 cs=0 l=1 rev1=1 crypto rx=0 tx=0 comp rx=0 tx=0).handle_hello peer v2:172.21.15.129:3300/0 says I am v2:172.21.15.129:58598/0 (socket says 172.21.15.129:58598)
2024-05-20T17:49:26.152 INFO:teuthology.orchestra.run.smithi129.stdout:/usr/bin/ceph: stderr
2024-05-20T17:49:25.365+0000 7fc3a5022700 1 -- 172.21.15.129:0/1618294057 learned_addr learned my addr 172.21.15.129:0/1618294057 (peer_addr_for_me v2:172.21.15.129:0/0)
2024-05-20T17:49:26.152 INFO:teuthology.orchestra.run.smithi129.stdout:/usr/bin/ceph: stderr
2024-05-20T17:49:25.365+0000 7fc3a5022700 1 -- 172.21.15.129:0/1618294057 --> [v2:172.21.15.129:3300/0,v1:172.21.15.129:6789/0] -- mon_subscribe({config=0+,monmap=0+}) -- 0x7fc3a0107bc0 con 0x7fc3a01080a0
2024-05-20T17:49:26.152 INFO:teuthology.orchestra.run.smithi129.stdout:/usr/bin/ceph: stderr
2024-05-20T17:49:25.365+0000 7fc3a5022700 1 --2- 172.21.15.129:0/1618294057 >> [v2:172.21.15.129:3300/0,v1:172.21.15.129:6789/0] conn(0x7fc3a01080a0 0x7fc3a0107680 secure :-1 s=READY pgs=38 cs=0 l=1 rev1=1 crypto rx=0x7fc390009fb0 tx=0x7fc390011c10 comp rx=0 tx=0).ready entity=mon.0 client_cookie=0 server_cookie=0 in_seq=0 out_seq=0
2024-05-20T17:49:26.152 INFO:teuthology.orchestra.run.smithi129.stdout:/usr/bin/ceph: stderr
2024-05-20T17:49:25.365+0000 7fc3967fc700 1 -- 172.21.15.129:0/1618294057 <== mon.0 v2:172.21.15.129:3300/0 1 ==== mon_map magic: 0 ==== 205+0+0 (secure 0 0 0) 0x7fc3900038b0 con 0x7fc3a01080a0
2024-05-20T17:49:26.152 INFO:teuthology.orchestra.run.smithi129.stdout:/usr/bin/ceph: stderr
2024-05-20T17:49:25.365+0000 7fc3967fc700 1 -- 172.21.15.129:0/1618294057 <== mon.0 v2:172.21.15.129:3300/0 2 ==== config(27 keys) ==== 1109+0+0 (secure 0 0 0) 0x7fc390011e50 con 0x7fc3a01080a0
2024-05-20T17:49:26.152 INFO:teuthology.orchestra.run.smithi129.stdout:/usr/bin/ceph: stderr
2024-05-20T17:49:25.365+0000 7fc3a7286700 1 -- 172.21.15.129:0/1618294057 --> [v2:172.21.15.129:3300/0,v1:172.21.15.129:6789/0] -- mon_subscribe({mgrmap=0+}) -- 0x7fc3a019fc50 con 0x7fc3a01080a0
2024-05-20T17:49:26.152 INFO:teuthology.orchestra.run.smithi129.stdout:/usr/bin/ceph: stderr
2024-05-20T17:49:25.365+0000 7fc3967fc700 1 -- 172.21.15.129:0/1618294057 <== mon.0 v2:172.21.15.129:3300/0 3 ==== mon_map magic: 0 ==== 205+0+0 (secure 0 0 0) 0x7fc39001a5c0 con 0x7fc3a01080a0
2024-05-20T17:49:26.152 INFO:teuthology.orchestra.run.smithi129.stdout:/usr/bin/ceph: stderr
2024-05-20T17:49:25.365+0000 7fc3a7286700 1 -- 172.21.15.129:0/1618294057 --> [v2:172.21.15.129:3300/0,v1:172.21.15.129:6789/0] -- mon_subscribe({osdmap=0}) -- 0x7fc3a01a00d0 con 0x7fc3a01080a0
2024-05-20T17:49:26.152 INFO:teuthology.orchestra.run.smithi129.stdout:/usr/bin/ceph: stderr
2024-05-20T17:49:25.366+0000 7fc3967fc700 1 -- 172.21.15.129:0/1618294057 <== mon.0 v2:172.21.15.129:3300/0 4 ==== mgrmap(e 8) ==== 46287+0+0 (secure 0 0 0) 0x7fc39001a8c0 con 0x7fc3a01080a0
2024-05-20T17:49:26.152 INFO:teuthology.orchestra.run.smithi129.stdout:/usr/bin/ceph: stderr
2024-05-20T17:49:25.366+0000 7fc3a7286700 1 -- 172.21.15.129:0/1618294057 --> [v2:172.21.15.129:3300/0,v1:172.21.15.129:6789/0] -- mon_command({"prefix": "get_command_descriptions"} v 0) -- 0x7fc3a0063ca0 con 0x7fc3a01080a0
2024-05-20T17:49:26.152 INFO:teuthology.orchestra.run.smithi129.stdout:/usr/bin/ceph: stderr
2024-05-20T17:49:25.366+0000 7fc3967fc700 1 --2- 172.21.15.129:0/1618294057 >> [v2:172.21.15.129:6800/1916241944,v1:172.21.15.129:6801/1916241944] conn(0x7fc38c0390c0 0x7fc38c03b5d0 unknown :-1 s=NONE pgs=0 cs=0 l=1 rev1=0 crypto rx=0 tx=0 comp rx=0 tx=0).connect
2024-05-20T17:49:26.153 INFO:teuthology.orchestra.run.smithi129.stdout:/usr/bin/ceph: stderr
2024-05-20T17:49:25.367+0000 7fc3967fc700 1 -- 172.21.15.129:0/1618294057 <== mon.0 v2:172.21.15.129:3300/0 5 ==== osd_map(2..2 src has 1..2) ==== 940+0+0 (secure 0 0 0) 0x7fc39004d4d0 con 0x7fc3a01080a0
2024-05-20T17:49:26.153 INFO:teuthology.orchestra.run.smithi129.stdout:/usr/bin/ceph: stderr
2024-05-20T17:49:25.367+0000 7fc3a4821700 1 --2- 172.21.15.129:0/1618294057 >> [v2:172.21.15.129:6800/1916241944,v1:172.21.15.129:6801/1916241944] conn(0x7fc38c0390c0 0x7fc38c03b5d0 unknown :-1 s=BANNER_CONNECTING pgs=0 cs=0 l=1 rev1=0 crypto rx=0 tx=0 comp rx=0 tx=0)._handle_peer_banner_payload supported=3 required=0
2024-05-20T17:49:26.153 INFO:teuthology.orchestra.run.smithi129.stdout:/usr/bin/ceph: stderr
2024-05-20T17:49:25.367+0000 7fc3a4821700 1 --2- 172.21.15.129:0/1618294057 >> [v2:172.21.15.129:6800/1916241944,v1:172.21.15.129:6801/1916241944] conn(0x7fc38c0390c0 0x7fc38c03b5d0 secure :-1 s=READY pgs=8 cs=0 l=1 rev1=1 crypto rx=0x7fc39c006fd0 tx=0x7fc39c006e40 comp rx=0 tx=0).ready entity=mgr.14118 client_cookie=0 server_cookie=0 in_seq=0 out_seq=0
2024-05-20T17:49:26.153 INFO:teuthology.orchestra.run.smithi129.stdout:/usr/bin/ceph: stderr
2024-05-20T17:49:25.372+0000 7fc3967fc700 1 -- 172.21.15.129:0/1618294057 <== mon.0 v2:172.21.15.129:3300/0 6 ==== mon_command_ack([{"prefix": "get_command_descriptions"}]=0 v0) ==== 72+0+186418 (secure 0 0 0) 0x7fc39002d910 con 0x7fc3a01080a0
2024-05-20T17:49:26.153 INFO:teuthology.orchestra.run.smithi129.stdout:/usr/bin/ceph: stderr
2024-05-20T17:49:25.567+0000 7fc3a7286700 1 -- 172.21.15.129:0/1618294057 --> [v2:172.21.15.129:6800/1916241944,v1:172.21.15.129:6801/1916241944] -- mgr_command(tid 0: {"prefix": "cephadm set-user", "user": "root", "target": ["mon-mgr", ""]}) -- 0x7fc3a0104900 con 0x7fc38c0390c0
2024-05-20T17:49:26.153 INFO:teuthology.orchestra.run.smithi129.stdout:/usr/bin/ceph: stderr
2024-05-20T17:49:25.568+0000 7fc3967fc700 1 -- 172.21.15.129:0/1618294057 <== mgr.14118 v2:172.21.15.129:6800/1916241944 1 ==== mgr_command_reply(tid 0: 0 ) ==== 8+0+16 (secure 0 0 0) 0x7fc3a0104900 con 0x7fc38c0390c0
2024-05-20T17:49:26.153 INFO:teuthology.orchestra.run.smithi129.stdout:/usr/bin/ceph: stderr
2024-05-20T17:49:25.570+0000 7fc3a7286700 1 -- 172.21.15.129:0/1618294057 >> [v2:172.21.15.129:6800/1916241944,v1:172.21.15.129:6801/1916241944] conn(0x7fc38c0390c0 msgr2=0x7fc38c03b5d0 secure :-1 s=STATE_CONNECTION_ESTABLISHED l=1).mark_down
2024-05-20T17:49:26.153 INFO:teuthology.orchestra.run.smithi129.stdout:/usr/bin/ceph: stderr
2024-05-20T17:49:25.571+0000 7fc3a7286700 1 --2- 172.21.15.129:0/1618294057 >> [v2:172.21.15.129:6800/1916241944,v1:172.21.15.129:6801/1916241944] conn(0x7fc38c0390c0 0x7fc38c03b5d0 secure :-1 s=READY pgs=8 cs=0 l=1 rev1=1 crypto rx=0x7fc39c006fd0 tx=0x7fc39c006e40 comp rx=0 tx=0).stop
2024-05-20T17:49:26.153 INFO:teuthology.orchestra.run.smithi129.stdout:/usr/bin/ceph: stderr
2024-05-20T17:49:25.571+0000 7fc3a7286700 1 -- 172.21.15.129:0/1618294057 >> [v2:172.21.15.129:3300/0,v1:172.21.15.129:6789/0] conn(0x7fc3a01080a0 msgr2=0x7fc3a0107680 secure :-1 s=STATE_CONNECTION_ESTABLISHED l=1).mark_down
2024-05-20T17:49:26.153 INFO:teuthology.orchestra.run.smithi129.stdout:/usr/bin/ceph: stderr
2024-05-20T17:49:25.571+0000 7fc3a7286700 1 --2- 172.21.15.129:0/1618294057 >> [v2:172.21.15.129:3300/0,v1:172.21.15.129:6789/0] conn(0x7fc3a01080a0 0x7fc3a0107680 secure :-1 s=READY pgs=38 cs=0 l=1 rev1=1 crypto rx=0x7fc390009fb0 tx=0x7fc390011c10 comp rx=0 tx=0).stop
2024-05-20T17:49:26.153 INFO:teuthology.orchestra.run.smithi129.stdout:/usr/bin/ceph: stderr
2024-05-20T17:49:25.571+0000 7fc3a7286700 1 -- 172.21.15.129:0/1618294057 shutdown_connections
2024-05-20T17:49:26.153 INFO:teuthology.orchestra.run.smithi129.stdout:/usr/bin/ceph: stderr
2024-05-20T17:49:25.571+0000 7fc3a7286700 1 --2- 172.21.15.129:0/1618294057 >> [v2:172.21.15.129:6800/1916241944,v1:172.21.15.129:6801/1916241944] conn(0x7fc38c0390c0 0x7fc38c03b5d0 unknown :-1 s=CLOSED pgs=8 cs=0 l=1 rev1=1 crypto rx=0 tx=0 comp rx=0 tx=0).stop
2024-05-20T17:49:26.153 INFO:teuthology.orchestra.run.smithi129.stdout:/usr/bin/ceph: stderr
2024-05-20T17:49:25.571+0000 7fc3a7286700 1 --2- 172.21.15.129:0/1618294057 >> [v2:172.21.15.129:3300/0,v1:172.21.15.129:6789/0] conn(0x7fc3a01080a0 0x7fc3a0107680 unknown :-1 s=CLOSED pgs=38 cs=0 l=1 rev1=1 crypto rx=0 tx=0 comp rx=0 tx=0).stop
2024-05-20T17:49:26.154 INFO:teuthology.orchestra.run.smithi129.stdout:/usr/bin/ceph: stderr
2024-05-20T17:49:25.571+0000 7fc3a7286700 1 -- 172.21.15.129:0/1618294057 >> 172.21.15.129:0/1618294057 conn(0x7fc3a0102970 msgr2=0x7fc3a01041f0 unknown :-1 s=STATE_NONE l=0).mark_down
2024-05-20T17:49:26.154 INFO:teuthology.orchestra.run.smithi129.stdout:/usr/bin/ceph: stderr
2024-05-20T17:49:25.571+0000 7fc3a7286700 1 -- 172.21.15.129:0/1618294057 shutdown_connections
2024-05-20T17:49:26.154 INFO:teuthology.orchestra.run.smithi129.stdout:/usr/bin/ceph: stderr
2024-05-20T17:49:25.571+0000 7fc3a7286700 1 -- 172.21.15.129:0/1618294057 wait complete.
2024-05-20T17:49:26.154 INFO:teuthology.orchestra.run.smithi129.stdout:Generating ssh key...
2024-05-20T17:49:27.164 INFO:journalctl@ceph.mon.a.smithi129.stdout:May 20 17:49:26 smithi129 ceph-mon[32029]: from='client.14132 -' entity='client.admin' cmd=[{"prefix": "cephadm set-user", "user": "root", "target": ["mon-mgr", ""]}]: dispatch
2024-05-20T17:49:27.464 INFO:journalctl@ceph.mgr.x.smithi129.stdout:May 20 17:49:27 smithi129 ceph-0f1f0dd2-16d1-11ef-bc9a-c7b262605968-mgr-x[32254]: Generating public/private rsa key pair.
2024-05-20T17:49:27.464 INFO:journalctl@ceph.mgr.x.smithi129.stdout:May 20 17:49:27 smithi129 ceph-0f1f0dd2-16d1-11ef-bc9a-c7b262605968-mgr-x[32254]: Your identification has been saved in /tmp/tmp7dd6b6bh/key.
2024-05-20T17:49:27.464 INFO:journalctl@ceph.mgr.x.smithi129.stdout:May 20 17:49:27 smithi129 ceph-0f1f0dd2-16d1-11ef-bc9a-c7b262605968-mgr-x[32254]: Your public key has been saved in /tmp/tmp7dd6b6bh/key.pub.
2024-05-20T17:49:27.464 INFO:journalctl@ceph.mgr.x.smithi129.stdout:May 20 17:49:27 smithi129 ceph-0f1f0dd2-16d1-11ef-bc9a-c7b262605968-mgr-x[32254]: The key fingerprint is:
2024-05-20T17:49:27.464 INFO:journalctl@ceph.mgr.x.smithi129.stdout:May 20 17:49:27 smithi129 ceph-0f1f0dd2-16d1-11ef-bc9a-c7b262605968-mgr-x[32254]: SHA256:T8CtOQjGOYw/kK9WvYFRoh2AJe9Mx16AtZIREO/VLA8 ceph-0f1f0dd2-16d1-11ef-bc9a-c7b262605968
2024-05-20T17:49:27.464 INFO:journalctl@ceph.mgr.x.smithi129.stdout:May 20 17:49:27 smithi129 ceph-0f1f0dd2-16d1-11ef-bc9a-c7b262605968-mgr-x[32254]: The key's randomart image is:
2024-05-20T17:49:27.465 INFO:journalctl@ceph.mgr.x.smithi129.stdout:May 20 17:49:27 smithi129 ceph-0f1f0dd2-16d1-11ef-bc9a-c7b262605968-mgr-x[32254]: +---[RSA 3072]----+
2024-05-20T17:49:27.465 INFO:journalctl@ceph.mgr.x.smithi129.stdout:May 20 17:49:27 smithi129 ceph-0f1f0dd2-16d1-11ef-bc9a-c7b262605968-mgr-x[32254]: |+==== . |
2024-05-20T17:49:27.465 INFO:journalctl@ceph.mgr.x.smithi129.stdout:May 20 17:49:27 smithi129 ceph-0f1f0dd2-16d1-11ef-bc9a-c7b262605968-mgr-x[32254]: |.+.@ X . . |
2024-05-20T17:49:27.465 INFO:journalctl@ceph.mgr.x.smithi129.stdout:May 20 17:49:27 smithi129 ceph-0f1f0dd2-16d1-11ef-bc9a-c7b262605968-mgr-x[32254]: | @ E + o . |
2024-05-20T17:49:27.465 INFO:journalctl@ceph.mgr.x.smithi129.stdout:May 20 17:49:27 smithi129 ceph-0f1f0dd2-16d1-11ef-bc9a-c7b262605968-mgr-x[32254]: | = X @ . + |
2024-05-20T17:49:27.465 INFO:journalctl@ceph.mgr.x.smithi129.stdout:May 20 17:49:27 smithi129 ceph-0f1f0dd2-16d1-11ef-bc9a-c7b262605968-mgr-x[32254]: | + B = S . |
2024-05-20T17:49:27.465 INFO:journalctl@ceph.mgr.x.smithi129.stdout:May 20 17:49:27 smithi129 ceph-0f1f0dd2-16d1-11ef-bc9a-c7b262605968-mgr-x[32254]: | o . o + |
2024-05-20T17:49:27.465 INFO:journalctl@ceph.mgr.x.smithi129.stdout:May 20 17:49:27 smithi129 ceph-0f1f0dd2-16d1-11ef-bc9a-c7b262605968-mgr-x[32254]: | o . . |
2024-05-20T17:49:27.465 INFO:journalctl@ceph.mgr.x.smithi129.stdout:May 20 17:49:27 smithi129 ceph-0f1f0dd2-16d1-11ef-bc9a-c7b262605968-mgr-x[32254]: | . |
2024-05-20T17:49:27.465 INFO:journalctl@ceph.mgr.x.smithi129.stdout:May 20 17:49:27 smithi129 ceph-0f1f0dd2-16d1-11ef-bc9a-c7b262605968-mgr-x[32254]: | |
2024-05-20T17:49:27.465 INFO:journalctl@ceph.mgr.x.smithi129.stdout:May 20 17:49:27 smithi129 ceph-0f1f0dd2-16d1-11ef-bc9a-c7b262605968-mgr-x[32254]: +----[SHA256]-----+
2024-05-20T17:49:27.738 INFO:teuthology.orchestra.run.smithi129.stdout:/usr/bin/ceph: stderr
2024-05-20T17:49:26.570+0000 7fb094683700 1 Processor -- start
2024-05-20T17:49:27.739 INFO:teuthology.orchestra.run.smithi129.stdout:/usr/bin/ceph: stderr
2024-05-20T17:49:26.570+0000 7fb094683700 1 -- start start
2024-05-20T17:49:27.739 INFO:teuthology.orchestra.run.smithi129.stdout:/usr/bin/ceph: stderr
2024-05-20T17:49:26.570+0000 7fb094683700 1 --2- >> [v2:172.21.15.129:3300/0,v1:172.21.15.129:6789/0] conn(0x7fb08c07c510 0x7fb08c10b7e0 unknown :-1 s=NONE pgs=0 cs=0 l=0 rev1=0 crypto rx=0 tx=0 comp rx=0 tx=0).connect
2024-05-20T17:49:27.739 INFO:teuthology.orchestra.run.smithi129.stdout:/usr/bin/ceph: stderr
2024-05-20T17:49:26.570+0000 7fb094683700 1 -- --> [v2:172.21.15.129:3300/0,v1:172.21.15.129:6789/0] -- mon_getmap magic: 0 -- 0x7fb08c10bdf0 con 0x7fb08c07c510
2024-05-20T17:49:27.739 INFO:teuthology.orchestra.run.smithi129.stdout:/usr/bin/ceph: stderr
2024-05-20T17:49:26.570+0000 7fb09241f700 1 --2- >> [v2:172.21.15.129:3300/0,v1:172.21.15.129:6789/0] conn(0x7fb08c07c510 0x7fb08c10b7e0 unknown :-1 s=BANNER_CONNECTING pgs=0 cs=0 l=0 rev1=0 crypto rx=0 tx=0 comp rx=0 tx=0)._handle_peer_banner_payload supported=3 required=0
2024-05-20T17:49:27.739 INFO:teuthology.orchestra.run.smithi129.stdout:/usr/bin/ceph: stderr
2024-05-20T17:49:26.570+0000 7fb09241f700 1 --2- >> [v2:172.21.15.129:3300/0,v1:172.21.15.129:6789/0] conn(0x7fb08c07c510 0x7fb08c10b7e0 unknown :-1 s=HELLO_CONNECTING pgs=0 cs=0 l=0 rev1=1 crypto rx=0 tx=0 comp rx=0 tx=0).handle_hello peer v2:172.21.15.129:3300/0 says I am v2:172.21.15.129:58610/0 (socket says 172.21.15.129:58610)
2024-05-20T17:49:27.739 INFO:teuthology.orchestra.run.smithi129.stdout:/usr/bin/ceph: stderr
2024-05-20T17:49:26.570+0000 7fb09241f700 1 -- 172.21.15.129:0/41593058 learned_addr learned my addr 172.21.15.129:0/41593058 (peer_addr_for_me v2:172.21.15.129:0/0)
2024-05-20T17:49:27.739 INFO:teuthology.orchestra.run.smithi129.stdout:/usr/bin/ceph: stderr
2024-05-20T17:49:26.571+0000 7fb09241f700 1 -- 172.21.15.129:0/41593058 --> [v2:172.21.15.129:3300/0,v1:172.21.15.129:6789/0] -- mon_subscribe({config=0+,monmap=0+}) -- 0x7fb08c10bf70 con 0x7fb08c07c510
2024-05-20T17:49:27.739 INFO:teuthology.orchestra.run.smithi129.stdout:/usr/bin/ceph: stderr
2024-05-20T17:49:26.571+0000 7fb09241f700 1 --2- 172.21.15.129:0/41593058 >> [v2:172.21.15.129:3300/0,v1:172.21.15.129:6789/0] conn(0x7fb08c07c510 0x7fb08c10b7e0 secure :-1 s=READY pgs=39 cs=0 l=1 rev1=1 crypto rx=0x7fb0880098a0 tx=0x7fb088009bb0 comp rx=0 tx=0).ready entity=mon.0 client_cookie=445157e9df8132ab server_cookie=0 in_seq=0 out_seq=0
2024-05-20T17:49:27.739 INFO:teuthology.orchestra.run.smithi129.stdout:/usr/bin/ceph: stderr
2024-05-20T17:49:26.571+0000 7fb09141d700 1 -- 172.21.15.129:0/41593058 <== mon.0 v2:172.21.15.129:3300/0 1 ==== mon_map magic: 0 ==== 205+0+0 (secure 0 0 0) 0x7fb088004160 con 0x7fb08c07c510
2024-05-20T17:49:27.739 INFO:teuthology.orchestra.run.smithi129.stdout:/usr/bin/ceph: stderr
2024-05-20T17:49:26.571+0000 7fb09141d700 1 -- 172.21.15.129:0/41593058 <== mon.0 v2:172.21.15.129:3300/0 2 ==== config(27 keys) ==== 1109+0+0 (secure 0 0 0) 0x7fb088004300 con 0x7fb08c07c510
2024-05-20T17:49:27.739 INFO:teuthology.orchestra.run.smithi129.stdout:/usr/bin/ceph: stderr
2024-05-20T17:49:26.571+0000 7fb09141d700 1 -- 172.21.15.129:0/41593058 <== mon.0 v2:172.21.15.129:3300/0 3 ==== mon_map magic: 0 ==== 205+0+0 (secure 0 0 0) 0x7fb088011b50 con 0x7fb08c07c510
2024-05-20T17:49:27.739 INFO:teuthology.orchestra.run.smithi129.stdout:/usr/bin/ceph: stderr
2024-05-20T17:49:26.572+0000 7fb094683700 1 -- 172.21.15.129:0/41593058 >> [v2:172.21.15.129:3300/0,v1:172.21.15.129:6789/0] conn(0x7fb08c07c510 msgr2=0x7fb08c10b7e0 secure :-1 s=STATE_CONNECTION_ESTABLISHED l=1).mark_down
2024-05-20T17:49:27.740 INFO:teuthology.orchestra.run.smithi129.stdout:/usr/bin/ceph: stderr
2024-05-20T17:49:26.572+0000 7fb094683700 1 --2- 172.21.15.129:0/41593058 >> [v2:172.21.15.129:3300/0,v1:172.21.15.129:6789/0] conn(0x7fb08c07c510 0x7fb08c10b7e0 secure :-1 s=READY pgs=39 cs=0 l=1 rev1=1 crypto rx=0x7fb0880098a0 tx=0x7fb088009bb0 comp rx=0 tx=0).stop
2024-05-20T17:49:27.740 INFO:teuthology.orchestra.run.smithi129.stdout:/usr/bin/ceph: stderr
2024-05-20T17:49:26.572+0000 7fb094683700 1 -- 172.21.15.129:0/41593058 shutdown_connections
2024-05-20T17:49:27.740 INFO:teuthology.orchestra.run.smithi129.stdout:/usr/bin/ceph: stderr
2024-05-20T17:49:26.572+0000 7fb094683700 1 --2- 172.21.15.129:0/41593058 >> [v2:172.21.15.129:3300/0,v1:172.21.15.129:6789/0] conn(0x7fb08c07c510 0x7fb08c10b7e0 unknown :-1 s=CLOSED pgs=39 cs=0 l=1 rev1=1 crypto rx=0 tx=0 comp rx=0 tx=0).stop
