2024-05-20T18:27:41.216+0000 7f866987e700 1 --2- >> [v2:172.21.15.135:3300/0,v1:172.21.15.135:6789/0] conn(0x7f8664107240 0x7f866419cfe0 unknown :-1 s=NONE pgs=0 cs=0 l=1 rev1=0 crypto rx=0 tx=0 comp rx=0 tx=0).connect
2024-05-20T18:27:42.026 INFO:teuthology.orchestra.run.smithi135.stdout:/usr/bin/ceph: stderr
2024-05-20T18:27:41.216+0000 7f866987e700 1 -- --> [v2:172.21.15.135:3300/0,v1:172.21.15.135:6789/0] -- mon_getmap magic: 0 -- 0x7f8664108c00 con 0x7f8664107240
2024-05-20T18:27:42.026 INFO:teuthology.orchestra.run.smithi135.stdout:/usr/bin/ceph: stderr
2024-05-20T18:27:41.216+0000 7f8662ffd700 1 --2- >> [v2:172.21.15.135:3300/0,v1:172.21.15.135:6789/0] conn(0x7f8664107240 0x7f866419cfe0 unknown :-1 s=BANNER_CONNECTING pgs=0 cs=0 l=1 rev1=0 crypto rx=0 tx=0 comp rx=0 tx=0)._handle_peer_banner_payload supported=3 required=0
2024-05-20T18:27:42.026 INFO:teuthology.orchestra.run.smithi135.stdout:/usr/bin/ceph: stderr
2024-05-20T18:27:41.216+0000 7f8662ffd700 1 --2- >> [v2:172.21.15.135:3300/0,v1:172.21.15.135:6789/0] conn(0x7f8664107240 0x7f866419cfe0 unknown :-1 s=HELLO_CONNECTING pgs=0 cs=0 l=1 rev1=1 crypto rx=0 tx=0 comp rx=0 tx=0).handle_hello peer v2:172.21.15.135:3300/0 says I am v2:172.21.15.135:37034/0 (socket says 172.21.15.135:37034)
2024-05-20T18:27:42.026 INFO:teuthology.orchestra.run.smithi135.stdout:/usr/bin/ceph: stderr
2024-05-20T18:27:41.216+0000 7f8662ffd700 1 -- 172.21.15.135:0/1564565979 learned_addr learned my addr 172.21.15.135:0/1564565979 (peer_addr_for_me v2:172.21.15.135:0/0)
2024-05-20T18:27:42.026 INFO:teuthology.orchestra.run.smithi135.stdout:/usr/bin/ceph: stderr
2024-05-20T18:27:41.216+0000 7f8662ffd700 1 -- 172.21.15.135:0/1564565979 --> [v2:172.21.15.135:3300/0,v1:172.21.15.135:6789/0] -- mon_subscribe({config=0+,monmap=0+}) -- 0x7f866419d520 con 0x7f8664107240
2024-05-20T18:27:42.027 INFO:teuthology.orchestra.run.smithi135.stdout:/usr/bin/ceph: stderr
2024-05-20T18:27:41.216+0000 7f8662ffd700 1 --2- 172.21.15.135:0/1564565979 >> [v2:172.21.15.135:3300/0,v1:172.21.15.135:6789/0] conn(0x7f8664107240 0x7f866419cfe0 secure :-1 s=READY pgs=71 cs=0 l=1 rev1=1 crypto rx=0x7f8654003920 tx=0x7f865400c0b0 comp rx=0 tx=0).ready entity=mon.0 client_cookie=0 server_cookie=0 in_seq=0 out_seq=0
2024-05-20T18:27:42.027 INFO:teuthology.orchestra.run.smithi135.stdout:/usr/bin/ceph: stderr
2024-05-20T18:27:41.216+0000 7f866887c700 1 -- 172.21.15.135:0/1564565979 <== mon.0 v2:172.21.15.135:3300/0 1 ==== mon_map magic: 0 ==== 205+0+0 (secure 0 0 0) 0x7f8654025070 con 0x7f8664107240
2024-05-20T18:27:42.027 INFO:teuthology.orchestra.run.smithi135.stdout:/usr/bin/ceph: stderr
2024-05-20T18:27:41.217+0000 7f866887c700 1 -- 172.21.15.135:0/1564565979 <== mon.0 v2:172.21.15.135:3300/0 2 ==== config(28 keys) ==== 1171+0+0 (secure 0 0 0) 0x7f8654004490 con 0x7f8664107240
2024-05-20T18:27:42.027 INFO:teuthology.orchestra.run.smithi135.stdout:/usr/bin/ceph: stderr
2024-05-20T18:27:41.217+0000 7f866987e700 1 -- 172.21.15.135:0/1564565979 --> [v2:172.21.15.135:3300/0,v1:172.21.15.135:6789/0] -- mon_subscribe({mgrmap=0+}) -- 0x7f866419d7b0 con 0x7f8664107240
2024-05-20T18:27:42.027 INFO:teuthology.orchestra.run.smithi135.stdout:/usr/bin/ceph: stderr
2024-05-20T18:27:41.217+0000 7f866887c700 1 -- 172.21.15.135:0/1564565979 <== mon.0 v2:172.21.15.135:3300/0 3 ==== mon_map magic: 0 ==== 205+0+0 (secure 0 0 0) 0x7f86540107e0 con 0x7f8664107240
2024-05-20T18:27:42.027 INFO:teuthology.orchestra.run.smithi135.stdout:/usr/bin/ceph: stderr
2024-05-20T18:27:41.217+0000 7f866987e700 1 -- 172.21.15.135:0/1564565979 --> [v2:172.21.15.135:3300/0,v1:172.21.15.135:6789/0] -- mon_subscribe({osdmap=0}) -- 0x7f86641a03c0 con 0x7f8664107240
2024-05-20T18:27:42.027 INFO:teuthology.orchestra.run.smithi135.stdout:/usr/bin/ceph: stderr
2024-05-20T18:27:41.218+0000 7f866987e700 1 -- 172.21.15.135:0/1564565979 --> [v2:172.21.15.135:3300/0,v1:172.21.15.135:6789/0] -- mon_command({"prefix": "get_command_descriptions"} v 0) -- 0x7f8664063ca0 con 0x7f8664107240
2024-05-20T18:27:42.027 INFO:teuthology.orchestra.run.smithi135.stdout:/usr/bin/ceph: stderr
2024-05-20T18:27:41.218+0000 7f866887c700 1 -- 172.21.15.135:0/1564565979 <== mon.0 v2:172.21.15.135:3300/0 4 ==== mgrmap(e 12) ==== 46300+0+0 (secure 0 0 0) 0x7f8654028070 con 0x7f8664107240
2024-05-20T18:27:42.027 INFO:teuthology.orchestra.run.smithi135.stdout:/usr/bin/ceph: stderr
2024-05-20T18:27:41.218+0000 7f866887c700 1 --2- 172.21.15.135:0/1564565979 >> [v2:172.21.15.135:6800/593411262,v1:172.21.15.135:6801/593411262] conn(0x7f864c039170 0x7f864c03b680 unknown :-1 s=NONE pgs=0 cs=0 l=1 rev1=0 crypto rx=0 tx=0 comp rx=0 tx=0).connect
2024-05-20T18:27:42.027 INFO:teuthology.orchestra.run.smithi135.stdout:/usr/bin/ceph: stderr
2024-05-20T18:27:41.218+0000 7f866887c700 1 -- 172.21.15.135:0/1564565979 <== mon.0 v2:172.21.15.135:3300/0 5 ==== osd_map(3..3 src has 1..3) ==== 1155+0+0 (secure 0 0 0) 0x7f865404cd90 con 0x7f8664107240
2024-05-20T18:27:42.027 INFO:teuthology.orchestra.run.smithi135.stdout:/usr/bin/ceph: stderr
2024-05-20T18:27:41.218+0000 7f86627fc700 1 --2- 172.21.15.135:0/1564565979 >> [v2:172.21.15.135:6800/593411262,v1:172.21.15.135:6801/593411262] conn(0x7f864c039170 0x7f864c03b680 unknown :-1 s=BANNER_CONNECTING pgs=0 cs=0 l=1 rev1=0 crypto rx=0 tx=0 comp rx=0 tx=0)._handle_peer_banner_payload supported=3 required=0
2024-05-20T18:27:42.028 INFO:teuthology.orchestra.run.smithi135.stdout:/usr/bin/ceph: stderr
2024-05-20T18:27:41.219+0000 7f86627fc700 1 --2- 172.21.15.135:0/1564565979 >> [v2:172.21.15.135:6800/593411262,v1:172.21.15.135:6801/593411262] conn(0x7f864c039170 0x7f864c03b680 secure :-1 s=READY pgs=7 cs=0 l=1 rev1=1 crypto rx=0x7f8658006fd0 tx=0x7f8658006e40 comp rx=0 tx=0).ready entity=mgr.14152 client_cookie=0 server_cookie=0 in_seq=0 out_seq=0
2024-05-20T18:27:42.028 INFO:teuthology.orchestra.run.smithi135.stdout:/usr/bin/ceph: stderr
2024-05-20T18:27:41.223+0000 7f866887c700 1 -- 172.21.15.135:0/1564565979 <== mon.0 v2:172.21.15.135:3300/0 6 ==== mon_command_ack([{"prefix": "get_command_descriptions"}]=0 v0) ==== 72+0+186418 (secure 0 0 0) 0x7f8654014070 con 0x7f8664107240
2024-05-20T18:27:42.028 INFO:teuthology.orchestra.run.smithi135.stdout:/usr/bin/ceph: stderr
2024-05-20T18:27:41.442+0000 7f866987e700 1 -- 172.21.15.135:0/1564565979 --> [v2:172.21.15.135:6800/593411262,v1:172.21.15.135:6801/593411262] -- mgr_command(tid 0: {"prefix": "dashboard create-self-signed-cert", "target": ["mon-mgr", ""]}) -- 0x7f866402df40 con 0x7f864c039170
2024-05-20T18:27:42.028 INFO:teuthology.orchestra.run.smithi135.stdout:/usr/bin/ceph: stderr
2024-05-20T18:27:41.494+0000 7f866887c700 1 -- 172.21.15.135:0/1564565979 <== mgr.14152 v2:172.21.15.135:6800/593411262 1 ==== mgr_command_reply(tid 0: 0 ) ==== 8+0+32 (secure 0 0 0) 0x7f866402df40 con 0x7f864c039170
2024-05-20T18:27:42.028 INFO:teuthology.orchestra.run.smithi135.stdout:/usr/bin/ceph: stderr
2024-05-20T18:27:41.496+0000 7f866987e700 1 -- 172.21.15.135:0/1564565979 >> [v2:172.21.15.135:6800/593411262,v1:172.21.15.135:6801/593411262] conn(0x7f864c039170 msgr2=0x7f864c03b680 secure :-1 s=STATE_CONNECTION_ESTABLISHED l=1).mark_down
2024-05-20T18:27:42.028 INFO:teuthology.orchestra.run.smithi135.stdout:/usr/bin/ceph: stderr
2024-05-20T18:27:41.496+0000 7f866987e700 1 --2- 172.21.15.135:0/1564565979 >> [v2:172.21.15.135:6800/593411262,v1:172.21.15.135:6801/593411262] conn(0x7f864c039170 0x7f864c03b680 secure :-1 s=READY pgs=7 cs=0 l=1 rev1=1 crypto rx=0x7f8658006fd0 tx=0x7f8658006e40 comp rx=0 tx=0).stop
2024-05-20T18:27:42.028 INFO:teuthology.orchestra.run.smithi135.stdout:/usr/bin/ceph: stderr
2024-05-20T18:27:41.496+0000 7f866987e700 1 -- 172.21.15.135:0/1564565979 >> [v2:172.21.15.135:3300/0,v1:172.21.15.135:6789/0] conn(0x7f8664107240 msgr2=0x7f866419cfe0 secure :-1 s=STATE_CONNECTION_ESTABLISHED l=1).mark_down
2024-05-20T18:27:42.028 INFO:teuthology.orchestra.run.smithi135.stdout:/usr/bin/ceph: stderr
2024-05-20T18:27:41.496+0000 7f866987e700 1 --2- 172.21.15.135:0/1564565979 >> [v2:172.21.15.135:3300/0,v1:172.21.15.135:6789/0] conn(0x7f8664107240 0x7f866419cfe0 secure :-1 s=READY pgs=71 cs=0 l=1 rev1=1 crypto rx=0x7f8654003920 tx=0x7f865400c0b0 comp rx=0 tx=0).stop
2024-05-20T18:27:42.028 INFO:teuthology.orchestra.run.smithi135.stdout:/usr/bin/ceph: stderr
2024-05-20T18:27:41.496+0000 7f866987e700 1 -- 172.21.15.135:0/1564565979 shutdown_connections
2024-05-20T18:27:42.028 INFO:teuthology.orchestra.run.smithi135.stdout:/usr/bin/ceph: stderr
2024-05-20T18:27:41.496+0000 7f866987e700 1 --2- 172.21.15.135:0/1564565979 >> [v2:172.21.15.135:6800/593411262,v1:172.21.15.135:6801/593411262] conn(0x7f864c039170 0x7f864c03b680 unknown :-1 s=CLOSED pgs=7 cs=0 l=1 rev1=1 crypto rx=0 tx=0 comp rx=0 tx=0).stop
2024-05-20T18:27:42.028 INFO:teuthology.orchestra.run.smithi135.stdout:/usr/bin/ceph: stderr
2024-05-20T18:27:41.496+0000 7f866987e700 1 --2- 172.21.15.135:0/1564565979 >> [v2:172.21.15.135:3300/0,v1:172.21.15.135:6789/0] conn(0x7f8664107240 0x7f866419cfe0 unknown :-1 s=CLOSED pgs=71 cs=0 l=1 rev1=1 crypto rx=0 tx=0 comp rx=0 tx=0).stop
2024-05-20T18:27:42.028 INFO:teuthology.orchestra.run.smithi135.stdout:/usr/bin/ceph: stderr
2024-05-20T18:27:41.496+0000 7f866987e700 1 -- 172.21.15.135:0/1564565979 >> 172.21.15.135:0/1564565979 conn(0x7f86641028c0 msgr2=0x7f8664191450 unknown :-1 s=STATE_NONE l=0).mark_down
2024-05-20T18:27:42.028 INFO:teuthology.orchestra.run.smithi135.stdout:/usr/bin/ceph: stderr
2024-05-20T18:27:41.496+0000 7f866987e700 1 -- 172.21.15.135:0/1564565979 shutdown_connections
2024-05-20T18:27:42.029 INFO:teuthology.orchestra.run.smithi135.stdout:/usr/bin/ceph: stderr
2024-05-20T18:27:41.497+0000 7f866987e700 1 -- 172.21.15.135:0/1564565979 wait complete.
2024-05-20T18:27:42.029 INFO:teuthology.orchestra.run.smithi135.stdout:Creating initial admin user...
2024-05-20T18:27:42.126 INFO:journalctl@ceph.mon.a.smithi135.stdout:May 20 18:27:41 smithi135 ceph-mon[32496]: [20/May/2024:18:27:40] ENGINE Bus STARTING
2024-05-20T18:27:42.126 INFO:journalctl@ceph.mon.a.smithi135.stdout:May 20 18:27:41 smithi135 ceph-mon[32496]: [20/May/2024:18:27:40] ENGINE Serving on https://172.21.15.135:7150
2024-05-20T18:27:42.126 INFO:journalctl@ceph.mon.a.smithi135.stdout:May 20 18:27:41 smithi135 ceph-mon[32496]: [20/May/2024:18:27:40] ENGINE Serving on http://172.21.15.135:8765
2024-05-20T18:27:42.126 INFO:journalctl@ceph.mon.a.smithi135.stdout:May 20 18:27:41 smithi135 ceph-mon[32496]: [20/May/2024:18:27:40] ENGINE Bus STARTED
2024-05-20T18:27:42.126 INFO:journalctl@ceph.mon.a.smithi135.stdout:May 20 18:27:41 smithi135 ceph-mon[32496]: mgrmap e12: x(active, since 2s)
2024-05-20T18:27:42.126 INFO:journalctl@ceph.mon.a.smithi135.stdout:May 20 18:27:41 smithi135 ceph-mon[32496]: from='mgr.14152 172.21.15.135:0/3022960777' entity='mgr.x'
2024-05-20T18:27:42.126 INFO:journalctl@ceph.mon.a.smithi135.stdout:May 20 18:27:41 smithi135 ceph-mon[32496]: from='mgr.14152 172.21.15.135:0/3022960777' entity='mgr.x'
2024-05-20T18:27:42.127 INFO:journalctl@ceph.mon.a.smithi135.stdout:May 20 18:27:41 smithi135 ceph-mon[32496]: from='mgr.14152 172.21.15.135:0/3022960777' entity='mgr.x'
2024-05-20T18:27:43.014 INFO:journalctl@ceph.mon.a.smithi135.stdout:May 20 18:27:42 smithi135 ceph-mon[32496]: from='client.14164 -' entity='client.admin' cmd=[{"prefix": "dashboard create-self-signed-cert", "target": ["mon-mgr", ""]}]: dispatch
2024-05-20T18:27:44.003 INFO:teuthology.orchestra.run.smithi135.stdout:/usr/bin/ceph: stdout {"username": "admin", "password": "$2b$12$TnBZt3NkcWGHPQZiamXjauqPorPiRrV47ODHn.vHhQsRVcYWxoDby", "roles": ["administrator"], "name": null, "email": null, "lastUpdate": 1716229662, "enabled": true, "pwdExpirationDate": null, "pwdUpdateRequired": true}
2024-05-20T18:27:44.003 INFO:teuthology.orchestra.run.smithi135.stdout:/usr/bin/ceph: stderr
2024-05-20T18:27:42.463+0000 7fe8c0570700 1 Processor -- start
2024-05-20T18:27:44.003 INFO:teuthology.orchestra.run.smithi135.stdout:/usr/bin/ceph: stderr
2024-05-20T18:27:42.463+0000 7fe8c0570700 1 -- start start
2024-05-20T18:27:44.003 INFO:teuthology.orchestra.run.smithi135.stdout:/usr/bin/ceph: stderr
2024-05-20T18:27:42.463+0000 7fe8c0570700 1 --2- >> [v2:172.21.15.135:3300/0,v1:172.21.15.135:6789/0] conn(0x7fe8b807bc10 0x7fe8b810daf0 unknown :-1 s=NONE pgs=0 cs=0 l=0 rev1=0 crypto rx=0 tx=0 comp rx=0 tx=0).connect
2024-05-20T18:27:44.003 INFO:teuthology.orchestra.run.smithi135.stdout:/usr/bin/ceph: stderr
2024-05-20T18:27:42.463+0000 7fe8c0570700 1 -- --> [v2:172.21.15.135:3300/0,v1:172.21.15.135:6789/0] -- mon_getmap magic: 0 -- 0x7fe8b810e030 con 0x7fe8b807bc10
2024-05-20T18:27:44.003 INFO:teuthology.orchestra.run.smithi135.stdout:/usr/bin/ceph: stderr
2024-05-20T18:27:42.463+0000 7fe8be30c700 1 --2- >> [v2:172.21.15.135:3300/0,v1:172.21.15.135:6789/0] conn(0x7fe8b807bc10 0x7fe8b810daf0 unknown :-1 s=BANNER_CONNECTING pgs=0 cs=0 l=0 rev1=0 crypto rx=0 tx=0 comp rx=0 tx=0)._handle_peer_banner_payload supported=3 required=0
2024-05-20T18:27:44.003 INFO:teuthology.orchestra.run.smithi135.stdout:/usr/bin/ceph: stderr
2024-05-20T18:27:42.463+0000 7fe8be30c700 1 --2- >> [v2:172.21.15.135:3300/0,v1:172.21.15.135:6789/0] conn(0x7fe8b807bc10 0x7fe8b810daf0 unknown :-1 s=HELLO_CONNECTING pgs=0 cs=0 l=0 rev1=1 crypto rx=0 tx=0 comp rx=0 tx=0).handle_hello peer v2:172.21.15.135:3300/0 says I am v2:172.21.15.135:37050/0 (socket says 172.21.15.135:37050)
2024-05-20T18:27:44.004 INFO:teuthology.orchestra.run.smithi135.stdout:/usr/bin/ceph: stderr
2024-05-20T18:27:42.463+0000 7fe8be30c700 1 -- 172.21.15.135:0/4244600898 learned_addr learned my addr 172.21.15.135:0/4244600898 (peer_addr_for_me v2:172.21.15.135:0/0)
2024-05-20T18:27:44.004 INFO:teuthology.orchestra.run.smithi135.stdout:/usr/bin/ceph: stderr
2024-05-20T18:27:42.464+0000 7fe8be30c700 1 -- 172.21.15.135:0/4244600898 --> [v2:172.21.15.135:3300/0,v1:172.21.15.135:6789/0] -- mon_subscribe({config=0+,monmap=0+}) -- 0x7fe8b810e1b0 con 0x7fe8b807bc10
2024-05-20T18:27:44.004 INFO:teuthology.orchestra.run.smithi135.stdout:/usr/bin/ceph: stderr
2024-05-20T18:27:42.464+0000 7fe8be30c700 1 --2- 172.21.15.135:0/4244600898 >> [v2:172.21.15.135:3300/0,v1:172.21.15.135:6789/0] conn(0x7fe8b807bc10 0x7fe8b810daf0 secure :-1 s=READY pgs=72 cs=0 l=1 rev1=1 crypto rx=0x7fe8b40098a0 tx=0x7fe8b4009bb0 comp rx=0 tx=0).ready entity=mon.0 client_cookie=1c3dc1ae43f6a690 server_cookie=0 in_seq=0 out_seq=0
2024-05-20T18:27:44.004 INFO:teuthology.orchestra.run.smithi135.stdout:/usr/bin/ceph: stderr
2024-05-20T18:27:42.464+0000 7fe8bd30a700 1 -- 172.21.15.135:0/4244600898 <== mon.0 v2:172.21.15.135:3300/0 1 ==== mon_map magic: 0 ==== 205+0+0 (secure 0 0 0) 0x7fe8b4004160 con 0x7fe8b807bc10
2024-05-20T18:27:44.004 INFO:teuthology.orchestra.run.smithi135.stdout:/usr/bin/ceph: stderr
2024-05-20T18:27:42.464+0000 7fe8bd30a700 1 -- 172.21.15.135:0/4244600898 <== mon.0 v2:172.21.15.135:3300/0 2 ==== config(28 keys) ==== 1171+0+0 (secure 0 0 0) 0x7fe8b4004300 con 0x7fe8b807bc10
2024-05-20T18:27:44.004 INFO:teuthology.orchestra.run.smithi135.stdout:/usr/bin/ceph: stderr
2024-05-20T18:27:42.464+0000 7fe8bd30a700 1 -- 172.21.15.135:0/4244600898 <== mon.0 v2:172.21.15.135:3300/0 3 ==== mon_map magic: 0 ==== 205+0+0 (secure 0 0 0) 0x7fe8b4011bb0 con 0x7fe8b807bc10
2024-05-20T18:27:44.004 INFO:teuthology.orchestra.run.smithi135.stdout:/usr/bin/ceph: stderr
2024-05-20T18:27:42.465+0000 7fe8c0570700 1 -- 172.21.15.135:0/4244600898 >> [v2:172.21.15.135:3300/0,v1:172.21.15.135:6789/0] conn(0x7fe8b807bc10 msgr2=0x7fe8b810daf0 secure :-1 s=STATE_CONNECTION_ESTABLISHED l=1).mark_down
2024-05-20T18:27:44.004 INFO:teuthology.orchestra.run.smithi135.stdout:/usr/bin/ceph: stderr
2024-05-20T18:27:42.465+0000 7fe8c0570700 1 --2- 172.21.15.135:0/4244600898 >> [v2:172.21.15.135:3300/0,v1:172.21.15.135:6789/0] conn(0x7fe8b807bc10 0x7fe8b810daf0 secure :-1 s=READY pgs=72 cs=0 l=1 rev1=1 crypto rx=0x7fe8b40098a0 tx=0x7fe8b4009bb0 comp rx=0 tx=0).stop
2024-05-20T18:27:44.004 INFO:teuthology.orchestra.run.smithi135.stdout:/usr/bin/ceph: stderr
2024-05-20T18:27:42.465+0000 7fe8c0570700 1 -- 172.21.15.135:0/4244600898 shutdown_connections
2024-05-20T18:27:44.004 INFO:teuthology.orchestra.run.smithi135.stdout:/usr/bin/ceph: stderr
2024-05-20T18:27:42.465+0000 7fe8c0570700 1 --2- 172.21.15.135:0/4244600898 >> [v2:172.21.15.135:3300/0,v1:172.21.15.135:6789/0] conn(0x7fe8b807bc10 0x7fe8b810daf0 unknown :-1 s=CLOSED pgs=72 cs=0 l=1 rev1=1 crypto rx=0 tx=0 comp rx=0 tx=0).stop
2024-05-20T18:27:44.004 INFO:teuthology.orchestra.run.smithi135.stdout:/usr/bin/ceph: stderr
2024-05-20T18:27:42.465+0000 7fe8c0570700 1 -- 172.21.15.135:0/4244600898 >> 172.21.15.135:0/4244600898 conn(0x7fe8b8103120 msgr2=0x7fe8b8105570 unknown :-1 s=STATE_NONE l=0).mark_down
2024-05-20T18:27:44.004 INFO:teuthology.orchestra.run.smithi135.stdout:/usr/bin/ceph: stderr
2024-05-20T18:27:42.465+0000 7fe8c0570700 1 -- 172.21.15.135:0/4244600898 shutdown_connections
2024-05-20T18:27:44.004 INFO:teuthology.orchestra.run.smithi135.stdout:/usr/bin/ceph: stderr
2024-05-20T18:27:42.465+0000 7fe8c0570700 1 -- 172.21.15.135:0/4244600898 wait complete.
2024-05-20T18:27:44.005 INFO:teuthology.orchestra.run.smithi135.stdout:/usr/bin/ceph: stderr
2024-05-20T18:27:42.466+0000 7fe8c0570700 1 Processor -- start
2024-05-20T18:27:44.005 INFO:teuthology.orchestra.run.smithi135.stdout:/usr/bin/ceph: stderr
2024-05-20T18:27:42.466+0000 7fe8c0570700 1 -- start start
2024-05-20T18:27:44.005 INFO:teuthology.orchestra.run.smithi135.stdout:/usr/bin/ceph: stderr
2024-05-20T18:27:42.466+0000 7fe8c0570700 1 --2- >> [v2:172.21.15.135:3300/0,v1:172.21.15.135:6789/0] conn(0x7fe8b807bc10 0x7fe8b819f440 unknown :-1 s=NONE pgs=0 cs=0 l=1 rev1=0 crypto rx=0 tx=0 comp rx=0 tx=0).connect
2024-05-20T18:27:44.005 INFO:teuthology.orchestra.run.smithi135.stdout:/usr/bin/ceph: stderr
2024-05-20T18:27:42.466+0000 7fe8c0570700 1 -- --> [v2:172.21.15.135:3300/0,v1:172.21.15.135:6789/0] -- mon_getmap magic: 0 -- 0x7fe8b810f1c0 con 0x7fe8b807bc10
2024-05-20T18:27:44.005 INFO:teuthology.orchestra.run.smithi135.stdout:/usr/bin/ceph: stderr
2024-05-20T18:27:42.466+0000 7fe8be30c700 1 --2- >> [v2:172.21.15.135:3300/0,v1:172.21.15.135:6789/0] conn(0x7fe8b807bc10 0x7fe8b819f440 unknown :-1 s=BANNER_CONNECTING pgs=0 cs=0 l=1 rev1=0 crypto rx=0 tx=0 comp rx=0 tx=0)._handle_peer_banner_payload supported=3 required=0
2024-05-20T18:27:44.005 INFO:teuthology.orchestra.run.smithi135.stdout:/usr/bin/ceph: stderr
2024-05-20T18:27:42.466+0000 7fe8be30c700 1 --2- >> [v2:172.21.15.135:3300/0,v1:172.21.15.135:6789/0] conn(0x7fe8b807bc10 0x7fe8b819f440 unknown :-1 s=HELLO_CONNECTING pgs=0 cs=0 l=1 rev1=1 crypto rx=0 tx=0 comp rx=0 tx=0).handle_hello peer v2:172.21.15.135:3300/0 says I am v2:172.21.15.135:37060/0 (socket says 172.21.15.135:37060)
2024-05-20T18:27:44.005 INFO:teuthology.orchestra.run.smithi135.stdout:/usr/bin/ceph: stderr
2024-05-20T18:27:42.466+0000 7fe8be30c700 1 -- 172.21.15.135:0/3937153821 learned_addr learned my addr 172.21.15.135:0/3937153821 (peer_addr_for_me v2:172.21.15.135:0/0)
2024-05-20T18:27:44.005 INFO:teuthology.orchestra.run.smithi135.stdout:/usr/bin/ceph: stderr
2024-05-20T18:27:42.467+0000 7fe8be30c700 1 -- 172.21.15.135:0/3937153821 --> [v2:172.21.15.135:3300/0,v1:172.21.15.135:6789/0] -- mon_subscribe({config=0+,monmap=0+}) -- 0x7fe8b819f980 con 0x7fe8b807bc10
2024-05-20T18:27:44.005 INFO:teuthology.orchestra.run.smithi135.stdout:/usr/bin/ceph: stderr
2024-05-20T18:27:42.467+0000 7fe8be30c700 1 --2- 172.21.15.135:0/3937153821 >> [v2:172.21.15.135:3300/0,v1:172.21.15.135:6789/0] conn(0x7fe8b807bc10 0x7fe8b819f440 secure :-1 s=READY pgs=73 cs=0 l=1 rev1=1 crypto rx=0x7fe8b4009fb0 tx=0x7fe8b4011c50 comp rx=0 tx=0).ready entity=mon.0 client_cookie=0 server_cookie=0 in_seq=0 out_seq=0
2024-05-20T18:27:44.005 INFO:teuthology.orchestra.run.smithi135.stdout:/usr/bin/ceph: stderr
2024-05-20T18:27:42.467+0000 7fe8af7fe700 1 -- 172.21.15.135:0/3937153821 <== mon.0 v2:172.21.15.135:3300/0 1 ==== mon_map magic: 0 ==== 205+0+0 (secure 0 0 0) 0x7fe8b40038b0 con 0x7fe8b807bc10
2024-05-20T18:27:44.005 INFO:teuthology.orchestra.run.smithi135.stdout:/usr/bin/ceph: stderr
2024-05-20T18:27:42.467+0000 7fe8af7fe700 1 -- 172.21.15.135:0/3937153821 <== mon.0 v2:172.21.15.135:3300/0 2 ==== config(28 keys) ==== 1171+0+0 (secure 0 0 0) 0x7fe8b4003a50 con 0x7fe8b807bc10
2024-05-20T18:27:44.005 INFO:teuthology.orchestra.run.smithi135.stdout:/usr/bin/ceph: stderr
2024-05-20T18:27:42.467+0000 7fe8c0570700 1 -- 172.21.15.135:0/3937153821 --> [v2:172.21.15.135:3300/0,v1:172.21.15.135:6789/0] -- mon_subscribe({mgrmap=0+}) -- 0x7fe8b819fc10 con 0x7fe8b807bc10
2024-05-20T18:27:44.005 INFO:teuthology.orchestra.run.smithi135.stdout:/usr/bin/ceph: stderr
2024-05-20T18:27:42.467+0000 7fe8af7fe700 1 -- 172.21.15.135:0/3937153821 <== mon.0 v2:172.21.15.135:3300/0 3 ==== mon_map magic: 0 ==== 205+0+0 (secure 0 0 0) 0x7fe8b4019670 con 0x7fe8b807bc10
2024-05-20T18:27:44.005 INFO:teuthology.orchestra.run.smithi135.stdout:/usr/bin/ceph: stderr
2024-05-20T18:27:42.467+0000 7fe8c0570700 1 -- 172.21.15.135:0/3937153821 --> [v2:172.21.15.135:3300/0,v1:172.21.15.135:6789/0] -- mon_subscribe({osdmap=0}) -- 0x7fe8b81a2820 con 0x7fe8b807bc10
2024-05-20T18:27:44.006 INFO:teuthology.orchestra.run.smithi135.stdout:/usr/bin/ceph: stderr
2024-05-20T18:27:42.468+0000 7fe8af7fe700 1 -- 172.21.15.135:0/3937153821 <== mon.0 v2:172.21.15.135:3300/0 4 ==== mgrmap(e 12) ==== 46300+0+0 (secure 0 0 0) 0x7fe8b4019920 con 0x7fe8b807bc10
2024-05-20T18:27:44.006 INFO:teuthology.orchestra.run.smithi135.stdout:/usr/bin/ceph: stderr
2024-05-20T18:27:42.468+0000 7fe8c0570700 1 -- 172.21.15.135:0/3937153821 --> [v2:172.21.15.135:3300/0,v1:172.21.15.135:6789/0] -- mon_command({"prefix": "get_command_descriptions"} v 0) -- 0x7fe8b8063ca0 con 0x7fe8b807bc10
2024-05-20T18:27:44.006 INFO:teuthology.orchestra.run.smithi135.stdout:/usr/bin/ceph: stderr
2024-05-20T18:27:42.468+0000 7fe8af7fe700 1 --2- 172.21.15.135:0/3937153821 >> [v2:172.21.15.135:6800/593411262,v1:172.21.15.135:6801/593411262] conn(0x7fe8a4039170 0x7fe8a403b680 unknown :-1 s=NONE pgs=0 cs=0 l=1 rev1=0 crypto rx=0 tx=0 comp rx=0 tx=0).connect
2024-05-20T18:27:44.006 INFO:teuthology.orchestra.run.smithi135.stdout:/usr/bin/ceph: stderr
2024-05-20T18:27:42.468+0000 7fe8af7fe700 1 -- 172.21.15.135:0/3937153821 <== mon.0 v2:172.21.15.135:3300/0 5 ==== osd_map(3..3 src has 1..3) ==== 1155+0+0 (secure 0 0 0) 0x7fe8b404d5e0 con 0x7fe8b807bc10
2024-05-20T18:27:44.006 INFO:teuthology.orchestra.run.smithi135.stdout:/usr/bin/ceph: stderr
2024-05-20T18:27:42.468+0000 7fe8bdb0b700 1 --2- 172.21.15.135:0/3937153821 >> [v2:172.21.15.135:6800/593411262,v1:172.21.15.135:6801/593411262] conn(0x7fe8a4039170 0x7fe8a403b680 unknown :-1 s=BANNER_CONNECTING pgs=0 cs=0 l=1 rev1=0 crypto rx=0 tx=0 comp rx=0 tx=0)._handle_peer_banner_payload supported=3 required=0
2024-05-20T18:27:44.006 INFO:teuthology.orchestra.run.smithi135.stdout:/usr/bin/ceph: stderr
2024-05-20T18:27:42.469+0000 7fe8bdb0b700 1 --2- 172.21.15.135:0/3937153821 >> [v2:172.21.15.135:6800/593411262,v1:172.21.15.135:6801/593411262] conn(0x7fe8a4039170 0x7fe8a403b680 secure :-1 s=READY pgs=8 cs=0 l=1 rev1=1 crypto rx=0x7fe8a8006fd0 tx=0x7fe8a8006e40 comp rx=0 tx=0).ready entity=mgr.14152 client_cookie=0 server_cookie=0 in_seq=0 out_seq=0
2024-05-20T18:27:44.006 INFO:teuthology.orchestra.run.smithi135.stdout:/usr/bin/ceph: stderr
2024-05-20T18:27:42.473+0000 7fe8af7fe700 1 -- 172.21.15.135:0/3937153821 <== mon.0 v2:172.21.15.135:3300/0 6 ==== mon_command_ack([{"prefix": "get_command_descriptions"}]=0 v0) ==== 72+0+186418 (secure 0 0 0) 0x7fe8b4016dd0 con 0x7fe8b807bc10
2024-05-20T18:27:44.006 INFO:teuthology.orchestra.run.smithi135.stdout:/usr/bin/ceph: stderr
2024-05-20T18:27:42.694+0000 7fe8c0570700 1 -- 172.21.15.135:0/3937153821 --> [v2:172.21.15.135:6800/593411262,v1:172.21.15.135:6801/593411262] -- mgr_command(tid 0: {"prefix": "dashboard ac-user-create", "username": "admin", "rolename": "administrator", "force_password": true, "pwd_update_required": true, "target": ["mon-mgr", ""]}) -- 0x7fe8b81974f0 con 0x7fe8a4039170
2024-05-20T18:27:44.006 INFO:teuthology.orchestra.run.smithi135.stdout:/usr/bin/ceph: stderr
2024-05-20T18:27:42.919+0000 7fe8af7fe700 1 -- 172.21.15.135:0/3937153821 <== mgr.14152 v2:172.21.15.135:6800/593411262 1 ==== mgr_command_reply(tid 0: 0 ) ==== 8+0+252 (secure 0 0 0) 0x7fe8b81974f0 con 0x7fe8a4039170
2024-05-20T18:27:44.006 INFO:teuthology.orchestra.run.smithi135.stdout:/usr/bin/ceph: stderr
2024-05-20T18:27:42.921+0000 7fe8c0570700 1 -- 172.21.15.135:0/3937153821 >> [v2:172.21.15.135:6800/593411262,v1:172.21.15.135:6801/593411262] conn(0x7fe8a4039170 msgr2=0x7fe8a403b680 secure :-1 s=STATE_CONNECTION_ESTABLISHED l=1).mark_down
2024-05-20T18:27:44.007 INFO:teuthology.orchestra.run.smithi135.stdout:/usr/bin/ceph: stderr
2024-05-20T18:27:42.921+0000 7fe8c0570700 1 --2- 172.21.15.135:0/3937153821 >> [v2:172.21.15.135:6800/593411262,v1:172.21.15.135:6801/593411262] conn(0x7fe8a4039170 0x7fe8a403b680 secure :-1 s=READY pgs=8 cs=0 l=1 rev1=1 crypto rx=0x7fe8a8006fd0 tx=0x7fe8a8006e40 comp rx=0 tx=0).stop
2024-05-20T18:27:44.007 INFO:teuthology.orchestra.run.smithi135.stdout:/usr/bin/ceph: stderr
2024-05-20T18:27:42.921+0000 7fe8c0570700 1 -- 172.21.15.135:0/3937153821 >> [v2:172.21.15.135:3300/0,v1:172.21.15.135:6789/0] conn(0x7fe8b807bc10 msgr2=0x7fe8b819f440 secure :-1 s=STATE_CONNECTION_ESTABLISHED l=1).mark_down
2024-05-20T18:27:44.007 INFO:teuthology.orchestra.run.smithi135.stdout:/usr/bin/ceph: stderr
2024-05-20T18:27:42.921+0000 7fe8c0570700 1 --2- 172.21.15.135:0/3937153821 >> [v2:172.21.15.135:3300/0,v1:172.21.15.135:6789/0] conn(0x7fe8b807bc10 0x7fe8b819f440 secure :-1 s=READY pgs=73 cs=0 l=1 rev1=1 crypto rx=0x7fe8b4009fb0 tx=0x7fe8b4011c50 comp rx=0 tx=0).stop
2024-05-20T18:27:44.007 INFO:teuthology.orchestra.run.smithi135.stdout:/usr/bin/ceph: stderr
2024-05-20T18:27:42.921+0000 7fe8c0570700 1 -- 172.21.15.135:0/3937153821 shutdown_connections
2024-05-20T18:27:44.007 INFO:teuthology.orchestra.run.smithi135.stdout:/usr/bin/ceph: stderr
2024-05-20T18:27:42.921+0000 7fe8c0570700 1 --2- 172.21.15.135:0/3937153821 >> [v2:172.21.15.135:6800/593411262,v1:172.21.15.135:6801/593411262] conn(0x7fe8a4039170 0x7fe8a403b680 unknown :-1 s=CLOSED pgs=8 cs=0 l=1 rev1=1 crypto rx=0 tx=0 comp rx=0 tx=0).stop
2024-05-20T18:27:44.007 INFO:teuthology.orchestra.run.smithi135.stdout:/usr/bin/ceph: stderr
2024-05-20T18:27:42.921+0000 7fe8c0570700 1 --2- 172.21.15.135:0/3937153821 >> [v2:172.21.15.135:3300/0,v1:172.21.15.135:6789/0] conn(0x7fe8b807bc10 0x7fe8b819f440 unknown :-1 s=CLOSED pgs=73 cs=0 l=1 rev1=1 crypto rx=0 tx=0 comp rx=0 tx=0).stop
2024-05-20T18:27:44.007 INFO:teuthology.orchestra.run.smithi135.stdout:/usr/bin/ceph: stderr
2024-05-20T18:27:42.921+0000 7fe8c0570700 1 -- 172.21.15.135:0/3937153821 >> 172.21.15.135:0/3937153821 conn(0x7fe8b8103120 msgr2=0x7fe8b8103c00 unknown :-1 s=STATE_NONE l=0).mark_down
2024-05-20T18:27:44.007 INFO:teuthology.orchestra.run.smithi135.stdout:/usr/bin/ceph: stderr
2024-05-20T18:27:42.921+0000 7fe8c0570700 1 -- 172.21.15.135:0/3937153821 shutdown_connections
2024-05-20T18:27:44.008 INFO:teuthology.orchestra.run.smithi135.stdout:/usr/bin/ceph: stderr
2024-05-20T18:27:42.921+0000 7fe8c0570700 1 -- 172.21.15.135:0/3937153821 wait complete.
2024-05-20T18:27:44.008 INFO:teuthology.orchestra.run.smithi135.stdout:Fetching dashboard port number...
2024-05-20T18:27:44.146 INFO:journalctl@ceph.mon.a.smithi135.stdout:May 20 18:27:43 smithi135 ceph-mon[32496]: from='client.14166 -' entity='client.admin' cmd=[{"prefix": "dashboard ac-user-create", "username": "admin", "rolename": "administrator", "force_password": true, "pwd_update_required": true, "target": ["mon-mgr", ""]}]: dispatch
2024-05-20T18:27:44.146 INFO:journalctl@ceph.mon.a.smithi135.stdout:May 20 18:27:43 smithi135 ceph-mon[32496]: from='mgr.14152 172.21.15.135:0/3022960777' entity='mgr.x'
2024-05-20T18:27:45.014 INFO:journalctl@ceph.mon.a.smithi135.stdout:May 20 18:27:44 smithi135 ceph-mon[32496]: from='client.? 172.21.15.135:0/1075669443' entity='client.admin' cmd=[{"prefix": "config get", "who": "mgr", "key": "mgr/dashboard/ssl_server_port"}]: dispatch
2024-05-20T18:27:45.284 INFO:teuthology.orchestra.run.smithi135.stdout:/usr/bin/ceph: stdout 8443
2024-05-20T18:27:45.284 INFO:teuthology.orchestra.run.smithi135.stdout:/usr/bin/ceph: stderr
2024-05-20T18:27:44.478+0000 7f569a820700 1 Processor -- start
2024-05-20T18:27:45.285 INFO:teuthology.orchestra.run.smithi135.stdout:/usr/bin/ceph: stderr
2024-05-20T18:27:44.478+0000 7f569a820700 1 -- start start
2024-05-20T18:27:45.285 INFO:teuthology.orchestra.run.smithi135.stdout:/usr/bin/ceph: stderr
2024-05-20T18:27:44.479+0000 7f569a820700 1 --2- >> [v2:172.21.15.135:3300/0,v1:172.21.15.135:6789/0] conn(0x7f5694107a40 0x7f5694107e50 unknown :-1 s=NONE pgs=0 cs=0 l=0 rev1=0 crypto rx=0 tx=0 comp rx=0 tx=0).connect
2024-05-20T18:27:45.285 INFO:teuthology.orchestra.run.smithi135.stdout:/usr/bin/ceph: stderr
2024-05-20T18:27:44.479+0000 7f569a820700 1 -- --> [v2:172.21.15.135:3300/0,v1:172.21.15.135:6789/0] -- mon_getmap magic: 0 -- 0x7f5694108440 con 0x7f5694107a40
2024-05-20T18:27:45.285 INFO:teuthology.orchestra.run.smithi135.stdout:/usr/bin/ceph: stderr
2024-05-20T18:27:44.479+0000 7f5693fff700 1 --2- >> [v2:172.21.15.135:3300/0,v1:172.21.15.135:6789/0] conn(0x7f5694107a40 0x7f5694107e50 unknown :-1 s=BANNER_CONNECTING pgs=0 cs=0 l=0 rev1=0 crypto rx=0 tx=0 comp rx=0 tx=0)._handle_peer_banner_payload supported=3 required=0
2024-05-20T18:27:45.285 INFO:teuthology.orchestra.run.smithi135.stdout:/usr/bin/ceph: stderr
2024-05-20T18:27:44.479+0000 7f5693fff700 1 --2- >> [v2:172.21.15.135:3300/0,v1:172.21.15.135:6789/0] conn(0x7f5694107a40 0x7f5694107e50 unknown :-1 s=HELLO_CONNECTING pgs=0 cs=0 l=0 rev1=1 crypto rx=0 tx=0 comp rx=0 tx=0).handle_hello peer v2:172.21.15.135:3300/0 says I am v2:172.21.15.135:51742/0 (socket says 172.21.15.135:51742)
2024-05-20T18:27:45.285 INFO:teuthology.orchestra.run.smithi135.stdout:/usr/bin/ceph: stderr
2024-05-20T18:27:44.479+0000 7f5693fff700 1 -- 172.21.15.135:0/3752235383 learned_addr learned my addr 172.21.15.135:0/3752235383 (peer_addr_for_me v2:172.21.15.135:0/0)
2024-05-20T18:27:45.285 INFO:teuthology.orchestra.run.smithi135.stdout:/usr/bin/ceph: stderr
2024-05-20T18:27:44.479+0000 7f5693fff700 1 -- 172.21.15.135:0/3752235383 --> [v2:172.21.15.135:3300/0,v1:172.21.15.135:6789/0] -- mon_subscribe({config=0+,monmap=0+}) -- 0x7f5694108b70 con 0x7f5694107a40
2024-05-20T18:27:45.285 INFO:teuthology.orchestra.run.smithi135.stdout:/usr/bin/ceph: stderr
2024-05-20T18:27:44.479+0000 7f5693fff700 1 --2- 172.21.15.135:0/3752235383 >> [v2:172.21.15.135:3300/0,v1:172.21.15.135:6789/0] conn(0x7f5694107a40 0x7f5694107e50 secure :-1 s=READY pgs=74 cs=0 l=1 rev1=1 crypto rx=0x7f56840098a0 tx=0x7f5684009bb0 comp rx=0 tx=0).ready entity=mon.0 client_cookie=9b3672793a53ae60 server_cookie=0 in_seq=0 out_seq=0
2024-05-20T18:27:45.285 INFO:teuthology.orchestra.run.smithi135.stdout:/usr/bin/ceph: stderr
2024-05-20T18:27:44.479+0000 7f56937fe700 1 -- 172.21.15.135:0/3752235383 <== mon.0 v2:172.21.15.135:3300/0 1 ==== mon_map magic: 0 ==== 205+0+0 (secure 0 0 0) 0x7f5684004160 con 0x7f5694107a40
2024-05-20T18:27:45.285 INFO:teuthology.orchestra.run.smithi135.stdout:/usr/bin/ceph: stderr
2024-05-20T18:27:44.479+0000 7f56937fe700 1 -- 172.21.15.135:0/3752235383 <== mon.0 v2:172.21.15.135:3300/0 2 ==== config(28 keys) ==== 1171+0+0 (secure 0 0 0) 0x7f5684004300 con 0x7f5694107a40
2024-05-20T18:27:45.285 INFO:teuthology.orchestra.run.smithi135.stdout:/usr/bin/ceph: stderr
2024-05-20T18:27:44.479+0000 7f56937fe700 1 -- 172.21.15.135:0/3752235383 <== mon.0 v2:172.21.15.135:3300/0 3 ==== mon_map magic: 0 ==== 205+0+0 (secure 0 0 0) 0x7f5684011bb0 con 0x7f5694107a40
2024-05-20T18:27:45.286 INFO:teuthology.orchestra.run.smithi135.stdout:/usr/bin/ceph: stderr
2024-05-20T18:27:44.480+0000 7f569a820700 1 -- 172.21.15.135:0/3752235383 >> [v2:172.21.15.135:3300/0,v1:172.21.15.135:6789/0] conn(0x7f5694107a40 msgr2=0x7f5694107e50 secure :-1 s=STATE_CONNECTION_ESTABLISHED l=1).mark_down
2024-05-20T18:27:45.286 INFO:teuthology.orchestra.run.smithi135.stdout:/usr/bin/ceph: stderr
2024-05-20T18:27:44.480+0000 7f569a820700 1 --2- 172.21.15.135:0/3752235383 >> [v2:172.21.15.135:3300/0,v1:172.21.15.135:6789/0] conn(0x7f5694107a40 0x7f5694107e50 secure :-1 s=READY pgs=74 cs=0 l=1 rev1=1 crypto rx=0x7f56840098a0 tx=0x7f5684009bb0 comp rx=0 tx=0).stop
2024-05-20T18:27:45.286 INFO:teuthology.orchestra.run.smithi135.stdout:/usr/bin/ceph: stderr
2024-05-20T18:27:44.480+0000 7f569a820700 1 -- 172.21.15.135:0/3752235383 shutdown_connections
2024-05-20T18:27:45.286 INFO:teuthology.orchestra.run.smithi135.stdout:/usr/bin/ceph: stderr
2024-05-20T18:27:44.480+0000 7f569a820700 1 --2- 172.21.15.135:0/3752235383 >> [v2:172.21.15.135:3300/0,v1:172.21.15.135:6789/0] conn(0x7f5694107a40 0x7f5694107e50 unknown :-1 s=CLOSED pgs=74 cs=0 l=1 rev1=1 crypto rx=0 tx=0 comp rx=0 tx=0).stop
2024-05-20T18:27:45.286 INFO:teuthology.orchestra.run.smithi135.stdout:/usr/bin/ceph: stderr
2024-05-20T18:27:44.480+0000 7f569a820700 1 -- 172.21.15.135:0/3752235383 >> 172.21.15.135:0/3752235383 conn(0x7f56941031a0 msgr2=0x7f56941055f0 unknown :-1 s=STATE_NONE l=0).mark_down
2024-05-20T18:27:45.286 INFO:teuthology.orchestra.run.smithi135.stdout:/usr/bin/ceph: stderr
2024-05-20T18:27:44.480+0000 7f569a820700 1 -- 172.21.15.135:0/3752235383 shutdown_connections
2024-05-20T18:27:45.286 INFO:teuthology.orchestra.run.smithi135.stdout:/usr/bin/ceph: stderr
2024-05-20T18:27:44.480+0000 7f569a820700 1 -- 172.21.15.135:0/3752235383 wait complete.
2024-05-20T18:27:45.286 INFO:teuthology.orchestra.run.smithi135.stdout:/usr/bin/ceph: stderr
2024-05-20T18:27:44.481+0000 7f569a820700 1 Processor -- start
2024-05-20T18:27:45.286 INFO:teuthology.orchestra.run.smithi135.stdout:/usr/bin/ceph: stderr
2024-05-20T18:27:44.481+0000 7f569a820700 1 -- start start
2024-05-20T18:27:45.286 INFO:teuthology.orchestra.run.smithi135.stdout:/usr/bin/ceph: stderr
2024-05-20T18:27:44.481+0000 7f569a820700 1 --2- >> [v2:172.21.15.135:3300/0,v1:172.21.15.135:6789/0] conn(0x7f5694107a40 0x7f569419be70 unknown :-1 s=NONE pgs=0 cs=0 l=1 rev1=0 crypto rx=0 tx=0 comp rx=0 tx=0).connect
2024-05-20T18:27:45.286 INFO:teuthology.orchestra.run.smithi135.stdout:/usr/bin/ceph: stderr
2024-05-20T18:27:44.481+0000 7f569a820700 1 -- --> [v2:172.21.15.135:3300/0,v1:172.21.15.135:6789/0] -- mon_getmap magic: 0 -- 0x7f569410bf20 con 0x7f5694107a40
2024-05-20T18:27:45.286 INFO:teuthology.orchestra.run.smithi135.stdout:/usr/bin/ceph: stderr
2024-05-20T18:27:44.481+0000 7f5693fff700 1 --2- >> [v2:172.21.15.135:3300/0,v1:172.21.15.135:6789/0] conn(0x7f5694107a40 0x7f569419be70 unknown :-1 s=BANNER_CONNECTING pgs=0 cs=0 l=1 rev1=0 crypto rx=0 tx=0 comp rx=0 tx=0)._handle_peer_banner_payload supported=3 required=0
2024-05-20T18:27:45.287 INFO:teuthology.orchestra.run.smithi135.stdout:/usr/bin/ceph: stderr
2024-05-20T18:27:44.481+0000 7f5693fff700 1 --2- >> [v2:172.21.15.135:3300/0,v1:172.21.15.135:6789/0] conn(0x7f5694107a40 0x7f569419be70 unknown :-1 s=HELLO_CONNECTING pgs=0 cs=0 l=1 rev1=1 crypto rx=0 tx=0 comp rx=0 tx=0).handle_hello peer v2:172.21.15.135:3300/0 says I am v2:172.21.15.135:51744/0 (socket says 172.21.15.135:51744)
2024-05-20T18:27:45.287 INFO:teuthology.orchestra.run.smithi135.stdout:/usr/bin/ceph: stderr
2024-05-20T18:27:44.481+0000 7f5693fff700 1 -- 172.21.15.135:0/1075669443 learned_addr learned my addr 172.21.15.135:0/1075669443 (peer_addr_for_me v2:172.21.15.135:0/0)
2024-05-20T18:27:45.287 INFO:teuthology.orchestra.run.smithi135.stdout:/usr/bin/ceph: stderr
2024-05-20T18:27:44.482+0000 7f5693fff700 1 -- 172.21.15.135:0/1075669443 --> [v2:172.21.15.135:3300/0,v1:172.21.15.135:6789/0] -- mon_subscribe({config=0+,monmap=0+}) -- 0x7f569419c3b0 con 0x7f5694107a40
2024-05-20T18:27:45.287 INFO:teuthology.orchestra.run.smithi135.stdout:/usr/bin/ceph: stderr
2024-05-20T18:27:44.482+0000 7f5693fff700 1 --2- 172.21.15.135:0/1075669443 >> [v2:172.21.15.135:3300/0,v1:172.21.15.135:6789/0] conn(0x7f5694107a40 0x7f569419be70 secure :-1 s=READY pgs=75 cs=0 l=1 rev1=1 crypto rx=0x7f5684009fb0 tx=0x7f5684011c70 comp rx=0 tx=0).ready entity=mon.0 client_cookie=0 server_cookie=0 in_seq=0 out_seq=0
2024-05-20T18:27:45.287 INFO:teuthology.orchestra.run.smithi135.stdout:/usr/bin/ceph: stderr
2024-05-20T18:27:44.482+0000 7f5691ffb700 1 -- 172.21.15.135:0/1075669443 <== mon.0 v2:172.21.15.135:3300/0 1 ==== mon_map magic: 0 ==== 205+0+0 (secure 0 0 0) 0x7f56840038b0 con 0x7f5694107a40
2024-05-20T18:27:45.287 INFO:teuthology.orchestra.run.smithi135.stdout:/usr/bin/ceph: stderr
2024-05-20T18:27:44.482+0000 7f569a820700 1 -- 172.21.15.135:0/1075669443 --> [v2:172.21.15.135:3300/0,v1:172.21.15.135:6789/0] -- mon_subscribe({mgrmap=0+}) -- 0x7f569419c640 con 0x7f5694107a40
2024-05-20T18:27:45.287 INFO:teuthology.orchestra.run.smithi135.stdout:/usr/bin/ceph: stderr
2024-05-20T18:27:44.482+0000 7f5691ffb700 1 -- 172.21.15.135:0/1075669443 <== mon.0 v2:172.21.15.135:3300/0 2 ==== config(28 keys) ==== 1171+0+0 (secure 0 0 0) 0x7f568401a430 con 0x7f5694107a40
2024-05-20T18:27:45.287 INFO:teuthology.orchestra.run.smithi135.stdout:/usr/bin/ceph: stderr
2024-05-20T18:27:44.482+0000 7f5691ffb700 1 -- 172.21.15.135:0/1075669443 <== mon.0 v2:172.21.15.135:3300/0 3 ==== mon_map magic: 0 ==== 205+0+0 (secure 0 0 0) 0x7f5684019550 con 0x7f5694107a40
2024-05-20T18:27:45.287 INFO:teuthology.orchestra.run.smithi135.stdout:/usr/bin/ceph: stderr
2024-05-20T18:27:44.482+0000 7f569a820700 1 -- 172.21.15.135:0/1075669443 --> [v2:172.21.15.135:3300/0,v1:172.21.15.135:6789/0] -- mon_subscribe({osdmap=0}) -- 0x7f569419f250 con 0x7f5694107a40
2024-05-20T18:27:45.287 INFO:teuthology.orchestra.run.smithi135.stdout:/usr/bin/ceph: stderr
2024-05-20T18:27:44.483+0000 7f5691ffb700 1 -- 172.21.15.135:0/1075669443 <== mon.0 v2:172.21.15.135:3300/0 4 ==== mgrmap(e 12) ==== 46300+0+0 (secure 0 0 0) 0x7f5684019810 con 0x7f5694107a40
2024-05-20T18:27:45.287 INFO:teuthology.orchestra.run.smithi135.stdout:/usr/bin/ceph: stderr
2024-05-20T18:27:44.483+0000 7f569a820700 1 -- 172.21.15.135:0/1075669443 --> [v2:172.21.15.135:3300/0,v1:172.21.15.135:6789/0] -- mon_command({"prefix": "get_command_descriptions"} v 0) -- 0x7f5694063ca0 con 0x7f5694107a40
2024-05-20T18:27:45.287 INFO:teuthology.orchestra.run.smithi135.stdout:/usr/bin/ceph: stderr
2024-05-20T18:27:44.483+0000 7f5691ffb700 1 --2- 172.21.15.135:0/1075669443 >> [v2:172.21.15.135:6800/593411262,v1:172.21.15.135:6801/593411262] conn(0x7f5680039110 0x7f568003b620 unknown :-1 s=NONE pgs=0 cs=0 l=1 rev1=0 crypto rx=0 tx=0 comp rx=0 tx=0).connect
2024-05-20T18:27:45.287 INFO:teuthology.orchestra.run.smithi135.stdout:/usr/bin/ceph: stderr
2024-05-20T18:27:44.483+0000 7f5691ffb700 1 -- 172.21.15.135:0/1075669443 <== mon.0 v2:172.21.15.135:3300/0 5 ==== osd_map(3..3 src has 1..3) ==== 1155+0+0 (secure 0 0 0) 0x7f568404d4f0 con 0x7f5694107a40
2024-05-20T18:27:45.288 INFO:teuthology.orchestra.run.smithi135.stdout:/usr/bin/ceph: stderr
2024-05-20T18:27:44.483+0000 7f568bfff700 1 --2- 172.21.15.135:0/1075669443 >> [v2:172.21.15.135:6800/593411262,v1:172.21.15.135:6801/593411262] conn(0x7f5680039110 0x7f568003b620 unknown :-1 s=BANNER_CONNECTING pgs=0 cs=0 l=1 rev1=0 crypto rx=0 tx=0 comp rx=0 tx=0)._handle_peer_banner_payload supported=3 required=0
2024-05-20T18:27:45.288 INFO:teuthology.orchestra.run.smithi135.stdout:/usr/bin/ceph: stderr
2024-05-20T18:27:44.484+0000 7f568bfff700 1 --2- 172.21.15.135:0/1075669443 >> [v2:172.21.15.135:6800/593411262,v1:172.21.15.135:6801/593411262] conn(0x7f5680039110 0x7f568003b620 secure :-1 s=READY pgs=9 cs=0 l=1 rev1=1 crypto rx=0x7f567c006fd0 tx=0x7f567c006e40 comp rx=0 tx=0).ready entity=mgr.14152 client_cookie=0 server_cookie=0 in_seq=0 out_seq=0
2024-05-20T18:27:45.288 INFO:teuthology.orchestra.run.smithi135.stdout:/usr/bin/ceph: stderr
2024-05-20T18:27:44.489+0000 7f5691ffb700 1 -- 172.21.15.135:0/1075669443 <== mon.0 v2:172.21.15.135:3300/0 6 ==== mon_command_ack([{"prefix": "get_command_descriptions"}]=0 v0) ==== 72+0+186418 (secure 0 0 0) 0x7f568400bc40 con 0x7f5694107a40
2024-05-20T18:27:45.288 INFO:teuthology.orchestra.run.smithi135.stdout:/usr/bin/ceph: stderr
2024-05-20T18:27:44.682+0000 7f569a820700 1 -- 172.21.15.135:0/1075669443 --> [v2:172.21.15.135:3300/0,v1:172.21.15.135:6789/0] -- mon_command({"prefix": "config get", "who": "mgr", "key": "mgr/dashboard/ssl_server_port"} v 0) -- 0x7f569419f420 con 0x7f5694107a40
2024-05-20T18:27:45.288 INFO:teuthology.orchestra.run.smithi135.stdout:/usr/bin/ceph: stderr
2024-05-20T18:27:44.682+0000 7f5691ffb700 1 -- 172.21.15.135:0/1075669443 <== mon.0 v2:172.21.15.135:3300/0 7 ==== mon_command_ack([{"prefix": "config get", "who": "mgr", "key": "mgr/dashboard/ssl_server_port"}]=0 v8) ==== 112+0+5 (secure 0 0 0) 0x7f568402d960 con 0x7f5694107a40
2024-05-20T18:27:45.288 INFO:teuthology.orchestra.run.smithi135.stdout:/usr/bin/ceph: stderr
2024-05-20T18:27:44.684+0000 7f569a820700 1 -- 172.21.15.135:0/1075669443 >> [v2:172.21.15.135:6800/593411262,v1:172.21.15.135:6801/593411262] conn(0x7f5680039110 msgr2=0x7f568003b620 secure :-1 s=STATE_CONNECTION_ESTABLISHED l=1).mark_down
2024-05-20T18:27:45.288 INFO:teuthology.orchestra.run.smithi135.stdout:/usr/bin/ceph: stderr
2024-05-20T18:27:44.684+0000 7f569a820700 1 --2- 172.21.15.135:0/1075669443 >> [v2:172.21.15.135:6800/593411262,v1:172.21.15.135:6801/593411262] conn(0x7f5680039110 0x7f568003b620 secure :-1 s=READY pgs=9 cs=0 l=1 rev1=1 crypto rx=0x7f567c006fd0 tx=0x7f567c006e40 comp rx=0 tx=0).stop
2024-05-20T18:27:45.288 INFO:teuthology.orchestra.run.smithi135.stdout:/usr/bin/ceph: stderr
2024-05-20T18:27:44.684+0000 7f569a820700 1 -- 172.21.15.135:0/1075669443 >> [v2:172.21.15.135:3300/0,v1:172.21.15.135:6789/0] conn(0x7f5694107a40 msgr2=0x7f569419be70 secure :-1 s=STATE_CONNECTION_ESTABLISHED l=1).mark_down
2024-05-20T18:27:45.288 INFO:teuthology.orchestra.run.smithi135.stdout:/usr/bin/ceph: stderr
2024-05-20T18:27:44.684+0000 7f569a820700 1 --2- 172.21.15.135:0/1075669443 >> [v2:172.21.15.135:3300/0,v1:172.21.15.135:6789/0] conn(0x7f5694107a40 0x7f569419be70 secure :-1 s=READY pgs=75 cs=0 l=1 rev1=1 crypto rx=0x7f5684009fb0 tx=0x7f5684011c70 comp rx=0 tx=0).stop
2024-05-20T18:27:45.288 INFO:teuthology.orchestra.run.smithi135.stdout:/usr/bin/ceph: stderr
2024-05-20T18:27:44.685+0000 7f569a820700 1 -- 172.21.15.135:0/1075669443 shutdown_connections
2024-05-20T18:27:45.288 INFO:teuthology.orchestra.run.smithi135.stdout:/usr/bin/ceph: stderr
2024-05-20T18:27:44.685+0000 7f569a820700 1 --2- 172.21.15.135:0/1075669443 >> [v2:172.21.15.135:6800/593411262,v1:172.21.15.135:6801/593411262] conn(0x7f5680039110 0x7f568003b620 unknown :-1 s=CLOSED pgs=9 cs=0 l=1 rev1=1 crypto rx=0 tx=0 comp rx=0 tx=0).stop
2024-05-20T18:27:45.288 INFO:teuthology.orchestra.run.smithi135.stdout:/usr/bin/ceph: stderr
2024-05-20T18:27:44.685+0000 7f569a820700 1 --2- 172.21.15.135:0/1075669443 >> [v2:172.21.15.135:3300/0,v1:172.21.15.135:6789/0] conn(0x7f5694107a40 0x7f569419be70 unknown :-1 s=CLOSED pgs=75 cs=0 l=1 rev1=1 crypto rx=0 tx=0 comp rx=0 tx=0).stop
2024-05-20T18:27:45.288 INFO:teuthology.orchestra.run.smithi135.stdout:/usr/bin/ceph: stderr
2024-05-20T18:27:44.685+0000 7f569a820700 1 -- 172.21.15.135:0/1075669443 >> 172.21.15.135:0/1075669443 conn(0x7f56941031a0 msgr2=0x7f5694104a60 unknown :-1 s=STATE_NONE l=0).mark_down
2024-05-20T18:27:45.289 INFO:teuthology.orchestra.run.smithi135.stdout:/usr/bin/ceph: stderr
2024-05-20T18:27:44.685+0000 7f569a820700 1 -- 172.21.15.135:0/1075669443 shutdown_connections
2024-05-20T18:27:45.289 INFO:teuthology.orchestra.run.smithi135.stdout:/usr/bin/ceph: stderr
2024-05-20T18:27:44.685+0000 7f569a820700 1 -- 172.21.15.135:0/1075669443 wait complete.
2024-05-20T18:27:45.292 INFO:teuthology.orchestra.run.smithi135.stdout:Non-zero exit code 1 from systemctl is-enabled firewalld.service
2024-05-20T18:27:45.292 INFO:teuthology.orchestra.run.smithi135.stdout:systemctl: stdout disabled
2024-05-20T18:27:45.299 INFO:teuthology.orchestra.run.smithi135.stdout:Non-zero exit code 3 from systemctl is-active firewalld.service
2024-05-20T18:27:45.299 INFO:teuthology.orchestra.run.smithi135.stdout:systemctl: stdout inactive
2024-05-20T18:27:45.299 INFO:teuthology.orchestra.run.smithi135.stdout:firewalld.service is not enabled
2024-05-20T18:27:45.299 INFO:teuthology.orchestra.run.smithi135.stdout:Not possible to open ports <[8443]>. firewalld.service is not available
2024-05-20T18:27:45.301 INFO:teuthology.orchestra.run.smithi135.stdout:Ceph Dashboard is now available at:
2024-05-20T18:27:45.301 INFO:teuthology.orchestra.run.smithi135.stdout:
2024-05-20T18:27:45.301 INFO:teuthology.orchestra.run.smithi135.stdout: URL: https://smithi135.front.sepia.ceph.com:8443/
2024-05-20T18:27:45.301 INFO:teuthology.orchestra.run.smithi135.stdout: User: admin
2024-05-20T18:27:45.301 INFO:teuthology.orchestra.run.smithi135.stdout: Password: a68pkxo9pm
2024-05-20T18:27:45.302 INFO:teuthology.orchestra.run.smithi135.stdout:
2024-05-20T18:27:45.302 INFO:teuthology.orchestra.run.smithi135.stdout:Saving cluster configuration to /var/lib/ceph/5851bc66-16d6-11ef-bc9a-c7b262605968/config directory
2024-05-20T18:27:45.302 INFO:teuthology.orchestra.run.smithi135.stdout:Enabling autotune for osd_memory_target
2024-05-20T18:27:45.980 INFO:journalctl@ceph.mon.a.smithi135.stdout:May 20 18:27:45 smithi135 ceph-mon[32496]: mgrmap e13: x(active, since 6s)
2024-05-20T18:27:46.499 INFO:teuthology.orchestra.run.smithi135.stdout:/usr/bin/ceph: stderr
2024-05-20T18:27:45.758+0000 7f0148146700 1 Processor -- start
2024-05-20T18:27:46.499 INFO:teuthology.orchestra.run.smithi135.stdout:/usr/bin/ceph: stderr
2024-05-20T18:27:45.759+0000 7f0148146700 1 -- start start
2024-05-20T18:27:46.499 INFO:teuthology.orchestra.run.smithi135.stdout:/usr/bin/ceph: stderr
2024-05-20T18:27:45.759+0000 7f0148146700 1 --2- >> [v2:172.21.15.135:3300/0,v1:172.21.15.135:6789/0] conn(0x7f0140108b80 0x7f0140108f90 unknown :-1 s=NONE pgs=0 cs=0 l=0 rev1=0 crypto rx=0 tx=0 comp rx=0 tx=0).connect
2024-05-20T18:27:46.499 INFO:teuthology.orchestra.run.smithi135.stdout:/usr/bin/ceph: stderr
2024-05-20T18:27:45.759+0000 7f0148146700 1 -- --> [v2:172.21.15.135:3300/0,v1:172.21.15.135:6789/0] -- mon_getmap magic: 0 -- 0x7f0140109580 con 0x7f0140108b80
2024-05-20T18:27:46.500 INFO:teuthology.orchestra.run.smithi135.stdout:/usr/bin/ceph: stderr
2024-05-20T18:27:45.759+0000 7f0145ee2700 1 --2- >> [v2:172.21.15.135:3300/0,v1:172.21.15.135:6789/0] conn(0x7f0140108b80 0x7f0140108f90 unknown :-1 s=BANNER_CONNECTING pgs=0 cs=0 l=0 rev1=0 crypto rx=0 tx=0 comp rx=0 tx=0)._handle_peer_banner_payload supported=3 required=0
2024-05-20T18:27:46.500 INFO:teuthology.orchestra.run.smithi135.stdout:/usr/bin/ceph: stderr
2024-05-20T18:27:45.759+0000 7f0145ee2700 1 --2- >> [v2:172.21.15.135:3300/0,v1:172.21.15.135:6789/0] conn(0x7f0140108b80 0x7f0140108f90 unknown :-1 s=HELLO_CONNECTING pgs=0 cs=0 l=0 rev1=1 crypto rx=0 tx=0 comp rx=0 tx=0).handle_hello peer v2:172.21.15.135:3300/0 says I am v2:172.21.15.135:51748/0 (socket says 172.21.15.135:51748)
2024-05-20T18:27:46.500 INFO:teuthology.orchestra.run.smithi135.stdout:/usr/bin/ceph: stderr
2024-05-20T18:27:45.759+0000 7f0145ee2700 1 -- 172.21.15.135:0/1765543197 learned_addr learned my addr 172.21.15.135:0/1765543197 (peer_addr_for_me v2:172.21.15.135:0/0)
2024-05-20T18:27:46.500 INFO:teuthology.orchestra.run.smithi135.stdout:/usr/bin/ceph: stderr
2024-05-20T18:27:45.759+0000 7f0145ee2700 1 -- 172.21.15.135:0/1765543197 --> [v2:172.21.15.135:3300/0,v1:172.21.15.135:6789/0] -- mon_subscribe({config=0+,monmap=0+}) -- 0x7f0140109cb0 con 0x7f0140108b80
2024-05-20T18:27:46.500 INFO:teuthology.orchestra.run.smithi135.stdout:/usr/bin/ceph: stderr
2024-05-20T18:27:45.760+0000 7f0145ee2700 1 --2- 172.21.15.135:0/1765543197 >> [v2:172.21.15.135:3300/0,v1:172.21.15.135:6789/0] conn(0x7f0140108b80 0x7f0140108f90 secure :-1 s=READY pgs=76 cs=0 l=1 rev1=1 crypto rx=0x7f013c0098a0 tx=0x7f013c009bb0 comp rx=0 tx=0).ready entity=mon.0 client_cookie=e6d335dfcda2b002 server_cookie=0 in_seq=0 out_seq=0
2024-05-20T18:27:46.500 INFO:teuthology.orchestra.run.smithi135.stdout:/usr/bin/ceph: stderr
2024-05-20T18:27:45.760+0000 7f0144ee0700 1 -- 172.21.15.135:0/1765543197 <== mon.0 v2:172.21.15.135:3300/0 1 ==== mon_map magic: 0 ==== 205+0+0 (secure 0 0 0) 0x7f013c004160 con 0x7f0140108b80
2024-05-20T18:27:46.500 INFO:teuthology.orchestra.run.smithi135.stdout:/usr/bin/ceph: stderr
2024-05-20T18:27:45.760+0000 7f0144ee0700 1 -- 172.21.15.135:0/1765543197 <== mon.0 v2:172.21.15.135:3300/0 2 ==== config(28 keys) ==== 1171+0+0 (secure 0 0 0) 0x7f013c004300 con 0x7f0140108b80
2024-05-20T18:27:46.500 INFO:teuthology.orchestra.run.smithi135.stdout:/usr/bin/ceph: stderr
2024-05-20T18:27:45.760+0000 7f0144ee0700 1 -- 172.21.15.135:0/1765543197 <== mon.0 v2:172.21.15.135:3300/0 3 ==== mon_map magic: 0 ==== 205+0+0 (secure 0 0 0) 0x7f013c011bb0 con 0x7f0140108b80
2024-05-20T18:27:46.500 INFO:teuthology.orchestra.run.smithi135.stdout:/usr/bin/ceph: stderr
2024-05-20T18:27:45.760+0000 7f0148146700 1 -- 172.21.15.135:0/1765543197 >> [v2:172.21.15.135:3300/0,v1:172.21.15.135:6789/0] conn(0x7f0140108b80 msgr2=0x7f0140108f90 secure :-1 s=STATE_CONNECTION_ESTABLISHED l=1).mark_down
2024-05-20T18:27:46.500 INFO:teuthology.orchestra.run.smithi135.stdout:/usr/bin/ceph: stderr
2024-05-20T18:27:45.760+0000 7f0148146700 1 --2- 172.21.15.135:0/1765543197 >> [v2:172.21.15.135:3300/0,v1:172.21.15.135:6789/0] conn(0x7f0140108b80 0x7f0140108f90 secure :-1 s=READY pgs=76 cs=0 l=1 rev1=1 crypto rx=0x7f013c0098a0 tx=0x7f013c009bb0 comp rx=0 tx=0).stop
2024-05-20T18:27:46.500 INFO:teuthology.orchestra.run.smithi135.stdout:/usr/bin/ceph: stderr
