2024-05-20T18:27:23.428 INFO:teuthology.orchestra.run.smithi135.stdout:/usr/bin/ceph: stderr
2024-05-20T18:27:18.514+0000 7f61c1ffb700 1 -- 172.21.15.135:0/4154114421 <== mon.0 v2:172.21.15.135:3300/0 3 ==== mon_map magic: 0 ==== 205+0+0 (secure 0 0 0) 0x7f61b8011c00 con 0x7f61c4108070
2024-05-20T18:27:23.428 INFO:teuthology.orchestra.run.smithi135.stdout:/usr/bin/ceph: stderr
2024-05-20T18:27:18.515+0000 7f61c9903700 1 -- 172.21.15.135:0/4154114421 >> [v2:172.21.15.135:3300/0,v1:172.21.15.135:6789/0] conn(0x7f61c4108070 msgr2=0x7f61c4108480 secure :-1 s=STATE_CONNECTION_ESTABLISHED l=1).mark_down
2024-05-20T18:27:23.428 INFO:teuthology.orchestra.run.smithi135.stdout:/usr/bin/ceph: stderr
2024-05-20T18:27:18.515+0000 7f61c9903700 1 --2- 172.21.15.135:0/4154114421 >> [v2:172.21.15.135:3300/0,v1:172.21.15.135:6789/0] conn(0x7f61c4108070 0x7f61c4108480 secure :-1 s=READY pgs=45 cs=0 l=1 rev1=1 crypto rx=0x7f61b80098a0 tx=0x7f61b8009bb0 comp rx=0 tx=0).stop
2024-05-20T18:27:23.428 INFO:teuthology.orchestra.run.smithi135.stdout:/usr/bin/ceph: stderr
2024-05-20T18:27:18.515+0000 7f61c9903700 1 -- 172.21.15.135:0/4154114421 shutdown_connections
2024-05-20T18:27:23.428 INFO:teuthology.orchestra.run.smithi135.stdout:/usr/bin/ceph: stderr
2024-05-20T18:27:18.515+0000 7f61c9903700 1 --2- 172.21.15.135:0/4154114421 >> [v2:172.21.15.135:3300/0,v1:172.21.15.135:6789/0] conn(0x7f61c4108070 0x7f61c4108480 unknown :-1 s=CLOSED pgs=45 cs=0 l=1 rev1=1 crypto rx=0 tx=0 comp rx=0 tx=0).stop
2024-05-20T18:27:23.428 INFO:teuthology.orchestra.run.smithi135.stdout:/usr/bin/ceph: stderr
2024-05-20T18:27:18.515+0000 7f61c9903700 1 -- 172.21.15.135:0/4154114421 >> 172.21.15.135:0/4154114421 conn(0x7f61c41028c0 msgr2=0x7f61c4104d30 unknown :-1 s=STATE_NONE l=0).mark_down
2024-05-20T18:27:23.428 INFO:teuthology.orchestra.run.smithi135.stdout:/usr/bin/ceph: stderr
2024-05-20T18:27:18.515+0000 7f61c9903700 1 -- 172.21.15.135:0/4154114421 shutdown_connections
2024-05-20T18:27:23.428 INFO:teuthology.orchestra.run.smithi135.stdout:/usr/bin/ceph: stderr
2024-05-20T18:27:18.515+0000 7f61c9903700 1 -- 172.21.15.135:0/4154114421 wait complete.
2024-05-20T18:27:23.428 INFO:teuthology.orchestra.run.smithi135.stdout:/usr/bin/ceph: stderr
2024-05-20T18:27:18.516+0000 7f61c9903700 1 Processor -- start
2024-05-20T18:27:23.429 INFO:teuthology.orchestra.run.smithi135.stdout:/usr/bin/ceph: stderr
2024-05-20T18:27:18.516+0000 7f61c9903700 1 -- start start
2024-05-20T18:27:23.429 INFO:teuthology.orchestra.run.smithi135.stdout:/usr/bin/ceph: stderr
2024-05-20T18:27:18.516+0000 7f61c9903700 1 --2- >> [v2:172.21.15.135:3300/0,v1:172.21.15.135:6789/0] conn(0x7f61c4108070 0x7f61c4107650 unknown :-1 s=NONE pgs=0 cs=0 l=1 rev1=0 crypto rx=0 tx=0 comp rx=0 tx=0).connect
2024-05-20T18:27:23.429 INFO:teuthology.orchestra.run.smithi135.stdout:/usr/bin/ceph: stderr
2024-05-20T18:27:18.516+0000 7f61c9903700 1 -- --> [v2:172.21.15.135:3300/0,v1:172.21.15.135:6789/0] -- mon_getmap magic: 0 -- 0x7f61c410c020 con 0x7f61c4108070
2024-05-20T18:27:23.429 INFO:teuthology.orchestra.run.smithi135.stdout:/usr/bin/ceph: stderr
2024-05-20T18:27:18.516+0000 7f61c2ffd700 1 --2- >> [v2:172.21.15.135:3300/0,v1:172.21.15.135:6789/0] conn(0x7f61c4108070 0x7f61c4107650 unknown :-1 s=BANNER_CONNECTING pgs=0 cs=0 l=1 rev1=0 crypto rx=0 tx=0 comp rx=0 tx=0)._handle_peer_banner_payload supported=3 required=0
2024-05-20T18:27:23.429 INFO:teuthology.orchestra.run.smithi135.stdout:/usr/bin/ceph: stderr
2024-05-20T18:27:18.516+0000 7f61c2ffd700 1 --2- >> [v2:172.21.15.135:3300/0,v1:172.21.15.135:6789/0] conn(0x7f61c4108070 0x7f61c4107650 unknown :-1 s=HELLO_CONNECTING pgs=0 cs=0 l=1 rev1=1 crypto rx=0 tx=0 comp rx=0 tx=0).handle_hello peer v2:172.21.15.135:3300/0 says I am v2:172.21.15.135:45080/0 (socket says 172.21.15.135:45080)
2024-05-20T18:27:23.429 INFO:teuthology.orchestra.run.smithi135.stdout:/usr/bin/ceph: stderr
2024-05-20T18:27:18.516+0000 7f61c2ffd700 1 -- 172.21.15.135:0/532410459 learned_addr learned my addr 172.21.15.135:0/532410459 (peer_addr_for_me v2:172.21.15.135:0/0)
2024-05-20T18:27:23.429 INFO:teuthology.orchestra.run.smithi135.stdout:/usr/bin/ceph: stderr
2024-05-20T18:27:18.517+0000 7f61c2ffd700 1 -- 172.21.15.135:0/532410459 --> [v2:172.21.15.135:3300/0,v1:172.21.15.135:6789/0] -- mon_subscribe({config=0+,monmap=0+}) -- 0x7f61c4107b90 con 0x7f61c4108070
2024-05-20T18:27:23.429 INFO:teuthology.orchestra.run.smithi135.stdout:/usr/bin/ceph: stderr
2024-05-20T18:27:18.517+0000 7f61c2ffd700 1 --2- 172.21.15.135:0/532410459 >> [v2:172.21.15.135:3300/0,v1:172.21.15.135:6789/0] conn(0x7f61c4108070 0x7f61c4107650 secure :-1 s=READY pgs=46 cs=0 l=1 rev1=1 crypto rx=0x7f61b8009130 tx=0x7f61b8011c60 comp rx=0 tx=0).ready entity=mon.0 client_cookie=0 server_cookie=0 in_seq=0 out_seq=0
2024-05-20T18:27:23.429 INFO:teuthology.orchestra.run.smithi135.stdout:/usr/bin/ceph: stderr
2024-05-20T18:27:18.517+0000 7f61c8901700 1 -- 172.21.15.135:0/532410459 <== mon.0 v2:172.21.15.135:3300/0 1 ==== mon_map magic: 0 ==== 205+0+0 (secure 0 0 0) 0x7f61b80038b0 con 0x7f61c4108070
2024-05-20T18:27:23.429 INFO:teuthology.orchestra.run.smithi135.stdout:/usr/bin/ceph: stderr
2024-05-20T18:27:18.517+0000 7f61c9903700 1 -- 172.21.15.135:0/532410459 --> [v2:172.21.15.135:3300/0,v1:172.21.15.135:6789/0] -- mon_subscribe({mgrmap=0+}) -- 0x7f61c419fd60 con 0x7f61c4108070
2024-05-20T18:27:23.429 INFO:teuthology.orchestra.run.smithi135.stdout:/usr/bin/ceph: stderr
2024-05-20T18:27:18.517+0000 7f61c8901700 1 -- 172.21.15.135:0/532410459 <== mon.0 v2:172.21.15.135:3300/0 2 ==== config(28 keys) ==== 1140+0+0 (secure 0 0 0) 0x7f61b8003a50 con 0x7f61c4108070
2024-05-20T18:27:23.429 INFO:teuthology.orchestra.run.smithi135.stdout:/usr/bin/ceph: stderr
2024-05-20T18:27:18.517+0000 7f61c9903700 1 -- 172.21.15.135:0/532410459 --> [v2:172.21.15.135:3300/0,v1:172.21.15.135:6789/0] -- mon_subscribe({osdmap=0}) -- 0x7f61c41a01e0 con 0x7f61c4108070
2024-05-20T18:27:23.429 INFO:teuthology.orchestra.run.smithi135.stdout:/usr/bin/ceph: stderr
2024-05-20T18:27:18.517+0000 7f61c8901700 1 -- 172.21.15.135:0/532410459 <== mon.0 v2:172.21.15.135:3300/0 3 ==== mon_map magic: 0 ==== 205+0+0 (secure 0 0 0) 0x7f61b8019550 con 0x7f61c4108070
2024-05-20T18:27:23.430 INFO:teuthology.orchestra.run.smithi135.stdout:/usr/bin/ceph: stderr
2024-05-20T18:27:18.518+0000 7f61c8901700 1 -- 172.21.15.135:0/532410459 <== mon.0 v2:172.21.15.135:3300/0 4 ==== mgrmap(e 8) ==== 46287+0+0 (secure 0 0 0) 0x7f61b8019850 con 0x7f61c4108070
2024-05-20T18:27:23.430 INFO:teuthology.orchestra.run.smithi135.stdout:/usr/bin/ceph: stderr
2024-05-20T18:27:18.518+0000 7f61c9903700 1 -- 172.21.15.135:0/532410459 --> [v2:172.21.15.135:3300/0,v1:172.21.15.135:6789/0] -- mon_command({"prefix": "get_command_descriptions"} v 0) -- 0x7f61c4063ca0 con 0x7f61c4108070
2024-05-20T18:27:23.430 INFO:teuthology.orchestra.run.smithi135.stdout:/usr/bin/ceph: stderr
2024-05-20T18:27:18.518+0000 7f61c8901700 1 --2- 172.21.15.135:0/532410459 >> [v2:172.21.15.135:6800/1788918017,v1:172.21.15.135:6801/1788918017] conn(0x7f61ac0390c0 0x7f61ac03b5d0 unknown :-1 s=NONE pgs=0 cs=0 l=1 rev1=0 crypto rx=0 tx=0 comp rx=0 tx=0).connect
2024-05-20T18:27:23.430 INFO:teuthology.orchestra.run.smithi135.stdout:/usr/bin/ceph: stderr
2024-05-20T18:27:18.518+0000 7f61c8901700 1 -- 172.21.15.135:0/532410459 <== mon.0 v2:172.21.15.135:3300/0 5 ==== osd_map(2..2 src has 1..2) ==== 940+0+0 (secure 0 0 0) 0x7f61b804d300 con 0x7f61c4108070
2024-05-20T18:27:23.430 INFO:teuthology.orchestra.run.smithi135.stdout:/usr/bin/ceph: stderr
2024-05-20T18:27:18.518+0000 7f61c27fc700 1 --2- 172.21.15.135:0/532410459 >> [v2:172.21.15.135:6800/1788918017,v1:172.21.15.135:6801/1788918017] conn(0x7f61ac0390c0 0x7f61ac03b5d0 unknown :-1 s=BANNER_CONNECTING pgs=0 cs=0 l=1 rev1=0 crypto rx=0 tx=0 comp rx=0 tx=0)._handle_peer_banner_payload supported=3 required=0
2024-05-20T18:27:23.430 INFO:teuthology.orchestra.run.smithi135.stdout:/usr/bin/ceph: stderr
2024-05-20T18:27:18.519+0000 7f61c27fc700 1 --2- 172.21.15.135:0/532410459 >> [v2:172.21.15.135:6800/1788918017,v1:172.21.15.135:6801/1788918017] conn(0x7f61ac0390c0 0x7f61ac03b5d0 secure :-1 s=READY pgs=11 cs=0 l=1 rev1=1 crypto rx=0x7f61b4006fd0 tx=0x7f61b4006e40 comp rx=0 tx=0).ready entity=mgr.14120 client_cookie=0 server_cookie=0 in_seq=0 out_seq=0
2024-05-20T18:27:23.430 INFO:teuthology.orchestra.run.smithi135.stdout:/usr/bin/ceph: stderr
2024-05-20T18:27:18.528+0000 7f61c8901700 1 -- 172.21.15.135:0/532410459 <== mon.0 v2:172.21.15.135:3300/0 6 ==== mon_command_ack([{"prefix": "get_command_descriptions"}]=0 v0) ==== 72+0+186418 (secure 0 0 0) 0x7f61b8003c00 con 0x7f61c4108070
2024-05-20T18:27:23.430 INFO:teuthology.orchestra.run.smithi135.stdout:/usr/bin/ceph: stderr
2024-05-20T18:27:18.739+0000 7f61c9903700 1 -- 172.21.15.135:0/532410459 --> [v2:172.21.15.135:6800/1788918017,v1:172.21.15.135:6801/1788918017] -- mgr_command(tid 0: {"prefix": "orch host add", "hostname": "smithi135", "addr": "172.21.15.135", "target": ["mon-mgr", ""]}) -- 0x7f61c41038c0 con 0x7f61ac0390c0
2024-05-20T18:27:23.430 INFO:teuthology.orchestra.run.smithi135.stdout:/usr/bin/ceph: stderr
2024-05-20T18:27:22.809+0000 7f61c8901700 1 -- 172.21.15.135:0/532410459 <== mgr.14120 v2:172.21.15.135:6800/1788918017 1 ==== mgr_command_reply(tid 0: 0 ) ==== 8+0+49 (secure 0 0 0) 0x7f61c41038c0 con 0x7f61ac0390c0
2024-05-20T18:27:23.430 INFO:teuthology.orchestra.run.smithi135.stdout:/usr/bin/ceph: stderr
2024-05-20T18:27:22.812+0000 7f61c9903700 1 -- 172.21.15.135:0/532410459 >> [v2:172.21.15.135:6800/1788918017,v1:172.21.15.135:6801/1788918017] conn(0x7f61ac0390c0 msgr2=0x7f61ac03b5d0 secure :-1 s=STATE_CONNECTION_ESTABLISHED l=1).mark_down
2024-05-20T18:27:23.430 INFO:teuthology.orchestra.run.smithi135.stdout:/usr/bin/ceph: stderr
2024-05-20T18:27:22.812+0000 7f61c9903700 1 --2- 172.21.15.135:0/532410459 >> [v2:172.21.15.135:6800/1788918017,v1:172.21.15.135:6801/1788918017] conn(0x7f61ac0390c0 0x7f61ac03b5d0 secure :-1 s=READY pgs=11 cs=0 l=1 rev1=1 crypto rx=0x7f61b4006fd0 tx=0x7f61b4006e40 comp rx=0 tx=0).stop
2024-05-20T18:27:23.430 INFO:teuthology.orchestra.run.smithi135.stdout:/usr/bin/ceph: stderr
2024-05-20T18:27:22.812+0000 7f61c9903700 1 -- 172.21.15.135:0/532410459 >> [v2:172.21.15.135:3300/0,v1:172.21.15.135:6789/0] conn(0x7f61c4108070 msgr2=0x7f61c4107650 secure :-1 s=STATE_CONNECTION_ESTABLISHED l=1).mark_down
2024-05-20T18:27:23.431 INFO:teuthology.orchestra.run.smithi135.stdout:/usr/bin/ceph: stderr
2024-05-20T18:27:22.812+0000 7f61c9903700 1 --2- 172.21.15.135:0/532410459 >> [v2:172.21.15.135:3300/0,v1:172.21.15.135:6789/0] conn(0x7f61c4108070 0x7f61c4107650 secure :-1 s=READY pgs=46 cs=0 l=1 rev1=1 crypto rx=0x7f61b8009130 tx=0x7f61b8011c60 comp rx=0 tx=0).stop
2024-05-20T18:27:23.431 INFO:teuthology.orchestra.run.smithi135.stdout:/usr/bin/ceph: stderr
2024-05-20T18:27:22.812+0000 7f61c9903700 1 -- 172.21.15.135:0/532410459 shutdown_connections
2024-05-20T18:27:23.431 INFO:teuthology.orchestra.run.smithi135.stdout:/usr/bin/ceph: stderr
2024-05-20T18:27:22.812+0000 7f61c9903700 1 --2- 172.21.15.135:0/532410459 >> [v2:172.21.15.135:6800/1788918017,v1:172.21.15.135:6801/1788918017] conn(0x7f61ac0390c0 0x7f61ac03b5d0 unknown :-1 s=CLOSED pgs=11 cs=0 l=1 rev1=1 crypto rx=0 tx=0 comp rx=0 tx=0).stop
2024-05-20T18:27:23.431 INFO:teuthology.orchestra.run.smithi135.stdout:/usr/bin/ceph: stderr
2024-05-20T18:27:22.812+0000 7f61c9903700 1 --2- 172.21.15.135:0/532410459 >> [v2:172.21.15.135:3300/0,v1:172.21.15.135:6789/0] conn(0x7f61c4108070 0x7f61c4107650 unknown :-1 s=CLOSED pgs=46 cs=0 l=1 rev1=1 crypto rx=0 tx=0 comp rx=0 tx=0).stop
2024-05-20T18:27:23.431 INFO:teuthology.orchestra.run.smithi135.stdout:/usr/bin/ceph: stderr
2024-05-20T18:27:22.812+0000 7f61c9903700 1 -- 172.21.15.135:0/532410459 >> 172.21.15.135:0/532410459 conn(0x7f61c41028c0 msgr2=0x7f61c41031b0 unknown :-1 s=STATE_NONE l=0).mark_down
2024-05-20T18:27:23.431 INFO:teuthology.orchestra.run.smithi135.stdout:/usr/bin/ceph: stderr
2024-05-20T18:27:22.812+0000 7f61c9903700 1 -- 172.21.15.135:0/532410459 shutdown_connections
2024-05-20T18:27:23.431 INFO:teuthology.orchestra.run.smithi135.stdout:/usr/bin/ceph: stderr
2024-05-20T18:27:22.812+0000 7f61c9903700 1 -- 172.21.15.135:0/532410459 wait complete.
2024-05-20T18:27:23.431 INFO:teuthology.orchestra.run.smithi135.stdout:Deploying unmanaged mon service...
2024-05-20T18:27:24.014 INFO:journalctl@ceph.mon.a.smithi135.stdout:May 20 18:27:23 smithi135 ceph-mon[32496]: from='mgr.14120 172.21.15.135:0/2951448540' entity='mgr.x'
2024-05-20T18:27:24.014 INFO:journalctl@ceph.mon.a.smithi135.stdout:May 20 18:27:23 smithi135 ceph-mon[32496]: Added host smithi135
2024-05-20T18:27:24.014 INFO:journalctl@ceph.mon.a.smithi135.stdout:May 20 18:27:23 smithi135 ceph-mon[32496]: from='mgr.14120 172.21.15.135:0/2951448540' entity='mgr.x' cmd=[{"prefix": "config dump", "format": "json"}]: dispatch
2024-05-20T18:27:24.851 INFO:teuthology.orchestra.run.smithi135.stdout:/usr/bin/ceph: stdout Scheduled mon update...
2024-05-20T18:27:24.852 INFO:teuthology.orchestra.run.smithi135.stdout:/usr/bin/ceph: stderr
2024-05-20T18:27:23.851+0000 7f7bc1cc1700 1 Processor -- start
2024-05-20T18:27:24.852 INFO:teuthology.orchestra.run.smithi135.stdout:/usr/bin/ceph: stderr
2024-05-20T18:27:23.851+0000 7f7bc1cc1700 1 -- start start
2024-05-20T18:27:24.852 INFO:teuthology.orchestra.run.smithi135.stdout:/usr/bin/ceph: stderr
2024-05-20T18:27:23.851+0000 7f7bc1cc1700 1 --2- >> [v2:172.21.15.135:3300/0,v1:172.21.15.135:6789/0] conn(0x7f7bbc109070 0x7f7bbc1094a0 unknown :-1 s=NONE pgs=0 cs=0 l=0 rev1=0 crypto rx=0 tx=0 comp rx=0 tx=0).connect
2024-05-20T18:27:24.852 INFO:teuthology.orchestra.run.smithi135.stdout:/usr/bin/ceph: stderr
2024-05-20T18:27:23.851+0000 7f7bc1cc1700 1 -- --> [v2:172.21.15.135:3300/0,v1:172.21.15.135:6789/0] -- mon_getmap magic: 0 -- 0x7f7bbc109ab0 con 0x7f7bbc109070
2024-05-20T18:27:24.852 INFO:teuthology.orchestra.run.smithi135.stdout:/usr/bin/ceph: stderr
2024-05-20T18:27:23.852+0000 7f7bbb7fe700 1 --2- >> [v2:172.21.15.135:3300/0,v1:172.21.15.135:6789/0] conn(0x7f7bbc109070 0x7f7bbc1094a0 unknown :-1 s=BANNER_CONNECTING pgs=0 cs=0 l=0 rev1=0 crypto rx=0 tx=0 comp rx=0 tx=0)._handle_peer_banner_payload supported=3 required=0
2024-05-20T18:27:24.852 INFO:teuthology.orchestra.run.smithi135.stdout:/usr/bin/ceph: stderr
2024-05-20T18:27:23.852+0000 7f7bbb7fe700 1 --2- >> [v2:172.21.15.135:3300/0,v1:172.21.15.135:6789/0] conn(0x7f7bbc109070 0x7f7bbc1094a0 unknown :-1 s=HELLO_CONNECTING pgs=0 cs=0 l=0 rev1=1 crypto rx=0 tx=0 comp rx=0 tx=0).handle_hello peer v2:172.21.15.135:3300/0 says I am v2:172.21.15.135:53506/0 (socket says 172.21.15.135:53506)
2024-05-20T18:27:24.852 INFO:teuthology.orchestra.run.smithi135.stdout:/usr/bin/ceph: stderr
2024-05-20T18:27:23.852+0000 7f7bbb7fe700 1 -- 172.21.15.135:0/2962870032 learned_addr learned my addr 172.21.15.135:0/2962870032 (peer_addr_for_me v2:172.21.15.135:0/0)
2024-05-20T18:27:24.852 INFO:teuthology.orchestra.run.smithi135.stdout:/usr/bin/ceph: stderr
2024-05-20T18:27:23.852+0000 7f7bbb7fe700 1 -- 172.21.15.135:0/2962870032 --> [v2:172.21.15.135:3300/0,v1:172.21.15.135:6789/0] -- mon_subscribe({config=0+,monmap=0+}) -- 0x7f7bbc107ce0 con 0x7f7bbc109070
2024-05-20T18:27:24.852 INFO:teuthology.orchestra.run.smithi135.stdout:/usr/bin/ceph: stderr
2024-05-20T18:27:23.852+0000 7f7bbb7fe700 1 --2- 172.21.15.135:0/2962870032 >> [v2:172.21.15.135:3300/0,v1:172.21.15.135:6789/0] conn(0x7f7bbc109070 0x7f7bbc1094a0 secure :-1 s=READY pgs=47 cs=0 l=1 rev1=1 crypto rx=0x7f7bac009e80 tx=0x7f7bac00b330 comp rx=0 tx=0).ready entity=mon.0 client_cookie=dec44794d5616510 server_cookie=0 in_seq=0 out_seq=0
2024-05-20T18:27:24.852 INFO:teuthology.orchestra.run.smithi135.stdout:/usr/bin/ceph: stderr
2024-05-20T18:27:23.852+0000 7f7bba7fc700 1 -- 172.21.15.135:0/2962870032 <== mon.0 v2:172.21.15.135:3300/0 1 ==== mon_map magic: 0 ==== 205+0+0 (secure 0 0 0) 0x7f7bac017070 con 0x7f7bbc109070
2024-05-20T18:27:24.852 INFO:teuthology.orchestra.run.smithi135.stdout:/usr/bin/ceph: stderr
2024-05-20T18:27:23.852+0000 7f7bba7fc700 1 -- 172.21.15.135:0/2962870032 <== mon.0 v2:172.21.15.135:3300/0 2 ==== config(28 keys) ==== 1140+0+0 (secure 0 0 0) 0x7f7bac00b8c0 con 0x7f7bbc109070
2024-05-20T18:27:24.852 INFO:teuthology.orchestra.run.smithi135.stdout:/usr/bin/ceph: stderr
2024-05-20T18:27:23.852+0000 7f7bba7fc700 1 -- 172.21.15.135:0/2962870032 <== mon.0 v2:172.21.15.135:3300/0 3 ==== mon_map magic: 0 ==== 205+0+0 (secure 0 0 0) 0x7f7bac004630 con 0x7f7bbc109070
2024-05-20T18:27:24.853 INFO:teuthology.orchestra.run.smithi135.stdout:/usr/bin/ceph: stderr
2024-05-20T18:27:23.853+0000 7f7bc1cc1700 1 -- 172.21.15.135:0/2962870032 >> [v2:172.21.15.135:3300/0,v1:172.21.15.135:6789/0] conn(0x7f7bbc109070 msgr2=0x7f7bbc1094a0 secure :-1 s=STATE_CONNECTION_ESTABLISHED l=1).mark_down
2024-05-20T18:27:24.853 INFO:teuthology.orchestra.run.smithi135.stdout:/usr/bin/ceph: stderr
2024-05-20T18:27:23.853+0000 7f7bc1cc1700 1 --2- 172.21.15.135:0/2962870032 >> [v2:172.21.15.135:3300/0,v1:172.21.15.135:6789/0] conn(0x7f7bbc109070 0x7f7bbc1094a0 secure :-1 s=READY pgs=47 cs=0 l=1 rev1=1 crypto rx=0x7f7bac009e80 tx=0x7f7bac00b330 comp rx=0 tx=0).stop
2024-05-20T18:27:24.853 INFO:teuthology.orchestra.run.smithi135.stdout:/usr/bin/ceph: stderr
2024-05-20T18:27:23.853+0000 7f7bc1cc1700 1 -- 172.21.15.135:0/2962870032 shutdown_connections
2024-05-20T18:27:24.853 INFO:teuthology.orchestra.run.smithi135.stdout:/usr/bin/ceph: stderr
2024-05-20T18:27:23.853+0000 7f7bc1cc1700 1 --2- 172.21.15.135:0/2962870032 >> [v2:172.21.15.135:3300/0,v1:172.21.15.135:6789/0] conn(0x7f7bbc109070 0x7f7bbc1094a0 unknown :-1 s=CLOSED pgs=47 cs=0 l=1 rev1=1 crypto rx=0 tx=0 comp rx=0 tx=0).stop
2024-05-20T18:27:24.853 INFO:teuthology.orchestra.run.smithi135.stdout:/usr/bin/ceph: stderr
2024-05-20T18:27:23.853+0000 7f7bc1cc1700 1 -- 172.21.15.135:0/2962870032 >> 172.21.15.135:0/2962870032 conn(0x7f7bbc102880 msgr2=0x7f7bbc104cf0 unknown :-1 s=STATE_NONE l=0).mark_down
2024-05-20T18:27:24.853 INFO:teuthology.orchestra.run.smithi135.stdout:/usr/bin/ceph: stderr
2024-05-20T18:27:23.853+0000 7f7bc1cc1700 1 -- 172.21.15.135:0/2962870032 shutdown_connections
2024-05-20T18:27:24.853 INFO:teuthology.orchestra.run.smithi135.stdout:/usr/bin/ceph: stderr
2024-05-20T18:27:23.853+0000 7f7bc1cc1700 1 -- 172.21.15.135:0/2962870032 wait complete.
2024-05-20T18:27:24.853 INFO:teuthology.orchestra.run.smithi135.stdout:/usr/bin/ceph: stderr
2024-05-20T18:27:23.854+0000 7f7bc1cc1700 1 Processor -- start
2024-05-20T18:27:24.853 INFO:teuthology.orchestra.run.smithi135.stdout:/usr/bin/ceph: stderr
2024-05-20T18:27:23.854+0000 7f7bc1cc1700 1 -- start start
2024-05-20T18:27:24.853 INFO:teuthology.orchestra.run.smithi135.stdout:/usr/bin/ceph: stderr
2024-05-20T18:27:23.854+0000 7f7bc1cc1700 1 --2- >> [v2:172.21.15.135:3300/0,v1:172.21.15.135:6789/0] conn(0x7f7bbc109070 0x7f7bbc19bf40 unknown :-1 s=NONE pgs=0 cs=0 l=1 rev1=0 crypto rx=0 tx=0 comp rx=0 tx=0).connect
2024-05-20T18:27:24.853 INFO:teuthology.orchestra.run.smithi135.stdout:/usr/bin/ceph: stderr
2024-05-20T18:27:23.854+0000 7f7bc1cc1700 1 -- --> [v2:172.21.15.135:3300/0,v1:172.21.15.135:6789/0] -- mon_getmap magic: 0 -- 0x7f7bbc10c0a0 con 0x7f7bbc109070
2024-05-20T18:27:24.853 INFO:teuthology.orchestra.run.smithi135.stdout:/usr/bin/ceph: stderr
2024-05-20T18:27:23.854+0000 7f7bbb7fe700 1 --2- >> [v2:172.21.15.135:3300/0,v1:172.21.15.135:6789/0] conn(0x7f7bbc109070 0x7f7bbc19bf40 unknown :-1 s=BANNER_CONNECTING pgs=0 cs=0 l=1 rev1=0 crypto rx=0 tx=0 comp rx=0 tx=0)._handle_peer_banner_payload supported=3 required=0
2024-05-20T18:27:24.853 INFO:teuthology.orchestra.run.smithi135.stdout:/usr/bin/ceph: stderr
2024-05-20T18:27:23.854+0000 7f7bbb7fe700 1 --2- >> [v2:172.21.15.135:3300/0,v1:172.21.15.135:6789/0] conn(0x7f7bbc109070 0x7f7bbc19bf40 unknown :-1 s=HELLO_CONNECTING pgs=0 cs=0 l=1 rev1=1 crypto rx=0 tx=0 comp rx=0 tx=0).handle_hello peer v2:172.21.15.135:3300/0 says I am v2:172.21.15.135:53516/0 (socket says 172.21.15.135:53516)
2024-05-20T18:27:24.854 INFO:teuthology.orchestra.run.smithi135.stdout:/usr/bin/ceph: stderr
2024-05-20T18:27:23.854+0000 7f7bbb7fe700 1 -- 172.21.15.135:0/2494610860 learned_addr learned my addr 172.21.15.135:0/2494610860 (peer_addr_for_me v2:172.21.15.135:0/0)
2024-05-20T18:27:24.854 INFO:teuthology.orchestra.run.smithi135.stdout:/usr/bin/ceph: stderr
2024-05-20T18:27:23.855+0000 7f7bbb7fe700 1 -- 172.21.15.135:0/2494610860 --> [v2:172.21.15.135:3300/0,v1:172.21.15.135:6789/0] -- mon_subscribe({config=0+,monmap=0+}) -- 0x7f7bbc19c480 con 0x7f7bbc109070
2024-05-20T18:27:24.854 INFO:teuthology.orchestra.run.smithi135.stdout:/usr/bin/ceph: stderr
2024-05-20T18:27:23.855+0000 7f7bbb7fe700 1 --2- 172.21.15.135:0/2494610860 >> [v2:172.21.15.135:3300/0,v1:172.21.15.135:6789/0] conn(0x7f7bbc109070 0x7f7bbc19bf40 secure :-1 s=READY pgs=48 cs=0 l=1 rev1=1 crypto rx=0x7f7bac0043a0 tx=0x7f7bac00bd50 comp rx=0 tx=0).ready entity=mon.0 client_cookie=0 server_cookie=0 in_seq=0 out_seq=0
2024-05-20T18:27:24.854 INFO:teuthology.orchestra.run.smithi135.stdout:/usr/bin/ceph: stderr
2024-05-20T18:27:23.855+0000 7f7bb8ff9700 1 -- 172.21.15.135:0/2494610860 <== mon.0 v2:172.21.15.135:3300/0 1 ==== mon_map magic: 0 ==== 205+0+0 (secure 0 0 0) 0x7f7bac021020 con 0x7f7bbc109070
2024-05-20T18:27:24.854 INFO:teuthology.orchestra.run.smithi135.stdout:/usr/bin/ceph: stderr
2024-05-20T18:27:23.855+0000 7f7bb8ff9700 1 -- 172.21.15.135:0/2494610860 <== mon.0 v2:172.21.15.135:3300/0 2 ==== config(28 keys) ==== 1140+0+0 (secure 0 0 0) 0x7f7bac003b50 con 0x7f7bbc109070
2024-05-20T18:27:24.854 INFO:teuthology.orchestra.run.smithi135.stdout:/usr/bin/ceph: stderr
2024-05-20T18:27:23.855+0000 7f7bc1cc1700 1 -- 172.21.15.135:0/2494610860 --> [v2:172.21.15.135:3300/0,v1:172.21.15.135:6789/0] -- mon_subscribe({mgrmap=0+}) -- 0x7f7bbc19c710 con 0x7f7bbc109070
2024-05-20T18:27:24.854 INFO:teuthology.orchestra.run.smithi135.stdout:/usr/bin/ceph: stderr
2024-05-20T18:27:23.855+0000 7f7bb8ff9700 1 -- 172.21.15.135:0/2494610860 <== mon.0 v2:172.21.15.135:3300/0 3 ==== mon_map magic: 0 ==== 205+0+0 (secure 0 0 0) 0x7f7bac017040 con 0x7f7bbc109070
2024-05-20T18:27:24.854 INFO:teuthology.orchestra.run.smithi135.stdout:/usr/bin/ceph: stderr
2024-05-20T18:27:23.855+0000 7f7bc1cc1700 1 -- 172.21.15.135:0/2494610860 --> [v2:172.21.15.135:3300/0,v1:172.21.15.135:6789/0] -- mon_subscribe({osdmap=0}) -- 0x7f7bbc19f320 con 0x7f7bbc109070
2024-05-20T18:27:24.854 INFO:teuthology.orchestra.run.smithi135.stdout:/usr/bin/ceph: stderr
2024-05-20T18:27:23.856+0000 7f7bb8ff9700 1 -- 172.21.15.135:0/2494610860 <== mon.0 v2:172.21.15.135:3300/0 4 ==== mgrmap(e 8) ==== 46287+0+0 (secure 0 0 0) 0x7f7bac024020 con 0x7f7bbc109070
2024-05-20T18:27:24.854 INFO:teuthology.orchestra.run.smithi135.stdout:/usr/bin/ceph: stderr
2024-05-20T18:27:23.856+0000 7f7bb8ff9700 1 --2- 172.21.15.135:0/2494610860 >> [v2:172.21.15.135:6800/1788918017,v1:172.21.15.135:6801/1788918017] conn(0x7f7ba40390c0 0x7f7ba403b5d0 unknown :-1 s=NONE pgs=0 cs=0 l=1 rev1=0 crypto rx=0 tx=0 comp rx=0 tx=0).connect
2024-05-20T18:27:24.854 INFO:teuthology.orchestra.run.smithi135.stdout:/usr/bin/ceph: stderr
2024-05-20T18:27:23.856+0000 7f7bb8ff9700 1 -- 172.21.15.135:0/2494610860 <== mon.0 v2:172.21.15.135:3300/0 5 ==== osd_map(2..2 src has 1..2) ==== 940+0+0 (secure 0 0 0) 0x7f7bac00f050 con 0x7f7bbc109070
2024-05-20T18:27:24.854 INFO:teuthology.orchestra.run.smithi135.stdout:/usr/bin/ceph: stderr
2024-05-20T18:27:23.856+0000 7f7bbaffd700 1 --2- 172.21.15.135:0/2494610860 >> [v2:172.21.15.135:6800/1788918017,v1:172.21.15.135:6801/1788918017] conn(0x7f7ba40390c0 0x7f7ba403b5d0 unknown :-1 s=BANNER_CONNECTING pgs=0 cs=0 l=1 rev1=0 crypto rx=0 tx=0 comp rx=0 tx=0)._handle_peer_banner_payload supported=3 required=0
2024-05-20T18:27:24.854 INFO:teuthology.orchestra.run.smithi135.stdout:/usr/bin/ceph: stderr
2024-05-20T18:27:23.856+0000 7f7bc1cc1700 1 -- 172.21.15.135:0/2494610860 --> [v2:172.21.15.135:3300/0,v1:172.21.15.135:6789/0] -- mon_command({"prefix": "get_command_descriptions"} v 0) -- 0x7f7bbc063ca0 con 0x7f7bbc109070
2024-05-20T18:27:24.855 INFO:teuthology.orchestra.run.smithi135.stdout:/usr/bin/ceph: stderr
2024-05-20T18:27:23.857+0000 7f7bbaffd700 1 --2- 172.21.15.135:0/2494610860 >> [v2:172.21.15.135:6800/1788918017,v1:172.21.15.135:6801/1788918017] conn(0x7f7ba40390c0 0x7f7ba403b5d0 secure :-1 s=READY pgs=12 cs=0 l=1 rev1=1 crypto rx=0x7f7bb0006fd0 tx=0x7f7bb0006e40 comp rx=0 tx=0).ready entity=mgr.14120 client_cookie=0 server_cookie=0 in_seq=0 out_seq=0
2024-05-20T18:27:24.855 INFO:teuthology.orchestra.run.smithi135.stdout:/usr/bin/ceph: stderr
2024-05-20T18:27:23.862+0000 7f7bb8ff9700 1 -- 172.21.15.135:0/2494610860 <== mon.0 v2:172.21.15.135:3300/0 6 ==== mon_command_ack([{"prefix": "get_command_descriptions"}]=0 v0) ==== 72+0+186418 (secure 0 0 0) 0x7f7bac02b020 con 0x7f7bbc109070
2024-05-20T18:27:24.855 INFO:teuthology.orchestra.run.smithi135.stdout:/usr/bin/ceph: stderr
2024-05-20T18:27:24.091+0000 7f7bc1cc1700 1 -- 172.21.15.135:0/2494610860 --> [v2:172.21.15.135:6800/1788918017,v1:172.21.15.135:6801/1788918017] -- mgr_command(tid 0: {"prefix": "orch apply", "service_type": "mon", "unmanaged": true, "target": ["mon-mgr", ""]}) -- 0x7f7bbc103880 con 0x7f7ba40390c0
2024-05-20T18:27:24.855 INFO:teuthology.orchestra.run.smithi135.stdout:/usr/bin/ceph: stderr
2024-05-20T18:27:24.099+0000 7f7bb8ff9700 1 -- 172.21.15.135:0/2494610860 <== mgr.14120 v2:172.21.15.135:6800/1788918017 1 ==== mgr_command_reply(tid 0: 0 ) ==== 8+0+24 (secure 0 0 0) 0x7f7bbc103880 con 0x7f7ba40390c0
2024-05-20T18:27:24.855 INFO:teuthology.orchestra.run.smithi135.stdout:/usr/bin/ceph: stderr
2024-05-20T18:27:24.101+0000 7f7bc1cc1700 1 -- 172.21.15.135:0/2494610860 >> [v2:172.21.15.135:6800/1788918017,v1:172.21.15.135:6801/1788918017] conn(0x7f7ba40390c0 msgr2=0x7f7ba403b5d0 secure :-1 s=STATE_CONNECTION_ESTABLISHED l=1).mark_down
2024-05-20T18:27:24.855 INFO:teuthology.orchestra.run.smithi135.stdout:/usr/bin/ceph: stderr
2024-05-20T18:27:24.101+0000 7f7bc1cc1700 1 --2- 172.21.15.135:0/2494610860 >> [v2:172.21.15.135:6800/1788918017,v1:172.21.15.135:6801/1788918017] conn(0x7f7ba40390c0 0x7f7ba403b5d0 secure :-1 s=READY pgs=12 cs=0 l=1 rev1=1 crypto rx=0x7f7bb0006fd0 tx=0x7f7bb0006e40 comp rx=0 tx=0).stop
2024-05-20T18:27:24.855 INFO:teuthology.orchestra.run.smithi135.stdout:/usr/bin/ceph: stderr
2024-05-20T18:27:24.101+0000 7f7bc1cc1700 1 -- 172.21.15.135:0/2494610860 >> [v2:172.21.15.135:3300/0,v1:172.21.15.135:6789/0] conn(0x7f7bbc109070 msgr2=0x7f7bbc19bf40 secure :-1 s=STATE_CONNECTION_ESTABLISHED l=1).mark_down
2024-05-20T18:27:24.855 INFO:teuthology.orchestra.run.smithi135.stdout:/usr/bin/ceph: stderr
2024-05-20T18:27:24.101+0000 7f7bc1cc1700 1 --2- 172.21.15.135:0/2494610860 >> [v2:172.21.15.135:3300/0,v1:172.21.15.135:6789/0] conn(0x7f7bbc109070 0x7f7bbc19bf40 secure :-1 s=READY pgs=48 cs=0 l=1 rev1=1 crypto rx=0x7f7bac0043a0 tx=0x7f7bac00bd50 comp rx=0 tx=0).stop
2024-05-20T18:27:24.855 INFO:teuthology.orchestra.run.smithi135.stdout:/usr/bin/ceph: stderr
2024-05-20T18:27:24.101+0000 7f7bc1cc1700 1 -- 172.21.15.135:0/2494610860 shutdown_connections
2024-05-20T18:27:24.855 INFO:teuthology.orchestra.run.smithi135.stdout:/usr/bin/ceph: stderr
2024-05-20T18:27:24.101+0000 7f7bc1cc1700 1 --2- 172.21.15.135:0/2494610860 >> [v2:172.21.15.135:6800/1788918017,v1:172.21.15.135:6801/1788918017] conn(0x7f7ba40390c0 0x7f7ba403b5d0 unknown :-1 s=CLOSED pgs=12 cs=0 l=1 rev1=1 crypto rx=0 tx=0 comp rx=0 tx=0).stop
2024-05-20T18:27:24.855 INFO:teuthology.orchestra.run.smithi135.stdout:/usr/bin/ceph: stderr
2024-05-20T18:27:24.101+0000 7f7bc1cc1700 1 --2- 172.21.15.135:0/2494610860 >> [v2:172.21.15.135:3300/0,v1:172.21.15.135:6789/0] conn(0x7f7bbc109070 0x7f7bbc19bf40 unknown :-1 s=CLOSED pgs=48 cs=0 l=1 rev1=1 crypto rx=0 tx=0 comp rx=0 tx=0).stop
2024-05-20T18:27:24.855 INFO:teuthology.orchestra.run.smithi135.stdout:/usr/bin/ceph: stderr
2024-05-20T18:27:24.101+0000 7f7bc1cc1700 1 -- 172.21.15.135:0/2494610860 >> 172.21.15.135:0/2494610860 conn(0x7f7bbc102880 msgr2=0x7f7bbc103170 unknown :-1 s=STATE_NONE l=0).mark_down
2024-05-20T18:27:24.855 INFO:teuthology.orchestra.run.smithi135.stdout:/usr/bin/ceph: stderr
2024-05-20T18:27:24.101+0000 7f7bc1cc1700 1 -- 172.21.15.135:0/2494610860 shutdown_connections
2024-05-20T18:27:24.855 INFO:teuthology.orchestra.run.smithi135.stdout:/usr/bin/ceph: stderr
2024-05-20T18:27:24.101+0000 7f7bc1cc1700 1 -- 172.21.15.135:0/2494610860 wait complete.
2024-05-20T18:27:24.856 INFO:teuthology.orchestra.run.smithi135.stdout:Deploying unmanaged mgr service...
2024-05-20T18:27:25.439 INFO:journalctl@ceph.mon.a.smithi135.stdout:May 20 18:27:25 smithi135 ceph-mon[32496]: from='client.14142 -' entity='client.admin' cmd=[{"prefix": "orch apply", "service_type": "mon", "unmanaged": true, "target": ["mon-mgr", ""]}]: dispatch
2024-05-20T18:27:25.439 INFO:journalctl@ceph.mon.a.smithi135.stdout:May 20 18:27:25 smithi135 ceph-mon[32496]: Saving service mon spec with placement count:5
2024-05-20T18:27:25.439 INFO:journalctl@ceph.mon.a.smithi135.stdout:May 20 18:27:25 smithi135 ceph-mon[32496]: from='mgr.14120 172.21.15.135:0/2951448540' entity='mgr.x'
2024-05-20T18:27:26.163 INFO:teuthology.orchestra.run.smithi135.stdout:/usr/bin/ceph: stdout Scheduled mgr update...
2024-05-20T18:27:26.163 INFO:teuthology.orchestra.run.smithi135.stdout:/usr/bin/ceph: stderr
2024-05-20T18:27:25.294+0000 7fe048cf9700 1 Processor -- start
2024-05-20T18:27:26.163 INFO:teuthology.orchestra.run.smithi135.stdout:/usr/bin/ceph: stderr
2024-05-20T18:27:25.294+0000 7fe048cf9700 1 -- start start
2024-05-20T18:27:26.163 INFO:teuthology.orchestra.run.smithi135.stdout:/usr/bin/ceph: stderr
2024-05-20T18:27:25.294+0000 7fe048cf9700 1 --2- >> [v2:172.21.15.135:3300/0,v1:172.21.15.135:6789/0] conn(0x7fe04407bc10 0x7fe04410da90 unknown :-1 s=NONE pgs=0 cs=0 l=0 rev1=0 crypto rx=0 tx=0 comp rx=0 tx=0).connect
2024-05-20T18:27:26.163 INFO:teuthology.orchestra.run.smithi135.stdout:/usr/bin/ceph: stderr
2024-05-20T18:27:25.295+0000 7fe048cf9700 1 -- --> [v2:172.21.15.135:3300/0,v1:172.21.15.135:6789/0] -- mon_getmap magic: 0 -- 0x7fe04410dfd0 con 0x7fe04407bc10
2024-05-20T18:27:26.163 INFO:teuthology.orchestra.run.smithi135.stdout:/usr/bin/ceph: stderr
2024-05-20T18:27:25.295+0000 7fe04259c700 1 --2- >> [v2:172.21.15.135:3300/0,v1:172.21.15.135:6789/0] conn(0x7fe04407bc10 0x7fe04410da90 unknown :-1 s=BANNER_CONNECTING pgs=0 cs=0 l=0 rev1=0 crypto rx=0 tx=0 comp rx=0 tx=0)._handle_peer_banner_payload supported=3 required=0
2024-05-20T18:27:26.163 INFO:teuthology.orchestra.run.smithi135.stdout:/usr/bin/ceph: stderr
2024-05-20T18:27:25.295+0000 7fe04259c700 1 --2- >> [v2:172.21.15.135:3300/0,v1:172.21.15.135:6789/0] conn(0x7fe04407bc10 0x7fe04410da90 unknown :-1 s=HELLO_CONNECTING pgs=0 cs=0 l=0 rev1=1 crypto rx=0 tx=0 comp rx=0 tx=0).handle_hello peer v2:172.21.15.135:3300/0 says I am v2:172.21.15.135:53524/0 (socket says 172.21.15.135:53524)
2024-05-20T18:27:26.163 INFO:teuthology.orchestra.run.smithi135.stdout:/usr/bin/ceph: stderr
2024-05-20T18:27:25.295+0000 7fe04259c700 1 -- 172.21.15.135:0/1049559200 learned_addr learned my addr 172.21.15.135:0/1049559200 (peer_addr_for_me v2:172.21.15.135:0/0)
2024-05-20T18:27:26.163 INFO:teuthology.orchestra.run.smithi135.stdout:/usr/bin/ceph: stderr
2024-05-20T18:27:25.295+0000 7fe04259c700 1 -- 172.21.15.135:0/1049559200 --> [v2:172.21.15.135:3300/0,v1:172.21.15.135:6789/0] -- mon_subscribe({config=0+,monmap=0+}) -- 0x7fe04410e150 con 0x7fe04407bc10
2024-05-20T18:27:26.164 INFO:teuthology.orchestra.run.smithi135.stdout:/usr/bin/ceph: stderr
2024-05-20T18:27:25.295+0000 7fe04259c700 1 --2- 172.21.15.135:0/1049559200 >> [v2:172.21.15.135:3300/0,v1:172.21.15.135:6789/0] conn(0x7fe04407bc10 0x7fe04410da90 secure :-1 s=READY pgs=49 cs=0 l=1 rev1=1 crypto rx=0x7fe0340098a0 tx=0x7fe034009bb0 comp rx=0 tx=0).ready entity=mon.0 client_cookie=9ef81b43e9ae1c43 server_cookie=0 in_seq=0 out_seq=0
2024-05-20T18:27:26.164 INFO:teuthology.orchestra.run.smithi135.stdout:/usr/bin/ceph: stderr
2024-05-20T18:27:25.295+0000 7fe04159a700 1 -- 172.21.15.135:0/1049559200 <== mon.0 v2:172.21.15.135:3300/0 1 ==== mon_map magic: 0 ==== 205+0+0 (secure 0 0 0) 0x7fe034004160 con 0x7fe04407bc10
2024-05-20T18:27:26.164 INFO:teuthology.orchestra.run.smithi135.stdout:/usr/bin/ceph: stderr
2024-05-20T18:27:25.295+0000 7fe04159a700 1 -- 172.21.15.135:0/1049559200 <== mon.0 v2:172.21.15.135:3300/0 2 ==== config(28 keys) ==== 1140+0+0 (secure 0 0 0) 0x7fe034004300 con 0x7fe04407bc10
2024-05-20T18:27:26.164 INFO:teuthology.orchestra.run.smithi135.stdout:/usr/bin/ceph: stderr
2024-05-20T18:27:25.295+0000 7fe04159a700 1 -- 172.21.15.135:0/1049559200 <== mon.0 v2:172.21.15.135:3300/0 3 ==== mon_map magic: 0 ==== 205+0+0 (secure 0 0 0) 0x7fe034011c00 con 0x7fe04407bc10
2024-05-20T18:27:26.164 INFO:teuthology.orchestra.run.smithi135.stdout:/usr/bin/ceph: stderr
2024-05-20T18:27:25.296+0000 7fe048cf9700 1 -- 172.21.15.135:0/1049559200 >> [v2:172.21.15.135:3300/0,v1:172.21.15.135:6789/0] conn(0x7fe04407bc10 msgr2=0x7fe04410da90 secure :-1 s=STATE_CONNECTION_ESTABLISHED l=1).mark_down
2024-05-20T18:27:26.164 INFO:teuthology.orchestra.run.smithi135.stdout:/usr/bin/ceph: stderr
2024-05-20T18:27:25.296+0000 7fe048cf9700 1 --2- 172.21.15.135:0/1049559200 >> [v2:172.21.15.135:3300/0,v1:172.21.15.135:6789/0] conn(0x7fe04407bc10 0x7fe04410da90 secure :-1 s=READY pgs=49 cs=0 l=1 rev1=1 crypto rx=0x7fe0340098a0 tx=0x7fe034009bb0 comp rx=0 tx=0).stop
2024-05-20T18:27:26.164 INFO:teuthology.orchestra.run.smithi135.stdout:/usr/bin/ceph: stderr
2024-05-20T18:27:25.296+0000 7fe048cf9700 1 -- 172.21.15.135:0/1049559200 shutdown_connections
2024-05-20T18:27:26.164 INFO:teuthology.orchestra.run.smithi135.stdout:/usr/bin/ceph: stderr
2024-05-20T18:27:25.296+0000 7fe048cf9700 1 --2- 172.21.15.135:0/1049559200 >> [v2:172.21.15.135:3300/0,v1:172.21.15.135:6789/0] conn(0x7fe04407bc10 0x7fe04410da90 unknown :-1 s=CLOSED pgs=49 cs=0 l=1 rev1=1 crypto rx=0 tx=0 comp rx=0 tx=0).stop
2024-05-20T18:27:26.164 INFO:teuthology.orchestra.run.smithi135.stdout:/usr/bin/ceph: stderr
2024-05-20T18:27:25.296+0000 7fe048cf9700 1 -- 172.21.15.135:0/1049559200 >> 172.21.15.135:0/1049559200 conn(0x7fe044103120 msgr2=0x7fe044105570 unknown :-1 s=STATE_NONE l=0).mark_down
2024-05-20T18:27:26.164 INFO:teuthology.orchestra.run.smithi135.stdout:/usr/bin/ceph: stderr
2024-05-20T18:27:25.296+0000 7fe048cf9700 1 -- 172.21.15.135:0/1049559200 shutdown_connections
2024-05-20T18:27:26.164 INFO:teuthology.orchestra.run.smithi135.stdout:/usr/bin/ceph: stderr
2024-05-20T18:27:25.296+0000 7fe048cf9700 1 -- 172.21.15.135:0/1049559200 wait complete.
2024-05-20T18:27:26.164 INFO:teuthology.orchestra.run.smithi135.stdout:/usr/bin/ceph: stderr
2024-05-20T18:27:25.297+0000 7fe048cf9700 1 Processor -- start
2024-05-20T18:27:26.164 INFO:teuthology.orchestra.run.smithi135.stdout:/usr/bin/ceph: stderr
2024-05-20T18:27:25.297+0000 7fe048cf9700 1 -- start start
2024-05-20T18:27:26.165 INFO:teuthology.orchestra.run.smithi135.stdout:/usr/bin/ceph: stderr
2024-05-20T18:27:25.297+0000 7fe048cf9700 1 --2- >> [v2:172.21.15.135:3300/0,v1:172.21.15.135:6789/0] conn(0x7fe04407bc10 0x7fe04419f0c0 unknown :-1 s=NONE pgs=0 cs=0 l=1 rev1=0 crypto rx=0 tx=0 comp rx=0 tx=0).connect
2024-05-20T18:27:26.165 INFO:teuthology.orchestra.run.smithi135.stdout:/usr/bin/ceph: stderr
2024-05-20T18:27:25.297+0000 7fe048cf9700 1 -- --> [v2:172.21.15.135:3300/0,v1:172.21.15.135:6789/0] -- mon_getmap magic: 0 -- 0x7fe04410f120 con 0x7fe04407bc10
2024-05-20T18:27:26.165 INFO:teuthology.orchestra.run.smithi135.stdout:/usr/bin/ceph: stderr
2024-05-20T18:27:25.297+0000 7fe04259c700 1 --2- >> [v2:172.21.15.135:3300/0,v1:172.21.15.135:6789/0] conn(0x7fe04407bc10 0x7fe04419f0c0 unknown :-1 s=BANNER_CONNECTING pgs=0 cs=0 l=1 rev1=0 crypto rx=0 tx=0 comp rx=0 tx=0)._handle_peer_banner_payload supported=3 required=0
2024-05-20T18:27:26.165 INFO:teuthology.orchestra.run.smithi135.stdout:/usr/bin/ceph: stderr
2024-05-20T18:27:25.297+0000 7fe04259c700 1 --2- >> [v2:172.21.15.135:3300/0,v1:172.21.15.135:6789/0] conn(0x7fe04407bc10 0x7fe04419f0c0 unknown :-1 s=HELLO_CONNECTING pgs=0 cs=0 l=1 rev1=1 crypto rx=0 tx=0 comp rx=0 tx=0).handle_hello peer v2:172.21.15.135:3300/0 says I am v2:172.21.15.135:53532/0 (socket says 172.21.15.135:53532)
2024-05-20T18:27:26.165 INFO:teuthology.orchestra.run.smithi135.stdout:/usr/bin/ceph: stderr
2024-05-20T18:27:25.297+0000 7fe04259c700 1 -- 172.21.15.135:0/4177133549 learned_addr learned my addr 172.21.15.135:0/4177133549 (peer_addr_for_me v2:172.21.15.135:0/0)
2024-05-20T18:27:26.165 INFO:teuthology.orchestra.run.smithi135.stdout:/usr/bin/ceph: stderr
2024-05-20T18:27:25.298+0000 7fe04259c700 1 -- 172.21.15.135:0/4177133549 --> [v2:172.21.15.135:3300/0,v1:172.21.15.135:6789/0] -- mon_subscribe({config=0+,monmap=0+}) -- 0x7fe04419f600 con 0x7fe04407bc10
2024-05-20T18:27:26.165 INFO:teuthology.orchestra.run.smithi135.stdout:/usr/bin/ceph: stderr
2024-05-20T18:27:25.298+0000 7fe04259c700 1 --2- 172.21.15.135:0/4177133549 >> [v2:172.21.15.135:3300/0,v1:172.21.15.135:6789/0] conn(0x7fe04407bc10 0x7fe04419f0c0 secure :-1 s=READY pgs=50 cs=0 l=1 rev1=1 crypto rx=0x7fe034011bd0 tx=0x7fe034011cb0 comp rx=0 tx=0).ready entity=mon.0 client_cookie=0 server_cookie=0 in_seq=0 out_seq=0
2024-05-20T18:27:26.165 INFO:teuthology.orchestra.run.smithi135.stdout:/usr/bin/ceph: stderr
2024-05-20T18:27:25.298+0000 7fe0337fe700 1 -- 172.21.15.135:0/4177133549 <== mon.0 v2:172.21.15.135:3300/0 1 ==== mon_map magic: 0 ==== 205+0+0 (secure 0 0 0) 0x7fe034003b20 con 0x7fe04407bc10
2024-05-20T18:27:26.165 INFO:teuthology.orchestra.run.smithi135.stdout:/usr/bin/ceph: stderr
2024-05-20T18:27:25.298+0000 7fe0337fe700 1 -- 172.21.15.135:0/4177133549 <== mon.0 v2:172.21.15.135:3300/0 2 ==== config(28 keys) ==== 1140+0+0 (secure 0 0 0) 0x7fe034003cc0 con 0x7fe04407bc10
2024-05-20T18:27:26.165 INFO:teuthology.orchestra.run.smithi135.stdout:/usr/bin/ceph: stderr
2024-05-20T18:27:25.298+0000 7fe0337fe700 1 -- 172.21.15.135:0/4177133549 <== mon.0 v2:172.21.15.135:3300/0 3 ==== mon_map magic: 0 ==== 205+0+0 (secure 0 0 0) 0x7fe0340249a0 con 0x7fe04407bc10
2024-05-20T18:27:26.165 INFO:teuthology.orchestra.run.smithi135.stdout:/usr/bin/ceph: stderr
2024-05-20T18:27:25.298+0000 7fe048cf9700 1 -- 172.21.15.135:0/4177133549 --> [v2:172.21.15.135:3300/0,v1:172.21.15.135:6789/0] -- mon_subscribe({mgrmap=0+}) -- 0x7fe04419f890 con 0x7fe04407bc10
2024-05-20T18:27:26.165 INFO:teuthology.orchestra.run.smithi135.stdout:/usr/bin/ceph: stderr
2024-05-20T18:27:25.298+0000 7fe048cf9700 1 -- 172.21.15.135:0/4177133549 --> [v2:172.21.15.135:3300/0,v1:172.21.15.135:6789/0] -- mon_subscribe({osdmap=0}) -- 0x7fe0441a24a0 con 0x7fe04407bc10
2024-05-20T18:27:26.165 INFO:teuthology.orchestra.run.smithi135.stdout:/usr/bin/ceph: stderr
2024-05-20T18:27:25.299+0000 7fe0337fe700 1 -- 172.21.15.135:0/4177133549 <== mon.0 v2:172.21.15.135:3300/0 4 ==== mgrmap(e 8) ==== 46287+0+0 (secure 0 0 0) 0x7fe034022020 con 0x7fe04407bc10
2024-05-20T18:27:26.165 INFO:teuthology.orchestra.run.smithi135.stdout:/usr/bin/ceph: stderr
2024-05-20T18:27:25.299+0000 7fe0337fe700 1 --2- 172.21.15.135:0/4177133549 >> [v2:172.21.15.135:6800/1788918017,v1:172.21.15.135:6801/1788918017] conn(0x7fe02c039110 0x7fe02c03b620 unknown :-1 s=NONE pgs=0 cs=0 l=1 rev1=0 crypto rx=0 tx=0 comp rx=0 tx=0).connect
2024-05-20T18:27:26.166 INFO:teuthology.orchestra.run.smithi135.stdout:/usr/bin/ceph: stderr
2024-05-20T18:27:25.299+0000 7fe0337fe700 1 -- 172.21.15.135:0/4177133549 <== mon.0 v2:172.21.15.135:3300/0 5 ==== osd_map(2..2 src has 1..2) ==== 940+0+0 (secure 0 0 0) 0x7fe03404e250 con 0x7fe04407bc10
2024-05-20T18:27:26.166 INFO:teuthology.orchestra.run.smithi135.stdout:/usr/bin/ceph: stderr
2024-05-20T18:27:25.299+0000 7fe041d9b700 1 --2- 172.21.15.135:0/4177133549 >> [v2:172.21.15.135:6800/1788918017,v1:172.21.15.135:6801/1788918017] conn(0x7fe02c039110 0x7fe02c03b620 unknown :-1 s=BANNER_CONNECTING pgs=0 cs=0 l=1 rev1=0 crypto rx=0 tx=0 comp rx=0 tx=0)._handle_peer_banner_payload supported=3 required=0
2024-05-20T18:27:26.166 INFO:teuthology.orchestra.run.smithi135.stdout:/usr/bin/ceph: stderr
2024-05-20T18:27:25.299+0000 7fe048cf9700 1 -- 172.21.15.135:0/4177133549 --> [v2:172.21.15.135:3300/0,v1:172.21.15.135:6789/0] -- mon_command({"prefix": "get_command_descriptions"} v 0) -- 0x7fe044063ca0 con 0x7fe04407bc10
2024-05-20T18:27:26.166 INFO:teuthology.orchestra.run.smithi135.stdout:/usr/bin/ceph: stderr
2024-05-20T18:27:25.300+0000 7fe041d9b700 1 --2- 172.21.15.135:0/4177133549 >> [v2:172.21.15.135:6800/1788918017,v1:172.21.15.135:6801/1788918017] conn(0x7fe02c039110 0x7fe02c03b620 secure :-1 s=READY pgs=13 cs=0 l=1 rev1=1 crypto rx=0x7fe038006fd0 tx=0x7fe038006e40 comp rx=0 tx=0).ready entity=mgr.14120 client_cookie=0 server_cookie=0 in_seq=0 out_seq=0
2024-05-20T18:27:26.166 INFO:teuthology.orchestra.run.smithi135.stdout:/usr/bin/ceph: stderr
2024-05-20T18:27:25.304+0000 7fe0337fe700 1 -- 172.21.15.135:0/4177133549 <== mon.0 v2:172.21.15.135:3300/0 6 ==== mon_command_ack([{"prefix": "get_command_descriptions"}]=0 v0) ==== 72+0+186418 (secure 0 0 0) 0x7fe034021d80 con 0x7fe04407bc10
2024-05-20T18:27:26.166 INFO:teuthology.orchestra.run.smithi135.stdout:/usr/bin/ceph: stderr
2024-05-20T18:27:25.524+0000 7fe048cf9700 1 -- 172.21.15.135:0/4177133549 --> [v2:172.21.15.135:6800/1788918017,v1:172.21.15.135:6801/1788918017] -- mgr_command(tid 0: {"prefix": "orch apply", "service_type": "mgr", "unmanaged": true, "target": ["mon-mgr", ""]}) -- 0x7fe0441051b0 con 0x7fe02c039110
2024-05-20T18:27:26.166 INFO:teuthology.orchestra.run.smithi135.stdout:/usr/bin/ceph: stderr
2024-05-20T18:27:25.532+0000 7fe0337fe700 1 -- 172.21.15.135:0/4177133549 <== mgr.14120 v2:172.21.15.135:6800/1788918017 1 ==== mgr_command_reply(tid 0: 0 ) ==== 8+0+24 (secure 0 0 0) 0x7fe0441051b0 con 0x7fe02c039110
2024-05-20T18:27:26.167 INFO:teuthology.orchestra.run.smithi135.stdout:/usr/bin/ceph: stderr
2024-05-20T18:27:25.534+0000 7fe048cf9700 1 -- 172.21.15.135:0/4177133549 >> [v2:172.21.15.135:6800/1788918017,v1:172.21.15.135:6801/1788918017] conn(0x7fe02c039110 msgr2=0x7fe02c03b620 secure :-1 s=STATE_CONNECTION_ESTABLISHED l=1).mark_down
2024-05-20T18:27:26.167 INFO:teuthology.orchestra.run.smithi135.stdout:/usr/bin/ceph: stderr
2024-05-20T18:27:25.534+0000 7fe048cf9700 1 --2- 172.21.15.135:0/4177133549 >> [v2:172.21.15.135:6800/1788918017,v1:172.21.15.135:6801/1788918017] conn(0x7fe02c039110 0x7fe02c03b620 secure :-1 s=READY pgs=13 cs=0 l=1 rev1=1 crypto rx=0x7fe038006fd0 tx=0x7fe038006e40 comp rx=0 tx=0).stop
2024-05-20T18:27:26.167 INFO:teuthology.orchestra.run.smithi135.stdout:/usr/bin/ceph: stderr
2024-05-20T18:27:25.534+0000 7fe048cf9700 1 -- 172.21.15.135:0/4177133549 >> [v2:172.21.15.135:3300/0,v1:172.21.15.135:6789/0] conn(0x7fe04407bc10 msgr2=0x7fe04419f0c0 secure :-1 s=STATE_CONNECTION_ESTABLISHED l=1).mark_down
2024-05-20T18:27:26.167 INFO:teuthology.orchestra.run.smithi135.stdout:/usr/bin/ceph: stderr
2024-05-20T18:27:25.534+0000 7fe048cf9700 1 --2- 172.21.15.135:0/4177133549 >> [v2:172.21.15.135:3300/0,v1:172.21.15.135:6789/0] conn(0x7fe04407bc10 0x7fe04419f0c0 secure :-1 s=READY pgs=50 cs=0 l=1 rev1=1 crypto rx=0x7fe034011bd0 tx=0x7fe034011cb0 comp rx=0 tx=0).stop
2024-05-20T18:27:26.167 INFO:teuthology.orchestra.run.smithi135.stdout:/usr/bin/ceph: stderr
2024-05-20T18:27:25.534+0000 7fe048cf9700 1 -- 172.21.15.135:0/4177133549 shutdown_connections
2024-05-20T18:27:26.167 INFO:teuthology.orchestra.run.smithi135.stdout:/usr/bin/ceph: stderr
2024-05-20T18:27:25.534+0000 7fe048cf9700 1 --2- 172.21.15.135:0/4177133549 >> [v2:172.21.15.135:6800/1788918017,v1:172.21.15.135:6801/1788918017] conn(0x7fe02c039110 0x7fe02c03b620 unknown :-1 s=CLOSED pgs=13 cs=0 l=1 rev1=1 crypto rx=0 tx=0 comp rx=0 tx=0).stop
2024-05-20T18:27:26.167 INFO:teuthology.orchestra.run.smithi135.stdout:/usr/bin/ceph: stderr
2024-05-20T18:27:25.534+0000 7fe048cf9700 1 --2- 172.21.15.135:0/4177133549 >> [v2:172.21.15.135:3300/0,v1:172.21.15.135:6789/0] conn(0x7fe04407bc10 0x7fe04419f0c0 unknown :-1 s=CLOSED pgs=50 cs=0 l=1 rev1=1 crypto rx=0 tx=0 comp rx=0 tx=0).stop
2024-05-20T18:27:26.167 INFO:teuthology.orchestra.run.smithi135.stdout:/usr/bin/ceph: stderr
2024-05-20T18:27:25.534+0000 7fe048cf9700 1 -- 172.21.15.135:0/4177133549 >> 172.21.15.135:0/4177133549 conn(0x7fe044103120 msgr2=0x7fe044104aa0 unknown :-1 s=STATE_NONE l=0).mark_down
2024-05-20T18:27:26.167 INFO:teuthology.orchestra.run.smithi135.stdout:/usr/bin/ceph: stderr
2024-05-20T18:27:25.534+0000 7fe048cf9700 1 -- 172.21.15.135:0/4177133549 shutdown_connections
2024-05-20T18:27:26.167 INFO:teuthology.orchestra.run.smithi135.stdout:/usr/bin/ceph: stderr
2024-05-20T18:27:25.534+0000 7fe048cf9700 1 -- 172.21.15.135:0/4177133549 wait complete.
2024-05-20T18:27:26.731 INFO:journalctl@ceph.mon.a.smithi135.stdout:May 20 18:27:26 smithi135 ceph-mon[32496]: from='client.14144 -' entity='client.admin' cmd=[{"prefix": "orch apply", "service_type": "mgr", "unmanaged": true, "target": ["mon-mgr", ""]}]: dispatch
2024-05-20T18:27:26.731 INFO:journalctl@ceph.mon.a.smithi135.stdout:May 20 18:27:26 smithi135 ceph-mon[32496]: Saving service mgr spec with placement count:2
2024-05-20T18:27:26.732 INFO:journalctl@ceph.mon.a.smithi135.stdout:May 20 18:27:26 smithi135 ceph-mon[32496]: from='mgr.14120 172.21.15.135:0/2951448540' entity='mgr.x'
2024-05-20T18:27:27.979 INFO:journalctl@ceph.mon.a.smithi135.stdout:May 20 18:27:27 smithi135 ceph-mon[32496]: from='mgr.14120 172.21.15.135:0/2951448540' entity='mgr.x'
2024-05-20T18:27:27.979 INFO:journalctl@ceph.mon.a.smithi135.stdout:May 20 18:27:27 smithi135 ceph-mon[32496]: from='mgr.14120 172.21.15.135:0/2951448540' entity='mgr.x'
2024-05-20T18:27:27.979 INFO:journalctl@ceph.mon.a.smithi135.stdout:May 20 18:27:27 smithi135 ceph-mon[32496]: from='client.? 172.21.15.135:0/3932107989' entity='client.admin'
2024-05-20T18:27:27.986 INFO:teuthology.orchestra.run.smithi135.stdout:/usr/bin/ceph: stderr
2024-05-20T18:27:27.218+0000 7fce8fd93700 1 Processor -- start
2024-05-20T18:27:27.987 INFO:teuthology.orchestra.run.smithi135.stdout:/usr/bin/ceph: stderr
2024-05-20T18:27:27.218+0000 7fce8fd93700 1 -- start start
2024-05-20T18:27:27.987 INFO:teuthology.orchestra.run.smithi135.stdout:/usr/bin/ceph: stderr
2024-05-20T18:27:27.218+0000 7fce8fd93700 1 --2- >> [v2:172.21.15.135:3300/0,v1:172.21.15.135:6789/0] conn(0x7fce88107a40 0x7fce88107e50 unknown :-1 s=NONE pgs=0 cs=0 l=0 rev1=0 crypto rx=0 tx=0 comp rx=0 tx=0).connect
2024-05-20T18:27:27.987 INFO:teuthology.orchestra.run.smithi135.stdout:/usr/bin/ceph: stderr
2024-05-20T18:27:27.218+0000 7fce8fd93700 1 -- --> [v2:172.21.15.135:3300/0,v1:172.21.15.135:6789/0] -- mon_getmap magic: 0 -- 0x7fce88108440 con 0x7fce88107a40
2024-05-20T18:27:27.987 INFO:teuthology.orchestra.run.smithi135.stdout:/usr/bin/ceph: stderr
2024-05-20T18:27:27.219+0000 7fce8db2f700 1 --2- >> [v2:172.21.15.135:3300/0,v1:172.21.15.135:6789/0] conn(0x7fce88107a40 0x7fce88107e50 unknown :-1 s=BANNER_CONNECTING pgs=0 cs=0 l=0 rev1=0 crypto rx=0 tx=0 comp rx=0 tx=0)._handle_peer_banner_payload supported=3 required=0
2024-05-20T18:27:27.987 INFO:teuthology.orchestra.run.smithi135.stdout:/usr/bin/ceph: stderr
2024-05-20T18:27:27.219+0000 7fce8db2f700 1 --2- >> [v2:172.21.15.135:3300/0,v1:172.21.15.135:6789/0] conn(0x7fce88107a40 0x7fce88107e50 unknown :-1 s=HELLO_CONNECTING pgs=0 cs=0 l=0 rev1=1 crypto rx=0 tx=0 comp rx=0 tx=0).handle_hello peer v2:172.21.15.135:3300/0 says I am v2:172.21.15.135:53536/0 (socket says 172.21.15.135:53536)
2024-05-20T18:27:27.987 INFO:teuthology.orchestra.run.smithi135.stdout:/usr/bin/ceph: stderr
2024-05-20T18:27:27.219+0000 7fce8db2f700 1 -- 172.21.15.135:0/4075863992 learned_addr learned my addr 172.21.15.135:0/4075863992 (peer_addr_for_me v2:172.21.15.135:0/0)
2024-05-20T18:27:27.987 INFO:teuthology.orchestra.run.smithi135.stdout:/usr/bin/ceph: stderr
2024-05-20T18:27:27.219+0000 7fce8db2f700 1 -- 172.21.15.135:0/4075863992 --> [v2:172.21.15.135:3300/0,v1:172.21.15.135:6789/0] -- mon_subscribe({config=0+,monmap=0+}) -- 0x7fce88108b70 con 0x7fce88107a40
2024-05-20T18:27:27.987 INFO:teuthology.orchestra.run.smithi135.stdout:/usr/bin/ceph: stderr
2024-05-20T18:27:27.219+0000 7fce8db2f700 1 --2- 172.21.15.135:0/4075863992 >> [v2:172.21.15.135:3300/0,v1:172.21.15.135:6789/0] conn(0x7fce88107a40 0x7fce88107e50 secure :-1 s=READY pgs=51 cs=0 l=1 rev1=1 crypto rx=0x7fce840098a0 tx=0x7fce84009bb0 comp rx=0 tx=0).ready entity=mon.0 client_cookie=4baf1178f68d4c35 server_cookie=0 in_seq=0 out_seq=0
2024-05-20T18:27:27.987 INFO:teuthology.orchestra.run.smithi135.stdout:/usr/bin/ceph: stderr
2024-05-20T18:27:27.219+0000 7fce8cb2d700 1 -- 172.21.15.135:0/4075863992 <== mon.0 v2:172.21.15.135:3300/0 1 ==== mon_map magic: 0 ==== 205+0+0 (secure 0 0 0) 0x7fce84004160 con 0x7fce88107a40
2024-05-20T18:27:27.987 INFO:teuthology.orchestra.run.smithi135.stdout:/usr/bin/ceph: stderr
2024-05-20T18:27:27.219+0000 7fce8cb2d700 1 -- 172.21.15.135:0/4075863992 <== mon.0 v2:172.21.15.135:3300/0 2 ==== config(28 keys) ==== 1171+0+0 (secure 0 0 0) 0x7fce84004300 con 0x7fce88107a40
2024-05-20T18:27:27.987 INFO:teuthology.orchestra.run.smithi135.stdout:/usr/bin/ceph: stderr
2024-05-20T18:27:27.219+0000 7fce8cb2d700 1 -- 172.21.15.135:0/4075863992 <== mon.0 v2:172.21.15.135:3300/0 3 ==== mon_map magic: 0 ==== 205+0+0 (secure 0 0 0) 0x7fce84011bb0 con 0x7fce88107a40
2024-05-20T18:27:27.988 INFO:teuthology.orchestra.run.smithi135.stdout:/usr/bin/ceph: stderr
2024-05-20T18:27:27.220+0000 7fce8fd93700 1 -- 172.21.15.135:0/4075863992 >> [v2:172.21.15.135:3300/0,v1:172.21.15.135:6789/0] conn(0x7fce88107a40 msgr2=0x7fce88107e50 secure :-1 s=STATE_CONNECTION_ESTABLISHED l=1).mark_down
