2024-05-20T18:27:33.418+0000 7f6d2affd700 1 --2- 172.21.15.135:0/1643519477 >> [v2:172.21.15.135:3300/0,v1:172.21.15.135:6789/0] conn(0x7f6d2c07bc10 0x7f6d2c10dab0 secure :-1 s=READY pgs=59 cs=0 l=1 rev1=1 crypto rx=0x7f6d1c0098a0 tx=0x7f6d1c009bb0 comp rx=0 tx=0).ready entity=mon.0 client_cookie=493d8b5b2a1b2b07 server_cookie=0 in_seq=0 out_seq=0
2024-05-20T18:27:34.353 INFO:teuthology.orchestra.run.smithi135.stdout:/usr/bin/ceph: stderr
2024-05-20T18:27:33.418+0000 7f6d29ffb700 1 -- 172.21.15.135:0/1643519477 <== mon.0 v2:172.21.15.135:3300/0 1 ==== mon_map magic: 0 ==== 205+0+0 (secure 0 0 0) 0x7f6d1c004160 con 0x7f6d2c07bc10
2024-05-20T18:27:34.353 INFO:teuthology.orchestra.run.smithi135.stdout:/usr/bin/ceph: stderr
2024-05-20T18:27:33.418+0000 7f6d29ffb700 1 -- 172.21.15.135:0/1643519477 <== mon.0 v2:172.21.15.135:3300/0 2 ==== config(28 keys) ==== 1171+0+0 (secure 0 0 0) 0x7f6d1c004300 con 0x7f6d2c07bc10
2024-05-20T18:27:34.354 INFO:teuthology.orchestra.run.smithi135.stdout:/usr/bin/ceph: stderr
2024-05-20T18:27:33.418+0000 7f6d29ffb700 1 -- 172.21.15.135:0/1643519477 <== mon.0 v2:172.21.15.135:3300/0 3 ==== mon_map magic: 0 ==== 205+0+0 (secure 0 0 0) 0x7f6d1c011bb0 con 0x7f6d2c07bc10
2024-05-20T18:27:34.354 INFO:teuthology.orchestra.run.smithi135.stdout:/usr/bin/ceph: stderr
2024-05-20T18:27:33.419+0000 7f6d31952700 1 -- 172.21.15.135:0/1643519477 >> [v2:172.21.15.135:3300/0,v1:172.21.15.135:6789/0] conn(0x7f6d2c07bc10 msgr2=0x7f6d2c10dab0 secure :-1 s=STATE_CONNECTION_ESTABLISHED l=1).mark_down
2024-05-20T18:27:34.354 INFO:teuthology.orchestra.run.smithi135.stdout:/usr/bin/ceph: stderr
2024-05-20T18:27:33.419+0000 7f6d31952700 1 --2- 172.21.15.135:0/1643519477 >> [v2:172.21.15.135:3300/0,v1:172.21.15.135:6789/0] conn(0x7f6d2c07bc10 0x7f6d2c10dab0 secure :-1 s=READY pgs=59 cs=0 l=1 rev1=1 crypto rx=0x7f6d1c0098a0 tx=0x7f6d1c009bb0 comp rx=0 tx=0).stop
2024-05-20T18:27:34.354 INFO:teuthology.orchestra.run.smithi135.stdout:/usr/bin/ceph: stderr
2024-05-20T18:27:33.419+0000 7f6d31952700 1 -- 172.21.15.135:0/1643519477 shutdown_connections
2024-05-20T18:27:34.354 INFO:teuthology.orchestra.run.smithi135.stdout:/usr/bin/ceph: stderr
2024-05-20T18:27:33.419+0000 7f6d31952700 1 --2- 172.21.15.135:0/1643519477 >> [v2:172.21.15.135:3300/0,v1:172.21.15.135:6789/0] conn(0x7f6d2c07bc10 0x7f6d2c10dab0 unknown :-1 s=CLOSED pgs=59 cs=0 l=1 rev1=1 crypto rx=0 tx=0 comp rx=0 tx=0).stop
2024-05-20T18:27:34.354 INFO:teuthology.orchestra.run.smithi135.stdout:/usr/bin/ceph: stderr
2024-05-20T18:27:33.419+0000 7f6d31952700 1 -- 172.21.15.135:0/1643519477 >> 172.21.15.135:0/1643519477 conn(0x7f6d2c1031a0 msgr2=0x7f6d2c1055f0 unknown :-1 s=STATE_NONE l=0).mark_down
2024-05-20T18:27:34.354 INFO:teuthology.orchestra.run.smithi135.stdout:/usr/bin/ceph: stderr
2024-05-20T18:27:33.419+0000 7f6d31952700 1 -- 172.21.15.135:0/1643519477 shutdown_connections
2024-05-20T18:27:34.354 INFO:teuthology.orchestra.run.smithi135.stdout:/usr/bin/ceph: stderr
2024-05-20T18:27:33.419+0000 7f6d31952700 1 -- 172.21.15.135:0/1643519477 wait complete.
2024-05-20T18:27:34.354 INFO:teuthology.orchestra.run.smithi135.stdout:/usr/bin/ceph: stderr
2024-05-20T18:27:33.420+0000 7f6d31952700 1 Processor -- start
2024-05-20T18:27:34.354 INFO:teuthology.orchestra.run.smithi135.stdout:/usr/bin/ceph: stderr
2024-05-20T18:27:33.420+0000 7f6d31952700 1 -- start start
2024-05-20T18:27:34.355 INFO:teuthology.orchestra.run.smithi135.stdout:/usr/bin/ceph: stderr
2024-05-20T18:27:33.420+0000 7f6d31952700 1 --2- >> [v2:172.21.15.135:3300/0,v1:172.21.15.135:6789/0] conn(0x7f6d2c07bc10 0x7f6d2c19f0d0 unknown :-1 s=NONE pgs=0 cs=0 l=1 rev1=0 crypto rx=0 tx=0 comp rx=0 tx=0).connect
2024-05-20T18:27:34.355 INFO:teuthology.orchestra.run.smithi135.stdout:/usr/bin/ceph: stderr
2024-05-20T18:27:33.420+0000 7f6d31952700 1 -- --> [v2:172.21.15.135:3300/0,v1:172.21.15.135:6789/0] -- mon_getmap magic: 0 -- 0x7f6d2c10f180 con 0x7f6d2c07bc10
2024-05-20T18:27:34.355 INFO:teuthology.orchestra.run.smithi135.stdout:/usr/bin/ceph: stderr
2024-05-20T18:27:33.420+0000 7f6d2affd700 1 --2- >> [v2:172.21.15.135:3300/0,v1:172.21.15.135:6789/0] conn(0x7f6d2c07bc10 0x7f6d2c19f0d0 unknown :-1 s=BANNER_CONNECTING pgs=0 cs=0 l=1 rev1=0 crypto rx=0 tx=0 comp rx=0 tx=0)._handle_peer_banner_payload supported=3 required=0
2024-05-20T18:27:34.355 INFO:teuthology.orchestra.run.smithi135.stdout:/usr/bin/ceph: stderr
2024-05-20T18:27:33.420+0000 7f6d2affd700 1 --2- >> [v2:172.21.15.135:3300/0,v1:172.21.15.135:6789/0] conn(0x7f6d2c07bc10 0x7f6d2c19f0d0 unknown :-1 s=HELLO_CONNECTING pgs=0 cs=0 l=1 rev1=1 crypto rx=0 tx=0 comp rx=0 tx=0).handle_hello peer v2:172.21.15.135:3300/0 says I am v2:172.21.15.135:36934/0 (socket says 172.21.15.135:36934)
2024-05-20T18:27:34.355 INFO:teuthology.orchestra.run.smithi135.stdout:/usr/bin/ceph: stderr
2024-05-20T18:27:33.420+0000 7f6d2affd700 1 -- 172.21.15.135:0/2998626521 learned_addr learned my addr 172.21.15.135:0/2998626521 (peer_addr_for_me v2:172.21.15.135:0/0)
2024-05-20T18:27:34.355 INFO:teuthology.orchestra.run.smithi135.stdout:/usr/bin/ceph: stderr
2024-05-20T18:27:33.421+0000 7f6d2affd700 1 -- 172.21.15.135:0/2998626521 --> [v2:172.21.15.135:3300/0,v1:172.21.15.135:6789/0] -- mon_subscribe({config=0+,monmap=0+}) -- 0x7f6d2c19f610 con 0x7f6d2c07bc10
2024-05-20T18:27:34.355 INFO:teuthology.orchestra.run.smithi135.stdout:/usr/bin/ceph: stderr
2024-05-20T18:27:33.421+0000 7f6d2affd700 1 --2- 172.21.15.135:0/2998626521 >> [v2:172.21.15.135:3300/0,v1:172.21.15.135:6789/0] conn(0x7f6d2c07bc10 0x7f6d2c19f0d0 secure :-1 s=READY pgs=60 cs=0 l=1 rev1=1 crypto rx=0x7f6d1c011810 tx=0x7f6d1c011bc0 comp rx=0 tx=0).ready entity=mon.0 client_cookie=0 server_cookie=0 in_seq=0 out_seq=0
2024-05-20T18:27:34.355 INFO:teuthology.orchestra.run.smithi135.stdout:/usr/bin/ceph: stderr
2024-05-20T18:27:33.421+0000 7f6d30950700 1 -- 172.21.15.135:0/2998626521 <== mon.0 v2:172.21.15.135:3300/0 1 ==== mon_map magic: 0 ==== 205+0+0 (secure 0 0 0) 0x7f6d1c0039c0 con 0x7f6d2c07bc10
2024-05-20T18:27:34.355 INFO:teuthology.orchestra.run.smithi135.stdout:/usr/bin/ceph: stderr
2024-05-20T18:27:33.421+0000 7f6d30950700 1 -- 172.21.15.135:0/2998626521 <== mon.0 v2:172.21.15.135:3300/0 2 ==== config(28 keys) ==== 1171+0+0 (secure 0 0 0) 0x7f6d1c003b60 con 0x7f6d2c07bc10
2024-05-20T18:27:34.355 INFO:teuthology.orchestra.run.smithi135.stdout:/usr/bin/ceph: stderr
2024-05-20T18:27:33.421+0000 7f6d31952700 1 -- 172.21.15.135:0/2998626521 --> [v2:172.21.15.135:3300/0,v1:172.21.15.135:6789/0] -- mon_subscribe({mgrmap=0+}) -- 0x7f6d2c19f8a0 con 0x7f6d2c07bc10
2024-05-20T18:27:34.355 INFO:teuthology.orchestra.run.smithi135.stdout:/usr/bin/ceph: stderr
2024-05-20T18:27:33.421+0000 7f6d30950700 1 -- 172.21.15.135:0/2998626521 <== mon.0 v2:172.21.15.135:3300/0 3 ==== mon_map magic: 0 ==== 205+0+0 (secure 0 0 0) 0x7f6d1c01a720 con 0x7f6d2c07bc10
2024-05-20T18:27:34.355 INFO:teuthology.orchestra.run.smithi135.stdout:/usr/bin/ceph: stderr
2024-05-20T18:27:33.421+0000 7f6d31952700 1 -- 172.21.15.135:0/2998626521 --> [v2:172.21.15.135:3300/0,v1:172.21.15.135:6789/0] -- mon_subscribe({osdmap=0}) -- 0x7f6d2c1a24b0 con 0x7f6d2c07bc10
2024-05-20T18:27:34.356 INFO:teuthology.orchestra.run.smithi135.stdout:/usr/bin/ceph: stderr
2024-05-20T18:27:33.422+0000 7f6d30950700 1 -- 172.21.15.135:0/2998626521 <== mon.0 v2:172.21.15.135:3300/0 4 ==== mgrmap(e 9) ==== 46300+0+0 (secure 0 0 0) 0x7f6d1c01aa20 con 0x7f6d2c07bc10
2024-05-20T18:27:34.356 INFO:teuthology.orchestra.run.smithi135.stdout:/usr/bin/ceph: stderr
2024-05-20T18:27:33.422+0000 7f6d31952700 1 -- 172.21.15.135:0/2998626521 --> [v2:172.21.15.135:3300/0,v1:172.21.15.135:6789/0] -- mon_command({"prefix": "get_command_descriptions"} v 0) -- 0x7f6d2c063ca0 con 0x7f6d2c07bc10
2024-05-20T18:27:34.356 INFO:teuthology.orchestra.run.smithi135.stdout:/usr/bin/ceph: stderr
2024-05-20T18:27:33.422+0000 7f6d30950700 1 --2- 172.21.15.135:0/2998626521 >> [v2:172.21.15.135:6800/1788918017,v1:172.21.15.135:6801/1788918017] conn(0x7f6d14039110 0x7f6d1403b620 unknown :-1 s=NONE pgs=0 cs=0 l=1 rev1=0 crypto rx=0 tx=0 comp rx=0 tx=0).connect
2024-05-20T18:27:34.356 INFO:teuthology.orchestra.run.smithi135.stdout:/usr/bin/ceph: stderr
2024-05-20T18:27:33.422+0000 7f6d30950700 1 -- 172.21.15.135:0/2998626521 <== mon.0 v2:172.21.15.135:3300/0 5 ==== osd_map(2..2 src has 1..2) ==== 940+0+0 (secure 0 0 0) 0x7f6d1c024840 con 0x7f6d2c07bc10
2024-05-20T18:27:34.356 INFO:teuthology.orchestra.run.smithi135.stdout:/usr/bin/ceph: stderr
2024-05-20T18:27:33.422+0000 7f6d2a7fc700 1 -- 172.21.15.135:0/2998626521 >> [v2:172.21.15.135:6800/1788918017,v1:172.21.15.135:6801/1788918017] conn(0x7f6d14039110 msgr2=0x7f6d1403b620 unknown :-1 s=STATE_CONNECTING_RE l=1).process reconnect failed to v2:172.21.15.135:6800/1788918017
2024-05-20T18:27:34.356 INFO:teuthology.orchestra.run.smithi135.stdout:/usr/bin/ceph: stderr
2024-05-20T18:27:33.422+0000 7f6d2a7fc700 1 --2- 172.21.15.135:0/2998626521 >> [v2:172.21.15.135:6800/1788918017,v1:172.21.15.135:6801/1788918017] conn(0x7f6d14039110 0x7f6d1403b620 unknown :-1 s=START_CONNECT pgs=0 cs=0 l=1 rev1=0 crypto rx=0 tx=0 comp rx=0 tx=0)._fault waiting 0.200000
2024-05-20T18:27:34.356 INFO:teuthology.orchestra.run.smithi135.stdout:/usr/bin/ceph: stderr
2024-05-20T18:27:33.427+0000 7f6d30950700 1 -- 172.21.15.135:0/2998626521 <== mon.0 v2:172.21.15.135:3300/0 6 ==== mon_command_ack([{"prefix": "get_command_descriptions"}]=0 v0) ==== 72+0+186418 (secure 0 0 0) 0x7f6d1c019c70 con 0x7f6d2c07bc10
2024-05-20T18:27:34.356 INFO:teuthology.orchestra.run.smithi135.stdout:/usr/bin/ceph: stderr
2024-05-20T18:27:33.623+0000 7f6d2a7fc700 1 -- 172.21.15.135:0/2998626521 >> [v2:172.21.15.135:6800/1788918017,v1:172.21.15.135:6801/1788918017] conn(0x7f6d14039110 msgr2=0x7f6d1403b620 unknown :-1 s=STATE_CONNECTING_RE l=1).process reconnect failed to v2:172.21.15.135:6800/1788918017
2024-05-20T18:27:34.356 INFO:teuthology.orchestra.run.smithi135.stdout:/usr/bin/ceph: stderr
2024-05-20T18:27:33.623+0000 7f6d2a7fc700 1 --2- 172.21.15.135:0/2998626521 >> [v2:172.21.15.135:6800/1788918017,v1:172.21.15.135:6801/1788918017] conn(0x7f6d14039110 0x7f6d1403b620 unknown :-1 s=START_CONNECT pgs=0 cs=0 l=1 rev1=0 crypto rx=0 tx=0 comp rx=0 tx=0)._fault waiting 0.400000
2024-05-20T18:27:34.356 INFO:teuthology.orchestra.run.smithi135.stdout:/usr/bin/ceph: stderr
2024-05-20T18:27:33.685+0000 7f6d31952700 1 -- 172.21.15.135:0/2998626521 --> [v2:172.21.15.135:3300/0,v1:172.21.15.135:6789/0] -- mon_command({"prefix": "mgr stat"} v 0) -- 0x7f6d2c1a2680 con 0x7f6d2c07bc10
2024-05-20T18:27:34.356 INFO:teuthology.orchestra.run.smithi135.stdout:/usr/bin/ceph: stderr
2024-05-20T18:27:33.685+0000 7f6d30950700 1 -- 172.21.15.135:0/2998626521 <== mon.0 v2:172.21.15.135:3300/0 7 ==== mon_command_ack([{"prefix": "mgr stat"}]=0 v9) ==== 56+0+88 (secure 0 0 0) 0x7f6d1c00ba00 con 0x7f6d2c07bc10
2024-05-20T18:27:34.357 INFO:teuthology.orchestra.run.smithi135.stdout:/usr/bin/ceph: stderr
2024-05-20T18:27:33.687+0000 7f6d31952700 1 -- 172.21.15.135:0/2998626521 >> [v2:172.21.15.135:6800/1788918017,v1:172.21.15.135:6801/1788918017] conn(0x7f6d14039110 msgr2=0x7f6d1403b620 unknown :-1 s=STATE_CONNECTING l=1).mark_down
2024-05-20T18:27:34.357 INFO:teuthology.orchestra.run.smithi135.stdout:/usr/bin/ceph: stderr
2024-05-20T18:27:33.687+0000 7f6d31952700 1 --2- 172.21.15.135:0/2998626521 >> [v2:172.21.15.135:6800/1788918017,v1:172.21.15.135:6801/1788918017] conn(0x7f6d14039110 0x7f6d1403b620 unknown :-1 s=START_CONNECT pgs=0 cs=0 l=1 rev1=0 crypto rx=0 tx=0 comp rx=0 tx=0).stop
2024-05-20T18:27:34.357 INFO:teuthology.orchestra.run.smithi135.stdout:/usr/bin/ceph: stderr
2024-05-20T18:27:33.687+0000 7f6d31952700 1 -- 172.21.15.135:0/2998626521 >> [v2:172.21.15.135:3300/0,v1:172.21.15.135:6789/0] conn(0x7f6d2c07bc10 msgr2=0x7f6d2c19f0d0 secure :-1 s=STATE_CONNECTION_ESTABLISHED l=1).mark_down
2024-05-20T18:27:34.357 INFO:teuthology.orchestra.run.smithi135.stdout:/usr/bin/ceph: stderr
2024-05-20T18:27:33.687+0000 7f6d31952700 1 --2- 172.21.15.135:0/2998626521 >> [v2:172.21.15.135:3300/0,v1:172.21.15.135:6789/0] conn(0x7f6d2c07bc10 0x7f6d2c19f0d0 secure :-1 s=READY pgs=60 cs=0 l=1 rev1=1 crypto rx=0x7f6d1c011810 tx=0x7f6d1c011bc0 comp rx=0 tx=0).stop
2024-05-20T18:27:34.357 INFO:teuthology.orchestra.run.smithi135.stdout:/usr/bin/ceph: stderr
2024-05-20T18:27:33.687+0000 7f6d31952700 1 -- 172.21.15.135:0/2998626521 shutdown_connections
2024-05-20T18:27:34.357 INFO:teuthology.orchestra.run.smithi135.stdout:/usr/bin/ceph: stderr
2024-05-20T18:27:33.687+0000 7f6d31952700 1 --2- 172.21.15.135:0/2998626521 >> [v2:172.21.15.135:6800/1788918017,v1:172.21.15.135:6801/1788918017] conn(0x7f6d14039110 0x7f6d1403b620 unknown :-1 s=CLOSED pgs=0 cs=0 l=1 rev1=0 crypto rx=0 tx=0 comp rx=0 tx=0).stop
2024-05-20T18:27:34.357 INFO:teuthology.orchestra.run.smithi135.stdout:/usr/bin/ceph: stderr
2024-05-20T18:27:33.687+0000 7f6d31952700 1 --2- 172.21.15.135:0/2998626521 >> [v2:172.21.15.135:3300/0,v1:172.21.15.135:6789/0] conn(0x7f6d2c07bc10 0x7f6d2c19f0d0 unknown :-1 s=CLOSED pgs=60 cs=0 l=1 rev1=1 crypto rx=0 tx=0 comp rx=0 tx=0).stop
2024-05-20T18:27:34.357 INFO:teuthology.orchestra.run.smithi135.stdout:/usr/bin/ceph: stderr
2024-05-20T18:27:33.687+0000 7f6d31952700 1 -- 172.21.15.135:0/2998626521 >> 172.21.15.135:0/2998626521 conn(0x7f6d2c1031a0 msgr2=0x7f6d2c104a20 unknown :-1 s=STATE_NONE l=0).mark_down
2024-05-20T18:27:34.357 INFO:teuthology.orchestra.run.smithi135.stdout:/usr/bin/ceph: stderr
2024-05-20T18:27:33.688+0000 7f6d31952700 1 -- 172.21.15.135:0/2998626521 shutdown_connections
2024-05-20T18:27:34.358 INFO:teuthology.orchestra.run.smithi135.stdout:/usr/bin/ceph: stderr
2024-05-20T18:27:33.688+0000 7f6d31952700 1 -- 172.21.15.135:0/2998626521 wait complete.
2024-05-20T18:27:34.358 INFO:teuthology.orchestra.run.smithi135.stdout:Waiting for the mgr to restart...
2024-05-20T18:27:34.358 INFO:teuthology.orchestra.run.smithi135.stdout:Waiting for mgr epoch 9...
2024-05-20T18:27:34.573 INFO:journalctl@ceph.mgr.x.smithi135.stdout:May 20 18:27:34 smithi135 ceph-5851bc66-16d6-11ef-bc9a-c7b262605968-mgr-x[32725]:
2024-05-20T18:27:34.305+0000 7fe8df130200 -1 mgr[py] Module iostat has missing NOTIFY_TYPES member
2024-05-20T18:27:34.823 INFO:journalctl@ceph.mgr.x.smithi135.stdout:May 20 18:27:34 smithi135 ceph-5851bc66-16d6-11ef-bc9a-c7b262605968-mgr-x[32725]:
2024-05-20T18:27:34.609+0000 7fe8df130200 -1 mgr[py] Module alerts has missing NOTIFY_TYPES member
2024-05-20T18:27:34.823 INFO:journalctl@ceph.mgr.x.smithi135.stdout:May 20 18:27:34 smithi135 ceph-5851bc66-16d6-11ef-bc9a-c7b262605968-mgr-x[32725]:
2024-05-20T18:27:34.702+0000 7fe8df130200 -1 mgr[py] Module selftest has missing NOTIFY_TYPES member
2024-05-20T18:27:35.110 INFO:journalctl@ceph.mgr.x.smithi135.stdout:May 20 18:27:34 smithi135 ceph-5851bc66-16d6-11ef-bc9a-c7b262605968-mgr-x[32725]:
2024-05-20T18:27:34.916+0000 7fe8df130200 -1 mgr[py] Module pg_autoscaler has missing NOTIFY_TYPES member
2024-05-20T18:27:35.425 INFO:journalctl@ceph.mgr.x.smithi135.stdout:May 20 18:27:35 smithi135 ceph-5851bc66-16d6-11ef-bc9a-c7b262605968-mgr-x[32725]:
2024-05-20T18:27:35.111+0000 7fe8df130200 -1 mgr[py] Module test_orchestrator has missing NOTIFY_TYPES member
2024-05-20T18:27:36.014 INFO:journalctl@ceph.mgr.x.smithi135.stdout:May 20 18:27:35 smithi135 ceph-5851bc66-16d6-11ef-bc9a-c7b262605968-mgr-x[32725]:
2024-05-20T18:27:35.710+0000 7fe8df130200 -1 mgr[py] Module rook has missing NOTIFY_TYPES member
2024-05-20T18:27:36.435 INFO:journalctl@ceph.mgr.x.smithi135.stdout:May 20 18:27:36 smithi135 ceph-5851bc66-16d6-11ef-bc9a-c7b262605968-mgr-x[32725]:
2024-05-20T18:27:36.133+0000 7fe8df130200 -1 mgr[py] Module volumes has missing NOTIFY_TYPES member
2024-05-20T18:27:36.435 INFO:journalctl@ceph.mgr.x.smithi135.stdout:May 20 18:27:36 smithi135 ceph-5851bc66-16d6-11ef-bc9a-c7b262605968-mgr-x[32725]:
2024-05-20T18:27:36.232+0000 7fe8df130200 -1 mgr[py] Module crash has missing NOTIFY_TYPES member
2024-05-20T18:27:36.435 INFO:journalctl@ceph.mgr.x.smithi135.stdout:May 20 18:27:36 smithi135 ceph-5851bc66-16d6-11ef-bc9a-c7b262605968-mgr-x[32725]:
2024-05-20T18:27:36.436+0000 7fe8df130200 -1 mgr[py] Module rgw has missing NOTIFY_TYPES member
2024-05-20T18:27:37.264 INFO:journalctl@ceph.mgr.x.smithi135.stdout:May 20 18:27:36 smithi135 ceph-5851bc66-16d6-11ef-bc9a-c7b262605968-mgr-x[32725]:
2024-05-20T18:27:36.956+0000 7fe8df130200 -1 mgr[py] Module prometheus has missing NOTIFY_TYPES member
2024-05-20T18:27:37.264 INFO:journalctl@ceph.mgr.x.smithi135.stdout:May 20 18:27:37 smithi135 ceph-5851bc66-16d6-11ef-bc9a-c7b262605968-mgr-x[32725]:
2024-05-20T18:27:37.049+0000 7fe8df130200 -1 mgr[py] Module devicehealth has missing NOTIFY_TYPES member
2024-05-20T18:27:37.646 INFO:journalctl@ceph.mgr.x.smithi135.stdout:May 20 18:27:37 smithi135 ceph-5851bc66-16d6-11ef-bc9a-c7b262605968-mgr-x[32725]:
2024-05-20T18:27:37.294+0000 7fe8df130200 -1 mgr[py] Module telemetry has missing NOTIFY_TYPES member
2024-05-20T18:27:37.646 INFO:journalctl@ceph.mgr.x.smithi135.stdout:May 20 18:27:37 smithi135 ceph-5851bc66-16d6-11ef-bc9a-c7b262605968-mgr-x[32725]:
2024-05-20T18:27:37.428+0000 7fe8df130200 -1 mgr[py] Module diskprediction_local has missing NOTIFY_TYPES member
2024-05-20T18:27:37.646 INFO:journalctl@ceph.mgr.x.smithi135.stdout:May 20 18:27:37 smithi135 ceph-5851bc66-16d6-11ef-bc9a-c7b262605968-mgr-x[32725]:
2024-05-20T18:27:37.525+0000 7fe8df130200 -1 mgr[py] Module osd_perf_query has missing NOTIFY_TYPES member
2024-05-20T18:27:37.646 INFO:journalctl@ceph.mgr.x.smithi135.stdout:May 20 18:27:37 smithi135 ceph-5851bc66-16d6-11ef-bc9a-c7b262605968-mgr-x[32725]:
2024-05-20T18:27:37.647+0000 7fe8df130200 -1 mgr[py] Module rbd_support has missing NOTIFY_TYPES member
2024-05-20T18:27:38.264 INFO:journalctl@ceph.mgr.x.smithi135.stdout:May 20 18:27:37 smithi135 ceph-5851bc66-16d6-11ef-bc9a-c7b262605968-mgr-x[32725]:
2024-05-20T18:27:37.954+0000 7fe8df130200 -1 mgr[py] Module zabbix has missing NOTIFY_TYPES member
2024-05-20T18:27:38.849 INFO:journalctl@ceph.mgr.x.smithi135.stdout:May 20 18:27:38 smithi135 ceph-5851bc66-16d6-11ef-bc9a-c7b262605968-mgr-x[32725]:
2024-05-20T18:27:38.571+0000 7fe8df130200 -1 mgr[py] Module status has missing NOTIFY_TYPES member
2024-05-20T18:27:38.849 INFO:journalctl@ceph.mgr.x.smithi135.stdout:May 20 18:27:38 smithi135 ceph-5851bc66-16d6-11ef-bc9a-c7b262605968-mgr-x[32725]:
2024-05-20T18:27:38.797+0000 7fe8df130200 -1 mgr[py] Module nfs has missing NOTIFY_TYPES member
2024-05-20T18:27:39.264 INFO:journalctl@ceph.mon.a.smithi135.stdout:May 20 18:27:38 smithi135 ceph-mon[32496]: Active manager daemon x restarted
2024-05-20T18:27:39.264 INFO:journalctl@ceph.mon.a.smithi135.stdout:May 20 18:27:38 smithi135 ceph-mon[32496]: Activating manager daemon x
2024-05-20T18:27:39.264 INFO:journalctl@ceph.mon.a.smithi135.stdout:May 20 18:27:38 smithi135 ceph-mon[32496]: osdmap e3: 0 total, 0 up, 0 in
2024-05-20T18:27:39.265 INFO:journalctl@ceph.mon.a.smithi135.stdout:May 20 18:27:38 smithi135 ceph-mon[32496]: mgrmap e10: x(active, starting, since 0.00393479s)
2024-05-20T18:27:39.265 INFO:journalctl@ceph.mon.a.smithi135.stdout:May 20 18:27:38 smithi135 ceph-mon[32496]: from='mgr.14152 172.21.15.135:0/3022960777' entity='mgr.x' cmd=[{"prefix": "mon metadata", "id": "a"}]: dispatch
2024-05-20T18:27:39.265 INFO:journalctl@ceph.mon.a.smithi135.stdout:May 20 18:27:38 smithi135 ceph-mon[32496]: from='mgr.14152 172.21.15.135:0/3022960777' entity='mgr.x' cmd=[{"prefix": "mgr metadata", "who": "x", "id": "x"}]: dispatch
2024-05-20T18:27:39.265 INFO:journalctl@ceph.mon.a.smithi135.stdout:May 20 18:27:38 smithi135 ceph-mon[32496]: from='mgr.14152 172.21.15.135:0/3022960777' entity='mgr.x' cmd=[{"prefix": "mds metadata"}]: dispatch
2024-05-20T18:27:39.265 INFO:journalctl@ceph.mon.a.smithi135.stdout:May 20 18:27:38 smithi135 ceph-mon[32496]: from='mgr.14152 172.21.15.135:0/3022960777' entity='mgr.x' cmd=[{"prefix": "osd metadata"}]: dispatch
2024-05-20T18:27:39.265 INFO:journalctl@ceph.mon.a.smithi135.stdout:May 20 18:27:38 smithi135 ceph-mon[32496]: from='mgr.14152 172.21.15.135:0/3022960777' entity='mgr.x' cmd=[{"prefix": "mon metadata"}]: dispatch
2024-05-20T18:27:39.265 INFO:journalctl@ceph.mon.a.smithi135.stdout:May 20 18:27:38 smithi135 ceph-mon[32496]: Manager daemon x is now available
2024-05-20T18:27:39.265 INFO:journalctl@ceph.mon.a.smithi135.stdout:May 20 18:27:38 smithi135 ceph-mon[32496]: from='mgr.14152 172.21.15.135:0/3022960777' entity='mgr.x' cmd=[{"prefix": "config dump", "format": "json"}]: dispatch
2024-05-20T18:27:39.265 INFO:journalctl@ceph.mon.a.smithi135.stdout:May 20 18:27:38 smithi135 ceph-mon[32496]: from='mgr.14152 172.21.15.135:0/3022960777' entity='mgr.x' cmd=[{"prefix":"config rm","who":"mgr","name":"mgr/rbd_support/x/mirror_snapshot_schedule"}]: dispatch
2024-05-20T18:27:40.014 INFO:journalctl@ceph.mon.a.smithi135.stdout:May 20 18:27:39 smithi135 ceph-mon[32496]: from='mgr.14152 172.21.15.135:0/3022960777' entity='mgr.x' cmd=[{"prefix":"config rm","who":"mgr","name":"mgr/rbd_support/x/trash_purge_schedule"}]: dispatch
2024-05-20T18:27:40.015 INFO:journalctl@ceph.mon.a.smithi135.stdout:May 20 18:27:39 smithi135 ceph-mon[32496]: mgrmap e11: x(active, since 1.0074s)
2024-05-20T18:27:40.720 INFO:teuthology.orchestra.run.smithi135.stdout:/usr/bin/ceph: stdout {
2024-05-20T18:27:40.721 INFO:teuthology.orchestra.run.smithi135.stdout:/usr/bin/ceph: stdout "mgrmap_epoch": 11,
2024-05-20T18:27:40.721 INFO:teuthology.orchestra.run.smithi135.stdout:/usr/bin/ceph: stdout "initialized": true
2024-05-20T18:27:40.721 INFO:teuthology.orchestra.run.smithi135.stdout:/usr/bin/ceph: stdout }
2024-05-20T18:27:40.721 INFO:teuthology.orchestra.run.smithi135.stdout:/usr/bin/ceph: stderr
2024-05-20T18:27:34.818+0000 7f0ef83d0700 1 Processor -- start
2024-05-20T18:27:40.721 INFO:teuthology.orchestra.run.smithi135.stdout:/usr/bin/ceph: stderr
2024-05-20T18:27:34.818+0000 7f0ef83d0700 1 -- start start
2024-05-20T18:27:40.721 INFO:teuthology.orchestra.run.smithi135.stdout:/usr/bin/ceph: stderr
2024-05-20T18:27:34.819+0000 7f0ef83d0700 1 --2- >> [v2:172.21.15.135:3300/0,v1:172.21.15.135:6789/0] conn(0x7f0ef0108fd0 0x7f0ef01093e0 unknown :-1 s=NONE pgs=0 cs=0 l=0 rev1=0 crypto rx=0 tx=0 comp rx=0 tx=0).connect
2024-05-20T18:27:40.721 INFO:teuthology.orchestra.run.smithi135.stdout:/usr/bin/ceph: stderr
2024-05-20T18:27:34.819+0000 7f0ef83d0700 1 -- --> [v2:172.21.15.135:3300/0,v1:172.21.15.135:6789/0] -- mon_getmap magic: 0 -- 0x7f0ef01099b0 con 0x7f0ef0108fd0
2024-05-20T18:27:40.721 INFO:teuthology.orchestra.run.smithi135.stdout:/usr/bin/ceph: stderr
2024-05-20T18:27:34.819+0000 7f0ef616c700 1 --2- >> [v2:172.21.15.135:3300/0,v1:172.21.15.135:6789/0] conn(0x7f0ef0108fd0 0x7f0ef01093e0 unknown :-1 s=BANNER_CONNECTING pgs=0 cs=0 l=0 rev1=0 crypto rx=0 tx=0 comp rx=0 tx=0)._handle_peer_banner_payload supported=3 required=0
2024-05-20T18:27:40.721 INFO:teuthology.orchestra.run.smithi135.stdout:/usr/bin/ceph: stderr
2024-05-20T18:27:34.819+0000 7f0ef616c700 1 --2- >> [v2:172.21.15.135:3300/0,v1:172.21.15.135:6789/0] conn(0x7f0ef0108fd0 0x7f0ef01093e0 unknown :-1 s=HELLO_CONNECTING pgs=0 cs=0 l=0 rev1=1 crypto rx=0 tx=0 comp rx=0 tx=0).handle_hello peer v2:172.21.15.135:3300/0 says I am v2:172.21.15.135:36940/0 (socket says 172.21.15.135:36940)
2024-05-20T18:27:40.721 INFO:teuthology.orchestra.run.smithi135.stdout:/usr/bin/ceph: stderr
2024-05-20T18:27:34.819+0000 7f0ef616c700 1 -- 172.21.15.135:0/1216597043 learned_addr learned my addr 172.21.15.135:0/1216597043 (peer_addr_for_me v2:172.21.15.135:0/0)
2024-05-20T18:27:40.721 INFO:teuthology.orchestra.run.smithi135.stdout:/usr/bin/ceph: stderr
2024-05-20T18:27:34.819+0000 7f0ef616c700 1 -- 172.21.15.135:0/1216597043 --> [v2:172.21.15.135:3300/0,v1:172.21.15.135:6789/0] -- mon_subscribe({config=0+,monmap=0+}) -- 0x7f0ef0109b30 con 0x7f0ef0108fd0
2024-05-20T18:27:40.721 INFO:teuthology.orchestra.run.smithi135.stdout:/usr/bin/ceph: stderr
2024-05-20T18:27:34.819+0000 7f0ef616c700 1 --2- 172.21.15.135:0/1216597043 >> [v2:172.21.15.135:3300/0,v1:172.21.15.135:6789/0] conn(0x7f0ef0108fd0 0x7f0ef01093e0 secure :-1 s=READY pgs=61 cs=0 l=1 rev1=1 crypto rx=0x7f0ee00098a0 tx=0x7f0ee0009bb0 comp rx=0 tx=0).ready entity=mon.0 client_cookie=c8568b31b241eecb server_cookie=0 in_seq=0 out_seq=0
2024-05-20T18:27:40.722 INFO:teuthology.orchestra.run.smithi135.stdout:/usr/bin/ceph: stderr
2024-05-20T18:27:34.820+0000 7f0ef516a700 1 -- 172.21.15.135:0/1216597043 <== mon.0 v2:172.21.15.135:3300/0 1 ==== mon_map magic: 0 ==== 205+0+0 (secure 0 0 0) 0x7f0ee0004160 con 0x7f0ef0108fd0
2024-05-20T18:27:40.722 INFO:teuthology.orchestra.run.smithi135.stdout:/usr/bin/ceph: stderr
2024-05-20T18:27:34.820+0000 7f0ef516a700 1 -- 172.21.15.135:0/1216597043 <== mon.0 v2:172.21.15.135:3300/0 2 ==== config(28 keys) ==== 1171+0+0 (secure 0 0 0) 0x7f0ee0004300 con 0x7f0ef0108fd0
2024-05-20T18:27:40.722 INFO:teuthology.orchestra.run.smithi135.stdout:/usr/bin/ceph: stderr
2024-05-20T18:27:34.820+0000 7f0ef516a700 1 -- 172.21.15.135:0/1216597043 <== mon.0 v2:172.21.15.135:3300/0 3 ==== mon_map magic: 0 ==== 205+0+0 (secure 0 0 0) 0x7f0ee0011bb0 con 0x7f0ef0108fd0
2024-05-20T18:27:40.722 INFO:teuthology.orchestra.run.smithi135.stdout:/usr/bin/ceph: stderr
2024-05-20T18:27:34.821+0000 7f0ef83d0700 1 -- 172.21.15.135:0/1216597043 >> [v2:172.21.15.135:3300/0,v1:172.21.15.135:6789/0] conn(0x7f0ef0108fd0 msgr2=0x7f0ef01093e0 secure :-1 s=STATE_CONNECTION_ESTABLISHED l=1).mark_down
2024-05-20T18:27:40.722 INFO:teuthology.orchestra.run.smithi135.stdout:/usr/bin/ceph: stderr
2024-05-20T18:27:34.821+0000 7f0ef83d0700 1 --2- 172.21.15.135:0/1216597043 >> [v2:172.21.15.135:3300/0,v1:172.21.15.135:6789/0] conn(0x7f0ef0108fd0 0x7f0ef01093e0 secure :-1 s=READY pgs=61 cs=0 l=1 rev1=1 crypto rx=0x7f0ee00098a0 tx=0x7f0ee0009bb0 comp rx=0 tx=0).stop
2024-05-20T18:27:40.722 INFO:teuthology.orchestra.run.smithi135.stdout:/usr/bin/ceph: stderr
2024-05-20T18:27:34.821+0000 7f0ef83d0700 1 -- 172.21.15.135:0/1216597043 shutdown_connections
2024-05-20T18:27:40.722 INFO:teuthology.orchestra.run.smithi135.stdout:/usr/bin/ceph: stderr
2024-05-20T18:27:34.821+0000 7f0ef83d0700 1 --2- 172.21.15.135:0/1216597043 >> [v2:172.21.15.135:3300/0,v1:172.21.15.135:6789/0] conn(0x7f0ef0108fd0 0x7f0ef01093e0 unknown :-1 s=CLOSED pgs=61 cs=0 l=1 rev1=1 crypto rx=0 tx=0 comp rx=0 tx=0).stop
2024-05-20T18:27:40.722 INFO:teuthology.orchestra.run.smithi135.stdout:/usr/bin/ceph: stderr
2024-05-20T18:27:34.821+0000 7f0ef83d0700 1 -- 172.21.15.135:0/1216597043 >> 172.21.15.135:0/1216597043 conn(0x7f0ef01028f0 msgr2=0x7f0ef0104d40 unknown :-1 s=STATE_NONE l=0).mark_down
2024-05-20T18:27:40.722 INFO:teuthology.orchestra.run.smithi135.stdout:/usr/bin/ceph: stderr
2024-05-20T18:27:34.821+0000 7f0ef83d0700 1 -- 172.21.15.135:0/1216597043 shutdown_connections
2024-05-20T18:27:40.722 INFO:teuthology.orchestra.run.smithi135.stdout:/usr/bin/ceph: stderr
2024-05-20T18:27:34.821+0000 7f0ef83d0700 1 -- 172.21.15.135:0/1216597043 wait complete.
2024-05-20T18:27:40.722 INFO:teuthology.orchestra.run.smithi135.stdout:/usr/bin/ceph: stderr
2024-05-20T18:27:34.821+0000 7f0ef83d0700 1 Processor -- start
2024-05-20T18:27:40.722 INFO:teuthology.orchestra.run.smithi135.stdout:/usr/bin/ceph: stderr
2024-05-20T18:27:34.822+0000 7f0ef83d0700 1 -- start start
2024-05-20T18:27:40.723 INFO:teuthology.orchestra.run.smithi135.stdout:/usr/bin/ceph: stderr
2024-05-20T18:27:34.822+0000 7f0ef83d0700 1 --2- >> [v2:172.21.15.135:3300/0,v1:172.21.15.135:6789/0] conn(0x7f0ef0108fd0 0x7f0ef01075c0 unknown :-1 s=NONE pgs=0 cs=0 l=1 rev1=0 crypto rx=0 tx=0 comp rx=0 tx=0).connect
2024-05-20T18:27:40.723 INFO:teuthology.orchestra.run.smithi135.stdout:/usr/bin/ceph: stderr
2024-05-20T18:27:34.822+0000 7f0ef83d0700 1 -- --> [v2:172.21.15.135:3300/0,v1:172.21.15.135:6789/0] -- mon_getmap magic: 0 -- 0x7f0ef010bf30 con 0x7f0ef0108fd0
2024-05-20T18:27:40.723 INFO:teuthology.orchestra.run.smithi135.stdout:/usr/bin/ceph: stderr
2024-05-20T18:27:34.822+0000 7f0ef616c700 1 --2- >> [v2:172.21.15.135:3300/0,v1:172.21.15.135:6789/0] conn(0x7f0ef0108fd0 0x7f0ef01075c0 unknown :-1 s=BANNER_CONNECTING pgs=0 cs=0 l=1 rev1=0 crypto rx=0 tx=0 comp rx=0 tx=0)._handle_peer_banner_payload supported=3 required=0
2024-05-20T18:27:40.723 INFO:teuthology.orchestra.run.smithi135.stdout:/usr/bin/ceph: stderr
2024-05-20T18:27:34.822+0000 7f0ef616c700 1 --2- >> [v2:172.21.15.135:3300/0,v1:172.21.15.135:6789/0] conn(0x7f0ef0108fd0 0x7f0ef01075c0 unknown :-1 s=HELLO_CONNECTING pgs=0 cs=0 l=1 rev1=1 crypto rx=0 tx=0 comp rx=0 tx=0).handle_hello peer v2:172.21.15.135:3300/0 says I am v2:172.21.15.135:36944/0 (socket says 172.21.15.135:36944)
2024-05-20T18:27:40.723 INFO:teuthology.orchestra.run.smithi135.stdout:/usr/bin/ceph: stderr
2024-05-20T18:27:34.822+0000 7f0ef616c700 1 -- 172.21.15.135:0/3988074265 learned_addr learned my addr 172.21.15.135:0/3988074265 (peer_addr_for_me v2:172.21.15.135:0/0)
2024-05-20T18:27:40.723 INFO:teuthology.orchestra.run.smithi135.stdout:/usr/bin/ceph: stderr
2024-05-20T18:27:34.822+0000 7f0ef616c700 1 -- 172.21.15.135:0/3988074265 --> [v2:172.21.15.135:3300/0,v1:172.21.15.135:6789/0] -- mon_subscribe({config=0+,monmap=0+}) -- 0x7f0ef0107b00 con 0x7f0ef0108fd0
2024-05-20T18:27:40.723 INFO:teuthology.orchestra.run.smithi135.stdout:/usr/bin/ceph: stderr
2024-05-20T18:27:34.822+0000 7f0ef616c700 1 --2- 172.21.15.135:0/3988074265 >> [v2:172.21.15.135:3300/0,v1:172.21.15.135:6789/0] conn(0x7f0ef0108fd0 0x7f0ef01075c0 secure :-1 s=READY pgs=62 cs=0 l=1 rev1=1 crypto rx=0x7f0ee0000c00 tx=0x7f0ee0011c70 comp rx=0 tx=0).ready entity=mon.0 client_cookie=0 server_cookie=0 in_seq=0 out_seq=0
2024-05-20T18:27:40.723 INFO:teuthology.orchestra.run.smithi135.stdout:/usr/bin/ceph: stderr
2024-05-20T18:27:34.822+0000 7f0ee77fe700 1 -- 172.21.15.135:0/3988074265 <== mon.0 v2:172.21.15.135:3300/0 1 ==== mon_map magic: 0 ==== 205+0+0 (secure 0 0 0) 0x7f0ee0011e60 con 0x7f0ef0108fd0
2024-05-20T18:27:40.723 INFO:teuthology.orchestra.run.smithi135.stdout:/usr/bin/ceph: stderr
2024-05-20T18:27:34.822+0000 7f0ee77fe700 1 -- 172.21.15.135:0/3988074265 <== mon.0 v2:172.21.15.135:3300/0 2 ==== config(28 keys) ==== 1171+0+0 (secure 0 0 0) 0x7f0ee0003b20 con 0x7f0ef0108fd0
2024-05-20T18:27:40.723 INFO:teuthology.orchestra.run.smithi135.stdout:/usr/bin/ceph: stderr
2024-05-20T18:27:34.822+0000 7f0ef83d0700 1 -- 172.21.15.135:0/3988074265 --> [v2:172.21.15.135:3300/0,v1:172.21.15.135:6789/0] -- mon_subscribe({mgrmap=0+}) -- 0x7f0ef019fc40 con 0x7f0ef0108fd0
2024-05-20T18:27:40.723 INFO:teuthology.orchestra.run.smithi135.stdout:/usr/bin/ceph: stderr
2024-05-20T18:27:34.823+0000 7f0ee77fe700 1 -- 172.21.15.135:0/3988074265 <== mon.0 v2:172.21.15.135:3300/0 3 ==== mon_map magic: 0 ==== 205+0+0 (secure 0 0 0) 0x7f0ee0024760 con 0x7f0ef0108fd0
2024-05-20T18:27:40.723 INFO:teuthology.orchestra.run.smithi135.stdout:/usr/bin/ceph: stderr
2024-05-20T18:27:34.823+0000 7f0ef83d0700 1 -- 172.21.15.135:0/3988074265 --> [v2:172.21.15.135:3300/0,v1:172.21.15.135:6789/0] -- mon_subscribe({osdmap=0}) -- 0x7f0ef01a00a0 con 0x7f0ef0108fd0
2024-05-20T18:27:40.723 INFO:teuthology.orchestra.run.smithi135.stdout:/usr/bin/ceph: stderr
2024-05-20T18:27:34.824+0000 7f0ee77fe700 1 -- 172.21.15.135:0/3988074265 <== mon.0 v2:172.21.15.135:3300/0 4 ==== mgrmap(e 9) ==== 46300+0+0 (secure 0 0 0) 0x7f0ee0022020 con 0x7f0ef0108fd0
2024-05-20T18:27:40.724 INFO:teuthology.orchestra.run.smithi135.stdout:/usr/bin/ceph: stderr
2024-05-20T18:27:34.824+0000 7f0ee77fe700 1 --2- 172.21.15.135:0/3988074265 >> [v2:172.21.15.135:6800/1788918017,v1:172.21.15.135:6801/1788918017] conn(0x7f0edc039160 0x7f0edc03b670 unknown :-1 s=NONE pgs=0 cs=0 l=1 rev1=0 crypto rx=0 tx=0 comp rx=0 tx=0).connect
2024-05-20T18:27:40.724 INFO:teuthology.orchestra.run.smithi135.stdout:/usr/bin/ceph: stderr
2024-05-20T18:27:34.824+0000 7f0ee77fe700 1 -- 172.21.15.135:0/3988074265 --> [v2:172.21.15.135:6800/1788918017,v1:172.21.15.135:6801/1788918017] -- command(tid 0: {"prefix": "get_command_descriptions"}) -- 0x7f0edc03bd80 con 0x7f0edc039160
2024-05-20T18:27:40.724 INFO:teuthology.orchestra.run.smithi135.stdout:/usr/bin/ceph: stderr
2024-05-20T18:27:34.824+0000 7f0ee77fe700 1 -- 172.21.15.135:0/3988074265 <== mon.0 v2:172.21.15.135:3300/0 5 ==== osd_map(2..2 src has 1..2) ==== 940+0+0 (secure 0 0 0) 0x7f0ee004cee0 con 0x7f0ef0108fd0
2024-05-20T18:27:40.724 INFO:teuthology.orchestra.run.smithi135.stdout:/usr/bin/ceph: stderr
2024-05-20T18:27:34.824+0000 7f0ef596b700 1 -- 172.21.15.135:0/3988074265 >> [v2:172.21.15.135:6800/1788918017,v1:172.21.15.135:6801/1788918017] conn(0x7f0edc039160 msgr2=0x7f0edc03b670 unknown :-1 s=STATE_CONNECTING_RE l=1).process reconnect failed to v2:172.21.15.135:6800/1788918017
2024-05-20T18:27:40.725 INFO:teuthology.orchestra.run.smithi135.stdout:/usr/bin/ceph: stderr
2024-05-20T18:27:34.824+0000 7f0ef596b700 1 --2- 172.21.15.135:0/3988074265 >> [v2:172.21.15.135:6800/1788918017,v1:172.21.15.135:6801/1788918017] conn(0x7f0edc039160 0x7f0edc03b670 unknown :-1 s=START_CONNECT pgs=0 cs=0 l=1 rev1=0 crypto rx=0 tx=0 comp rx=0 tx=0)._fault waiting 0.200000
2024-05-20T18:27:40.725 INFO:teuthology.orchestra.run.smithi135.stdout:/usr/bin/ceph: stderr
2024-05-20T18:27:35.025+0000 7f0ef596b700 1 -- 172.21.15.135:0/3988074265 >> [v2:172.21.15.135:6800/1788918017,v1:172.21.15.135:6801/1788918017] conn(0x7f0edc039160 msgr2=0x7f0edc03b670 unknown :-1 s=STATE_CONNECTING_RE l=1).process reconnect failed to v2:172.21.15.135:6800/1788918017
2024-05-20T18:27:40.725 INFO:teuthology.orchestra.run.smithi135.stdout:/usr/bin/ceph: stderr
2024-05-20T18:27:35.025+0000 7f0ef596b700 1 --2- 172.21.15.135:0/3988074265 >> [v2:172.21.15.135:6800/1788918017,v1:172.21.15.135:6801/1788918017] conn(0x7f0edc039160 0x7f0edc03b670 unknown :-1 s=START_CONNECT pgs=0 cs=0 l=1 rev1=0 crypto rx=0 tx=0 comp rx=0 tx=0)._fault waiting 0.400000
2024-05-20T18:27:40.725 INFO:teuthology.orchestra.run.smithi135.stdout:/usr/bin/ceph: stderr
2024-05-20T18:27:35.426+0000 7f0ef596b700 1 -- 172.21.15.135:0/3988074265 >> [v2:172.21.15.135:6800/1788918017,v1:172.21.15.135:6801/1788918017] conn(0x7f0edc039160 msgr2=0x7f0edc03b670 unknown :-1 s=STATE_CONNECTING_RE l=1).process reconnect failed to v2:172.21.15.135:6800/1788918017
2024-05-20T18:27:40.725 INFO:teuthology.orchestra.run.smithi135.stdout:/usr/bin/ceph: stderr
2024-05-20T18:27:35.426+0000 7f0ef596b700 1 --2- 172.21.15.135:0/3988074265 >> [v2:172.21.15.135:6800/1788918017,v1:172.21.15.135:6801/1788918017] conn(0x7f0edc039160 0x7f0edc03b670 unknown :-1 s=START_CONNECT pgs=0 cs=0 l=1 rev1=0 crypto rx=0 tx=0 comp rx=0 tx=0)._fault waiting 0.800000
2024-05-20T18:27:40.725 INFO:teuthology.orchestra.run.smithi135.stdout:/usr/bin/ceph: stderr
2024-05-20T18:27:36.227+0000 7f0ef596b700 1 -- 172.21.15.135:0/3988074265 >> [v2:172.21.15.135:6800/1788918017,v1:172.21.15.135:6801/1788918017] conn(0x7f0edc039160 msgr2=0x7f0edc03b670 unknown :-1 s=STATE_CONNECTING_RE l=1).process reconnect failed to v2:172.21.15.135:6800/1788918017
2024-05-20T18:27:40.725 INFO:teuthology.orchestra.run.smithi135.stdout:/usr/bin/ceph: stderr
2024-05-20T18:27:36.227+0000 7f0ef596b700 1 --2- 172.21.15.135:0/3988074265 >> [v2:172.21.15.135:6800/1788918017,v1:172.21.15.135:6801/1788918017] conn(0x7f0edc039160 0x7f0edc03b670 unknown :-1 s=START_CONNECT pgs=0 cs=0 l=1 rev1=0 crypto rx=0 tx=0 comp rx=0 tx=0)._fault waiting 1.600000
2024-05-20T18:27:40.725 INFO:teuthology.orchestra.run.smithi135.stdout:/usr/bin/ceph: stderr
2024-05-20T18:27:37.828+0000 7f0ef596b700 1 -- 172.21.15.135:0/3988074265 >> [v2:172.21.15.135:6800/1788918017,v1:172.21.15.135:6801/1788918017] conn(0x7f0edc039160 msgr2=0x7f0edc03b670 unknown :-1 s=STATE_CONNECTING_RE l=1).process reconnect failed to v2:172.21.15.135:6800/1788918017
2024-05-20T18:27:40.725 INFO:teuthology.orchestra.run.smithi135.stdout:/usr/bin/ceph: stderr
2024-05-20T18:27:37.828+0000 7f0ef596b700 1 --2- 172.21.15.135:0/3988074265 >> [v2:172.21.15.135:6800/1788918017,v1:172.21.15.135:6801/1788918017] conn(0x7f0edc039160 0x7f0edc03b670 unknown :-1 s=START_CONNECT pgs=0 cs=0 l=1 rev1=0 crypto rx=0 tx=0 comp rx=0 tx=0)._fault waiting 3.200000
2024-05-20T18:27:40.725 INFO:teuthology.orchestra.run.smithi135.stdout:/usr/bin/ceph: stderr
2024-05-20T18:27:38.800+0000 7f0ee77fe700 1 -- 172.21.15.135:0/3988074265 <== mon.0 v2:172.21.15.135:3300/0 6 ==== mgrmap(e 10) ==== 46067+0+0 (secure 0 0 0) 0x7f0ee002d3f0 con 0x7f0ef0108fd0
2024-05-20T18:27:40.725 INFO:teuthology.orchestra.run.smithi135.stdout:/usr/bin/ceph: stderr
2024-05-20T18:27:38.801+0000 7f0ee77fe700 1 -- 172.21.15.135:0/3988074265 >> [v2:172.21.15.135:6800/1788918017,v1:172.21.15.135:6801/1788918017] conn(0x7f0edc039160 msgr2=0x7f0edc03b670 unknown :-1 s=STATE_CONNECTING l=1).mark_down
2024-05-20T18:27:40.725 INFO:teuthology.orchestra.run.smithi135.stdout:/usr/bin/ceph: stderr
2024-05-20T18:27:38.801+0000 7f0ee77fe700 1 --2- 172.21.15.135:0/3988074265 >> [v2:172.21.15.135:6800/1788918017,v1:172.21.15.135:6801/1788918017] conn(0x7f0edc039160 0x7f0edc03b670 unknown :-1 s=START_CONNECT pgs=0 cs=0 l=1 rev1=0 crypto rx=0 tx=0 comp rx=0 tx=0).stop
2024-05-20T18:27:40.725 INFO:teuthology.orchestra.run.smithi135.stdout:/usr/bin/ceph: stderr
2024-05-20T18:27:39.802+0000 7f0ee77fe700 1 -- 172.21.15.135:0/3988074265 <== mon.0 v2:172.21.15.135:3300/0 7 ==== mgrmap(e 11) ==== 46194+0+0 (secure 0 0 0) 0x7f0ee004e9f0 con 0x7f0ef0108fd0
2024-05-20T18:27:40.726 INFO:teuthology.orchestra.run.smithi135.stdout:/usr/bin/ceph: stderr
2024-05-20T18:27:39.802+0000 7f0ee77fe700 1 --2- 172.21.15.135:0/3988074265 >> [v2:172.21.15.135:6800/593411262,v1:172.21.15.135:6801/593411262] conn(0x7f0ee004ca70 0x7f0edc03ec80 unknown :-1 s=NONE pgs=0 cs=0 l=1 rev1=0 crypto rx=0 tx=0 comp rx=0 tx=0).connect
2024-05-20T18:27:40.726 INFO:teuthology.orchestra.run.smithi135.stdout:/usr/bin/ceph: stderr
2024-05-20T18:27:39.802+0000 7f0ee77fe700 1 -- 172.21.15.135:0/3988074265 --> [v2:172.21.15.135:6800/593411262,v1:172.21.15.135:6801/593411262] -- command(tid 0: {"prefix": "get_command_descriptions"}) -- 0x7f0ee000af30 con 0x7f0ee004ca70
2024-05-20T18:27:40.726 INFO:teuthology.orchestra.run.smithi135.stdout:/usr/bin/ceph: stderr
2024-05-20T18:27:39.803+0000 7f0ef596b700 1 --2- 172.21.15.135:0/3988074265 >> [v2:172.21.15.135:6800/593411262,v1:172.21.15.135:6801/593411262] conn(0x7f0ee004ca70 0x7f0edc03ec80 unknown :-1 s=BANNER_CONNECTING pgs=0 cs=0 l=1 rev1=0 crypto rx=0 tx=0 comp rx=0 tx=0)._handle_peer_banner_payload supported=3 required=0
2024-05-20T18:27:40.726 INFO:teuthology.orchestra.run.smithi135.stdout:/usr/bin/ceph: stderr
2024-05-20T18:27:39.804+0000 7f0ef596b700 1 --2- 172.21.15.135:0/3988074265 >> [v2:172.21.15.135:6800/593411262,v1:172.21.15.135:6801/593411262] conn(0x7f0ee004ca70 0x7f0edc03ec80 secure :-1 s=READY pgs=3 cs=0 l=1 rev1=1 crypto rx=0x7f0eec003a10 tx=0x7f0eec0092b0 comp rx=0 tx=0).ready entity=mgr.14152 client_cookie=0 server_cookie=0 in_seq=0 out_seq=0
2024-05-20T18:27:40.726 INFO:teuthology.orchestra.run.smithi135.stdout:/usr/bin/ceph: stderr
2024-05-20T18:27:39.804+0000 7f0ee77fe700 1 -- 172.21.15.135:0/3988074265 <== mgr.14152 v2:172.21.15.135:6800/593411262 1 ==== command_reply(tid 0: 0 ) ==== 8+0+7774 (secure 0 0 0) 0x7f0ee000af30 con 0x7f0ee004ca70
2024-05-20T18:27:40.726 INFO:teuthology.orchestra.run.smithi135.stdout:/usr/bin/ceph: stderr
2024-05-20T18:27:39.815+0000 7f0ef83d0700 1 -- 172.21.15.135:0/3988074265 --> [v2:172.21.15.135:6800/593411262,v1:172.21.15.135:6801/593411262] -- command(tid 1: {"prefix": "mgr_status"}) -- 0x7f0ef0063ca0 con 0x7f0ee004ca70
2024-05-20T18:27:40.726 INFO:teuthology.orchestra.run.smithi135.stdout:/usr/bin/ceph: stderr
2024-05-20T18:27:39.816+0000 7f0ee77fe700 1 -- 172.21.15.135:0/3988074265 <== mgr.14152 v2:172.21.15.135:6800/593411262 2 ==== command_reply(tid 1: 0 ) ==== 8+0+52 (secure 0 0 0) 0x7f0ef0063ca0 con 0x7f0ee004ca70
2024-05-20T18:27:40.726 INFO:teuthology.orchestra.run.smithi135.stdout:/usr/bin/ceph: stderr
2024-05-20T18:27:39.816+0000 7f0ef83d0700 1 -- 172.21.15.135:0/3988074265 >> [v2:172.21.15.135:6800/593411262,v1:172.21.15.135:6801/593411262] conn(0x7f0ee004ca70 msgr2=0x7f0edc03ec80 secure :-1 s=STATE_CONNECTION_ESTABLISHED l=1).mark_down
2024-05-20T18:27:40.726 INFO:teuthology.orchestra.run.smithi135.stdout:/usr/bin/ceph: stderr
2024-05-20T18:27:39.816+0000 7f0ef83d0700 1 --2- 172.21.15.135:0/3988074265 >> [v2:172.21.15.135:6800/593411262,v1:172.21.15.135:6801/593411262] conn(0x7f0ee004ca70 0x7f0edc03ec80 secure :-1 s=READY pgs=3 cs=0 l=1 rev1=1 crypto rx=0x7f0eec003a10 tx=0x7f0eec0092b0 comp rx=0 tx=0).stop
2024-05-20T18:27:40.726 INFO:teuthology.orchestra.run.smithi135.stdout:/usr/bin/ceph: stderr
2024-05-20T18:27:39.816+0000 7f0ef83d0700 1 -- 172.21.15.135:0/3988074265 >> [v2:172.21.15.135:3300/0,v1:172.21.15.135:6789/0] conn(0x7f0ef0108fd0 msgr2=0x7f0ef01075c0 secure :-1 s=STATE_CONNECTION_ESTABLISHED l=1).mark_down
2024-05-20T18:27:40.726 INFO:teuthology.orchestra.run.smithi135.stdout:/usr/bin/ceph: stderr
2024-05-20T18:27:39.816+0000 7f0ef83d0700 1 --2- 172.21.15.135:0/3988074265 >> [v2:172.21.15.135:3300/0,v1:172.21.15.135:6789/0] conn(0x7f0ef0108fd0 0x7f0ef01075c0 secure :-1 s=READY pgs=62 cs=0 l=1 rev1=1 crypto rx=0x7f0ee0000c00 tx=0x7f0ee0011c70 comp rx=0 tx=0).stop
2024-05-20T18:27:40.726 INFO:teuthology.orchestra.run.smithi135.stdout:/usr/bin/ceph: stderr
2024-05-20T18:27:39.816+0000 7f0ef83d0700 1 -- 172.21.15.135:0/3988074265 shutdown_connections
2024-05-20T18:27:40.726 INFO:teuthology.orchestra.run.smithi135.stdout:/usr/bin/ceph: stderr
2024-05-20T18:27:39.817+0000 7f0ef83d0700 1 --2- 172.21.15.135:0/3988074265 >> [v2:172.21.15.135:6800/593411262,v1:172.21.15.135:6801/593411262] conn(0x7f0ee004ca70 0x7f0edc03ec80 unknown :-1 s=CLOSED pgs=3 cs=0 l=1 rev1=1 crypto rx=0 tx=0 comp rx=0 tx=0).stop
2024-05-20T18:27:40.727 INFO:teuthology.orchestra.run.smithi135.stdout:/usr/bin/ceph: stderr
2024-05-20T18:27:39.817+0000 7f0ef83d0700 1 --2- 172.21.15.135:0/3988074265 >> [v2:172.21.15.135:3300/0,v1:172.21.15.135:6789/0] conn(0x7f0ef0108fd0 0x7f0ef01075c0 unknown :-1 s=CLOSED pgs=62 cs=0 l=1 rev1=1 crypto rx=0 tx=0 comp rx=0 tx=0).stop
2024-05-20T18:27:40.727 INFO:teuthology.orchestra.run.smithi135.stdout:/usr/bin/ceph: stderr
2024-05-20T18:27:39.817+0000 7f0ef83d0700 1 --2- 172.21.15.135:0/3988074265 >> [v2:172.21.15.135:6800/1788918017,v1:172.21.15.135:6801/1788918017] conn(0x7f0edc039160 0x7f0edc03b670 unknown :-1 s=CLOSED pgs=0 cs=0 l=1 rev1=0 crypto rx=0 tx=0 comp rx=0 tx=0).stop
2024-05-20T18:27:40.727 INFO:teuthology.orchestra.run.smithi135.stdout:/usr/bin/ceph: stderr
2024-05-20T18:27:39.817+0000 7f0ef83d0700 1 -- 172.21.15.135:0/3988074265 >> 172.21.15.135:0/3988074265 conn(0x7f0ef01028f0 msgr2=0x7f0ef0104230 unknown :-1 s=STATE_NONE l=0).mark_down
2024-05-20T18:27:40.727 INFO:teuthology.orchestra.run.smithi135.stdout:/usr/bin/ceph: stderr
2024-05-20T18:27:39.817+0000 7f0ef83d0700 1 -- 172.21.15.135:0/3988074265 shutdown_connections
2024-05-20T18:27:40.727 INFO:teuthology.orchestra.run.smithi135.stdout:/usr/bin/ceph: stderr
2024-05-20T18:27:39.817+0000 7f0ef83d0700 1 -- 172.21.15.135:0/3988074265 wait complete.
2024-05-20T18:27:40.727 INFO:teuthology.orchestra.run.smithi135.stdout:mgr epoch 9 is available
2024-05-20T18:27:40.727 INFO:teuthology.orchestra.run.smithi135.stdout:Generating a dashboard self-signed certificate...
2024-05-20T18:27:41.096 INFO:journalctl@ceph.mon.a.smithi135.stdout:May 20 18:27:40 smithi135 ceph-mon[32496]: from='client.14156 -' entity='client.admin' cmd=[{"prefix": "get_command_descriptions"}]: dispatch
2024-05-20T18:27:41.096 INFO:journalctl@ceph.mon.a.smithi135.stdout:May 20 18:27:40 smithi135 ceph-mon[32496]: from='client.14156 -' entity='client.admin' cmd=[{"prefix": "mgr_status"}]: dispatch
2024-05-20T18:27:41.096 INFO:journalctl@ceph.mon.a.smithi135.stdout:May 20 18:27:40 smithi135 ceph-mon[32496]: from='mgr.14152 172.21.15.135:0/3022960777' entity='mgr.x'
2024-05-20T18:27:42.024 INFO:teuthology.orchestra.run.smithi135.stdout:/usr/bin/ceph: stdout Self-signed certificate created
2024-05-20T18:27:42.024 INFO:teuthology.orchestra.run.smithi135.stdout:/usr/bin/ceph: stderr
2024-05-20T18:27:41.213+0000 7f866987e700 1 Processor -- start
2024-05-20T18:27:42.024 INFO:teuthology.orchestra.run.smithi135.stdout:/usr/bin/ceph: stderr
2024-05-20T18:27:41.213+0000 7f866987e700 1 -- start start
2024-05-20T18:27:42.024 INFO:teuthology.orchestra.run.smithi135.stdout:/usr/bin/ceph: stderr
2024-05-20T18:27:41.213+0000 7f866987e700 1 --2- >> [v2:172.21.15.135:3300/0,v1:172.21.15.135:6789/0] conn(0x7f8664107240 0x7f8664107650 unknown :-1 s=NONE pgs=0 cs=0 l=0 rev1=0 crypto rx=0 tx=0 comp rx=0 tx=0).connect
2024-05-20T18:27:42.025 INFO:teuthology.orchestra.run.smithi135.stdout:/usr/bin/ceph: stderr
2024-05-20T18:27:41.213+0000 7f866987e700 1 -- --> [v2:172.21.15.135:3300/0,v1:172.21.15.135:6789/0] -- mon_getmap magic: 0 -- 0x7f8664107c40 con 0x7f8664107240
2024-05-20T18:27:42.025 INFO:teuthology.orchestra.run.smithi135.stdout:/usr/bin/ceph: stderr
2024-05-20T18:27:41.213+0000 7f8662ffd700 1 --2- >> [v2:172.21.15.135:3300/0,v1:172.21.15.135:6789/0] conn(0x7f8664107240 0x7f8664107650 unknown :-1 s=BANNER_CONNECTING pgs=0 cs=0 l=0 rev1=0 crypto rx=0 tx=0 comp rx=0 tx=0)._handle_peer_banner_payload supported=3 required=0
2024-05-20T18:27:42.025 INFO:teuthology.orchestra.run.smithi135.stdout:/usr/bin/ceph: stderr
2024-05-20T18:27:41.213+0000 7f8662ffd700 1 --2- >> [v2:172.21.15.135:3300/0,v1:172.21.15.135:6789/0] conn(0x7f8664107240 0x7f8664107650 unknown :-1 s=HELLO_CONNECTING pgs=0 cs=0 l=0 rev1=1 crypto rx=0 tx=0 comp rx=0 tx=0).handle_hello peer v2:172.21.15.135:3300/0 says I am v2:172.21.15.135:37018/0 (socket says 172.21.15.135:37018)
2024-05-20T18:27:42.025 INFO:teuthology.orchestra.run.smithi135.stdout:/usr/bin/ceph: stderr
2024-05-20T18:27:41.213+0000 7f8662ffd700 1 -- 172.21.15.135:0/4072963064 learned_addr learned my addr 172.21.15.135:0/4072963064 (peer_addr_for_me v2:172.21.15.135:0/0)
2024-05-20T18:27:42.025 INFO:teuthology.orchestra.run.smithi135.stdout:/usr/bin/ceph: stderr
2024-05-20T18:27:41.213+0000 7f8662ffd700 1 -- 172.21.15.135:0/4072963064 --> [v2:172.21.15.135:3300/0,v1:172.21.15.135:6789/0] -- mon_subscribe({config=0+,monmap=0+}) -- 0x7f8664108370 con 0x7f8664107240
2024-05-20T18:27:42.025 INFO:teuthology.orchestra.run.smithi135.stdout:/usr/bin/ceph: stderr
2024-05-20T18:27:41.214+0000 7f8662ffd700 1 --2- 172.21.15.135:0/4072963064 >> [v2:172.21.15.135:3300/0,v1:172.21.15.135:6789/0] conn(0x7f8664107240 0x7f8664107650 secure :-1 s=READY pgs=70 cs=0 l=1 rev1=1 crypto rx=0x7f865400aa40 tx=0x7f865400ad50 comp rx=0 tx=0).ready entity=mon.0 client_cookie=f933bdb6830d0c02 server_cookie=0 in_seq=0 out_seq=0
2024-05-20T18:27:42.025 INFO:teuthology.orchestra.run.smithi135.stdout:/usr/bin/ceph: stderr
2024-05-20T18:27:41.214+0000 7f8661ffb700 1 -- 172.21.15.135:0/4072963064 <== mon.0 v2:172.21.15.135:3300/0 1 ==== mon_map magic: 0 ==== 205+0+0 (secure 0 0 0) 0x7f865400b040 con 0x7f8664107240
2024-05-20T18:27:42.025 INFO:teuthology.orchestra.run.smithi135.stdout:/usr/bin/ceph: stderr
2024-05-20T18:27:41.214+0000 7f8661ffb700 1 -- 172.21.15.135:0/4072963064 <== mon.0 v2:172.21.15.135:3300/0 2 ==== config(28 keys) ==== 1171+0+0 (secure 0 0 0) 0x7f865400c8f0 con 0x7f8664107240
2024-05-20T18:27:42.025 INFO:teuthology.orchestra.run.smithi135.stdout:/usr/bin/ceph: stderr
2024-05-20T18:27:41.214+0000 7f8661ffb700 1 -- 172.21.15.135:0/4072963064 <== mon.0 v2:172.21.15.135:3300/0 3 ==== mon_map magic: 0 ==== 205+0+0 (secure 0 0 0) 0x7f8654003c80 con 0x7f8664107240
2024-05-20T18:27:42.025 INFO:teuthology.orchestra.run.smithi135.stdout:/usr/bin/ceph: stderr
2024-05-20T18:27:41.215+0000 7f866987e700 1 -- 172.21.15.135:0/4072963064 >> [v2:172.21.15.135:3300/0,v1:172.21.15.135:6789/0] conn(0x7f8664107240 msgr2=0x7f8664107650 secure :-1 s=STATE_CONNECTION_ESTABLISHED l=1).mark_down
2024-05-20T18:27:42.025 INFO:teuthology.orchestra.run.smithi135.stdout:/usr/bin/ceph: stderr
2024-05-20T18:27:41.215+0000 7f866987e700 1 --2- 172.21.15.135:0/4072963064 >> [v2:172.21.15.135:3300/0,v1:172.21.15.135:6789/0] conn(0x7f8664107240 0x7f8664107650 secure :-1 s=READY pgs=70 cs=0 l=1 rev1=1 crypto rx=0x7f865400aa40 tx=0x7f865400ad50 comp rx=0 tx=0).stop
2024-05-20T18:27:42.025 INFO:teuthology.orchestra.run.smithi135.stdout:/usr/bin/ceph: stderr
2024-05-20T18:27:41.215+0000 7f866987e700 1 -- 172.21.15.135:0/4072963064 shutdown_connections
2024-05-20T18:27:42.026 INFO:teuthology.orchestra.run.smithi135.stdout:/usr/bin/ceph: stderr
2024-05-20T18:27:41.215+0000 7f866987e700 1 --2- 172.21.15.135:0/4072963064 >> [v2:172.21.15.135:3300/0,v1:172.21.15.135:6789/0] conn(0x7f8664107240 0x7f8664107650 unknown :-1 s=CLOSED pgs=70 cs=0 l=1 rev1=1 crypto rx=0 tx=0 comp rx=0 tx=0).stop
2024-05-20T18:27:42.026 INFO:teuthology.orchestra.run.smithi135.stdout:/usr/bin/ceph: stderr
2024-05-20T18:27:41.215+0000 7f866987e700 1 -- 172.21.15.135:0/4072963064 >> 172.21.15.135:0/4072963064 conn(0x7f86641028c0 msgr2=0x7f8664104d30 unknown :-1 s=STATE_NONE l=0).mark_down
2024-05-20T18:27:42.026 INFO:teuthology.orchestra.run.smithi135.stdout:/usr/bin/ceph: stderr
2024-05-20T18:27:41.215+0000 7f866987e700 1 -- 172.21.15.135:0/4072963064 shutdown_connections
2024-05-20T18:27:42.026 INFO:teuthology.orchestra.run.smithi135.stdout:/usr/bin/ceph: stderr
2024-05-20T18:27:41.215+0000 7f866987e700 1 -- 172.21.15.135:0/4072963064 wait complete.
2024-05-20T18:27:42.026 INFO:teuthology.orchestra.run.smithi135.stdout:/usr/bin/ceph: stderr
2024-05-20T18:27:41.215+0000 7f866987e700 1 Processor -- start
2024-05-20T18:27:42.026 INFO:teuthology.orchestra.run.smithi135.stdout:/usr/bin/ceph: stderr
2024-05-20T18:27:41.216+0000 7f866987e700 1 -- start start
2024-05-20T18:27:42.026 INFO:teuthology.orchestra.run.smithi135.stdout:/usr/bin/ceph: stderr
