2024-05-20T18:27:14.434+0000 7fd624693700 1 --2- >> [v2:172.21.15.135:3300/0,v1:172.21.15.135:6789/0] conn(0x7fd61c07c4c0 0x7fd61c19cf80 unknown :-1 s=NONE pgs=0 cs=0 l=1 rev1=0 crypto rx=0 tx=0 comp rx=0 tx=0).connect
2024-05-20T18:27:15.273 INFO:teuthology.orchestra.run.smithi135.stdout:/usr/bin/ceph: stderr
2024-05-20T18:27:14.434+0000 7fd624693700 1 -- --> [v2:172.21.15.135:3300/0,v1:172.21.15.135:6789/0] -- mon_getmap magic: 0 -- 0x7fd61c10cfa0 con 0x7fd61c07c4c0
2024-05-20T18:27:15.273 INFO:teuthology.orchestra.run.smithi135.stdout:/usr/bin/ceph: stderr
2024-05-20T18:27:14.434+0000 7fd62242f700 1 --2- >> [v2:172.21.15.135:3300/0,v1:172.21.15.135:6789/0] conn(0x7fd61c07c4c0 0x7fd61c19cf80 unknown :-1 s=BANNER_CONNECTING pgs=0 cs=0 l=1 rev1=0 crypto rx=0 tx=0 comp rx=0 tx=0)._handle_peer_banner_payload supported=3 required=0
2024-05-20T18:27:15.273 INFO:teuthology.orchestra.run.smithi135.stdout:/usr/bin/ceph: stderr
2024-05-20T18:27:14.434+0000 7fd62242f700 1 --2- >> [v2:172.21.15.135:3300/0,v1:172.21.15.135:6789/0] conn(0x7fd61c07c4c0 0x7fd61c19cf80 unknown :-1 s=HELLO_CONNECTING pgs=0 cs=0 l=1 rev1=1 crypto rx=0 tx=0 comp rx=0 tx=0).handle_hello peer v2:172.21.15.135:3300/0 says I am v2:172.21.15.135:45036/0 (socket says 172.21.15.135:45036)
2024-05-20T18:27:15.274 INFO:teuthology.orchestra.run.smithi135.stdout:/usr/bin/ceph: stderr
2024-05-20T18:27:14.434+0000 7fd62242f700 1 -- 172.21.15.135:0/3701431849 learned_addr learned my addr 172.21.15.135:0/3701431849 (peer_addr_for_me v2:172.21.15.135:0/0)
2024-05-20T18:27:15.274 INFO:teuthology.orchestra.run.smithi135.stdout:/usr/bin/ceph: stderr
2024-05-20T18:27:14.435+0000 7fd62242f700 1 -- 172.21.15.135:0/3701431849 --> [v2:172.21.15.135:3300/0,v1:172.21.15.135:6789/0] -- mon_subscribe({config=0+,monmap=0+}) -- 0x7fd61c19d4c0 con 0x7fd61c07c4c0
2024-05-20T18:27:15.274 INFO:teuthology.orchestra.run.smithi135.stdout:/usr/bin/ceph: stderr
2024-05-20T18:27:14.435+0000 7fd62242f700 1 --2- 172.21.15.135:0/3701431849 >> [v2:172.21.15.135:3300/0,v1:172.21.15.135:6789/0] conn(0x7fd61c07c4c0 0x7fd61c19cf80 secure :-1 s=READY pgs=40 cs=0 l=1 rev1=1 crypto rx=0x7fd618011820 tx=0x7fd618011bd0 comp rx=0 tx=0).ready entity=mon.0 client_cookie=0 server_cookie=0 in_seq=0 out_seq=0
2024-05-20T18:27:15.274 INFO:teuthology.orchestra.run.smithi135.stdout:/usr/bin/ceph: stderr
2024-05-20T18:27:14.435+0000 7fd6137fe700 1 -- 172.21.15.135:0/3701431849 <== mon.0 v2:172.21.15.135:3300/0 1 ==== mon_map magic: 0 ==== 205+0+0 (secure 0 0 0) 0x7fd6180039c0 con 0x7fd61c07c4c0
2024-05-20T18:27:15.274 INFO:teuthology.orchestra.run.smithi135.stdout:/usr/bin/ceph: stderr
2024-05-20T18:27:14.435+0000 7fd6137fe700 1 -- 172.21.15.135:0/3701431849 <== mon.0 v2:172.21.15.135:3300/0 2 ==== config(28 keys) ==== 1140+0+0 (secure 0 0 0) 0x7fd618003b60 con 0x7fd61c07c4c0
2024-05-20T18:27:15.274 INFO:teuthology.orchestra.run.smithi135.stdout:/usr/bin/ceph: stderr
2024-05-20T18:27:14.435+0000 7fd624693700 1 -- 172.21.15.135:0/3701431849 --> [v2:172.21.15.135:3300/0,v1:172.21.15.135:6789/0] -- mon_subscribe({mgrmap=0+}) -- 0x7fd61c19d750 con 0x7fd61c07c4c0
2024-05-20T18:27:15.274 INFO:teuthology.orchestra.run.smithi135.stdout:/usr/bin/ceph: stderr
2024-05-20T18:27:14.435+0000 7fd6137fe700 1 -- 172.21.15.135:0/3701431849 <== mon.0 v2:172.21.15.135:3300/0 3 ==== mon_map magic: 0 ==== 205+0+0 (secure 0 0 0) 0x7fd61801a6f0 con 0x7fd61c07c4c0
2024-05-20T18:27:15.274 INFO:teuthology.orchestra.run.smithi135.stdout:/usr/bin/ceph: stderr
2024-05-20T18:27:14.435+0000 7fd624693700 1 -- 172.21.15.135:0/3701431849 --> [v2:172.21.15.135:3300/0,v1:172.21.15.135:6789/0] -- mon_subscribe({osdmap=0}) -- 0x7fd61c1a0360 con 0x7fd61c07c4c0
2024-05-20T18:27:15.274 INFO:teuthology.orchestra.run.smithi135.stdout:/usr/bin/ceph: stderr
2024-05-20T18:27:14.436+0000 7fd6137fe700 1 -- 172.21.15.135:0/3701431849 <== mon.0 v2:172.21.15.135:3300/0 4 ==== mgrmap(e 8) ==== 46287+0+0 (secure 0 0 0) 0x7fd61801a9a0 con 0x7fd61c07c4c0
2024-05-20T18:27:15.275 INFO:teuthology.orchestra.run.smithi135.stdout:/usr/bin/ceph: stderr
2024-05-20T18:27:14.436+0000 7fd624693700 1 -- 172.21.15.135:0/3701431849 --> [v2:172.21.15.135:3300/0,v1:172.21.15.135:6789/0] -- mon_command({"prefix": "get_command_descriptions"} v 0) -- 0x7fd61c063ca0 con 0x7fd61c07c4c0
2024-05-20T18:27:15.275 INFO:teuthology.orchestra.run.smithi135.stdout:/usr/bin/ceph: stderr
2024-05-20T18:27:14.436+0000 7fd6137fe700 1 --2- 172.21.15.135:0/3701431849 >> [v2:172.21.15.135:6800/1788918017,v1:172.21.15.135:6801/1788918017] conn(0x7fd608039110 0x7fd60803b620 unknown :-1 s=NONE pgs=0 cs=0 l=1 rev1=0 crypto rx=0 tx=0 comp rx=0 tx=0).connect
2024-05-20T18:27:15.275 INFO:teuthology.orchestra.run.smithi135.stdout:/usr/bin/ceph: stderr
2024-05-20T18:27:14.436+0000 7fd6137fe700 1 -- 172.21.15.135:0/3701431849 <== mon.0 v2:172.21.15.135:3300/0 5 ==== osd_map(2..2 src has 1..2) ==== 940+0+0 (secure 0 0 0) 0x7fd61804d560 con 0x7fd61c07c4c0
2024-05-20T18:27:15.275 INFO:teuthology.orchestra.run.smithi135.stdout:/usr/bin/ceph: stderr
2024-05-20T18:27:14.436+0000 7fd621c2e700 1 --2- 172.21.15.135:0/3701431849 >> [v2:172.21.15.135:6800/1788918017,v1:172.21.15.135:6801/1788918017] conn(0x7fd608039110 0x7fd60803b620 unknown :-1 s=BANNER_CONNECTING pgs=0 cs=0 l=1 rev1=0 crypto rx=0 tx=0 comp rx=0 tx=0)._handle_peer_banner_payload supported=3 required=0
2024-05-20T18:27:15.275 INFO:teuthology.orchestra.run.smithi135.stdout:/usr/bin/ceph: stderr
2024-05-20T18:27:14.437+0000 7fd621c2e700 1 --2- 172.21.15.135:0/3701431849 >> [v2:172.21.15.135:6800/1788918017,v1:172.21.15.135:6801/1788918017] conn(0x7fd608039110 0x7fd60803b620 secure :-1 s=READY pgs=8 cs=0 l=1 rev1=1 crypto rx=0x7fd60c006fd0 tx=0x7fd60c006e40 comp rx=0 tx=0).ready entity=mgr.14120 client_cookie=0 server_cookie=0 in_seq=0 out_seq=0
2024-05-20T18:27:15.275 INFO:teuthology.orchestra.run.smithi135.stdout:/usr/bin/ceph: stderr
2024-05-20T18:27:14.442+0000 7fd6137fe700 1 -- 172.21.15.135:0/3701431849 <== mon.0 v2:172.21.15.135:3300/0 6 ==== mon_command_ack([{"prefix": "get_command_descriptions"}]=0 v0) ==== 72+0+186418 (secure 0 0 0) 0x7fd618016df0 con 0x7fd61c07c4c0
2024-05-20T18:27:15.275 INFO:teuthology.orchestra.run.smithi135.stdout:/usr/bin/ceph: stderr
2024-05-20T18:27:14.638+0000 7fd624693700 1 -- 172.21.15.135:0/3701431849 --> [v2:172.21.15.135:6800/1788918017,v1:172.21.15.135:6801/1788918017] -- mgr_command(tid 0: {"prefix": "cephadm set-user", "user": "root", "target": ["mon-mgr", ""]}) -- 0x7fd61c104140 con 0x7fd608039110
2024-05-20T18:27:15.275 INFO:teuthology.orchestra.run.smithi135.stdout:/usr/bin/ceph: stderr
2024-05-20T18:27:14.639+0000 7fd6137fe700 1 -- 172.21.15.135:0/3701431849 <== mgr.14120 v2:172.21.15.135:6800/1788918017 1 ==== mgr_command_reply(tid 0: 0 ) ==== 8+0+16 (secure 0 0 0) 0x7fd61c104140 con 0x7fd608039110
2024-05-20T18:27:15.275 INFO:teuthology.orchestra.run.smithi135.stdout:/usr/bin/ceph: stderr
2024-05-20T18:27:14.642+0000 7fd624693700 1 -- 172.21.15.135:0/3701431849 >> [v2:172.21.15.135:6800/1788918017,v1:172.21.15.135:6801/1788918017] conn(0x7fd608039110 msgr2=0x7fd60803b620 secure :-1 s=STATE_CONNECTION_ESTABLISHED l=1).mark_down
2024-05-20T18:27:15.275 INFO:teuthology.orchestra.run.smithi135.stdout:/usr/bin/ceph: stderr
2024-05-20T18:27:14.642+0000 7fd624693700 1 --2- 172.21.15.135:0/3701431849 >> [v2:172.21.15.135:6800/1788918017,v1:172.21.15.135:6801/1788918017] conn(0x7fd608039110 0x7fd60803b620 secure :-1 s=READY pgs=8 cs=0 l=1 rev1=1 crypto rx=0x7fd60c006fd0 tx=0x7fd60c006e40 comp rx=0 tx=0).stop
2024-05-20T18:27:15.275 INFO:teuthology.orchestra.run.smithi135.stdout:/usr/bin/ceph: stderr
2024-05-20T18:27:14.642+0000 7fd624693700 1 -- 172.21.15.135:0/3701431849 >> [v2:172.21.15.135:3300/0,v1:172.21.15.135:6789/0] conn(0x7fd61c07c4c0 msgr2=0x7fd61c19cf80 secure :-1 s=STATE_CONNECTION_ESTABLISHED l=1).mark_down
2024-05-20T18:27:15.275 INFO:teuthology.orchestra.run.smithi135.stdout:/usr/bin/ceph: stderr
2024-05-20T18:27:14.642+0000 7fd624693700 1 --2- 172.21.15.135:0/3701431849 >> [v2:172.21.15.135:3300/0,v1:172.21.15.135:6789/0] conn(0x7fd61c07c4c0 0x7fd61c19cf80 secure :-1 s=READY pgs=40 cs=0 l=1 rev1=1 crypto rx=0x7fd618011820 tx=0x7fd618011bd0 comp rx=0 tx=0).stop
2024-05-20T18:27:15.276 INFO:teuthology.orchestra.run.smithi135.stdout:/usr/bin/ceph: stderr
2024-05-20T18:27:14.642+0000 7fd624693700 1 -- 172.21.15.135:0/3701431849 shutdown_connections
2024-05-20T18:27:15.276 INFO:teuthology.orchestra.run.smithi135.stdout:/usr/bin/ceph: stderr
2024-05-20T18:27:14.642+0000 7fd624693700 1 --2- 172.21.15.135:0/3701431849 >> [v2:172.21.15.135:6800/1788918017,v1:172.21.15.135:6801/1788918017] conn(0x7fd608039110 0x7fd60803b620 unknown :-1 s=CLOSED pgs=8 cs=0 l=1 rev1=1 crypto rx=0 tx=0 comp rx=0 tx=0).stop
2024-05-20T18:27:15.276 INFO:teuthology.orchestra.run.smithi135.stdout:/usr/bin/ceph: stderr
2024-05-20T18:27:14.642+0000 7fd624693700 1 --2- 172.21.15.135:0/3701431849 >> [v2:172.21.15.135:3300/0,v1:172.21.15.135:6789/0] conn(0x7fd61c07c4c0 0x7fd61c19cf80 unknown :-1 s=CLOSED pgs=40 cs=0 l=1 rev1=1 crypto rx=0 tx=0 comp rx=0 tx=0).stop
2024-05-20T18:27:15.276 INFO:teuthology.orchestra.run.smithi135.stdout:/usr/bin/ceph: stderr
2024-05-20T18:27:14.642+0000 7fd624693700 1 -- 172.21.15.135:0/3701431849 >> 172.21.15.135:0/3701431849 conn(0x7fd61c103120 msgr2=0x7fd61c103a30 unknown :-1 s=STATE_NONE l=0).mark_down
2024-05-20T18:27:15.276 INFO:teuthology.orchestra.run.smithi135.stdout:/usr/bin/ceph: stderr
2024-05-20T18:27:14.642+0000 7fd624693700 1 -- 172.21.15.135:0/3701431849 shutdown_connections
2024-05-20T18:27:15.276 INFO:teuthology.orchestra.run.smithi135.stdout:/usr/bin/ceph: stderr
2024-05-20T18:27:14.642+0000 7fd624693700 1 -- 172.21.15.135:0/3701431849 wait complete.
2024-05-20T18:27:15.276 INFO:teuthology.orchestra.run.smithi135.stdout:Generating ssh key...
2024-05-20T18:27:16.514 INFO:journalctl@ceph.mon.a.smithi135.stdout:May 20 18:27:16 smithi135 ceph-mon[32496]: from='client.14134 -' entity='client.admin' cmd=[{"prefix": "cephadm set-user", "user": "root", "target": ["mon-mgr", ""]}]: dispatch
2024-05-20T18:27:16.515 INFO:journalctl@ceph.mgr.x.smithi135.stdout:May 20 18:27:16 smithi135 ceph-5851bc66-16d6-11ef-bc9a-c7b262605968-mgr-x[32725]: Generating public/private rsa key pair.
2024-05-20T18:27:16.515 INFO:journalctl@ceph.mgr.x.smithi135.stdout:May 20 18:27:16 smithi135 ceph-5851bc66-16d6-11ef-bc9a-c7b262605968-mgr-x[32725]: Your identification has been saved in /tmp/tmp9jepph6k/key.
2024-05-20T18:27:16.515 INFO:journalctl@ceph.mgr.x.smithi135.stdout:May 20 18:27:16 smithi135 ceph-5851bc66-16d6-11ef-bc9a-c7b262605968-mgr-x[32725]: Your public key has been saved in /tmp/tmp9jepph6k/key.pub.
2024-05-20T18:27:16.515 INFO:journalctl@ceph.mgr.x.smithi135.stdout:May 20 18:27:16 smithi135 ceph-5851bc66-16d6-11ef-bc9a-c7b262605968-mgr-x[32725]: The key fingerprint is:
2024-05-20T18:27:16.516 INFO:journalctl@ceph.mgr.x.smithi135.stdout:May 20 18:27:16 smithi135 ceph-5851bc66-16d6-11ef-bc9a-c7b262605968-mgr-x[32725]: SHA256:D8DT7MeFwTuAnk1Ap2CZ9TshA0SdUcIsLLOSm1MMvOA ceph-5851bc66-16d6-11ef-bc9a-c7b262605968
2024-05-20T18:27:16.516 INFO:journalctl@ceph.mgr.x.smithi135.stdout:May 20 18:27:16 smithi135 ceph-5851bc66-16d6-11ef-bc9a-c7b262605968-mgr-x[32725]: The key's randomart image is:
2024-05-20T18:27:16.516 INFO:journalctl@ceph.mgr.x.smithi135.stdout:May 20 18:27:16 smithi135 ceph-5851bc66-16d6-11ef-bc9a-c7b262605968-mgr-x[32725]: +---[RSA 3072]----+
2024-05-20T18:27:16.516 INFO:journalctl@ceph.mgr.x.smithi135.stdout:May 20 18:27:16 smithi135 ceph-5851bc66-16d6-11ef-bc9a-c7b262605968-mgr-x[32725]: |. +*O**o.. |
2024-05-20T18:27:16.516 INFO:journalctl@ceph.mgr.x.smithi135.stdout:May 20 18:27:16 smithi135 ceph-5851bc66-16d6-11ef-bc9a-c7b262605968-mgr-x[32725]: |o.o.=+*Bo .o |
2024-05-20T18:27:16.516 INFO:journalctl@ceph.mgr.x.smithi135.stdout:May 20 18:27:16 smithi135 ceph-5851bc66-16d6-11ef-bc9a-c7b262605968-mgr-x[32725]: |o+.+ oB+=.... |
2024-05-20T18:27:16.517 INFO:journalctl@ceph.mgr.x.smithi135.stdout:May 20 18:27:16 smithi135 ceph-5851bc66-16d6-11ef-bc9a-c7b262605968-mgr-x[32725]: |oE+ o*.+o. |
2024-05-20T18:27:16.517 INFO:journalctl@ceph.mgr.x.smithi135.stdout:May 20 18:27:16 smithi135 ceph-5851bc66-16d6-11ef-bc9a-c7b262605968-mgr-x[32725]: | = S o. |
2024-05-20T18:27:16.517 INFO:journalctl@ceph.mgr.x.smithi135.stdout:May 20 18:27:16 smithi135 ceph-5851bc66-16d6-11ef-bc9a-c7b262605968-mgr-x[32725]: |+ = |
2024-05-20T18:27:16.517 INFO:journalctl@ceph.mgr.x.smithi135.stdout:May 20 18:27:16 smithi135 ceph-5851bc66-16d6-11ef-bc9a-c7b262605968-mgr-x[32725]: | . . |
2024-05-20T18:27:16.517 INFO:journalctl@ceph.mgr.x.smithi135.stdout:May 20 18:27:16 smithi135 ceph-5851bc66-16d6-11ef-bc9a-c7b262605968-mgr-x[32725]: | |
2024-05-20T18:27:16.517 INFO:journalctl@ceph.mgr.x.smithi135.stdout:May 20 18:27:16 smithi135 ceph-5851bc66-16d6-11ef-bc9a-c7b262605968-mgr-x[32725]: | |
2024-05-20T18:27:16.517 INFO:journalctl@ceph.mgr.x.smithi135.stdout:May 20 18:27:16 smithi135 ceph-5851bc66-16d6-11ef-bc9a-c7b262605968-mgr-x[32725]: +----[SHA256]-----+
2024-05-20T18:27:16.812 INFO:teuthology.orchestra.run.smithi135.stdout:/usr/bin/ceph: stderr
2024-05-20T18:27:15.714+0000 7f526f35b700 1 Processor -- start
2024-05-20T18:27:16.812 INFO:teuthology.orchestra.run.smithi135.stdout:/usr/bin/ceph: stderr
2024-05-20T18:27:15.714+0000 7f526f35b700 1 -- start start
2024-05-20T18:27:16.812 INFO:teuthology.orchestra.run.smithi135.stdout:/usr/bin/ceph: stderr
2024-05-20T18:27:15.714+0000 7f526f35b700 1 --2- >> [v2:172.21.15.135:3300/0,v1:172.21.15.135:6789/0] conn(0x7f5268109160 0x7f52681095b0 unknown :-1 s=NONE pgs=0 cs=0 l=0 rev1=0 crypto rx=0 tx=0 comp rx=0 tx=0).connect
2024-05-20T18:27:16.812 INFO:teuthology.orchestra.run.smithi135.stdout:/usr/bin/ceph: stderr
2024-05-20T18:27:15.714+0000 7f526f35b700 1 -- --> [v2:172.21.15.135:3300/0,v1:172.21.15.135:6789/0] -- mon_getmap magic: 0 -- 0x7f5268107d00 con 0x7f5268109160
2024-05-20T18:27:16.812 INFO:teuthology.orchestra.run.smithi135.stdout:/usr/bin/ceph: stderr
2024-05-20T18:27:15.715+0000 7f526d0f7700 1 --2- >> [v2:172.21.15.135:3300/0,v1:172.21.15.135:6789/0] conn(0x7f5268109160 0x7f52681095b0 unknown :-1 s=BANNER_CONNECTING pgs=0 cs=0 l=0 rev1=0 crypto rx=0 tx=0 comp rx=0 tx=0)._handle_peer_banner_payload supported=3 required=0
2024-05-20T18:27:16.812 INFO:teuthology.orchestra.run.smithi135.stdout:/usr/bin/ceph: stderr
2024-05-20T18:27:15.715+0000 7f526d0f7700 1 --2- >> [v2:172.21.15.135:3300/0,v1:172.21.15.135:6789/0] conn(0x7f5268109160 0x7f52681095b0 unknown :-1 s=HELLO_CONNECTING pgs=0 cs=0 l=0 rev1=1 crypto rx=0 tx=0 comp rx=0 tx=0).handle_hello peer v2:172.21.15.135:3300/0 says I am v2:172.21.15.135:45038/0 (socket says 172.21.15.135:45038)
2024-05-20T18:27:16.813 INFO:teuthology.orchestra.run.smithi135.stdout:/usr/bin/ceph: stderr
2024-05-20T18:27:15.715+0000 7f526d0f7700 1 -- 172.21.15.135:0/2013366167 learned_addr learned my addr 172.21.15.135:0/2013366167 (peer_addr_for_me v2:172.21.15.135:0/0)
2024-05-20T18:27:16.813 INFO:teuthology.orchestra.run.smithi135.stdout:/usr/bin/ceph: stderr
2024-05-20T18:27:15.715+0000 7f526d0f7700 1 -- 172.21.15.135:0/2013366167 --> [v2:172.21.15.135:3300/0,v1:172.21.15.135:6789/0] -- mon_subscribe({config=0+,monmap=0+}) -- 0x7f5268107e80 con 0x7f5268109160
2024-05-20T18:27:16.813 INFO:teuthology.orchestra.run.smithi135.stdout:/usr/bin/ceph: stderr
2024-05-20T18:27:15.715+0000 7f526d0f7700 1 --2- 172.21.15.135:0/2013366167 >> [v2:172.21.15.135:3300/0,v1:172.21.15.135:6789/0] conn(0x7f5268109160 0x7f52681095b0 secure :-1 s=READY pgs=41 cs=0 l=1 rev1=1 crypto rx=0x7f52640098a0 tx=0x7f5264009bb0 comp rx=0 tx=0).ready entity=mon.0 client_cookie=68e97fc04fdfe15b server_cookie=0 in_seq=0 out_seq=0
2024-05-20T18:27:16.813 INFO:teuthology.orchestra.run.smithi135.stdout:/usr/bin/ceph: stderr
2024-05-20T18:27:15.715+0000 7f525ffff700 1 -- 172.21.15.135:0/2013366167 <== mon.0 v2:172.21.15.135:3300/0 1 ==== mon_map magic: 0 ==== 205+0+0 (secure 0 0 0) 0x7f5264004160 con 0x7f5268109160
2024-05-20T18:27:16.813 INFO:teuthology.orchestra.run.smithi135.stdout:/usr/bin/ceph: stderr
2024-05-20T18:27:15.715+0000 7f525ffff700 1 -- 172.21.15.135:0/2013366167 <== mon.0 v2:172.21.15.135:3300/0 2 ==== config(28 keys) ==== 1140+0+0 (secure 0 0 0) 0x7f5264004300 con 0x7f5268109160
2024-05-20T18:27:16.813 INFO:teuthology.orchestra.run.smithi135.stdout:/usr/bin/ceph: stderr
2024-05-20T18:27:15.715+0000 7f525ffff700 1 -- 172.21.15.135:0/2013366167 <== mon.0 v2:172.21.15.135:3300/0 3 ==== mon_map magic: 0 ==== 205+0+0 (secure 0 0 0) 0x7f5264011c00 con 0x7f5268109160
2024-05-20T18:27:16.813 INFO:teuthology.orchestra.run.smithi135.stdout:/usr/bin/ceph: stderr
2024-05-20T18:27:15.716+0000 7f526f35b700 1 -- 172.21.15.135:0/2013366167 >> [v2:172.21.15.135:3300/0,v1:172.21.15.135:6789/0] conn(0x7f5268109160 msgr2=0x7f52681095b0 secure :-1 s=STATE_CONNECTION_ESTABLISHED l=1).mark_down
2024-05-20T18:27:16.813 INFO:teuthology.orchestra.run.smithi135.stdout:/usr/bin/ceph: stderr
2024-05-20T18:27:15.716+0000 7f526f35b700 1 --2- 172.21.15.135:0/2013366167 >> [v2:172.21.15.135:3300/0,v1:172.21.15.135:6789/0] conn(0x7f5268109160 0x7f52681095b0 secure :-1 s=READY pgs=41 cs=0 l=1 rev1=1 crypto rx=0x7f52640098a0 tx=0x7f5264009bb0 comp rx=0 tx=0).stop
2024-05-20T18:27:16.813 INFO:teuthology.orchestra.run.smithi135.stdout:/usr/bin/ceph: stderr
2024-05-20T18:27:15.716+0000 7f526f35b700 1 -- 172.21.15.135:0/2013366167 shutdown_connections
2024-05-20T18:27:16.813 INFO:teuthology.orchestra.run.smithi135.stdout:/usr/bin/ceph: stderr
2024-05-20T18:27:15.716+0000 7f526f35b700 1 --2- 172.21.15.135:0/2013366167 >> [v2:172.21.15.135:3300/0,v1:172.21.15.135:6789/0] conn(0x7f5268109160 0x7f52681095b0 unknown :-1 s=CLOSED pgs=41 cs=0 l=1 rev1=1 crypto rx=0 tx=0 comp rx=0 tx=0).stop
2024-05-20T18:27:16.813 INFO:teuthology.orchestra.run.smithi135.stdout:/usr/bin/ceph: stderr
2024-05-20T18:27:15.716+0000 7f526f35b700 1 -- 172.21.15.135:0/2013366167 >> 172.21.15.135:0/2013366167 conn(0x7f5268102880 msgr2=0x7f5268104cf0 unknown :-1 s=STATE_NONE l=0).mark_down
2024-05-20T18:27:16.814 INFO:teuthology.orchestra.run.smithi135.stdout:/usr/bin/ceph: stderr
2024-05-20T18:27:15.716+0000 7f526f35b700 1 -- 172.21.15.135:0/2013366167 shutdown_connections
2024-05-20T18:27:16.814 INFO:teuthology.orchestra.run.smithi135.stdout:/usr/bin/ceph: stderr
2024-05-20T18:27:15.716+0000 7f526f35b700 1 -- 172.21.15.135:0/2013366167 wait complete.
2024-05-20T18:27:16.814 INFO:teuthology.orchestra.run.smithi135.stdout:/usr/bin/ceph: stderr
2024-05-20T18:27:15.717+0000 7f526f35b700 1 Processor -- start
2024-05-20T18:27:16.814 INFO:teuthology.orchestra.run.smithi135.stdout:/usr/bin/ceph: stderr
2024-05-20T18:27:15.717+0000 7f526f35b700 1 -- start start
2024-05-20T18:27:16.814 INFO:teuthology.orchestra.run.smithi135.stdout:/usr/bin/ceph: stderr
2024-05-20T18:27:15.717+0000 7f526f35b700 1 --2- >> [v2:172.21.15.135:3300/0,v1:172.21.15.135:6789/0] conn(0x7f5268109160 0x7f526819bff0 unknown :-1 s=NONE pgs=0 cs=0 l=1 rev1=0 crypto rx=0 tx=0 comp rx=0 tx=0).connect
2024-05-20T18:27:16.814 INFO:teuthology.orchestra.run.smithi135.stdout:/usr/bin/ceph: stderr
2024-05-20T18:27:15.717+0000 7f526f35b700 1 -- --> [v2:172.21.15.135:3300/0,v1:172.21.15.135:6789/0] -- mon_getmap magic: 0 -- 0x7f526810c0c0 con 0x7f5268109160
2024-05-20T18:27:16.814 INFO:teuthology.orchestra.run.smithi135.stdout:/usr/bin/ceph: stderr
2024-05-20T18:27:15.717+0000 7f526d0f7700 1 --2- >> [v2:172.21.15.135:3300/0,v1:172.21.15.135:6789/0] conn(0x7f5268109160 0x7f526819bff0 unknown :-1 s=BANNER_CONNECTING pgs=0 cs=0 l=1 rev1=0 crypto rx=0 tx=0 comp rx=0 tx=0)._handle_peer_banner_payload supported=3 required=0
2024-05-20T18:27:16.814 INFO:teuthology.orchestra.run.smithi135.stdout:/usr/bin/ceph: stderr
2024-05-20T18:27:15.717+0000 7f526d0f7700 1 --2- >> [v2:172.21.15.135:3300/0,v1:172.21.15.135:6789/0] conn(0x7f5268109160 0x7f526819bff0 unknown :-1 s=HELLO_CONNECTING pgs=0 cs=0 l=1 rev1=1 crypto rx=0 tx=0 comp rx=0 tx=0).handle_hello peer v2:172.21.15.135:3300/0 says I am v2:172.21.15.135:45040/0 (socket says 172.21.15.135:45040)
2024-05-20T18:27:16.814 INFO:teuthology.orchestra.run.smithi135.stdout:/usr/bin/ceph: stderr
2024-05-20T18:27:15.717+0000 7f526d0f7700 1 -- 172.21.15.135:0/1785157066 learned_addr learned my addr 172.21.15.135:0/1785157066 (peer_addr_for_me v2:172.21.15.135:0/0)
2024-05-20T18:27:16.814 INFO:teuthology.orchestra.run.smithi135.stdout:/usr/bin/ceph: stderr
2024-05-20T18:27:15.717+0000 7f526d0f7700 1 -- 172.21.15.135:0/1785157066 --> [v2:172.21.15.135:3300/0,v1:172.21.15.135:6789/0] -- mon_subscribe({config=0+,monmap=0+}) -- 0x7f526819c530 con 0x7f5268109160
2024-05-20T18:27:16.814 INFO:teuthology.orchestra.run.smithi135.stdout:/usr/bin/ceph: stderr
2024-05-20T18:27:15.717+0000 7f526d0f7700 1 --2- 172.21.15.135:0/1785157066 >> [v2:172.21.15.135:3300/0,v1:172.21.15.135:6789/0] conn(0x7f5268109160 0x7f526819bff0 secure :-1 s=READY pgs=42 cs=0 l=1 rev1=1 crypto rx=0x7f5264011820 tx=0x7f5264011bd0 comp rx=0 tx=0).ready entity=mon.0 client_cookie=0 server_cookie=0 in_seq=0 out_seq=0
2024-05-20T18:27:16.814 INFO:teuthology.orchestra.run.smithi135.stdout:/usr/bin/ceph: stderr
2024-05-20T18:27:15.718+0000 7f525e7fc700 1 -- 172.21.15.135:0/1785157066 <== mon.0 v2:172.21.15.135:3300/0 1 ==== mon_map magic: 0 ==== 205+0+0 (secure 0 0 0) 0x7f52640039c0 con 0x7f5268109160
2024-05-20T18:27:16.815 INFO:teuthology.orchestra.run.smithi135.stdout:/usr/bin/ceph: stderr
2024-05-20T18:27:15.718+0000 7f525e7fc700 1 -- 172.21.15.135:0/1785157066 <== mon.0 v2:172.21.15.135:3300/0 2 ==== config(28 keys) ==== 1140+0+0 (secure 0 0 0) 0x7f5264003b60 con 0x7f5268109160
2024-05-20T18:27:16.815 INFO:teuthology.orchestra.run.smithi135.stdout:/usr/bin/ceph: stderr
2024-05-20T18:27:15.718+0000 7f525e7fc700 1 -- 172.21.15.135:0/1785157066 <== mon.0 v2:172.21.15.135:3300/0 3 ==== mon_map magic: 0 ==== 205+0+0 (secure 0 0 0) 0x7f526401a6f0 con 0x7f5268109160
2024-05-20T18:27:16.815 INFO:teuthology.orchestra.run.smithi135.stdout:/usr/bin/ceph: stderr
2024-05-20T18:27:15.718+0000 7f526f35b700 1 -- 172.21.15.135:0/1785157066 --> [v2:172.21.15.135:3300/0,v1:172.21.15.135:6789/0] -- mon_subscribe({mgrmap=0+}) -- 0x7f526819c7c0 con 0x7f5268109160
2024-05-20T18:27:16.815 INFO:teuthology.orchestra.run.smithi135.stdout:/usr/bin/ceph: stderr
2024-05-20T18:27:15.718+0000 7f526f35b700 1 -- 172.21.15.135:0/1785157066 --> [v2:172.21.15.135:3300/0,v1:172.21.15.135:6789/0] -- mon_subscribe({osdmap=0}) -- 0x7f526819f3d0 con 0x7f5268109160
2024-05-20T18:27:16.815 INFO:teuthology.orchestra.run.smithi135.stdout:/usr/bin/ceph: stderr
2024-05-20T18:27:15.719+0000 7f525e7fc700 1 -- 172.21.15.135:0/1785157066 <== mon.0 v2:172.21.15.135:3300/0 4 ==== mgrmap(e 8) ==== 46287+0+0 (secure 0 0 0) 0x7f526401a9f0 con 0x7f5268109160
2024-05-20T18:27:16.815 INFO:teuthology.orchestra.run.smithi135.stdout:/usr/bin/ceph: stderr
2024-05-20T18:27:15.719+0000 7f526f35b700 1 -- 172.21.15.135:0/1785157066 --> [v2:172.21.15.135:3300/0,v1:172.21.15.135:6789/0] -- mon_command({"prefix": "get_command_descriptions"} v 0) -- 0x7f5268063ca0 con 0x7f5268109160
2024-05-20T18:27:16.815 INFO:teuthology.orchestra.run.smithi135.stdout:/usr/bin/ceph: stderr
2024-05-20T18:27:15.719+0000 7f525e7fc700 1 --2- 172.21.15.135:0/1785157066 >> [v2:172.21.15.135:6800/1788918017,v1:172.21.15.135:6801/1788918017] conn(0x7f52540390c0 0x7f525403b5d0 unknown :-1 s=NONE pgs=0 cs=0 l=1 rev1=0 crypto rx=0 tx=0 comp rx=0 tx=0).connect
2024-05-20T18:27:16.815 INFO:teuthology.orchestra.run.smithi135.stdout:/usr/bin/ceph: stderr
2024-05-20T18:27:15.719+0000 7f525e7fc700 1 -- 172.21.15.135:0/1785157066 <== mon.0 v2:172.21.15.135:3300/0 5 ==== osd_map(2..2 src has 1..2) ==== 940+0+0 (secure 0 0 0) 0x7f526404d590 con 0x7f5268109160
2024-05-20T18:27:16.815 INFO:teuthology.orchestra.run.smithi135.stdout:/usr/bin/ceph: stderr
2024-05-20T18:27:15.719+0000 7f526c8f6700 1 --2- 172.21.15.135:0/1785157066 >> [v2:172.21.15.135:6800/1788918017,v1:172.21.15.135:6801/1788918017] conn(0x7f52540390c0 0x7f525403b5d0 unknown :-1 s=BANNER_CONNECTING pgs=0 cs=0 l=1 rev1=0 crypto rx=0 tx=0 comp rx=0 tx=0)._handle_peer_banner_payload supported=3 required=0
2024-05-20T18:27:16.815 INFO:teuthology.orchestra.run.smithi135.stdout:/usr/bin/ceph: stderr
2024-05-20T18:27:15.719+0000 7f526c8f6700 1 --2- 172.21.15.135:0/1785157066 >> [v2:172.21.15.135:6800/1788918017,v1:172.21.15.135:6801/1788918017] conn(0x7f52540390c0 0x7f525403b5d0 secure :-1 s=READY pgs=9 cs=0 l=1 rev1=1 crypto rx=0x7f5258006fd0 tx=0x7f5258006e40 comp rx=0 tx=0).ready entity=mgr.14120 client_cookie=0 server_cookie=0 in_seq=0 out_seq=0
2024-05-20T18:27:16.815 INFO:teuthology.orchestra.run.smithi135.stdout:/usr/bin/ceph: stderr
2024-05-20T18:27:15.724+0000 7f525e7fc700 1 -- 172.21.15.135:0/1785157066 <== mon.0 v2:172.21.15.135:3300/0 6 ==== mon_command_ack([{"prefix": "get_command_descriptions"}]=0 v0) ==== 72+0+186418 (secure 0 0 0) 0x7f5264016df0 con 0x7f5268109160
2024-05-20T18:27:16.815 INFO:teuthology.orchestra.run.smithi135.stdout:/usr/bin/ceph: stderr
2024-05-20T18:27:15.919+0000 7f526f35b700 1 -- 172.21.15.135:0/1785157066 --> [v2:172.21.15.135:6800/1788918017,v1:172.21.15.135:6801/1788918017] -- mgr_command(tid 0: {"prefix": "cephadm generate-key", "target": ["mon-mgr", ""]}) -- 0x7f5268103880 con 0x7f52540390c0
2024-05-20T18:27:16.815 INFO:teuthology.orchestra.run.smithi135.stdout:/usr/bin/ceph: stderr
2024-05-20T18:27:16.259+0000 7f525e7fc700 1 -- 172.21.15.135:0/1785157066 <== mgr.14120 v2:172.21.15.135:6800/1788918017 1 ==== mgr_command_reply(tid 0: 0 ) ==== 8+0+0 (secure 0 0 0) 0x7f5268103880 con 0x7f52540390c0
2024-05-20T18:27:16.815 INFO:teuthology.orchestra.run.smithi135.stdout:/usr/bin/ceph: stderr
2024-05-20T18:27:16.262+0000 7f526f35b700 1 -- 172.21.15.135:0/1785157066 >> [v2:172.21.15.135:6800/1788918017,v1:172.21.15.135:6801/1788918017] conn(0x7f52540390c0 msgr2=0x7f525403b5d0 secure :-1 s=STATE_CONNECTION_ESTABLISHED l=1).mark_down
2024-05-20T18:27:16.816 INFO:teuthology.orchestra.run.smithi135.stdout:/usr/bin/ceph: stderr
2024-05-20T18:27:16.262+0000 7f526f35b700 1 --2- 172.21.15.135:0/1785157066 >> [v2:172.21.15.135:6800/1788918017,v1:172.21.15.135:6801/1788918017] conn(0x7f52540390c0 0x7f525403b5d0 secure :-1 s=READY pgs=9 cs=0 l=1 rev1=1 crypto rx=0x7f5258006fd0 tx=0x7f5258006e40 comp rx=0 tx=0).stop
2024-05-20T18:27:16.816 INFO:teuthology.orchestra.run.smithi135.stdout:/usr/bin/ceph: stderr
2024-05-20T18:27:16.262+0000 7f526f35b700 1 -- 172.21.15.135:0/1785157066 >> [v2:172.21.15.135:3300/0,v1:172.21.15.135:6789/0] conn(0x7f5268109160 msgr2=0x7f526819bff0 secure :-1 s=STATE_CONNECTION_ESTABLISHED l=1).mark_down
2024-05-20T18:27:16.816 INFO:teuthology.orchestra.run.smithi135.stdout:/usr/bin/ceph: stderr
2024-05-20T18:27:16.262+0000 7f526f35b700 1 --2- 172.21.15.135:0/1785157066 >> [v2:172.21.15.135:3300/0,v1:172.21.15.135:6789/0] conn(0x7f5268109160 0x7f526819bff0 secure :-1 s=READY pgs=42 cs=0 l=1 rev1=1 crypto rx=0x7f5264011820 tx=0x7f5264011bd0 comp rx=0 tx=0).stop
2024-05-20T18:27:16.816 INFO:teuthology.orchestra.run.smithi135.stdout:/usr/bin/ceph: stderr
2024-05-20T18:27:16.262+0000 7f526f35b700 1 -- 172.21.15.135:0/1785157066 shutdown_connections
2024-05-20T18:27:16.816 INFO:teuthology.orchestra.run.smithi135.stdout:/usr/bin/ceph: stderr
2024-05-20T18:27:16.262+0000 7f526f35b700 1 --2- 172.21.15.135:0/1785157066 >> [v2:172.21.15.135:6800/1788918017,v1:172.21.15.135:6801/1788918017] conn(0x7f52540390c0 0x7f525403b5d0 unknown :-1 s=CLOSED pgs=9 cs=0 l=1 rev1=1 crypto rx=0 tx=0 comp rx=0 tx=0).stop
2024-05-20T18:27:16.816 INFO:teuthology.orchestra.run.smithi135.stdout:/usr/bin/ceph: stderr
2024-05-20T18:27:16.262+0000 7f526f35b700 1 --2- 172.21.15.135:0/1785157066 >> [v2:172.21.15.135:3300/0,v1:172.21.15.135:6789/0] conn(0x7f5268109160 0x7f526819bff0 unknown :-1 s=CLOSED pgs=42 cs=0 l=1 rev1=1 crypto rx=0 tx=0 comp rx=0 tx=0).stop
2024-05-20T18:27:16.816 INFO:teuthology.orchestra.run.smithi135.stdout:/usr/bin/ceph: stderr
2024-05-20T18:27:16.262+0000 7f526f35b700 1 -- 172.21.15.135:0/1785157066 >> 172.21.15.135:0/1785157066 conn(0x7f5268102880 msgr2=0x7f5268103170 unknown :-1 s=STATE_NONE l=0).mark_down
2024-05-20T18:27:16.816 INFO:teuthology.orchestra.run.smithi135.stdout:/usr/bin/ceph: stderr
2024-05-20T18:27:16.262+0000 7f526f35b700 1 -- 172.21.15.135:0/1785157066 shutdown_connections
2024-05-20T18:27:16.816 INFO:teuthology.orchestra.run.smithi135.stdout:/usr/bin/ceph: stderr
2024-05-20T18:27:16.262+0000 7f526f35b700 1 -- 172.21.15.135:0/1785157066 wait complete.
2024-05-20T18:27:17.446 INFO:journalctl@ceph.mon.a.smithi135.stdout:May 20 18:27:17 smithi135 ceph-mon[32496]: from='client.14136 -' entity='client.admin' cmd=[{"prefix": "cephadm generate-key", "target": ["mon-mgr", ""]}]: dispatch
2024-05-20T18:27:17.446 INFO:journalctl@ceph.mon.a.smithi135.stdout:May 20 18:27:17 smithi135 ceph-mon[32496]: Generating ssh key...
2024-05-20T18:27:17.446 INFO:journalctl@ceph.mon.a.smithi135.stdout:May 20 18:27:17 smithi135 ceph-mon[32496]: from='mgr.14120 172.21.15.135:0/2951448540' entity='mgr.x'
2024-05-20T18:27:17.446 INFO:journalctl@ceph.mon.a.smithi135.stdout:May 20 18:27:17 smithi135 ceph-mon[32496]: from='mgr.14120 172.21.15.135:0/2951448540' entity='mgr.x'
2024-05-20T18:27:18.068 INFO:teuthology.orchestra.run.smithi135.stdout:/usr/bin/ceph: stdout ssh-rsa AAAAB3NzaC1yc2EAAAADAQABAAABgQDKPBWgaiI5Jb7XVXgVOSow5HUOsp1CGKbPKiHPrUE8cYncEt9HPZJ8zLFuTUsPOg6+GIO/yMxjcJ9OC0f3g9c+05sNp07mYilcYioE5nz5vAWk8hXZiykhWcncHvsFP91FNH9aPBLTgYIJoIG7/Oyais6azgxUl6hBCyOWeP2ni6WWm+p/Maji5RecMaJxx5/TEr0otL7h127RHu8kDO89e3MCB07N2lJIZ/QE9z81/zFS1MfkdrnE7a14/J/gf0lWNFJp3VgAwTxkDBH3E5XbMD6X7WZwNtCvAzQCJFjLTY7nX6dc8mFZii+/iSpXkw74pnt1285FU2LGQi0nyp2al0xm5VvBO9kw7sH23JDfSIUD10goxB+qsUM8LOyn4zi7LqRHuXQ+8/bR8epvSnPR54mWIlVRAV24B63uq0MxEG6dxHDOzRV5GOSiLVFg7OW055HTzSB8/22DMa6Fg9DImh7hOZuid0oN+wPVCSqZ8enI8ykAbGpV5gZesxWeWyM= ceph-5851bc66-16d6-11ef-bc9a-c7b262605968
2024-05-20T18:27:18.068 INFO:teuthology.orchestra.run.smithi135.stdout:/usr/bin/ceph: stderr
2024-05-20T18:27:17.238+0000 7fb33abf0700 1 Processor -- start
2024-05-20T18:27:18.068 INFO:teuthology.orchestra.run.smithi135.stdout:/usr/bin/ceph: stderr
2024-05-20T18:27:17.238+0000 7fb33abf0700 1 -- start start
2024-05-20T18:27:18.068 INFO:teuthology.orchestra.run.smithi135.stdout:/usr/bin/ceph: stderr
2024-05-20T18:27:17.238+0000 7fb33abf0700 1 --2- >> [v2:172.21.15.135:3300/0,v1:172.21.15.135:6789/0] conn(0x7fb334108b80 0x7fb334108f90 unknown :-1 s=NONE pgs=0 cs=0 l=0 rev1=0 crypto rx=0 tx=0 comp rx=0 tx=0).connect
2024-05-20T18:27:18.068 INFO:teuthology.orchestra.run.smithi135.stdout:/usr/bin/ceph: stderr
2024-05-20T18:27:17.238+0000 7fb33abf0700 1 -- --> [v2:172.21.15.135:3300/0,v1:172.21.15.135:6789/0] -- mon_getmap magic: 0 -- 0x7fb334109580 con 0x7fb334108b80
2024-05-20T18:27:18.068 INFO:teuthology.orchestra.run.smithi135.stdout:/usr/bin/ceph: stderr
2024-05-20T18:27:17.238+0000 7fb33898c700 1 --2- >> [v2:172.21.15.135:3300/0,v1:172.21.15.135:6789/0] conn(0x7fb334108b80 0x7fb334108f90 unknown :-1 s=BANNER_CONNECTING pgs=0 cs=0 l=0 rev1=0 crypto rx=0 tx=0 comp rx=0 tx=0)._handle_peer_banner_payload supported=3 required=0
2024-05-20T18:27:18.068 INFO:teuthology.orchestra.run.smithi135.stdout:/usr/bin/ceph: stderr
2024-05-20T18:27:17.238+0000 7fb33898c700 1 --2- >> [v2:172.21.15.135:3300/0,v1:172.21.15.135:6789/0] conn(0x7fb334108b80 0x7fb334108f90 unknown :-1 s=HELLO_CONNECTING pgs=0 cs=0 l=0 rev1=1 crypto rx=0 tx=0 comp rx=0 tx=0).handle_hello peer v2:172.21.15.135:3300/0 says I am v2:172.21.15.135:45048/0 (socket says 172.21.15.135:45048)
2024-05-20T18:27:18.068 INFO:teuthology.orchestra.run.smithi135.stdout:/usr/bin/ceph: stderr
2024-05-20T18:27:17.238+0000 7fb33898c700 1 -- 172.21.15.135:0/1915068515 learned_addr learned my addr 172.21.15.135:0/1915068515 (peer_addr_for_me v2:172.21.15.135:0/0)
2024-05-20T18:27:18.068 INFO:teuthology.orchestra.run.smithi135.stdout:/usr/bin/ceph: stderr
2024-05-20T18:27:17.239+0000 7fb33898c700 1 -- 172.21.15.135:0/1915068515 --> [v2:172.21.15.135:3300/0,v1:172.21.15.135:6789/0] -- mon_subscribe({config=0+,monmap=0+}) -- 0x7fb334109cb0 con 0x7fb334108b80
2024-05-20T18:27:18.068 INFO:teuthology.orchestra.run.smithi135.stdout:/usr/bin/ceph: stderr
2024-05-20T18:27:17.239+0000 7fb33898c700 1 --2- 172.21.15.135:0/1915068515 >> [v2:172.21.15.135:3300/0,v1:172.21.15.135:6789/0] conn(0x7fb334108b80 0x7fb334108f90 secure :-1 s=READY pgs=43 cs=0 l=1 rev1=1 crypto rx=0x7fb3280098a0 tx=0x7fb328009bb0 comp rx=0 tx=0).ready entity=mon.0 client_cookie=f718eead2f5b9640 server_cookie=0 in_seq=0 out_seq=0
2024-05-20T18:27:18.068 INFO:teuthology.orchestra.run.smithi135.stdout:/usr/bin/ceph: stderr
2024-05-20T18:27:17.239+0000 7fb3337fe700 1 -- 172.21.15.135:0/1915068515 <== mon.0 v2:172.21.15.135:3300/0 1 ==== mon_map magic: 0 ==== 205+0+0 (secure 0 0 0) 0x7fb328004160 con 0x7fb334108b80
2024-05-20T18:27:18.069 INFO:teuthology.orchestra.run.smithi135.stdout:/usr/bin/ceph: stderr
2024-05-20T18:27:17.239+0000 7fb3337fe700 1 -- 172.21.15.135:0/1915068515 <== mon.0 v2:172.21.15.135:3300/0 2 ==== config(28 keys) ==== 1140+0+0 (secure 0 0 0) 0x7fb328004300 con 0x7fb334108b80
2024-05-20T18:27:18.069 INFO:teuthology.orchestra.run.smithi135.stdout:/usr/bin/ceph: stderr
2024-05-20T18:27:17.239+0000 7fb3337fe700 1 -- 172.21.15.135:0/1915068515 <== mon.0 v2:172.21.15.135:3300/0 3 ==== mon_map magic: 0 ==== 205+0+0 (secure 0 0 0) 0x7fb328011c00 con 0x7fb334108b80
2024-05-20T18:27:18.069 INFO:teuthology.orchestra.run.smithi135.stdout:/usr/bin/ceph: stderr
2024-05-20T18:27:17.240+0000 7fb33abf0700 1 -- 172.21.15.135:0/1915068515 >> [v2:172.21.15.135:3300/0,v1:172.21.15.135:6789/0] conn(0x7fb334108b80 msgr2=0x7fb334108f90 secure :-1 s=STATE_CONNECTION_ESTABLISHED l=1).mark_down
2024-05-20T18:27:18.069 INFO:teuthology.orchestra.run.smithi135.stdout:/usr/bin/ceph: stderr
2024-05-20T18:27:17.240+0000 7fb33abf0700 1 --2- 172.21.15.135:0/1915068515 >> [v2:172.21.15.135:3300/0,v1:172.21.15.135:6789/0] conn(0x7fb334108b80 0x7fb334108f90 secure :-1 s=READY pgs=43 cs=0 l=1 rev1=1 crypto rx=0x7fb3280098a0 tx=0x7fb328009bb0 comp rx=0 tx=0).stop
2024-05-20T18:27:18.069 INFO:teuthology.orchestra.run.smithi135.stdout:/usr/bin/ceph: stderr
2024-05-20T18:27:17.240+0000 7fb33abf0700 1 -- 172.21.15.135:0/1915068515 shutdown_connections
2024-05-20T18:27:18.069 INFO:teuthology.orchestra.run.smithi135.stdout:/usr/bin/ceph: stderr
2024-05-20T18:27:17.240+0000 7fb33abf0700 1 --2- 172.21.15.135:0/1915068515 >> [v2:172.21.15.135:3300/0,v1:172.21.15.135:6789/0] conn(0x7fb334108b80 0x7fb334108f90 unknown :-1 s=CLOSED pgs=43 cs=0 l=1 rev1=1 crypto rx=0 tx=0 comp rx=0 tx=0).stop
2024-05-20T18:27:18.069 INFO:teuthology.orchestra.run.smithi135.stdout:/usr/bin/ceph: stderr
2024-05-20T18:27:17.240+0000 7fb33abf0700 1 -- 172.21.15.135:0/1915068515 >> 172.21.15.135:0/1915068515 conn(0x7fb3341041c0 msgr2=0x7fb334106670 unknown :-1 s=STATE_NONE l=0).mark_down
2024-05-20T18:27:18.069 INFO:teuthology.orchestra.run.smithi135.stdout:/usr/bin/ceph: stderr
2024-05-20T18:27:17.240+0000 7fb33abf0700 1 -- 172.21.15.135:0/1915068515 shutdown_connections
2024-05-20T18:27:18.069 INFO:teuthology.orchestra.run.smithi135.stdout:/usr/bin/ceph: stderr
2024-05-20T18:27:17.240+0000 7fb33abf0700 1 -- 172.21.15.135:0/1915068515 wait complete.
2024-05-20T18:27:18.069 INFO:teuthology.orchestra.run.smithi135.stdout:/usr/bin/ceph: stderr
2024-05-20T18:27:17.240+0000 7fb33abf0700 1 Processor -- start
2024-05-20T18:27:18.069 INFO:teuthology.orchestra.run.smithi135.stdout:/usr/bin/ceph: stderr
2024-05-20T18:27:17.241+0000 7fb33abf0700 1 -- start start
2024-05-20T18:27:18.069 INFO:teuthology.orchestra.run.smithi135.stdout:/usr/bin/ceph: stderr
2024-05-20T18:27:17.241+0000 7fb33abf0700 1 --2- >> [v2:172.21.15.135:3300/0,v1:172.21.15.135:6789/0] conn(0x7fb334108b80 0x7fb33419cfa0 unknown :-1 s=NONE pgs=0 cs=0 l=1 rev1=0 crypto rx=0 tx=0 comp rx=0 tx=0).connect
2024-05-20T18:27:18.069 INFO:teuthology.orchestra.run.smithi135.stdout:/usr/bin/ceph: stderr
2024-05-20T18:27:17.241+0000 7fb33abf0700 1 -- --> [v2:172.21.15.135:3300/0,v1:172.21.15.135:6789/0] -- mon_getmap magic: 0 -- 0x7fb33410d060 con 0x7fb334108b80
2024-05-20T18:27:18.069 INFO:teuthology.orchestra.run.smithi135.stdout:/usr/bin/ceph: stderr
2024-05-20T18:27:17.241+0000 7fb33898c700 1 --2- >> [v2:172.21.15.135:3300/0,v1:172.21.15.135:6789/0] conn(0x7fb334108b80 0x7fb33419cfa0 unknown :-1 s=BANNER_CONNECTING pgs=0 cs=0 l=1 rev1=0 crypto rx=0 tx=0 comp rx=0 tx=0)._handle_peer_banner_payload supported=3 required=0
2024-05-20T18:27:18.070 INFO:teuthology.orchestra.run.smithi135.stdout:/usr/bin/ceph: stderr
2024-05-20T18:27:17.241+0000 7fb33898c700 1 --2- >> [v2:172.21.15.135:3300/0,v1:172.21.15.135:6789/0] conn(0x7fb334108b80 0x7fb33419cfa0 unknown :-1 s=HELLO_CONNECTING pgs=0 cs=0 l=1 rev1=1 crypto rx=0 tx=0 comp rx=0 tx=0).handle_hello peer v2:172.21.15.135:3300/0 says I am v2:172.21.15.135:45056/0 (socket says 172.21.15.135:45056)
2024-05-20T18:27:18.070 INFO:teuthology.orchestra.run.smithi135.stdout:/usr/bin/ceph: stderr
2024-05-20T18:27:17.241+0000 7fb33898c700 1 -- 172.21.15.135:0/1554057279 learned_addr learned my addr 172.21.15.135:0/1554057279 (peer_addr_for_me v2:172.21.15.135:0/0)
2024-05-20T18:27:18.070 INFO:teuthology.orchestra.run.smithi135.stdout:/usr/bin/ceph: stderr
2024-05-20T18:27:17.241+0000 7fb33898c700 1 -- 172.21.15.135:0/1554057279 --> [v2:172.21.15.135:3300/0,v1:172.21.15.135:6789/0] -- mon_subscribe({config=0+,monmap=0+}) -- 0x7fb33419d4e0 con 0x7fb334108b80
2024-05-20T18:27:18.070 INFO:teuthology.orchestra.run.smithi135.stdout:/usr/bin/ceph: stderr
2024-05-20T18:27:17.241+0000 7fb33898c700 1 --2- 172.21.15.135:0/1554057279 >> [v2:172.21.15.135:3300/0,v1:172.21.15.135:6789/0] conn(0x7fb334108b80 0x7fb33419cfa0 secure :-1 s=READY pgs=44 cs=0 l=1 rev1=1 crypto rx=0x7fb328011780 tx=0x7fb328011c80 comp rx=0 tx=0).ready entity=mon.0 client_cookie=0 server_cookie=0 in_seq=0 out_seq=0
2024-05-20T18:27:18.070 INFO:teuthology.orchestra.run.smithi135.stdout:/usr/bin/ceph: stderr
2024-05-20T18:27:17.241+0000 7fb331ffb700 1 -- 172.21.15.135:0/1554057279 <== mon.0 v2:172.21.15.135:3300/0 1 ==== mon_map magic: 0 ==== 205+0+0 (secure 0 0 0) 0x7fb3280038b0 con 0x7fb334108b80
2024-05-20T18:27:18.070 INFO:teuthology.orchestra.run.smithi135.stdout:/usr/bin/ceph: stderr
2024-05-20T18:27:17.241+0000 7fb331ffb700 1 -- 172.21.15.135:0/1554057279 <== mon.0 v2:172.21.15.135:3300/0 2 ==== config(28 keys) ==== 1140+0+0 (secure 0 0 0) 0x7fb328003a50 con 0x7fb334108b80
2024-05-20T18:27:18.070 INFO:teuthology.orchestra.run.smithi135.stdout:/usr/bin/ceph: stderr
2024-05-20T18:27:17.241+0000 7fb33abf0700 1 -- 172.21.15.135:0/1554057279 --> [v2:172.21.15.135:3300/0,v1:172.21.15.135:6789/0] -- mon_subscribe({mgrmap=0+}) -- 0x7fb33419d770 con 0x7fb334108b80
2024-05-20T18:27:18.070 INFO:teuthology.orchestra.run.smithi135.stdout:/usr/bin/ceph: stderr
2024-05-20T18:27:17.241+0000 7fb331ffb700 1 -- 172.21.15.135:0/1554057279 <== mon.0 v2:172.21.15.135:3300/0 3 ==== mon_map magic: 0 ==== 205+0+0 (secure 0 0 0) 0x7fb3280245a0 con 0x7fb334108b80
2024-05-20T18:27:18.070 INFO:teuthology.orchestra.run.smithi135.stdout:/usr/bin/ceph: stderr
2024-05-20T18:27:17.242+0000 7fb33abf0700 1 -- 172.21.15.135:0/1554057279 --> [v2:172.21.15.135:3300/0,v1:172.21.15.135:6789/0] -- mon_subscribe({osdmap=0}) -- 0x7fb3341a0380 con 0x7fb334108b80
2024-05-20T18:27:18.070 INFO:teuthology.orchestra.run.smithi135.stdout:/usr/bin/ceph: stderr
2024-05-20T18:27:17.243+0000 7fb331ffb700 1 -- 172.21.15.135:0/1554057279 <== mon.0 v2:172.21.15.135:3300/0 4 ==== mgrmap(e 8) ==== 46287+0+0 (secure 0 0 0) 0x7fb328024850 con 0x7fb334108b80
2024-05-20T18:27:18.070 INFO:teuthology.orchestra.run.smithi135.stdout:/usr/bin/ceph: stderr
2024-05-20T18:27:17.243+0000 7fb331ffb700 1 --2- 172.21.15.135:0/1554057279 >> [v2:172.21.15.135:6800/1788918017,v1:172.21.15.135:6801/1788918017] conn(0x7fb324039160 0x7fb32403b670 unknown :-1 s=NONE pgs=0 cs=0 l=1 rev1=0 crypto rx=0 tx=0 comp rx=0 tx=0).connect
2024-05-20T18:27:18.070 INFO:teuthology.orchestra.run.smithi135.stdout:/usr/bin/ceph: stderr
2024-05-20T18:27:17.243+0000 7fb331ffb700 1 -- 172.21.15.135:0/1554057279 <== mon.0 v2:172.21.15.135:3300/0 5 ==== osd_map(2..2 src has 1..2) ==== 940+0+0 (secure 0 0 0) 0x7fb32804e170 con 0x7fb334108b80
2024-05-20T18:27:18.070 INFO:teuthology.orchestra.run.smithi135.stdout:/usr/bin/ceph: stderr
2024-05-20T18:27:17.243+0000 7fb33abf0700 1 -- 172.21.15.135:0/1554057279 --> [v2:172.21.15.135:3300/0,v1:172.21.15.135:6789/0] -- mon_command({"prefix": "get_command_descriptions"} v 0) -- 0x7fb334063ca0 con 0x7fb334108b80
2024-05-20T18:27:18.071 INFO:teuthology.orchestra.run.smithi135.stdout:/usr/bin/ceph: stderr
2024-05-20T18:27:17.243+0000 7fb333fff700 1 --2- 172.21.15.135:0/1554057279 >> [v2:172.21.15.135:6800/1788918017,v1:172.21.15.135:6801/1788918017] conn(0x7fb324039160 0x7fb32403b670 unknown :-1 s=BANNER_CONNECTING pgs=0 cs=0 l=1 rev1=0 crypto rx=0 tx=0 comp rx=0 tx=0)._handle_peer_banner_payload supported=3 required=0
2024-05-20T18:27:18.071 INFO:teuthology.orchestra.run.smithi135.stdout:/usr/bin/ceph: stderr
2024-05-20T18:27:17.243+0000 7fb333fff700 1 --2- 172.21.15.135:0/1554057279 >> [v2:172.21.15.135:6800/1788918017,v1:172.21.15.135:6801/1788918017] conn(0x7fb324039160 0x7fb32403b670 secure :-1 s=READY pgs=10 cs=0 l=1 rev1=1 crypto rx=0x7fb320006fd0 tx=0x7fb320006e40 comp rx=0 tx=0).ready entity=mgr.14120 client_cookie=0 server_cookie=0 in_seq=0 out_seq=0
2024-05-20T18:27:18.071 INFO:teuthology.orchestra.run.smithi135.stdout:/usr/bin/ceph: stderr
2024-05-20T18:27:17.248+0000 7fb331ffb700 1 -- 172.21.15.135:0/1554057279 <== mon.0 v2:172.21.15.135:3300/0 6 ==== mon_command_ack([{"prefix": "get_command_descriptions"}]=0 v0) ==== 72+0+186418 (secure 0 0 0) 0x7fb3280172b0 con 0x7fb334108b80
2024-05-20T18:27:18.071 INFO:teuthology.orchestra.run.smithi135.stdout:/usr/bin/ceph: stderr
2024-05-20T18:27:17.447+0000 7fb33abf0700 1 -- 172.21.15.135:0/1554057279 --> [v2:172.21.15.135:6800/1788918017,v1:172.21.15.135:6801/1788918017] -- mgr_command(tid 0: {"prefix": "cephadm get-pub-key", "target": ["mon-mgr", ""]}) -- 0x7fb334105230 con 0x7fb324039160
2024-05-20T18:27:18.071 INFO:teuthology.orchestra.run.smithi135.stdout:/usr/bin/ceph: stderr
2024-05-20T18:27:17.448+0000 7fb331ffb700 1 -- 172.21.15.135:0/1554057279 <== mgr.14120 v2:172.21.15.135:6800/1788918017 1 ==== mgr_command_reply(tid 0: 0 ) ==== 8+0+595 (secure 0 0 0) 0x7fb334105230 con 0x7fb324039160
2024-05-20T18:27:18.071 INFO:teuthology.orchestra.run.smithi135.stdout:/usr/bin/ceph: stderr
2024-05-20T18:27:17.451+0000 7fb33abf0700 1 -- 172.21.15.135:0/1554057279 >> [v2:172.21.15.135:6800/1788918017,v1:172.21.15.135:6801/1788918017] conn(0x7fb324039160 msgr2=0x7fb32403b670 secure :-1 s=STATE_CONNECTION_ESTABLISHED l=1).mark_down
2024-05-20T18:27:18.071 INFO:teuthology.orchestra.run.smithi135.stdout:/usr/bin/ceph: stderr
2024-05-20T18:27:17.451+0000 7fb33abf0700 1 --2- 172.21.15.135:0/1554057279 >> [v2:172.21.15.135:6800/1788918017,v1:172.21.15.135:6801/1788918017] conn(0x7fb324039160 0x7fb32403b670 secure :-1 s=READY pgs=10 cs=0 l=1 rev1=1 crypto rx=0x7fb320006fd0 tx=0x7fb320006e40 comp rx=0 tx=0).stop
2024-05-20T18:27:18.071 INFO:teuthology.orchestra.run.smithi135.stdout:/usr/bin/ceph: stderr
2024-05-20T18:27:17.451+0000 7fb33abf0700 1 -- 172.21.15.135:0/1554057279 >> [v2:172.21.15.135:3300/0,v1:172.21.15.135:6789/0] conn(0x7fb334108b80 msgr2=0x7fb33419cfa0 secure :-1 s=STATE_CONNECTION_ESTABLISHED l=1).mark_down
2024-05-20T18:27:18.071 INFO:teuthology.orchestra.run.smithi135.stdout:/usr/bin/ceph: stderr
2024-05-20T18:27:17.451+0000 7fb33abf0700 1 --2- 172.21.15.135:0/1554057279 >> [v2:172.21.15.135:3300/0,v1:172.21.15.135:6789/0] conn(0x7fb334108b80 0x7fb33419cfa0 secure :-1 s=READY pgs=44 cs=0 l=1 rev1=1 crypto rx=0x7fb328011780 tx=0x7fb328011c80 comp rx=0 tx=0).stop
2024-05-20T18:27:18.071 INFO:teuthology.orchestra.run.smithi135.stdout:/usr/bin/ceph: stderr
2024-05-20T18:27:17.451+0000 7fb33abf0700 1 -- 172.21.15.135:0/1554057279 shutdown_connections
2024-05-20T18:27:18.071 INFO:teuthology.orchestra.run.smithi135.stdout:/usr/bin/ceph: stderr
2024-05-20T18:27:17.451+0000 7fb33abf0700 1 --2- 172.21.15.135:0/1554057279 >> [v2:172.21.15.135:6800/1788918017,v1:172.21.15.135:6801/1788918017] conn(0x7fb324039160 0x7fb32403b670 unknown :-1 s=CLOSED pgs=10 cs=0 l=1 rev1=1 crypto rx=0 tx=0 comp rx=0 tx=0).stop
2024-05-20T18:27:18.071 INFO:teuthology.orchestra.run.smithi135.stdout:/usr/bin/ceph: stderr
2024-05-20T18:27:17.451+0000 7fb33abf0700 1 --2- 172.21.15.135:0/1554057279 >> [v2:172.21.15.135:3300/0,v1:172.21.15.135:6789/0] conn(0x7fb334108b80 0x7fb33419cfa0 unknown :-1 s=CLOSED pgs=44 cs=0 l=1 rev1=1 crypto rx=0 tx=0 comp rx=0 tx=0).stop
2024-05-20T18:27:18.071 INFO:teuthology.orchestra.run.smithi135.stdout:/usr/bin/ceph: stderr
2024-05-20T18:27:17.451+0000 7fb33abf0700 1 -- 172.21.15.135:0/1554057279 >> 172.21.15.135:0/1554057279 conn(0x7fb3341041c0 msgr2=0x7fb334104b20 unknown :-1 s=STATE_NONE l=0).mark_down
2024-05-20T18:27:18.071 INFO:teuthology.orchestra.run.smithi135.stdout:/usr/bin/ceph: stderr
2024-05-20T18:27:17.451+0000 7fb33abf0700 1 -- 172.21.15.135:0/1554057279 shutdown_connections
2024-05-20T18:27:18.072 INFO:teuthology.orchestra.run.smithi135.stdout:/usr/bin/ceph: stderr
2024-05-20T18:27:17.451+0000 7fb33abf0700 1 -- 172.21.15.135:0/1554057279 wait complete.
2024-05-20T18:27:18.072 INFO:teuthology.orchestra.run.smithi135.stdout:Wrote public SSH key to /home/ubuntu/cephtest/ceph.pub
2024-05-20T18:27:18.072 INFO:teuthology.orchestra.run.smithi135.stdout:Adding key to root@localhost authorized_keys...
2024-05-20T18:27:18.072 INFO:teuthology.orchestra.run.smithi135.stdout:Adding host smithi135...
2024-05-20T18:27:18.396 INFO:journalctl@ceph.mon.a.smithi135.stdout:May 20 18:27:18 smithi135 ceph-mon[32496]: from='client.14138 -' entity='client.admin' cmd=[{"prefix": "cephadm get-pub-key", "target": ["mon-mgr", ""]}]: dispatch
2024-05-20T18:27:19.640 INFO:journalctl@ceph.mon.a.smithi135.stdout:May 20 18:27:19 smithi135 ceph-mon[32496]: from='client.14140 -' entity='client.admin' cmd=[{"prefix": "orch host add", "hostname": "smithi135", "addr": "172.21.15.135", "target": ["mon-mgr", ""]}]: dispatch
2024-05-20T18:27:20.764 INFO:journalctl@ceph.mon.a.smithi135.stdout:May 20 18:27:20 smithi135 ceph-mon[32496]: Deploying cephadm binary to smithi135
2024-05-20T18:27:23.427 INFO:teuthology.orchestra.run.smithi135.stdout:/usr/bin/ceph: stdout Added host 'smithi135' with addr '172.21.15.135'
2024-05-20T18:27:23.427 INFO:teuthology.orchestra.run.smithi135.stdout:/usr/bin/ceph: stderr
2024-05-20T18:27:18.513+0000 7f61c9903700 1 Processor -- start
2024-05-20T18:27:23.427 INFO:teuthology.orchestra.run.smithi135.stdout:/usr/bin/ceph: stderr
2024-05-20T18:27:18.513+0000 7f61c9903700 1 -- start start
2024-05-20T18:27:23.427 INFO:teuthology.orchestra.run.smithi135.stdout:/usr/bin/ceph: stderr
2024-05-20T18:27:18.513+0000 7f61c9903700 1 --2- >> [v2:172.21.15.135:3300/0,v1:172.21.15.135:6789/0] conn(0x7f61c4108070 0x7f61c4108480 unknown :-1 s=NONE pgs=0 cs=0 l=0 rev1=0 crypto rx=0 tx=0 comp rx=0 tx=0).connect
2024-05-20T18:27:23.427 INFO:teuthology.orchestra.run.smithi135.stdout:/usr/bin/ceph: stderr
2024-05-20T18:27:18.513+0000 7f61c9903700 1 -- --> [v2:172.21.15.135:3300/0,v1:172.21.15.135:6789/0] -- mon_getmap magic: 0 -- 0x7f61c4108a50 con 0x7f61c4108070
2024-05-20T18:27:23.427 INFO:teuthology.orchestra.run.smithi135.stdout:/usr/bin/ceph: stderr
2024-05-20T18:27:18.513+0000 7f61c2ffd700 1 --2- >> [v2:172.21.15.135:3300/0,v1:172.21.15.135:6789/0] conn(0x7f61c4108070 0x7f61c4108480 unknown :-1 s=BANNER_CONNECTING pgs=0 cs=0 l=0 rev1=0 crypto rx=0 tx=0 comp rx=0 tx=0)._handle_peer_banner_payload supported=3 required=0
2024-05-20T18:27:23.427 INFO:teuthology.orchestra.run.smithi135.stdout:/usr/bin/ceph: stderr
2024-05-20T18:27:18.514+0000 7f61c2ffd700 1 --2- >> [v2:172.21.15.135:3300/0,v1:172.21.15.135:6789/0] conn(0x7f61c4108070 0x7f61c4108480 unknown :-1 s=HELLO_CONNECTING pgs=0 cs=0 l=0 rev1=1 crypto rx=0 tx=0 comp rx=0 tx=0).handle_hello peer v2:172.21.15.135:3300/0 says I am v2:172.21.15.135:45066/0 (socket says 172.21.15.135:45066)
2024-05-20T18:27:23.427 INFO:teuthology.orchestra.run.smithi135.stdout:/usr/bin/ceph: stderr
2024-05-20T18:27:18.514+0000 7f61c2ffd700 1 -- 172.21.15.135:0/4154114421 learned_addr learned my addr 172.21.15.135:0/4154114421 (peer_addr_for_me v2:172.21.15.135:0/0)
2024-05-20T18:27:23.428 INFO:teuthology.orchestra.run.smithi135.stdout:/usr/bin/ceph: stderr
2024-05-20T18:27:18.514+0000 7f61c2ffd700 1 -- 172.21.15.135:0/4154114421 --> [v2:172.21.15.135:3300/0,v1:172.21.15.135:6789/0] -- mon_subscribe({config=0+,monmap=0+}) -- 0x7f61c4108bd0 con 0x7f61c4108070
2024-05-20T18:27:23.428 INFO:teuthology.orchestra.run.smithi135.stdout:/usr/bin/ceph: stderr
2024-05-20T18:27:18.514+0000 7f61c2ffd700 1 --2- 172.21.15.135:0/4154114421 >> [v2:172.21.15.135:3300/0,v1:172.21.15.135:6789/0] conn(0x7f61c4108070 0x7f61c4108480 secure :-1 s=READY pgs=45 cs=0 l=1 rev1=1 crypto rx=0x7f61b80098a0 tx=0x7f61b8009bb0 comp rx=0 tx=0).ready entity=mon.0 client_cookie=f6553bfc52595b4d server_cookie=0 in_seq=0 out_seq=0
2024-05-20T18:27:23.428 INFO:teuthology.orchestra.run.smithi135.stdout:/usr/bin/ceph: stderr
2024-05-20T18:27:18.514+0000 7f61c1ffb700 1 -- 172.21.15.135:0/4154114421 <== mon.0 v2:172.21.15.135:3300/0 1 ==== mon_map magic: 0 ==== 205+0+0 (secure 0 0 0) 0x7f61b8004160 con 0x7f61c4108070
2024-05-20T18:27:23.428 INFO:teuthology.orchestra.run.smithi135.stdout:/usr/bin/ceph: stderr
2024-05-20T18:27:18.514+0000 7f61c1ffb700 1 -- 172.21.15.135:0/4154114421 <== mon.0 v2:172.21.15.135:3300/0 2 ==== config(28 keys) ==== 1140+0+0 (secure 0 0 0) 0x7f61b8004300 con 0x7f61c4108070
