2024-05-21T03:13:05.238+0000 7f93e37fe700 1 -- 172.21.15.27:0/1966129752 <== mon.0 v2:172.21.15.27:3300/0 1 ==== mon_map magic: 0 ==== 205+0+0 (secure 0 0 0) 0x7f93d8004160 con 0x7f93e41095e0
2024-05-21T03:13:06.409 INFO:teuthology.orchestra.run.smithi027.stdout:/usr/bin/ceph: stderr
2024-05-21T03:13:05.238+0000 7f93e37fe700 1 -- 172.21.15.27:0/1966129752 <== mon.0 v2:172.21.15.27:3300/0 2 ==== config(26 keys) ==== 1101+0+0 (secure 0 0 0) 0x7f93d8004300 con 0x7f93e41095e0
2024-05-21T03:13:06.409 INFO:teuthology.orchestra.run.smithi027.stdout:/usr/bin/ceph: stderr
2024-05-21T03:13:05.238+0000 7f93e37fe700 1 -- 172.21.15.27:0/1966129752 <== mon.0 v2:172.21.15.27:3300/0 3 ==== mon_map magic: 0 ==== 205+0+0 (secure 0 0 0) 0x7f93d8011a20 con 0x7f93e41095e0
2024-05-21T03:13:06.409 INFO:teuthology.orchestra.run.smithi027.stdout:/usr/bin/ceph: stderr
2024-05-21T03:13:05.239+0000 7f93eae38700 1 -- 172.21.15.27:0/1966129752 >> [v2:172.21.15.27:3300/0,v1:172.21.15.27:6789/0] conn(0x7f93e41095e0 msgr2=0x7f93e4109a00 secure :-1 s=STATE_CONNECTION_ESTABLISHED l=1).mark_down
2024-05-21T03:13:06.409 INFO:teuthology.orchestra.run.smithi027.stdout:/usr/bin/ceph: stderr
2024-05-21T03:13:05.239+0000 7f93eae38700 1 --2- 172.21.15.27:0/1966129752 >> [v2:172.21.15.27:3300/0,v1:172.21.15.27:6789/0] conn(0x7f93e41095e0 0x7f93e4109a00 secure :-1 s=READY pgs=55 cs=0 l=1 rev1=1 crypto rx=0x7f93d80098a0 tx=0x7f93d8009bb0 comp rx=0 tx=0).stop
2024-05-21T03:13:06.409 INFO:teuthology.orchestra.run.smithi027.stdout:/usr/bin/ceph: stderr
2024-05-21T03:13:05.239+0000 7f93eae38700 1 -- 172.21.15.27:0/1966129752 shutdown_connections
2024-05-21T03:13:06.409 INFO:teuthology.orchestra.run.smithi027.stdout:/usr/bin/ceph: stderr
2024-05-21T03:13:05.239+0000 7f93eae38700 1 --2- 172.21.15.27:0/1966129752 >> [v2:172.21.15.27:3300/0,v1:172.21.15.27:6789/0] conn(0x7f93e41095e0 0x7f93e4109a00 unknown :-1 s=CLOSED pgs=55 cs=0 l=1 rev1=1 crypto rx=0 tx=0 comp rx=0 tx=0).stop
2024-05-21T03:13:06.409 INFO:teuthology.orchestra.run.smithi027.stdout:/usr/bin/ceph: stderr
2024-05-21T03:13:05.239+0000 7f93eae38700 1 -- 172.21.15.27:0/1966129752 >> 172.21.15.27:0/1966129752 conn(0x7f93e4102dd0 msgr2=0x7f93e41051f0 unknown :-1 s=STATE_NONE l=0).mark_down
2024-05-21T03:13:06.409 INFO:teuthology.orchestra.run.smithi027.stdout:/usr/bin/ceph: stderr
2024-05-21T03:13:05.239+0000 7f93eae38700 1 -- 172.21.15.27:0/1966129752 shutdown_connections
2024-05-21T03:13:06.409 INFO:teuthology.orchestra.run.smithi027.stdout:/usr/bin/ceph: stderr
2024-05-21T03:13:05.239+0000 7f93eae38700 1 -- 172.21.15.27:0/1966129752 wait complete.
2024-05-21T03:13:06.409 INFO:teuthology.orchestra.run.smithi027.stdout:/usr/bin/ceph: stderr
2024-05-21T03:13:05.240+0000 7f93eae38700 1 Processor -- start
2024-05-21T03:13:06.409 INFO:teuthology.orchestra.run.smithi027.stdout:/usr/bin/ceph: stderr
2024-05-21T03:13:05.240+0000 7f93eae38700 1 -- start start
2024-05-21T03:13:06.409 INFO:teuthology.orchestra.run.smithi027.stdout:/usr/bin/ceph: stderr
2024-05-21T03:13:05.240+0000 7f93eae38700 1 --2- >> [v2:172.21.15.27:3300/0,v1:172.21.15.27:6789/0] conn(0x7f93e41095e0 0x7f93e419f060 unknown :-1 s=NONE pgs=0 cs=0 l=1 rev1=0 crypto rx=0 tx=0 comp rx=0 tx=0).connect
2024-05-21T03:13:06.410 INFO:teuthology.orchestra.run.smithi027.stdout:/usr/bin/ceph: stderr
2024-05-21T03:13:05.240+0000 7f93eae38700 1 -- --> [v2:172.21.15.27:3300/0,v1:172.21.15.27:6789/0] -- mon_getmap magic: 0 -- 0x7f93e4107fa0 con 0x7f93e41095e0
2024-05-21T03:13:06.410 INFO:teuthology.orchestra.run.smithi027.stdout:/usr/bin/ceph: stderr
2024-05-21T03:13:05.240+0000 7f93e8bd4700 1 --2- >> [v2:172.21.15.27:3300/0,v1:172.21.15.27:6789/0] conn(0x7f93e41095e0 0x7f93e419f060 unknown :-1 s=BANNER_CONNECTING pgs=0 cs=0 l=1 rev1=0 crypto rx=0 tx=0 comp rx=0 tx=0)._handle_peer_banner_payload supported=3 required=0
2024-05-21T03:13:06.410 INFO:teuthology.orchestra.run.smithi027.stdout:/usr/bin/ceph: stderr
2024-05-21T03:13:05.240+0000 7f93e8bd4700 1 --2- >> [v2:172.21.15.27:3300/0,v1:172.21.15.27:6789/0] conn(0x7f93e41095e0 0x7f93e419f060 unknown :-1 s=HELLO_CONNECTING pgs=0 cs=0 l=1 rev1=1 crypto rx=0 tx=0 comp rx=0 tx=0).handle_hello peer v2:172.21.15.27:3300/0 says I am v2:172.21.15.27:48882/0 (socket says 172.21.15.27:48882)
2024-05-21T03:13:06.410 INFO:teuthology.orchestra.run.smithi027.stdout:/usr/bin/ceph: stderr
2024-05-21T03:13:05.240+0000 7f93e8bd4700 1 -- 172.21.15.27:0/3061328636 learned_addr learned my addr 172.21.15.27:0/3061328636 (peer_addr_for_me v2:172.21.15.27:0/0)
2024-05-21T03:13:06.410 INFO:teuthology.orchestra.run.smithi027.stdout:/usr/bin/ceph: stderr
2024-05-21T03:13:05.241+0000 7f93e8bd4700 1 -- 172.21.15.27:0/3061328636 --> [v2:172.21.15.27:3300/0,v1:172.21.15.27:6789/0] -- mon_subscribe({config=0+,monmap=0+}) -- 0x7f93e419f5a0 con 0x7f93e41095e0
2024-05-21T03:13:06.410 INFO:teuthology.orchestra.run.smithi027.stdout:/usr/bin/ceph: stderr
2024-05-21T03:13:05.241+0000 7f93e8bd4700 1 --2- 172.21.15.27:0/3061328636 >> [v2:172.21.15.27:3300/0,v1:172.21.15.27:6789/0] conn(0x7f93e41095e0 0x7f93e419f060 secure :-1 s=READY pgs=56 cs=0 l=1 rev1=1 crypto rx=0x7f93d8000c00 tx=0x7f93d8011aa0 comp rx=0 tx=0).ready entity=mon.0 client_cookie=0 server_cookie=0 in_seq=0 out_seq=0
2024-05-21T03:13:06.410 INFO:teuthology.orchestra.run.smithi027.stdout:/usr/bin/ceph: stderr
2024-05-21T03:13:05.241+0000 7f93e1ffb700 1 -- 172.21.15.27:0/3061328636 <== mon.0 v2:172.21.15.27:3300/0 1 ==== mon_map magic: 0 ==== 205+0+0 (secure 0 0 0) 0x7f93d8003aa0 con 0x7f93e41095e0
2024-05-21T03:13:06.410 INFO:teuthology.orchestra.run.smithi027.stdout:/usr/bin/ceph: stderr
2024-05-21T03:13:05.241+0000 7f93eae38700 1 -- 172.21.15.27:0/3061328636 --> [v2:172.21.15.27:3300/0,v1:172.21.15.27:6789/0] -- mon_subscribe({mgrmap=0+}) -- 0x7f93e419f890 con 0x7f93e41095e0
2024-05-21T03:13:06.410 INFO:teuthology.orchestra.run.smithi027.stdout:/usr/bin/ceph: stderr
2024-05-21T03:13:05.241+0000 7f93eae38700 1 -- 172.21.15.27:0/3061328636 --> [v2:172.21.15.27:3300/0,v1:172.21.15.27:6789/0] -- mon_subscribe({osdmap=0}) -- 0x7f93e41a2520 con 0x7f93e41095e0
2024-05-21T03:13:06.410 INFO:teuthology.orchestra.run.smithi027.stdout:/usr/bin/ceph: stderr
2024-05-21T03:13:05.242+0000 7f93e1ffb700 1 -- 172.21.15.27:0/3061328636 <== mon.0 v2:172.21.15.27:3300/0 2 ==== config(26 keys) ==== 1101+0+0 (secure 0 0 0) 0x7f93d801b8f0 con 0x7f93e41095e0
2024-05-21T03:13:06.410 INFO:teuthology.orchestra.run.smithi027.stdout:/usr/bin/ceph: stderr
2024-05-21T03:13:05.242+0000 7f93e1ffb700 1 -- 172.21.15.27:0/3061328636 <== mon.0 v2:172.21.15.27:3300/0 3 ==== mon_map magic: 0 ==== 205+0+0 (secure 0 0 0) 0x7f93d8023800 con 0x7f93e41095e0
2024-05-21T03:13:06.410 INFO:teuthology.orchestra.run.smithi027.stdout:/usr/bin/ceph: stderr
2024-05-21T03:13:05.242+0000 7f93eae38700 1 -- 172.21.15.27:0/3061328636 --> [v2:172.21.15.27:3300/0,v1:172.21.15.27:6789/0] -- mon_command({"prefix": "get_command_descriptions"} v 0) -- 0x7f93c8005360 con 0x7f93e41095e0
2024-05-21T03:13:06.410 INFO:teuthology.orchestra.run.smithi027.stdout:/usr/bin/ceph: stderr
2024-05-21T03:13:05.243+0000 7f93e1ffb700 1 -- 172.21.15.27:0/3061328636 <== mon.0 v2:172.21.15.27:3300/0 4 ==== mgrmap(e 8) ==== 50222+0+0 (secure 0 0 0) 0x7f93d80239a0 con 0x7f93e41095e0
2024-05-21T03:13:06.411 INFO:teuthology.orchestra.run.smithi027.stdout:/usr/bin/ceph: stderr
2024-05-21T03:13:05.243+0000 7f93e1ffb700 1 --2- 172.21.15.27:0/3061328636 >> [v2:172.21.15.27:6800/1185518061,v1:172.21.15.27:6801/1185518061] conn(0x7f93d403e5d0 0x7f93d4040a90 unknown :-1 s=NONE pgs=0 cs=0 l=1 rev1=0 crypto rx=0 tx=0 comp rx=0 tx=0).connect
2024-05-21T03:13:06.411 INFO:teuthology.orchestra.run.smithi027.stdout:/usr/bin/ceph: stderr
2024-05-21T03:13:05.243+0000 7f93e1ffb700 1 -- 172.21.15.27:0/3061328636 <== mon.0 v2:172.21.15.27:3300/0 5 ==== osd_map(2..2 src has 1..2) ==== 940+0+0 (secure 0 0 0) 0x7f93d8053c80 con 0x7f93e41095e0
2024-05-21T03:13:06.411 INFO:teuthology.orchestra.run.smithi027.stdout:/usr/bin/ceph: stderr
2024-05-21T03:13:05.243+0000 7f93e3fff700 1 --2- 172.21.15.27:0/3061328636 >> [v2:172.21.15.27:6800/1185518061,v1:172.21.15.27:6801/1185518061] conn(0x7f93d403e5d0 0x7f93d4040a90 unknown :-1 s=BANNER_CONNECTING pgs=0 cs=0 l=1 rev1=0 crypto rx=0 tx=0 comp rx=0 tx=0)._handle_peer_banner_payload supported=3 required=0
2024-05-21T03:13:06.411 INFO:teuthology.orchestra.run.smithi027.stdout:/usr/bin/ceph: stderr
2024-05-21T03:13:05.244+0000 7f93e3fff700 1 --2- 172.21.15.27:0/3061328636 >> [v2:172.21.15.27:6800/1185518061,v1:172.21.15.27:6801/1185518061] conn(0x7f93d403e5d0 0x7f93d4040a90 secure :-1 s=READY pgs=16 cs=0 l=1 rev1=1 crypto rx=0x7f93d0006fd0 tx=0x7f93d0006e40 comp rx=0 tx=0).ready entity=mgr.14120 client_cookie=0 server_cookie=0 in_seq=0 out_seq=0
2024-05-21T03:13:06.411 INFO:teuthology.orchestra.run.smithi027.stdout:/usr/bin/ceph: stderr
2024-05-21T03:13:05.249+0000 7f93e1ffb700 1 -- 172.21.15.27:0/3061328636 <== mon.0 v2:172.21.15.27:3300/0 6 ==== mon_command_ack([{"prefix": "get_command_descriptions"}]=0 v0) ==== 72+0+191963 (secure 0 0 0) 0x7f93d805a080 con 0x7f93e41095e0
2024-05-21T03:13:06.411 INFO:teuthology.orchestra.run.smithi027.stdout:/usr/bin/ceph: stderr
2024-05-21T03:13:05.528+0000 7f93eae38700 1 -- 172.21.15.27:0/3061328636 --> [v2:172.21.15.27:3300/0,v1:172.21.15.27:6789/0] -- mon_command({"prefix": "mgr module enable", "module": "dashboard"} v 0) -- 0x7f93c8005650 con 0x7f93e41095e0
2024-05-21T03:13:06.411 INFO:teuthology.orchestra.run.smithi027.stdout:/usr/bin/ceph: stderr
2024-05-21T03:13:05.782+0000 7f93e1ffb700 1 -- 172.21.15.27:0/3061328636 <== mon.0 v2:172.21.15.27:3300/0 7 ==== mon_command_ack([{"prefix": "mgr module enable", "module": "dashboard"}]=0 v9) ==== 88+0+0 (secure 0 0 0) 0x7f93d801f030 con 0x7f93e41095e0
2024-05-21T03:13:06.411 INFO:teuthology.orchestra.run.smithi027.stdout:/usr/bin/ceph: stderr
2024-05-21T03:13:05.784+0000 7f93e1ffb700 1 -- 172.21.15.27:0/3061328636 <== mon.0 v2:172.21.15.27:3300/0 8 ==== mgrmap(e 9) ==== 50235+0+0 (secure 0 0 0) 0x7f93d802c910 con 0x7f93e41095e0
2024-05-21T03:13:06.411 INFO:teuthology.orchestra.run.smithi027.stdout:/usr/bin/ceph: stderr
2024-05-21T03:13:05.786+0000 7f93eae38700 1 -- 172.21.15.27:0/3061328636 >> [v2:172.21.15.27:6800/1185518061,v1:172.21.15.27:6801/1185518061] conn(0x7f93d403e5d0 msgr2=0x7f93d4040a90 secure :-1 s=STATE_CONNECTION_ESTABLISHED l=1).mark_down
2024-05-21T03:13:06.411 INFO:teuthology.orchestra.run.smithi027.stdout:/usr/bin/ceph: stderr
2024-05-21T03:13:05.786+0000 7f93eae38700 1 --2- 172.21.15.27:0/3061328636 >> [v2:172.21.15.27:6800/1185518061,v1:172.21.15.27:6801/1185518061] conn(0x7f93d403e5d0 0x7f93d4040a90 secure :-1 s=READY pgs=16 cs=0 l=1 rev1=1 crypto rx=0x7f93d0006fd0 tx=0x7f93d0006e40 comp rx=0 tx=0).stop
2024-05-21T03:13:06.411 INFO:teuthology.orchestra.run.smithi027.stdout:/usr/bin/ceph: stderr
2024-05-21T03:13:05.786+0000 7f93eae38700 1 -- 172.21.15.27:0/3061328636 >> [v2:172.21.15.27:3300/0,v1:172.21.15.27:6789/0] conn(0x7f93e41095e0 msgr2=0x7f93e419f060 secure :-1 s=STATE_CONNECTION_ESTABLISHED l=1).mark_down
2024-05-21T03:13:06.411 INFO:teuthology.orchestra.run.smithi027.stdout:/usr/bin/ceph: stderr
2024-05-21T03:13:05.786+0000 7f93eae38700 1 --2- 172.21.15.27:0/3061328636 >> [v2:172.21.15.27:3300/0,v1:172.21.15.27:6789/0] conn(0x7f93e41095e0 0x7f93e419f060 secure :-1 s=READY pgs=56 cs=0 l=1 rev1=1 crypto rx=0x7f93d8000c00 tx=0x7f93d8011aa0 comp rx=0 tx=0).stop
2024-05-21T03:13:06.411 INFO:teuthology.orchestra.run.smithi027.stdout:/usr/bin/ceph: stderr
2024-05-21T03:13:05.786+0000 7f93eae38700 1 -- 172.21.15.27:0/3061328636 shutdown_connections
2024-05-21T03:13:06.412 INFO:teuthology.orchestra.run.smithi027.stdout:/usr/bin/ceph: stderr
2024-05-21T03:13:05.786+0000 7f93eae38700 1 --2- 172.21.15.27:0/3061328636 >> [v2:172.21.15.27:6800/1185518061,v1:172.21.15.27:6801/1185518061] conn(0x7f93d403e5d0 0x7f93d4040a90 unknown :-1 s=CLOSED pgs=16 cs=0 l=1 rev1=1 crypto rx=0 tx=0 comp rx=0 tx=0).stop
2024-05-21T03:13:06.412 INFO:teuthology.orchestra.run.smithi027.stdout:/usr/bin/ceph: stderr
2024-05-21T03:13:05.786+0000 7f93eae38700 1 --2- 172.21.15.27:0/3061328636 >> [v2:172.21.15.27:3300/0,v1:172.21.15.27:6789/0] conn(0x7f93e41095e0 0x7f93e419f060 unknown :-1 s=CLOSED pgs=56 cs=0 l=1 rev1=1 crypto rx=0 tx=0 comp rx=0 tx=0).stop
2024-05-21T03:13:06.412 INFO:teuthology.orchestra.run.smithi027.stdout:/usr/bin/ceph: stderr
2024-05-21T03:13:05.786+0000 7f93eae38700 1 -- 172.21.15.27:0/3061328636 >> 172.21.15.27:0/3061328636 conn(0x7f93e4102dd0 msgr2=0x7f93e4195680 unknown :-1 s=STATE_NONE l=0).mark_down
2024-05-21T03:13:06.412 INFO:teuthology.orchestra.run.smithi027.stdout:/usr/bin/ceph: stderr
2024-05-21T03:13:05.786+0000 7f93eae38700 1 -- 172.21.15.27:0/3061328636 shutdown_connections
2024-05-21T03:13:06.412 INFO:teuthology.orchestra.run.smithi027.stdout:/usr/bin/ceph: stderr
2024-05-21T03:13:05.786+0000 7f93eae38700 1 -- 172.21.15.27:0/3061328636 wait complete.
2024-05-21T03:13:06.677 INFO:journalctl@ceph.mgr.x.smithi027.stdout:May 21 03:13:06 smithi027 ceph-c9ca94be-171f-11ef-bc9a-c7b262605968-mgr-x[32406]:
2024-05-21T03:13:06.608+0000 7f5b549e0200 -1 mgr[py] Module progress has missing NOTIFY_TYPES member
2024-05-21T03:13:07.049 INFO:journalctl@ceph.mgr.x.smithi027.stdout:May 21 03:13:06 smithi027 ceph-c9ca94be-171f-11ef-bc9a-c7b262605968-mgr-x[32406]:
2024-05-21T03:13:06.701+0000 7f5b549e0200 -1 mgr[py] Module influx has missing NOTIFY_TYPES member
2024-05-21T03:13:07.050 INFO:journalctl@ceph.mon.a.smithi027.stdout:May 21 03:13:06 smithi027 ceph-mon[32179]: from='client.? 172.21.15.27:0/3061328636' entity='client.admin' cmd='[{"prefix": "mgr module enable", "module": "dashboard"}]': finished
2024-05-21T03:13:07.050 INFO:journalctl@ceph.mon.a.smithi027.stdout:May 21 03:13:06 smithi027 ceph-mon[32179]: mgrmap e9: x(active, since 20s)
2024-05-21T03:13:07.926 INFO:journalctl@ceph.mon.a.smithi027.stdout:May 21 03:13:07 smithi027 ceph-mon[32179]: from='client.? 172.21.15.27:0/2589327485' entity='client.admin' cmd=[{"prefix": "mgr stat"}]: dispatch
2024-05-21T03:13:08.073 INFO:teuthology.orchestra.run.smithi027.stdout:/usr/bin/ceph: stdout {
2024-05-21T03:13:08.073 INFO:teuthology.orchestra.run.smithi027.stdout:/usr/bin/ceph: stdout "epoch": 9,
2024-05-21T03:13:08.073 INFO:teuthology.orchestra.run.smithi027.stdout:/usr/bin/ceph: stdout "available": true,
2024-05-21T03:13:08.073 INFO:teuthology.orchestra.run.smithi027.stdout:/usr/bin/ceph: stdout "active_name": "x",
2024-05-21T03:13:08.073 INFO:teuthology.orchestra.run.smithi027.stdout:/usr/bin/ceph: stdout "num_standby": 0
2024-05-21T03:13:08.073 INFO:teuthology.orchestra.run.smithi027.stdout:/usr/bin/ceph: stdout }
2024-05-21T03:13:08.073 INFO:teuthology.orchestra.run.smithi027.stdout:/usr/bin/ceph: stderr
2024-05-21T03:13:06.843+0000 7f5f088d5700 1 Processor -- start
2024-05-21T03:13:08.074 INFO:teuthology.orchestra.run.smithi027.stdout:/usr/bin/ceph: stderr
2024-05-21T03:13:06.843+0000 7f5f088d5700 1 -- start start
2024-05-21T03:13:08.074 INFO:teuthology.orchestra.run.smithi027.stdout:/usr/bin/ceph: stderr
2024-05-21T03:13:06.843+0000 7f5f088d5700 1 --2- >> [v2:172.21.15.27:3300/0,v1:172.21.15.27:6789/0] conn(0x7f5f0407ed70 0x7f5f0407d2e0 unknown :-1 s=NONE pgs=0 cs=0 l=0 rev1=0 crypto rx=0 tx=0 comp rx=0 tx=0).connect
2024-05-21T03:13:08.074 INFO:teuthology.orchestra.run.smithi027.stdout:/usr/bin/ceph: stderr
2024-05-21T03:13:06.843+0000 7f5f088d5700 1 -- --> [v2:172.21.15.27:3300/0,v1:172.21.15.27:6789/0] -- mon_getmap magic: 0 -- 0x7f5f0407f190 con 0x7f5f0407ed70
2024-05-21T03:13:08.074 INFO:teuthology.orchestra.run.smithi027.stdout:/usr/bin/ceph: stderr
2024-05-21T03:13:06.844+0000 7f5f0259c700 1 --2- >> [v2:172.21.15.27:3300/0,v1:172.21.15.27:6789/0] conn(0x7f5f0407ed70 0x7f5f0407d2e0 unknown :-1 s=BANNER_CONNECTING pgs=0 cs=0 l=0 rev1=0 crypto rx=0 tx=0 comp rx=0 tx=0)._handle_peer_banner_payload supported=3 required=0
2024-05-21T03:13:08.074 INFO:teuthology.orchestra.run.smithi027.stdout:/usr/bin/ceph: stderr
2024-05-21T03:13:06.844+0000 7f5f0259c700 1 --2- >> [v2:172.21.15.27:3300/0,v1:172.21.15.27:6789/0] conn(0x7f5f0407ed70 0x7f5f0407d2e0 unknown :-1 s=HELLO_CONNECTING pgs=0 cs=0 l=0 rev1=1 crypto rx=0 tx=0 comp rx=0 tx=0).handle_hello peer v2:172.21.15.27:3300/0 says I am v2:172.21.15.27:48892/0 (socket says 172.21.15.27:48892)
2024-05-21T03:13:08.074 INFO:teuthology.orchestra.run.smithi027.stdout:/usr/bin/ceph: stderr
2024-05-21T03:13:06.844+0000 7f5f0259c700 1 -- 172.21.15.27:0/3699441718 learned_addr learned my addr 172.21.15.27:0/3699441718 (peer_addr_for_me v2:172.21.15.27:0/0)
2024-05-21T03:13:08.074 INFO:teuthology.orchestra.run.smithi027.stdout:/usr/bin/ceph: stderr
2024-05-21T03:13:06.844+0000 7f5f0259c700 1 -- 172.21.15.27:0/3699441718 --> [v2:172.21.15.27:3300/0,v1:172.21.15.27:6789/0] -- mon_subscribe({config=0+,monmap=0+}) -- 0x7f5f0407d820 con 0x7f5f0407ed70
2024-05-21T03:13:08.074 INFO:teuthology.orchestra.run.smithi027.stdout:/usr/bin/ceph: stderr
2024-05-21T03:13:06.844+0000 7f5f0259c700 1 --2- 172.21.15.27:0/3699441718 >> [v2:172.21.15.27:3300/0,v1:172.21.15.27:6789/0] conn(0x7f5f0407ed70 0x7f5f0407d2e0 secure :-1 s=READY pgs=59 cs=0 l=1 rev1=1 crypto rx=0x7f5ef40098a0 tx=0x7f5ef4009bb0 comp rx=0 tx=0).ready entity=mon.0 client_cookie=510ea4c5ec8e4cfa server_cookie=0 in_seq=0 out_seq=0
2024-05-21T03:13:08.074 INFO:teuthology.orchestra.run.smithi027.stdout:/usr/bin/ceph: stderr
2024-05-21T03:13:06.844+0000 7f5f0159a700 1 -- 172.21.15.27:0/3699441718 <== mon.0 v2:172.21.15.27:3300/0 1 ==== mon_map magic: 0 ==== 205+0+0 (secure 0 0 0) 0x7f5ef4004160 con 0x7f5f0407ed70
2024-05-21T03:13:08.074 INFO:teuthology.orchestra.run.smithi027.stdout:/usr/bin/ceph: stderr
2024-05-21T03:13:06.844+0000 7f5f0159a700 1 -- 172.21.15.27:0/3699441718 <== mon.0 v2:172.21.15.27:3300/0 2 ==== config(26 keys) ==== 1101+0+0 (secure 0 0 0) 0x7f5ef4004300 con 0x7f5f0407ed70
2024-05-21T03:13:08.074 INFO:teuthology.orchestra.run.smithi027.stdout:/usr/bin/ceph: stderr
2024-05-21T03:13:06.844+0000 7f5f0159a700 1 -- 172.21.15.27:0/3699441718 <== mon.0 v2:172.21.15.27:3300/0 3 ==== mon_map magic: 0 ==== 205+0+0 (secure 0 0 0) 0x7f5ef4011a20 con 0x7f5f0407ed70
2024-05-21T03:13:08.074 INFO:teuthology.orchestra.run.smithi027.stdout:/usr/bin/ceph: stderr
2024-05-21T03:13:06.845+0000 7f5f088d5700 1 -- 172.21.15.27:0/3699441718 >> [v2:172.21.15.27:3300/0,v1:172.21.15.27:6789/0] conn(0x7f5f0407ed70 msgr2=0x7f5f0407d2e0 secure :-1 s=STATE_CONNECTION_ESTABLISHED l=1).mark_down
2024-05-21T03:13:08.075 INFO:teuthology.orchestra.run.smithi027.stdout:/usr/bin/ceph: stderr
2024-05-21T03:13:06.845+0000 7f5f088d5700 1 --2- 172.21.15.27:0/3699441718 >> [v2:172.21.15.27:3300/0,v1:172.21.15.27:6789/0] conn(0x7f5f0407ed70 0x7f5f0407d2e0 secure :-1 s=READY pgs=59 cs=0 l=1 rev1=1 crypto rx=0x7f5ef40098a0 tx=0x7f5ef4009bb0 comp rx=0 tx=0).stop
2024-05-21T03:13:08.075 INFO:teuthology.orchestra.run.smithi027.stdout:/usr/bin/ceph: stderr
2024-05-21T03:13:06.845+0000 7f5f088d5700 1 -- 172.21.15.27:0/3699441718 shutdown_connections
2024-05-21T03:13:08.075 INFO:teuthology.orchestra.run.smithi027.stdout:/usr/bin/ceph: stderr
2024-05-21T03:13:06.845+0000 7f5f088d5700 1 --2- 172.21.15.27:0/3699441718 >> [v2:172.21.15.27:3300/0,v1:172.21.15.27:6789/0] conn(0x7f5f0407ed70 0x7f5f0407d2e0 unknown :-1 s=CLOSED pgs=59 cs=0 l=1 rev1=1 crypto rx=0 tx=0 comp rx=0 tx=0).stop
2024-05-21T03:13:08.075 INFO:teuthology.orchestra.run.smithi027.stdout:/usr/bin/ceph: stderr
2024-05-21T03:13:06.845+0000 7f5f088d5700 1 -- 172.21.15.27:0/3699441718 >> 172.21.15.27:0/3699441718 conn(0x7f5f041047f0 msgr2=0x7f5f04106c10 unknown :-1 s=STATE_NONE l=0).mark_down
2024-05-21T03:13:08.075 INFO:teuthology.orchestra.run.smithi027.stdout:/usr/bin/ceph: stderr
2024-05-21T03:13:06.845+0000 7f5f088d5700 1 -- 172.21.15.27:0/3699441718 shutdown_connections
2024-05-21T03:13:08.075 INFO:teuthology.orchestra.run.smithi027.stdout:/usr/bin/ceph: stderr
2024-05-21T03:13:06.845+0000 7f5f088d5700 1 -- 172.21.15.27:0/3699441718 wait complete.
2024-05-21T03:13:08.075 INFO:teuthology.orchestra.run.smithi027.stdout:/usr/bin/ceph: stderr
2024-05-21T03:13:06.846+0000 7f5f088d5700 1 Processor -- start
2024-05-21T03:13:08.075 INFO:teuthology.orchestra.run.smithi027.stdout:/usr/bin/ceph: stderr
2024-05-21T03:13:06.846+0000 7f5f088d5700 1 -- start start
2024-05-21T03:13:08.075 INFO:teuthology.orchestra.run.smithi027.stdout:/usr/bin/ceph: stderr
2024-05-21T03:13:06.846+0000 7f5f088d5700 1 --2- >> [v2:172.21.15.27:3300/0,v1:172.21.15.27:6789/0] conn(0x7f5f0407ed70 0x7f5f0419f160 unknown :-1 s=NONE pgs=0 cs=0 l=1 rev1=0 crypto rx=0 tx=0 comp rx=0 tx=0).connect
2024-05-21T03:13:08.075 INFO:teuthology.orchestra.run.smithi027.stdout:/usr/bin/ceph: stderr
2024-05-21T03:13:06.846+0000 7f5f088d5700 1 -- --> [v2:172.21.15.27:3300/0,v1:172.21.15.27:6789/0] -- mon_getmap magic: 0 -- 0x7f5f0410f620 con 0x7f5f0407ed70
2024-05-21T03:13:08.075 INFO:teuthology.orchestra.run.smithi027.stdout:/usr/bin/ceph: stderr
2024-05-21T03:13:06.846+0000 7f5f0259c700 1 --2- >> [v2:172.21.15.27:3300/0,v1:172.21.15.27:6789/0] conn(0x7f5f0407ed70 0x7f5f0419f160 unknown :-1 s=BANNER_CONNECTING pgs=0 cs=0 l=1 rev1=0 crypto rx=0 tx=0 comp rx=0 tx=0)._handle_peer_banner_payload supported=3 required=0
2024-05-21T03:13:08.075 INFO:teuthology.orchestra.run.smithi027.stdout:/usr/bin/ceph: stderr
2024-05-21T03:13:06.846+0000 7f5f0259c700 1 --2- >> [v2:172.21.15.27:3300/0,v1:172.21.15.27:6789/0] conn(0x7f5f0407ed70 0x7f5f0419f160 unknown :-1 s=HELLO_CONNECTING pgs=0 cs=0 l=1 rev1=1 crypto rx=0 tx=0 comp rx=0 tx=0).handle_hello peer v2:172.21.15.27:3300/0 says I am v2:172.21.15.27:48906/0 (socket says 172.21.15.27:48906)
2024-05-21T03:13:08.075 INFO:teuthology.orchestra.run.smithi027.stdout:/usr/bin/ceph: stderr
2024-05-21T03:13:06.846+0000 7f5f0259c700 1 -- 172.21.15.27:0/2589327485 learned_addr learned my addr 172.21.15.27:0/2589327485 (peer_addr_for_me v2:172.21.15.27:0/0)
2024-05-21T03:13:08.075 INFO:teuthology.orchestra.run.smithi027.stdout:/usr/bin/ceph: stderr
2024-05-21T03:13:06.847+0000 7f5f0259c700 1 -- 172.21.15.27:0/2589327485 --> [v2:172.21.15.27:3300/0,v1:172.21.15.27:6789/0] -- mon_subscribe({config=0+,monmap=0+}) -- 0x7f5f0419f6a0 con 0x7f5f0407ed70
2024-05-21T03:13:08.076 INFO:teuthology.orchestra.run.smithi027.stdout:/usr/bin/ceph: stderr
2024-05-21T03:13:06.847+0000 7f5f0259c700 1 --2- 172.21.15.27:0/2589327485 >> [v2:172.21.15.27:3300/0,v1:172.21.15.27:6789/0] conn(0x7f5f0407ed70 0x7f5f0419f160 secure :-1 s=READY pgs=60 cs=0 l=1 rev1=1 crypto rx=0x7f5ef4000c00 tx=0x7f5ef4011aa0 comp rx=0 tx=0).ready entity=mon.0 client_cookie=0 server_cookie=0 in_seq=0 out_seq=0
2024-05-21T03:13:08.076 INFO:teuthology.orchestra.run.smithi027.stdout:/usr/bin/ceph: stderr
2024-05-21T03:13:06.847+0000 7f5ef37fe700 1 -- 172.21.15.27:0/2589327485 <== mon.0 v2:172.21.15.27:3300/0 1 ==== mon_map magic: 0 ==== 205+0+0 (secure 0 0 0) 0x7f5ef4003aa0 con 0x7f5f0407ed70
2024-05-21T03:13:08.076 INFO:teuthology.orchestra.run.smithi027.stdout:/usr/bin/ceph: stderr
2024-05-21T03:13:06.847+0000 7f5ef37fe700 1 -- 172.21.15.27:0/2589327485 <== mon.0 v2:172.21.15.27:3300/0 2 ==== config(26 keys) ==== 1101+0+0 (secure 0 0 0) 0x7f5ef401b8f0 con 0x7f5f0407ed70
2024-05-21T03:13:08.076 INFO:teuthology.orchestra.run.smithi027.stdout:/usr/bin/ceph: stderr
2024-05-21T03:13:06.847+0000 7f5f088d5700 1 -- 172.21.15.27:0/2589327485 --> [v2:172.21.15.27:3300/0,v1:172.21.15.27:6789/0] -- mon_subscribe({mgrmap=0+}) -- 0x7f5f0419f930 con 0x7f5f0407ed70
2024-05-21T03:13:08.076 INFO:teuthology.orchestra.run.smithi027.stdout:/usr/bin/ceph: stderr
2024-05-21T03:13:06.847+0000 7f5ef37fe700 1 -- 172.21.15.27:0/2589327485 <== mon.0 v2:172.21.15.27:3300/0 3 ==== mon_map magic: 0 ==== 205+0+0 (secure 0 0 0) 0x7f5ef4023870 con 0x7f5f0407ed70
2024-05-21T03:13:08.076 INFO:teuthology.orchestra.run.smithi027.stdout:/usr/bin/ceph: stderr
2024-05-21T03:13:06.847+0000 7f5f088d5700 1 -- 172.21.15.27:0/2589327485 --> [v2:172.21.15.27:3300/0,v1:172.21.15.27:6789/0] -- mon_subscribe({osdmap=0}) -- 0x7f5f041a2620 con 0x7f5f0407ed70
2024-05-21T03:13:08.076 INFO:teuthology.orchestra.run.smithi027.stdout:/usr/bin/ceph: stderr
2024-05-21T03:13:06.848+0000 7f5f088d5700 1 -- 172.21.15.27:0/2589327485 --> [v2:172.21.15.27:3300/0,v1:172.21.15.27:6789/0] -- mon_command({"prefix": "get_command_descriptions"} v 0) -- 0x7f5f04064ba0 con 0x7f5f0407ed70
2024-05-21T03:13:08.076 INFO:teuthology.orchestra.run.smithi027.stdout:/usr/bin/ceph: stderr
2024-05-21T03:13:06.848+0000 7f5ef37fe700 1 -- 172.21.15.27:0/2589327485 <== mon.0 v2:172.21.15.27:3300/0 4 ==== mgrmap(e 9) ==== 50235+0+0 (secure 0 0 0) 0x7f5ef4023b30 con 0x7f5f0407ed70
2024-05-21T03:13:08.076 INFO:teuthology.orchestra.run.smithi027.stdout:/usr/bin/ceph: stderr
2024-05-21T03:13:06.849+0000 7f5ef37fe700 1 --2- 172.21.15.27:0/2589327485 >> [v2:172.21.15.27:6800/1185518061,v1:172.21.15.27:6801/1185518061] conn(0x7f5eec03e5d0 0x7f5eec040a90 unknown :-1 s=NONE pgs=0 cs=0 l=1 rev1=0 crypto rx=0 tx=0 comp rx=0 tx=0).connect
2024-05-21T03:13:08.076 INFO:teuthology.orchestra.run.smithi027.stdout:/usr/bin/ceph: stderr
2024-05-21T03:13:06.849+0000 7f5ef37fe700 1 -- 172.21.15.27:0/2589327485 <== mon.0 v2:172.21.15.27:3300/0 5 ==== osd_map(2..2 src has 1..2) ==== 940+0+0 (secure 0 0 0) 0x7f5ef4054040 con 0x7f5f0407ed70
2024-05-21T03:13:08.076 INFO:teuthology.orchestra.run.smithi027.stdout:/usr/bin/ceph: stderr
2024-05-21T03:13:06.849+0000 7f5f01d9b700 1 -- 172.21.15.27:0/2589327485 >> [v2:172.21.15.27:6800/1185518061,v1:172.21.15.27:6801/1185518061] conn(0x7f5eec03e5d0 msgr2=0x7f5eec040a90 unknown :-1 s=STATE_CONNECTING_RE l=1).process reconnect failed to v2:172.21.15.27:6800/1185518061
2024-05-21T03:13:08.076 INFO:teuthology.orchestra.run.smithi027.stdout:/usr/bin/ceph: stderr
2024-05-21T03:13:06.849+0000 7f5f01d9b700 1 --2- 172.21.15.27:0/2589327485 >> [v2:172.21.15.27:6800/1185518061,v1:172.21.15.27:6801/1185518061] conn(0x7f5eec03e5d0 0x7f5eec040a90 unknown :-1 s=START_CONNECT pgs=0 cs=0 l=1 rev1=0 crypto rx=0 tx=0 comp rx=0 tx=0)._fault waiting 0.200000
2024-05-21T03:13:08.076 INFO:teuthology.orchestra.run.smithi027.stdout:/usr/bin/ceph: stderr
2024-05-21T03:13:06.855+0000 7f5ef37fe700 1 -- 172.21.15.27:0/2589327485 <== mon.0 v2:172.21.15.27:3300/0 6 ==== mon_command_ack([{"prefix": "get_command_descriptions"}]=0 v0) ==== 72+0+191963 (secure 0 0 0) 0x7f5ef401f030 con 0x7f5f0407ed70
2024-05-21T03:13:08.076 INFO:teuthology.orchestra.run.smithi027.stdout:/usr/bin/ceph: stderr
2024-05-21T03:13:07.050+0000 7f5f01d9b700 1 -- 172.21.15.27:0/2589327485 >> [v2:172.21.15.27:6800/1185518061,v1:172.21.15.27:6801/1185518061] conn(0x7f5eec03e5d0 msgr2=0x7f5eec040a90 unknown :-1 s=STATE_CONNECTING_RE l=1).process reconnect failed to v2:172.21.15.27:6800/1185518061
2024-05-21T03:13:08.076 INFO:teuthology.orchestra.run.smithi027.stdout:/usr/bin/ceph: stderr
2024-05-21T03:13:07.050+0000 7f5f01d9b700 1 --2- 172.21.15.27:0/2589327485 >> [v2:172.21.15.27:6800/1185518061,v1:172.21.15.27:6801/1185518061] conn(0x7f5eec03e5d0 0x7f5eec040a90 unknown :-1 s=START_CONNECT pgs=0 cs=0 l=1 rev1=0 crypto rx=0 tx=0 comp rx=0 tx=0)._fault waiting 0.400000
2024-05-21T03:13:08.077 INFO:teuthology.orchestra.run.smithi027.stdout:/usr/bin/ceph: stderr
2024-05-21T03:13:07.177+0000 7f5f088d5700 1 -- 172.21.15.27:0/2589327485 --> [v2:172.21.15.27:3300/0,v1:172.21.15.27:6789/0] -- mon_command({"prefix": "mgr stat"} v 0) -- 0x7f5f041a2c10 con 0x7f5f0407ed70
2024-05-21T03:13:08.077 INFO:teuthology.orchestra.run.smithi027.stdout:/usr/bin/ceph: stderr
2024-05-21T03:13:07.178+0000 7f5ef37fe700 1 -- 172.21.15.27:0/2589327485 <== mon.0 v2:172.21.15.27:3300/0 7 ==== mon_command_ack([{"prefix": "mgr stat"}]=0 v9) ==== 56+0+88 (secure 0 0 0) 0x7f5ef400b3e0 con 0x7f5f0407ed70
2024-05-21T03:13:08.077 INFO:teuthology.orchestra.run.smithi027.stdout:/usr/bin/ceph: stderr
2024-05-21T03:13:07.180+0000 7f5f088d5700 1 -- 172.21.15.27:0/2589327485 >> [v2:172.21.15.27:6800/1185518061,v1:172.21.15.27:6801/1185518061] conn(0x7f5eec03e5d0 msgr2=0x7f5eec040a90 unknown :-1 s=STATE_CONNECTING l=1).mark_down
2024-05-21T03:13:08.077 INFO:teuthology.orchestra.run.smithi027.stdout:/usr/bin/ceph: stderr
2024-05-21T03:13:07.180+0000 7f5f088d5700 1 --2- 172.21.15.27:0/2589327485 >> [v2:172.21.15.27:6800/1185518061,v1:172.21.15.27:6801/1185518061] conn(0x7f5eec03e5d0 0x7f5eec040a90 unknown :-1 s=START_CONNECT pgs=0 cs=0 l=1 rev1=0 crypto rx=0 tx=0 comp rx=0 tx=0).stop
2024-05-21T03:13:08.077 INFO:teuthology.orchestra.run.smithi027.stdout:/usr/bin/ceph: stderr
2024-05-21T03:13:07.180+0000 7f5f088d5700 1 -- 172.21.15.27:0/2589327485 >> [v2:172.21.15.27:3300/0,v1:172.21.15.27:6789/0] conn(0x7f5f0407ed70 msgr2=0x7f5f0419f160 secure :-1 s=STATE_CONNECTION_ESTABLISHED l=1).mark_down
2024-05-21T03:13:08.077 INFO:teuthology.orchestra.run.smithi027.stdout:/usr/bin/ceph: stderr
2024-05-21T03:13:07.180+0000 7f5f088d5700 1 --2- 172.21.15.27:0/2589327485 >> [v2:172.21.15.27:3300/0,v1:172.21.15.27:6789/0] conn(0x7f5f0407ed70 0x7f5f0419f160 secure :-1 s=READY pgs=60 cs=0 l=1 rev1=1 crypto rx=0x7f5ef4000c00 tx=0x7f5ef4011aa0 comp rx=0 tx=0).stop
2024-05-21T03:13:08.077 INFO:teuthology.orchestra.run.smithi027.stdout:/usr/bin/ceph: stderr
2024-05-21T03:13:07.180+0000 7f5f088d5700 1 -- 172.21.15.27:0/2589327485 shutdown_connections
2024-05-21T03:13:08.077 INFO:teuthology.orchestra.run.smithi027.stdout:/usr/bin/ceph: stderr
2024-05-21T03:13:07.180+0000 7f5f088d5700 1 --2- 172.21.15.27:0/2589327485 >> [v2:172.21.15.27:6800/1185518061,v1:172.21.15.27:6801/1185518061] conn(0x7f5eec03e5d0 0x7f5eec040a90 unknown :-1 s=CLOSED pgs=0 cs=0 l=1 rev1=0 crypto rx=0 tx=0 comp rx=0 tx=0).stop
2024-05-21T03:13:08.077 INFO:teuthology.orchestra.run.smithi027.stdout:/usr/bin/ceph: stderr
2024-05-21T03:13:07.180+0000 7f5f088d5700 1 --2- 172.21.15.27:0/2589327485 >> [v2:172.21.15.27:3300/0,v1:172.21.15.27:6789/0] conn(0x7f5f0407ed70 0x7f5f0419f160 unknown :-1 s=CLOSED pgs=60 cs=0 l=1 rev1=1 crypto rx=0 tx=0 comp rx=0 tx=0).stop
2024-05-21T03:13:08.077 INFO:teuthology.orchestra.run.smithi027.stdout:/usr/bin/ceph: stderr
2024-05-21T03:13:07.180+0000 7f5f088d5700 1 -- 172.21.15.27:0/2589327485 >> 172.21.15.27:0/2589327485 conn(0x7f5f041047f0 msgr2=0x7f5f041051f0 unknown :-1 s=STATE_NONE l=0).mark_down
2024-05-21T03:13:08.077 INFO:teuthology.orchestra.run.smithi027.stdout:/usr/bin/ceph: stderr
2024-05-21T03:13:07.180+0000 7f5f088d5700 1 -- 172.21.15.27:0/2589327485 shutdown_connections
2024-05-21T03:13:08.077 INFO:teuthology.orchestra.run.smithi027.stdout:/usr/bin/ceph: stderr
2024-05-21T03:13:07.181+0000 7f5f088d5700 1 -- 172.21.15.27:0/2589327485 wait complete.
2024-05-21T03:13:08.077 INFO:teuthology.orchestra.run.smithi027.stdout:Waiting for the mgr to restart...
2024-05-21T03:13:08.078 INFO:teuthology.orchestra.run.smithi027.stdout:Waiting for mgr epoch 9...
2024-05-21T03:13:08.270 INFO:journalctl@ceph.mgr.x.smithi027.stdout:May 21 03:13:07 smithi027 ceph-c9ca94be-171f-11ef-bc9a-c7b262605968-mgr-x[32406]:
2024-05-21T03:13:07.970+0000 7f5b549e0200 -1 mgr[py] Module telegraf has missing NOTIFY_TYPES member
2024-05-21T03:13:08.271 INFO:journalctl@ceph.mgr.x.smithi027.stdout:May 21 03:13:08 smithi027 ceph-c9ca94be-171f-11ef-bc9a-c7b262605968-mgr-x[32406]:
2024-05-21T03:13:08.151+0000 7f5b549e0200 -1 mgr[py] Module osd_support has missing NOTIFY_TYPES member
2024-05-21T03:13:08.640 INFO:journalctl@ceph.mgr.x.smithi027.stdout:May 21 03:13:08 smithi027 ceph-c9ca94be-171f-11ef-bc9a-c7b262605968-mgr-x[32406]:
2024-05-21T03:13:08.333+0000 7f5b549e0200 -1 mgr[py] Module iostat has missing NOTIFY_TYPES member
2024-05-21T03:13:08.640 INFO:journalctl@ceph.mgr.x.smithi027.stdout:May 21 03:13:08 smithi027 ceph-c9ca94be-171f-11ef-bc9a-c7b262605968-mgr-x[32406]:
2024-05-21T03:13:08.641+0000 7f5b549e0200 -1 mgr[py] Module alerts has missing NOTIFY_TYPES member
2024-05-21T03:13:08.927 INFO:journalctl@ceph.mgr.x.smithi027.stdout:May 21 03:13:08 smithi027 ceph-c9ca94be-171f-11ef-bc9a-c7b262605968-mgr-x[32406]:
2024-05-21T03:13:08.737+0000 7f5b549e0200 -1 mgr[py] Module selftest has missing NOTIFY_TYPES member
2024-05-21T03:13:09.426 INFO:journalctl@ceph.mgr.x.smithi027.stdout:May 21 03:13:08 smithi027 ceph-c9ca94be-171f-11ef-bc9a-c7b262605968-mgr-x[32406]:
2024-05-21T03:13:08.949+0000 7f5b549e0200 -1 mgr[py] Module pg_autoscaler has missing NOTIFY_TYPES member
2024-05-21T03:13:09.427 INFO:journalctl@ceph.mgr.x.smithi027.stdout:May 21 03:13:09 smithi027 ceph-c9ca94be-171f-11ef-bc9a-c7b262605968-mgr-x[32406]:
2024-05-21T03:13:09.152+0000 7f5b549e0200 -1 mgr[py] Module test_orchestrator has missing NOTIFY_TYPES member
2024-05-21T03:13:10.177 INFO:journalctl@ceph.mgr.x.smithi027.stdout:May 21 03:13:09 smithi027 ceph-c9ca94be-171f-11ef-bc9a-c7b262605968-mgr-x[32406]:
2024-05-21T03:13:09.795+0000 7f5b549e0200 -1 mgr[py] Module rook has missing NOTIFY_TYPES member
2024-05-21T03:13:10.177 INFO:journalctl@ceph.mgr.x.smithi027.stdout:May 21 03:13:10 smithi027 ceph-c9ca94be-171f-11ef-bc9a-c7b262605968-mgr-x[32406]:
2024-05-21T03:13:10.028+0000 7f5b549e0200 -1 mgr[py] Module smb has missing NOTIFY_TYPES member
2024-05-21T03:13:10.926 INFO:journalctl@ceph.mgr.x.smithi027.stdout:May 21 03:13:10 smithi027 ceph-c9ca94be-171f-11ef-bc9a-c7b262605968-mgr-x[32406]:
2024-05-21T03:13:10.476+0000 7f5b549e0200 -1 mgr[py] Module volumes has missing NOTIFY_TYPES member
2024-05-21T03:13:10.927 INFO:journalctl@ceph.mgr.x.smithi027.stdout:May 21 03:13:10 smithi027 ceph-c9ca94be-171f-11ef-bc9a-c7b262605968-mgr-x[32406]:
2024-05-21T03:13:10.577+0000 7f5b549e0200 -1 mgr[py] Module crash has missing NOTIFY_TYPES member
2024-05-21T03:13:11.343 INFO:journalctl@ceph.mgr.x.smithi027.stdout:May 21 03:13:10 smithi027 ceph-c9ca94be-171f-11ef-bc9a-c7b262605968-mgr-x[32406]:
2024-05-21T03:13:10.963+0000 7f5b549e0200 -1 mgr[py] Module rgw has missing NOTIFY_TYPES member
2024-05-21T03:13:11.343 INFO:journalctl@ceph.mgr.x.smithi027.stdout:May 21 03:13:11 smithi027 ceph-c9ca94be-171f-11ef-bc9a-c7b262605968-mgr-x[32406]:
2024-05-21T03:13:11.343+0000 7f5b549e0200 -1 mgr[py] Module prometheus has missing NOTIFY_TYPES member
2024-05-21T03:13:11.612 INFO:journalctl@ceph.mgr.x.smithi027.stdout:May 21 03:13:11 smithi027 ceph-c9ca94be-171f-11ef-bc9a-c7b262605968-mgr-x[32406]:
2024-05-21T03:13:11.442+0000 7f5b549e0200 -1 mgr[py] Module devicehealth has missing NOTIFY_TYPES member
2024-05-21T03:13:11.926 INFO:journalctl@ceph.mgr.x.smithi027.stdout:May 21 03:13:11 smithi027 ceph-c9ca94be-171f-11ef-bc9a-c7b262605968-mgr-x[32406]:
2024-05-21T03:13:11.704+0000 7f5b549e0200 -1 mgr[py] Module telemetry has missing NOTIFY_TYPES member
2024-05-21T03:13:11.927 INFO:journalctl@ceph.mgr.x.smithi027.stdout:May 21 03:13:11 smithi027 ceph-c9ca94be-171f-11ef-bc9a-c7b262605968-mgr-x[32406]:
2024-05-21T03:13:11.846+0000 7f5b549e0200 -1 mgr[py] Module diskprediction_local has missing NOTIFY_TYPES member
2024-05-21T03:13:12.285 INFO:journalctl@ceph.mgr.x.smithi027.stdout:May 21 03:13:11 smithi027 ceph-c9ca94be-171f-11ef-bc9a-c7b262605968-mgr-x[32406]:
2024-05-21T03:13:11.947+0000 7f5b549e0200 -1 mgr[py] Module osd_perf_query has missing NOTIFY_TYPES member
2024-05-21T03:13:12.285 INFO:journalctl@ceph.mgr.x.smithi027.stdout:May 21 03:13:12 smithi027 ceph-c9ca94be-171f-11ef-bc9a-c7b262605968-mgr-x[32406]:
2024-05-21T03:13:12.285+0000 7f5b549e0200 -1 mgr[py] Module rbd_support has missing NOTIFY_TYPES member
2024-05-21T03:13:12.676 INFO:journalctl@ceph.mgr.x.smithi027.stdout:May 21 03:13:12 smithi027 ceph-c9ca94be-171f-11ef-bc9a-c7b262605968-mgr-x[32406]:
2024-05-21T03:13:12.383+0000 7f5b549e0200 -1 mgr[py] Module zabbix has missing NOTIFY_TYPES member
2024-05-21T03:13:13.300 INFO:journalctl@ceph.mgr.x.smithi027.stdout:May 21 03:13:13 smithi027 ceph-c9ca94be-171f-11ef-bc9a-c7b262605968-mgr-x[32406]:
2024-05-21T03:13:13.018+0000 7f5b549e0200 -1 mgr[py] Module status has missing NOTIFY_TYPES member
2024-05-21T03:13:13.301 INFO:journalctl@ceph.mgr.x.smithi027.stdout:May 21 03:13:13 smithi027 ceph-c9ca94be-171f-11ef-bc9a-c7b262605968-mgr-x[32406]:
2024-05-21T03:13:13.247+0000 7f5b549e0200 -1 mgr[py] Module nfs has missing NOTIFY_TYPES member
2024-05-21T03:13:13.677 INFO:journalctl@ceph.mon.a.smithi027.stdout:May 21 03:13:13 smithi027 ceph-mon[32179]: Active manager daemon x restarted
2024-05-21T03:13:13.677 INFO:journalctl@ceph.mon.a.smithi027.stdout:May 21 03:13:13 smithi027 ceph-mon[32179]: Activating manager daemon x
2024-05-21T03:13:13.677 INFO:journalctl@ceph.mon.a.smithi027.stdout:May 21 03:13:13 smithi027 ceph-mon[32179]: osdmap e3: 0 total, 0 up, 0 in
2024-05-21T03:13:13.677 INFO:journalctl@ceph.mon.a.smithi027.stdout:May 21 03:13:13 smithi027 ceph-mon[32179]: mgrmap e10: x(active, starting, since 0.00403884s)
2024-05-21T03:13:13.677 INFO:journalctl@ceph.mon.a.smithi027.stdout:May 21 03:13:13 smithi027 ceph-mon[32179]: from='mgr.14152 172.21.15.27:0/275946653' entity='mgr.x' cmd=[{"prefix": "mon metadata", "id": "a"}]: dispatch
2024-05-21T03:13:13.677 INFO:journalctl@ceph.mon.a.smithi027.stdout:May 21 03:13:13 smithi027 ceph-mon[32179]: from='mgr.14152 172.21.15.27:0/275946653' entity='mgr.x' cmd=[{"prefix": "mgr metadata", "who": "x", "id": "x"}]: dispatch
2024-05-21T03:13:13.677 INFO:journalctl@ceph.mon.a.smithi027.stdout:May 21 03:13:13 smithi027 ceph-mon[32179]: from='mgr.14152 172.21.15.27:0/275946653' entity='mgr.x' cmd=[{"prefix": "mds metadata"}]: dispatch
2024-05-21T03:13:13.678 INFO:journalctl@ceph.mon.a.smithi027.stdout:May 21 03:13:13 smithi027 ceph-mon[32179]: from='mgr.14152 172.21.15.27:0/275946653' entity='mgr.x' cmd=[{"prefix": "osd metadata"}]: dispatch
2024-05-21T03:13:13.678 INFO:journalctl@ceph.mon.a.smithi027.stdout:May 21 03:13:13 smithi027 ceph-mon[32179]: from='mgr.14152 172.21.15.27:0/275946653' entity='mgr.x' cmd=[{"prefix": "mon metadata"}]: dispatch
2024-05-21T03:13:13.678 INFO:journalctl@ceph.mon.a.smithi027.stdout:May 21 03:13:13 smithi027 ceph-mon[32179]: Manager daemon x is now available
2024-05-21T03:13:13.678 INFO:journalctl@ceph.mon.a.smithi027.stdout:May 21 03:13:13 smithi027 ceph-mon[32179]: from='mgr.14152 172.21.15.27:0/275946653' entity='mgr.x' cmd=[{"prefix": "config dump", "format": "json"}]: dispatch
2024-05-21T03:13:14.604 INFO:journalctl@ceph.mon.a.smithi027.stdout:May 21 03:13:14 smithi027 ceph-mon[32179]: from='mgr.14152 172.21.15.27:0/275946653' entity='mgr.x' cmd=[{"prefix":"config rm","who":"mgr","name":"mgr/rbd_support/x/mirror_snapshot_schedule"}]: dispatch
2024-05-21T03:13:14.604 INFO:journalctl@ceph.mon.a.smithi027.stdout:May 21 03:13:14 smithi027 ceph-mon[32179]: from='mgr.14152 172.21.15.27:0/275946653' entity='mgr.x' cmd=[{"prefix":"config rm","who":"mgr","name":"mgr/rbd_support/x/trash_purge_schedule"}]: dispatch
2024-05-21T03:13:14.604 INFO:journalctl@ceph.mon.a.smithi027.stdout:May 21 03:13:14 smithi027 ceph-mon[32179]: mgrmap e11: x(active, since 1.00623s)
2024-05-21T03:13:15.077 INFO:teuthology.orchestra.run.smithi027.stdout:/usr/bin/ceph: stdout {
2024-05-21T03:13:15.077 INFO:teuthology.orchestra.run.smithi027.stdout:/usr/bin/ceph: stdout "mgrmap_epoch": 11,
2024-05-21T03:13:15.077 INFO:teuthology.orchestra.run.smithi027.stdout:/usr/bin/ceph: stdout "initialized": true
2024-05-21T03:13:15.077 INFO:teuthology.orchestra.run.smithi027.stdout:/usr/bin/ceph: stdout }
2024-05-21T03:13:15.077 INFO:teuthology.orchestra.run.smithi027.stdout:/usr/bin/ceph: stderr
2024-05-21T03:13:08.466+0000 7fdf0af94700 1 Processor -- start
2024-05-21T03:13:15.077 INFO:teuthology.orchestra.run.smithi027.stdout:/usr/bin/ceph: stderr
2024-05-21T03:13:08.466+0000 7fdf0af94700 1 -- start start
2024-05-21T03:13:15.078 INFO:teuthology.orchestra.run.smithi027.stdout:/usr/bin/ceph: stderr
2024-05-21T03:13:08.466+0000 7fdf0af94700 1 --2- >> [v2:172.21.15.27:3300/0,v1:172.21.15.27:6789/0] conn(0x7fdf04109c50 0x7fdf0410c040 unknown :-1 s=NONE pgs=0 cs=0 l=0 rev1=0 crypto rx=0 tx=0 comp rx=0 tx=0).connect
2024-05-21T03:13:15.078 INFO:teuthology.orchestra.run.smithi027.stdout:/usr/bin/ceph: stderr
2024-05-21T03:13:08.466+0000 7fdf0af94700 1 -- --> [v2:172.21.15.27:3300/0,v1:172.21.15.27:6789/0] -- mon_getmap magic: 0 -- 0x7fdf0407ce10 con 0x7fdf04109c50
2024-05-21T03:13:15.078 INFO:teuthology.orchestra.run.smithi027.stdout:/usr/bin/ceph: stderr
2024-05-21T03:13:08.466+0000 7fdf08d30700 1 --2- >> [v2:172.21.15.27:3300/0,v1:172.21.15.27:6789/0] conn(0x7fdf04109c50 0x7fdf0410c040 unknown :-1 s=BANNER_CONNECTING pgs=0 cs=0 l=0 rev1=0 crypto rx=0 tx=0 comp rx=0 tx=0)._handle_peer_banner_payload supported=3 required=0
2024-05-21T03:13:15.078 INFO:teuthology.orchestra.run.smithi027.stdout:/usr/bin/ceph: stderr
2024-05-21T03:13:08.466+0000 7fdf08d30700 1 --2- >> [v2:172.21.15.27:3300/0,v1:172.21.15.27:6789/0] conn(0x7fdf04109c50 0x7fdf0410c040 unknown :-1 s=HELLO_CONNECTING pgs=0 cs=0 l=0 rev1=1 crypto rx=0 tx=0 comp rx=0 tx=0).handle_hello peer v2:172.21.15.27:3300/0 says I am v2:172.21.15.27:48912/0 (socket says 172.21.15.27:48912)
2024-05-21T03:13:15.078 INFO:teuthology.orchestra.run.smithi027.stdout:/usr/bin/ceph: stderr
2024-05-21T03:13:08.466+0000 7fdf08d30700 1 -- 172.21.15.27:0/4210681581 learned_addr learned my addr 172.21.15.27:0/4210681581 (peer_addr_for_me v2:172.21.15.27:0/0)
2024-05-21T03:13:15.078 INFO:teuthology.orchestra.run.smithi027.stdout:/usr/bin/ceph: stderr
2024-05-21T03:13:08.467+0000 7fdf08d30700 1 -- 172.21.15.27:0/4210681581 --> [v2:172.21.15.27:3300/0,v1:172.21.15.27:6789/0] -- mon_subscribe({config=0+,monmap=0+}) -- 0x7fdf0410c580 con 0x7fdf04109c50
2024-05-21T03:13:15.078 INFO:teuthology.orchestra.run.smithi027.stdout:/usr/bin/ceph: stderr
2024-05-21T03:13:08.467+0000 7fdf08d30700 1 --2- 172.21.15.27:0/4210681581 >> [v2:172.21.15.27:3300/0,v1:172.21.15.27:6789/0] conn(0x7fdf04109c50 0x7fdf0410c040 secure :-1 s=READY pgs=61 cs=0 l=1 rev1=1 crypto rx=0x7fdef80098a0 tx=0x7fdef8009bb0 comp rx=0 tx=0).ready entity=mon.0 client_cookie=bdc3b60c80bdd4f4 server_cookie=0 in_seq=0 out_seq=0
2024-05-21T03:13:15.078 INFO:teuthology.orchestra.run.smithi027.stdout:/usr/bin/ceph: stderr
2024-05-21T03:13:08.467+0000 7fdf037fe700 1 -- 172.21.15.27:0/4210681581 <== mon.0 v2:172.21.15.27:3300/0 1 ==== mon_map magic: 0 ==== 205+0+0 (secure 0 0 0) 0x7fdef8004160 con 0x7fdf04109c50
2024-05-21T03:13:15.078 INFO:teuthology.orchestra.run.smithi027.stdout:/usr/bin/ceph: stderr
2024-05-21T03:13:08.467+0000 7fdf037fe700 1 -- 172.21.15.27:0/4210681581 <== mon.0 v2:172.21.15.27:3300/0 2 ==== config(26 keys) ==== 1101+0+0 (secure 0 0 0) 0x7fdef8004300 con 0x7fdf04109c50
2024-05-21T03:13:15.078 INFO:teuthology.orchestra.run.smithi027.stdout:/usr/bin/ceph: stderr
2024-05-21T03:13:08.467+0000 7fdf037fe700 1 -- 172.21.15.27:0/4210681581 <== mon.0 v2:172.21.15.27:3300/0 3 ==== mon_map magic: 0 ==== 205+0+0 (secure 0 0 0) 0x7fdef8011a20 con 0x7fdf04109c50
2024-05-21T03:13:15.078 INFO:teuthology.orchestra.run.smithi027.stdout:/usr/bin/ceph: stderr
2024-05-21T03:13:08.468+0000 7fdf0af94700 1 -- 172.21.15.27:0/4210681581 >> [v2:172.21.15.27:3300/0,v1:172.21.15.27:6789/0] conn(0x7fdf04109c50 msgr2=0x7fdf0410c040 secure :-1 s=STATE_CONNECTION_ESTABLISHED l=1).mark_down
2024-05-21T03:13:15.078 INFO:teuthology.orchestra.run.smithi027.stdout:/usr/bin/ceph: stderr
2024-05-21T03:13:08.468+0000 7fdf0af94700 1 --2- 172.21.15.27:0/4210681581 >> [v2:172.21.15.27:3300/0,v1:172.21.15.27:6789/0] conn(0x7fdf04109c50 0x7fdf0410c040 secure :-1 s=READY pgs=61 cs=0 l=1 rev1=1 crypto rx=0x7fdef80098a0 tx=0x7fdef8009bb0 comp rx=0 tx=0).stop
2024-05-21T03:13:15.078 INFO:teuthology.orchestra.run.smithi027.stdout:/usr/bin/ceph: stderr
2024-05-21T03:13:08.468+0000 7fdf0af94700 1 -- 172.21.15.27:0/4210681581 shutdown_connections
2024-05-21T03:13:15.079 INFO:teuthology.orchestra.run.smithi027.stdout:/usr/bin/ceph: stderr
2024-05-21T03:13:08.468+0000 7fdf0af94700 1 --2- 172.21.15.27:0/4210681581 >> [v2:172.21.15.27:3300/0,v1:172.21.15.27:6789/0] conn(0x7fdf04109c50 0x7fdf0410c040 unknown :-1 s=CLOSED pgs=61 cs=0 l=1 rev1=1 crypto rx=0 tx=0 comp rx=0 tx=0).stop
2024-05-21T03:13:15.079 INFO:teuthology.orchestra.run.smithi027.stdout:/usr/bin/ceph: stderr
2024-05-21T03:13:08.468+0000 7fdf0af94700 1 -- 172.21.15.27:0/4210681581 >> 172.21.15.27:0/4210681581 conn(0x7fdf04103640 msgr2=0x7fdf04105a60 unknown :-1 s=STATE_NONE l=0).mark_down
2024-05-21T03:13:15.079 INFO:teuthology.orchestra.run.smithi027.stdout:/usr/bin/ceph: stderr
2024-05-21T03:13:08.468+0000 7fdf0af94700 1 -- 172.21.15.27:0/4210681581 shutdown_connections
2024-05-21T03:13:15.079 INFO:teuthology.orchestra.run.smithi027.stdout:/usr/bin/ceph: stderr
2024-05-21T03:13:08.468+0000 7fdf0af94700 1 -- 172.21.15.27:0/4210681581 wait complete.
2024-05-21T03:13:15.079 INFO:teuthology.orchestra.run.smithi027.stdout:/usr/bin/ceph: stderr
2024-05-21T03:13:08.469+0000 7fdf0af94700 1 Processor -- start
2024-05-21T03:13:15.079 INFO:teuthology.orchestra.run.smithi027.stdout:/usr/bin/ceph: stderr
2024-05-21T03:13:08.469+0000 7fdf0af94700 1 -- start start
2024-05-21T03:13:15.079 INFO:teuthology.orchestra.run.smithi027.stdout:/usr/bin/ceph: stderr
2024-05-21T03:13:08.469+0000 7fdf0af94700 1 --2- >> [v2:172.21.15.27:3300/0,v1:172.21.15.27:6789/0] conn(0x7fdf04109c50 0x7fdf0419cf50 unknown :-1 s=NONE pgs=0 cs=0 l=1 rev1=0 crypto rx=0 tx=0 comp rx=0 tx=0).connect
2024-05-21T03:13:15.079 INFO:teuthology.orchestra.run.smithi027.stdout:/usr/bin/ceph: stderr
2024-05-21T03:13:08.469+0000 7fdf0af94700 1 -- --> [v2:172.21.15.27:3300/0,v1:172.21.15.27:6789/0] -- mon_getmap magic: 0 -- 0x7fdf0410d4d0 con 0x7fdf04109c50
2024-05-21T03:13:15.079 INFO:teuthology.orchestra.run.smithi027.stdout:/usr/bin/ceph: stderr
2024-05-21T03:13:08.469+0000 7fdf08d30700 1 --2- >> [v2:172.21.15.27:3300/0,v1:172.21.15.27:6789/0] conn(0x7fdf04109c50 0x7fdf0419cf50 unknown :-1 s=BANNER_CONNECTING pgs=0 cs=0 l=1 rev1=0 crypto rx=0 tx=0 comp rx=0 tx=0)._handle_peer_banner_payload supported=3 required=0
2024-05-21T03:13:15.079 INFO:teuthology.orchestra.run.smithi027.stdout:/usr/bin/ceph: stderr
2024-05-21T03:13:08.469+0000 7fdf08d30700 1 --2- >> [v2:172.21.15.27:3300/0,v1:172.21.15.27:6789/0] conn(0x7fdf04109c50 0x7fdf0419cf50 unknown :-1 s=HELLO_CONNECTING pgs=0 cs=0 l=1 rev1=1 crypto rx=0 tx=0 comp rx=0 tx=0).handle_hello peer v2:172.21.15.27:3300/0 says I am v2:172.21.15.27:48916/0 (socket says 172.21.15.27:48916)
2024-05-21T03:13:15.079 INFO:teuthology.orchestra.run.smithi027.stdout:/usr/bin/ceph: stderr
2024-05-21T03:13:08.469+0000 7fdf08d30700 1 -- 172.21.15.27:0/2444841838 learned_addr learned my addr 172.21.15.27:0/2444841838 (peer_addr_for_me v2:172.21.15.27:0/0)
2024-05-21T03:13:15.079 INFO:teuthology.orchestra.run.smithi027.stdout:/usr/bin/ceph: stderr
2024-05-21T03:13:08.469+0000 7fdf08d30700 1 -- 172.21.15.27:0/2444841838 --> [v2:172.21.15.27:3300/0,v1:172.21.15.27:6789/0] -- mon_subscribe({config=0+,monmap=0+}) -- 0x7fdf0419d490 con 0x7fdf04109c50
2024-05-21T03:13:15.079 INFO:teuthology.orchestra.run.smithi027.stdout:/usr/bin/ceph: stderr
2024-05-21T03:13:08.469+0000 7fdf08d30700 1 --2- 172.21.15.27:0/2444841838 >> [v2:172.21.15.27:3300/0,v1:172.21.15.27:6789/0] conn(0x7fdf04109c50 0x7fdf0419cf50 secure :-1 s=READY pgs=62 cs=0 l=1 rev1=1 crypto rx=0x7fdef80116e0 tx=0x7fdef8011aa0 comp rx=0 tx=0).ready entity=mon.0 client_cookie=0 server_cookie=0 in_seq=0 out_seq=0
2024-05-21T03:13:15.079 INFO:teuthology.orchestra.run.smithi027.stdout:/usr/bin/ceph: stderr
2024-05-21T03:13:08.470+0000 7fdf01ffb700 1 -- 172.21.15.27:0/2444841838 <== mon.0 v2:172.21.15.27:3300/0 1 ==== mon_map magic: 0 ==== 205+0+0 (secure 0 0 0) 0x7fdef8003a60 con 0x7fdf04109c50
2024-05-21T03:13:15.080 INFO:teuthology.orchestra.run.smithi027.stdout:/usr/bin/ceph: stderr
2024-05-21T03:13:08.470+0000 7fdf01ffb700 1 -- 172.21.15.27:0/2444841838 <== mon.0 v2:172.21.15.27:3300/0 2 ==== config(26 keys) ==== 1101+0+0 (secure 0 0 0) 0x7fdef801b8f0 con 0x7fdf04109c50
2024-05-21T03:13:15.080 INFO:teuthology.orchestra.run.smithi027.stdout:/usr/bin/ceph: stderr
2024-05-21T03:13:08.470+0000 7fdf0af94700 1 -- 172.21.15.27:0/2444841838 --> [v2:172.21.15.27:3300/0,v1:172.21.15.27:6789/0] -- mon_subscribe({mgrmap=0+}) -- 0x7fdf0419d720 con 0x7fdf04109c50
2024-05-21T03:13:15.080 INFO:teuthology.orchestra.run.smithi027.stdout:/usr/bin/ceph: stderr
2024-05-21T03:13:08.470+0000 7fdf01ffb700 1 -- 172.21.15.27:0/2444841838 <== mon.0 v2:172.21.15.27:3300/0 3 ==== mon_map magic: 0 ==== 205+0+0 (secure 0 0 0) 0x7fdef8019860 con 0x7fdf04109c50
2024-05-21T03:13:15.080 INFO:teuthology.orchestra.run.smithi027.stdout:/usr/bin/ceph: stderr
2024-05-21T03:13:08.470+0000 7fdf0af94700 1 -- 172.21.15.27:0/2444841838 --> [v2:172.21.15.27:3300/0,v1:172.21.15.27:6789/0] -- mon_subscribe({osdmap=0}) -- 0x7fdf041a0410 con 0x7fdf04109c50
2024-05-21T03:13:15.080 INFO:teuthology.orchestra.run.smithi027.stdout:/usr/bin/ceph: stderr
2024-05-21T03:13:08.471+0000 7fdf01ffb700 1 -- 172.21.15.27:0/2444841838 <== mon.0 v2:172.21.15.27:3300/0 4 ==== mgrmap(e 9) ==== 50235+0+0 (secure 0 0 0) 0x7fdef8019b10 con 0x7fdf04109c50
2024-05-21T03:13:15.080 INFO:teuthology.orchestra.run.smithi027.stdout:/usr/bin/ceph: stderr
2024-05-21T03:13:08.471+0000 7fdf01ffb700 1 --2- 172.21.15.27:0/2444841838 >> [v2:172.21.15.27:6800/1185518061,v1:172.21.15.27:6801/1185518061] conn(0x7fdef403e5a0 0x7fdef4040a60 unknown :-1 s=NONE pgs=0 cs=0 l=1 rev1=0 crypto rx=0 tx=0 comp rx=0 tx=0).connect
2024-05-21T03:13:15.080 INFO:teuthology.orchestra.run.smithi027.stdout:/usr/bin/ceph: stderr
2024-05-21T03:13:08.471+0000 7fdf01ffb700 1 -- 172.21.15.27:0/2444841838 --> [v2:172.21.15.27:6800/1185518061,v1:172.21.15.27:6801/1185518061] -- command(tid 0: {"prefix": "get_command_descriptions"}) -- 0x7fdef4041170 con 0x7fdef403e5a0
2024-05-21T03:13:15.080 INFO:teuthology.orchestra.run.smithi027.stdout:/usr/bin/ceph: stderr
