2024-05-21T03:53:03.260+0000 7fa84273b700 1 --2- 172.21.15.16:0/1271712305 >> [v2:172.21.15.16:3300/0,v1:172.21.15.16:6789/0] conn(0x7fa83c107c30 0x7fa83c108050 unknown :-1 s=CLOSED pgs=14 cs=0 l=1 rev1=1 crypto rx=0 tx=0 comp rx=0 tx=0).stop
2024-05-21T03:53:06.084 INFO:teuthology.orchestra.run.smithi016.stdout:/usr/bin/ceph: stderr
2024-05-21T03:53:03.260+0000 7fa84273b700 1 -- 172.21.15.16:0/1271712305 >> 172.21.15.16:0/1271712305 conn(0x7fa83c103890 msgr2=0x7fa83c105cb0 unknown :-1 s=STATE_NONE l=0).mark_down
2024-05-21T03:53:06.084 INFO:teuthology.orchestra.run.smithi016.stdout:/usr/bin/ceph: stderr
2024-05-21T03:53:03.260+0000 7fa84273b700 1 -- 172.21.15.16:0/1271712305 shutdown_connections
2024-05-21T03:53:06.084 INFO:teuthology.orchestra.run.smithi016.stdout:/usr/bin/ceph: stderr
2024-05-21T03:53:03.260+0000 7fa84273b700 1 -- 172.21.15.16:0/1271712305 wait complete.
2024-05-21T03:53:06.084 INFO:teuthology.orchestra.run.smithi016.stdout:/usr/bin/ceph: stderr
2024-05-21T03:53:03.261+0000 7fa84273b700 1 Processor -- start
2024-05-21T03:53:06.084 INFO:teuthology.orchestra.run.smithi016.stdout:/usr/bin/ceph: stderr
2024-05-21T03:53:03.261+0000 7fa84273b700 1 -- start start
2024-05-21T03:53:06.084 INFO:teuthology.orchestra.run.smithi016.stdout:/usr/bin/ceph: stderr
2024-05-21T03:53:03.261+0000 7fa84273b700 1 --2- >> [v2:172.21.15.16:3300/0,v1:172.21.15.16:6789/0] conn(0x7fa83c107c30 0x7fa83c19f550 unknown :-1 s=NONE pgs=0 cs=0 l=1 rev1=0 crypto rx=0 tx=0 comp rx=0 tx=0).connect
2024-05-21T03:53:06.084 INFO:teuthology.orchestra.run.smithi016.stdout:/usr/bin/ceph: stderr
2024-05-21T03:53:03.261+0000 7fa84273b700 1 -- --> [v2:172.21.15.16:3300/0,v1:172.21.15.16:6789/0] -- mon_getmap magic: 0 -- 0x7fa83c109680 con 0x7fa83c107c30
2024-05-21T03:53:06.085 INFO:teuthology.orchestra.run.smithi016.stdout:/usr/bin/ceph: stderr
2024-05-21T03:53:03.261+0000 7fa83bfff700 1 --2- >> [v2:172.21.15.16:3300/0,v1:172.21.15.16:6789/0] conn(0x7fa83c107c30 0x7fa83c19f550 unknown :-1 s=BANNER_CONNECTING pgs=0 cs=0 l=1 rev1=0 crypto rx=0 tx=0 comp rx=0 tx=0)._handle_peer_banner_payload supported=3 required=0
2024-05-21T03:53:06.085 INFO:teuthology.orchestra.run.smithi016.stdout:/usr/bin/ceph: stderr
2024-05-21T03:53:03.261+0000 7fa83bfff700 1 --2- >> [v2:172.21.15.16:3300/0,v1:172.21.15.16:6789/0] conn(0x7fa83c107c30 0x7fa83c19f550 unknown :-1 s=HELLO_CONNECTING pgs=0 cs=0 l=1 rev1=1 crypto rx=0 tx=0 comp rx=0 tx=0).handle_hello peer v2:172.21.15.16:3300/0 says I am v2:172.21.15.16:59792/0 (socket says 172.21.15.16:59792)
2024-05-21T03:53:06.085 INFO:teuthology.orchestra.run.smithi016.stdout:/usr/bin/ceph: stderr
2024-05-21T03:53:03.261+0000 7fa83bfff700 1 -- 172.21.15.16:0/865135579 learned_addr learned my addr 172.21.15.16:0/865135579 (peer_addr_for_me v2:172.21.15.16:0/0)
2024-05-21T03:53:06.085 INFO:teuthology.orchestra.run.smithi016.stdout:/usr/bin/ceph: stderr
2024-05-21T03:53:03.262+0000 7fa83bfff700 1 -- 172.21.15.16:0/865135579 --> [v2:172.21.15.16:3300/0,v1:172.21.15.16:6789/0] -- mon_subscribe({config=0+,monmap=0+}) -- 0x7fa83c19fa90 con 0x7fa83c107c30
2024-05-21T03:53:06.085 INFO:teuthology.orchestra.run.smithi016.stdout:/usr/bin/ceph: stderr
2024-05-21T03:53:03.262+0000 7fa83bfff700 1 --2- 172.21.15.16:0/865135579 >> [v2:172.21.15.16:3300/0,v1:172.21.15.16:6789/0] conn(0x7fa83c107c30 0x7fa83c19f550 secure :-1 s=READY pgs=15 cs=0 l=1 rev1=1 crypto rx=0x7fa82c003fb0 tx=0x7fa82c011bd0 comp rx=0 tx=0).ready entity=mon.0 client_cookie=0 server_cookie=0 in_seq=0 out_seq=0
2024-05-21T03:53:06.085 INFO:teuthology.orchestra.run.smithi016.stdout:/usr/bin/ceph: stderr
2024-05-21T03:53:03.262+0000 7fa839ffb700 1 -- 172.21.15.16:0/865135579 <== mon.0 v2:172.21.15.16:3300/0 1 ==== mon_map magic: 0 ==== 205+0+0 (secure 0 0 0) 0x7fa82c0039c0 con 0x7fa83c107c30
2024-05-21T03:53:06.085 INFO:teuthology.orchestra.run.smithi016.stdout:/usr/bin/ceph: stderr
2024-05-21T03:53:03.262+0000 7fa839ffb700 1 -- 172.21.15.16:0/865135579 <== mon.0 v2:172.21.15.16:3300/0 2 ==== config(28 keys) ==== 1139+0+0 (secure 0 0 0) 0x7fa82c003b60 con 0x7fa83c107c30
2024-05-21T03:53:06.085 INFO:teuthology.orchestra.run.smithi016.stdout:/usr/bin/ceph: stderr
2024-05-21T03:53:03.262+0000 7fa839ffb700 1 -- 172.21.15.16:0/865135579 <== mon.0 v2:172.21.15.16:3300/0 3 ==== mon_map magic: 0 ==== 205+0+0 (secure 0 0 0) 0x7fa82c01a6b0 con 0x7fa83c107c30
2024-05-21T03:53:06.085 INFO:teuthology.orchestra.run.smithi016.stdout:/usr/bin/ceph: stderr
2024-05-21T03:53:03.262+0000 7fa84273b700 1 -- 172.21.15.16:0/865135579 --> [v2:172.21.15.16:3300/0,v1:172.21.15.16:6789/0] -- mon_subscribe({mgrmap=0+}) -- 0x7fa83c19fd20 con 0x7fa83c107c30
2024-05-21T03:53:06.085 INFO:teuthology.orchestra.run.smithi016.stdout:/usr/bin/ceph: stderr
2024-05-21T03:53:03.262+0000 7fa84273b700 1 -- 172.21.15.16:0/865135579 --> [v2:172.21.15.16:3300/0,v1:172.21.15.16:6789/0] -- mon_subscribe({osdmap=0}) -- 0x7fa83c1a2a10 con 0x7fa83c107c30
2024-05-21T03:53:06.085 INFO:teuthology.orchestra.run.smithi016.stdout:/usr/bin/ceph: stderr
2024-05-21T03:53:03.263+0000 7fa839ffb700 1 -- 172.21.15.16:0/865135579 <== mon.0 v2:172.21.15.16:3300/0 4 ==== mgrmap(e 3) ==== 50105+0+0 (secure 0 0 0) 0x7fa82c024430 con 0x7fa83c107c30
2024-05-21T03:53:06.085 INFO:teuthology.orchestra.run.smithi016.stdout:/usr/bin/ceph: stderr
2024-05-21T03:53:03.263+0000 7fa84273b700 1 -- 172.21.15.16:0/865135579 --> [v2:172.21.15.16:3300/0,v1:172.21.15.16:6789/0] -- mon_command({"prefix": "get_command_descriptions"} v 0) -- 0x7fa83c064ba0 con 0x7fa83c107c30
2024-05-21T03:53:06.085 INFO:teuthology.orchestra.run.smithi016.stdout:/usr/bin/ceph: stderr
2024-05-21T03:53:03.263+0000 7fa839ffb700 1 --2- 172.21.15.16:0/865135579 >> [v2:172.21.15.16:6800/4103474035,v1:172.21.15.16:6801/4103474035] conn(0x7fa82803e310 0x7fa8280407d0 unknown :-1 s=NONE pgs=0 cs=0 l=1 rev1=0 crypto rx=0 tx=0 comp rx=0 tx=0).connect
2024-05-21T03:53:06.086 INFO:teuthology.orchestra.run.smithi016.stdout:/usr/bin/ceph: stderr
2024-05-21T03:53:03.263+0000 7fa839ffb700 1 -- 172.21.15.16:0/865135579 <== mon.0 v2:172.21.15.16:3300/0 5 ==== osd_map(1..1 src has 1..1) ==== 725+0+0 (secure 0 0 0) 0x7fa82c0537a0 con 0x7fa83c107c30
2024-05-21T03:53:06.086 INFO:teuthology.orchestra.run.smithi016.stdout:/usr/bin/ceph: stderr
2024-05-21T03:53:03.263+0000 7fa833fff700 1 --2- 172.21.15.16:0/865135579 >> [v2:172.21.15.16:6800/4103474035,v1:172.21.15.16:6801/4103474035] conn(0x7fa82803e310 0x7fa8280407d0 unknown :-1 s=BANNER_CONNECTING pgs=0 cs=0 l=1 rev1=0 crypto rx=0 tx=0 comp rx=0 tx=0)._handle_peer_banner_payload supported=3 required=0
2024-05-21T03:53:06.086 INFO:teuthology.orchestra.run.smithi016.stdout:/usr/bin/ceph: stderr
2024-05-21T03:53:03.264+0000 7fa833fff700 1 --2- 172.21.15.16:0/865135579 >> [v2:172.21.15.16:6800/4103474035,v1:172.21.15.16:6801/4103474035] conn(0x7fa82803e310 0x7fa8280407d0 secure :-1 s=READY pgs=6 cs=0 l=1 rev1=1 crypto rx=0x7fa824006fd0 tx=0x7fa824006e40 comp rx=0 tx=0).ready entity=mgr.14100 client_cookie=0 server_cookie=0 in_seq=0 out_seq=0
2024-05-21T03:53:06.086 INFO:teuthology.orchestra.run.smithi016.stdout:/usr/bin/ceph: stderr
2024-05-21T03:53:03.269+0000 7fa839ffb700 1 -- 172.21.15.16:0/865135579 <== mon.0 v2:172.21.15.16:3300/0 6 ==== mon_command_ack([{"prefix": "get_command_descriptions"}]=0 v0) ==== 72+0+191963 (secure 0 0 0) 0x7fa82c003d10 con 0x7fa83c107c30
2024-05-21T03:53:06.086 INFO:teuthology.orchestra.run.smithi016.stdout:/usr/bin/ceph: stderr
2024-05-21T03:53:03.583+0000 7fa84273b700 1 -- 172.21.15.16:0/865135579 --> [v2:172.21.15.16:3300/0,v1:172.21.15.16:6789/0] -- mon_command({"prefix": "status", "format": "json-pretty"} v 0) -- 0x7fa83c0008d0 con 0x7fa83c107c30
2024-05-21T03:53:06.086 INFO:teuthology.orchestra.run.smithi016.stdout:/usr/bin/ceph: stderr
2024-05-21T03:53:03.583+0000 7fa839ffb700 1 -- 172.21.15.16:0/865135579 <== mon.0 v2:172.21.15.16:3300/0 7 ==== mon_command_ack([{"prefix": "status", "format": "json-pretty"}]=0 v0) ==== 79+0+1239 (secure 0 0 0) 0x7fa82c00fdd0 con 0x7fa83c107c30
2024-05-21T03:53:06.086 INFO:teuthology.orchestra.run.smithi016.stdout:/usr/bin/ceph: stderr
2024-05-21T03:53:03.586+0000 7fa84273b700 1 -- 172.21.15.16:0/865135579 >> [v2:172.21.15.16:6800/4103474035,v1:172.21.15.16:6801/4103474035] conn(0x7fa82803e310 msgr2=0x7fa8280407d0 secure :-1 s=STATE_CONNECTION_ESTABLISHED l=1).mark_down
2024-05-21T03:53:06.086 INFO:teuthology.orchestra.run.smithi016.stdout:/usr/bin/ceph: stderr
2024-05-21T03:53:03.586+0000 7fa84273b700 1 --2- 172.21.15.16:0/865135579 >> [v2:172.21.15.16:6800/4103474035,v1:172.21.15.16:6801/4103474035] conn(0x7fa82803e310 0x7fa8280407d0 secure :-1 s=READY pgs=6 cs=0 l=1 rev1=1 crypto rx=0x7fa824006fd0 tx=0x7fa824006e40 comp rx=0 tx=0).stop
2024-05-21T03:53:06.086 INFO:teuthology.orchestra.run.smithi016.stdout:/usr/bin/ceph: stderr
2024-05-21T03:53:03.586+0000 7fa84273b700 1 -- 172.21.15.16:0/865135579 >> [v2:172.21.15.16:3300/0,v1:172.21.15.16:6789/0] conn(0x7fa83c107c30 msgr2=0x7fa83c19f550 secure :-1 s=STATE_CONNECTION_ESTABLISHED l=1).mark_down
2024-05-21T03:53:06.086 INFO:teuthology.orchestra.run.smithi016.stdout:/usr/bin/ceph: stderr
2024-05-21T03:53:03.586+0000 7fa84273b700 1 --2- 172.21.15.16:0/865135579 >> [v2:172.21.15.16:3300/0,v1:172.21.15.16:6789/0] conn(0x7fa83c107c30 0x7fa83c19f550 secure :-1 s=READY pgs=15 cs=0 l=1 rev1=1 crypto rx=0x7fa82c003fb0 tx=0x7fa82c011bd0 comp rx=0 tx=0).stop
2024-05-21T03:53:06.086 INFO:teuthology.orchestra.run.smithi016.stdout:/usr/bin/ceph: stderr
2024-05-21T03:53:03.586+0000 7fa84273b700 1 -- 172.21.15.16:0/865135579 shutdown_connections
2024-05-21T03:53:06.086 INFO:teuthology.orchestra.run.smithi016.stdout:/usr/bin/ceph: stderr
2024-05-21T03:53:03.586+0000 7fa84273b700 1 --2- 172.21.15.16:0/865135579 >> [v2:172.21.15.16:6800/4103474035,v1:172.21.15.16:6801/4103474035] conn(0x7fa82803e310 0x7fa8280407d0 unknown :-1 s=CLOSED pgs=6 cs=0 l=1 rev1=1 crypto rx=0 tx=0 comp rx=0 tx=0).stop
2024-05-21T03:53:06.086 INFO:teuthology.orchestra.run.smithi016.stdout:/usr/bin/ceph: stderr
2024-05-21T03:53:03.586+0000 7fa84273b700 1 --2- 172.21.15.16:0/865135579 >> [v2:172.21.15.16:3300/0,v1:172.21.15.16:6789/0] conn(0x7fa83c107c30 0x7fa83c19f550 unknown :-1 s=CLOSED pgs=15 cs=0 l=1 rev1=1 crypto rx=0 tx=0 comp rx=0 tx=0).stop
2024-05-21T03:53:06.086 INFO:teuthology.orchestra.run.smithi016.stdout:/usr/bin/ceph: stderr
2024-05-21T03:53:03.586+0000 7fa84273b700 1 -- 172.21.15.16:0/865135579 >> 172.21.15.16:0/865135579 conn(0x7fa83c103890 msgr2=0x7fa83c196230 unknown :-1 s=STATE_NONE l=0).mark_down
2024-05-21T03:53:06.087 INFO:teuthology.orchestra.run.smithi016.stdout:/usr/bin/ceph: stderr
2024-05-21T03:53:03.586+0000 7fa84273b700 1 -- 172.21.15.16:0/865135579 shutdown_connections
2024-05-21T03:53:06.087 INFO:teuthology.orchestra.run.smithi016.stdout:/usr/bin/ceph: stderr
2024-05-21T03:53:03.586+0000 7fa84273b700 1 -- 172.21.15.16:0/865135579 wait complete.
2024-05-21T03:53:06.087 INFO:teuthology.orchestra.run.smithi016.stdout:mgr is available
2024-05-21T03:53:07.121 INFO:journalctl@ceph.mon.a.smithi016.stdout:May 21 03:53:06 smithi016 ceph-mon[31962]: from='client.? 172.21.15.16:0/3244771179' entity='client.admin' cmd=[{"prefix": "config assimilate-conf"}]: dispatch
2024-05-21T03:53:07.340 INFO:teuthology.orchestra.run.smithi016.stdout:/usr/bin/ceph: stdout
2024-05-21T03:53:07.340 INFO:teuthology.orchestra.run.smithi016.stdout:/usr/bin/ceph: stdout [global]
2024-05-21T03:53:07.340 INFO:teuthology.orchestra.run.smithi016.stdout:/usr/bin/ceph: stdout fsid = 79980e44-1725-11ef-bc9a-c7b262605968
2024-05-21T03:53:07.341 INFO:teuthology.orchestra.run.smithi016.stdout:/usr/bin/ceph: stdout mon_cluster_log_file_level = debug
2024-05-21T03:53:07.341 INFO:teuthology.orchestra.run.smithi016.stdout:/usr/bin/ceph: stdout mon_osd_allow_pg_remap = true
2024-05-21T03:53:07.341 INFO:teuthology.orchestra.run.smithi016.stdout:/usr/bin/ceph: stdout mon_osd_allow_primary_affinity = true
2024-05-21T03:53:07.341 INFO:teuthology.orchestra.run.smithi016.stdout:/usr/bin/ceph: stdout mon_warn_on_no_sortbitwise = false
2024-05-21T03:53:07.341 INFO:teuthology.orchestra.run.smithi016.stdout:/usr/bin/ceph: stdout osd_crush_chooseleaf_type = 0
2024-05-21T03:53:07.341 INFO:teuthology.orchestra.run.smithi016.stdout:/usr/bin/ceph: stdout
2024-05-21T03:53:07.341 INFO:teuthology.orchestra.run.smithi016.stdout:/usr/bin/ceph: stdout [mgr]
2024-05-21T03:53:07.341 INFO:teuthology.orchestra.run.smithi016.stdout:/usr/bin/ceph: stdout mgr/telemetry/nag = false
2024-05-21T03:53:07.341 INFO:teuthology.orchestra.run.smithi016.stdout:/usr/bin/ceph: stdout
2024-05-21T03:53:07.341 INFO:teuthology.orchestra.run.smithi016.stdout:/usr/bin/ceph: stdout [osd]
2024-05-21T03:53:07.342 INFO:teuthology.orchestra.run.smithi016.stdout:/usr/bin/ceph: stdout bdev_async_discard = True
2024-05-21T03:53:07.342 INFO:teuthology.orchestra.run.smithi016.stdout:/usr/bin/ceph: stdout mon_osd_backfillfull_ratio = 0.85
2024-05-21T03:53:07.342 INFO:teuthology.orchestra.run.smithi016.stdout:/usr/bin/ceph: stdout mon_osd_full_ratio = 0.9
2024-05-21T03:53:07.342 INFO:teuthology.orchestra.run.smithi016.stdout:/usr/bin/ceph: stdout mon_osd_nearfull_ratio = 0.8
2024-05-21T03:53:07.342 INFO:teuthology.orchestra.run.smithi016.stdout:/usr/bin/ceph: stdout osd_map_max_advance = 10
2024-05-21T03:53:07.342 INFO:teuthology.orchestra.run.smithi016.stdout:/usr/bin/ceph: stdout osd_sloppy_crc = true
2024-05-21T03:53:07.342 INFO:teuthology.orchestra.run.smithi016.stdout:/usr/bin/ceph: stderr
2024-05-21T03:53:06.537+0000 7f08d1b0c700 1 Processor -- start
2024-05-21T03:53:07.342 INFO:teuthology.orchestra.run.smithi016.stdout:/usr/bin/ceph: stderr
2024-05-21T03:53:06.538+0000 7f08d1b0c700 1 -- start start
2024-05-21T03:53:07.342 INFO:teuthology.orchestra.run.smithi016.stdout:/usr/bin/ceph: stderr
2024-05-21T03:53:06.538+0000 7f08d1b0c700 1 --2- >> [v2:172.21.15.16:3300/0,v1:172.21.15.16:6789/0] conn(0x7f08cc109340 0x7f08cc109760 unknown :-1 s=NONE pgs=0 cs=0 l=0 rev1=0 crypto rx=0 tx=0 comp rx=0 tx=0).connect
2024-05-21T03:53:07.343 INFO:teuthology.orchestra.run.smithi016.stdout:/usr/bin/ceph: stderr
2024-05-21T03:53:06.538+0000 7f08d1b0c700 1 -- --> [v2:172.21.15.16:3300/0,v1:172.21.15.16:6789/0] -- mon_getmap magic: 0 -- 0x7f08cc109ca0 con 0x7f08cc109340
2024-05-21T03:53:07.343 INFO:teuthology.orchestra.run.smithi016.stdout:/usr/bin/ceph: stderr
2024-05-21T03:53:06.538+0000 7f08cb7fe700 1 --2- >> [v2:172.21.15.16:3300/0,v1:172.21.15.16:6789/0] conn(0x7f08cc109340 0x7f08cc109760 unknown :-1 s=BANNER_CONNECTING pgs=0 cs=0 l=0 rev1=0 crypto rx=0 tx=0 comp rx=0 tx=0)._handle_peer_banner_payload supported=3 required=0
2024-05-21T03:53:07.343 INFO:teuthology.orchestra.run.smithi016.stdout:/usr/bin/ceph: stderr
2024-05-21T03:53:06.538+0000 7f08cb7fe700 1 --2- >> [v2:172.21.15.16:3300/0,v1:172.21.15.16:6789/0] conn(0x7f08cc109340 0x7f08cc109760 unknown :-1 s=HELLO_CONNECTING pgs=0 cs=0 l=0 rev1=1 crypto rx=0 tx=0 comp rx=0 tx=0).handle_hello peer v2:172.21.15.16:3300/0 says I am v2:172.21.15.16:59794/0 (socket says 172.21.15.16:59794)
2024-05-21T03:53:07.343 INFO:teuthology.orchestra.run.smithi016.stdout:/usr/bin/ceph: stderr
2024-05-21T03:53:06.538+0000 7f08cb7fe700 1 -- 172.21.15.16:0/4059733409 learned_addr learned my addr 172.21.15.16:0/4059733409 (peer_addr_for_me v2:172.21.15.16:0/0)
2024-05-21T03:53:07.343 INFO:teuthology.orchestra.run.smithi016.stdout:/usr/bin/ceph: stderr
2024-05-21T03:53:06.538+0000 7f08cb7fe700 1 -- 172.21.15.16:0/4059733409 --> [v2:172.21.15.16:3300/0,v1:172.21.15.16:6789/0] -- mon_subscribe({config=0+,monmap=0+}) -- 0x7f08cc109e20 con 0x7f08cc109340
2024-05-21T03:53:07.343 INFO:teuthology.orchestra.run.smithi016.stdout:/usr/bin/ceph: stderr
2024-05-21T03:53:06.539+0000 7f08cb7fe700 1 --2- 172.21.15.16:0/4059733409 >> [v2:172.21.15.16:3300/0,v1:172.21.15.16:6789/0] conn(0x7f08cc109340 0x7f08cc109760 secure :-1 s=READY pgs=16 cs=0 l=1 rev1=1 crypto rx=0x7f08bc0098a0 tx=0x7f08bc009bb0 comp rx=0 tx=0).ready entity=mon.0 client_cookie=4f8fd56519c7b667 server_cookie=0 in_seq=0 out_seq=0
2024-05-21T03:53:07.343 INFO:teuthology.orchestra.run.smithi016.stdout:/usr/bin/ceph: stderr
2024-05-21T03:53:06.539+0000 7f08ca7fc700 1 -- 172.21.15.16:0/4059733409 <== mon.0 v2:172.21.15.16:3300/0 1 ==== mon_map magic: 0 ==== 205+0+0 (secure 0 0 0) 0x7f08bc004160 con 0x7f08cc109340
2024-05-21T03:53:07.343 INFO:teuthology.orchestra.run.smithi016.stdout:/usr/bin/ceph: stderr
2024-05-21T03:53:06.539+0000 7f08ca7fc700 1 -- 172.21.15.16:0/4059733409 <== mon.0 v2:172.21.15.16:3300/0 2 ==== config(28 keys) ==== 1139+0+0 (secure 0 0 0) 0x7f08bc004300 con 0x7f08cc109340
2024-05-21T03:53:07.343 INFO:teuthology.orchestra.run.smithi016.stdout:/usr/bin/ceph: stderr
2024-05-21T03:53:06.539+0000 7f08ca7fc700 1 -- 172.21.15.16:0/4059733409 <== mon.0 v2:172.21.15.16:3300/0 3 ==== mon_map magic: 0 ==== 205+0+0 (secure 0 0 0) 0x7f08bc011c00 con 0x7f08cc109340
2024-05-21T03:53:07.344 INFO:teuthology.orchestra.run.smithi016.stdout:/usr/bin/ceph: stderr
2024-05-21T03:53:06.539+0000 7f08d1b0c700 1 -- 172.21.15.16:0/4059733409 >> [v2:172.21.15.16:3300/0,v1:172.21.15.16:6789/0] conn(0x7f08cc109340 msgr2=0x7f08cc109760 secure :-1 s=STATE_CONNECTION_ESTABLISHED l=1).mark_down
2024-05-21T03:53:07.344 INFO:teuthology.orchestra.run.smithi016.stdout:/usr/bin/ceph: stderr
2024-05-21T03:53:06.539+0000 7f08d1b0c700 1 --2- 172.21.15.16:0/4059733409 >> [v2:172.21.15.16:3300/0,v1:172.21.15.16:6789/0] conn(0x7f08cc109340 0x7f08cc109760 secure :-1 s=READY pgs=16 cs=0 l=1 rev1=1 crypto rx=0x7f08bc0098a0 tx=0x7f08bc009bb0 comp rx=0 tx=0).stop
2024-05-21T03:53:07.344 INFO:teuthology.orchestra.run.smithi016.stdout:/usr/bin/ceph: stderr
2024-05-21T03:53:06.539+0000 7f08d1b0c700 1 -- 172.21.15.16:0/4059733409 shutdown_connections
2024-05-21T03:53:07.344 INFO:teuthology.orchestra.run.smithi016.stdout:/usr/bin/ceph: stderr
2024-05-21T03:53:06.539+0000 7f08d1b0c700 1 --2- 172.21.15.16:0/4059733409 >> [v2:172.21.15.16:3300/0,v1:172.21.15.16:6789/0] conn(0x7f08cc109340 0x7f08cc109760 unknown :-1 s=CLOSED pgs=16 cs=0 l=1 rev1=1 crypto rx=0 tx=0 comp rx=0 tx=0).stop
2024-05-21T03:53:07.344 INFO:teuthology.orchestra.run.smithi016.stdout:/usr/bin/ceph: stderr
2024-05-21T03:53:06.539+0000 7f08d1b0c700 1 -- 172.21.15.16:0/4059733409 >> 172.21.15.16:0/4059733409 conn(0x7f08cc1049e0 msgr2=0x7f08cc106e00 unknown :-1 s=STATE_NONE l=0).mark_down
2024-05-21T03:53:07.344 INFO:teuthology.orchestra.run.smithi016.stdout:/usr/bin/ceph: stderr
2024-05-21T03:53:06.539+0000 7f08d1b0c700 1 -- 172.21.15.16:0/4059733409 shutdown_connections
2024-05-21T03:53:07.344 INFO:teuthology.orchestra.run.smithi016.stdout:/usr/bin/ceph: stderr
2024-05-21T03:53:06.539+0000 7f08d1b0c700 1 -- 172.21.15.16:0/4059733409 wait complete.
2024-05-21T03:53:07.344 INFO:teuthology.orchestra.run.smithi016.stdout:/usr/bin/ceph: stderr
2024-05-21T03:53:06.540+0000 7f08d1b0c700 1 Processor -- start
2024-05-21T03:53:07.344 INFO:teuthology.orchestra.run.smithi016.stdout:/usr/bin/ceph: stderr
2024-05-21T03:53:06.540+0000 7f08d1b0c700 1 -- start start
2024-05-21T03:53:07.344 INFO:teuthology.orchestra.run.smithi016.stdout:/usr/bin/ceph: stderr
2024-05-21T03:53:06.540+0000 7f08d1b0c700 1 --2- >> [v2:172.21.15.16:3300/0,v1:172.21.15.16:6789/0] conn(0x7f08cc109340 0x7f08cc19d2f0 unknown :-1 s=NONE pgs=0 cs=0 l=1 rev1=0 crypto rx=0 tx=0 comp rx=0 tx=0).connect
2024-05-21T03:53:07.344 INFO:teuthology.orchestra.run.smithi016.stdout:/usr/bin/ceph: stderr
2024-05-21T03:53:06.540+0000 7f08d1b0c700 1 -- --> [v2:172.21.15.16:3300/0,v1:172.21.15.16:6789/0] -- mon_getmap magic: 0 -- 0x7f08cc10d7b0 con 0x7f08cc109340
2024-05-21T03:53:07.344 INFO:teuthology.orchestra.run.smithi016.stdout:/usr/bin/ceph: stderr
2024-05-21T03:53:06.540+0000 7f08cb7fe700 1 --2- >> [v2:172.21.15.16:3300/0,v1:172.21.15.16:6789/0] conn(0x7f08cc109340 0x7f08cc19d2f0 unknown :-1 s=BANNER_CONNECTING pgs=0 cs=0 l=1 rev1=0 crypto rx=0 tx=0 comp rx=0 tx=0)._handle_peer_banner_payload supported=3 required=0
2024-05-21T03:53:07.344 INFO:teuthology.orchestra.run.smithi016.stdout:/usr/bin/ceph: stderr
2024-05-21T03:53:06.541+0000 7f08cb7fe700 1 --2- >> [v2:172.21.15.16:3300/0,v1:172.21.15.16:6789/0] conn(0x7f08cc109340 0x7f08cc19d2f0 unknown :-1 s=HELLO_CONNECTING pgs=0 cs=0 l=1 rev1=1 crypto rx=0 tx=0 comp rx=0 tx=0).handle_hello peer v2:172.21.15.16:3300/0 says I am v2:172.21.15.16:59808/0 (socket says 172.21.15.16:59808)
2024-05-21T03:53:07.344 INFO:teuthology.orchestra.run.smithi016.stdout:/usr/bin/ceph: stderr
2024-05-21T03:53:06.541+0000 7f08cb7fe700 1 -- 172.21.15.16:0/3244771179 learned_addr learned my addr 172.21.15.16:0/3244771179 (peer_addr_for_me v2:172.21.15.16:0/0)
2024-05-21T03:53:07.345 INFO:teuthology.orchestra.run.smithi016.stdout:/usr/bin/ceph: stderr
2024-05-21T03:53:06.541+0000 7f08cb7fe700 1 -- 172.21.15.16:0/3244771179 --> [v2:172.21.15.16:3300/0,v1:172.21.15.16:6789/0] -- mon_subscribe({config=0+,monmap=0+}) -- 0x7f08cc19d830 con 0x7f08cc109340
2024-05-21T03:53:07.345 INFO:teuthology.orchestra.run.smithi016.stdout:/usr/bin/ceph: stderr
2024-05-21T03:53:06.541+0000 7f08cb7fe700 1 --2- 172.21.15.16:0/3244771179 >> [v2:172.21.15.16:3300/0,v1:172.21.15.16:6789/0] conn(0x7f08cc109340 0x7f08cc19d2f0 secure :-1 s=READY pgs=17 cs=0 l=1 rev1=1 crypto rx=0x7f08bc011bd0 tx=0x7f08bc011cb0 comp rx=0 tx=0).ready entity=mon.0 client_cookie=0 server_cookie=0 in_seq=0 out_seq=0
2024-05-21T03:53:07.345 INFO:teuthology.orchestra.run.smithi016.stdout:/usr/bin/ceph: stderr
2024-05-21T03:53:06.541+0000 7f08c8ff9700 1 -- 172.21.15.16:0/3244771179 <== mon.0 v2:172.21.15.16:3300/0 1 ==== mon_map magic: 0 ==== 205+0+0 (secure 0 0 0) 0x7f08bc003b20 con 0x7f08cc109340
2024-05-21T03:53:07.345 INFO:teuthology.orchestra.run.smithi016.stdout:/usr/bin/ceph: stderr
2024-05-21T03:53:06.541+0000 7f08c8ff9700 1 -- 172.21.15.16:0/3244771179 <== mon.0 v2:172.21.15.16:3300/0 2 ==== config(28 keys) ==== 1139+0+0 (secure 0 0 0) 0x7f08bc003cc0 con 0x7f08cc109340
2024-05-21T03:53:07.345 INFO:teuthology.orchestra.run.smithi016.stdout:/usr/bin/ceph: stderr
2024-05-21T03:53:06.541+0000 7f08d1b0c700 1 -- 172.21.15.16:0/3244771179 --> [v2:172.21.15.16:3300/0,v1:172.21.15.16:6789/0] -- mon_subscribe({mgrmap=0+}) -- 0x7f08cc19dac0 con 0x7f08cc109340
2024-05-21T03:53:07.345 INFO:teuthology.orchestra.run.smithi016.stdout:/usr/bin/ceph: stderr
2024-05-21T03:53:06.541+0000 7f08c8ff9700 1 -- 172.21.15.16:0/3244771179 <== mon.0 v2:172.21.15.16:3300/0 3 ==== mon_map magic: 0 ==== 205+0+0 (secure 0 0 0) 0x7f08bc024930 con 0x7f08cc109340
2024-05-21T03:53:07.345 INFO:teuthology.orchestra.run.smithi016.stdout:/usr/bin/ceph: stderr
2024-05-21T03:53:06.541+0000 7f08d1b0c700 1 -- 172.21.15.16:0/3244771179 --> [v2:172.21.15.16:3300/0,v1:172.21.15.16:6789/0] -- mon_subscribe({osdmap=0}) -- 0x7f08cc1a07b0 con 0x7f08cc109340
2024-05-21T03:53:07.345 INFO:teuthology.orchestra.run.smithi016.stdout:/usr/bin/ceph: stderr
2024-05-21T03:53:06.542+0000 7f08c8ff9700 1 -- 172.21.15.16:0/3244771179 <== mon.0 v2:172.21.15.16:3300/0 4 ==== mgrmap(e 4) ==== 50211+0+0 (secure 0 0 0) 0x7f08bc022020 con 0x7f08cc109340
2024-05-21T03:53:07.345 INFO:teuthology.orchestra.run.smithi016.stdout:/usr/bin/ceph: stderr
2024-05-21T03:53:06.542+0000 7f08d1b0c700 1 -- 172.21.15.16:0/3244771179 --> [v2:172.21.15.16:3300/0,v1:172.21.15.16:6789/0] -- mon_command({"prefix": "get_command_descriptions"} v 0) -- 0x7f08cc10d930 con 0x7f08cc109340
2024-05-21T03:53:07.345 INFO:teuthology.orchestra.run.smithi016.stdout:/usr/bin/ceph: stderr
2024-05-21T03:53:06.542+0000 7f08c8ff9700 1 --2- 172.21.15.16:0/3244771179 >> [v2:172.21.15.16:6800/4103474035,v1:172.21.15.16:6801/4103474035] conn(0x7f08b403e420 0x7f08b40408e0 unknown :-1 s=NONE pgs=0 cs=0 l=1 rev1=0 crypto rx=0 tx=0 comp rx=0 tx=0).connect
2024-05-21T03:53:07.346 INFO:teuthology.orchestra.run.smithi016.stdout:/usr/bin/ceph: stderr
2024-05-21T03:53:06.542+0000 7f08c8ff9700 1 -- 172.21.15.16:0/3244771179 <== mon.0 v2:172.21.15.16:3300/0 5 ==== osd_map(1..1 src has 1..1) ==== 725+0+0 (secure 0 0 0) 0x7f08bc053590 con 0x7f08cc109340
2024-05-21T03:53:07.346 INFO:teuthology.orchestra.run.smithi016.stdout:/usr/bin/ceph: stderr
2024-05-21T03:53:06.542+0000 7f08caffd700 1 --2- 172.21.15.16:0/3244771179 >> [v2:172.21.15.16:6800/4103474035,v1:172.21.15.16:6801/4103474035] conn(0x7f08b403e420 0x7f08b40408e0 unknown :-1 s=BANNER_CONNECTING pgs=0 cs=0 l=1 rev1=0 crypto rx=0 tx=0 comp rx=0 tx=0)._handle_peer_banner_payload supported=3 required=0
2024-05-21T03:53:07.346 INFO:teuthology.orchestra.run.smithi016.stdout:/usr/bin/ceph: stderr
2024-05-21T03:53:06.543+0000 7f08caffd700 1 --2- 172.21.15.16:0/3244771179 >> [v2:172.21.15.16:6800/4103474035,v1:172.21.15.16:6801/4103474035] conn(0x7f08b403e420 0x7f08b40408e0 secure :-1 s=READY pgs=7 cs=0 l=1 rev1=1 crypto rx=0x7f08c0006fd0 tx=0x7f08c0006e40 comp rx=0 tx=0).ready entity=mgr.14100 client_cookie=0 server_cookie=0 in_seq=0 out_seq=0
2024-05-21T03:53:07.346 INFO:teuthology.orchestra.run.smithi016.stdout:/usr/bin/ceph: stderr
2024-05-21T03:53:06.548+0000 7f08c8ff9700 1 -- 172.21.15.16:0/3244771179 <== mon.0 v2:172.21.15.16:3300/0 6 ==== mon_command_ack([{"prefix": "get_command_descriptions"}]=0 v0) ==== 72+0+191963 (secure 0 0 0) 0x7f08bc00e260 con 0x7f08cc109340
2024-05-21T03:53:07.346 INFO:teuthology.orchestra.run.smithi016.stdout:/usr/bin/ceph: stderr
2024-05-21T03:53:06.762+0000 7f08d1b0c700 1 -- 172.21.15.16:0/3244771179 --> [v2:172.21.15.16:3300/0,v1:172.21.15.16:6789/0] -- mon_command({"prefix": "config assimilate-conf"} v 0) -- 0x7f08cc064ba0 con 0x7f08cc109340
2024-05-21T03:53:07.346 INFO:teuthology.orchestra.run.smithi016.stdout:/usr/bin/ceph: stderr
2024-05-21T03:53:06.763+0000 7f08c8ff9700 1 -- 172.21.15.16:0/3244771179 <== mon.0 v2:172.21.15.16:3300/0 7 ==== mon_command_ack([{"prefix": "config assimilate-conf"}]=0 v3) ==== 70+0+436 (secure 0 0 0) 0x7f08bc0532f0 con 0x7f08cc109340
2024-05-21T03:53:07.346 INFO:teuthology.orchestra.run.smithi016.stdout:/usr/bin/ceph: stderr
2024-05-21T03:53:06.765+0000 7f08d1b0c700 1 -- 172.21.15.16:0/3244771179 >> [v2:172.21.15.16:6800/4103474035,v1:172.21.15.16:6801/4103474035] conn(0x7f08b403e420 msgr2=0x7f08b40408e0 secure :-1 s=STATE_CONNECTION_ESTABLISHED l=1).mark_down
2024-05-21T03:53:07.346 INFO:teuthology.orchestra.run.smithi016.stdout:/usr/bin/ceph: stderr
2024-05-21T03:53:06.765+0000 7f08d1b0c700 1 --2- 172.21.15.16:0/3244771179 >> [v2:172.21.15.16:6800/4103474035,v1:172.21.15.16:6801/4103474035] conn(0x7f08b403e420 0x7f08b40408e0 secure :-1 s=READY pgs=7 cs=0 l=1 rev1=1 crypto rx=0x7f08c0006fd0 tx=0x7f08c0006e40 comp rx=0 tx=0).stop
2024-05-21T03:53:07.346 INFO:teuthology.orchestra.run.smithi016.stdout:/usr/bin/ceph: stderr
2024-05-21T03:53:06.765+0000 7f08d1b0c700 1 -- 172.21.15.16:0/3244771179 >> [v2:172.21.15.16:3300/0,v1:172.21.15.16:6789/0] conn(0x7f08cc109340 msgr2=0x7f08cc19d2f0 secure :-1 s=STATE_CONNECTION_ESTABLISHED l=1).mark_down
2024-05-21T03:53:07.346 INFO:teuthology.orchestra.run.smithi016.stdout:/usr/bin/ceph: stderr
2024-05-21T03:53:06.765+0000 7f08d1b0c700 1 --2- 172.21.15.16:0/3244771179 >> [v2:172.21.15.16:3300/0,v1:172.21.15.16:6789/0] conn(0x7f08cc109340 0x7f08cc19d2f0 secure :-1 s=READY pgs=17 cs=0 l=1 rev1=1 crypto rx=0x7f08bc011bd0 tx=0x7f08bc011cb0 comp rx=0 tx=0).stop
2024-05-21T03:53:07.346 INFO:teuthology.orchestra.run.smithi016.stdout:/usr/bin/ceph: stderr
2024-05-21T03:53:06.765+0000 7f08d1b0c700 1 -- 172.21.15.16:0/3244771179 shutdown_connections
2024-05-21T03:53:07.346 INFO:teuthology.orchestra.run.smithi016.stdout:/usr/bin/ceph: stderr
2024-05-21T03:53:06.765+0000 7f08d1b0c700 1 --2- 172.21.15.16:0/3244771179 >> [v2:172.21.15.16:6800/4103474035,v1:172.21.15.16:6801/4103474035] conn(0x7f08b403e420 0x7f08b40408e0 unknown :-1 s=CLOSED pgs=7 cs=0 l=1 rev1=1 crypto rx=0 tx=0 comp rx=0 tx=0).stop
2024-05-21T03:53:07.346 INFO:teuthology.orchestra.run.smithi016.stdout:/usr/bin/ceph: stderr
2024-05-21T03:53:06.765+0000 7f08d1b0c700 1 --2- 172.21.15.16:0/3244771179 >> [v2:172.21.15.16:3300/0,v1:172.21.15.16:6789/0] conn(0x7f08cc109340 0x7f08cc19d2f0 unknown :-1 s=CLOSED pgs=17 cs=0 l=1 rev1=1 crypto rx=0 tx=0 comp rx=0 tx=0).stop
2024-05-21T03:53:07.347 INFO:teuthology.orchestra.run.smithi016.stdout:/usr/bin/ceph: stderr
2024-05-21T03:53:06.765+0000 7f08d1b0c700 1 -- 172.21.15.16:0/3244771179 >> 172.21.15.16:0/3244771179 conn(0x7f08cc1049e0 msgr2=0x7f08cc1054f0 unknown :-1 s=STATE_NONE l=0).mark_down
2024-05-21T03:53:07.347 INFO:teuthology.orchestra.run.smithi016.stdout:/usr/bin/ceph: stderr
2024-05-21T03:53:06.766+0000 7f08d1b0c700 1 -- 172.21.15.16:0/3244771179 shutdown_connections
2024-05-21T03:53:07.347 INFO:teuthology.orchestra.run.smithi016.stdout:/usr/bin/ceph: stderr
2024-05-21T03:53:06.766+0000 7f08d1b0c700 1 -- 172.21.15.16:0/3244771179 wait complete.
2024-05-21T03:53:07.347 INFO:teuthology.orchestra.run.smithi016.stdout:Enabling cephadm module...
2024-05-21T03:53:08.419 INFO:journalctl@ceph.mon.a.smithi016.stdout:May 21 03:53:08 smithi016 ceph-mon[31962]: from='client.? 172.21.15.16:0/4210937081' entity='client.admin' cmd=[{"prefix": "mgr module enable", "module": "cephadm"}]: dispatch
2024-05-21T03:53:08.420 INFO:journalctl@ceph.mgr.x.smithi016.stdout:May 21 03:53:08 smithi016 ceph-79980e44-1725-11ef-bc9a-c7b262605968-mgr-x[32191]: ignoring --setuser ceph since I am not root
2024-05-21T03:53:08.420 INFO:journalctl@ceph.mgr.x.smithi016.stdout:May 21 03:53:08 smithi016 ceph-79980e44-1725-11ef-bc9a-c7b262605968-mgr-x[32191]: ignoring --setgroup ceph since I am not root
2024-05-21T03:53:08.420 INFO:journalctl@ceph.mgr.x.smithi016.stdout:May 21 03:53:08 smithi016 ceph-79980e44-1725-11ef-bc9a-c7b262605968-mgr-x[32191]:
2024-05-21T03:53:08.295+0000 7f46019e2200 -1 mgr[py] Module balancer has missing NOTIFY_TYPES member
2024-05-21T03:53:08.690 INFO:journalctl@ceph.mgr.x.smithi016.stdout:May 21 03:53:08 smithi016 ceph-79980e44-1725-11ef-bc9a-c7b262605968-mgr-x[32191]:
2024-05-21T03:53:08.490+0000 7f46019e2200 -1 mgr[py] Module orchestrator has missing NOTIFY_TYPES member
2024-05-21T03:53:08.690 INFO:journalctl@ceph.mgr.x.smithi016.stdout:May 21 03:53:08 smithi016 ceph-79980e44-1725-11ef-bc9a-c7b262605968-mgr-x[32191]:
2024-05-21T03:53:08.596+0000 7f46019e2200 -1 mgr[py] Module snap_schedule has missing NOTIFY_TYPES member
2024-05-21T03:53:08.698 INFO:teuthology.orchestra.run.smithi016.stdout:/usr/bin/ceph: stderr
2024-05-21T03:53:07.778+0000 7f9508d3d700 1 Processor -- start
2024-05-21T03:53:08.698 INFO:teuthology.orchestra.run.smithi016.stdout:/usr/bin/ceph: stderr
2024-05-21T03:53:07.778+0000 7f9508d3d700 1 -- start start
2024-05-21T03:53:08.698 INFO:teuthology.orchestra.run.smithi016.stdout:/usr/bin/ceph: stderr
2024-05-21T03:53:07.779+0000 7f9508d3d700 1 --2- >> [v2:172.21.15.16:3300/0,v1:172.21.15.16:6789/0] conn(0x7f9504107c20 0x7f9504108040 unknown :-1 s=NONE pgs=0 cs=0 l=0 rev1=0 crypto rx=0 tx=0 comp rx=0 tx=0).connect
2024-05-21T03:53:08.698 INFO:teuthology.orchestra.run.smithi016.stdout:/usr/bin/ceph: stderr
2024-05-21T03:53:07.779+0000 7f9508d3d700 1 -- --> [v2:172.21.15.16:3300/0,v1:172.21.15.16:6789/0] -- mon_getmap magic: 0 -- 0x7f9504076e70 con 0x7f9504107c20
2024-05-21T03:53:08.698 INFO:teuthology.orchestra.run.smithi016.stdout:/usr/bin/ceph: stderr
2024-05-21T03:53:07.779+0000 7f950259c700 1 --2- >> [v2:172.21.15.16:3300/0,v1:172.21.15.16:6789/0] conn(0x7f9504107c20 0x7f9504108040 unknown :-1 s=BANNER_CONNECTING pgs=0 cs=0 l=0 rev1=0 crypto rx=0 tx=0 comp rx=0 tx=0)._handle_peer_banner_payload supported=3 required=0
2024-05-21T03:53:08.698 INFO:teuthology.orchestra.run.smithi016.stdout:/usr/bin/ceph: stderr
2024-05-21T03:53:07.779+0000 7f950259c700 1 --2- >> [v2:172.21.15.16:3300/0,v1:172.21.15.16:6789/0] conn(0x7f9504107c20 0x7f9504108040 unknown :-1 s=HELLO_CONNECTING pgs=0 cs=0 l=0 rev1=1 crypto rx=0 tx=0 comp rx=0 tx=0).handle_hello peer v2:172.21.15.16:3300/0 says I am v2:172.21.15.16:50334/0 (socket says 172.21.15.16:50334)
2024-05-21T03:53:08.698 INFO:teuthology.orchestra.run.smithi016.stdout:/usr/bin/ceph: stderr
2024-05-21T03:53:07.779+0000 7f950259c700 1 -- 172.21.15.16:0/4171985429 learned_addr learned my addr 172.21.15.16:0/4171985429 (peer_addr_for_me v2:172.21.15.16:0/0)
2024-05-21T03:53:08.698 INFO:teuthology.orchestra.run.smithi016.stdout:/usr/bin/ceph: stderr
2024-05-21T03:53:07.779+0000 7f950259c700 1 -- 172.21.15.16:0/4171985429 --> [v2:172.21.15.16:3300/0,v1:172.21.15.16:6789/0] -- mon_subscribe({config=0+,monmap=0+}) -- 0x7f9504108580 con 0x7f9504107c20
2024-05-21T03:53:08.699 INFO:teuthology.orchestra.run.smithi016.stdout:/usr/bin/ceph: stderr
2024-05-21T03:53:07.779+0000 7f950259c700 1 --2- 172.21.15.16:0/4171985429 >> [v2:172.21.15.16:3300/0,v1:172.21.15.16:6789/0] conn(0x7f9504107c20 0x7f9504108040 secure :-1 s=READY pgs=18 cs=0 l=1 rev1=1 crypto rx=0x7f94f40098a0 tx=0x7f94f4009bb0 comp rx=0 tx=0).ready entity=mon.0 client_cookie=7936909d75c82a9b server_cookie=0 in_seq=0 out_seq=0
2024-05-21T03:53:08.699 INFO:teuthology.orchestra.run.smithi016.stdout:/usr/bin/ceph: stderr
2024-05-21T03:53:07.779+0000 7f950159a700 1 -- 172.21.15.16:0/4171985429 <== mon.0 v2:172.21.15.16:3300/0 1 ==== mon_map magic: 0 ==== 205+0+0 (secure 0 0 0) 0x7f94f4004160 con 0x7f9504107c20
2024-05-21T03:53:08.699 INFO:teuthology.orchestra.run.smithi016.stdout:/usr/bin/ceph: stderr
2024-05-21T03:53:07.779+0000 7f950159a700 1 -- 172.21.15.16:0/4171985429 <== mon.0 v2:172.21.15.16:3300/0 2 ==== config(28 keys) ==== 1139+0+0 (secure 0 0 0) 0x7f94f4004300 con 0x7f9504107c20
2024-05-21T03:53:08.699 INFO:teuthology.orchestra.run.smithi016.stdout:/usr/bin/ceph: stderr
2024-05-21T03:53:07.779+0000 7f950159a700 1 -- 172.21.15.16:0/4171985429 <== mon.0 v2:172.21.15.16:3300/0 3 ==== mon_map magic: 0 ==== 205+0+0 (secure 0 0 0) 0x7f94f4011c00 con 0x7f9504107c20
2024-05-21T03:53:08.699 INFO:teuthology.orchestra.run.smithi016.stdout:/usr/bin/ceph: stderr
2024-05-21T03:53:07.780+0000 7f9508d3d700 1 -- 172.21.15.16:0/4171985429 >> [v2:172.21.15.16:3300/0,v1:172.21.15.16:6789/0] conn(0x7f9504107c20 msgr2=0x7f9504108040 secure :-1 s=STATE_CONNECTION_ESTABLISHED l=1).mark_down
2024-05-21T03:53:08.699 INFO:teuthology.orchestra.run.smithi016.stdout:/usr/bin/ceph: stderr
2024-05-21T03:53:07.780+0000 7f9508d3d700 1 --2- 172.21.15.16:0/4171985429 >> [v2:172.21.15.16:3300/0,v1:172.21.15.16:6789/0] conn(0x7f9504107c20 0x7f9504108040 secure :-1 s=READY pgs=18 cs=0 l=1 rev1=1 crypto rx=0x7f94f40098a0 tx=0x7f94f4009bb0 comp rx=0 tx=0).stop
2024-05-21T03:53:08.699 INFO:teuthology.orchestra.run.smithi016.stdout:/usr/bin/ceph: stderr
2024-05-21T03:53:07.780+0000 7f9508d3d700 1 -- 172.21.15.16:0/4171985429 shutdown_connections
2024-05-21T03:53:08.699 INFO:teuthology.orchestra.run.smithi016.stdout:/usr/bin/ceph: stderr
2024-05-21T03:53:07.780+0000 7f9508d3d700 1 --2- 172.21.15.16:0/4171985429 >> [v2:172.21.15.16:3300/0,v1:172.21.15.16:6789/0] conn(0x7f9504107c20 0x7f9504108040 unknown :-1 s=CLOSED pgs=18 cs=0 l=1 rev1=1 crypto rx=0 tx=0 comp rx=0 tx=0).stop
2024-05-21T03:53:08.699 INFO:teuthology.orchestra.run.smithi016.stdout:/usr/bin/ceph: stderr
2024-05-21T03:53:07.780+0000 7f9508d3d700 1 -- 172.21.15.16:0/4171985429 >> 172.21.15.16:0/4171985429 conn(0x7f9504103860 msgr2=0x7f9504105c80 unknown :-1 s=STATE_NONE l=0).mark_down
2024-05-21T03:53:08.699 INFO:teuthology.orchestra.run.smithi016.stdout:/usr/bin/ceph: stderr
2024-05-21T03:53:07.780+0000 7f9508d3d700 1 -- 172.21.15.16:0/4171985429 shutdown_connections
2024-05-21T03:53:08.699 INFO:teuthology.orchestra.run.smithi016.stdout:/usr/bin/ceph: stderr
2024-05-21T03:53:07.780+0000 7f9508d3d700 1 -- 172.21.15.16:0/4171985429 wait complete.
2024-05-21T03:53:08.699 INFO:teuthology.orchestra.run.smithi016.stdout:/usr/bin/ceph: stderr
2024-05-21T03:53:07.781+0000 7f9508d3d700 1 Processor -- start
2024-05-21T03:53:08.700 INFO:teuthology.orchestra.run.smithi016.stdout:/usr/bin/ceph: stderr
2024-05-21T03:53:07.781+0000 7f9508d3d700 1 -- start start
2024-05-21T03:53:08.700 INFO:teuthology.orchestra.run.smithi016.stdout:/usr/bin/ceph: stderr
2024-05-21T03:53:07.781+0000 7f9508d3d700 1 --2- >> [v2:172.21.15.16:3300/0,v1:172.21.15.16:6789/0] conn(0x7f9504107c20 0x7f950419f540 unknown :-1 s=NONE pgs=0 cs=0 l=1 rev1=0 crypto rx=0 tx=0 comp rx=0 tx=0).connect
2024-05-21T03:53:08.700 INFO:teuthology.orchestra.run.smithi016.stdout:/usr/bin/ceph: stderr
2024-05-21T03:53:07.781+0000 7f9508d3d700 1 -- --> [v2:172.21.15.16:3300/0,v1:172.21.15.16:6789/0] -- mon_getmap magic: 0 -- 0x7f9504109670 con 0x7f9504107c20
2024-05-21T03:53:08.700 INFO:teuthology.orchestra.run.smithi016.stdout:/usr/bin/ceph: stderr
2024-05-21T03:53:07.781+0000 7f950259c700 1 --2- >> [v2:172.21.15.16:3300/0,v1:172.21.15.16:6789/0] conn(0x7f9504107c20 0x7f950419f540 unknown :-1 s=BANNER_CONNECTING pgs=0 cs=0 l=1 rev1=0 crypto rx=0 tx=0 comp rx=0 tx=0)._handle_peer_banner_payload supported=3 required=0
2024-05-21T03:53:08.700 INFO:teuthology.orchestra.run.smithi016.stdout:/usr/bin/ceph: stderr
2024-05-21T03:53:07.781+0000 7f950259c700 1 --2- >> [v2:172.21.15.16:3300/0,v1:172.21.15.16:6789/0] conn(0x7f9504107c20 0x7f950419f540 unknown :-1 s=HELLO_CONNECTING pgs=0 cs=0 l=1 rev1=1 crypto rx=0 tx=0 comp rx=0 tx=0).handle_hello peer v2:172.21.15.16:3300/0 says I am v2:172.21.15.16:50342/0 (socket says 172.21.15.16:50342)
2024-05-21T03:53:08.700 INFO:teuthology.orchestra.run.smithi016.stdout:/usr/bin/ceph: stderr
2024-05-21T03:53:07.781+0000 7f950259c700 1 -- 172.21.15.16:0/4210937081 learned_addr learned my addr 172.21.15.16:0/4210937081 (peer_addr_for_me v2:172.21.15.16:0/0)
2024-05-21T03:53:08.700 INFO:teuthology.orchestra.run.smithi016.stdout:/usr/bin/ceph: stderr
2024-05-21T03:53:07.781+0000 7f950259c700 1 -- 172.21.15.16:0/4210937081 --> [v2:172.21.15.16:3300/0,v1:172.21.15.16:6789/0] -- mon_subscribe({config=0+,monmap=0+}) -- 0x7f950419fa80 con 0x7f9504107c20
2024-05-21T03:53:08.700 INFO:teuthology.orchestra.run.smithi016.stdout:/usr/bin/ceph: stderr
2024-05-21T03:53:07.782+0000 7f950259c700 1 --2- 172.21.15.16:0/4210937081 >> [v2:172.21.15.16:3300/0,v1:172.21.15.16:6789/0] conn(0x7f9504107c20 0x7f950419f540 secure :-1 s=READY pgs=19 cs=0 l=1 rev1=1 crypto rx=0x7f94f4003fb0 tx=0x7f94f4011bd0 comp rx=0 tx=0).ready entity=mon.0 client_cookie=0 server_cookie=0 in_seq=0 out_seq=0
2024-05-21T03:53:08.700 INFO:teuthology.orchestra.run.smithi016.stdout:/usr/bin/ceph: stderr
2024-05-21T03:53:07.782+0000 7f94f37fe700 1 -- 172.21.15.16:0/4210937081 <== mon.0 v2:172.21.15.16:3300/0 1 ==== mon_map magic: 0 ==== 205+0+0 (secure 0 0 0) 0x7f94f40039c0 con 0x7f9504107c20
2024-05-21T03:53:08.700 INFO:teuthology.orchestra.run.smithi016.stdout:/usr/bin/ceph: stderr
2024-05-21T03:53:07.782+0000 7f94f37fe700 1 -- 172.21.15.16:0/4210937081 <== mon.0 v2:172.21.15.16:3300/0 2 ==== config(28 keys) ==== 1139+0+0 (secure 0 0 0) 0x7f94f4003b60 con 0x7f9504107c20
2024-05-21T03:53:08.700 INFO:teuthology.orchestra.run.smithi016.stdout:/usr/bin/ceph: stderr
2024-05-21T03:53:07.782+0000 7f9508d3d700 1 -- 172.21.15.16:0/4210937081 --> [v2:172.21.15.16:3300/0,v1:172.21.15.16:6789/0] -- mon_subscribe({mgrmap=0+}) -- 0x7f950419fd10 con 0x7f9504107c20
2024-05-21T03:53:08.700 INFO:teuthology.orchestra.run.smithi016.stdout:/usr/bin/ceph: stderr
2024-05-21T03:53:07.782+0000 7f94f37fe700 1 -- 172.21.15.16:0/4210937081 <== mon.0 v2:172.21.15.16:3300/0 3 ==== mon_map magic: 0 ==== 205+0+0 (secure 0 0 0) 0x7f94f401a6b0 con 0x7f9504107c20
2024-05-21T03:53:08.700 INFO:teuthology.orchestra.run.smithi016.stdout:/usr/bin/ceph: stderr
2024-05-21T03:53:07.782+0000 7f9508d3d700 1 -- 172.21.15.16:0/4210937081 --> [v2:172.21.15.16:3300/0,v1:172.21.15.16:6789/0] -- mon_subscribe({osdmap=0}) -- 0x7f95041a2a00 con 0x7f9504107c20
2024-05-21T03:53:08.701 INFO:teuthology.orchestra.run.smithi016.stdout:/usr/bin/ceph: stderr
2024-05-21T03:53:07.783+0000 7f94f37fe700 1 -- 172.21.15.16:0/4210937081 <== mon.0 v2:172.21.15.16:3300/0 4 ==== mgrmap(e 4) ==== 50211+0+0 (secure 0 0 0) 0x7f94f401a960 con 0x7f9504107c20
2024-05-21T03:53:08.701 INFO:teuthology.orchestra.run.smithi016.stdout:/usr/bin/ceph: stderr
2024-05-21T03:53:07.783+0000 7f94f37fe700 1 --2- 172.21.15.16:0/4210937081 >> [v2:172.21.15.16:6800/4103474035,v1:172.21.15.16:6801/4103474035] conn(0x7f94ec03e420 0x7f94ec0408e0 unknown :-1 s=NONE pgs=0 cs=0 l=1 rev1=0 crypto rx=0 tx=0 comp rx=0 tx=0).connect
2024-05-21T03:53:08.701 INFO:teuthology.orchestra.run.smithi016.stdout:/usr/bin/ceph: stderr
2024-05-21T03:53:07.783+0000 7f94f37fe700 1 -- 172.21.15.16:0/4210937081 <== mon.0 v2:172.21.15.16:3300/0 5 ==== osd_map(1..1 src has 1..1) ==== 725+0+0 (secure 0 0 0) 0x7f94f4053ae0 con 0x7f9504107c20
2024-05-21T03:53:08.701 INFO:teuthology.orchestra.run.smithi016.stdout:/usr/bin/ceph: stderr
2024-05-21T03:53:07.783+0000 7f9508d3d700 1 -- 172.21.15.16:0/4210937081 --> [v2:172.21.15.16:3300/0,v1:172.21.15.16:6789/0] -- mon_command({"prefix": "get_command_descriptions"} v 0) -- 0x7f9504064ba0 con 0x7f9504107c20
2024-05-21T03:53:08.701 INFO:teuthology.orchestra.run.smithi016.stdout:/usr/bin/ceph: stderr
2024-05-21T03:53:07.783+0000 7f9501d9b700 1 --2- 172.21.15.16:0/4210937081 >> [v2:172.21.15.16:6800/4103474035,v1:172.21.15.16:6801/4103474035] conn(0x7f94ec03e420 0x7f94ec0408e0 unknown :-1 s=BANNER_CONNECTING pgs=0 cs=0 l=1 rev1=0 crypto rx=0 tx=0 comp rx=0 tx=0)._handle_peer_banner_payload supported=3 required=0
2024-05-21T03:53:08.701 INFO:teuthology.orchestra.run.smithi016.stdout:/usr/bin/ceph: stderr
2024-05-21T03:53:07.784+0000 7f9501d9b700 1 --2- 172.21.15.16:0/4210937081 >> [v2:172.21.15.16:6800/4103474035,v1:172.21.15.16:6801/4103474035] conn(0x7f94ec03e420 0x7f94ec0408e0 secure :-1 s=READY pgs=8 cs=0 l=1 rev1=1 crypto rx=0x7f94f8006fd0 tx=0x7f94f8006e40 comp rx=0 tx=0).ready entity=mgr.14100 client_cookie=0 server_cookie=0 in_seq=0 out_seq=0
2024-05-21T03:53:08.701 INFO:teuthology.orchestra.run.smithi016.stdout:/usr/bin/ceph: stderr
2024-05-21T03:53:07.788+0000 7f94f37fe700 1 -- 172.21.15.16:0/4210937081 <== mon.0 v2:172.21.15.16:3300/0 6 ==== mon_command_ack([{"prefix": "get_command_descriptions"}]=0 v0) ==== 72+0+191963 (secure 0 0 0) 0x7f94f402c350 con 0x7f9504107c20
2024-05-21T03:53:08.701 INFO:teuthology.orchestra.run.smithi016.stdout:/usr/bin/ceph: stderr
2024-05-21T03:53:08.066+0000 7f9508d3d700 1 -- 172.21.15.16:0/4210937081 --> [v2:172.21.15.16:3300/0,v1:172.21.15.16:6789/0] -- mon_command({"prefix": "mgr module enable", "module": "cephadm"} v 0) -- 0x7f950402e810 con 0x7f9504107c20
2024-05-21T03:53:08.701 INFO:teuthology.orchestra.run.smithi016.stdout:/usr/bin/ceph: stderr
2024-05-21T03:53:08.118+0000 7f94f37fe700 1 -- 172.21.15.16:0/4210937081 <== mon.0 v2:172.21.15.16:3300/0 7 ==== mon_command_ack([{"prefix": "mgr module enable", "module": "cephadm"}]=0 v5) ==== 86+0+0 (secure 0 0 0) 0x7f94f400e260 con 0x7f9504107c20
2024-05-21T03:53:08.701 INFO:teuthology.orchestra.run.smithi016.stdout:/usr/bin/ceph: stderr
2024-05-21T03:53:08.119+0000 7f94f37fe700 1 -- 172.21.15.16:0/4210937081 <== mon.0 v2:172.21.15.16:3300/0 8 ==== mgrmap(e 5) ==== 50222+0+0 (secure 0 0 0) 0x7f94f402d3f0 con 0x7f9504107c20
2024-05-21T03:53:08.701 INFO:teuthology.orchestra.run.smithi016.stdout:/usr/bin/ceph: stderr
2024-05-21T03:53:08.121+0000 7f9508d3d700 1 -- 172.21.15.16:0/4210937081 >> [v2:172.21.15.16:6800/4103474035,v1:172.21.15.16:6801/4103474035] conn(0x7f94ec03e420 msgr2=0x7f94ec0408e0 secure :-1 s=STATE_CONNECTION_ESTABLISHED l=1).mark_down
2024-05-21T03:53:08.701 INFO:teuthology.orchestra.run.smithi016.stdout:/usr/bin/ceph: stderr
2024-05-21T03:53:08.121+0000 7f9508d3d700 1 --2- 172.21.15.16:0/4210937081 >> [v2:172.21.15.16:6800/4103474035,v1:172.21.15.16:6801/4103474035] conn(0x7f94ec03e420 0x7f94ec0408e0 secure :-1 s=READY pgs=8 cs=0 l=1 rev1=1 crypto rx=0x7f94f8006fd0 tx=0x7f94f8006e40 comp rx=0 tx=0).stop
2024-05-21T03:53:08.702 INFO:teuthology.orchestra.run.smithi016.stdout:/usr/bin/ceph: stderr
2024-05-21T03:53:08.121+0000 7f9508d3d700 1 -- 172.21.15.16:0/4210937081 >> [v2:172.21.15.16:3300/0,v1:172.21.15.16:6789/0] conn(0x7f9504107c20 msgr2=0x7f950419f540 secure :-1 s=STATE_CONNECTION_ESTABLISHED l=1).mark_down
2024-05-21T03:53:08.702 INFO:teuthology.orchestra.run.smithi016.stdout:/usr/bin/ceph: stderr
2024-05-21T03:53:08.121+0000 7f9508d3d700 1 --2- 172.21.15.16:0/4210937081 >> [v2:172.21.15.16:3300/0,v1:172.21.15.16:6789/0] conn(0x7f9504107c20 0x7f950419f540 secure :-1 s=READY pgs=19 cs=0 l=1 rev1=1 crypto rx=0x7f94f4003fb0 tx=0x7f94f4011bd0 comp rx=0 tx=0).stop
2024-05-21T03:53:08.702 INFO:teuthology.orchestra.run.smithi016.stdout:/usr/bin/ceph: stderr
2024-05-21T03:53:08.121+0000 7f9508d3d700 1 -- 172.21.15.16:0/4210937081 shutdown_connections
2024-05-21T03:53:08.702 INFO:teuthology.orchestra.run.smithi016.stdout:/usr/bin/ceph: stderr
2024-05-21T03:53:08.121+0000 7f9508d3d700 1 --2- 172.21.15.16:0/4210937081 >> [v2:172.21.15.16:6800/4103474035,v1:172.21.15.16:6801/4103474035] conn(0x7f94ec03e420 0x7f94ec0408e0 unknown :-1 s=CLOSED pgs=8 cs=0 l=1 rev1=1 crypto rx=0 tx=0 comp rx=0 tx=0).stop
2024-05-21T03:53:08.702 INFO:teuthology.orchestra.run.smithi016.stdout:/usr/bin/ceph: stderr
2024-05-21T03:53:08.121+0000 7f9508d3d700 1 --2- 172.21.15.16:0/4210937081 >> [v2:172.21.15.16:3300/0,v1:172.21.15.16:6789/0] conn(0x7f9504107c20 0x7f950419f540 unknown :-1 s=CLOSED pgs=19 cs=0 l=1 rev1=1 crypto rx=0 tx=0 comp rx=0 tx=0).stop
2024-05-21T03:53:08.702 INFO:teuthology.orchestra.run.smithi016.stdout:/usr/bin/ceph: stderr
2024-05-21T03:53:08.121+0000 7f9508d3d700 1 -- 172.21.15.16:0/4210937081 >> 172.21.15.16:0/4210937081 conn(0x7f9504103860 msgr2=0x7f95041961d0 unknown :-1 s=STATE_NONE l=0).mark_down
2024-05-21T03:53:08.702 INFO:teuthology.orchestra.run.smithi016.stdout:/usr/bin/ceph: stderr
2024-05-21T03:53:08.121+0000 7f9508d3d700 1 -- 172.21.15.16:0/4210937081 shutdown_connections
2024-05-21T03:53:08.702 INFO:teuthology.orchestra.run.smithi016.stdout:/usr/bin/ceph: stderr
2024-05-21T03:53:08.121+0000 7f9508d3d700 1 -- 172.21.15.16:0/4210937081 wait complete.
2024-05-21T03:53:08.946 INFO:journalctl@ceph.mgr.x.smithi016.stdout:May 21 03:53:08 smithi016 ceph-79980e44-1725-11ef-bc9a-c7b262605968-mgr-x[32191]:
2024-05-21T03:53:08.924+0000 7f46019e2200 -1 mgr[py] Module progress has missing NOTIFY_TYPES member
2024-05-21T03:53:09.255 INFO:journalctl@ceph.mgr.x.smithi016.stdout:May 21 03:53:09 smithi016 ceph-79980e44-1725-11ef-bc9a-c7b262605968-mgr-x[32191]:
2024-05-21T03:53:09.017+0000 7f46019e2200 -1 mgr[py] Module influx has missing NOTIFY_TYPES member
2024-05-21T03:53:09.255 INFO:journalctl@ceph.mon.a.smithi016.stdout:May 21 03:53:09 smithi016 ceph-mon[31962]: from='client.? 172.21.15.16:0/4210937081' entity='client.admin' cmd='[{"prefix": "mgr module enable", "module": "cephadm"}]': finished
2024-05-21T03:53:09.255 INFO:journalctl@ceph.mon.a.smithi016.stdout:May 21 03:53:09 smithi016 ceph-mon[31962]: mgrmap e5: x(active, since 6s)
2024-05-21T03:53:10.235 INFO:journalctl@ceph.mon.a.smithi016.stdout:May 21 03:53:10 smithi016 ceph-mon[31962]: from='client.? 172.21.15.16:0/3931018380' entity='client.admin' cmd=[{"prefix": "mgr stat"}]: dispatch
2024-05-21T03:53:10.244 INFO:teuthology.orchestra.run.smithi016.stdout:/usr/bin/ceph: stdout {
2024-05-21T03:53:10.244 INFO:teuthology.orchestra.run.smithi016.stdout:/usr/bin/ceph: stdout "epoch": 5,
2024-05-21T03:53:10.244 INFO:teuthology.orchestra.run.smithi016.stdout:/usr/bin/ceph: stdout "available": true,
2024-05-21T03:53:10.244 INFO:teuthology.orchestra.run.smithi016.stdout:/usr/bin/ceph: stdout "active_name": "x",
2024-05-21T03:53:10.244 INFO:teuthology.orchestra.run.smithi016.stdout:/usr/bin/ceph: stdout "num_standby": 0
2024-05-21T03:53:10.244 INFO:teuthology.orchestra.run.smithi016.stdout:/usr/bin/ceph: stdout }
2024-05-21T03:53:10.244 INFO:teuthology.orchestra.run.smithi016.stdout:/usr/bin/ceph: stderr
2024-05-21T03:53:09.146+0000 7f6be08eb700 1 Processor -- start
2024-05-21T03:53:10.244 INFO:teuthology.orchestra.run.smithi016.stdout:/usr/bin/ceph: stderr
2024-05-21T03:53:09.146+0000 7f6be08eb700 1 -- start start
2024-05-21T03:53:10.244 INFO:teuthology.orchestra.run.smithi016.stdout:/usr/bin/ceph: stderr
2024-05-21T03:53:09.146+0000 7f6be08eb700 1 --2- >> [v2:172.21.15.16:3300/0,v1:172.21.15.16:6789/0] conn(0x7f6bdc109e70 0x7f6bdc10c260 unknown :-1 s=NONE pgs=0 cs=0 l=0 rev1=0 crypto rx=0 tx=0 comp rx=0 tx=0).connect
2024-05-21T03:53:10.244 INFO:teuthology.orchestra.run.smithi016.stdout:/usr/bin/ceph: stderr
2024-05-21T03:53:09.146+0000 7f6be08eb700 1 -- --> [v2:172.21.15.16:3300/0,v1:172.21.15.16:6789/0] -- mon_getmap magic: 0 -- 0x7f6bdc07cde0 con 0x7f6bdc109e70
2024-05-21T03:53:10.244 INFO:teuthology.orchestra.run.smithi016.stdout:/usr/bin/ceph: stderr
2024-05-21T03:53:09.146+0000 7f6bda59c700 1 --2- >> [v2:172.21.15.16:3300/0,v1:172.21.15.16:6789/0] conn(0x7f6bdc109e70 0x7f6bdc10c260 unknown :-1 s=BANNER_CONNECTING pgs=0 cs=0 l=0 rev1=0 crypto rx=0 tx=0 comp rx=0 tx=0)._handle_peer_banner_payload supported=3 required=0
2024-05-21T03:53:10.244 INFO:teuthology.orchestra.run.smithi016.stdout:/usr/bin/ceph: stderr
2024-05-21T03:53:09.146+0000 7f6bda59c700 1 --2- >> [v2:172.21.15.16:3300/0,v1:172.21.15.16:6789/0] conn(0x7f6bdc109e70 0x7f6bdc10c260 unknown :-1 s=HELLO_CONNECTING pgs=0 cs=0 l=0 rev1=1 crypto rx=0 tx=0 comp rx=0 tx=0).handle_hello peer v2:172.21.15.16:3300/0 says I am v2:172.21.15.16:50372/0 (socket says 172.21.15.16:50372)
2024-05-21T03:53:10.245 INFO:teuthology.orchestra.run.smithi016.stdout:/usr/bin/ceph: stderr
2024-05-21T03:53:09.146+0000 7f6bda59c700 1 -- 172.21.15.16:0/2639882401 learned_addr learned my addr 172.21.15.16:0/2639882401 (peer_addr_for_me v2:172.21.15.16:0/0)
2024-05-21T03:53:10.245 INFO:teuthology.orchestra.run.smithi016.stdout:/usr/bin/ceph: stderr
2024-05-21T03:53:09.147+0000 7f6bda59c700 1 -- 172.21.15.16:0/2639882401 --> [v2:172.21.15.16:3300/0,v1:172.21.15.16:6789/0] -- mon_subscribe({config=0+,monmap=0+}) -- 0x7f6bdc10c7a0 con 0x7f6bdc109e70
