2024-05-21T03:53:17.551+0000 7fed18d5d700 1 -- 172.21.15.16:0/770614219 >> [v2:172.21.15.16:3300/0,v1:172.21.15.16:6789/0] conn(0x7fed14107600 msgr2=0x7fed14107a20 secure :-1 s=STATE_CONNECTION_ESTABLISHED l=1).mark_down
2024-05-21T03:53:18.382 INFO:teuthology.orchestra.run.smithi016.stdout:/usr/bin/ceph: stderr
2024-05-21T03:53:17.551+0000 7fed18d5d700 1 --2- 172.21.15.16:0/770614219 >> [v2:172.21.15.16:3300/0,v1:172.21.15.16:6789/0] conn(0x7fed14107600 0x7fed14107a20 secure :-1 s=READY pgs=33 cs=0 l=1 rev1=1 crypto rx=0x7fed040098a0 tx=0x7fed04009bb0 comp rx=0 tx=0).stop
2024-05-21T03:53:18.382 INFO:teuthology.orchestra.run.smithi016.stdout:/usr/bin/ceph: stderr
2024-05-21T03:53:17.551+0000 7fed18d5d700 1 -- 172.21.15.16:0/770614219 shutdown_connections
2024-05-21T03:53:18.382 INFO:teuthology.orchestra.run.smithi016.stdout:/usr/bin/ceph: stderr
2024-05-21T03:53:17.551+0000 7fed18d5d700 1 --2- 172.21.15.16:0/770614219 >> [v2:172.21.15.16:3300/0,v1:172.21.15.16:6789/0] conn(0x7fed14107600 0x7fed14107a20 unknown :-1 s=CLOSED pgs=33 cs=0 l=1 rev1=1 crypto rx=0 tx=0 comp rx=0 tx=0).stop
2024-05-21T03:53:18.382 INFO:teuthology.orchestra.run.smithi016.stdout:/usr/bin/ceph: stderr
2024-05-21T03:53:17.551+0000 7fed18d5d700 1 -- 172.21.15.16:0/770614219 >> 172.21.15.16:0/770614219 conn(0x7fed14102f90 msgr2=0x7fed141053b0 unknown :-1 s=STATE_NONE l=0).mark_down
2024-05-21T03:53:18.382 INFO:teuthology.orchestra.run.smithi016.stdout:/usr/bin/ceph: stderr
2024-05-21T03:53:17.551+0000 7fed18d5d700 1 -- 172.21.15.16:0/770614219 shutdown_connections
2024-05-21T03:53:18.382 INFO:teuthology.orchestra.run.smithi016.stdout:/usr/bin/ceph: stderr
2024-05-21T03:53:17.551+0000 7fed18d5d700 1 -- 172.21.15.16:0/770614219 wait complete.
2024-05-21T03:53:18.382 INFO:teuthology.orchestra.run.smithi016.stdout:/usr/bin/ceph: stderr
2024-05-21T03:53:17.552+0000 7fed18d5d700 1 Processor -- start
2024-05-21T03:53:18.382 INFO:teuthology.orchestra.run.smithi016.stdout:/usr/bin/ceph: stderr
2024-05-21T03:53:17.552+0000 7fed18d5d700 1 -- start start
2024-05-21T03:53:18.382 INFO:teuthology.orchestra.run.smithi016.stdout:/usr/bin/ceph: stderr
2024-05-21T03:53:17.552+0000 7fed18d5d700 1 --2- >> [v2:172.21.15.16:3300/0,v1:172.21.15.16:6789/0] conn(0x7fed14107600 0x7fed1419d3c0 unknown :-1 s=NONE pgs=0 cs=0 l=1 rev1=0 crypto rx=0 tx=0 comp rx=0 tx=0).connect
2024-05-21T03:53:18.382 INFO:teuthology.orchestra.run.smithi016.stdout:/usr/bin/ceph: stderr
2024-05-21T03:53:17.552+0000 7fed18d5d700 1 -- --> [v2:172.21.15.16:3300/0,v1:172.21.15.16:6789/0] -- mon_getmap magic: 0 -- 0x7fed1410d940 con 0x7fed14107600
2024-05-21T03:53:18.382 INFO:teuthology.orchestra.run.smithi016.stdout:/usr/bin/ceph: stderr
2024-05-21T03:53:17.552+0000 7fed1259c700 1 --2- >> [v2:172.21.15.16:3300/0,v1:172.21.15.16:6789/0] conn(0x7fed14107600 0x7fed1419d3c0 unknown :-1 s=BANNER_CONNECTING pgs=0 cs=0 l=1 rev1=0 crypto rx=0 tx=0 comp rx=0 tx=0)._handle_peer_banner_payload supported=3 required=0
2024-05-21T03:53:18.382 INFO:teuthology.orchestra.run.smithi016.stdout:/usr/bin/ceph: stderr
2024-05-21T03:53:17.552+0000 7fed1259c700 1 --2- >> [v2:172.21.15.16:3300/0,v1:172.21.15.16:6789/0] conn(0x7fed14107600 0x7fed1419d3c0 unknown :-1 s=HELLO_CONNECTING pgs=0 cs=0 l=1 rev1=1 crypto rx=0 tx=0 comp rx=0 tx=0).handle_hello peer v2:172.21.15.16:3300/0 says I am v2:172.21.15.16:50504/0 (socket says 172.21.15.16:50504)
2024-05-21T03:53:18.382 INFO:teuthology.orchestra.run.smithi016.stdout:/usr/bin/ceph: stderr
2024-05-21T03:53:17.552+0000 7fed1259c700 1 -- 172.21.15.16:0/2221355222 learned_addr learned my addr 172.21.15.16:0/2221355222 (peer_addr_for_me v2:172.21.15.16:0/0)
2024-05-21T03:53:18.383 INFO:teuthology.orchestra.run.smithi016.stdout:/usr/bin/ceph: stderr
2024-05-21T03:53:17.553+0000 7fed1259c700 1 -- 172.21.15.16:0/2221355222 --> [v2:172.21.15.16:3300/0,v1:172.21.15.16:6789/0] -- mon_subscribe({config=0+,monmap=0+}) -- 0x7fed1419d900 con 0x7fed14107600
2024-05-21T03:53:18.383 INFO:teuthology.orchestra.run.smithi016.stdout:/usr/bin/ceph: stderr
2024-05-21T03:53:17.553+0000 7fed1259c700 1 --2- 172.21.15.16:0/2221355222 >> [v2:172.21.15.16:3300/0,v1:172.21.15.16:6789/0] conn(0x7fed14107600 0x7fed1419d3c0 secure :-1 s=READY pgs=34 cs=0 l=1 rev1=1 crypto rx=0x7fed040118c0 tx=0x7fed04011c80 comp rx=0 tx=0).ready entity=mon.0 client_cookie=0 server_cookie=0 in_seq=0 out_seq=0
2024-05-21T03:53:18.383 INFO:teuthology.orchestra.run.smithi016.stdout:/usr/bin/ceph: stderr
2024-05-21T03:53:17.553+0000 7fed037fe700 1 -- 172.21.15.16:0/2221355222 <== mon.0 v2:172.21.15.16:3300/0 1 ==== mon_map magic: 0 ==== 205+0+0 (secure 0 0 0) 0x7fed04003af0 con 0x7fed14107600
2024-05-21T03:53:18.383 INFO:teuthology.orchestra.run.smithi016.stdout:/usr/bin/ceph: stderr
2024-05-21T03:53:17.553+0000 7fed037fe700 1 -- 172.21.15.16:0/2221355222 <== mon.0 v2:172.21.15.16:3300/0 2 ==== config(28 keys) ==== 1139+0+0 (secure 0 0 0) 0x7fed04020070 con 0x7fed14107600
2024-05-21T03:53:18.383 INFO:teuthology.orchestra.run.smithi016.stdout:/usr/bin/ceph: stderr
2024-05-21T03:53:17.553+0000 7fed037fe700 1 -- 172.21.15.16:0/2221355222 <== mon.0 v2:172.21.15.16:3300/0 3 ==== mon_map magic: 0 ==== 205+0+0 (secure 0 0 0) 0x7fed040195e0 con 0x7fed14107600
2024-05-21T03:53:18.383 INFO:teuthology.orchestra.run.smithi016.stdout:/usr/bin/ceph: stderr
2024-05-21T03:53:17.553+0000 7fed18d5d700 1 -- 172.21.15.16:0/2221355222 --> [v2:172.21.15.16:3300/0,v1:172.21.15.16:6789/0] -- mon_subscribe({mgrmap=0+}) -- 0x7fed1419db90 con 0x7fed14107600
2024-05-21T03:53:18.383 INFO:teuthology.orchestra.run.smithi016.stdout:/usr/bin/ceph: stderr
2024-05-21T03:53:17.553+0000 7fed18d5d700 1 -- 172.21.15.16:0/2221355222 --> [v2:172.21.15.16:3300/0,v1:172.21.15.16:6789/0] -- mon_subscribe({osdmap=0}) -- 0x7fed141a0880 con 0x7fed14107600
2024-05-21T03:53:18.383 INFO:teuthology.orchestra.run.smithi016.stdout:/usr/bin/ceph: stderr
2024-05-21T03:53:17.554+0000 7fed037fe700 1 -- 172.21.15.16:0/2221355222 <== mon.0 v2:172.21.15.16:3300/0 4 ==== mgrmap(e 7) ==== 50116+0+0 (secure 0 0 0) 0x7fed0401a9a0 con 0x7fed14107600
2024-05-21T03:53:18.383 INFO:teuthology.orchestra.run.smithi016.stdout:/usr/bin/ceph: stderr
2024-05-21T03:53:17.554+0000 7fed18d5d700 1 -- 172.21.15.16:0/2221355222 --> [v2:172.21.15.16:3300/0,v1:172.21.15.16:6789/0] -- mon_command({"prefix": "get_command_descriptions"} v 0) -- 0x7fed14064ba0 con 0x7fed14107600
2024-05-21T03:53:18.383 INFO:teuthology.orchestra.run.smithi016.stdout:/usr/bin/ceph: stderr
2024-05-21T03:53:17.554+0000 7fed037fe700 1 --2- 172.21.15.16:0/2221355222 >> [v2:172.21.15.16:6800/3416695378,v1:172.21.15.16:6801/3416695378] conn(0x7fecfc03e3a0 0x7fecfc040860 unknown :-1 s=NONE pgs=0 cs=0 l=1 rev1=0 crypto rx=0 tx=0 comp rx=0 tx=0).connect
2024-05-21T03:53:18.383 INFO:teuthology.orchestra.run.smithi016.stdout:/usr/bin/ceph: stderr
2024-05-21T03:53:17.554+0000 7fed037fe700 1 -- 172.21.15.16:0/2221355222 <== mon.0 v2:172.21.15.16:3300/0 5 ==== osd_map(2..2 src has 1..2) ==== 940+0+0 (secure 0 0 0) 0x7fed040537b0 con 0x7fed14107600
2024-05-21T03:53:18.383 INFO:teuthology.orchestra.run.smithi016.stdout:/usr/bin/ceph: stderr
2024-05-21T03:53:17.554+0000 7fed11d9b700 1 --2- 172.21.15.16:0/2221355222 >> [v2:172.21.15.16:6800/3416695378,v1:172.21.15.16:6801/3416695378] conn(0x7fecfc03e3a0 0x7fecfc040860 unknown :-1 s=BANNER_CONNECTING pgs=0 cs=0 l=1 rev1=0 crypto rx=0 tx=0 comp rx=0 tx=0)._handle_peer_banner_payload supported=3 required=0
2024-05-21T03:53:18.383 INFO:teuthology.orchestra.run.smithi016.stdout:/usr/bin/ceph: stderr
2024-05-21T03:53:17.555+0000 7fed11d9b700 1 --2- 172.21.15.16:0/2221355222 >> [v2:172.21.15.16:6800/3416695378,v1:172.21.15.16:6801/3416695378] conn(0x7fecfc03e3a0 0x7fecfc040860 secure :-1 s=READY pgs=7 cs=0 l=1 rev1=1 crypto rx=0x7fed08006fd0 tx=0x7fed08006e40 comp rx=0 tx=0).ready entity=mgr.14116 client_cookie=0 server_cookie=0 in_seq=0 out_seq=0
2024-05-21T03:53:18.383 INFO:teuthology.orchestra.run.smithi016.stdout:/usr/bin/ceph: stderr
2024-05-21T03:53:17.560+0000 7fed037fe700 1 -- 172.21.15.16:0/2221355222 <== mon.0 v2:172.21.15.16:3300/0 6 ==== mon_command_ack([{"prefix": "get_command_descriptions"}]=0 v0) ==== 72+0+191963 (secure 0 0 0) 0x7fed04021de0 con 0x7fed14107600
2024-05-21T03:53:18.384 INFO:teuthology.orchestra.run.smithi016.stdout:/usr/bin/ceph: stderr
2024-05-21T03:53:17.592+0000 7fed037fe700 1 -- 172.21.15.16:0/2221355222 <== mon.0 v2:172.21.15.16:3300/0 7 ==== mgrmap(e 8) ==== 50222+0+0 (secure 0 0 0) 0x7fed04055cc0 con 0x7fed14107600
2024-05-21T03:53:18.384 INFO:teuthology.orchestra.run.smithi016.stdout:/usr/bin/ceph: stderr
2024-05-21T03:53:17.791+0000 7fed18d5d700 1 -- 172.21.15.16:0/2221355222 --> [v2:172.21.15.16:6800/3416695378,v1:172.21.15.16:6801/3416695378] -- mgr_command(tid 0: {"prefix": "orch set backend", "module_name": "cephadm", "target": ["mon-mgr", ""]}) -- 0x7fed141041d0 con 0x7fecfc03e3a0
2024-05-21T03:53:18.384 INFO:teuthology.orchestra.run.smithi016.stdout:/usr/bin/ceph: stderr
2024-05-21T03:53:17.795+0000 7fed037fe700 1 -- 172.21.15.16:0/2221355222 <== mgr.14116 v2:172.21.15.16:6800/3416695378 1 ==== mgr_command_reply(tid 0: 0 ) ==== 8+0+0 (secure 0 0 0) 0x7fed141041d0 con 0x7fecfc03e3a0
2024-05-21T03:53:18.384 INFO:teuthology.orchestra.run.smithi016.stdout:/usr/bin/ceph: stderr
2024-05-21T03:53:17.798+0000 7fed18d5d700 1 -- 172.21.15.16:0/2221355222 >> [v2:172.21.15.16:6800/3416695378,v1:172.21.15.16:6801/3416695378] conn(0x7fecfc03e3a0 msgr2=0x7fecfc040860 secure :-1 s=STATE_CONNECTION_ESTABLISHED l=1).mark_down
2024-05-21T03:53:18.384 INFO:teuthology.orchestra.run.smithi016.stdout:/usr/bin/ceph: stderr
2024-05-21T03:53:17.798+0000 7fed18d5d700 1 --2- 172.21.15.16:0/2221355222 >> [v2:172.21.15.16:6800/3416695378,v1:172.21.15.16:6801/3416695378] conn(0x7fecfc03e3a0 0x7fecfc040860 secure :-1 s=READY pgs=7 cs=0 l=1 rev1=1 crypto rx=0x7fed08006fd0 tx=0x7fed08006e40 comp rx=0 tx=0).stop
2024-05-21T03:53:18.384 INFO:teuthology.orchestra.run.smithi016.stdout:/usr/bin/ceph: stderr
2024-05-21T03:53:17.798+0000 7fed18d5d700 1 -- 172.21.15.16:0/2221355222 >> [v2:172.21.15.16:3300/0,v1:172.21.15.16:6789/0] conn(0x7fed14107600 msgr2=0x7fed1419d3c0 secure :-1 s=STATE_CONNECTION_ESTABLISHED l=1).mark_down
2024-05-21T03:53:18.384 INFO:teuthology.orchestra.run.smithi016.stdout:/usr/bin/ceph: stderr
2024-05-21T03:53:17.798+0000 7fed18d5d700 1 --2- 172.21.15.16:0/2221355222 >> [v2:172.21.15.16:3300/0,v1:172.21.15.16:6789/0] conn(0x7fed14107600 0x7fed1419d3c0 secure :-1 s=READY pgs=34 cs=0 l=1 rev1=1 crypto rx=0x7fed040118c0 tx=0x7fed04011c80 comp rx=0 tx=0).stop
2024-05-21T03:53:18.384 INFO:teuthology.orchestra.run.smithi016.stdout:/usr/bin/ceph: stderr
2024-05-21T03:53:17.798+0000 7fed18d5d700 1 -- 172.21.15.16:0/2221355222 shutdown_connections
2024-05-21T03:53:18.384 INFO:teuthology.orchestra.run.smithi016.stdout:/usr/bin/ceph: stderr
2024-05-21T03:53:17.798+0000 7fed18d5d700 1 --2- 172.21.15.16:0/2221355222 >> [v2:172.21.15.16:6800/3416695378,v1:172.21.15.16:6801/3416695378] conn(0x7fecfc03e3a0 0x7fecfc040860 unknown :-1 s=CLOSED pgs=7 cs=0 l=1 rev1=1 crypto rx=0 tx=0 comp rx=0 tx=0).stop
2024-05-21T03:53:18.384 INFO:teuthology.orchestra.run.smithi016.stdout:/usr/bin/ceph: stderr
2024-05-21T03:53:17.798+0000 7fed18d5d700 1 --2- 172.21.15.16:0/2221355222 >> [v2:172.21.15.16:3300/0,v1:172.21.15.16:6789/0] conn(0x7fed14107600 0x7fed1419d3c0 unknown :-1 s=CLOSED pgs=34 cs=0 l=1 rev1=1 crypto rx=0 tx=0 comp rx=0 tx=0).stop
2024-05-21T03:53:18.384 INFO:teuthology.orchestra.run.smithi016.stdout:/usr/bin/ceph: stderr
2024-05-21T03:53:17.798+0000 7fed18d5d700 1 -- 172.21.15.16:0/2221355222 >> 172.21.15.16:0/2221355222 conn(0x7fed14102f90 msgr2=0x7fed14103ac0 unknown :-1 s=STATE_NONE l=0).mark_down
2024-05-21T03:53:18.384 INFO:teuthology.orchestra.run.smithi016.stdout:/usr/bin/ceph: stderr
2024-05-21T03:53:17.798+0000 7fed18d5d700 1 -- 172.21.15.16:0/2221355222 shutdown_connections
2024-05-21T03:53:18.384 INFO:teuthology.orchestra.run.smithi016.stdout:/usr/bin/ceph: stderr
2024-05-21T03:53:17.798+0000 7fed18d5d700 1 -- 172.21.15.16:0/2221355222 wait complete.
2024-05-21T03:53:18.701 INFO:journalctl@ceph.mon.a.smithi016.stdout:May 21 03:53:18 smithi016 ceph-mon[31962]: mgrmap e8: x(active, since 2s)
2024-05-21T03:53:18.702 INFO:journalctl@ceph.mon.a.smithi016.stdout:May 21 03:53:18 smithi016 ceph-mon[31962]: from='client.14128 -' entity='client.admin' cmd=[{"prefix": "orch set backend", "module_name": "cephadm", "target": ["mon-mgr", ""]}]: dispatch
2024-05-21T03:53:18.702 INFO:journalctl@ceph.mon.a.smithi016.stdout:May 21 03:53:18 smithi016 ceph-mon[31962]: from='mgr.14116 172.21.15.16:0/3357212562' entity='mgr.x'
2024-05-21T03:53:18.702 INFO:journalctl@ceph.mon.a.smithi016.stdout:May 21 03:53:18 smithi016 ceph-mon[31962]: from='mgr.14116 172.21.15.16:0/3357212562' entity='mgr.x' cmd=[{"prefix": "config dump", "format": "json"}]: dispatch
2024-05-21T03:53:19.629 INFO:journalctl@ceph.mon.a.smithi016.stdout:May 21 03:53:19 smithi016 ceph-mon[31962]: from='client.14130 -' entity='client.admin' cmd=[{"prefix": "cephadm set-user", "user": "root", "target": ["mon-mgr", ""]}]: dispatch
2024-05-21T03:53:19.643 INFO:teuthology.orchestra.run.smithi016.stdout:/usr/bin/ceph: stdout value unchanged
2024-05-21T03:53:19.643 INFO:teuthology.orchestra.run.smithi016.stdout:/usr/bin/ceph: stderr
2024-05-21T03:53:18.816+0000 7f8dc5ea3700 1 Processor -- start
2024-05-21T03:53:19.643 INFO:teuthology.orchestra.run.smithi016.stdout:/usr/bin/ceph: stderr
2024-05-21T03:53:18.816+0000 7f8dc5ea3700 1 -- start start
2024-05-21T03:53:19.643 INFO:teuthology.orchestra.run.smithi016.stdout:/usr/bin/ceph: stderr
2024-05-21T03:53:18.816+0000 7f8dc5ea3700 1 --2- >> [v2:172.21.15.16:3300/0,v1:172.21.15.16:6789/0] conn(0x7f8dc0109340 0x7f8dc0109760 unknown :-1 s=NONE pgs=0 cs=0 l=0 rev1=0 crypto rx=0 tx=0 comp rx=0 tx=0).connect
2024-05-21T03:53:19.643 INFO:teuthology.orchestra.run.smithi016.stdout:/usr/bin/ceph: stderr
2024-05-21T03:53:18.816+0000 7f8dc5ea3700 1 -- --> [v2:172.21.15.16:3300/0,v1:172.21.15.16:6789/0] -- mon_getmap magic: 0 -- 0x7f8dc0109ca0 con 0x7f8dc0109340
2024-05-21T03:53:19.643 INFO:teuthology.orchestra.run.smithi016.stdout:/usr/bin/ceph: stderr
2024-05-21T03:53:18.817+0000 7f8dbf7fe700 1 --2- >> [v2:172.21.15.16:3300/0,v1:172.21.15.16:6789/0] conn(0x7f8dc0109340 0x7f8dc0109760 unknown :-1 s=BANNER_CONNECTING pgs=0 cs=0 l=0 rev1=0 crypto rx=0 tx=0 comp rx=0 tx=0)._handle_peer_banner_payload supported=3 required=0
2024-05-21T03:53:19.643 INFO:teuthology.orchestra.run.smithi016.stdout:/usr/bin/ceph: stderr
2024-05-21T03:53:18.817+0000 7f8dbf7fe700 1 --2- >> [v2:172.21.15.16:3300/0,v1:172.21.15.16:6789/0] conn(0x7f8dc0109340 0x7f8dc0109760 unknown :-1 s=HELLO_CONNECTING pgs=0 cs=0 l=0 rev1=1 crypto rx=0 tx=0 comp rx=0 tx=0).handle_hello peer v2:172.21.15.16:3300/0 says I am v2:172.21.15.16:41926/0 (socket says 172.21.15.16:41926)
2024-05-21T03:53:19.644 INFO:teuthology.orchestra.run.smithi016.stdout:/usr/bin/ceph: stderr
2024-05-21T03:53:18.817+0000 7f8dbf7fe700 1 -- 172.21.15.16:0/802699183 learned_addr learned my addr 172.21.15.16:0/802699183 (peer_addr_for_me v2:172.21.15.16:0/0)
2024-05-21T03:53:19.644 INFO:teuthology.orchestra.run.smithi016.stdout:/usr/bin/ceph: stderr
2024-05-21T03:53:18.817+0000 7f8dbf7fe700 1 -- 172.21.15.16:0/802699183 --> [v2:172.21.15.16:3300/0,v1:172.21.15.16:6789/0] -- mon_subscribe({config=0+,monmap=0+}) -- 0x7f8dc0109e20 con 0x7f8dc0109340
2024-05-21T03:53:19.644 INFO:teuthology.orchestra.run.smithi016.stdout:/usr/bin/ceph: stderr
2024-05-21T03:53:18.817+0000 7f8dbf7fe700 1 --2- 172.21.15.16:0/802699183 >> [v2:172.21.15.16:3300/0,v1:172.21.15.16:6789/0] conn(0x7f8dc0109340 0x7f8dc0109760 secure :-1 s=READY pgs=35 cs=0 l=1 rev1=1 crypto rx=0x7f8db00098a0 tx=0x7f8db0009bb0 comp rx=0 tx=0).ready entity=mon.0 client_cookie=5508407ecd64ff88 server_cookie=0 in_seq=0 out_seq=0
2024-05-21T03:53:19.644 INFO:teuthology.orchestra.run.smithi016.stdout:/usr/bin/ceph: stderr
2024-05-21T03:53:18.817+0000 7f8dbeffd700 1 -- 172.21.15.16:0/802699183 <== mon.0 v2:172.21.15.16:3300/0 1 ==== mon_map magic: 0 ==== 205+0+0 (secure 0 0 0) 0x7f8db0004160 con 0x7f8dc0109340
2024-05-21T03:53:19.644 INFO:teuthology.orchestra.run.smithi016.stdout:/usr/bin/ceph: stderr
2024-05-21T03:53:18.817+0000 7f8dbeffd700 1 -- 172.21.15.16:0/802699183 <== mon.0 v2:172.21.15.16:3300/0 2 ==== config(28 keys) ==== 1139+0+0 (secure 0 0 0) 0x7f8db0004300 con 0x7f8dc0109340
2024-05-21T03:53:19.644 INFO:teuthology.orchestra.run.smithi016.stdout:/usr/bin/ceph: stderr
2024-05-21T03:53:18.817+0000 7f8dbeffd700 1 -- 172.21.15.16:0/802699183 <== mon.0 v2:172.21.15.16:3300/0 3 ==== mon_map magic: 0 ==== 205+0+0 (secure 0 0 0) 0x7f8db0011c00 con 0x7f8dc0109340
2024-05-21T03:53:19.644 INFO:teuthology.orchestra.run.smithi016.stdout:/usr/bin/ceph: stderr
2024-05-21T03:53:18.818+0000 7f8dc5ea3700 1 -- 172.21.15.16:0/802699183 >> [v2:172.21.15.16:3300/0,v1:172.21.15.16:6789/0] conn(0x7f8dc0109340 msgr2=0x7f8dc0109760 secure :-1 s=STATE_CONNECTION_ESTABLISHED l=1).mark_down
2024-05-21T03:53:19.644 INFO:teuthology.orchestra.run.smithi016.stdout:/usr/bin/ceph: stderr
2024-05-21T03:53:18.818+0000 7f8dc5ea3700 1 --2- 172.21.15.16:0/802699183 >> [v2:172.21.15.16:3300/0,v1:172.21.15.16:6789/0] conn(0x7f8dc0109340 0x7f8dc0109760 secure :-1 s=READY pgs=35 cs=0 l=1 rev1=1 crypto rx=0x7f8db00098a0 tx=0x7f8db0009bb0 comp rx=0 tx=0).stop
2024-05-21T03:53:19.644 INFO:teuthology.orchestra.run.smithi016.stdout:/usr/bin/ceph: stderr
2024-05-21T03:53:18.818+0000 7f8dc5ea3700 1 -- 172.21.15.16:0/802699183 shutdown_connections
2024-05-21T03:53:19.644 INFO:teuthology.orchestra.run.smithi016.stdout:/usr/bin/ceph: stderr
2024-05-21T03:53:18.818+0000 7f8dc5ea3700 1 --2- 172.21.15.16:0/802699183 >> [v2:172.21.15.16:3300/0,v1:172.21.15.16:6789/0] conn(0x7f8dc0109340 0x7f8dc0109760 unknown :-1 s=CLOSED pgs=35 cs=0 l=1 rev1=1 crypto rx=0 tx=0 comp rx=0 tx=0).stop
2024-05-21T03:53:19.644 INFO:teuthology.orchestra.run.smithi016.stdout:/usr/bin/ceph: stderr
2024-05-21T03:53:18.818+0000 7f8dc5ea3700 1 -- 172.21.15.16:0/802699183 >> 172.21.15.16:0/802699183 conn(0x7f8dc01049e0 msgr2=0x7f8dc0106e00 unknown :-1 s=STATE_NONE l=0).mark_down
2024-05-21T03:53:19.644 INFO:teuthology.orchestra.run.smithi016.stdout:/usr/bin/ceph: stderr
2024-05-21T03:53:18.818+0000 7f8dc5ea3700 1 -- 172.21.15.16:0/802699183 shutdown_connections
2024-05-21T03:53:19.644 INFO:teuthology.orchestra.run.smithi016.stdout:/usr/bin/ceph: stderr
2024-05-21T03:53:18.818+0000 7f8dc5ea3700 1 -- 172.21.15.16:0/802699183 wait complete.
2024-05-21T03:53:19.645 INFO:teuthology.orchestra.run.smithi016.stdout:/usr/bin/ceph: stderr
2024-05-21T03:53:18.819+0000 7f8dc5ea3700 1 Processor -- start
2024-05-21T03:53:19.645 INFO:teuthology.orchestra.run.smithi016.stdout:/usr/bin/ceph: stderr
2024-05-21T03:53:18.819+0000 7f8dc5ea3700 1 -- start start
2024-05-21T03:53:19.645 INFO:teuthology.orchestra.run.smithi016.stdout:/usr/bin/ceph: stderr
2024-05-21T03:53:18.819+0000 7f8dc5ea3700 1 --2- >> [v2:172.21.15.16:3300/0,v1:172.21.15.16:6789/0] conn(0x7f8dc0109340 0x7f8dc007eb80 unknown :-1 s=NONE pgs=0 cs=0 l=1 rev1=0 crypto rx=0 tx=0 comp rx=0 tx=0).connect
2024-05-21T03:53:19.645 INFO:teuthology.orchestra.run.smithi016.stdout:/usr/bin/ceph: stderr
2024-05-21T03:53:18.819+0000 7f8dc5ea3700 1 -- --> [v2:172.21.15.16:3300/0,v1:172.21.15.16:6789/0] -- mon_getmap magic: 0 -- 0x7f8dc010d7b0 con 0x7f8dc0109340
2024-05-21T03:53:19.645 INFO:teuthology.orchestra.run.smithi016.stdout:/usr/bin/ceph: stderr
2024-05-21T03:53:18.819+0000 7f8dbf7fe700 1 --2- >> [v2:172.21.15.16:3300/0,v1:172.21.15.16:6789/0] conn(0x7f8dc0109340 0x7f8dc007eb80 unknown :-1 s=BANNER_CONNECTING pgs=0 cs=0 l=1 rev1=0 crypto rx=0 tx=0 comp rx=0 tx=0)._handle_peer_banner_payload supported=3 required=0
2024-05-21T03:53:19.645 INFO:teuthology.orchestra.run.smithi016.stdout:/usr/bin/ceph: stderr
2024-05-21T03:53:18.819+0000 7f8dbf7fe700 1 --2- >> [v2:172.21.15.16:3300/0,v1:172.21.15.16:6789/0] conn(0x7f8dc0109340 0x7f8dc007eb80 unknown :-1 s=HELLO_CONNECTING pgs=0 cs=0 l=1 rev1=1 crypto rx=0 tx=0 comp rx=0 tx=0).handle_hello peer v2:172.21.15.16:3300/0 says I am v2:172.21.15.16:41930/0 (socket says 172.21.15.16:41930)
2024-05-21T03:53:19.645 INFO:teuthology.orchestra.run.smithi016.stdout:/usr/bin/ceph: stderr
2024-05-21T03:53:18.819+0000 7f8dbf7fe700 1 -- 172.21.15.16:0/612450095 learned_addr learned my addr 172.21.15.16:0/612450095 (peer_addr_for_me v2:172.21.15.16:0/0)
2024-05-21T03:53:19.645 INFO:teuthology.orchestra.run.smithi016.stdout:/usr/bin/ceph: stderr
2024-05-21T03:53:18.819+0000 7f8dbf7fe700 1 -- 172.21.15.16:0/612450095 --> [v2:172.21.15.16:3300/0,v1:172.21.15.16:6789/0] -- mon_subscribe({config=0+,monmap=0+}) -- 0x7f8dc007f0c0 con 0x7f8dc0109340
2024-05-21T03:53:19.645 INFO:teuthology.orchestra.run.smithi016.stdout:/usr/bin/ceph: stderr
2024-05-21T03:53:18.820+0000 7f8dbf7fe700 1 --2- 172.21.15.16:0/612450095 >> [v2:172.21.15.16:3300/0,v1:172.21.15.16:6789/0] conn(0x7f8dc0109340 0x7f8dc007eb80 secure :-1 s=READY pgs=36 cs=0 l=1 rev1=1 crypto rx=0x7f8db0003fb0 tx=0x7f8db0011bd0 comp rx=0 tx=0).ready entity=mon.0 client_cookie=0 server_cookie=0 in_seq=0 out_seq=0
2024-05-21T03:53:19.645 INFO:teuthology.orchestra.run.smithi016.stdout:/usr/bin/ceph: stderr
2024-05-21T03:53:18.820+0000 7f8dbd7fa700 1 -- 172.21.15.16:0/612450095 <== mon.0 v2:172.21.15.16:3300/0 1 ==== mon_map magic: 0 ==== 205+0+0 (secure 0 0 0) 0x7f8db00039c0 con 0x7f8dc0109340
2024-05-21T03:53:19.645 INFO:teuthology.orchestra.run.smithi016.stdout:/usr/bin/ceph: stderr
2024-05-21T03:53:18.820+0000 7f8dbd7fa700 1 -- 172.21.15.16:0/612450095 <== mon.0 v2:172.21.15.16:3300/0 2 ==== config(28 keys) ==== 1139+0+0 (secure 0 0 0) 0x7f8db0003b60 con 0x7f8dc0109340
2024-05-21T03:53:19.645 INFO:teuthology.orchestra.run.smithi016.stdout:/usr/bin/ceph: stderr
2024-05-21T03:53:18.820+0000 7f8dc5ea3700 1 -- 172.21.15.16:0/612450095 --> [v2:172.21.15.16:3300/0,v1:172.21.15.16:6789/0] -- mon_subscribe({mgrmap=0+}) -- 0x7f8dc007d2b0 con 0x7f8dc0109340
2024-05-21T03:53:19.645 INFO:teuthology.orchestra.run.smithi016.stdout:/usr/bin/ceph: stderr
2024-05-21T03:53:18.820+0000 7f8dbd7fa700 1 -- 172.21.15.16:0/612450095 <== mon.0 v2:172.21.15.16:3300/0 3 ==== mon_map magic: 0 ==== 205+0+0 (secure 0 0 0) 0x7f8db001a6b0 con 0x7f8dc0109340
2024-05-21T03:53:19.646 INFO:teuthology.orchestra.run.smithi016.stdout:/usr/bin/ceph: stderr
2024-05-21T03:53:18.820+0000 7f8dc5ea3700 1 -- 172.21.15.16:0/612450095 --> [v2:172.21.15.16:3300/0,v1:172.21.15.16:6789/0] -- mon_subscribe({osdmap=0}) -- 0x7f8dc007d7f0 con 0x7f8dc0109340
2024-05-21T03:53:19.646 INFO:teuthology.orchestra.run.smithi016.stdout:/usr/bin/ceph: stderr
2024-05-21T03:53:18.821+0000 7f8dbd7fa700 1 -- 172.21.15.16:0/612450095 <== mon.0 v2:172.21.15.16:3300/0 4 ==== mgrmap(e 8) ==== 50222+0+0 (secure 0 0 0) 0x7f8db001a960 con 0x7f8dc0109340
2024-05-21T03:53:19.646 INFO:teuthology.orchestra.run.smithi016.stdout:/usr/bin/ceph: stderr
2024-05-21T03:53:18.821+0000 7f8dc5ea3700 1 -- 172.21.15.16:0/612450095 --> [v2:172.21.15.16:3300/0,v1:172.21.15.16:6789/0] -- mon_command({"prefix": "get_command_descriptions"} v 0) -- 0x7f8dc0064ba0 con 0x7f8dc0109340
2024-05-21T03:53:19.646 INFO:teuthology.orchestra.run.smithi016.stdout:/usr/bin/ceph: stderr
2024-05-21T03:53:18.821+0000 7f8dbd7fa700 1 --2- 172.21.15.16:0/612450095 >> [v2:172.21.15.16:6800/3416695378,v1:172.21.15.16:6801/3416695378] conn(0x7f8dac03e470 0x7f8dac040930 unknown :-1 s=NONE pgs=0 cs=0 l=1 rev1=0 crypto rx=0 tx=0 comp rx=0 tx=0).connect
2024-05-21T03:53:19.646 INFO:teuthology.orchestra.run.smithi016.stdout:/usr/bin/ceph: stderr
2024-05-21T03:53:18.821+0000 7f8dbd7fa700 1 -- 172.21.15.16:0/612450095 <== mon.0 v2:172.21.15.16:3300/0 5 ==== osd_map(2..2 src has 1..2) ==== 940+0+0 (secure 0 0 0) 0x7f8db0053c60 con 0x7f8dc0109340
2024-05-21T03:53:19.646 INFO:teuthology.orchestra.run.smithi016.stdout:/usr/bin/ceph: stderr
2024-05-21T03:53:18.821+0000 7f8db6ffd700 1 --2- 172.21.15.16:0/612450095 >> [v2:172.21.15.16:6800/3416695378,v1:172.21.15.16:6801/3416695378] conn(0x7f8dac03e470 0x7f8dac040930 unknown :-1 s=BANNER_CONNECTING pgs=0 cs=0 l=1 rev1=0 crypto rx=0 tx=0 comp rx=0 tx=0)._handle_peer_banner_payload supported=3 required=0
2024-05-21T03:53:19.646 INFO:teuthology.orchestra.run.smithi016.stdout:/usr/bin/ceph: stderr
2024-05-21T03:53:18.822+0000 7f8db6ffd700 1 --2- 172.21.15.16:0/612450095 >> [v2:172.21.15.16:6800/3416695378,v1:172.21.15.16:6801/3416695378] conn(0x7f8dac03e470 0x7f8dac040930 secure :-1 s=READY pgs=8 cs=0 l=1 rev1=1 crypto rx=0x7f8da8006fd0 tx=0x7f8da8006e40 comp rx=0 tx=0).ready entity=mgr.14116 client_cookie=0 server_cookie=0 in_seq=0 out_seq=0
2024-05-21T03:53:19.646 INFO:teuthology.orchestra.run.smithi016.stdout:/usr/bin/ceph: stderr
2024-05-21T03:53:18.826+0000 7f8dbd7fa700 1 -- 172.21.15.16:0/612450095 <== mon.0 v2:172.21.15.16:3300/0 6 ==== mon_command_ack([{"prefix": "get_command_descriptions"}]=0 v0) ==== 72+0+191963 (secure 0 0 0) 0x7f8db002c350 con 0x7f8dc0109340
2024-05-21T03:53:19.646 INFO:teuthology.orchestra.run.smithi016.stdout:/usr/bin/ceph: stderr
2024-05-21T03:53:19.044+0000 7f8dc5ea3700 1 -- 172.21.15.16:0/612450095 --> [v2:172.21.15.16:6800/3416695378,v1:172.21.15.16:6801/3416695378] -- mgr_command(tid 0: {"prefix": "cephadm set-user", "user": "root", "target": ["mon-mgr", ""]}) -- 0x7f8dc0105c30 con 0x7f8dac03e470
2024-05-21T03:53:19.646 INFO:teuthology.orchestra.run.smithi016.stdout:/usr/bin/ceph: stderr
2024-05-21T03:53:19.045+0000 7f8dbd7fa700 1 -- 172.21.15.16:0/612450095 <== mgr.14116 v2:172.21.15.16:6800/3416695378 1 ==== mgr_command_reply(tid 0: 0 ) ==== 8+0+16 (secure 0 0 0) 0x7f8dc0105c30 con 0x7f8dac03e470
2024-05-21T03:53:19.646 INFO:teuthology.orchestra.run.smithi016.stdout:/usr/bin/ceph: stderr
2024-05-21T03:53:19.047+0000 7f8dc5ea3700 1 -- 172.21.15.16:0/612450095 >> [v2:172.21.15.16:6800/3416695378,v1:172.21.15.16:6801/3416695378] conn(0x7f8dac03e470 msgr2=0x7f8dac040930 secure :-1 s=STATE_CONNECTION_ESTABLISHED l=1).mark_down
2024-05-21T03:53:19.646 INFO:teuthology.orchestra.run.smithi016.stdout:/usr/bin/ceph: stderr
2024-05-21T03:53:19.047+0000 7f8dc5ea3700 1 --2- 172.21.15.16:0/612450095 >> [v2:172.21.15.16:6800/3416695378,v1:172.21.15.16:6801/3416695378] conn(0x7f8dac03e470 0x7f8dac040930 secure :-1 s=READY pgs=8 cs=0 l=1 rev1=1 crypto rx=0x7f8da8006fd0 tx=0x7f8da8006e40 comp rx=0 tx=0).stop
2024-05-21T03:53:19.647 INFO:teuthology.orchestra.run.smithi016.stdout:/usr/bin/ceph: stderr
2024-05-21T03:53:19.047+0000 7f8dc5ea3700 1 -- 172.21.15.16:0/612450095 >> [v2:172.21.15.16:3300/0,v1:172.21.15.16:6789/0] conn(0x7f8dc0109340 msgr2=0x7f8dc007eb80 secure :-1 s=STATE_CONNECTION_ESTABLISHED l=1).mark_down
2024-05-21T03:53:19.647 INFO:teuthology.orchestra.run.smithi016.stdout:/usr/bin/ceph: stderr
2024-05-21T03:53:19.047+0000 7f8dc5ea3700 1 --2- 172.21.15.16:0/612450095 >> [v2:172.21.15.16:3300/0,v1:172.21.15.16:6789/0] conn(0x7f8dc0109340 0x7f8dc007eb80 secure :-1 s=READY pgs=36 cs=0 l=1 rev1=1 crypto rx=0x7f8db0003fb0 tx=0x7f8db0011bd0 comp rx=0 tx=0).stop
2024-05-21T03:53:19.647 INFO:teuthology.orchestra.run.smithi016.stdout:/usr/bin/ceph: stderr
2024-05-21T03:53:19.047+0000 7f8dc5ea3700 1 -- 172.21.15.16:0/612450095 shutdown_connections
2024-05-21T03:53:19.647 INFO:teuthology.orchestra.run.smithi016.stdout:/usr/bin/ceph: stderr
2024-05-21T03:53:19.047+0000 7f8dc5ea3700 1 --2- 172.21.15.16:0/612450095 >> [v2:172.21.15.16:6800/3416695378,v1:172.21.15.16:6801/3416695378] conn(0x7f8dac03e470 0x7f8dac040930 unknown :-1 s=CLOSED pgs=8 cs=0 l=1 rev1=1 crypto rx=0 tx=0 comp rx=0 tx=0).stop
2024-05-21T03:53:19.647 INFO:teuthology.orchestra.run.smithi016.stdout:/usr/bin/ceph: stderr
2024-05-21T03:53:19.047+0000 7f8dc5ea3700 1 --2- 172.21.15.16:0/612450095 >> [v2:172.21.15.16:3300/0,v1:172.21.15.16:6789/0] conn(0x7f8dc0109340 0x7f8dc007eb80 unknown :-1 s=CLOSED pgs=36 cs=0 l=1 rev1=1 crypto rx=0 tx=0 comp rx=0 tx=0).stop
2024-05-21T03:53:19.647 INFO:teuthology.orchestra.run.smithi016.stdout:/usr/bin/ceph: stderr
2024-05-21T03:53:19.047+0000 7f8dc5ea3700 1 -- 172.21.15.16:0/612450095 >> 172.21.15.16:0/612450095 conn(0x7f8dc01049e0 msgr2=0x7f8dc0105520 unknown :-1 s=STATE_NONE l=0).mark_down
2024-05-21T03:53:19.647 INFO:teuthology.orchestra.run.smithi016.stdout:/usr/bin/ceph: stderr
2024-05-21T03:53:19.048+0000 7f8dc5ea3700 1 -- 172.21.15.16:0/612450095 shutdown_connections
2024-05-21T03:53:19.647 INFO:teuthology.orchestra.run.smithi016.stdout:/usr/bin/ceph: stderr
2024-05-21T03:53:19.048+0000 7f8dc5ea3700 1 -- 172.21.15.16:0/612450095 wait complete.
2024-05-21T03:53:19.647 INFO:teuthology.orchestra.run.smithi016.stdout:Generating ssh key...
2024-05-21T03:53:20.755 INFO:journalctl@ceph.mgr.x.smithi016.stdout:May 21 03:53:20 smithi016 ceph-79980e44-1725-11ef-bc9a-c7b262605968-mgr-x[32191]: Generating public/private rsa key pair.
2024-05-21T03:53:20.756 INFO:journalctl@ceph.mgr.x.smithi016.stdout:May 21 03:53:20 smithi016 ceph-79980e44-1725-11ef-bc9a-c7b262605968-mgr-x[32191]: Your identification has been saved in /tmp/tmpn0ywpuin/key.
2024-05-21T03:53:20.756 INFO:journalctl@ceph.mgr.x.smithi016.stdout:May 21 03:53:20 smithi016 ceph-79980e44-1725-11ef-bc9a-c7b262605968-mgr-x[32191]: Your public key has been saved in /tmp/tmpn0ywpuin/key.pub.
2024-05-21T03:53:20.756 INFO:journalctl@ceph.mgr.x.smithi016.stdout:May 21 03:53:20 smithi016 ceph-79980e44-1725-11ef-bc9a-c7b262605968-mgr-x[32191]: The key fingerprint is:
2024-05-21T03:53:20.756 INFO:journalctl@ceph.mgr.x.smithi016.stdout:May 21 03:53:20 smithi016 ceph-79980e44-1725-11ef-bc9a-c7b262605968-mgr-x[32191]: SHA256:MgkmJ0luEo60hBK27KbMd+evlZuc2Qei12l/SSXzY+o ceph-79980e44-1725-11ef-bc9a-c7b262605968
2024-05-21T03:53:20.756 INFO:journalctl@ceph.mgr.x.smithi016.stdout:May 21 03:53:20 smithi016 ceph-79980e44-1725-11ef-bc9a-c7b262605968-mgr-x[32191]: The key's randomart image is:
2024-05-21T03:53:20.756 INFO:journalctl@ceph.mgr.x.smithi016.stdout:May 21 03:53:20 smithi016 ceph-79980e44-1725-11ef-bc9a-c7b262605968-mgr-x[32191]: +---[RSA 3072]----+
2024-05-21T03:53:20.756 INFO:journalctl@ceph.mgr.x.smithi016.stdout:May 21 03:53:20 smithi016 ceph-79980e44-1725-11ef-bc9a-c7b262605968-mgr-x[32191]: |+=. |
2024-05-21T03:53:20.757 INFO:journalctl@ceph.mgr.x.smithi016.stdout:May 21 03:53:20 smithi016 ceph-79980e44-1725-11ef-bc9a-c7b262605968-mgr-x[32191]: |X+o. |
2024-05-21T03:53:20.757 INFO:journalctl@ceph.mgr.x.smithi016.stdout:May 21 03:53:20 smithi016 ceph-79980e44-1725-11ef-bc9a-c7b262605968-mgr-x[32191]: |+=* + |
2024-05-21T03:53:20.757 INFO:journalctl@ceph.mgr.x.smithi016.stdout:May 21 03:53:20 smithi016 ceph-79980e44-1725-11ef-bc9a-c7b262605968-mgr-x[32191]: |.o = . . o .|
2024-05-21T03:53:20.757 INFO:journalctl@ceph.mgr.x.smithi016.stdout:May 21 03:53:20 smithi016 ceph-79980e44-1725-11ef-bc9a-c7b262605968-mgr-x[32191]: | o + S +.|
2024-05-21T03:53:20.757 INFO:journalctl@ceph.mgr.x.smithi016.stdout:May 21 03:53:20 smithi016 ceph-79980e44-1725-11ef-bc9a-c7b262605968-mgr-x[32191]: |= o ... +.|
2024-05-21T03:53:20.757 INFO:journalctl@ceph.mgr.x.smithi016.stdout:May 21 03:53:20 smithi016 ceph-79980e44-1725-11ef-bc9a-c7b262605968-mgr-x[32191]: |.o . . ..oo o + o|
2024-05-21T03:53:20.757 INFO:journalctl@ceph.mgr.x.smithi016.stdout:May 21 03:53:20 smithi016 ceph-79980e44-1725-11ef-bc9a-c7b262605968-mgr-x[32191]: | . . o.o.*+ o o |
2024-05-21T03:53:20.757 INFO:journalctl@ceph.mgr.x.smithi016.stdout:May 21 03:53:20 smithi016 ceph-79980e44-1725-11ef-bc9a-c7b262605968-mgr-x[32191]: | o+B..+E. |
2024-05-21T03:53:20.758 INFO:journalctl@ceph.mgr.x.smithi016.stdout:May 21 03:53:20 smithi016 ceph-79980e44-1725-11ef-bc9a-c7b262605968-mgr-x[32191]: +----[SHA256]-----+
2024-05-21T03:53:21.076 INFO:teuthology.orchestra.run.smithi016.stdout:/usr/bin/ceph: stderr
2024-05-21T03:53:20.052+0000 7f8e63eba700 1 Processor -- start
2024-05-21T03:53:21.077 INFO:teuthology.orchestra.run.smithi016.stdout:/usr/bin/ceph: stderr
2024-05-21T03:53:20.052+0000 7f8e63eba700 1 -- start start
2024-05-21T03:53:21.077 INFO:teuthology.orchestra.run.smithi016.stdout:/usr/bin/ceph: stderr
2024-05-21T03:53:20.053+0000 7f8e63eba700 1 --2- >> [v2:172.21.15.16:3300/0,v1:172.21.15.16:6789/0] conn(0x7f8e5c109e60 0x7f8e5c10c250 unknown :-1 s=NONE pgs=0 cs=0 l=0 rev1=0 crypto rx=0 tx=0 comp rx=0 tx=0).connect
2024-05-21T03:53:21.077 INFO:teuthology.orchestra.run.smithi016.stdout:/usr/bin/ceph: stderr
2024-05-21T03:53:20.053+0000 7f8e63eba700 1 -- --> [v2:172.21.15.16:3300/0,v1:172.21.15.16:6789/0] -- mon_getmap magic: 0 -- 0x7f8e5c076e70 con 0x7f8e5c109e60
2024-05-21T03:53:21.077 INFO:teuthology.orchestra.run.smithi016.stdout:/usr/bin/ceph: stderr
2024-05-21T03:53:20.053+0000 7f8e61c56700 1 --2- >> [v2:172.21.15.16:3300/0,v1:172.21.15.16:6789/0] conn(0x7f8e5c109e60 0x7f8e5c10c250 unknown :-1 s=BANNER_CONNECTING pgs=0 cs=0 l=0 rev1=0 crypto rx=0 tx=0 comp rx=0 tx=0)._handle_peer_banner_payload supported=3 required=0
2024-05-21T03:53:21.077 INFO:teuthology.orchestra.run.smithi016.stdout:/usr/bin/ceph: stderr
2024-05-21T03:53:20.053+0000 7f8e61c56700 1 --2- >> [v2:172.21.15.16:3300/0,v1:172.21.15.16:6789/0] conn(0x7f8e5c109e60 0x7f8e5c10c250 unknown :-1 s=HELLO_CONNECTING pgs=0 cs=0 l=0 rev1=1 crypto rx=0 tx=0 comp rx=0 tx=0).handle_hello peer v2:172.21.15.16:3300/0 says I am v2:172.21.15.16:41938/0 (socket says 172.21.15.16:41938)
2024-05-21T03:53:21.077 INFO:teuthology.orchestra.run.smithi016.stdout:/usr/bin/ceph: stderr
2024-05-21T03:53:20.053+0000 7f8e61c56700 1 -- 172.21.15.16:0/29631905 learned_addr learned my addr 172.21.15.16:0/29631905 (peer_addr_for_me v2:172.21.15.16:0/0)
2024-05-21T03:53:21.077 INFO:teuthology.orchestra.run.smithi016.stdout:/usr/bin/ceph: stderr
2024-05-21T03:53:20.053+0000 7f8e61c56700 1 -- 172.21.15.16:0/29631905 --> [v2:172.21.15.16:3300/0,v1:172.21.15.16:6789/0] -- mon_subscribe({config=0+,monmap=0+}) -- 0x7f8e5c10c790 con 0x7f8e5c109e60
2024-05-21T03:53:21.077 INFO:teuthology.orchestra.run.smithi016.stdout:/usr/bin/ceph: stderr
2024-05-21T03:53:20.053+0000 7f8e61c56700 1 --2- 172.21.15.16:0/29631905 >> [v2:172.21.15.16:3300/0,v1:172.21.15.16:6789/0] conn(0x7f8e5c109e60 0x7f8e5c10c250 secure :-1 s=READY pgs=37 cs=0 l=1 rev1=1 crypto rx=0x7f8e580098a0 tx=0x7f8e58009bb0 comp rx=0 tx=0).ready entity=mon.0 client_cookie=36d82109736224cd server_cookie=0 in_seq=0 out_seq=0
2024-05-21T03:53:21.077 INFO:teuthology.orchestra.run.smithi016.stdout:/usr/bin/ceph: stderr
2024-05-21T03:53:20.053+0000 7f8e60c54700 1 -- 172.21.15.16:0/29631905 <== mon.0 v2:172.21.15.16:3300/0 1 ==== mon_map magic: 0 ==== 205+0+0 (secure 0 0 0) 0x7f8e58004160 con 0x7f8e5c109e60
2024-05-21T03:53:21.077 INFO:teuthology.orchestra.run.smithi016.stdout:/usr/bin/ceph: stderr
2024-05-21T03:53:20.054+0000 7f8e60c54700 1 -- 172.21.15.16:0/29631905 <== mon.0 v2:172.21.15.16:3300/0 2 ==== config(28 keys) ==== 1139+0+0 (secure 0 0 0) 0x7f8e58004300 con 0x7f8e5c109e60
2024-05-21T03:53:21.078 INFO:teuthology.orchestra.run.smithi016.stdout:/usr/bin/ceph: stderr
2024-05-21T03:53:20.054+0000 7f8e60c54700 1 -- 172.21.15.16:0/29631905 <== mon.0 v2:172.21.15.16:3300/0 3 ==== mon_map magic: 0 ==== 205+0+0 (secure 0 0 0) 0x7f8e58011c00 con 0x7f8e5c109e60
2024-05-21T03:53:21.078 INFO:teuthology.orchestra.run.smithi016.stdout:/usr/bin/ceph: stderr
2024-05-21T03:53:20.054+0000 7f8e63eba700 1 -- 172.21.15.16:0/29631905 >> [v2:172.21.15.16:3300/0,v1:172.21.15.16:6789/0] conn(0x7f8e5c109e60 msgr2=0x7f8e5c10c250 secure :-1 s=STATE_CONNECTION_ESTABLISHED l=1).mark_down
2024-05-21T03:53:21.078 INFO:teuthology.orchestra.run.smithi016.stdout:/usr/bin/ceph: stderr
2024-05-21T03:53:20.054+0000 7f8e63eba700 1 --2- 172.21.15.16:0/29631905 >> [v2:172.21.15.16:3300/0,v1:172.21.15.16:6789/0] conn(0x7f8e5c109e60 0x7f8e5c10c250 secure :-1 s=READY pgs=37 cs=0 l=1 rev1=1 crypto rx=0x7f8e580098a0 tx=0x7f8e58009bb0 comp rx=0 tx=0).stop
2024-05-21T03:53:21.078 INFO:teuthology.orchestra.run.smithi016.stdout:/usr/bin/ceph: stderr
2024-05-21T03:53:20.054+0000 7f8e63eba700 1 -- 172.21.15.16:0/29631905 shutdown_connections
2024-05-21T03:53:21.078 INFO:teuthology.orchestra.run.smithi016.stdout:/usr/bin/ceph: stderr
2024-05-21T03:53:20.054+0000 7f8e63eba700 1 --2- 172.21.15.16:0/29631905 >> [v2:172.21.15.16:3300/0,v1:172.21.15.16:6789/0] conn(0x7f8e5c109e60 0x7f8e5c10c250 unknown :-1 s=CLOSED pgs=37 cs=0 l=1 rev1=1 crypto rx=0 tx=0 comp rx=0 tx=0).stop
2024-05-21T03:53:21.078 INFO:teuthology.orchestra.run.smithi016.stdout:/usr/bin/ceph: stderr
2024-05-21T03:53:20.054+0000 7f8e63eba700 1 -- 172.21.15.16:0/29631905 >> 172.21.15.16:0/29631905 conn(0x7f8e5c103890 msgr2=0x7f8e5c105cb0 unknown :-1 s=STATE_NONE l=0).mark_down
2024-05-21T03:53:21.078 INFO:teuthology.orchestra.run.smithi016.stdout:/usr/bin/ceph: stderr
2024-05-21T03:53:20.054+0000 7f8e63eba700 1 -- 172.21.15.16:0/29631905 shutdown_connections
2024-05-21T03:53:21.078 INFO:teuthology.orchestra.run.smithi016.stdout:/usr/bin/ceph: stderr
2024-05-21T03:53:20.054+0000 7f8e63eba700 1 -- 172.21.15.16:0/29631905 wait complete.
2024-05-21T03:53:21.078 INFO:teuthology.orchestra.run.smithi016.stdout:/usr/bin/ceph: stderr
2024-05-21T03:53:20.055+0000 7f8e63eba700 1 Processor -- start
2024-05-21T03:53:21.078 INFO:teuthology.orchestra.run.smithi016.stdout:/usr/bin/ceph: stderr
2024-05-21T03:53:20.055+0000 7f8e63eba700 1 -- start start
2024-05-21T03:53:21.078 INFO:teuthology.orchestra.run.smithi016.stdout:/usr/bin/ceph: stderr
2024-05-21T03:53:20.055+0000 7f8e63eba700 1 --2- >> [v2:172.21.15.16:3300/0,v1:172.21.15.16:6789/0] conn(0x7f8e5c109e60 0x7f8e5c1096e0 unknown :-1 s=NONE pgs=0 cs=0 l=1 rev1=0 crypto rx=0 tx=0 comp rx=0 tx=0).connect
2024-05-21T03:53:21.078 INFO:teuthology.orchestra.run.smithi016.stdout:/usr/bin/ceph: stderr
2024-05-21T03:53:20.055+0000 7f8e63eba700 1 -- --> [v2:172.21.15.16:3300/0,v1:172.21.15.16:6789/0] -- mon_getmap magic: 0 -- 0x7f8e5c10d7c0 con 0x7f8e5c109e60
2024-05-21T03:53:21.078 INFO:teuthology.orchestra.run.smithi016.stdout:/usr/bin/ceph: stderr
2024-05-21T03:53:20.055+0000 7f8e61c56700 1 --2- >> [v2:172.21.15.16:3300/0,v1:172.21.15.16:6789/0] conn(0x7f8e5c109e60 0x7f8e5c1096e0 unknown :-1 s=BANNER_CONNECTING pgs=0 cs=0 l=1 rev1=0 crypto rx=0 tx=0 comp rx=0 tx=0)._handle_peer_banner_payload supported=3 required=0
2024-05-21T03:53:21.079 INFO:teuthology.orchestra.run.smithi016.stdout:/usr/bin/ceph: stderr
2024-05-21T03:53:20.055+0000 7f8e61c56700 1 --2- >> [v2:172.21.15.16:3300/0,v1:172.21.15.16:6789/0] conn(0x7f8e5c109e60 0x7f8e5c1096e0 unknown :-1 s=HELLO_CONNECTING pgs=0 cs=0 l=1 rev1=1 crypto rx=0 tx=0 comp rx=0 tx=0).handle_hello peer v2:172.21.15.16:3300/0 says I am v2:172.21.15.16:41946/0 (socket says 172.21.15.16:41946)
2024-05-21T03:53:21.079 INFO:teuthology.orchestra.run.smithi016.stdout:/usr/bin/ceph: stderr
2024-05-21T03:53:20.055+0000 7f8e61c56700 1 -- 172.21.15.16:0/1317625040 learned_addr learned my addr 172.21.15.16:0/1317625040 (peer_addr_for_me v2:172.21.15.16:0/0)
2024-05-21T03:53:21.079 INFO:teuthology.orchestra.run.smithi016.stdout:/usr/bin/ceph: stderr
2024-05-21T03:53:20.055+0000 7f8e61c56700 1 -- 172.21.15.16:0/1317625040 --> [v2:172.21.15.16:3300/0,v1:172.21.15.16:6789/0] -- mon_subscribe({config=0+,monmap=0+}) -- 0x7f8e5c109c20 con 0x7f8e5c109e60
2024-05-21T03:53:21.079 INFO:teuthology.orchestra.run.smithi016.stdout:/usr/bin/ceph: stderr
2024-05-21T03:53:20.056+0000 7f8e61c56700 1 --2- 172.21.15.16:0/1317625040 >> [v2:172.21.15.16:3300/0,v1:172.21.15.16:6789/0] conn(0x7f8e5c109e60 0x7f8e5c1096e0 secure :-1 s=READY pgs=38 cs=0 l=1 rev1=1 crypto rx=0x7f8e58011bd0 tx=0x7f8e58011cb0 comp rx=0 tx=0).ready entity=mon.0 client_cookie=0 server_cookie=0 in_seq=0 out_seq=0
2024-05-21T03:53:21.079 INFO:teuthology.orchestra.run.smithi016.stdout:/usr/bin/ceph: stderr
2024-05-21T03:53:20.056+0000 7f8e52ffd700 1 -- 172.21.15.16:0/1317625040 <== mon.0 v2:172.21.15.16:3300/0 1 ==== mon_map magic: 0 ==== 205+0+0 (secure 0 0 0) 0x7f8e58003b20 con 0x7f8e5c109e60
2024-05-21T03:53:21.079 INFO:teuthology.orchestra.run.smithi016.stdout:/usr/bin/ceph: stderr
2024-05-21T03:53:20.056+0000 7f8e52ffd700 1 -- 172.21.15.16:0/1317625040 <== mon.0 v2:172.21.15.16:3300/0 2 ==== config(28 keys) ==== 1139+0+0 (secure 0 0 0) 0x7f8e58003cc0 con 0x7f8e5c109e60
2024-05-21T03:53:21.079 INFO:teuthology.orchestra.run.smithi016.stdout:/usr/bin/ceph: stderr
2024-05-21T03:53:20.056+0000 7f8e63eba700 1 -- 172.21.15.16:0/1317625040 --> [v2:172.21.15.16:3300/0,v1:172.21.15.16:6789/0] -- mon_subscribe({mgrmap=0+}) -- 0x7f8e5c107e10 con 0x7f8e5c109e60
2024-05-21T03:53:21.079 INFO:teuthology.orchestra.run.smithi016.stdout:/usr/bin/ceph: stderr
2024-05-21T03:53:20.056+0000 7f8e52ffd700 1 -- 172.21.15.16:0/1317625040 <== mon.0 v2:172.21.15.16:3300/0 3 ==== mon_map magic: 0 ==== 205+0+0 (secure 0 0 0) 0x7f8e58024930 con 0x7f8e5c109e60
2024-05-21T03:53:21.079 INFO:teuthology.orchestra.run.smithi016.stdout:/usr/bin/ceph: stderr
2024-05-21T03:53:20.056+0000 7f8e63eba700 1 -- 172.21.15.16:0/1317625040 --> [v2:172.21.15.16:3300/0,v1:172.21.15.16:6789/0] -- mon_subscribe({osdmap=0}) -- 0x7f8e5c108350 con 0x7f8e5c109e60
2024-05-21T03:53:21.079 INFO:teuthology.orchestra.run.smithi016.stdout:/usr/bin/ceph: stderr
2024-05-21T03:53:20.057+0000 7f8e63eba700 1 -- 172.21.15.16:0/1317625040 --> [v2:172.21.15.16:3300/0,v1:172.21.15.16:6789/0] -- mon_command({"prefix": "get_command_descriptions"} v 0) -- 0x7f8e5c064ba0 con 0x7f8e5c109e60
2024-05-21T03:53:21.079 INFO:teuthology.orchestra.run.smithi016.stdout:/usr/bin/ceph: stderr
2024-05-21T03:53:20.057+0000 7f8e52ffd700 1 -- 172.21.15.16:0/1317625040 <== mon.0 v2:172.21.15.16:3300/0 4 ==== mgrmap(e 8) ==== 50222+0+0 (secure 0 0 0) 0x7f8e58022020 con 0x7f8e5c109e60
2024-05-21T03:53:21.079 INFO:teuthology.orchestra.run.smithi016.stdout:/usr/bin/ceph: stderr
2024-05-21T03:53:20.057+0000 7f8e52ffd700 1 --2- 172.21.15.16:0/1317625040 >> [v2:172.21.15.16:6800/3416695378,v1:172.21.15.16:6801/3416695378] conn(0x7f8e4803e470 0x7f8e48040930 unknown :-1 s=NONE pgs=0 cs=0 l=1 rev1=0 crypto rx=0 tx=0 comp rx=0 tx=0).connect
2024-05-21T03:53:21.079 INFO:teuthology.orchestra.run.smithi016.stdout:/usr/bin/ceph: stderr
2024-05-21T03:53:20.057+0000 7f8e52ffd700 1 -- 172.21.15.16:0/1317625040 <== mon.0 v2:172.21.15.16:3300/0 5 ==== osd_map(2..2 src has 1..2) ==== 940+0+0 (secure 0 0 0) 0x7f8e580536d0 con 0x7f8e5c109e60
2024-05-21T03:53:21.079 INFO:teuthology.orchestra.run.smithi016.stdout:/usr/bin/ceph: stderr
2024-05-21T03:53:20.058+0000 7f8e61455700 1 --2- 172.21.15.16:0/1317625040 >> [v2:172.21.15.16:6800/3416695378,v1:172.21.15.16:6801/3416695378] conn(0x7f8e4803e470 0x7f8e48040930 unknown :-1 s=BANNER_CONNECTING pgs=0 cs=0 l=1 rev1=0 crypto rx=0 tx=0 comp rx=0 tx=0)._handle_peer_banner_payload supported=3 required=0
2024-05-21T03:53:21.080 INFO:teuthology.orchestra.run.smithi016.stdout:/usr/bin/ceph: stderr
2024-05-21T03:53:20.058+0000 7f8e61455700 1 --2- 172.21.15.16:0/1317625040 >> [v2:172.21.15.16:6800/3416695378,v1:172.21.15.16:6801/3416695378] conn(0x7f8e4803e470 0x7f8e48040930 secure :-1 s=READY pgs=9 cs=0 l=1 rev1=1 crypto rx=0x7f8e4c006fd0 tx=0x7f8e4c006e40 comp rx=0 tx=0).ready entity=mgr.14116 client_cookie=0 server_cookie=0 in_seq=0 out_seq=0
2024-05-21T03:53:21.080 INFO:teuthology.orchestra.run.smithi016.stdout:/usr/bin/ceph: stderr
2024-05-21T03:53:20.062+0000 7f8e52ffd700 1 -- 172.21.15.16:0/1317625040 <== mon.0 v2:172.21.15.16:3300/0 6 ==== mon_command_ack([{"prefix": "get_command_descriptions"}]=0 v0) ==== 72+0+191963 (secure 0 0 0) 0x7f8e5801a950 con 0x7f8e5c109e60
2024-05-21T03:53:21.080 INFO:teuthology.orchestra.run.smithi016.stdout:/usr/bin/ceph: stderr
2024-05-21T03:53:20.277+0000 7f8e63eba700 1 -- 172.21.15.16:0/1317625040 --> [v2:172.21.15.16:6800/3416695378,v1:172.21.15.16:6801/3416695378] -- mgr_command(tid 0: {"prefix": "cephadm generate-key", "target": ["mon-mgr", ""]}) -- 0x7f8e5c104ab0 con 0x7f8e4803e470
2024-05-21T03:53:21.080 INFO:teuthology.orchestra.run.smithi016.stdout:/usr/bin/ceph: stderr
2024-05-21T03:53:20.450+0000 7f8e52ffd700 1 -- 172.21.15.16:0/1317625040 <== mgr.14116 v2:172.21.15.16:6800/3416695378 1 ==== mgr_command_reply(tid 0: 0 ) ==== 8+0+0 (secure 0 0 0) 0x7f8e5c104ab0 con 0x7f8e4803e470
2024-05-21T03:53:21.080 INFO:teuthology.orchestra.run.smithi016.stdout:/usr/bin/ceph: stderr
2024-05-21T03:53:20.452+0000 7f8e63eba700 1 -- 172.21.15.16:0/1317625040 >> [v2:172.21.15.16:6800/3416695378,v1:172.21.15.16:6801/3416695378] conn(0x7f8e4803e470 msgr2=0x7f8e48040930 secure :-1 s=STATE_CONNECTION_ESTABLISHED l=1).mark_down
2024-05-21T03:53:21.080 INFO:teuthology.orchestra.run.smithi016.stdout:/usr/bin/ceph: stderr
2024-05-21T03:53:20.452+0000 7f8e63eba700 1 --2- 172.21.15.16:0/1317625040 >> [v2:172.21.15.16:6800/3416695378,v1:172.21.15.16:6801/3416695378] conn(0x7f8e4803e470 0x7f8e48040930 secure :-1 s=READY pgs=9 cs=0 l=1 rev1=1 crypto rx=0x7f8e4c006fd0 tx=0x7f8e4c006e40 comp rx=0 tx=0).stop
2024-05-21T03:53:21.080 INFO:teuthology.orchestra.run.smithi016.stdout:/usr/bin/ceph: stderr
2024-05-21T03:53:20.452+0000 7f8e63eba700 1 -- 172.21.15.16:0/1317625040 >> [v2:172.21.15.16:3300/0,v1:172.21.15.16:6789/0] conn(0x7f8e5c109e60 msgr2=0x7f8e5c1096e0 secure :-1 s=STATE_CONNECTION_ESTABLISHED l=1).mark_down
2024-05-21T03:53:21.080 INFO:teuthology.orchestra.run.smithi016.stdout:/usr/bin/ceph: stderr
2024-05-21T03:53:20.452+0000 7f8e63eba700 1 --2- 172.21.15.16:0/1317625040 >> [v2:172.21.15.16:3300/0,v1:172.21.15.16:6789/0] conn(0x7f8e5c109e60 0x7f8e5c1096e0 secure :-1 s=READY pgs=38 cs=0 l=1 rev1=1 crypto rx=0x7f8e58011bd0 tx=0x7f8e58011cb0 comp rx=0 tx=0).stop
2024-05-21T03:53:21.080 INFO:teuthology.orchestra.run.smithi016.stdout:/usr/bin/ceph: stderr
2024-05-21T03:53:20.452+0000 7f8e63eba700 1 -- 172.21.15.16:0/1317625040 shutdown_connections
2024-05-21T03:53:21.080 INFO:teuthology.orchestra.run.smithi016.stdout:/usr/bin/ceph: stderr
2024-05-21T03:53:20.452+0000 7f8e63eba700 1 --2- 172.21.15.16:0/1317625040 >> [v2:172.21.15.16:6800/3416695378,v1:172.21.15.16:6801/3416695378] conn(0x7f8e4803e470 0x7f8e48040930 unknown :-1 s=CLOSED pgs=9 cs=0 l=1 rev1=1 crypto rx=0 tx=0 comp rx=0 tx=0).stop
2024-05-21T03:53:21.080 INFO:teuthology.orchestra.run.smithi016.stdout:/usr/bin/ceph: stderr
2024-05-21T03:53:20.453+0000 7f8e63eba700 1 --2- 172.21.15.16:0/1317625040 >> [v2:172.21.15.16:3300/0,v1:172.21.15.16:6789/0] conn(0x7f8e5c109e60 0x7f8e5c1096e0 unknown :-1 s=CLOSED pgs=38 cs=0 l=1 rev1=1 crypto rx=0 tx=0 comp rx=0 tx=0).stop
2024-05-21T03:53:21.080 INFO:teuthology.orchestra.run.smithi016.stdout:/usr/bin/ceph: stderr
2024-05-21T03:53:20.453+0000 7f8e63eba700 1 -- 172.21.15.16:0/1317625040 >> 172.21.15.16:0/1317625040 conn(0x7f8e5c103890 msgr2=0x7f8e5c1043a0 unknown :-1 s=STATE_NONE l=0).mark_down
2024-05-21T03:53:21.080 INFO:teuthology.orchestra.run.smithi016.stdout:/usr/bin/ceph: stderr
2024-05-21T03:53:20.453+0000 7f8e63eba700 1 -- 172.21.15.16:0/1317625040 shutdown_connections
2024-05-21T03:53:21.080 INFO:teuthology.orchestra.run.smithi016.stdout:/usr/bin/ceph: stderr
2024-05-21T03:53:20.453+0000 7f8e63eba700 1 -- 172.21.15.16:0/1317625040 wait complete.
2024-05-21T03:53:21.733 INFO:journalctl@ceph.mon.a.smithi016.stdout:May 21 03:53:21 smithi016 ceph-mon[31962]: from='client.14132 -' entity='client.admin' cmd=[{"prefix": "cephadm generate-key", "target": ["mon-mgr", ""]}]: dispatch
2024-05-21T03:53:21.733 INFO:journalctl@ceph.mon.a.smithi016.stdout:May 21 03:53:21 smithi016 ceph-mon[31962]: Generating ssh key...
2024-05-21T03:53:21.734 INFO:journalctl@ceph.mon.a.smithi016.stdout:May 21 03:53:21 smithi016 ceph-mon[31962]: from='mgr.14116 172.21.15.16:0/3357212562' entity='mgr.x'
2024-05-21T03:53:21.734 INFO:journalctl@ceph.mon.a.smithi016.stdout:May 21 03:53:21 smithi016 ceph-mon[31962]: from='mgr.14116 172.21.15.16:0/3357212562' entity='mgr.x'
2024-05-21T03:53:22.308 INFO:teuthology.orchestra.run.smithi016.stdout:/usr/bin/ceph: stdout ssh-rsa AAAAB3NzaC1yc2EAAAADAQABAAABgQCi61bNumc47fK74vc3W/3DeGvyzBtKpQmOLrdE3DOO/r5Idu6lNQ8mYkN2osto1NS3iC1QEpzwn2oJiaiBKsamWZd6FKEPq8fL8aW8o+vhGzUixFH2DKLYWAG8jWssfI8JDFDV7rgVPYQ5o+sgcgdfNj/6ej0NL1E174MtSuYjQjR7KAfNlWgq1EY7i2p6JfGL06T5ELlSVcsRoR8dc7HWc9kann9h349wzXwh9Soor5300J1BAyoZX1xlU9XOX/7//heXofhKigeLk1fFwJ1mwAX56bts+qnQLquPLLnY1xHrBzNBNbtVGjGVWImV1s/UsSgAKlurK7CZtKCLxN8MufM2ZJt8D4nsFYMWKNUnyJNQBKyjibB/EjJtwqOFqyEMv3ALCYwf/9HJdbBIsDhIm/kJ/w0n4pznlzOz/ufpaCRSkPmED6RRdIrSQ5y9JLffp/hOIqcVUwGyUd8hyiRHJexDdqHUPD3lklgc3z8EF2sUpiDY33AfPMriUFB1mxM= ceph-79980e44-1725-11ef-bc9a-c7b262605968
2024-05-21T03:53:22.308 INFO:teuthology.orchestra.run.smithi016.stdout:/usr/bin/ceph: stderr
2024-05-21T03:53:21.503+0000 7fceb24c7700 1 Processor -- start
2024-05-21T03:53:22.308 INFO:teuthology.orchestra.run.smithi016.stdout:/usr/bin/ceph: stderr
2024-05-21T03:53:21.503+0000 7fceb24c7700 1 -- start start
2024-05-21T03:53:22.308 INFO:teuthology.orchestra.run.smithi016.stdout:/usr/bin/ceph: stderr
2024-05-21T03:53:21.503+0000 7fceb24c7700 1 --2- >> [v2:172.21.15.16:3300/0,v1:172.21.15.16:6789/0] conn(0x7fceac108240 0x7fceac108660 unknown :-1 s=NONE pgs=0 cs=0 l=0 rev1=0 crypto rx=0 tx=0 comp rx=0 tx=0).connect
2024-05-21T03:53:22.308 INFO:teuthology.orchestra.run.smithi016.stdout:/usr/bin/ceph: stderr
2024-05-21T03:53:21.503+0000 7fceb24c7700 1 -- --> [v2:172.21.15.16:3300/0,v1:172.21.15.16:6789/0] -- mon_getmap magic: 0 -- 0x7fceac108c30 con 0x7fceac108240
2024-05-21T03:53:22.308 INFO:teuthology.orchestra.run.smithi016.stdout:/usr/bin/ceph: stderr
2024-05-21T03:53:21.503+0000 7fceabfff700 1 --2- >> [v2:172.21.15.16:3300/0,v1:172.21.15.16:6789/0] conn(0x7fceac108240 0x7fceac108660 unknown :-1 s=BANNER_CONNECTING pgs=0 cs=0 l=0 rev1=0 crypto rx=0 tx=0 comp rx=0 tx=0)._handle_peer_banner_payload supported=3 required=0
2024-05-21T03:53:22.308 INFO:teuthology.orchestra.run.smithi016.stdout:/usr/bin/ceph: stderr
