2024-05-21T14:43:44.585+0000 7f9a5de00700 1 --2- >> [v2:172.21.15.22:3300/0,v1:172.21.15.22:6789/0] conn(0x7f9a60107dd0 0x7f9a601081e0 unknown :-1 s=BANNER_CONNECTING pgs=0 cs=0 l=0 rev1=0 crypto rx=0 tx=0 comp rx=0 tx=0)._handle_peer_banner_payload supported=3 required=0
2024-05-21T14:43:52.575 INFO:teuthology.orchestra.run.smithi022.stdout:/usr/bin/ceph: stderr
2024-05-21T14:43:44.585+0000 7f9a5de00700 1 --2- >> [v2:172.21.15.22:3300/0,v1:172.21.15.22:6789/0] conn(0x7f9a60107dd0 0x7f9a601081e0 unknown :-1 s=HELLO_CONNECTING pgs=0 cs=0 l=0 rev1=1 crypto rx=0 tx=0 comp rx=0 tx=0).handle_hello peer v2:172.21.15.22:3300/0 says I am v2:172.21.15.22:54436/0 (socket says 172.21.15.22:54436)
2024-05-21T14:43:52.576 INFO:teuthology.orchestra.run.smithi022.stdout:/usr/bin/ceph: stderr
2024-05-21T14:43:44.585+0000 7f9a5de00700 1 -- 172.21.15.22:0/357384625 learned_addr learned my addr 172.21.15.22:0/357384625 (peer_addr_for_me v2:172.21.15.22:0/0)
2024-05-21T14:43:52.576 INFO:teuthology.orchestra.run.smithi022.stdout:/usr/bin/ceph: stderr
2024-05-21T14:43:44.585+0000 7f9a5de00700 1 -- 172.21.15.22:0/357384625 --> [v2:172.21.15.22:3300/0,v1:172.21.15.22:6789/0] -- mon_subscribe({config=0+,monmap=0+}) -- 0x7f9a60108f00 con 0x7f9a60107dd0
2024-05-21T14:43:52.576 INFO:teuthology.orchestra.run.smithi022.stdout:/usr/bin/ceph: stderr
2024-05-21T14:43:44.586+0000 7f9a5de00700 1 --2- 172.21.15.22:0/357384625 >> [v2:172.21.15.22:3300/0,v1:172.21.15.22:6789/0] conn(0x7f9a60107dd0 0x7f9a601081e0 secure :-1 s=READY pgs=28 cs=0 l=1 rev1=1 crypto rx=0x7f9a500098a0 tx=0x7f9a50009bb0 comp rx=0 tx=0).ready entity=mon.0 client_cookie=8ddb9029dc3f8732 server_cookie=0 in_seq=0 out_seq=0
2024-05-21T14:43:52.576 INFO:teuthology.orchestra.run.smithi022.stdout:/usr/bin/ceph: stderr
2024-05-21T14:43:44.586+0000 7f9a5ca00700 1 -- 172.21.15.22:0/357384625 <== mon.0 v2:172.21.15.22:3300/0 1 ==== mon_map magic: 0 ==== 205+0+0 (secure 0 0 0) 0x7f9a50004160 con 0x7f9a60107dd0
2024-05-21T14:43:52.577 INFO:teuthology.orchestra.run.smithi022.stdout:/usr/bin/ceph: stderr
2024-05-21T14:43:44.586+0000 7f9a5ca00700 1 -- 172.21.15.22:0/357384625 <== mon.0 v2:172.21.15.22:3300/0 2 ==== config(29 keys) ==== 1178+0+0 (secure 0 0 0) 0x7f9a50004300 con 0x7f9a60107dd0
2024-05-21T14:43:52.577 INFO:teuthology.orchestra.run.smithi022.stdout:/usr/bin/ceph: stderr
2024-05-21T14:43:44.586+0000 7f9a5ca00700 1 -- 172.21.15.22:0/357384625 <== mon.0 v2:172.21.15.22:3300/0 3 ==== mon_map magic: 0 ==== 205+0+0 (secure 0 0 0) 0x7f9a50011cc0 con 0x7f9a60107dd0
2024-05-21T14:43:52.577 INFO:teuthology.orchestra.run.smithi022.stdout:/usr/bin/ceph: stderr
2024-05-21T14:43:44.587+0000 7f9a64e00700 1 -- 172.21.15.22:0/357384625 >> [v2:172.21.15.22:3300/0,v1:172.21.15.22:6789/0] conn(0x7f9a60107dd0 msgr2=0x7f9a601081e0 secure :-1 s=STATE_CONNECTION_ESTABLISHED l=1).mark_down
2024-05-21T14:43:52.577 INFO:teuthology.orchestra.run.smithi022.stdout:/usr/bin/ceph: stderr
2024-05-21T14:43:44.587+0000 7f9a64e00700 1 --2- 172.21.15.22:0/357384625 >> [v2:172.21.15.22:3300/0,v1:172.21.15.22:6789/0] conn(0x7f9a60107dd0 0x7f9a601081e0 secure :-1 s=READY pgs=28 cs=0 l=1 rev1=1 crypto rx=0x7f9a500098a0 tx=0x7f9a50009bb0 comp rx=0 tx=0).stop
2024-05-21T14:43:52.577 INFO:teuthology.orchestra.run.smithi022.stdout:/usr/bin/ceph: stderr
2024-05-21T14:43:44.587+0000 7f9a64e00700 1 -- 172.21.15.22:0/357384625 shutdown_connections
2024-05-21T14:43:52.578 INFO:teuthology.orchestra.run.smithi022.stdout:/usr/bin/ceph: stderr
2024-05-21T14:43:44.587+0000 7f9a64e00700 1 --2- 172.21.15.22:0/357384625 >> [v2:172.21.15.22:3300/0,v1:172.21.15.22:6789/0] conn(0x7f9a60107dd0 0x7f9a601081e0 unknown :-1 s=CLOSED pgs=28 cs=0 l=1 rev1=1 crypto rx=0 tx=0 comp rx=0 tx=0).stop
2024-05-21T14:43:52.578 INFO:teuthology.orchestra.run.smithi022.stdout:/usr/bin/ceph: stderr
2024-05-21T14:43:44.587+0000 7f9a64e00700 1 -- 172.21.15.22:0/357384625 >> 172.21.15.22:0/357384625 conn(0x7f9a601034f0 msgr2=0x7f9a60105940 unknown :-1 s=STATE_NONE l=0).mark_down
2024-05-21T14:43:52.578 INFO:teuthology.orchestra.run.smithi022.stdout:/usr/bin/ceph: stderr
2024-05-21T14:43:44.587+0000 7f9a64e00700 1 -- 172.21.15.22:0/357384625 shutdown_connections
2024-05-21T14:43:52.578 INFO:teuthology.orchestra.run.smithi022.stdout:/usr/bin/ceph: stderr
2024-05-21T14:43:44.587+0000 7f9a64e00700 1 -- 172.21.15.22:0/357384625 wait complete.
2024-05-21T14:43:52.579 INFO:teuthology.orchestra.run.smithi022.stdout:/usr/bin/ceph: stderr
2024-05-21T14:43:44.588+0000 7f9a64e00700 1 Processor -- start
2024-05-21T14:43:52.579 INFO:teuthology.orchestra.run.smithi022.stdout:/usr/bin/ceph: stderr
2024-05-21T14:43:44.589+0000 7f9a64e00700 1 -- start start
2024-05-21T14:43:52.579 INFO:teuthology.orchestra.run.smithi022.stdout:/usr/bin/ceph: stderr
2024-05-21T14:43:44.589+0000 7f9a64e00700 1 --2- >> [v2:172.21.15.22:3300/0,v1:172.21.15.22:6789/0] conn(0x7f9a60107dd0 0x7f9a6019f640 unknown :-1 s=NONE pgs=0 cs=0 l=1 rev1=0 crypto rx=0 tx=0 comp rx=0 tx=0).connect
2024-05-21T14:43:52.579 INFO:teuthology.orchestra.run.smithi022.stdout:/usr/bin/ceph: stderr
2024-05-21T14:43:44.589+0000 7f9a64e00700 1 -- --> [v2:172.21.15.22:3300/0,v1:172.21.15.22:6789/0] -- mon_getmap magic: 0 -- 0x7f9a6010c2b0 con 0x7f9a60107dd0
2024-05-21T14:43:52.579 INFO:teuthology.orchestra.run.smithi022.stdout:/usr/bin/ceph: stderr
2024-05-21T14:43:44.589+0000 7f9a5de00700 1 --2- >> [v2:172.21.15.22:3300/0,v1:172.21.15.22:6789/0] conn(0x7f9a60107dd0 0x7f9a6019f640 unknown :-1 s=BANNER_CONNECTING pgs=0 cs=0 l=1 rev1=0 crypto rx=0 tx=0 comp rx=0 tx=0)._handle_peer_banner_payload supported=3 required=0
2024-05-21T14:43:52.580 INFO:teuthology.orchestra.run.smithi022.stdout:/usr/bin/ceph: stderr
2024-05-21T14:43:44.589+0000 7f9a5de00700 1 --2- >> [v2:172.21.15.22:3300/0,v1:172.21.15.22:6789/0] conn(0x7f9a60107dd0 0x7f9a6019f640 unknown :-1 s=HELLO_CONNECTING pgs=0 cs=0 l=1 rev1=1 crypto rx=0 tx=0 comp rx=0 tx=0).handle_hello peer v2:172.21.15.22:3300/0 says I am v2:172.21.15.22:54444/0 (socket says 172.21.15.22:54444)
2024-05-21T14:43:52.580 INFO:teuthology.orchestra.run.smithi022.stdout:/usr/bin/ceph: stderr
2024-05-21T14:43:44.589+0000 7f9a5de00700 1 -- 172.21.15.22:0/2452859300 learned_addr learned my addr 172.21.15.22:0/2452859300 (peer_addr_for_me v2:172.21.15.22:0/0)
2024-05-21T14:43:52.580 INFO:teuthology.orchestra.run.smithi022.stdout:/usr/bin/ceph: stderr
2024-05-21T14:43:44.590+0000 7f9a5de00700 1 -- 172.21.15.22:0/2452859300 --> [v2:172.21.15.22:3300/0,v1:172.21.15.22:6789/0] -- mon_subscribe({config=0+,monmap=0+}) -- 0x7f9a6019fb80 con 0x7f9a60107dd0
2024-05-21T14:43:52.580 INFO:teuthology.orchestra.run.smithi022.stdout:/usr/bin/ceph: stderr
2024-05-21T14:43:44.590+0000 7f9a5de00700 1 --2- 172.21.15.22:0/2452859300 >> [v2:172.21.15.22:3300/0,v1:172.21.15.22:6789/0] conn(0x7f9a60107dd0 0x7f9a6019f640 secure :-1 s=READY pgs=29 cs=0 l=1 rev1=1 crypto rx=0x7f9a500046e0 tx=0x7f9a50011e80 comp rx=0 tx=0).ready entity=mon.0 client_cookie=0 server_cookie=0 in_seq=0 out_seq=0
2024-05-21T14:43:52.580 INFO:teuthology.orchestra.run.smithi022.stdout:/usr/bin/ceph: stderr
2024-05-21T14:43:44.590+0000 7f9a56a00700 1 -- 172.21.15.22:0/2452859300 <== mon.0 v2:172.21.15.22:3300/0 1 ==== mon_map magic: 0 ==== 205+0+0 (secure 0 0 0) 0x7f9a50003ca0 con 0x7f9a60107dd0
2024-05-21T14:43:52.581 INFO:teuthology.orchestra.run.smithi022.stdout:/usr/bin/ceph: stderr
2024-05-21T14:43:44.590+0000 7f9a56a00700 1 -- 172.21.15.22:0/2452859300 <== mon.0 v2:172.21.15.22:3300/0 2 ==== config(29 keys) ==== 1178+0+0 (secure 0 0 0) 0x7f9a50003e40 con 0x7f9a60107dd0
2024-05-21T14:43:52.581 INFO:teuthology.orchestra.run.smithi022.stdout:/usr/bin/ceph: stderr
2024-05-21T14:43:44.590+0000 7f9a56a00700 1 -- 172.21.15.22:0/2452859300 <== mon.0 v2:172.21.15.22:3300/0 3 ==== mon_map magic: 0 ==== 205+0+0 (secure 0 0 0) 0x7f9a500247c0 con 0x7f9a60107dd0
2024-05-21T14:43:52.581 INFO:teuthology.orchestra.run.smithi022.stdout:/usr/bin/ceph: stderr
2024-05-21T14:43:44.590+0000 7f9a64e00700 1 -- 172.21.15.22:0/2452859300 --> [v2:172.21.15.22:3300/0,v1:172.21.15.22:6789/0] -- mon_subscribe({mgrmap=0+}) -- 0x7f9a6019fe10 con 0x7f9a60107dd0
2024-05-21T14:43:52.581 INFO:teuthology.orchestra.run.smithi022.stdout:/usr/bin/ceph: stderr
2024-05-21T14:43:44.591+0000 7f9a64e00700 1 -- 172.21.15.22:0/2452859300 --> [v2:172.21.15.22:3300/0,v1:172.21.15.22:6789/0] -- mon_subscribe({osdmap=0}) -- 0x7f9a601a2a20 con 0x7f9a60107dd0
2024-05-21T14:43:52.582 INFO:teuthology.orchestra.run.smithi022.stdout:/usr/bin/ceph: stderr
2024-05-21T14:43:44.592+0000 7f9a56a00700 1 -- 172.21.15.22:0/2452859300 <== mon.0 v2:172.21.15.22:3300/0 4 ==== mgrmap(e 5) ==== 46287+0+0 (secure 0 0 0) 0x7f9a50022020 con 0x7f9a60107dd0
2024-05-21T14:43:52.582 INFO:teuthology.orchestra.run.smithi022.stdout:/usr/bin/ceph: stderr
2024-05-21T14:43:44.592+0000 7f9a56a00700 1 --2- 172.21.15.22:0/2452859300 >> [v2:172.21.15.22:6800/2939143049,v1:172.21.15.22:6801/2939143049] conn(0x7f9a440390a0 0x7f9a4403b5b0 unknown :-1 s=NONE pgs=0 cs=0 l=1 rev1=0 crypto rx=0 tx=0 comp rx=0 tx=0).connect
2024-05-21T14:43:52.582 INFO:teuthology.orchestra.run.smithi022.stdout:/usr/bin/ceph: stderr
2024-05-21T14:43:44.592+0000 7f9a56a00700 1 -- 172.21.15.22:0/2452859300 --> [v2:172.21.15.22:6800/2939143049,v1:172.21.15.22:6801/2939143049] -- command(tid 0: {"prefix": "get_command_descriptions"}) -- 0x7f9a4403bcc0 con 0x7f9a440390a0
2024-05-21T14:43:52.582 INFO:teuthology.orchestra.run.smithi022.stdout:/usr/bin/ceph: stderr
2024-05-21T14:43:44.592+0000 7f9a56a00700 1 -- 172.21.15.22:0/2452859300 <== mon.0 v2:172.21.15.22:3300/0 5 ==== osd_map(1..1 src has 1..1) ==== 725+0+0 (secure 0 0 0) 0x7f9a5004cc60 con 0x7f9a60107dd0
2024-05-21T14:43:52.582 INFO:teuthology.orchestra.run.smithi022.stdout:/usr/bin/ceph: stderr
2024-05-21T14:43:44.592+0000 7f9a5d400700 1 -- 172.21.15.22:0/2452859300 >> [v2:172.21.15.22:6800/2939143049,v1:172.21.15.22:6801/2939143049] conn(0x7f9a440390a0 msgr2=0x7f9a4403b5b0 unknown :-1 s=STATE_CONNECTING_RE l=1).process reconnect failed to v2:172.21.15.22:6800/2939143049
2024-05-21T14:43:52.583 INFO:teuthology.orchestra.run.smithi022.stdout:/usr/bin/ceph: stderr
2024-05-21T14:43:44.592+0000 7f9a5d400700 1 --2- 172.21.15.22:0/2452859300 >> [v2:172.21.15.22:6800/2939143049,v1:172.21.15.22:6801/2939143049] conn(0x7f9a440390a0 0x7f9a4403b5b0 unknown :-1 s=START_CONNECT pgs=0 cs=0 l=1 rev1=0 crypto rx=0 tx=0 comp rx=0 tx=0)._fault waiting 0.200000
2024-05-21T14:43:52.583 INFO:teuthology.orchestra.run.smithi022.stdout:/usr/bin/ceph: stderr
2024-05-21T14:43:44.793+0000 7f9a5d400700 1 -- 172.21.15.22:0/2452859300 >> [v2:172.21.15.22:6800/2939143049,v1:172.21.15.22:6801/2939143049] conn(0x7f9a440390a0 msgr2=0x7f9a4403b5b0 unknown :-1 s=STATE_CONNECTING_RE l=1).process reconnect failed to v2:172.21.15.22:6800/2939143049
2024-05-21T14:43:52.583 INFO:teuthology.orchestra.run.smithi022.stdout:/usr/bin/ceph: stderr
2024-05-21T14:43:44.793+0000 7f9a5d400700 1 --2- 172.21.15.22:0/2452859300 >> [v2:172.21.15.22:6800/2939143049,v1:172.21.15.22:6801/2939143049] conn(0x7f9a440390a0 0x7f9a4403b5b0 unknown :-1 s=START_CONNECT pgs=0 cs=0 l=1 rev1=0 crypto rx=0 tx=0 comp rx=0 tx=0)._fault waiting 0.400000
2024-05-21T14:43:52.583 INFO:teuthology.orchestra.run.smithi022.stdout:/usr/bin/ceph: stderr
2024-05-21T14:43:45.194+0000 7f9a5d400700 1 -- 172.21.15.22:0/2452859300 >> [v2:172.21.15.22:6800/2939143049,v1:172.21.15.22:6801/2939143049] conn(0x7f9a440390a0 msgr2=0x7f9a4403b5b0 unknown :-1 s=STATE_CONNECTING_RE l=1).process reconnect failed to v2:172.21.15.22:6800/2939143049
2024-05-21T14:43:52.584 INFO:teuthology.orchestra.run.smithi022.stdout:/usr/bin/ceph: stderr
2024-05-21T14:43:45.194+0000 7f9a5d400700 1 --2- 172.21.15.22:0/2452859300 >> [v2:172.21.15.22:6800/2939143049,v1:172.21.15.22:6801/2939143049] conn(0x7f9a440390a0 0x7f9a4403b5b0 unknown :-1 s=START_CONNECT pgs=0 cs=0 l=1 rev1=0 crypto rx=0 tx=0 comp rx=0 tx=0)._fault waiting 0.800000
2024-05-21T14:43:52.584 INFO:teuthology.orchestra.run.smithi022.stdout:/usr/bin/ceph: stderr
2024-05-21T14:43:45.995+0000 7f9a5d400700 1 -- 172.21.15.22:0/2452859300 >> [v2:172.21.15.22:6800/2939143049,v1:172.21.15.22:6801/2939143049] conn(0x7f9a440390a0 msgr2=0x7f9a4403b5b0 unknown :-1 s=STATE_CONNECTING_RE l=1).process reconnect failed to v2:172.21.15.22:6800/2939143049
2024-05-21T14:43:52.584 INFO:teuthology.orchestra.run.smithi022.stdout:/usr/bin/ceph: stderr
2024-05-21T14:43:45.995+0000 7f9a5d400700 1 --2- 172.21.15.22:0/2452859300 >> [v2:172.21.15.22:6800/2939143049,v1:172.21.15.22:6801/2939143049] conn(0x7f9a440390a0 0x7f9a4403b5b0 unknown :-1 s=START_CONNECT pgs=0 cs=0 l=1 rev1=0 crypto rx=0 tx=0 comp rx=0 tx=0)._fault waiting 1.600000
2024-05-21T14:43:52.584 INFO:teuthology.orchestra.run.smithi022.stdout:/usr/bin/ceph: stderr
2024-05-21T14:43:47.597+0000 7f9a5d400700 1 -- 172.21.15.22:0/2452859300 >> [v2:172.21.15.22:6800/2939143049,v1:172.21.15.22:6801/2939143049] conn(0x7f9a440390a0 msgr2=0x7f9a4403b5b0 unknown :-1 s=STATE_CONNECTING_RE l=1).process reconnect failed to v2:172.21.15.22:6800/2939143049
2024-05-21T14:43:52.584 INFO:teuthology.orchestra.run.smithi022.stdout:/usr/bin/ceph: stderr
2024-05-21T14:43:47.597+0000 7f9a5d400700 1 --2- 172.21.15.22:0/2452859300 >> [v2:172.21.15.22:6800/2939143049,v1:172.21.15.22:6801/2939143049] conn(0x7f9a440390a0 0x7f9a4403b5b0 unknown :-1 s=START_CONNECT pgs=0 cs=0 l=1 rev1=0 crypto rx=0 tx=0 comp rx=0 tx=0)._fault waiting 3.200000
2024-05-21T14:43:52.585 INFO:teuthology.orchestra.run.smithi022.stdout:/usr/bin/ceph: stderr
2024-05-21T14:43:50.781+0000 7f9a56a00700 1 -- 172.21.15.22:0/2452859300 <== mon.0 v2:172.21.15.22:3300/0 6 ==== mgrmap(e 6) ==== 46054+0+0 (secure 0 0 0) 0x7f9a5002d3f0 con 0x7f9a60107dd0
2024-05-21T14:43:52.585 INFO:teuthology.orchestra.run.smithi022.stdout:/usr/bin/ceph: stderr
2024-05-21T14:43:50.781+0000 7f9a56a00700 1 -- 172.21.15.22:0/2452859300 >> [v2:172.21.15.22:6800/2939143049,v1:172.21.15.22:6801/2939143049] conn(0x7f9a440390a0 msgr2=0x7f9a4403b5b0 unknown :-1 s=STATE_CONNECTING l=1).mark_down
2024-05-21T14:43:52.585 INFO:teuthology.orchestra.run.smithi022.stdout:/usr/bin/ceph: stderr
2024-05-21T14:43:50.781+0000 7f9a56a00700 1 --2- 172.21.15.22:0/2452859300 >> [v2:172.21.15.22:6800/2939143049,v1:172.21.15.22:6801/2939143049] conn(0x7f9a440390a0 0x7f9a4403b5b0 unknown :-1 s=START_CONNECT pgs=0 cs=0 l=1 rev1=0 crypto rx=0 tx=0 comp rx=0 tx=0).stop
2024-05-21T14:43:52.585 INFO:teuthology.orchestra.run.smithi022.stdout:/usr/bin/ceph: stderr
2024-05-21T14:43:51.783+0000 7f9a56a00700 1 -- 172.21.15.22:0/2452859300 <== mon.0 v2:172.21.15.22:3300/0 7 ==== mgrmap(e 7) ==== 46181+0+0 (secure 0 0 0) 0x7f9a5004e770 con 0x7f9a60107dd0
2024-05-21T14:43:52.585 INFO:teuthology.orchestra.run.smithi022.stdout:/usr/bin/ceph: stderr
2024-05-21T14:43:51.783+0000 7f9a56a00700 1 --2- 172.21.15.22:0/2452859300 >> [v2:172.21.15.22:6800/2092291252,v1:172.21.15.22:6801/2092291252] conn(0x7f9a4403ca20 0x7f9a4403ee40 unknown :-1 s=NONE pgs=0 cs=0 l=1 rev1=0 crypto rx=0 tx=0 comp rx=0 tx=0).connect
2024-05-21T14:43:52.586 INFO:teuthology.orchestra.run.smithi022.stdout:/usr/bin/ceph: stderr
2024-05-21T14:43:51.783+0000 7f9a56a00700 1 -- 172.21.15.22:0/2452859300 --> [v2:172.21.15.22:6800/2092291252,v1:172.21.15.22:6801/2092291252] -- command(tid 0: {"prefix": "get_command_descriptions"}) -- 0x7f9a50012ea0 con 0x7f9a4403ca20
2024-05-21T14:43:52.586 INFO:teuthology.orchestra.run.smithi022.stdout:/usr/bin/ceph: stderr
2024-05-21T14:43:51.785+0000 7f9a5d400700 1 --2- 172.21.15.22:0/2452859300 >> [v2:172.21.15.22:6800/2092291252,v1:172.21.15.22:6801/2092291252] conn(0x7f9a4403ca20 0x7f9a4403ee40 unknown :-1 s=BANNER_CONNECTING pgs=0 cs=0 l=1 rev1=0 crypto rx=0 tx=0 comp rx=0 tx=0)._handle_peer_banner_payload supported=3 required=0
2024-05-21T14:43:52.586 INFO:teuthology.orchestra.run.smithi022.stdout:/usr/bin/ceph: stderr
2024-05-21T14:43:51.788+0000 7f9a5d400700 1 --2- 172.21.15.22:0/2452859300 >> [v2:172.21.15.22:6800/2092291252,v1:172.21.15.22:6801/2092291252] conn(0x7f9a4403ca20 0x7f9a4403ee40 secure :-1 s=READY pgs=1 cs=0 l=1 rev1=1 crypto rx=0x7f9a4c003a10 tx=0x7f9a4c0092b0 comp rx=0 tx=0).ready entity=mgr.14120 client_cookie=0 server_cookie=0 in_seq=0 out_seq=0
2024-05-21T14:43:52.586 INFO:teuthology.orchestra.run.smithi022.stdout:/usr/bin/ceph: stderr
2024-05-21T14:43:51.789+0000 7f9a56a00700 1 -- 172.21.15.22:0/2452859300 <== mgr.14120 v2:172.21.15.22:6800/2092291252 1 ==== command_reply(tid 0: 0 ) ==== 8+0+7774 (secure 0 0 0) 0x7f9a50012ea0 con 0x7f9a4403ca20
2024-05-21T14:43:52.587 INFO:teuthology.orchestra.run.smithi022.stdout:/usr/bin/ceph: stderr
2024-05-21T14:43:51.803+0000 7f9a64e00700 1 -- 172.21.15.22:0/2452859300 --> [v2:172.21.15.22:6800/2092291252,v1:172.21.15.22:6801/2092291252] -- command(tid 1: {"prefix": "mgr_status"}) -- 0x7f9a60063ca0 con 0x7f9a4403ca20
2024-05-21T14:43:52.587 INFO:teuthology.orchestra.run.smithi022.stdout:/usr/bin/ceph: stderr
2024-05-21T14:43:51.804+0000 7f9a56a00700 1 -- 172.21.15.22:0/2452859300 <== mgr.14120 v2:172.21.15.22:6800/2092291252 2 ==== command_reply(tid 1: 0 ) ==== 8+0+51 (secure 0 0 0) 0x7f9a60063ca0 con 0x7f9a4403ca20
2024-05-21T14:43:52.587 INFO:teuthology.orchestra.run.smithi022.stdout:/usr/bin/ceph: stderr
2024-05-21T14:43:51.805+0000 7f9a64e00700 1 -- 172.21.15.22:0/2452859300 >> [v2:172.21.15.22:6800/2092291252,v1:172.21.15.22:6801/2092291252] conn(0x7f9a4403ca20 msgr2=0x7f9a4403ee40 secure :-1 s=STATE_CONNECTION_ESTABLISHED l=1).mark_down
2024-05-21T14:43:52.587 INFO:teuthology.orchestra.run.smithi022.stdout:/usr/bin/ceph: stderr
2024-05-21T14:43:51.805+0000 7f9a64e00700 1 --2- 172.21.15.22:0/2452859300 >> [v2:172.21.15.22:6800/2092291252,v1:172.21.15.22:6801/2092291252] conn(0x7f9a4403ca20 0x7f9a4403ee40 secure :-1 s=READY pgs=1 cs=0 l=1 rev1=1 crypto rx=0x7f9a4c003a10 tx=0x7f9a4c0092b0 comp rx=0 tx=0).stop
2024-05-21T14:43:52.587 INFO:teuthology.orchestra.run.smithi022.stdout:/usr/bin/ceph: stderr
2024-05-21T14:43:51.805+0000 7f9a64e00700 1 -- 172.21.15.22:0/2452859300 >> [v2:172.21.15.22:3300/0,v1:172.21.15.22:6789/0] conn(0x7f9a60107dd0 msgr2=0x7f9a6019f640 secure :-1 s=STATE_CONNECTION_ESTABLISHED l=1).mark_down
2024-05-21T14:43:52.588 INFO:teuthology.orchestra.run.smithi022.stdout:/usr/bin/ceph: stderr
2024-05-21T14:43:51.805+0000 7f9a64e00700 1 --2- 172.21.15.22:0/2452859300 >> [v2:172.21.15.22:3300/0,v1:172.21.15.22:6789/0] conn(0x7f9a60107dd0 0x7f9a6019f640 secure :-1 s=READY pgs=29 cs=0 l=1 rev1=1 crypto rx=0x7f9a500046e0 tx=0x7f9a50011e80 comp rx=0 tx=0).stop
2024-05-21T14:43:52.588 INFO:teuthology.orchestra.run.smithi022.stdout:/usr/bin/ceph: stderr
2024-05-21T14:43:51.805+0000 7f9a64e00700 1 -- 172.21.15.22:0/2452859300 shutdown_connections
2024-05-21T14:43:52.588 INFO:teuthology.orchestra.run.smithi022.stdout:/usr/bin/ceph: stderr
2024-05-21T14:43:51.805+0000 7f9a64e00700 1 --2- 172.21.15.22:0/2452859300 >> [v2:172.21.15.22:6800/2092291252,v1:172.21.15.22:6801/2092291252] conn(0x7f9a4403ca20 0x7f9a4403ee40 unknown :-1 s=CLOSED pgs=1 cs=0 l=1 rev1=1 crypto rx=0 tx=0 comp rx=0 tx=0).stop
2024-05-21T14:43:52.588 INFO:teuthology.orchestra.run.smithi022.stdout:/usr/bin/ceph: stderr
2024-05-21T14:43:51.805+0000 7f9a64e00700 1 --2- 172.21.15.22:0/2452859300 >> [v2:172.21.15.22:3300/0,v1:172.21.15.22:6789/0] conn(0x7f9a60107dd0 0x7f9a6019f640 unknown :-1 s=CLOSED pgs=29 cs=0 l=1 rev1=1 crypto rx=0 tx=0 comp rx=0 tx=0).stop
2024-05-21T14:43:52.588 INFO:teuthology.orchestra.run.smithi022.stdout:/usr/bin/ceph: stderr
2024-05-21T14:43:51.805+0000 7f9a64e00700 1 --2- 172.21.15.22:0/2452859300 >> [v2:172.21.15.22:6800/2939143049,v1:172.21.15.22:6801/2939143049] conn(0x7f9a440390a0 0x7f9a4403b5b0 unknown :-1 s=CLOSED pgs=0 cs=0 l=1 rev1=0 crypto rx=0 tx=0 comp rx=0 tx=0).stop
2024-05-21T14:43:52.588 INFO:teuthology.orchestra.run.smithi022.stdout:/usr/bin/ceph: stderr
2024-05-21T14:43:51.805+0000 7f9a64e00700 1 -- 172.21.15.22:0/2452859300 >> 172.21.15.22:0/2452859300 conn(0x7f9a601034f0 msgr2=0x7f9a601050c0 unknown :-1 s=STATE_NONE l=0).mark_down
2024-05-21T14:43:52.589 INFO:teuthology.orchestra.run.smithi022.stdout:/usr/bin/ceph: stderr
2024-05-21T14:43:51.805+0000 7f9a64e00700 1 -- 172.21.15.22:0/2452859300 shutdown_connections
2024-05-21T14:43:52.589 INFO:teuthology.orchestra.run.smithi022.stdout:/usr/bin/ceph: stderr
2024-05-21T14:43:51.805+0000 7f9a64e00700 1 -- 172.21.15.22:0/2452859300 wait complete.
2024-05-21T14:43:52.589 INFO:teuthology.orchestra.run.smithi022.stdout:mgr epoch 5 is available
2024-05-21T14:43:52.589 INFO:teuthology.orchestra.run.smithi022.stdout:Setting orchestrator backend to cephadm...
2024-05-21T14:43:53.099 INFO:journalctl@ceph.mon.a.smithi022.stdout:May 21 14:43:52 smithi022 ceph-mon[31774]: from='client.14124 -' entity='client.admin' cmd=[{"prefix": "get_command_descriptions"}]: dispatch
2024-05-21T14:43:53.099 INFO:journalctl@ceph.mon.a.smithi022.stdout:May 21 14:43:52 smithi022 ceph-mon[31774]: from='client.14124 -' entity='client.admin' cmd=[{"prefix": "mgr_status"}]: dispatch
2024-05-21T14:43:53.099 INFO:journalctl@ceph.mon.a.smithi022.stdout:May 21 14:43:52 smithi022 ceph-mon[31774]: [21/May/2024:14:43:51] ENGINE Bus STARTING
2024-05-21T14:43:53.099 INFO:journalctl@ceph.mon.a.smithi022.stdout:May 21 14:43:52 smithi022 ceph-mon[31774]: [21/May/2024:14:43:52] ENGINE Serving on https://172.21.15.22:7150
2024-05-21T14:43:53.099 INFO:journalctl@ceph.mon.a.smithi022.stdout:May 21 14:43:52 smithi022 ceph-mon[31774]: [21/May/2024:14:43:52] ENGINE Serving on http://172.21.15.22:8765
2024-05-21T14:43:53.099 INFO:journalctl@ceph.mon.a.smithi022.stdout:May 21 14:43:52 smithi022 ceph-mon[31774]: [21/May/2024:14:43:52] ENGINE Bus STARTED
2024-05-21T14:43:53.099 INFO:journalctl@ceph.mon.a.smithi022.stdout:May 21 14:43:52 smithi022 ceph-mon[31774]: from='mgr.14120 172.21.15.22:0/1076724148' entity='mgr.x' cmd=[{"prefix": "config dump", "format": "json"}]: dispatch
2024-05-21T14:43:54.181 INFO:journalctl@ceph.mon.a.smithi022.stdout:May 21 14:43:53 smithi022 ceph-mon[31774]: mgrmap e8: x(active, since 2s)
2024-05-21T14:43:54.181 INFO:journalctl@ceph.mon.a.smithi022.stdout:May 21 14:43:53 smithi022 ceph-mon[31774]: from='client.14132 -' entity='client.admin' cmd=[{"prefix": "orch set backend", "module_name": "cephadm", "target": ["mon-mgr", ""]}]: dispatch
2024-05-21T14:43:54.181 INFO:journalctl@ceph.mon.a.smithi022.stdout:May 21 14:43:53 smithi022 ceph-mon[31774]: from='mgr.14120 172.21.15.22:0/1076724148' entity='mgr.x'
2024-05-21T14:43:54.181 INFO:journalctl@ceph.mon.a.smithi022.stdout:May 21 14:43:53 smithi022 ceph-mon[31774]: from='mgr.14120 172.21.15.22:0/1076724148' entity='mgr.x' cmd=[{"prefix": "config dump", "format": "json"}]: dispatch
2024-05-21T14:43:54.392 INFO:teuthology.orchestra.run.smithi022.stdout:/usr/bin/ceph: stderr
2024-05-21T14:43:53.325+0000 7fb7b1200700 1 Processor -- start
2024-05-21T14:43:54.393 INFO:teuthology.orchestra.run.smithi022.stdout:/usr/bin/ceph: stderr
2024-05-21T14:43:53.325+0000 7fb7b1200700 1 -- start start
2024-05-21T14:43:54.393 INFO:teuthology.orchestra.run.smithi022.stdout:/usr/bin/ceph: stderr
2024-05-21T14:43:53.325+0000 7fb7b1200700 1 --2- >> [v2:172.21.15.22:3300/0,v1:172.21.15.22:6789/0] conn(0x7fb7ac108de0 0x7fb7ac1091f0 unknown :-1 s=NONE pgs=0 cs=0 l=0 rev1=0 crypto rx=0 tx=0 comp rx=0 tx=0).connect
2024-05-21T14:43:54.393 INFO:teuthology.orchestra.run.smithi022.stdout:/usr/bin/ceph: stderr
2024-05-21T14:43:53.325+0000 7fb7b1200700 1 -- --> [v2:172.21.15.22:3300/0,v1:172.21.15.22:6789/0] -- mon_getmap magic: 0 -- 0x7fb7ac109800 con 0x7fb7ac108de0
2024-05-21T14:43:54.393 INFO:teuthology.orchestra.run.smithi022.stdout:/usr/bin/ceph: stderr
2024-05-21T14:43:53.326+0000 7fb7a9e00700 1 --2- >> [v2:172.21.15.22:3300/0,v1:172.21.15.22:6789/0] conn(0x7fb7ac108de0 0x7fb7ac1091f0 unknown :-1 s=BANNER_CONNECTING pgs=0 cs=0 l=0 rev1=0 crypto rx=0 tx=0 comp rx=0 tx=0)._handle_peer_banner_payload supported=3 required=0
2024-05-21T14:43:54.393 INFO:teuthology.orchestra.run.smithi022.stdout:/usr/bin/ceph: stderr
2024-05-21T14:43:53.326+0000 7fb7a9e00700 1 --2- >> [v2:172.21.15.22:3300/0,v1:172.21.15.22:6789/0] conn(0x7fb7ac108de0 0x7fb7ac1091f0 unknown :-1 s=HELLO_CONNECTING pgs=0 cs=0 l=0 rev1=1 crypto rx=0 tx=0 comp rx=0 tx=0).handle_hello peer v2:172.21.15.22:3300/0 says I am v2:172.21.15.22:33450/0 (socket says 172.21.15.22:33450)
2024-05-21T14:43:54.394 INFO:teuthology.orchestra.run.smithi022.stdout:/usr/bin/ceph: stderr
2024-05-21T14:43:53.326+0000 7fb7a9e00700 1 -- 172.21.15.22:0/3622000268 learned_addr learned my addr 172.21.15.22:0/3622000268 (peer_addr_for_me v2:172.21.15.22:0/0)
2024-05-21T14:43:54.394 INFO:teuthology.orchestra.run.smithi022.stdout:/usr/bin/ceph: stderr
2024-05-21T14:43:53.327+0000 7fb7a9e00700 1 -- 172.21.15.22:0/3622000268 --> [v2:172.21.15.22:3300/0,v1:172.21.15.22:6789/0] -- mon_subscribe({config=0+,monmap=0+}) -- 0x7fb7ac109fc0 con 0x7fb7ac108de0
2024-05-21T14:43:54.394 INFO:teuthology.orchestra.run.smithi022.stdout:/usr/bin/ceph: stderr
2024-05-21T14:43:53.327+0000 7fb7a9e00700 1 --2- 172.21.15.22:0/3622000268 >> [v2:172.21.15.22:3300/0,v1:172.21.15.22:6789/0] conn(0x7fb7ac108de0 0x7fb7ac1091f0 secure :-1 s=READY pgs=37 cs=0 l=1 rev1=1 crypto rx=0x7fb79c0098a0 tx=0x7fb79c009bb0 comp rx=0 tx=0).ready entity=mon.0 client_cookie=c1966f1af05a0438 server_cookie=0 in_seq=0 out_seq=0
2024-05-21T14:43:54.394 INFO:teuthology.orchestra.run.smithi022.stdout:/usr/bin/ceph: stderr
2024-05-21T14:43:53.327+0000 7fb7a8a00700 1 -- 172.21.15.22:0/3622000268 <== mon.0 v2:172.21.15.22:3300/0 1 ==== mon_map magic: 0 ==== 205+0+0 (secure 0 0 0) 0x7fb79c004160 con 0x7fb7ac108de0
2024-05-21T14:43:54.394 INFO:teuthology.orchestra.run.smithi022.stdout:/usr/bin/ceph: stderr
2024-05-21T14:43:53.327+0000 7fb7a8a00700 1 -- 172.21.15.22:0/3622000268 <== mon.0 v2:172.21.15.22:3300/0 2 ==== config(29 keys) ==== 1178+0+0 (secure 0 0 0) 0x7fb79c004300 con 0x7fb7ac108de0
2024-05-21T14:43:54.398 INFO:teuthology.orchestra.run.smithi022.stdout:/usr/bin/ceph: stderr
2024-05-21T14:43:53.327+0000 7fb7a8a00700 1 -- 172.21.15.22:0/3622000268 <== mon.0 v2:172.21.15.22:3300/0 3 ==== mon_map magic: 0 ==== 205+0+0 (secure 0 0 0) 0x7fb79c011cc0 con 0x7fb7ac108de0
2024-05-21T14:43:54.398 INFO:teuthology.orchestra.run.smithi022.stdout:/usr/bin/ceph: stderr
2024-05-21T14:43:53.328+0000 7fb7b1200700 1 -- 172.21.15.22:0/3622000268 >> [v2:172.21.15.22:3300/0,v1:172.21.15.22:6789/0] conn(0x7fb7ac108de0 msgr2=0x7fb7ac1091f0 secure :-1 s=STATE_CONNECTION_ESTABLISHED l=1).mark_down
2024-05-21T14:43:54.398 INFO:teuthology.orchestra.run.smithi022.stdout:/usr/bin/ceph: stderr
2024-05-21T14:43:53.328+0000 7fb7b1200700 1 --2- 172.21.15.22:0/3622000268 >> [v2:172.21.15.22:3300/0,v1:172.21.15.22:6789/0] conn(0x7fb7ac108de0 0x7fb7ac1091f0 secure :-1 s=READY pgs=37 cs=0 l=1 rev1=1 crypto rx=0x7fb79c0098a0 tx=0x7fb79c009bb0 comp rx=0 tx=0).stop
2024-05-21T14:43:54.398 INFO:teuthology.orchestra.run.smithi022.stdout:/usr/bin/ceph: stderr
2024-05-21T14:43:53.328+0000 7fb7b1200700 1 -- 172.21.15.22:0/3622000268 shutdown_connections
2024-05-21T14:43:54.398 INFO:teuthology.orchestra.run.smithi022.stdout:/usr/bin/ceph: stderr
2024-05-21T14:43:53.328+0000 7fb7b1200700 1 --2- 172.21.15.22:0/3622000268 >> [v2:172.21.15.22:3300/0,v1:172.21.15.22:6789/0] conn(0x7fb7ac108de0 0x7fb7ac1091f0 unknown :-1 s=CLOSED pgs=37 cs=0 l=1 rev1=1 crypto rx=0 tx=0 comp rx=0 tx=0).stop
2024-05-21T14:43:54.398 INFO:teuthology.orchestra.run.smithi022.stdout:/usr/bin/ceph: stderr
2024-05-21T14:43:53.328+0000 7fb7b1200700 1 -- 172.21.15.22:0/3622000268 >> 172.21.15.22:0/3622000268 conn(0x7fb7ac104550 msgr2=0x7fb7ac1069e0 unknown :-1 s=STATE_NONE l=0).mark_down
2024-05-21T14:43:54.398 INFO:teuthology.orchestra.run.smithi022.stdout:/usr/bin/ceph: stderr
2024-05-21T14:43:53.328+0000 7fb7b1200700 1 -- 172.21.15.22:0/3622000268 shutdown_connections
2024-05-21T14:43:54.398 INFO:teuthology.orchestra.run.smithi022.stdout:/usr/bin/ceph: stderr
2024-05-21T14:43:53.328+0000 7fb7b1200700 1 -- 172.21.15.22:0/3622000268 wait complete.
2024-05-21T14:43:54.398 INFO:teuthology.orchestra.run.smithi022.stdout:/usr/bin/ceph: stderr
2024-05-21T14:43:53.330+0000 7fb7b1200700 1 Processor -- start
2024-05-21T14:43:54.398 INFO:teuthology.orchestra.run.smithi022.stdout:/usr/bin/ceph: stderr
2024-05-21T14:43:53.330+0000 7fb7b1200700 1 -- start start
2024-05-21T14:43:54.399 INFO:teuthology.orchestra.run.smithi022.stdout:/usr/bin/ceph: stderr
2024-05-21T14:43:53.330+0000 7fb7b1200700 1 --2- >> [v2:172.21.15.22:3300/0,v1:172.21.15.22:6789/0] conn(0x7fb7ac108de0 0x7fb7ac07da80 unknown :-1 s=NONE pgs=0 cs=0 l=1 rev1=0 crypto rx=0 tx=0 comp rx=0 tx=0).connect
2024-05-21T14:43:54.399 INFO:teuthology.orchestra.run.smithi022.stdout:/usr/bin/ceph: stderr
2024-05-21T14:43:53.330+0000 7fb7b1200700 1 -- --> [v2:172.21.15.22:3300/0,v1:172.21.15.22:6789/0] -- mon_getmap magic: 0 -- 0x7fb7ac10d400 con 0x7fb7ac108de0
2024-05-21T14:43:54.399 INFO:teuthology.orchestra.run.smithi022.stdout:/usr/bin/ceph: stderr
2024-05-21T14:43:53.330+0000 7fb7a9e00700 1 --2- >> [v2:172.21.15.22:3300/0,v1:172.21.15.22:6789/0] conn(0x7fb7ac108de0 0x7fb7ac07da80 unknown :-1 s=BANNER_CONNECTING pgs=0 cs=0 l=1 rev1=0 crypto rx=0 tx=0 comp rx=0 tx=0)._handle_peer_banner_payload supported=3 required=0
2024-05-21T14:43:54.399 INFO:teuthology.orchestra.run.smithi022.stdout:/usr/bin/ceph: stderr
2024-05-21T14:43:53.330+0000 7fb7a9e00700 1 --2- >> [v2:172.21.15.22:3300/0,v1:172.21.15.22:6789/0] conn(0x7fb7ac108de0 0x7fb7ac07da80 unknown :-1 s=HELLO_CONNECTING pgs=0 cs=0 l=1 rev1=1 crypto rx=0 tx=0 comp rx=0 tx=0).handle_hello peer v2:172.21.15.22:3300/0 says I am v2:172.21.15.22:33466/0 (socket says 172.21.15.22:33466)
2024-05-21T14:43:54.399 INFO:teuthology.orchestra.run.smithi022.stdout:/usr/bin/ceph: stderr
2024-05-21T14:43:53.330+0000 7fb7a9e00700 1 -- 172.21.15.22:0/3644253956 learned_addr learned my addr 172.21.15.22:0/3644253956 (peer_addr_for_me v2:172.21.15.22:0/0)
2024-05-21T14:43:54.399 INFO:teuthology.orchestra.run.smithi022.stdout:/usr/bin/ceph: stderr
2024-05-21T14:43:53.331+0000 7fb7a9e00700 1 -- 172.21.15.22:0/3644253956 --> [v2:172.21.15.22:3300/0,v1:172.21.15.22:6789/0] -- mon_subscribe({config=0+,monmap=0+}) -- 0x7fb7ac07dfc0 con 0x7fb7ac108de0
2024-05-21T14:43:54.399 INFO:teuthology.orchestra.run.smithi022.stdout:/usr/bin/ceph: stderr
2024-05-21T14:43:53.331+0000 7fb7a9e00700 1 --2- 172.21.15.22:0/3644253956 >> [v2:172.21.15.22:3300/0,v1:172.21.15.22:6789/0] conn(0x7fb7ac108de0 0x7fb7ac07da80 secure :-1 s=READY pgs=38 cs=0 l=1 rev1=1 crypto rx=0x7fb79c009fb0 tx=0x7fb79c003980 comp rx=0 tx=0).ready entity=mon.0 client_cookie=0 server_cookie=0 in_seq=0 out_seq=0
2024-05-21T14:43:54.399 INFO:teuthology.orchestra.run.smithi022.stdout:/usr/bin/ceph: stderr
2024-05-21T14:43:53.332+0000 7fb7a2a00700 1 -- 172.21.15.22:0/3644253956 <== mon.0 v2:172.21.15.22:3300/0 1 ==== mon_map magic: 0 ==== 205+0+0 (secure 0 0 0) 0x7fb79c011dd0 con 0x7fb7ac108de0
2024-05-21T14:43:54.399 INFO:teuthology.orchestra.run.smithi022.stdout:/usr/bin/ceph: stderr
2024-05-21T14:43:53.332+0000 7fb7a2a00700 1 -- 172.21.15.22:0/3644253956 <== mon.0 v2:172.21.15.22:3300/0 2 ==== config(29 keys) ==== 1178+0+0 (secure 0 0 0) 0x7fb79c024440 con 0x7fb7ac108de0
2024-05-21T14:43:54.399 INFO:teuthology.orchestra.run.smithi022.stdout:/usr/bin/ceph: stderr
2024-05-21T14:43:53.332+0000 7fb7b1200700 1 -- 172.21.15.22:0/3644253956 --> [v2:172.21.15.22:3300/0,v1:172.21.15.22:6789/0] -- mon_subscribe({mgrmap=0+}) -- 0x7fb7ac07c210 con 0x7fb7ac108de0
2024-05-21T14:43:54.399 INFO:teuthology.orchestra.run.smithi022.stdout:/usr/bin/ceph: stderr
2024-05-21T14:43:53.332+0000 7fb7a2a00700 1 -- 172.21.15.22:0/3644253956 <== mon.0 v2:172.21.15.22:3300/0 3 ==== mon_map magic: 0 ==== 205+0+0 (secure 0 0 0) 0x7fb79c01a5c0 con 0x7fb7ac108de0
2024-05-21T14:43:54.399 INFO:teuthology.orchestra.run.smithi022.stdout:/usr/bin/ceph: stderr
2024-05-21T14:43:53.332+0000 7fb7b1200700 1 -- 172.21.15.22:0/3644253956 --> [v2:172.21.15.22:3300/0,v1:172.21.15.22:6789/0] -- mon_subscribe({osdmap=0}) -- 0x7fb7ac07c6f0 con 0x7fb7ac108de0
2024-05-21T14:43:54.399 INFO:teuthology.orchestra.run.smithi022.stdout:/usr/bin/ceph: stderr
2024-05-21T14:43:53.333+0000 7fb7a2a00700 1 -- 172.21.15.22:0/3644253956 <== mon.0 v2:172.21.15.22:3300/0 4 ==== mgrmap(e 8) ==== 46287+0+0 (secure 0 0 0) 0x7fb79c003d70 con 0x7fb7ac108de0
2024-05-21T14:43:54.399 INFO:teuthology.orchestra.run.smithi022.stdout:/usr/bin/ceph: stderr
2024-05-21T14:43:53.333+0000 7fb7b1200700 1 -- 172.21.15.22:0/3644253956 --> [v2:172.21.15.22:3300/0,v1:172.21.15.22:6789/0] -- mon_command({"prefix": "get_command_descriptions"} v 0) -- 0x7fb7ac063ca0 con 0x7fb7ac108de0
2024-05-21T14:43:54.400 INFO:teuthology.orchestra.run.smithi022.stdout:/usr/bin/ceph: stderr
2024-05-21T14:43:53.334+0000 7fb7a2a00700 1 --2- 172.21.15.22:0/3644253956 >> [v2:172.21.15.22:6800/2092291252,v1:172.21.15.22:6801/2092291252] conn(0x7fb790039000 0x7fb79003b510 unknown :-1 s=NONE pgs=0 cs=0 l=1 rev1=0 crypto rx=0 tx=0 comp rx=0 tx=0).connect
2024-05-21T14:43:54.400 INFO:teuthology.orchestra.run.smithi022.stdout:/usr/bin/ceph: stderr
2024-05-21T14:43:53.334+0000 7fb7a2a00700 1 -- 172.21.15.22:0/3644253956 <== mon.0 v2:172.21.15.22:3300/0 5 ==== osd_map(2..2 src has 1..2) ==== 940+0+0 (secure 0 0 0) 0x7fb79c04d2b0 con 0x7fb7ac108de0
2024-05-21T14:43:54.400 INFO:teuthology.orchestra.run.smithi022.stdout:/usr/bin/ceph: stderr
2024-05-21T14:43:53.334+0000 7fb7a9400700 1 --2- 172.21.15.22:0/3644253956 >> [v2:172.21.15.22:6800/2092291252,v1:172.21.15.22:6801/2092291252] conn(0x7fb790039000 0x7fb79003b510 unknown :-1 s=BANNER_CONNECTING pgs=0 cs=0 l=1 rev1=0 crypto rx=0 tx=0 comp rx=0 tx=0)._handle_peer_banner_payload supported=3 required=0
2024-05-21T14:43:54.400 INFO:teuthology.orchestra.run.smithi022.stdout:/usr/bin/ceph: stderr
2024-05-21T14:43:53.335+0000 7fb7a9400700 1 --2- 172.21.15.22:0/3644253956 >> [v2:172.21.15.22:6800/2092291252,v1:172.21.15.22:6801/2092291252] conn(0x7fb790039000 0x7fb79003b510 secure :-1 s=READY pgs=7 cs=0 l=1 rev1=1 crypto rx=0x7fb798006fd0 tx=0x7fb798006e40 comp rx=0 tx=0).ready entity=mgr.14120 client_cookie=0 server_cookie=0 in_seq=0 out_seq=0
2024-05-21T14:43:54.400 INFO:teuthology.orchestra.run.smithi022.stdout:/usr/bin/ceph: stderr
2024-05-21T14:43:53.341+0000 7fb7a2a00700 1 -- 172.21.15.22:0/3644253956 <== mon.0 v2:172.21.15.22:3300/0 6 ==== mon_command_ack([{"prefix": "get_command_descriptions"}]=0 v0) ==== 72+0+186418 (secure 0 0 0) 0x7fb79c00e260 con 0x7fb7ac108de0
2024-05-21T14:43:54.400 INFO:teuthology.orchestra.run.smithi022.stdout:/usr/bin/ceph: stderr
2024-05-21T14:43:53.586+0000 7fb7b1200700 1 -- 172.21.15.22:0/3644253956 --> [v2:172.21.15.22:6800/2092291252,v1:172.21.15.22:6801/2092291252] -- mgr_command(tid 0: {"prefix": "orch set backend", "module_name": "cephadm", "target": ["mon-mgr", ""]}) -- 0x7fb7ac07ce00 con 0x7fb790039000
2024-05-21T14:43:54.400 INFO:teuthology.orchestra.run.smithi022.stdout:/usr/bin/ceph: stderr
2024-05-21T14:43:53.599+0000 7fb7a2a00700 1 -- 172.21.15.22:0/3644253956 <== mgr.14120 v2:172.21.15.22:6800/2092291252 1 ==== mgr_command_reply(tid 0: 0 ) ==== 8+0+0 (secure 0 0 0) 0x7fb7ac07ce00 con 0x7fb790039000
2024-05-21T14:43:54.400 INFO:teuthology.orchestra.run.smithi022.stdout:/usr/bin/ceph: stderr
2024-05-21T14:43:53.602+0000 7fb7b1200700 1 -- 172.21.15.22:0/3644253956 >> [v2:172.21.15.22:6800/2092291252,v1:172.21.15.22:6801/2092291252] conn(0x7fb790039000 msgr2=0x7fb79003b510 secure :-1 s=STATE_CONNECTION_ESTABLISHED l=1).mark_down
2024-05-21T14:43:54.400 INFO:teuthology.orchestra.run.smithi022.stdout:/usr/bin/ceph: stderr
2024-05-21T14:43:53.602+0000 7fb7b1200700 1 --2- 172.21.15.22:0/3644253956 >> [v2:172.21.15.22:6800/2092291252,v1:172.21.15.22:6801/2092291252] conn(0x7fb790039000 0x7fb79003b510 secure :-1 s=READY pgs=7 cs=0 l=1 rev1=1 crypto rx=0x7fb798006fd0 tx=0x7fb798006e40 comp rx=0 tx=0).stop
2024-05-21T14:43:54.400 INFO:teuthology.orchestra.run.smithi022.stdout:/usr/bin/ceph: stderr
2024-05-21T14:43:53.602+0000 7fb7b1200700 1 -- 172.21.15.22:0/3644253956 >> [v2:172.21.15.22:3300/0,v1:172.21.15.22:6789/0] conn(0x7fb7ac108de0 msgr2=0x7fb7ac07da80 secure :-1 s=STATE_CONNECTION_ESTABLISHED l=1).mark_down
2024-05-21T14:43:54.400 INFO:teuthology.orchestra.run.smithi022.stdout:/usr/bin/ceph: stderr
2024-05-21T14:43:53.602+0000 7fb7b1200700 1 --2- 172.21.15.22:0/3644253956 >> [v2:172.21.15.22:3300/0,v1:172.21.15.22:6789/0] conn(0x7fb7ac108de0 0x7fb7ac07da80 secure :-1 s=READY pgs=38 cs=0 l=1 rev1=1 crypto rx=0x7fb79c009fb0 tx=0x7fb79c003980 comp rx=0 tx=0).stop
2024-05-21T14:43:54.400 INFO:teuthology.orchestra.run.smithi022.stdout:/usr/bin/ceph: stderr
2024-05-21T14:43:53.603+0000 7fb7b1200700 1 -- 172.21.15.22:0/3644253956 shutdown_connections
2024-05-21T14:43:54.400 INFO:teuthology.orchestra.run.smithi022.stdout:/usr/bin/ceph: stderr
2024-05-21T14:43:53.603+0000 7fb7b1200700 1 --2- 172.21.15.22:0/3644253956 >> [v2:172.21.15.22:6800/2092291252,v1:172.21.15.22:6801/2092291252] conn(0x7fb790039000 0x7fb79003b510 unknown :-1 s=CLOSED pgs=7 cs=0 l=1 rev1=1 crypto rx=0 tx=0 comp rx=0 tx=0).stop
2024-05-21T14:43:54.400 INFO:teuthology.orchestra.run.smithi022.stdout:/usr/bin/ceph: stderr
2024-05-21T14:43:53.603+0000 7fb7b1200700 1 --2- 172.21.15.22:0/3644253956 >> [v2:172.21.15.22:3300/0,v1:172.21.15.22:6789/0] conn(0x7fb7ac108de0 0x7fb7ac07da80 unknown :-1 s=CLOSED pgs=38 cs=0 l=1 rev1=1 crypto rx=0 tx=0 comp rx=0 tx=0).stop
2024-05-21T14:43:54.401 INFO:teuthology.orchestra.run.smithi022.stdout:/usr/bin/ceph: stderr
2024-05-21T14:43:53.603+0000 7fb7b1200700 1 -- 172.21.15.22:0/3644253956 >> 172.21.15.22:0/3644253956 conn(0x7fb7ac104550 msgr2=0x7fb7ac104ec0 unknown :-1 s=STATE_NONE l=0).mark_down
2024-05-21T14:43:54.401 INFO:teuthology.orchestra.run.smithi022.stdout:/usr/bin/ceph: stderr
2024-05-21T14:43:53.603+0000 7fb7b1200700 1 -- 172.21.15.22:0/3644253956 shutdown_connections
2024-05-21T14:43:54.401 INFO:teuthology.orchestra.run.smithi022.stdout:/usr/bin/ceph: stderr
2024-05-21T14:43:53.603+0000 7fb7b1200700 1 -- 172.21.15.22:0/3644253956 wait complete.
2024-05-21T14:43:56.132 INFO:journalctl@ceph.mon.a.smithi022.stdout:May 21 14:43:55 smithi022 ceph-mon[31774]: from='client.14134 -' entity='client.admin' cmd=[{"prefix": "cephadm set-user", "user": "root", "target": ["mon-mgr", ""]}]: dispatch
2024-05-21T14:43:56.172 INFO:teuthology.orchestra.run.smithi022.stdout:/usr/bin/ceph: stdout value unchanged
2024-05-21T14:43:56.172 INFO:teuthology.orchestra.run.smithi022.stdout:/usr/bin/ceph: stderr
2024-05-21T14:43:55.139+0000 7fc6ce600700 1 Processor -- start
2024-05-21T14:43:56.172 INFO:teuthology.orchestra.run.smithi022.stdout:/usr/bin/ceph: stderr
2024-05-21T14:43:55.140+0000 7fc6ce600700 1 -- start start
2024-05-21T14:43:56.172 INFO:teuthology.orchestra.run.smithi022.stdout:/usr/bin/ceph: stderr
2024-05-21T14:43:55.140+0000 7fc6ce600700 1 --2- >> [v2:172.21.15.22:3300/0,v1:172.21.15.22:6789/0] conn(0x7fc6c807ddc0 0x7fc6c807c290 unknown :-1 s=NONE pgs=0 cs=0 l=0 rev1=0 crypto rx=0 tx=0 comp rx=0 tx=0).connect
2024-05-21T14:43:56.172 INFO:teuthology.orchestra.run.smithi022.stdout:/usr/bin/ceph: stderr
2024-05-21T14:43:55.140+0000 7fc6ce600700 1 -- --> [v2:172.21.15.22:3300/0,v1:172.21.15.22:6789/0] -- mon_getmap magic: 0 -- 0x7fc6c807c7d0 con 0x7fc6c807ddc0
2024-05-21T14:43:56.173 INFO:teuthology.orchestra.run.smithi022.stdout:/usr/bin/ceph: stderr
2024-05-21T14:43:55.140+0000 7fc6cd200700 1 --2- >> [v2:172.21.15.22:3300/0,v1:172.21.15.22:6789/0] conn(0x7fc6c807ddc0 0x7fc6c807c290 unknown :-1 s=BANNER_CONNECTING pgs=0 cs=0 l=0 rev1=0 crypto rx=0 tx=0 comp rx=0 tx=0)._handle_peer_banner_payload supported=3 required=0
2024-05-21T14:43:56.173 INFO:teuthology.orchestra.run.smithi022.stdout:/usr/bin/ceph: stderr
2024-05-21T14:43:55.140+0000 7fc6cd200700 1 --2- >> [v2:172.21.15.22:3300/0,v1:172.21.15.22:6789/0] conn(0x7fc6c807ddc0 0x7fc6c807c290 unknown :-1 s=HELLO_CONNECTING pgs=0 cs=0 l=0 rev1=1 crypto rx=0 tx=0 comp rx=0 tx=0).handle_hello peer v2:172.21.15.22:3300/0 says I am v2:172.21.15.22:33476/0 (socket says 172.21.15.22:33476)
2024-05-21T14:43:56.173 INFO:teuthology.orchestra.run.smithi022.stdout:/usr/bin/ceph: stderr
2024-05-21T14:43:55.141+0000 7fc6cd200700 1 -- 172.21.15.22:0/2451046161 learned_addr learned my addr 172.21.15.22:0/2451046161 (peer_addr_for_me v2:172.21.15.22:0/0)
2024-05-21T14:43:56.173 INFO:teuthology.orchestra.run.smithi022.stdout:/usr/bin/ceph: stderr
2024-05-21T14:43:55.141+0000 7fc6cd200700 1 -- 172.21.15.22:0/2451046161 --> [v2:172.21.15.22:3300/0,v1:172.21.15.22:6789/0] -- mon_subscribe({config=0+,monmap=0+}) -- 0x7fc6c807c950 con 0x7fc6c807ddc0
2024-05-21T14:43:56.173 INFO:teuthology.orchestra.run.smithi022.stdout:/usr/bin/ceph: stderr
2024-05-21T14:43:55.141+0000 7fc6cd200700 1 --2- 172.21.15.22:0/2451046161 >> [v2:172.21.15.22:3300/0,v1:172.21.15.22:6789/0] conn(0x7fc6c807ddc0 0x7fc6c807c290 secure :-1 s=READY pgs=39 cs=0 l=1 rev1=1 crypto rx=0x7fc6bc0098a0 tx=0x7fc6bc009bb0 comp rx=0 tx=0).ready entity=mon.0 client_cookie=13ca0e8c1dda2e6b server_cookie=0 in_seq=0 out_seq=0
2024-05-21T14:43:56.173 INFO:teuthology.orchestra.run.smithi022.stdout:/usr/bin/ceph: stderr
2024-05-21T14:43:55.142+0000 7fc6c7400700 1 -- 172.21.15.22:0/2451046161 <== mon.0 v2:172.21.15.22:3300/0 1 ==== mon_map magic: 0 ==== 205+0+0 (secure 0 0 0) 0x7fc6bc004160 con 0x7fc6c807ddc0
2024-05-21T14:43:56.173 INFO:teuthology.orchestra.run.smithi022.stdout:/usr/bin/ceph: stderr
2024-05-21T14:43:55.142+0000 7fc6c7400700 1 -- 172.21.15.22:0/2451046161 <== mon.0 v2:172.21.15.22:3300/0 2 ==== config(29 keys) ==== 1178+0+0 (secure 0 0 0) 0x7fc6bc004300 con 0x7fc6c807ddc0
2024-05-21T14:43:56.173 INFO:teuthology.orchestra.run.smithi022.stdout:/usr/bin/ceph: stderr
2024-05-21T14:43:55.142+0000 7fc6c7400700 1 -- 172.21.15.22:0/2451046161 <== mon.0 v2:172.21.15.22:3300/0 3 ==== mon_map magic: 0 ==== 205+0+0 (secure 0 0 0) 0x7fc6bc011cc0 con 0x7fc6c807ddc0
2024-05-21T14:43:56.173 INFO:teuthology.orchestra.run.smithi022.stdout:/usr/bin/ceph: stderr
2024-05-21T14:43:55.142+0000 7fc6ce600700 1 -- 172.21.15.22:0/2451046161 >> [v2:172.21.15.22:3300/0,v1:172.21.15.22:6789/0] conn(0x7fc6c807ddc0 msgr2=0x7fc6c807c290 secure :-1 s=STATE_CONNECTION_ESTABLISHED l=1).mark_down
2024-05-21T14:43:56.173 INFO:teuthology.orchestra.run.smithi022.stdout:/usr/bin/ceph: stderr
2024-05-21T14:43:55.142+0000 7fc6ce600700 1 --2- 172.21.15.22:0/2451046161 >> [v2:172.21.15.22:3300/0,v1:172.21.15.22:6789/0] conn(0x7fc6c807ddc0 0x7fc6c807c290 secure :-1 s=READY pgs=39 cs=0 l=1 rev1=1 crypto rx=0x7fc6bc0098a0 tx=0x7fc6bc009bb0 comp rx=0 tx=0).stop
2024-05-21T14:43:56.173 INFO:teuthology.orchestra.run.smithi022.stdout:/usr/bin/ceph: stderr
2024-05-21T14:43:55.142+0000 7fc6ce600700 1 -- 172.21.15.22:0/2451046161 shutdown_connections
2024-05-21T14:43:56.173 INFO:teuthology.orchestra.run.smithi022.stdout:/usr/bin/ceph: stderr
2024-05-21T14:43:55.143+0000 7fc6ce600700 1 --2- 172.21.15.22:0/2451046161 >> [v2:172.21.15.22:3300/0,v1:172.21.15.22:6789/0] conn(0x7fc6c807ddc0 0x7fc6c807c290 unknown :-1 s=CLOSED pgs=39 cs=0 l=1 rev1=1 crypto rx=0 tx=0 comp rx=0 tx=0).stop
2024-05-21T14:43:56.173 INFO:teuthology.orchestra.run.smithi022.stdout:/usr/bin/ceph: stderr
2024-05-21T14:43:55.143+0000 7fc6ce600700 1 -- 172.21.15.22:0/2451046161 >> 172.21.15.22:0/2451046161 conn(0x7fc6c81043e0 msgr2=0x7fc6c8106850 unknown :-1 s=STATE_NONE l=0).mark_down
2024-05-21T14:43:56.174 INFO:teuthology.orchestra.run.smithi022.stdout:/usr/bin/ceph: stderr
2024-05-21T14:43:55.143+0000 7fc6ce600700 1 -- 172.21.15.22:0/2451046161 shutdown_connections
2024-05-21T14:43:56.174 INFO:teuthology.orchestra.run.smithi022.stdout:/usr/bin/ceph: stderr
2024-05-21T14:43:55.143+0000 7fc6ce600700 1 -- 172.21.15.22:0/2451046161 wait complete.
2024-05-21T14:43:56.174 INFO:teuthology.orchestra.run.smithi022.stdout:/usr/bin/ceph: stderr
2024-05-21T14:43:55.144+0000 7fc6ce600700 1 Processor -- start
2024-05-21T14:43:56.174 INFO:teuthology.orchestra.run.smithi022.stdout:/usr/bin/ceph: stderr
2024-05-21T14:43:55.144+0000 7fc6ce600700 1 -- start start
2024-05-21T14:43:56.174 INFO:teuthology.orchestra.run.smithi022.stdout:/usr/bin/ceph: stderr
2024-05-21T14:43:55.144+0000 7fc6ce600700 1 --2- >> [v2:172.21.15.22:3300/0,v1:172.21.15.22:6789/0] conn(0x7fc6c807ddc0 0x7fc6c819f410 unknown :-1 s=NONE pgs=0 cs=0 l=1 rev1=0 crypto rx=0 tx=0 comp rx=0 tx=0).connect
2024-05-21T14:43:56.174 INFO:teuthology.orchestra.run.smithi022.stdout:/usr/bin/ceph: stderr
2024-05-21T14:43:55.144+0000 7fc6ce600700 1 -- --> [v2:172.21.15.22:3300/0,v1:172.21.15.22:6789/0] -- mon_getmap magic: 0 -- 0x7fc6c810f3c0 con 0x7fc6c807ddc0
2024-05-21T14:43:56.174 INFO:teuthology.orchestra.run.smithi022.stdout:/usr/bin/ceph: stderr
2024-05-21T14:43:55.145+0000 7fc6cd200700 1 --2- >> [v2:172.21.15.22:3300/0,v1:172.21.15.22:6789/0] conn(0x7fc6c807ddc0 0x7fc6c819f410 unknown :-1 s=BANNER_CONNECTING pgs=0 cs=0 l=1 rev1=0 crypto rx=0 tx=0 comp rx=0 tx=0)._handle_peer_banner_payload supported=3 required=0
2024-05-21T14:43:56.174 INFO:teuthology.orchestra.run.smithi022.stdout:/usr/bin/ceph: stderr
2024-05-21T14:43:55.145+0000 7fc6cd200700 1 --2- >> [v2:172.21.15.22:3300/0,v1:172.21.15.22:6789/0] conn(0x7fc6c807ddc0 0x7fc6c819f410 unknown :-1 s=HELLO_CONNECTING pgs=0 cs=0 l=1 rev1=1 crypto rx=0 tx=0 comp rx=0 tx=0).handle_hello peer v2:172.21.15.22:3300/0 says I am v2:172.21.15.22:33482/0 (socket says 172.21.15.22:33482)
2024-05-21T14:43:56.174 INFO:teuthology.orchestra.run.smithi022.stdout:/usr/bin/ceph: stderr
2024-05-21T14:43:55.145+0000 7fc6cd200700 1 -- 172.21.15.22:0/1901909752 learned_addr learned my addr 172.21.15.22:0/1901909752 (peer_addr_for_me v2:172.21.15.22:0/0)
2024-05-21T14:43:56.174 INFO:teuthology.orchestra.run.smithi022.stdout:/usr/bin/ceph: stderr
2024-05-21T14:43:55.145+0000 7fc6cd200700 1 -- 172.21.15.22:0/1901909752 --> [v2:172.21.15.22:3300/0,v1:172.21.15.22:6789/0] -- mon_subscribe({config=0+,monmap=0+}) -- 0x7fc6c819f950 con 0x7fc6c807ddc0
2024-05-21T14:43:56.174 INFO:teuthology.orchestra.run.smithi022.stdout:/usr/bin/ceph: stderr
2024-05-21T14:43:55.146+0000 7fc6cd200700 1 --2- 172.21.15.22:0/1901909752 >> [v2:172.21.15.22:3300/0,v1:172.21.15.22:6789/0] conn(0x7fc6c807ddc0 0x7fc6c819f410 secure :-1 s=READY pgs=40 cs=0 l=1 rev1=1 crypto rx=0x7fc6bc011980 tx=0x7fc6bc003980 comp rx=0 tx=0).ready entity=mon.0 client_cookie=0 server_cookie=0 in_seq=0 out_seq=0
2024-05-21T14:43:56.174 INFO:teuthology.orchestra.run.smithi022.stdout:/usr/bin/ceph: stderr
2024-05-21T14:43:55.146+0000 7fc6c5600700 1 -- 172.21.15.22:0/1901909752 <== mon.0 v2:172.21.15.22:3300/0 1 ==== mon_map magic: 0 ==== 205+0+0 (secure 0 0 0) 0x7fc6bc004520 con 0x7fc6c807ddc0
2024-05-21T14:43:56.174 INFO:teuthology.orchestra.run.smithi022.stdout:/usr/bin/ceph: stderr
2024-05-21T14:43:55.146+0000 7fc6c5600700 1 -- 172.21.15.22:0/1901909752 <== mon.0 v2:172.21.15.22:3300/0 2 ==== config(29 keys) ==== 1178+0+0 (secure 0 0 0) 0x7fc6bc003e30 con 0x7fc6c807ddc0
2024-05-21T14:43:56.174 INFO:teuthology.orchestra.run.smithi022.stdout:/usr/bin/ceph: stderr
2024-05-21T14:43:55.146+0000 7fc6ce600700 1 -- 172.21.15.22:0/1901909752 --> [v2:172.21.15.22:3300/0,v1:172.21.15.22:6789/0] -- mon_subscribe({mgrmap=0+}) -- 0x7fc6c819fbe0 con 0x7fc6c807ddc0
2024-05-21T14:43:56.175 INFO:teuthology.orchestra.run.smithi022.stdout:/usr/bin/ceph: stderr
2024-05-21T14:43:55.146+0000 7fc6c5600700 1 -- 172.21.15.22:0/1901909752 <== mon.0 v2:172.21.15.22:3300/0 3 ==== mon_map magic: 0 ==== 205+0+0 (secure 0 0 0) 0x7fc6bc0196e0 con 0x7fc6c807ddc0
2024-05-21T14:43:56.175 INFO:teuthology.orchestra.run.smithi022.stdout:/usr/bin/ceph: stderr
2024-05-21T14:43:55.146+0000 7fc6ce600700 1 -- 172.21.15.22:0/1901909752 --> [v2:172.21.15.22:3300/0,v1:172.21.15.22:6789/0] -- mon_subscribe({osdmap=0}) -- 0x7fc6c81a27f0 con 0x7fc6c807ddc0
2024-05-21T14:43:56.175 INFO:teuthology.orchestra.run.smithi022.stdout:/usr/bin/ceph: stderr
2024-05-21T14:43:55.147+0000 7fc6ce600700 1 -- 172.21.15.22:0/1901909752 --> [v2:172.21.15.22:3300/0,v1:172.21.15.22:6789/0] -- mon_command({"prefix": "get_command_descriptions"} v 0) -- 0x7fc6c8063ca0 con 0x7fc6c807ddc0
2024-05-21T14:43:56.175 INFO:teuthology.orchestra.run.smithi022.stdout:/usr/bin/ceph: stderr
2024-05-21T14:43:55.147+0000 7fc6c5600700 1 -- 172.21.15.22:0/1901909752 <== mon.0 v2:172.21.15.22:3300/0 4 ==== mgrmap(e 8) ==== 46287+0+0 (secure 0 0 0) 0x7fc6bc019910 con 0x7fc6c807ddc0
2024-05-21T14:43:56.175 INFO:teuthology.orchestra.run.smithi022.stdout:/usr/bin/ceph: stderr
2024-05-21T14:43:55.148+0000 7fc6c5600700 1 --2- 172.21.15.22:0/1901909752 >> [v2:172.21.15.22:6800/2092291252,v1:172.21.15.22:6801/2092291252] conn(0x7fc6b00390a0 0x7fc6b003b5b0 unknown :-1 s=NONE pgs=0 cs=0 l=1 rev1=0 crypto rx=0 tx=0 comp rx=0 tx=0).connect
2024-05-21T14:43:56.175 INFO:teuthology.orchestra.run.smithi022.stdout:/usr/bin/ceph: stderr
2024-05-21T14:43:55.148+0000 7fc6c5600700 1 -- 172.21.15.22:0/1901909752 <== mon.0 v2:172.21.15.22:3300/0 5 ==== osd_map(2..2 src has 1..2) ==== 940+0+0 (secure 0 0 0) 0x7fc6bc04d500 con 0x7fc6c807ddc0
2024-05-21T14:43:56.175 INFO:teuthology.orchestra.run.smithi022.stdout:/usr/bin/ceph: stderr
2024-05-21T14:43:55.148+0000 7fc6c7e00700 1 --2- 172.21.15.22:0/1901909752 >> [v2:172.21.15.22:6800/2092291252,v1:172.21.15.22:6801/2092291252] conn(0x7fc6b00390a0 0x7fc6b003b5b0 unknown :-1 s=BANNER_CONNECTING pgs=0 cs=0 l=1 rev1=0 crypto rx=0 tx=0 comp rx=0 tx=0)._handle_peer_banner_payload supported=3 required=0
2024-05-21T14:43:56.175 INFO:teuthology.orchestra.run.smithi022.stdout:/usr/bin/ceph: stderr
