2024-05-21T14:43:39.252+0000 7f45cb400700 1 --2- 172.21.15.22:0/935114124 >> [v2:172.21.15.22:6800/2939143049,v1:172.21.15.22:6801/2939143049] conn(0x7f45b8039000 0x7f45b803b510 unknown :-1 s=BANNER_CONNECTING pgs=0 cs=0 l=1 rev1=0 crypto rx=0 tx=0 comp rx=0 tx=0)._handle_peer_banner_payload supported=3 required=0
2024-05-21T14:43:40.186 INFO:teuthology.orchestra.run.smithi022.stdout:/usr/bin/ceph: stderr
2024-05-21T14:43:39.253+0000 7f45cb400700 1 --2- 172.21.15.22:0/935114124 >> [v2:172.21.15.22:6800/2939143049,v1:172.21.15.22:6801/2939143049] conn(0x7f45b8039000 0x7f45b803b510 secure :-1 s=READY pgs=7 cs=0 l=1 rev1=1 crypto rx=0x7f45bc006fd0 tx=0x7f45bc006e40 comp rx=0 tx=0).ready entity=mgr.14100 client_cookie=0 server_cookie=0 in_seq=0 out_seq=0
2024-05-21T14:43:40.186 INFO:teuthology.orchestra.run.smithi022.stdout:/usr/bin/ceph: stderr
2024-05-21T14:43:39.258+0000 7f45d1600700 1 -- 172.21.15.22:0/935114124 <== mon.0 v2:172.21.15.22:3300/0 6 ==== mon_command_ack([{"prefix": "get_command_descriptions"}]=0 v0) ==== 72+0+186418 (secure 0 0 0) 0x7f45c402b020 con 0x7f45d4108d60
2024-05-21T14:43:40.186 INFO:teuthology.orchestra.run.smithi022.stdout:/usr/bin/ceph: stderr
2024-05-21T14:43:39.487+0000 7f45d9c00700 1 -- 172.21.15.22:0/935114124 --> [v2:172.21.15.22:3300/0,v1:172.21.15.22:6789/0] -- mon_command({"prefix": "config assimilate-conf"} v 0) -- 0x7f45d4192a40 con 0x7f45d4108d60
2024-05-21T14:43:40.186 INFO:teuthology.orchestra.run.smithi022.stdout:/usr/bin/ceph: stderr
2024-05-21T14:43:39.489+0000 7f45d1600700 1 -- 172.21.15.22:0/935114124 <== mon.0 v2:172.21.15.22:3300/0 7 ==== mon_command_ack([{"prefix": "config assimilate-conf"}]=0 v3) ==== 70+0+373 (secure 0 0 0) 0x7f45c4024310 con 0x7f45d4108d60
2024-05-21T14:43:40.186 INFO:teuthology.orchestra.run.smithi022.stdout:/usr/bin/ceph: stderr
2024-05-21T14:43:39.492+0000 7f45d9c00700 1 -- 172.21.15.22:0/935114124 >> [v2:172.21.15.22:6800/2939143049,v1:172.21.15.22:6801/2939143049] conn(0x7f45b8039000 msgr2=0x7f45b803b510 secure :-1 s=STATE_CONNECTION_ESTABLISHED l=1).mark_down
2024-05-21T14:43:40.186 INFO:teuthology.orchestra.run.smithi022.stdout:/usr/bin/ceph: stderr
2024-05-21T14:43:39.492+0000 7f45d9c00700 1 --2- 172.21.15.22:0/935114124 >> [v2:172.21.15.22:6800/2939143049,v1:172.21.15.22:6801/2939143049] conn(0x7f45b8039000 0x7f45b803b510 secure :-1 s=READY pgs=7 cs=0 l=1 rev1=1 crypto rx=0x7f45bc006fd0 tx=0x7f45bc006e40 comp rx=0 tx=0).stop
2024-05-21T14:43:40.186 INFO:teuthology.orchestra.run.smithi022.stdout:/usr/bin/ceph: stderr
2024-05-21T14:43:39.492+0000 7f45d9c00700 1 -- 172.21.15.22:0/935114124 >> [v2:172.21.15.22:3300/0,v1:172.21.15.22:6789/0] conn(0x7f45d4108d60 msgr2=0x7f45d4195c50 secure :-1 s=STATE_CONNECTION_ESTABLISHED l=1).mark_down
2024-05-21T14:43:40.186 INFO:teuthology.orchestra.run.smithi022.stdout:/usr/bin/ceph: stderr
2024-05-21T14:43:39.492+0000 7f45d9c00700 1 --2- 172.21.15.22:0/935114124 >> [v2:172.21.15.22:3300/0,v1:172.21.15.22:6789/0] conn(0x7f45d4108d60 0x7f45d4195c50 secure :-1 s=READY pgs=21 cs=0 l=1 rev1=1 crypto rx=0x7f45c400b7b0 tx=0x7f45c4003d00 comp rx=0 tx=0).stop
2024-05-21T14:43:40.186 INFO:teuthology.orchestra.run.smithi022.stdout:/usr/bin/ceph: stderr
2024-05-21T14:43:39.492+0000 7f45d9c00700 1 -- 172.21.15.22:0/935114124 shutdown_connections
2024-05-21T14:43:40.186 INFO:teuthology.orchestra.run.smithi022.stdout:/usr/bin/ceph: stderr
2024-05-21T14:43:39.492+0000 7f45d9c00700 1 --2- 172.21.15.22:0/935114124 >> [v2:172.21.15.22:6800/2939143049,v1:172.21.15.22:6801/2939143049] conn(0x7f45b8039000 0x7f45b803b510 unknown :-1 s=CLOSED pgs=7 cs=0 l=1 rev1=1 crypto rx=0 tx=0 comp rx=0 tx=0).stop
2024-05-21T14:43:40.187 INFO:teuthology.orchestra.run.smithi022.stdout:/usr/bin/ceph: stderr
2024-05-21T14:43:39.492+0000 7f45d9c00700 1 --2- 172.21.15.22:0/935114124 >> [v2:172.21.15.22:3300/0,v1:172.21.15.22:6789/0] conn(0x7f45d4108d60 0x7f45d4195c50 unknown :-1 s=CLOSED pgs=21 cs=0 l=1 rev1=1 crypto rx=0 tx=0 comp rx=0 tx=0).stop
2024-05-21T14:43:40.187 INFO:teuthology.orchestra.run.smithi022.stdout:/usr/bin/ceph: stderr
2024-05-21T14:43:39.492+0000 7f45d9c00700 1 -- 172.21.15.22:0/935114124 >> 172.21.15.22:0/935114124 conn(0x7f45d41043e0 msgr2=0x7f45d407c210 unknown :-1 s=STATE_NONE l=0).mark_down
2024-05-21T14:43:40.187 INFO:teuthology.orchestra.run.smithi022.stdout:/usr/bin/ceph: stderr
2024-05-21T14:43:39.493+0000 7f45d9c00700 1 -- 172.21.15.22:0/935114124 shutdown_connections
2024-05-21T14:43:40.187 INFO:teuthology.orchestra.run.smithi022.stdout:/usr/bin/ceph: stderr
2024-05-21T14:43:39.493+0000 7f45d9c00700 1 -- 172.21.15.22:0/935114124 wait complete.
2024-05-21T14:43:40.187 INFO:teuthology.orchestra.run.smithi022.stdout:Enabling cephadm module...
2024-05-21T14:43:41.681 INFO:journalctl@ceph.mon.a.smithi022.stdout:May 21 14:43:41 smithi022 ceph-mon[31774]: from='client.? 172.21.15.22:0/150150980' entity='client.admin' cmd=[{"prefix": "mgr module enable", "module": "cephadm"}]: dispatch
2024-05-21T14:43:41.681 INFO:journalctl@ceph.mgr.x.smithi022.stdout:May 21 14:43:41 smithi022 ceph-42925bba-1780-11ef-bc9a-c7b262605968-mgr-x[32001]: ignoring --setuser ceph since I am not root
2024-05-21T14:43:41.681 INFO:journalctl@ceph.mgr.x.smithi022.stdout:May 21 14:43:41 smithi022 ceph-42925bba-1780-11ef-bc9a-c7b262605968-mgr-x[32001]: ignoring --setgroup ceph since I am not root
2024-05-21T14:43:42.162 INFO:journalctl@ceph.mgr.x.smithi022.stdout:May 21 14:43:41 smithi022 ceph-42925bba-1780-11ef-bc9a-c7b262605968-mgr-x[32001]:
2024-05-21T14:43:41.808+0000 7fd4e48ca200 -1 mgr[py] Module balancer has missing NOTIFY_TYPES member
2024-05-21T14:43:42.162 INFO:journalctl@ceph.mgr.x.smithi022.stdout:May 21 14:43:42 smithi022 ceph-42925bba-1780-11ef-bc9a-c7b262605968-mgr-x[32001]:
2024-05-21T14:43:42.057+0000 7fd4e48ca200 -1 mgr[py] Module orchestrator has missing NOTIFY_TYPES member
2024-05-21T14:43:42.176 INFO:teuthology.orchestra.run.smithi022.stdout:/usr/bin/ceph: stderr
2024-05-21T14:43:41.074+0000 7f5637400700 1 Processor -- start
2024-05-21T14:43:42.177 INFO:teuthology.orchestra.run.smithi022.stdout:/usr/bin/ceph: stderr
2024-05-21T14:43:41.074+0000 7f5637400700 1 -- start start
2024-05-21T14:43:42.177 INFO:teuthology.orchestra.run.smithi022.stdout:/usr/bin/ceph: stderr
2024-05-21T14:43:41.075+0000 7f5637400700 1 --2- >> [v2:172.21.15.22:3300/0,v1:172.21.15.22:6789/0] conn(0x7f563007bce0 0x7f563010ba00 unknown :-1 s=NONE pgs=0 cs=0 l=0 rev1=0 crypto rx=0 tx=0 comp rx=0 tx=0).connect
2024-05-21T14:43:42.177 INFO:teuthology.orchestra.run.smithi022.stdout:/usr/bin/ceph: stderr
2024-05-21T14:43:41.075+0000 7f5637400700 1 -- --> [v2:172.21.15.22:3300/0,v1:172.21.15.22:6789/0] -- mon_getmap magic: 0 -- 0x7f563010c010 con 0x7f563007bce0
2024-05-21T14:43:42.177 INFO:teuthology.orchestra.run.smithi022.stdout:/usr/bin/ceph: stderr
2024-05-21T14:43:41.075+0000 7f5634a00700 1 --2- >> [v2:172.21.15.22:3300/0,v1:172.21.15.22:6789/0] conn(0x7f563007bce0 0x7f563010ba00 unknown :-1 s=BANNER_CONNECTING pgs=0 cs=0 l=0 rev1=0 crypto rx=0 tx=0 comp rx=0 tx=0)._handle_peer_banner_payload supported=3 required=0
2024-05-21T14:43:42.178 INFO:teuthology.orchestra.run.smithi022.stdout:/usr/bin/ceph: stderr
2024-05-21T14:43:41.076+0000 7f5634a00700 1 --2- >> [v2:172.21.15.22:3300/0,v1:172.21.15.22:6789/0] conn(0x7f563007bce0 0x7f563010ba00 unknown :-1 s=HELLO_CONNECTING pgs=0 cs=0 l=0 rev1=1 crypto rx=0 tx=0 comp rx=0 tx=0).handle_hello peer v2:172.21.15.22:3300/0 says I am v2:172.21.15.22:54396/0 (socket says 172.21.15.22:54396)
2024-05-21T14:43:42.178 INFO:teuthology.orchestra.run.smithi022.stdout:/usr/bin/ceph: stderr
2024-05-21T14:43:41.076+0000 7f5634a00700 1 -- 172.21.15.22:0/3565710883 learned_addr learned my addr 172.21.15.22:0/3565710883 (peer_addr_for_me v2:172.21.15.22:0/0)
2024-05-21T14:43:42.179 INFO:teuthology.orchestra.run.smithi022.stdout:/usr/bin/ceph: stderr
2024-05-21T14:43:41.076+0000 7f5634a00700 1 -- 172.21.15.22:0/3565710883 --> [v2:172.21.15.22:3300/0,v1:172.21.15.22:6789/0] -- mon_subscribe({config=0+,monmap=0+}) -- 0x7f563010c190 con 0x7f563007bce0
2024-05-21T14:43:42.179 INFO:teuthology.orchestra.run.smithi022.stdout:/usr/bin/ceph: stderr
2024-05-21T14:43:41.076+0000 7f5634a00700 1 --2- 172.21.15.22:0/3565710883 >> [v2:172.21.15.22:3300/0,v1:172.21.15.22:6789/0] conn(0x7f563007bce0 0x7f563010ba00 secure :-1 s=READY pgs=22 cs=0 l=1 rev1=1 crypto rx=0x7f56240098a0 tx=0x7f5624009bb0 comp rx=0 tx=0).ready entity=mon.0 client_cookie=5c21326b9e673c52 server_cookie=0 in_seq=0 out_seq=0
2024-05-21T14:43:42.179 INFO:teuthology.orchestra.run.smithi022.stdout:/usr/bin/ceph: stderr
2024-05-21T14:43:41.077+0000 7f562f400700 1 -- 172.21.15.22:0/3565710883 <== mon.0 v2:172.21.15.22:3300/0 1 ==== mon_map magic: 0 ==== 205+0+0 (secure 0 0 0) 0x7f5624004160 con 0x7f563007bce0
2024-05-21T14:43:42.179 INFO:teuthology.orchestra.run.smithi022.stdout:/usr/bin/ceph: stderr
2024-05-21T14:43:41.077+0000 7f562f400700 1 -- 172.21.15.22:0/3565710883 <== mon.0 v2:172.21.15.22:3300/0 2 ==== config(29 keys) ==== 1178+0+0 (secure 0 0 0) 0x7f5624004300 con 0x7f563007bce0
2024-05-21T14:43:42.179 INFO:teuthology.orchestra.run.smithi022.stdout:/usr/bin/ceph: stderr
2024-05-21T14:43:41.077+0000 7f562f400700 1 -- 172.21.15.22:0/3565710883 <== mon.0 v2:172.21.15.22:3300/0 3 ==== mon_map magic: 0 ==== 205+0+0 (secure 0 0 0) 0x7f5624011cc0 con 0x7f563007bce0
2024-05-21T14:43:42.180 INFO:teuthology.orchestra.run.smithi022.stdout:/usr/bin/ceph: stderr
2024-05-21T14:43:41.077+0000 7f5637400700 1 -- 172.21.15.22:0/3565710883 >> [v2:172.21.15.22:3300/0,v1:172.21.15.22:6789/0] conn(0x7f563007bce0 msgr2=0x7f563010ba00 secure :-1 s=STATE_CONNECTION_ESTABLISHED l=1).mark_down
2024-05-21T14:43:42.180 INFO:teuthology.orchestra.run.smithi022.stdout:/usr/bin/ceph: stderr
2024-05-21T14:43:41.077+0000 7f5637400700 1 --2- 172.21.15.22:0/3565710883 >> [v2:172.21.15.22:3300/0,v1:172.21.15.22:6789/0] conn(0x7f563007bce0 0x7f563010ba00 secure :-1 s=READY pgs=22 cs=0 l=1 rev1=1 crypto rx=0x7f56240098a0 tx=0x7f5624009bb0 comp rx=0 tx=0).stop
2024-05-21T14:43:42.180 INFO:teuthology.orchestra.run.smithi022.stdout:/usr/bin/ceph: stderr
2024-05-21T14:43:41.078+0000 7f5637400700 1 -- 172.21.15.22:0/3565710883 shutdown_connections
2024-05-21T14:43:42.180 INFO:teuthology.orchestra.run.smithi022.stdout:/usr/bin/ceph: stderr
2024-05-21T14:43:41.078+0000 7f5637400700 1 --2- 172.21.15.22:0/3565710883 >> [v2:172.21.15.22:3300/0,v1:172.21.15.22:6789/0] conn(0x7f563007bce0 0x7f563010ba00 unknown :-1 s=CLOSED pgs=22 cs=0 l=1 rev1=1 crypto rx=0 tx=0 comp rx=0 tx=0).stop
2024-05-21T14:43:42.181 INFO:teuthology.orchestra.run.smithi022.stdout:/usr/bin/ceph: stderr
2024-05-21T14:43:41.078+0000 7f5637400700 1 -- 172.21.15.22:0/3565710883 >> 172.21.15.22:0/3565710883 conn(0x7f56301034f0 msgr2=0x7f5630105940 unknown :-1 s=STATE_NONE l=0).mark_down
2024-05-21T14:43:42.181 INFO:teuthology.orchestra.run.smithi022.stdout:/usr/bin/ceph: stderr
2024-05-21T14:43:41.078+0000 7f5637400700 1 -- 172.21.15.22:0/3565710883 shutdown_connections
2024-05-21T14:43:42.181 INFO:teuthology.orchestra.run.smithi022.stdout:/usr/bin/ceph: stderr
2024-05-21T14:43:41.078+0000 7f5637400700 1 -- 172.21.15.22:0/3565710883 wait complete.
2024-05-21T14:43:42.181 INFO:teuthology.orchestra.run.smithi022.stdout:/usr/bin/ceph: stderr
2024-05-21T14:43:41.079+0000 7f5637400700 1 Processor -- start
2024-05-21T14:43:42.181 INFO:teuthology.orchestra.run.smithi022.stdout:/usr/bin/ceph: stderr
2024-05-21T14:43:41.079+0000 7f5637400700 1 -- start start
2024-05-21T14:43:42.181 INFO:teuthology.orchestra.run.smithi022.stdout:/usr/bin/ceph: stderr
2024-05-21T14:43:41.080+0000 7f5637400700 1 --2- >> [v2:172.21.15.22:3300/0,v1:172.21.15.22:6789/0] conn(0x7f563007bce0 0x7f563019d440 unknown :-1 s=NONE pgs=0 cs=0 l=1 rev1=0 crypto rx=0 tx=0 comp rx=0 tx=0).connect
2024-05-21T14:43:42.182 INFO:teuthology.orchestra.run.smithi022.stdout:/usr/bin/ceph: stderr
2024-05-21T14:43:41.080+0000 7f5637400700 1 -- --> [v2:172.21.15.22:3300/0,v1:172.21.15.22:6789/0] -- mon_getmap magic: 0 -- 0x7f563010d330 con 0x7f563007bce0
2024-05-21T14:43:42.182 INFO:teuthology.orchestra.run.smithi022.stdout:/usr/bin/ceph: stderr
2024-05-21T14:43:41.080+0000 7f5634a00700 1 --2- >> [v2:172.21.15.22:3300/0,v1:172.21.15.22:6789/0] conn(0x7f563007bce0 0x7f563019d440 unknown :-1 s=BANNER_CONNECTING pgs=0 cs=0 l=1 rev1=0 crypto rx=0 tx=0 comp rx=0 tx=0)._handle_peer_banner_payload supported=3 required=0
2024-05-21T14:43:42.182 INFO:teuthology.orchestra.run.smithi022.stdout:/usr/bin/ceph: stderr
2024-05-21T14:43:41.080+0000 7f5634a00700 1 --2- >> [v2:172.21.15.22:3300/0,v1:172.21.15.22:6789/0] conn(0x7f563007bce0 0x7f563019d440 unknown :-1 s=HELLO_CONNECTING pgs=0 cs=0 l=1 rev1=1 crypto rx=0 tx=0 comp rx=0 tx=0).handle_hello peer v2:172.21.15.22:3300/0 says I am v2:172.21.15.22:54400/0 (socket says 172.21.15.22:54400)
2024-05-21T14:43:42.183 INFO:teuthology.orchestra.run.smithi022.stdout:/usr/bin/ceph: stderr
2024-05-21T14:43:41.080+0000 7f5634a00700 1 -- 172.21.15.22:0/150150980 learned_addr learned my addr 172.21.15.22:0/150150980 (peer_addr_for_me v2:172.21.15.22:0/0)
2024-05-21T14:43:42.183 INFO:teuthology.orchestra.run.smithi022.stdout:/usr/bin/ceph: stderr
2024-05-21T14:43:41.080+0000 7f5634a00700 1 -- 172.21.15.22:0/150150980 --> [v2:172.21.15.22:3300/0,v1:172.21.15.22:6789/0] -- mon_subscribe({config=0+,monmap=0+}) -- 0x7f563019d980 con 0x7f563007bce0
2024-05-21T14:43:42.183 INFO:teuthology.orchestra.run.smithi022.stdout:/usr/bin/ceph: stderr
2024-05-21T14:43:41.081+0000 7f5634a00700 1 --2- 172.21.15.22:0/150150980 >> [v2:172.21.15.22:3300/0,v1:172.21.15.22:6789/0] conn(0x7f563007bce0 0x7f563019d440 secure :-1 s=READY pgs=23 cs=0 l=1 rev1=1 crypto rx=0x7f5624011980 tx=0x7f5624003980 comp rx=0 tx=0).ready entity=mon.0 client_cookie=0 server_cookie=0 in_seq=0 out_seq=0
2024-05-21T14:43:42.184 INFO:teuthology.orchestra.run.smithi022.stdout:/usr/bin/ceph: stderr
2024-05-21T14:43:41.081+0000 7f562d600700 1 -- 172.21.15.22:0/150150980 <== mon.0 v2:172.21.15.22:3300/0 1 ==== mon_map magic: 0 ==== 205+0+0 (secure 0 0 0) 0x7f5624004520 con 0x7f563007bce0
2024-05-21T14:43:42.184 INFO:teuthology.orchestra.run.smithi022.stdout:/usr/bin/ceph: stderr
2024-05-21T14:43:41.081+0000 7f562d600700 1 -- 172.21.15.22:0/150150980 <== mon.0 v2:172.21.15.22:3300/0 2 ==== config(29 keys) ==== 1178+0+0 (secure 0 0 0) 0x7f5624003e30 con 0x7f563007bce0
2024-05-21T14:43:42.184 INFO:teuthology.orchestra.run.smithi022.stdout:/usr/bin/ceph: stderr
2024-05-21T14:43:41.081+0000 7f562d600700 1 -- 172.21.15.22:0/150150980 <== mon.0 v2:172.21.15.22:3300/0 3 ==== mon_map magic: 0 ==== 205+0+0 (secure 0 0 0) 0x7f56240196e0 con 0x7f563007bce0
2024-05-21T14:43:42.184 INFO:teuthology.orchestra.run.smithi022.stdout:/usr/bin/ceph: stderr
2024-05-21T14:43:41.081+0000 7f5637400700 1 -- 172.21.15.22:0/150150980 --> [v2:172.21.15.22:3300/0,v1:172.21.15.22:6789/0] -- mon_subscribe({mgrmap=0+}) -- 0x7f563019dc10 con 0x7f563007bce0
2024-05-21T14:43:42.184 INFO:teuthology.orchestra.run.smithi022.stdout:/usr/bin/ceph: stderr
2024-05-21T14:43:41.081+0000 7f5637400700 1 -- 172.21.15.22:0/150150980 --> [v2:172.21.15.22:3300/0,v1:172.21.15.22:6789/0] -- mon_subscribe({osdmap=0}) -- 0x7f56301a0820 con 0x7f563007bce0
2024-05-21T14:43:42.184 INFO:teuthology.orchestra.run.smithi022.stdout:/usr/bin/ceph: stderr
2024-05-21T14:43:41.082+0000 7f5637400700 1 -- 172.21.15.22:0/150150980 --> [v2:172.21.15.22:3300/0,v1:172.21.15.22:6789/0] -- mon_command({"prefix": "get_command_descriptions"} v 0) -- 0x7f5630063ca0 con 0x7f563007bce0
2024-05-21T14:43:42.184 INFO:teuthology.orchestra.run.smithi022.stdout:/usr/bin/ceph: stderr
2024-05-21T14:43:41.083+0000 7f562d600700 1 -- 172.21.15.22:0/150150980 <== mon.0 v2:172.21.15.22:3300/0 4 ==== mgrmap(e 4) ==== 46276+0+0 (secure 0 0 0) 0x7f562401a430 con 0x7f563007bce0
2024-05-21T14:43:42.185 INFO:teuthology.orchestra.run.smithi022.stdout:/usr/bin/ceph: stderr
2024-05-21T14:43:41.084+0000 7f562d600700 1 --2- 172.21.15.22:0/150150980 >> [v2:172.21.15.22:6800/2939143049,v1:172.21.15.22:6801/2939143049] conn(0x7f5618039050 0x7f561803b560 unknown :-1 s=NONE pgs=0 cs=0 l=1 rev1=0 crypto rx=0 tx=0 comp rx=0 tx=0).connect
2024-05-21T14:43:42.185 INFO:teuthology.orchestra.run.smithi022.stdout:/usr/bin/ceph: stderr
2024-05-21T14:43:41.084+0000 7f562d600700 1 -- 172.21.15.22:0/150150980 <== mon.0 v2:172.21.15.22:3300/0 5 ==== osd_map(1..1 src has 1..1) ==== 725+0+0 (secure 0 0 0) 0x7f562404d200 con 0x7f563007bce0
2024-05-21T14:43:42.185 INFO:teuthology.orchestra.run.smithi022.stdout:/usr/bin/ceph: stderr
2024-05-21T14:43:41.084+0000 7f562fe00700 1 --2- 172.21.15.22:0/150150980 >> [v2:172.21.15.22:6800/2939143049,v1:172.21.15.22:6801/2939143049] conn(0x7f5618039050 0x7f561803b560 unknown :-1 s=BANNER_CONNECTING pgs=0 cs=0 l=1 rev1=0 crypto rx=0 tx=0 comp rx=0 tx=0)._handle_peer_banner_payload supported=3 required=0
2024-05-21T14:43:42.185 INFO:teuthology.orchestra.run.smithi022.stdout:/usr/bin/ceph: stderr
2024-05-21T14:43:41.085+0000 7f562fe00700 1 --2- 172.21.15.22:0/150150980 >> [v2:172.21.15.22:6800/2939143049,v1:172.21.15.22:6801/2939143049] conn(0x7f5618039050 0x7f561803b560 secure :-1 s=READY pgs=8 cs=0 l=1 rev1=1 crypto rx=0x7f561c006fd0 tx=0x7f561c006e40 comp rx=0 tx=0).ready entity=mgr.14100 client_cookie=0 server_cookie=0 in_seq=0 out_seq=0
2024-05-21T14:43:42.185 INFO:teuthology.orchestra.run.smithi022.stdout:/usr/bin/ceph: stderr
2024-05-21T14:43:41.090+0000 7f562d600700 1 -- 172.21.15.22:0/150150980 <== mon.0 v2:172.21.15.22:3300/0 6 ==== mon_command_ack([{"prefix": "get_command_descriptions"}]=0 v0) ==== 72+0+186418 (secure 0 0 0) 0x7f562401aac0 con 0x7f563007bce0
2024-05-21T14:43:42.186 INFO:teuthology.orchestra.run.smithi022.stdout:/usr/bin/ceph: stderr
2024-05-21T14:43:41.382+0000 7f5637400700 1 -- 172.21.15.22:0/150150980 --> [v2:172.21.15.22:3300/0,v1:172.21.15.22:6789/0] -- mon_command({"prefix": "mgr module enable", "module": "cephadm"} v 0) -- 0x7f56301a09f0 con 0x7f563007bce0
2024-05-21T14:43:42.186 INFO:teuthology.orchestra.run.smithi022.stdout:/usr/bin/ceph: stderr
2024-05-21T14:43:41.436+0000 7f562d600700 1 -- 172.21.15.22:0/150150980 <== mon.0 v2:172.21.15.22:3300/0 7 ==== mon_command_ack([{"prefix": "mgr module enable", "module": "cephadm"}]=0 v5) ==== 86+0+0 (secure 0 0 0) 0x7f562404cc20 con 0x7f563007bce0
2024-05-21T14:43:42.186 INFO:teuthology.orchestra.run.smithi022.stdout:/usr/bin/ceph: stderr
2024-05-21T14:43:41.441+0000 7f562d600700 1 -- 172.21.15.22:0/150150980 <== mon.0 v2:172.21.15.22:3300/0 8 ==== mgrmap(e 5) ==== 46287+0+0 (secure 0 0 0) 0x7f5624019880 con 0x7f563007bce0
2024-05-21T14:43:42.187 INFO:teuthology.orchestra.run.smithi022.stdout:/usr/bin/ceph: stderr
2024-05-21T14:43:41.442+0000 7f5637400700 1 -- 172.21.15.22:0/150150980 >> [v2:172.21.15.22:6800/2939143049,v1:172.21.15.22:6801/2939143049] conn(0x7f5618039050 msgr2=0x7f561803b560 secure :-1 s=STATE_CONNECTION_ESTABLISHED l=1).mark_down
2024-05-21T14:43:42.187 INFO:teuthology.orchestra.run.smithi022.stdout:/usr/bin/ceph: stderr
2024-05-21T14:43:41.442+0000 7f5637400700 1 --2- 172.21.15.22:0/150150980 >> [v2:172.21.15.22:6800/2939143049,v1:172.21.15.22:6801/2939143049] conn(0x7f5618039050 0x7f561803b560 secure :-1 s=READY pgs=8 cs=0 l=1 rev1=1 crypto rx=0x7f561c006fd0 tx=0x7f561c006e40 comp rx=0 tx=0).stop
2024-05-21T14:43:42.187 INFO:teuthology.orchestra.run.smithi022.stdout:/usr/bin/ceph: stderr
2024-05-21T14:43:41.442+0000 7f5637400700 1 -- 172.21.15.22:0/150150980 >> [v2:172.21.15.22:3300/0,v1:172.21.15.22:6789/0] conn(0x7f563007bce0 msgr2=0x7f563019d440 secure :-1 s=STATE_CONNECTION_ESTABLISHED l=1).mark_down
2024-05-21T14:43:42.187 INFO:teuthology.orchestra.run.smithi022.stdout:/usr/bin/ceph: stderr
2024-05-21T14:43:41.442+0000 7f5637400700 1 --2- 172.21.15.22:0/150150980 >> [v2:172.21.15.22:3300/0,v1:172.21.15.22:6789/0] conn(0x7f563007bce0 0x7f563019d440 secure :-1 s=READY pgs=23 cs=0 l=1 rev1=1 crypto rx=0x7f5624011980 tx=0x7f5624003980 comp rx=0 tx=0).stop
2024-05-21T14:43:42.187 INFO:teuthology.orchestra.run.smithi022.stdout:/usr/bin/ceph: stderr
2024-05-21T14:43:41.442+0000 7f5637400700 1 -- 172.21.15.22:0/150150980 shutdown_connections
2024-05-21T14:43:42.187 INFO:teuthology.orchestra.run.smithi022.stdout:/usr/bin/ceph: stderr
2024-05-21T14:43:41.442+0000 7f5637400700 1 --2- 172.21.15.22:0/150150980 >> [v2:172.21.15.22:6800/2939143049,v1:172.21.15.22:6801/2939143049] conn(0x7f5618039050 0x7f561803b560 unknown :-1 s=CLOSED pgs=8 cs=0 l=1 rev1=1 crypto rx=0 tx=0 comp rx=0 tx=0).stop
2024-05-21T14:43:42.187 INFO:teuthology.orchestra.run.smithi022.stdout:/usr/bin/ceph: stderr
2024-05-21T14:43:41.442+0000 7f5637400700 1 --2- 172.21.15.22:0/150150980 >> [v2:172.21.15.22:3300/0,v1:172.21.15.22:6789/0] conn(0x7f563007bce0 0x7f563019d440 unknown :-1 s=CLOSED pgs=23 cs=0 l=1 rev1=1 crypto rx=0 tx=0 comp rx=0 tx=0).stop
2024-05-21T14:43:42.187 INFO:teuthology.orchestra.run.smithi022.stdout:/usr/bin/ceph: stderr
2024-05-21T14:43:41.442+0000 7f5637400700 1 -- 172.21.15.22:0/150150980 >> 172.21.15.22:0/150150980 conn(0x7f56301034f0 msgr2=0x7f5630104fe0 unknown :-1 s=STATE_NONE l=0).mark_down
2024-05-21T14:43:42.187 INFO:teuthology.orchestra.run.smithi022.stdout:/usr/bin/ceph: stderr
2024-05-21T14:43:41.443+0000 7f5637400700 1 -- 172.21.15.22:0/150150980 shutdown_connections
2024-05-21T14:43:42.187 INFO:teuthology.orchestra.run.smithi022.stdout:/usr/bin/ceph: stderr
2024-05-21T14:43:41.443+0000 7f5637400700 1 -- 172.21.15.22:0/150150980 wait complete.
2024-05-21T14:43:42.430 INFO:journalctl@ceph.mgr.x.smithi022.stdout:May 21 14:43:42 smithi022 ceph-42925bba-1780-11ef-bc9a-c7b262605968-mgr-x[32001]:
2024-05-21T14:43:42.196+0000 7fd4e48ca200 -1 mgr[py] Module snap_schedule has missing NOTIFY_TYPES member
2024-05-21T14:43:42.710 INFO:journalctl@ceph.mgr.x.smithi022.stdout:May 21 14:43:42 smithi022 ceph-42925bba-1780-11ef-bc9a-c7b262605968-mgr-x[32001]:
2024-05-21T14:43:42.608+0000 7fd4e48ca200 -1 mgr[py] Module progress has missing NOTIFY_TYPES member
2024-05-21T14:43:42.710 INFO:journalctl@ceph.mon.a.smithi022.stdout:May 21 14:43:42 smithi022 ceph-mon[31774]: from='client.? 172.21.15.22:0/150150980' entity='client.admin' cmd='[{"prefix": "mgr module enable", "module": "cephadm"}]': finished
2024-05-21T14:43:42.710 INFO:journalctl@ceph.mon.a.smithi022.stdout:May 21 14:43:42 smithi022 ceph-mon[31774]: mgrmap e5: x(active, since 6s)
2024-05-21T14:43:42.958 INFO:journalctl@ceph.mgr.x.smithi022.stdout:May 21 14:43:42 smithi022 ceph-42925bba-1780-11ef-bc9a-c7b262605968-mgr-x[32001]:
2024-05-21T14:43:42.727+0000 7fd4e48ca200 -1 mgr[py] Module influx has missing NOTIFY_TYPES member
2024-05-21T14:43:43.616 INFO:journalctl@ceph.mon.a.smithi022.stdout:May 21 14:43:43 smithi022 ceph-mon[31774]: from='client.? 172.21.15.22:0/3047322051' entity='client.admin' cmd=[{"prefix": "mgr stat"}]: dispatch
2024-05-21T14:43:43.935 INFO:teuthology.orchestra.run.smithi022.stdout:/usr/bin/ceph: stdout {
2024-05-21T14:43:43.935 INFO:teuthology.orchestra.run.smithi022.stdout:/usr/bin/ceph: stdout "epoch": 5,
2024-05-21T14:43:43.936 INFO:teuthology.orchestra.run.smithi022.stdout:/usr/bin/ceph: stdout "available": true,
2024-05-21T14:43:43.936 INFO:teuthology.orchestra.run.smithi022.stdout:/usr/bin/ceph: stdout "active_name": "x",
2024-05-21T14:43:43.936 INFO:teuthology.orchestra.run.smithi022.stdout:/usr/bin/ceph: stdout "num_standby": 0
2024-05-21T14:43:43.936 INFO:teuthology.orchestra.run.smithi022.stdout:/usr/bin/ceph: stdout }
2024-05-21T14:43:43.936 INFO:teuthology.orchestra.run.smithi022.stdout:/usr/bin/ceph: stderr
2024-05-21T14:43:42.934+0000 7fc5d8800700 1 Processor -- start
2024-05-21T14:43:43.936 INFO:teuthology.orchestra.run.smithi022.stdout:/usr/bin/ceph: stderr
2024-05-21T14:43:42.934+0000 7fc5d8800700 1 -- start start
2024-05-21T14:43:43.936 INFO:teuthology.orchestra.run.smithi022.stdout:/usr/bin/ceph: stderr
2024-05-21T14:43:42.935+0000 7fc5d8800700 1 --2- >> [v2:172.21.15.22:3300/0,v1:172.21.15.22:6789/0] conn(0x7fc5d007ddc0 0x7fc5d007c290 unknown :-1 s=NONE pgs=0 cs=0 l=0 rev1=0 crypto rx=0 tx=0 comp rx=0 tx=0).connect
2024-05-21T14:43:43.936 INFO:teuthology.orchestra.run.smithi022.stdout:/usr/bin/ceph: stderr
2024-05-21T14:43:42.935+0000 7fc5d8800700 1 -- --> [v2:172.21.15.22:3300/0,v1:172.21.15.22:6789/0] -- mon_getmap magic: 0 -- 0x7fc5d007c7d0 con 0x7fc5d007ddc0
2024-05-21T14:43:43.936 INFO:teuthology.orchestra.run.smithi022.stdout:/usr/bin/ceph: stderr
2024-05-21T14:43:42.935+0000 7fc5d5e00700 1 --2- >> [v2:172.21.15.22:3300/0,v1:172.21.15.22:6789/0] conn(0x7fc5d007ddc0 0x7fc5d007c290 unknown :-1 s=BANNER_CONNECTING pgs=0 cs=0 l=0 rev1=0 crypto rx=0 tx=0 comp rx=0 tx=0)._handle_peer_banner_payload supported=3 required=0
2024-05-21T14:43:43.936 INFO:teuthology.orchestra.run.smithi022.stdout:/usr/bin/ceph: stderr
2024-05-21T14:43:42.935+0000 7fc5d5e00700 1 --2- >> [v2:172.21.15.22:3300/0,v1:172.21.15.22:6789/0] conn(0x7fc5d007ddc0 0x7fc5d007c290 unknown :-1 s=HELLO_CONNECTING pgs=0 cs=0 l=0 rev1=1 crypto rx=0 tx=0 comp rx=0 tx=0).handle_hello peer v2:172.21.15.22:3300/0 says I am v2:172.21.15.22:54418/0 (socket says 172.21.15.22:54418)
2024-05-21T14:43:43.936 INFO:teuthology.orchestra.run.smithi022.stdout:/usr/bin/ceph: stderr
2024-05-21T14:43:42.935+0000 7fc5d5e00700 1 -- 172.21.15.22:0/3911298355 learned_addr learned my addr 172.21.15.22:0/3911298355 (peer_addr_for_me v2:172.21.15.22:0/0)
2024-05-21T14:43:43.936 INFO:teuthology.orchestra.run.smithi022.stdout:/usr/bin/ceph: stderr
2024-05-21T14:43:42.936+0000 7fc5d5e00700 1 -- 172.21.15.22:0/3911298355 --> [v2:172.21.15.22:3300/0,v1:172.21.15.22:6789/0] -- mon_subscribe({config=0+,monmap=0+}) -- 0x7fc5d007c950 con 0x7fc5d007ddc0
2024-05-21T14:43:43.937 INFO:teuthology.orchestra.run.smithi022.stdout:/usr/bin/ceph: stderr
2024-05-21T14:43:42.936+0000 7fc5d5e00700 1 --2- 172.21.15.22:0/3911298355 >> [v2:172.21.15.22:3300/0,v1:172.21.15.22:6789/0] conn(0x7fc5d007ddc0 0x7fc5d007c290 secure :-1 s=READY pgs=26 cs=0 l=1 rev1=1 crypto rx=0x7fc5c40098a0 tx=0x7fc5c4009bb0 comp rx=0 tx=0).ready entity=mon.0 client_cookie=5c07b06b098124ed server_cookie=0 in_seq=0 out_seq=0
2024-05-21T14:43:43.937 INFO:teuthology.orchestra.run.smithi022.stdout:/usr/bin/ceph: stderr
2024-05-21T14:43:42.936+0000 7fc5d4a00700 1 -- 172.21.15.22:0/3911298355 <== mon.0 v2:172.21.15.22:3300/0 1 ==== mon_map magic: 0 ==== 205+0+0 (secure 0 0 0) 0x7fc5c4004160 con 0x7fc5d007ddc0
2024-05-21T14:43:43.937 INFO:teuthology.orchestra.run.smithi022.stdout:/usr/bin/ceph: stderr
2024-05-21T14:43:42.936+0000 7fc5d4a00700 1 -- 172.21.15.22:0/3911298355 <== mon.0 v2:172.21.15.22:3300/0 2 ==== config(29 keys) ==== 1178+0+0 (secure 0 0 0) 0x7fc5c4004300 con 0x7fc5d007ddc0
2024-05-21T14:43:43.937 INFO:teuthology.orchestra.run.smithi022.stdout:/usr/bin/ceph: stderr
2024-05-21T14:43:42.936+0000 7fc5d4a00700 1 -- 172.21.15.22:0/3911298355 <== mon.0 v2:172.21.15.22:3300/0 3 ==== mon_map magic: 0 ==== 205+0+0 (secure 0 0 0) 0x7fc5c4011cc0 con 0x7fc5d007ddc0
2024-05-21T14:43:43.937 INFO:teuthology.orchestra.run.smithi022.stdout:/usr/bin/ceph: stderr
2024-05-21T14:43:42.937+0000 7fc5d8800700 1 -- 172.21.15.22:0/3911298355 >> [v2:172.21.15.22:3300/0,v1:172.21.15.22:6789/0] conn(0x7fc5d007ddc0 msgr2=0x7fc5d007c290 secure :-1 s=STATE_CONNECTION_ESTABLISHED l=1).mark_down
2024-05-21T14:43:43.937 INFO:teuthology.orchestra.run.smithi022.stdout:/usr/bin/ceph: stderr
2024-05-21T14:43:42.937+0000 7fc5d8800700 1 --2- 172.21.15.22:0/3911298355 >> [v2:172.21.15.22:3300/0,v1:172.21.15.22:6789/0] conn(0x7fc5d007ddc0 0x7fc5d007c290 secure :-1 s=READY pgs=26 cs=0 l=1 rev1=1 crypto rx=0x7fc5c40098a0 tx=0x7fc5c4009bb0 comp rx=0 tx=0).stop
2024-05-21T14:43:43.937 INFO:teuthology.orchestra.run.smithi022.stdout:/usr/bin/ceph: stderr
2024-05-21T14:43:42.938+0000 7fc5d8800700 1 -- 172.21.15.22:0/3911298355 shutdown_connections
2024-05-21T14:43:43.937 INFO:teuthology.orchestra.run.smithi022.stdout:/usr/bin/ceph: stderr
2024-05-21T14:43:42.938+0000 7fc5d8800700 1 --2- 172.21.15.22:0/3911298355 >> [v2:172.21.15.22:3300/0,v1:172.21.15.22:6789/0] conn(0x7fc5d007ddc0 0x7fc5d007c290 unknown :-1 s=CLOSED pgs=26 cs=0 l=1 rev1=1 crypto rx=0 tx=0 comp rx=0 tx=0).stop
2024-05-21T14:43:43.937 INFO:teuthology.orchestra.run.smithi022.stdout:/usr/bin/ceph: stderr
2024-05-21T14:43:42.938+0000 7fc5d8800700 1 -- 172.21.15.22:0/3911298355 >> 172.21.15.22:0/3911298355 conn(0x7fc5d0104510 msgr2=0x7fc5d01069c0 unknown :-1 s=STATE_NONE l=0).mark_down
2024-05-21T14:43:43.937 INFO:teuthology.orchestra.run.smithi022.stdout:/usr/bin/ceph: stderr
2024-05-21T14:43:42.938+0000 7fc5d8800700 1 -- 172.21.15.22:0/3911298355 shutdown_connections
2024-05-21T14:43:43.937 INFO:teuthology.orchestra.run.smithi022.stdout:/usr/bin/ceph: stderr
2024-05-21T14:43:42.938+0000 7fc5d8800700 1 -- 172.21.15.22:0/3911298355 wait complete.
2024-05-21T14:43:43.937 INFO:teuthology.orchestra.run.smithi022.stdout:/usr/bin/ceph: stderr
2024-05-21T14:43:42.939+0000 7fc5d8800700 1 Processor -- start
2024-05-21T14:43:43.937 INFO:teuthology.orchestra.run.smithi022.stdout:/usr/bin/ceph: stderr
2024-05-21T14:43:42.939+0000 7fc5d8800700 1 -- start start
2024-05-21T14:43:43.938 INFO:teuthology.orchestra.run.smithi022.stdout:/usr/bin/ceph: stderr
2024-05-21T14:43:42.939+0000 7fc5d8800700 1 --2- >> [v2:172.21.15.22:3300/0,v1:172.21.15.22:6789/0] conn(0x7fc5d007ddc0 0x7fc5d019f5a0 unknown :-1 s=NONE pgs=0 cs=0 l=1 rev1=0 crypto rx=0 tx=0 comp rx=0 tx=0).connect
2024-05-21T14:43:43.938 INFO:teuthology.orchestra.run.smithi022.stdout:/usr/bin/ceph: stderr
2024-05-21T14:43:42.939+0000 7fc5d8800700 1 -- --> [v2:172.21.15.22:3300/0,v1:172.21.15.22:6789/0] -- mon_getmap magic: 0 -- 0x7fc5d010f530 con 0x7fc5d007ddc0
2024-05-21T14:43:43.938 INFO:teuthology.orchestra.run.smithi022.stdout:/usr/bin/ceph: stderr
2024-05-21T14:43:42.940+0000 7fc5d5e00700 1 --2- >> [v2:172.21.15.22:3300/0,v1:172.21.15.22:6789/0] conn(0x7fc5d007ddc0 0x7fc5d019f5a0 unknown :-1 s=BANNER_CONNECTING pgs=0 cs=0 l=1 rev1=0 crypto rx=0 tx=0 comp rx=0 tx=0)._handle_peer_banner_payload supported=3 required=0
2024-05-21T14:43:43.938 INFO:teuthology.orchestra.run.smithi022.stdout:/usr/bin/ceph: stderr
2024-05-21T14:43:42.940+0000 7fc5d5e00700 1 --2- >> [v2:172.21.15.22:3300/0,v1:172.21.15.22:6789/0] conn(0x7fc5d007ddc0 0x7fc5d019f5a0 unknown :-1 s=HELLO_CONNECTING pgs=0 cs=0 l=1 rev1=1 crypto rx=0 tx=0 comp rx=0 tx=0).handle_hello peer v2:172.21.15.22:3300/0 says I am v2:172.21.15.22:54430/0 (socket says 172.21.15.22:54430)
2024-05-21T14:43:43.938 INFO:teuthology.orchestra.run.smithi022.stdout:/usr/bin/ceph: stderr
2024-05-21T14:43:42.940+0000 7fc5d5e00700 1 -- 172.21.15.22:0/3047322051 learned_addr learned my addr 172.21.15.22:0/3047322051 (peer_addr_for_me v2:172.21.15.22:0/0)
2024-05-21T14:43:43.938 INFO:teuthology.orchestra.run.smithi022.stdout:/usr/bin/ceph: stderr
2024-05-21T14:43:42.940+0000 7fc5d5e00700 1 -- 172.21.15.22:0/3047322051 --> [v2:172.21.15.22:3300/0,v1:172.21.15.22:6789/0] -- mon_subscribe({config=0+,monmap=0+}) -- 0x7fc5d019fae0 con 0x7fc5d007ddc0
2024-05-21T14:43:43.938 INFO:teuthology.orchestra.run.smithi022.stdout:/usr/bin/ceph: stderr
2024-05-21T14:43:42.941+0000 7fc5d5e00700 1 --2- 172.21.15.22:0/3047322051 >> [v2:172.21.15.22:3300/0,v1:172.21.15.22:6789/0] conn(0x7fc5d007ddc0 0x7fc5d019f5a0 secure :-1 s=READY pgs=27 cs=0 l=1 rev1=1 crypto rx=0x7fc5c4009fb0 tx=0x7fc5c4003980 comp rx=0 tx=0).ready entity=mon.0 client_cookie=0 server_cookie=0 in_seq=0 out_seq=0
2024-05-21T14:43:43.938 INFO:teuthology.orchestra.run.smithi022.stdout:/usr/bin/ceph: stderr
2024-05-21T14:43:42.941+0000 7fc5caa00700 1 -- 172.21.15.22:0/3047322051 <== mon.0 v2:172.21.15.22:3300/0 1 ==== mon_map magic: 0 ==== 205+0+0 (secure 0 0 0) 0x7fc5c4011dd0 con 0x7fc5d007ddc0
2024-05-21T14:43:43.938 INFO:teuthology.orchestra.run.smithi022.stdout:/usr/bin/ceph: stderr
2024-05-21T14:43:42.941+0000 7fc5caa00700 1 -- 172.21.15.22:0/3047322051 <== mon.0 v2:172.21.15.22:3300/0 2 ==== config(29 keys) ==== 1178+0+0 (secure 0 0 0) 0x7fc5c401a430 con 0x7fc5d007ddc0
2024-05-21T14:43:43.938 INFO:teuthology.orchestra.run.smithi022.stdout:/usr/bin/ceph: stderr
2024-05-21T14:43:42.941+0000 7fc5d8800700 1 -- 172.21.15.22:0/3047322051 --> [v2:172.21.15.22:3300/0,v1:172.21.15.22:6789/0] -- mon_subscribe({mgrmap=0+}) -- 0x7fc5d019fd70 con 0x7fc5d007ddc0
2024-05-21T14:43:43.938 INFO:teuthology.orchestra.run.smithi022.stdout:/usr/bin/ceph: stderr
2024-05-21T14:43:42.941+0000 7fc5caa00700 1 -- 172.21.15.22:0/3047322051 <== mon.0 v2:172.21.15.22:3300/0 3 ==== mon_map magic: 0 ==== 205+0+0 (secure 0 0 0) 0x7fc5c4019610 con 0x7fc5d007ddc0
2024-05-21T14:43:43.938 INFO:teuthology.orchestra.run.smithi022.stdout:/usr/bin/ceph: stderr
2024-05-21T14:43:42.941+0000 7fc5d8800700 1 -- 172.21.15.22:0/3047322051 --> [v2:172.21.15.22:3300/0,v1:172.21.15.22:6789/0] -- mon_subscribe({osdmap=0}) -- 0x7fc5d01a2980 con 0x7fc5d007ddc0
2024-05-21T14:43:43.938 INFO:teuthology.orchestra.run.smithi022.stdout:/usr/bin/ceph: stderr
2024-05-21T14:43:42.942+0000 7fc5d8800700 1 -- 172.21.15.22:0/3047322051 --> [v2:172.21.15.22:3300/0,v1:172.21.15.22:6789/0] -- mon_command({"prefix": "get_command_descriptions"} v 0) -- 0x7fc5d0063ca0 con 0x7fc5d007ddc0
2024-05-21T14:43:43.938 INFO:teuthology.orchestra.run.smithi022.stdout:/usr/bin/ceph: stderr
2024-05-21T14:43:42.942+0000 7fc5caa00700 1 -- 172.21.15.22:0/3047322051 <== mon.0 v2:172.21.15.22:3300/0 4 ==== mgrmap(e 5) ==== 46287+0+0 (secure 0 0 0) 0x7fc5c4019910 con 0x7fc5d007ddc0
2024-05-21T14:43:43.939 INFO:teuthology.orchestra.run.smithi022.stdout:/usr/bin/ceph: stderr
2024-05-21T14:43:42.943+0000 7fc5caa00700 1 --2- 172.21.15.22:0/3047322051 >> [v2:172.21.15.22:6800/2939143049,v1:172.21.15.22:6801/2939143049] conn(0x7fc5b8039000 0x7fc5b803b510 unknown :-1 s=NONE pgs=0 cs=0 l=1 rev1=0 crypto rx=0 tx=0 comp rx=0 tx=0).connect
2024-05-21T14:43:43.939 INFO:teuthology.orchestra.run.smithi022.stdout:/usr/bin/ceph: stderr
2024-05-21T14:43:42.943+0000 7fc5caa00700 1 -- 172.21.15.22:0/3047322051 <== mon.0 v2:172.21.15.22:3300/0 5 ==== osd_map(1..1 src has 1..1) ==== 725+0+0 (secure 0 0 0) 0x7fc5c404d290 con 0x7fc5d007ddc0
2024-05-21T14:43:43.939 INFO:teuthology.orchestra.run.smithi022.stdout:/usr/bin/ceph: stderr
2024-05-21T14:43:42.943+0000 7fc5d5400700 1 -- 172.21.15.22:0/3047322051 >> [v2:172.21.15.22:6800/2939143049,v1:172.21.15.22:6801/2939143049] conn(0x7fc5b8039000 msgr2=0x7fc5b803b510 unknown :-1 s=STATE_CONNECTING_RE l=1).process reconnect failed to v2:172.21.15.22:6800/2939143049
2024-05-21T14:43:43.939 INFO:teuthology.orchestra.run.smithi022.stdout:/usr/bin/ceph: stderr
2024-05-21T14:43:42.943+0000 7fc5d5400700 1 --2- 172.21.15.22:0/3047322051 >> [v2:172.21.15.22:6800/2939143049,v1:172.21.15.22:6801/2939143049] conn(0x7fc5b8039000 0x7fc5b803b510 unknown :-1 s=START_CONNECT pgs=0 cs=0 l=1 rev1=0 crypto rx=0 tx=0 comp rx=0 tx=0)._fault waiting 0.200000
2024-05-21T14:43:43.939 INFO:teuthology.orchestra.run.smithi022.stdout:/usr/bin/ceph: stderr
2024-05-21T14:43:42.951+0000 7fc5caa00700 1 -- 172.21.15.22:0/3047322051 <== mon.0 v2:172.21.15.22:3300/0 6 ==== mon_command_ack([{"prefix": "get_command_descriptions"}]=0 v0) ==== 72+0+186418 (secure 0 0 0) 0x7fc5c404ccb0 con 0x7fc5d007ddc0
2024-05-21T14:43:43.939 INFO:teuthology.orchestra.run.smithi022.stdout:/usr/bin/ceph: stderr
2024-05-21T14:43:43.144+0000 7fc5d5400700 1 -- 172.21.15.22:0/3047322051 >> [v2:172.21.15.22:6800/2939143049,v1:172.21.15.22:6801/2939143049] conn(0x7fc5b8039000 msgr2=0x7fc5b803b510 unknown :-1 s=STATE_CONNECTING_RE l=1).process reconnect failed to v2:172.21.15.22:6800/2939143049
2024-05-21T14:43:43.939 INFO:teuthology.orchestra.run.smithi022.stdout:/usr/bin/ceph: stderr
2024-05-21T14:43:43.144+0000 7fc5d5400700 1 --2- 172.21.15.22:0/3047322051 >> [v2:172.21.15.22:6800/2939143049,v1:172.21.15.22:6801/2939143049] conn(0x7fc5b8039000 0x7fc5b803b510 unknown :-1 s=START_CONNECT pgs=0 cs=0 l=1 rev1=0 crypto rx=0 tx=0 comp rx=0 tx=0)._fault waiting 0.400000
2024-05-21T14:43:43.939 INFO:teuthology.orchestra.run.smithi022.stdout:/usr/bin/ceph: stderr
2024-05-21T14:43:43.240+0000 7fc5d8800700 1 -- 172.21.15.22:0/3047322051 --> [v2:172.21.15.22:3300/0,v1:172.21.15.22:6789/0] -- mon_command({"prefix": "mgr stat"} v 0) -- 0x7fc5d01a2b50 con 0x7fc5d007ddc0
2024-05-21T14:43:43.939 INFO:teuthology.orchestra.run.smithi022.stdout:/usr/bin/ceph: stderr
2024-05-21T14:43:43.240+0000 7fc5caa00700 1 -- 172.21.15.22:0/3047322051 <== mon.0 v2:172.21.15.22:3300/0 7 ==== mon_command_ack([{"prefix": "mgr stat"}]=0 v5) ==== 56+0+88 (secure 0 0 0) 0x7fc5c4019d00 con 0x7fc5d007ddc0
2024-05-21T14:43:43.939 INFO:teuthology.orchestra.run.smithi022.stdout:/usr/bin/ceph: stderr
2024-05-21T14:43:43.243+0000 7fc5d8800700 1 -- 172.21.15.22:0/3047322051 >> [v2:172.21.15.22:6800/2939143049,v1:172.21.15.22:6801/2939143049] conn(0x7fc5b8039000 msgr2=0x7fc5b803b510 unknown :-1 s=STATE_CONNECTING l=1).mark_down
2024-05-21T14:43:43.939 INFO:teuthology.orchestra.run.smithi022.stdout:/usr/bin/ceph: stderr
2024-05-21T14:43:43.243+0000 7fc5d8800700 1 --2- 172.21.15.22:0/3047322051 >> [v2:172.21.15.22:6800/2939143049,v1:172.21.15.22:6801/2939143049] conn(0x7fc5b8039000 0x7fc5b803b510 unknown :-1 s=START_CONNECT pgs=0 cs=0 l=1 rev1=0 crypto rx=0 tx=0 comp rx=0 tx=0).stop
2024-05-21T14:43:43.939 INFO:teuthology.orchestra.run.smithi022.stdout:/usr/bin/ceph: stderr
2024-05-21T14:43:43.243+0000 7fc5d8800700 1 -- 172.21.15.22:0/3047322051 >> [v2:172.21.15.22:3300/0,v1:172.21.15.22:6789/0] conn(0x7fc5d007ddc0 msgr2=0x7fc5d019f5a0 secure :-1 s=STATE_CONNECTION_ESTABLISHED l=1).mark_down
2024-05-21T14:43:43.939 INFO:teuthology.orchestra.run.smithi022.stdout:/usr/bin/ceph: stderr
2024-05-21T14:43:43.243+0000 7fc5d8800700 1 --2- 172.21.15.22:0/3047322051 >> [v2:172.21.15.22:3300/0,v1:172.21.15.22:6789/0] conn(0x7fc5d007ddc0 0x7fc5d019f5a0 secure :-1 s=READY pgs=27 cs=0 l=1 rev1=1 crypto rx=0x7fc5c4009fb0 tx=0x7fc5c4003980 comp rx=0 tx=0).stop
2024-05-21T14:43:43.940 INFO:teuthology.orchestra.run.smithi022.stdout:/usr/bin/ceph: stderr
2024-05-21T14:43:43.244+0000 7fc5d8800700 1 -- 172.21.15.22:0/3047322051 shutdown_connections
2024-05-21T14:43:43.940 INFO:teuthology.orchestra.run.smithi022.stdout:/usr/bin/ceph: stderr
2024-05-21T14:43:43.244+0000 7fc5d8800700 1 --2- 172.21.15.22:0/3047322051 >> [v2:172.21.15.22:6800/2939143049,v1:172.21.15.22:6801/2939143049] conn(0x7fc5b8039000 0x7fc5b803b510 unknown :-1 s=CLOSED pgs=0 cs=0 l=1 rev1=0 crypto rx=0 tx=0 comp rx=0 tx=0).stop
2024-05-21T14:43:43.940 INFO:teuthology.orchestra.run.smithi022.stdout:/usr/bin/ceph: stderr
2024-05-21T14:43:43.244+0000 7fc5d8800700 1 --2- 172.21.15.22:0/3047322051 >> [v2:172.21.15.22:3300/0,v1:172.21.15.22:6789/0] conn(0x7fc5d007ddc0 0x7fc5d019f5a0 unknown :-1 s=CLOSED pgs=27 cs=0 l=1 rev1=1 crypto rx=0 tx=0 comp rx=0 tx=0).stop
2024-05-21T14:43:43.940 INFO:teuthology.orchestra.run.smithi022.stdout:/usr/bin/ceph: stderr
2024-05-21T14:43:43.244+0000 7fc5d8800700 1 -- 172.21.15.22:0/3047322051 >> 172.21.15.22:0/3047322051 conn(0x7fc5d0104510 msgr2=0x7fc5d0104ed0 unknown :-1 s=STATE_NONE l=0).mark_down
2024-05-21T14:43:43.940 INFO:teuthology.orchestra.run.smithi022.stdout:/usr/bin/ceph: stderr
2024-05-21T14:43:43.244+0000 7fc5d8800700 1 -- 172.21.15.22:0/3047322051 shutdown_connections
2024-05-21T14:43:43.940 INFO:teuthology.orchestra.run.smithi022.stdout:/usr/bin/ceph: stderr
2024-05-21T14:43:43.244+0000 7fc5d8800700 1 -- 172.21.15.22:0/3047322051 wait complete.
2024-05-21T14:43:43.940 INFO:teuthology.orchestra.run.smithi022.stdout:Waiting for the mgr to restart...
2024-05-21T14:43:43.940 INFO:teuthology.orchestra.run.smithi022.stdout:Waiting for mgr epoch 5...
2024-05-21T14:43:44.591 INFO:journalctl@ceph.mgr.x.smithi022.stdout:May 21 14:43:44 smithi022 ceph-42925bba-1780-11ef-bc9a-c7b262605968-mgr-x[32001]:
2024-05-21T14:43:44.344+0000 7fd4e48ca200 -1 mgr[py] Module telegraf has missing NOTIFY_TYPES member
2024-05-21T14:43:44.930 INFO:journalctl@ceph.mgr.x.smithi022.stdout:May 21 14:43:44 smithi022 ceph-42925bba-1780-11ef-bc9a-c7b262605968-mgr-x[32001]:
2024-05-21T14:43:44.588+0000 7fd4e48ca200 -1 mgr[py] Module osd_support has missing NOTIFY_TYPES member
2024-05-21T14:43:44.931 INFO:journalctl@ceph.mgr.x.smithi022.stdout:May 21 14:43:44 smithi022 ceph-42925bba-1780-11ef-bc9a-c7b262605968-mgr-x[32001]:
2024-05-21T14:43:44.807+0000 7fd4e48ca200 -1 mgr[py] Module iostat has missing NOTIFY_TYPES member
2024-05-21T14:43:45.595 INFO:journalctl@ceph.mgr.x.smithi022.stdout:May 21 14:43:45 smithi022 ceph-42925bba-1780-11ef-bc9a-c7b262605968-mgr-x[32001]:
2024-05-21T14:43:45.200+0000 7fd4e48ca200 -1 mgr[py] Module alerts has missing NOTIFY_TYPES member
2024-05-21T14:43:45.595 INFO:journalctl@ceph.mgr.x.smithi022.stdout:May 21 14:43:45 smithi022 ceph-42925bba-1780-11ef-bc9a-c7b262605968-mgr-x[32001]:
2024-05-21T14:43:45.330+0000 7fd4e48ca200 -1 mgr[py] Module selftest has missing NOTIFY_TYPES member
2024-05-21T14:43:45.857 INFO:journalctl@ceph.mgr.x.smithi022.stdout:May 21 14:43:45 smithi022 ceph-42925bba-1780-11ef-bc9a-c7b262605968-mgr-x[32001]:
2024-05-21T14:43:45.588+0000 7fd4e48ca200 -1 mgr[py] Module pg_autoscaler has missing NOTIFY_TYPES member
2024-05-21T14:43:45.857 INFO:journalctl@ceph.mgr.x.smithi022.stdout:May 21 14:43:45 smithi022 ceph-42925bba-1780-11ef-bc9a-c7b262605968-mgr-x[32001]:
2024-05-21T14:43:45.850+0000 7fd4e48ca200 -1 mgr[py] Module test_orchestrator has missing NOTIFY_TYPES member
2024-05-21T14:43:47.180 INFO:journalctl@ceph.mgr.x.smithi022.stdout:May 21 14:43:46 smithi022 ceph-42925bba-1780-11ef-bc9a-c7b262605968-mgr-x[32001]:
2024-05-21T14:43:46.676+0000 7fd4e48ca200 -1 mgr[py] Module rook has missing NOTIFY_TYPES member
2024-05-21T14:43:47.521 INFO:journalctl@ceph.mgr.x.smithi022.stdout:May 21 14:43:47 smithi022 ceph-42925bba-1780-11ef-bc9a-c7b262605968-mgr-x[32001]:
2024-05-21T14:43:47.247+0000 7fd4e48ca200 -1 mgr[py] Module volumes has missing NOTIFY_TYPES member
2024-05-21T14:43:47.522 INFO:journalctl@ceph.mgr.x.smithi022.stdout:May 21 14:43:47 smithi022 ceph-42925bba-1780-11ef-bc9a-c7b262605968-mgr-x[32001]:
2024-05-21T14:43:47.382+0000 7fd4e48ca200 -1 mgr[py] Module crash has missing NOTIFY_TYPES member
2024-05-21T14:43:47.930 INFO:journalctl@ceph.mgr.x.smithi022.stdout:May 21 14:43:47 smithi022 ceph-42925bba-1780-11ef-bc9a-c7b262605968-mgr-x[32001]:
2024-05-21T14:43:47.659+0000 7fd4e48ca200 -1 mgr[py] Module rgw has missing NOTIFY_TYPES member
2024-05-21T14:43:48.503 INFO:journalctl@ceph.mgr.x.smithi022.stdout:May 21 14:43:48 smithi022 ceph-42925bba-1780-11ef-bc9a-c7b262605968-mgr-x[32001]:
2024-05-21T14:43:48.367+0000 7fd4e48ca200 -1 mgr[py] Module prometheus has missing NOTIFY_TYPES member
2024-05-21T14:43:48.503 INFO:journalctl@ceph.mgr.x.smithi022.stdout:May 21 14:43:48 smithi022 ceph-42925bba-1780-11ef-bc9a-c7b262605968-mgr-x[32001]:
2024-05-21T14:43:48.496+0000 7fd4e48ca200 -1 mgr[py] Module devicehealth has missing NOTIFY_TYPES member
2024-05-21T14:43:49.154 INFO:journalctl@ceph.mgr.x.smithi022.stdout:May 21 14:43:48 smithi022 ceph-42925bba-1780-11ef-bc9a-c7b262605968-mgr-x[32001]:
2024-05-21T14:43:48.830+0000 7fd4e48ca200 -1 mgr[py] Module telemetry has missing NOTIFY_TYPES member
2024-05-21T14:43:49.154 INFO:journalctl@ceph.mgr.x.smithi022.stdout:May 21 14:43:49 smithi022 ceph-42925bba-1780-11ef-bc9a-c7b262605968-mgr-x[32001]:
2024-05-21T14:43:49.015+0000 7fd4e48ca200 -1 mgr[py] Module diskprediction_local has missing NOTIFY_TYPES member
2024-05-21T14:43:49.154 INFO:journalctl@ceph.mgr.x.smithi022.stdout:May 21 14:43:49 smithi022 ceph-42925bba-1780-11ef-bc9a-c7b262605968-mgr-x[32001]:
2024-05-21T14:43:49.147+0000 7fd4e48ca200 -1 mgr[py] Module osd_perf_query has missing NOTIFY_TYPES member
2024-05-21T14:43:49.431 INFO:journalctl@ceph.mgr.x.smithi022.stdout:May 21 14:43:49 smithi022 ceph-42925bba-1780-11ef-bc9a-c7b262605968-mgr-x[32001]:
2024-05-21T14:43:49.308+0000 7fd4e48ca200 -1 mgr[py] Module rbd_support has missing NOTIFY_TYPES member
2024-05-21T14:43:50.180 INFO:journalctl@ceph.mgr.x.smithi022.stdout:May 21 14:43:49 smithi022 ceph-42925bba-1780-11ef-bc9a-c7b262605968-mgr-x[32001]:
2024-05-21T14:43:49.682+0000 7fd4e48ca200 -1 mgr[py] Module zabbix has missing NOTIFY_TYPES member
2024-05-21T14:43:50.778 INFO:journalctl@ceph.mgr.x.smithi022.stdout:May 21 14:43:50 smithi022 ceph-42925bba-1780-11ef-bc9a-c7b262605968-mgr-x[32001]:
2024-05-21T14:43:50.472+0000 7fd4e48ca200 -1 mgr[py] Module status has missing NOTIFY_TYPES member
2024-05-21T14:43:51.181 INFO:journalctl@ceph.mgr.x.smithi022.stdout:May 21 14:43:50 smithi022 ceph-42925bba-1780-11ef-bc9a-c7b262605968-mgr-x[32001]:
2024-05-21T14:43:50.771+0000 7fd4e48ca200 -1 mgr[py] Module nfs has missing NOTIFY_TYPES member
2024-05-21T14:43:51.181 INFO:journalctl@ceph.mon.a.smithi022.stdout:May 21 14:43:50 smithi022 ceph-mon[31774]: Active manager daemon x restarted
2024-05-21T14:43:51.181 INFO:journalctl@ceph.mon.a.smithi022.stdout:May 21 14:43:50 smithi022 ceph-mon[31774]: Activating manager daemon x
2024-05-21T14:43:51.181 INFO:journalctl@ceph.mon.a.smithi022.stdout:May 21 14:43:50 smithi022 ceph-mon[31774]: osdmap e2: 0 total, 0 up, 0 in
2024-05-21T14:43:51.181 INFO:journalctl@ceph.mon.a.smithi022.stdout:May 21 14:43:50 smithi022 ceph-mon[31774]: mgrmap e6: x(active, starting, since 0.0121906s)
2024-05-21T14:43:51.181 INFO:journalctl@ceph.mon.a.smithi022.stdout:May 21 14:43:50 smithi022 ceph-mon[31774]: from='mgr.14120 172.21.15.22:0/1076724148' entity='mgr.x' cmd=[{"prefix": "mon metadata", "id": "a"}]: dispatch
2024-05-21T14:43:51.181 INFO:journalctl@ceph.mon.a.smithi022.stdout:May 21 14:43:50 smithi022 ceph-mon[31774]: from='mgr.14120 172.21.15.22:0/1076724148' entity='mgr.x' cmd=[{"prefix": "mgr metadata", "who": "x", "id": "x"}]: dispatch
2024-05-21T14:43:51.181 INFO:journalctl@ceph.mon.a.smithi022.stdout:May 21 14:43:50 smithi022 ceph-mon[31774]: from='mgr.14120 172.21.15.22:0/1076724148' entity='mgr.x' cmd=[{"prefix": "mds metadata"}]: dispatch
2024-05-21T14:43:51.181 INFO:journalctl@ceph.mon.a.smithi022.stdout:May 21 14:43:50 smithi022 ceph-mon[31774]: from='mgr.14120 172.21.15.22:0/1076724148' entity='mgr.x' cmd=[{"prefix": "osd metadata"}]: dispatch
2024-05-21T14:43:51.181 INFO:journalctl@ceph.mon.a.smithi022.stdout:May 21 14:43:50 smithi022 ceph-mon[31774]: from='mgr.14120 172.21.15.22:0/1076724148' entity='mgr.x' cmd=[{"prefix": "mon metadata"}]: dispatch
2024-05-21T14:43:51.182 INFO:journalctl@ceph.mon.a.smithi022.stdout:May 21 14:43:50 smithi022 ceph-mon[31774]: Manager daemon x is now available
2024-05-21T14:43:52.181 INFO:journalctl@ceph.mon.a.smithi022.stdout:May 21 14:43:51 smithi022 ceph-mon[31774]: Found migration_current of "None". Setting to last migration.
2024-05-21T14:43:52.181 INFO:journalctl@ceph.mon.a.smithi022.stdout:May 21 14:43:51 smithi022 ceph-mon[31774]: from='mgr.14120 172.21.15.22:0/1076724148' entity='mgr.x'
2024-05-21T14:43:52.181 INFO:journalctl@ceph.mon.a.smithi022.stdout:May 21 14:43:51 smithi022 ceph-mon[31774]: from='mgr.14120 172.21.15.22:0/1076724148' entity='mgr.x'
2024-05-21T14:43:52.181 INFO:journalctl@ceph.mon.a.smithi022.stdout:May 21 14:43:51 smithi022 ceph-mon[31774]: from='mgr.14120 172.21.15.22:0/1076724148' entity='mgr.x' cmd=[{"prefix": "config dump", "format": "json"}]: dispatch
2024-05-21T14:43:52.181 INFO:journalctl@ceph.mon.a.smithi022.stdout:May 21 14:43:51 smithi022 ceph-mon[31774]: from='mgr.14120 172.21.15.22:0/1076724148' entity='mgr.x' cmd=[{"prefix": "config dump", "format": "json"}]: dispatch
2024-05-21T14:43:52.181 INFO:journalctl@ceph.mon.a.smithi022.stdout:May 21 14:43:51 smithi022 ceph-mon[31774]: from='mgr.14120 172.21.15.22:0/1076724148' entity='mgr.x' cmd=[{"prefix":"config rm","who":"mgr","name":"mgr/rbd_support/x/mirror_snapshot_schedule"}]: dispatch
2024-05-21T14:43:52.181 INFO:journalctl@ceph.mon.a.smithi022.stdout:May 21 14:43:51 smithi022 ceph-mon[31774]: from='mgr.14120 172.21.15.22:0/1076724148' entity='mgr.x' cmd=[{"prefix":"config rm","who":"mgr","name":"mgr/rbd_support/x/trash_purge_schedule"}]: dispatch
2024-05-21T14:43:52.182 INFO:journalctl@ceph.mon.a.smithi022.stdout:May 21 14:43:51 smithi022 ceph-mon[31774]: from='mgr.14120 172.21.15.22:0/1076724148' entity='mgr.x'
2024-05-21T14:43:52.182 INFO:journalctl@ceph.mon.a.smithi022.stdout:May 21 14:43:51 smithi022 ceph-mon[31774]: from='mgr.14120 172.21.15.22:0/1076724148' entity='mgr.x'
2024-05-21T14:43:52.182 INFO:journalctl@ceph.mon.a.smithi022.stdout:May 21 14:43:51 smithi022 ceph-mon[31774]: mgrmap e7: x(active, since 1.01501s)
2024-05-21T14:43:52.573 INFO:teuthology.orchestra.run.smithi022.stdout:/usr/bin/ceph: stdout {
2024-05-21T14:43:52.573 INFO:teuthology.orchestra.run.smithi022.stdout:/usr/bin/ceph: stdout "mgrmap_epoch": 7,
2024-05-21T14:43:52.574 INFO:teuthology.orchestra.run.smithi022.stdout:/usr/bin/ceph: stdout "initialized": true
2024-05-21T14:43:52.574 INFO:teuthology.orchestra.run.smithi022.stdout:/usr/bin/ceph: stdout }
2024-05-21T14:43:52.574 INFO:teuthology.orchestra.run.smithi022.stdout:/usr/bin/ceph: stderr
2024-05-21T14:43:44.584+0000 7f9a64e00700 1 Processor -- start
2024-05-21T14:43:52.574 INFO:teuthology.orchestra.run.smithi022.stdout:/usr/bin/ceph: stderr
2024-05-21T14:43:44.584+0000 7f9a64e00700 1 -- start start
2024-05-21T14:43:52.575 INFO:teuthology.orchestra.run.smithi022.stdout:/usr/bin/ceph: stderr
2024-05-21T14:43:44.584+0000 7f9a64e00700 1 --2- >> [v2:172.21.15.22:3300/0,v1:172.21.15.22:6789/0] conn(0x7f9a60107dd0 0x7f9a601081e0 unknown :-1 s=NONE pgs=0 cs=0 l=0 rev1=0 crypto rx=0 tx=0 comp rx=0 tx=0).connect
2024-05-21T14:43:52.575 INFO:teuthology.orchestra.run.smithi022.stdout:/usr/bin/ceph: stderr
2024-05-21T14:43:44.585+0000 7f9a64e00700 1 -- --> [v2:172.21.15.22:3300/0,v1:172.21.15.22:6789/0] -- mon_getmap magic: 0 -- 0x7f9a601087d0 con 0x7f9a60107dd0
2024-05-21T14:43:52.575 INFO:teuthology.orchestra.run.smithi022.stdout:/usr/bin/ceph: stderr
