2024-05-21T15:06:38.804 INFO:teuthology.orchestra.run.smithi078.stdout:/usr/bin/ceph: stderr
2024-05-21T15:06:38.155+0000 7f6447441700 1 -- 172.21.15.78:0/3244326565 shutdown_connections
2024-05-21T15:06:38.804 INFO:teuthology.orchestra.run.smithi078.stdout:/usr/bin/ceph: stderr
2024-05-21T15:06:38.155+0000 7f6447441700 1 --2- 172.21.15.78:0/3244326565 >> [v2:172.21.15.78:6800/888544333,v1:172.21.15.78:6801/888544333] conn(0x7f642c039000 0x7f642c03b510 unknown :-1 s=CLOSED pgs=6 cs=0 l=1 rev1=1 crypto rx=0 tx=0 comp rx=0 tx=0).stop
2024-05-21T15:06:38.804 INFO:teuthology.orchestra.run.smithi078.stdout:/usr/bin/ceph: stderr
2024-05-21T15:06:38.155+0000 7f6447441700 1 --2- 172.21.15.78:0/3244326565 >> [v2:172.21.15.78:3300/0,v1:172.21.15.78:6789/0] conn(0x7f6440107c10 0x7f644019af90 unknown :-1 s=CLOSED pgs=19 cs=0 l=1 rev1=1 crypto rx=0 tx=0 comp rx=0 tx=0).stop
2024-05-21T15:06:38.804 INFO:teuthology.orchestra.run.smithi078.stdout:/usr/bin/ceph: stderr
2024-05-21T15:06:38.155+0000 7f6447441700 1 -- 172.21.15.78:0/3244326565 >> 172.21.15.78:0/3244326565 conn(0x7f64401033d0 msgr2=0x7f6440191260 unknown :-1 s=STATE_NONE l=0).mark_down
2024-05-21T15:06:38.804 INFO:teuthology.orchestra.run.smithi078.stdout:/usr/bin/ceph: stderr
2024-05-21T15:06:38.155+0000 7f6447441700 1 -- 172.21.15.78:0/3244326565 shutdown_connections
2024-05-21T15:06:38.804 INFO:teuthology.orchestra.run.smithi078.stdout:/usr/bin/ceph: stderr
2024-05-21T15:06:38.155+0000 7f6447441700 1 -- 172.21.15.78:0/3244326565 wait complete.
2024-05-21T15:06:38.804 INFO:teuthology.orchestra.run.smithi078.stdout:mgr is available
2024-05-21T15:06:39.180 INFO:journalctl@ceph.mon.a.smithi078.stdout:May 21 15:06:39 smithi078 ceph-mon[31997]: from='client.? 172.21.15.78:0/3244326565' entity='client.admin' cmd=[{"prefix": "status", "format": "json-pretty"}]: dispatch
2024-05-21T15:06:40.050 INFO:teuthology.orchestra.run.smithi078.stdout:/usr/bin/ceph: stdout
2024-05-21T15:06:40.050 INFO:teuthology.orchestra.run.smithi078.stdout:/usr/bin/ceph: stdout [global]
2024-05-21T15:06:40.050 INFO:teuthology.orchestra.run.smithi078.stdout:/usr/bin/ceph: stdout fsid = 852c9762-1783-11ef-bc9a-c7b262605968
2024-05-21T15:06:40.050 INFO:teuthology.orchestra.run.smithi078.stdout:/usr/bin/ceph: stdout mon_osd_allow_pg_remap = true
2024-05-21T15:06:40.050 INFO:teuthology.orchestra.run.smithi078.stdout:/usr/bin/ceph: stdout mon_osd_allow_primary_affinity = true
2024-05-21T15:06:40.050 INFO:teuthology.orchestra.run.smithi078.stdout:/usr/bin/ceph: stdout mon_warn_on_no_sortbitwise = false
2024-05-21T15:06:40.050 INFO:teuthology.orchestra.run.smithi078.stdout:/usr/bin/ceph: stdout osd_crush_chooseleaf_type = 0
2024-05-21T15:06:40.051 INFO:teuthology.orchestra.run.smithi078.stdout:/usr/bin/ceph: stdout
2024-05-21T15:06:40.051 INFO:teuthology.orchestra.run.smithi078.stdout:/usr/bin/ceph: stdout [mgr]
2024-05-21T15:06:40.051 INFO:teuthology.orchestra.run.smithi078.stdout:/usr/bin/ceph: stdout mgr/telemetry/nag = false
2024-05-21T15:06:40.051 INFO:teuthology.orchestra.run.smithi078.stdout:/usr/bin/ceph: stdout
2024-05-21T15:06:40.051 INFO:teuthology.orchestra.run.smithi078.stdout:/usr/bin/ceph: stdout [osd]
2024-05-21T15:06:40.051 INFO:teuthology.orchestra.run.smithi078.stdout:/usr/bin/ceph: stdout filestore_flush_min = 0
2024-05-21T15:06:40.051 INFO:teuthology.orchestra.run.smithi078.stdout:/usr/bin/ceph: stdout mon_osd_backfillfull_ratio = 0.85
2024-05-21T15:06:40.051 INFO:teuthology.orchestra.run.smithi078.stdout:/usr/bin/ceph: stdout mon_osd_full_ratio = 0.9
2024-05-21T15:06:40.051 INFO:teuthology.orchestra.run.smithi078.stdout:/usr/bin/ceph: stdout mon_osd_nearfull_ratio = 0.8
2024-05-21T15:06:40.051 INFO:teuthology.orchestra.run.smithi078.stdout:/usr/bin/ceph: stdout osd_map_max_advance = 10
2024-05-21T15:06:40.051 INFO:teuthology.orchestra.run.smithi078.stdout:/usr/bin/ceph: stdout osd_sloppy_crc = true
2024-05-21T15:06:40.051 INFO:teuthology.orchestra.run.smithi078.stdout:/usr/bin/ceph: stderr
2024-05-21T15:06:39.219+0000 7f7fd1814700 1 Processor -- start
2024-05-21T15:06:40.051 INFO:teuthology.orchestra.run.smithi078.stdout:/usr/bin/ceph: stderr
2024-05-21T15:06:39.219+0000 7f7fd1814700 1 -- start start
2024-05-21T15:06:40.052 INFO:teuthology.orchestra.run.smithi078.stdout:/usr/bin/ceph: stderr
2024-05-21T15:06:39.219+0000 7f7fd1814700 1 --2- >> [v2:172.21.15.78:3300/0,v1:172.21.15.78:6789/0] conn(0x7f7fcc0761f0 0x7f7fcc10b940 unknown :-1 s=NONE pgs=0 cs=0 l=0 rev1=0 crypto rx=0 tx=0 comp rx=0 tx=0).connect
2024-05-21T15:06:40.052 INFO:teuthology.orchestra.run.smithi078.stdout:/usr/bin/ceph: stderr
2024-05-21T15:06:39.219+0000 7f7fd1814700 1 -- --> [v2:172.21.15.78:3300/0,v1:172.21.15.78:6789/0] -- mon_getmap magic: 0 -- 0x7f7fcc10bf10 con 0x7f7fcc0761f0
2024-05-21T15:06:40.052 INFO:teuthology.orchestra.run.smithi078.stdout:/usr/bin/ceph: stderr
2024-05-21T15:06:39.219+0000 7f7fcaffd700 1 --2- >> [v2:172.21.15.78:3300/0,v1:172.21.15.78:6789/0] conn(0x7f7fcc0761f0 0x7f7fcc10b940 unknown :-1 s=BANNER_CONNECTING pgs=0 cs=0 l=0 rev1=0 crypto rx=0 tx=0 comp rx=0 tx=0)._handle_peer_banner_payload supported=3 required=0
2024-05-21T15:06:40.052 INFO:teuthology.orchestra.run.smithi078.stdout:/usr/bin/ceph: stderr
2024-05-21T15:06:39.219+0000 7f7fcaffd700 1 --2- >> [v2:172.21.15.78:3300/0,v1:172.21.15.78:6789/0] conn(0x7f7fcc0761f0 0x7f7fcc10b940 unknown :-1 s=HELLO_CONNECTING pgs=0 cs=0 l=0 rev1=1 crypto rx=0 tx=0 comp rx=0 tx=0).handle_hello peer v2:172.21.15.78:3300/0 says I am v2:172.21.15.78:43448/0 (socket says 172.21.15.78:43448)
2024-05-21T15:06:40.052 INFO:teuthology.orchestra.run.smithi078.stdout:/usr/bin/ceph: stderr
2024-05-21T15:06:39.219+0000 7f7fcaffd700 1 -- 172.21.15.78:0/3234075754 learned_addr learned my addr 172.21.15.78:0/3234075754 (peer_addr_for_me v2:172.21.15.78:0/0)
2024-05-21T15:06:40.052 INFO:teuthology.orchestra.run.smithi078.stdout:/usr/bin/ceph: stderr
2024-05-21T15:06:39.219+0000 7f7fcaffd700 1 -- 172.21.15.78:0/3234075754 --> [v2:172.21.15.78:3300/0,v1:172.21.15.78:6789/0] -- mon_subscribe({config=0+,monmap=0+}) -- 0x7f7fcc10c090 con 0x7f7fcc0761f0
2024-05-21T15:06:40.052 INFO:teuthology.orchestra.run.smithi078.stdout:/usr/bin/ceph: stderr
2024-05-21T15:06:39.220+0000 7f7fcaffd700 1 --2- 172.21.15.78:0/3234075754 >> [v2:172.21.15.78:3300/0,v1:172.21.15.78:6789/0] conn(0x7f7fcc0761f0 0x7f7fcc10b940 secure :-1 s=READY pgs=20 cs=0 l=1 rev1=1 crypto rx=0x7f7fbc0098a0 tx=0x7f7fbc009bb0 comp rx=0 tx=0).ready entity=mon.0 client_cookie=cb6a109c132c023c server_cookie=0 in_seq=0 out_seq=0
2024-05-21T15:06:40.052 INFO:teuthology.orchestra.run.smithi078.stdout:/usr/bin/ceph: stderr
2024-05-21T15:06:39.220+0000 7f7fc9ffb700 1 -- 172.21.15.78:0/3234075754 <== mon.0 v2:172.21.15.78:3300/0 1 ==== mon_map magic: 0 ==== 205+0+0 (secure 0 0 0) 0x7f7fbc004160 con 0x7f7fcc0761f0
2024-05-21T15:06:40.052 INFO:teuthology.orchestra.run.smithi078.stdout:/usr/bin/ceph: stderr
2024-05-21T15:06:39.220+0000 7f7fc9ffb700 1 -- 172.21.15.78:0/3234075754 <== mon.0 v2:172.21.15.78:3300/0 2 ==== config(27 keys) ==== 1109+0+0 (secure 0 0 0) 0x7f7fbc004300 con 0x7f7fcc0761f0
2024-05-21T15:06:40.052 INFO:teuthology.orchestra.run.smithi078.stdout:/usr/bin/ceph: stderr
2024-05-21T15:06:39.220+0000 7f7fc9ffb700 1 -- 172.21.15.78:0/3234075754 <== mon.0 v2:172.21.15.78:3300/0 3 ==== mon_map magic: 0 ==== 205+0+0 (secure 0 0 0) 0x7f7fbc011b50 con 0x7f7fcc0761f0
2024-05-21T15:06:40.052 INFO:teuthology.orchestra.run.smithi078.stdout:/usr/bin/ceph: stderr
2024-05-21T15:06:39.220+0000 7f7fd1814700 1 -- 172.21.15.78:0/3234075754 >> [v2:172.21.15.78:3300/0,v1:172.21.15.78:6789/0] conn(0x7f7fcc0761f0 msgr2=0x7f7fcc10b940 secure :-1 s=STATE_CONNECTION_ESTABLISHED l=1).mark_down
2024-05-21T15:06:40.052 INFO:teuthology.orchestra.run.smithi078.stdout:/usr/bin/ceph: stderr
2024-05-21T15:06:39.220+0000 7f7fd1814700 1 --2- 172.21.15.78:0/3234075754 >> [v2:172.21.15.78:3300/0,v1:172.21.15.78:6789/0] conn(0x7f7fcc0761f0 0x7f7fcc10b940 secure :-1 s=READY pgs=20 cs=0 l=1 rev1=1 crypto rx=0x7f7fbc0098a0 tx=0x7f7fbc009bb0 comp rx=0 tx=0).stop
2024-05-21T15:06:40.053 INFO:teuthology.orchestra.run.smithi078.stdout:/usr/bin/ceph: stderr
2024-05-21T15:06:39.221+0000 7f7fd1814700 1 -- 172.21.15.78:0/3234075754 shutdown_connections
2024-05-21T15:06:40.053 INFO:teuthology.orchestra.run.smithi078.stdout:/usr/bin/ceph: stderr
2024-05-21T15:06:39.221+0000 7f7fd1814700 1 --2- 172.21.15.78:0/3234075754 >> [v2:172.21.15.78:3300/0,v1:172.21.15.78:6789/0] conn(0x7f7fcc0761f0 0x7f7fcc10b940 unknown :-1 s=CLOSED pgs=20 cs=0 l=1 rev1=1 crypto rx=0 tx=0 comp rx=0 tx=0).stop
2024-05-21T15:06:40.053 INFO:teuthology.orchestra.run.smithi078.stdout:/usr/bin/ceph: stderr
2024-05-21T15:06:39.221+0000 7f7fd1814700 1 -- 172.21.15.78:0/3234075754 >> 172.21.15.78:0/3234075754 conn(0x7f7fcc103330 msgr2=0x7f7fcc1057e0 unknown :-1 s=STATE_NONE l=0).mark_down
2024-05-21T15:06:40.053 INFO:teuthology.orchestra.run.smithi078.stdout:/usr/bin/ceph: stderr
2024-05-21T15:06:39.221+0000 7f7fd1814700 1 -- 172.21.15.78:0/3234075754 shutdown_connections
2024-05-21T15:06:40.053 INFO:teuthology.orchestra.run.smithi078.stdout:/usr/bin/ceph: stderr
2024-05-21T15:06:39.221+0000 7f7fd1814700 1 -- 172.21.15.78:0/3234075754 wait complete.
2024-05-21T15:06:40.053 INFO:teuthology.orchestra.run.smithi078.stdout:/usr/bin/ceph: stderr
2024-05-21T15:06:39.221+0000 7f7fd1814700 1 Processor -- start
2024-05-21T15:06:40.053 INFO:teuthology.orchestra.run.smithi078.stdout:/usr/bin/ceph: stderr
2024-05-21T15:06:39.221+0000 7f7fd1814700 1 -- start start
2024-05-21T15:06:40.053 INFO:teuthology.orchestra.run.smithi078.stdout:/usr/bin/ceph: stderr
2024-05-21T15:06:39.222+0000 7f7fd1814700 1 --2- >> [v2:172.21.15.78:3300/0,v1:172.21.15.78:6789/0] conn(0x7f7fcc0761f0 0x7f7fcc19d150 unknown :-1 s=NONE pgs=0 cs=0 l=1 rev1=0 crypto rx=0 tx=0 comp rx=0 tx=0).connect
2024-05-21T15:06:40.053 INFO:teuthology.orchestra.run.smithi078.stdout:/usr/bin/ceph: stderr
2024-05-21T15:06:39.222+0000 7f7fd1814700 1 -- --> [v2:172.21.15.78:3300/0,v1:172.21.15.78:6789/0] -- mon_getmap magic: 0 -- 0x7f7fcc10d170 con 0x7f7fcc0761f0
2024-05-21T15:06:40.053 INFO:teuthology.orchestra.run.smithi078.stdout:/usr/bin/ceph: stderr
2024-05-21T15:06:39.222+0000 7f7fcaffd700 1 --2- >> [v2:172.21.15.78:3300/0,v1:172.21.15.78:6789/0] conn(0x7f7fcc0761f0 0x7f7fcc19d150 unknown :-1 s=BANNER_CONNECTING pgs=0 cs=0 l=1 rev1=0 crypto rx=0 tx=0 comp rx=0 tx=0)._handle_peer_banner_payload supported=3 required=0
2024-05-21T15:06:40.053 INFO:teuthology.orchestra.run.smithi078.stdout:/usr/bin/ceph: stderr
2024-05-21T15:06:39.222+0000 7f7fcaffd700 1 --2- >> [v2:172.21.15.78:3300/0,v1:172.21.15.78:6789/0] conn(0x7f7fcc0761f0 0x7f7fcc19d150 unknown :-1 s=HELLO_CONNECTING pgs=0 cs=0 l=1 rev1=1 crypto rx=0 tx=0 comp rx=0 tx=0).handle_hello peer v2:172.21.15.78:3300/0 says I am v2:172.21.15.78:43462/0 (socket says 172.21.15.78:43462)
2024-05-21T15:06:40.053 INFO:teuthology.orchestra.run.smithi078.stdout:/usr/bin/ceph: stderr
2024-05-21T15:06:39.222+0000 7f7fcaffd700 1 -- 172.21.15.78:0/3897849819 learned_addr learned my addr 172.21.15.78:0/3897849819 (peer_addr_for_me v2:172.21.15.78:0/0)
2024-05-21T15:06:40.053 INFO:teuthology.orchestra.run.smithi078.stdout:/usr/bin/ceph: stderr
2024-05-21T15:06:39.222+0000 7f7fcaffd700 1 -- 172.21.15.78:0/3897849819 --> [v2:172.21.15.78:3300/0,v1:172.21.15.78:6789/0] -- mon_subscribe({config=0+,monmap=0+}) -- 0x7f7fcc19d690 con 0x7f7fcc0761f0
2024-05-21T15:06:40.054 INFO:teuthology.orchestra.run.smithi078.stdout:/usr/bin/ceph: stderr
2024-05-21T15:06:39.222+0000 7f7fcaffd700 1 --2- 172.21.15.78:0/3897849819 >> [v2:172.21.15.78:3300/0,v1:172.21.15.78:6789/0] conn(0x7f7fcc0761f0 0x7f7fcc19d150 secure :-1 s=READY pgs=21 cs=0 l=1 rev1=1 crypto rx=0x7f7fbc009fb0 tx=0x7f7fbc011bf0 comp rx=0 tx=0).ready entity=mon.0 client_cookie=0 server_cookie=0 in_seq=0 out_seq=0
2024-05-21T15:06:40.054 INFO:teuthology.orchestra.run.smithi078.stdout:/usr/bin/ceph: stderr
2024-05-21T15:06:39.222+0000 7f7fd0812700 1 -- 172.21.15.78:0/3897849819 <== mon.0 v2:172.21.15.78:3300/0 1 ==== mon_map magic: 0 ==== 205+0+0 (secure 0 0 0) 0x7f7fbc0038b0 con 0x7f7fcc0761f0
2024-05-21T15:06:40.054 INFO:teuthology.orchestra.run.smithi078.stdout:/usr/bin/ceph: stderr
2024-05-21T15:06:39.222+0000 7f7fd0812700 1 -- 172.21.15.78:0/3897849819 <== mon.0 v2:172.21.15.78:3300/0 2 ==== config(27 keys) ==== 1109+0+0 (secure 0 0 0) 0x7f7fbc011e50 con 0x7f7fcc0761f0
2024-05-21T15:06:40.054 INFO:teuthology.orchestra.run.smithi078.stdout:/usr/bin/ceph: stderr
2024-05-21T15:06:39.222+0000 7f7fd1814700 1 -- 172.21.15.78:0/3897849819 --> [v2:172.21.15.78:3300/0,v1:172.21.15.78:6789/0] -- mon_subscribe({mgrmap=0+}) -- 0x7f7fcc19d920 con 0x7f7fcc0761f0
2024-05-21T15:06:40.054 INFO:teuthology.orchestra.run.smithi078.stdout:/usr/bin/ceph: stderr
2024-05-21T15:06:39.222+0000 7f7fd0812700 1 -- 172.21.15.78:0/3897849819 <== mon.0 v2:172.21.15.78:3300/0 3 ==== mon_map magic: 0 ==== 205+0+0 (secure 0 0 0) 0x7f7fbc019420 con 0x7f7fcc0761f0
2024-05-21T15:06:40.054 INFO:teuthology.orchestra.run.smithi078.stdout:/usr/bin/ceph: stderr
2024-05-21T15:06:39.222+0000 7f7fd1814700 1 -- 172.21.15.78:0/3897849819 --> [v2:172.21.15.78:3300/0,v1:172.21.15.78:6789/0] -- mon_subscribe({osdmap=0}) -- 0x7f7fcc1a0530 con 0x7f7fcc0761f0
2024-05-21T15:06:40.054 INFO:teuthology.orchestra.run.smithi078.stdout:/usr/bin/ceph: stderr
2024-05-21T15:06:39.223+0000 7f7fd0812700 1 -- 172.21.15.78:0/3897849819 <== mon.0 v2:172.21.15.78:3300/0 4 ==== mgrmap(e 4) ==== 46276+0+0 (secure 0 0 0) 0x7f7fbc019720 con 0x7f7fcc0761f0
2024-05-21T15:06:40.054 INFO:teuthology.orchestra.run.smithi078.stdout:/usr/bin/ceph: stderr
2024-05-21T15:06:39.223+0000 7f7fd0812700 1 --2- 172.21.15.78:0/3897849819 >> [v2:172.21.15.78:6800/888544333,v1:172.21.15.78:6801/888544333] conn(0x7f7fb4038fb0 0x7f7fb403b4c0 unknown :-1 s=NONE pgs=0 cs=0 l=1 rev1=0 crypto rx=0 tx=0 comp rx=0 tx=0).connect
2024-05-21T15:06:40.054 INFO:teuthology.orchestra.run.smithi078.stdout:/usr/bin/ceph: stderr
2024-05-21T15:06:39.223+0000 7f7fd0812700 1 -- 172.21.15.78:0/3897849819 <== mon.0 v2:172.21.15.78:3300/0 5 ==== osd_map(1..1 src has 1..1) ==== 725+0+0 (secure 0 0 0) 0x7f7fbc04e290 con 0x7f7fcc0761f0
2024-05-21T15:06:40.054 INFO:teuthology.orchestra.run.smithi078.stdout:/usr/bin/ceph: stderr
2024-05-21T15:06:39.224+0000 7f7fca7fc700 1 --2- 172.21.15.78:0/3897849819 >> [v2:172.21.15.78:6800/888544333,v1:172.21.15.78:6801/888544333] conn(0x7f7fb4038fb0 0x7f7fb403b4c0 unknown :-1 s=BANNER_CONNECTING pgs=0 cs=0 l=1 rev1=0 crypto rx=0 tx=0 comp rx=0 tx=0)._handle_peer_banner_payload supported=3 required=0
2024-05-21T15:06:40.054 INFO:teuthology.orchestra.run.smithi078.stdout:/usr/bin/ceph: stderr
2024-05-21T15:06:39.224+0000 7f7fd1814700 1 -- 172.21.15.78:0/3897849819 --> [v2:172.21.15.78:3300/0,v1:172.21.15.78:6789/0] -- mon_command({"prefix": "get_command_descriptions"} v 0) -- 0x7f7fcc063ca0 con 0x7f7fcc0761f0
2024-05-21T15:06:40.055 INFO:teuthology.orchestra.run.smithi078.stdout:/usr/bin/ceph: stderr
2024-05-21T15:06:39.224+0000 7f7fca7fc700 1 --2- 172.21.15.78:0/3897849819 >> [v2:172.21.15.78:6800/888544333,v1:172.21.15.78:6801/888544333] conn(0x7f7fb4038fb0 0x7f7fb403b4c0 secure :-1 s=READY pgs=7 cs=0 l=1 rev1=1 crypto rx=0x7f7fc0006fd0 tx=0x7f7fc0006e40 comp rx=0 tx=0).ready entity=mgr.14100 client_cookie=0 server_cookie=0 in_seq=0 out_seq=0
2024-05-21T15:06:40.055 INFO:teuthology.orchestra.run.smithi078.stdout:/usr/bin/ceph: stderr
2024-05-21T15:06:39.229+0000 7f7fd0812700 1 -- 172.21.15.78:0/3897849819 <== mon.0 v2:172.21.15.78:3300/0 6 ==== mon_command_ack([{"prefix": "get_command_descriptions"}]=0 v0) ==== 72+0+186418 (secure 0 0 0) 0x7f7fbc00bc70 con 0x7f7fcc0761f0
2024-05-21T15:06:40.055 INFO:teuthology.orchestra.run.smithi078.stdout:/usr/bin/ceph: stderr
2024-05-21T15:06:39.422+0000 7f7fd1814700 1 -- 172.21.15.78:0/3897849819 --> [v2:172.21.15.78:3300/0,v1:172.21.15.78:6789/0] -- mon_command({"prefix": "config assimilate-conf"} v 0) -- 0x7f7fcc1a0700 con 0x7f7fcc0761f0
2024-05-21T15:06:40.055 INFO:teuthology.orchestra.run.smithi078.stdout:/usr/bin/ceph: stderr
2024-05-21T15:06:39.424+0000 7f7fd0812700 1 -- 172.21.15.78:0/3897849819 <== mon.0 v2:172.21.15.78:3300/0 7 ==== mon_command_ack([{"prefix": "config assimilate-conf"}]=0 v3) ==== 70+0+398 (secure 0 0 0) 0x7f7fcc1a0700 con 0x7f7fcc0761f0
2024-05-21T15:06:40.055 INFO:teuthology.orchestra.run.smithi078.stdout:/usr/bin/ceph: stderr
2024-05-21T15:06:39.426+0000 7f7fd1814700 1 -- 172.21.15.78:0/3897849819 >> [v2:172.21.15.78:6800/888544333,v1:172.21.15.78:6801/888544333] conn(0x7f7fb4038fb0 msgr2=0x7f7fb403b4c0 secure :-1 s=STATE_CONNECTION_ESTABLISHED l=1).mark_down
2024-05-21T15:06:40.055 INFO:teuthology.orchestra.run.smithi078.stdout:/usr/bin/ceph: stderr
2024-05-21T15:06:39.426+0000 7f7fd1814700 1 --2- 172.21.15.78:0/3897849819 >> [v2:172.21.15.78:6800/888544333,v1:172.21.15.78:6801/888544333] conn(0x7f7fb4038fb0 0x7f7fb403b4c0 secure :-1 s=READY pgs=7 cs=0 l=1 rev1=1 crypto rx=0x7f7fc0006fd0 tx=0x7f7fc0006e40 comp rx=0 tx=0).stop
2024-05-21T15:06:40.055 INFO:teuthology.orchestra.run.smithi078.stdout:/usr/bin/ceph: stderr
2024-05-21T15:06:39.426+0000 7f7fd1814700 1 -- 172.21.15.78:0/3897849819 >> [v2:172.21.15.78:3300/0,v1:172.21.15.78:6789/0] conn(0x7f7fcc0761f0 msgr2=0x7f7fcc19d150 secure :-1 s=STATE_CONNECTION_ESTABLISHED l=1).mark_down
2024-05-21T15:06:40.055 INFO:teuthology.orchestra.run.smithi078.stdout:/usr/bin/ceph: stderr
2024-05-21T15:06:39.426+0000 7f7fd1814700 1 --2- 172.21.15.78:0/3897849819 >> [v2:172.21.15.78:3300/0,v1:172.21.15.78:6789/0] conn(0x7f7fcc0761f0 0x7f7fcc19d150 secure :-1 s=READY pgs=21 cs=0 l=1 rev1=1 crypto rx=0x7f7fbc009fb0 tx=0x7f7fbc011bf0 comp rx=0 tx=0).stop
2024-05-21T15:06:40.055 INFO:teuthology.orchestra.run.smithi078.stdout:/usr/bin/ceph: stderr
2024-05-21T15:06:39.426+0000 7f7fd1814700 1 -- 172.21.15.78:0/3897849819 shutdown_connections
2024-05-21T15:06:40.055 INFO:teuthology.orchestra.run.smithi078.stdout:/usr/bin/ceph: stderr
2024-05-21T15:06:39.426+0000 7f7fd1814700 1 --2- 172.21.15.78:0/3897849819 >> [v2:172.21.15.78:6800/888544333,v1:172.21.15.78:6801/888544333] conn(0x7f7fb4038fb0 0x7f7fb403b4c0 unknown :-1 s=CLOSED pgs=7 cs=0 l=1 rev1=1 crypto rx=0 tx=0 comp rx=0 tx=0).stop
2024-05-21T15:06:40.055 INFO:teuthology.orchestra.run.smithi078.stdout:/usr/bin/ceph: stderr
2024-05-21T15:06:39.426+0000 7f7fd1814700 1 --2- 172.21.15.78:0/3897849819 >> [v2:172.21.15.78:3300/0,v1:172.21.15.78:6789/0] conn(0x7f7fcc0761f0 0x7f7fcc19d150 unknown :-1 s=CLOSED pgs=21 cs=0 l=1 rev1=1 crypto rx=0 tx=0 comp rx=0 tx=0).stop
2024-05-21T15:06:40.055 INFO:teuthology.orchestra.run.smithi078.stdout:/usr/bin/ceph: stderr
2024-05-21T15:06:39.426+0000 7f7fd1814700 1 -- 172.21.15.78:0/3897849819 >> 172.21.15.78:0/3897849819 conn(0x7f7fcc103330 msgr2=0x7f7fcc103c60 unknown :-1 s=STATE_NONE l=0).mark_down
2024-05-21T15:06:40.055 INFO:teuthology.orchestra.run.smithi078.stdout:/usr/bin/ceph: stderr
2024-05-21T15:06:39.426+0000 7f7fd1814700 1 -- 172.21.15.78:0/3897849819 shutdown_connections
2024-05-21T15:06:40.056 INFO:teuthology.orchestra.run.smithi078.stdout:/usr/bin/ceph: stderr
2024-05-21T15:06:39.426+0000 7f7fd1814700 1 -- 172.21.15.78:0/3897849819 wait complete.
2024-05-21T15:06:40.056 INFO:teuthology.orchestra.run.smithi078.stdout:Enabling cephadm module...
2024-05-21T15:06:40.294 INFO:journalctl@ceph.mon.a.smithi078.stdout:May 21 15:06:40 smithi078 ceph-mon[31997]: from='client.? 172.21.15.78:0/3897849819' entity='client.admin' cmd=[{"prefix": "config assimilate-conf"}]: dispatch
2024-05-21T15:06:41.348 INFO:journalctl@ceph.mon.a.smithi078.stdout:May 21 15:06:41 smithi078 ceph-mon[31997]: from='client.? 172.21.15.78:0/2879934034' entity='client.admin' cmd=[{"prefix": "mgr module enable", "module": "cephadm"}]: dispatch
2024-05-21T15:06:41.348 INFO:journalctl@ceph.mgr.x.smithi078.stdout:May 21 15:06:41 smithi078 ceph-852c9762-1783-11ef-bc9a-c7b262605968-mgr-x[32226]: ignoring --setuser ceph since I am not root
2024-05-21T15:06:41.348 INFO:journalctl@ceph.mgr.x.smithi078.stdout:May 21 15:06:41 smithi078 ceph-852c9762-1783-11ef-bc9a-c7b262605968-mgr-x[32226]: ignoring --setgroup ceph since I am not root
2024-05-21T15:06:41.348 INFO:journalctl@ceph.mgr.x.smithi078.stdout:May 21 15:06:41 smithi078 ceph-852c9762-1783-11ef-bc9a-c7b262605968-mgr-x[32226]:
2024-05-21T15:06:41.237+0000 7f53caf05200 -1 mgr[py] Module balancer has missing NOTIFY_TYPES member
2024-05-21T15:06:41.656 INFO:journalctl@ceph.mgr.x.smithi078.stdout:May 21 15:06:41 smithi078 ceph-852c9762-1783-11ef-bc9a-c7b262605968-mgr-x[32226]:
2024-05-21T15:06:41.426+0000 7f53caf05200 -1 mgr[py] Module orchestrator has missing NOTIFY_TYPES member
2024-05-21T15:06:41.656 INFO:journalctl@ceph.mgr.x.smithi078.stdout:May 21 15:06:41 smithi078 ceph-852c9762-1783-11ef-bc9a-c7b262605968-mgr-x[32226]:
2024-05-21T15:06:41.531+0000 7f53caf05200 -1 mgr[py] Module snap_schedule has missing NOTIFY_TYPES member
2024-05-21T15:06:41.664 INFO:teuthology.orchestra.run.smithi078.stdout:/usr/bin/ceph: stderr
2024-05-21T15:06:40.487+0000 7f6f8d50d700 1 Processor -- start
2024-05-21T15:06:41.664 INFO:teuthology.orchestra.run.smithi078.stdout:/usr/bin/ceph: stderr
2024-05-21T15:06:40.487+0000 7f6f8d50d700 1 -- start start
2024-05-21T15:06:41.664 INFO:teuthology.orchestra.run.smithi078.stdout:/usr/bin/ceph: stderr
2024-05-21T15:06:40.487+0000 7f6f8d50d700 1 --2- >> [v2:172.21.15.78:3300/0,v1:172.21.15.78:6789/0] conn(0x7f6f881091a0 0x7f6f881095d0 unknown :-1 s=NONE pgs=0 cs=0 l=0 rev1=0 crypto rx=0 tx=0 comp rx=0 tx=0).connect
2024-05-21T15:06:41.664 INFO:teuthology.orchestra.run.smithi078.stdout:/usr/bin/ceph: stderr
2024-05-21T15:06:40.487+0000 7f6f8d50d700 1 -- --> [v2:172.21.15.78:3300/0,v1:172.21.15.78:6789/0] -- mon_getmap magic: 0 -- 0x7f6f88109be0 con 0x7f6f881091a0
2024-05-21T15:06:41.664 INFO:teuthology.orchestra.run.smithi078.stdout:/usr/bin/ceph: stderr
2024-05-21T15:06:40.487+0000 7f6f86ffd700 1 --2- >> [v2:172.21.15.78:3300/0,v1:172.21.15.78:6789/0] conn(0x7f6f881091a0 0x7f6f881095d0 unknown :-1 s=BANNER_CONNECTING pgs=0 cs=0 l=0 rev1=0 crypto rx=0 tx=0 comp rx=0 tx=0)._handle_peer_banner_payload supported=3 required=0
2024-05-21T15:06:41.664 INFO:teuthology.orchestra.run.smithi078.stdout:/usr/bin/ceph: stderr
2024-05-21T15:06:40.488+0000 7f6f86ffd700 1 --2- >> [v2:172.21.15.78:3300/0,v1:172.21.15.78:6789/0] conn(0x7f6f881091a0 0x7f6f881095d0 unknown :-1 s=HELLO_CONNECTING pgs=0 cs=0 l=0 rev1=1 crypto rx=0 tx=0 comp rx=0 tx=0).handle_hello peer v2:172.21.15.78:3300/0 says I am v2:172.21.15.78:43472/0 (socket says 172.21.15.78:43472)
2024-05-21T15:06:41.664 INFO:teuthology.orchestra.run.smithi078.stdout:/usr/bin/ceph: stderr
2024-05-21T15:06:40.488+0000 7f6f86ffd700 1 -- 172.21.15.78:0/1442677448 learned_addr learned my addr 172.21.15.78:0/1442677448 (peer_addr_for_me v2:172.21.15.78:0/0)
2024-05-21T15:06:41.664 INFO:teuthology.orchestra.run.smithi078.stdout:/usr/bin/ceph: stderr
2024-05-21T15:06:40.488+0000 7f6f86ffd700 1 -- 172.21.15.78:0/1442677448 --> [v2:172.21.15.78:3300/0,v1:172.21.15.78:6789/0] -- mon_subscribe({config=0+,monmap=0+}) -- 0x7f6f88109d60 con 0x7f6f881091a0
2024-05-21T15:06:41.664 INFO:teuthology.orchestra.run.smithi078.stdout:/usr/bin/ceph: stderr
2024-05-21T15:06:40.488+0000 7f6f86ffd700 1 --2- 172.21.15.78:0/1442677448 >> [v2:172.21.15.78:3300/0,v1:172.21.15.78:6789/0] conn(0x7f6f881091a0 0x7f6f881095d0 secure :-1 s=READY pgs=22 cs=0 l=1 rev1=1 crypto rx=0x7f6f780098a0 tx=0x7f6f78009bb0 comp rx=0 tx=0).ready entity=mon.0 client_cookie=8591b18ba9fa0960 server_cookie=0 in_seq=0 out_seq=0
2024-05-21T15:06:41.664 INFO:teuthology.orchestra.run.smithi078.stdout:/usr/bin/ceph: stderr
2024-05-21T15:06:40.488+0000 7f6f867fc700 1 -- 172.21.15.78:0/1442677448 <== mon.0 v2:172.21.15.78:3300/0 1 ==== mon_map magic: 0 ==== 205+0+0 (secure 0 0 0) 0x7f6f78004160 con 0x7f6f881091a0
2024-05-21T15:06:41.665 INFO:teuthology.orchestra.run.smithi078.stdout:/usr/bin/ceph: stderr
2024-05-21T15:06:40.488+0000 7f6f867fc700 1 -- 172.21.15.78:0/1442677448 <== mon.0 v2:172.21.15.78:3300/0 2 ==== config(27 keys) ==== 1109+0+0 (secure 0 0 0) 0x7f6f78004300 con 0x7f6f881091a0
2024-05-21T15:06:41.665 INFO:teuthology.orchestra.run.smithi078.stdout:/usr/bin/ceph: stderr
2024-05-21T15:06:40.488+0000 7f6f867fc700 1 -- 172.21.15.78:0/1442677448 <== mon.0 v2:172.21.15.78:3300/0 3 ==== mon_map magic: 0 ==== 205+0+0 (secure 0 0 0) 0x7f6f78011b50 con 0x7f6f881091a0
2024-05-21T15:06:41.665 INFO:teuthology.orchestra.run.smithi078.stdout:/usr/bin/ceph: stderr
2024-05-21T15:06:40.489+0000 7f6f8d50d700 1 -- 172.21.15.78:0/1442677448 >> [v2:172.21.15.78:3300/0,v1:172.21.15.78:6789/0] conn(0x7f6f881091a0 msgr2=0x7f6f881095d0 secure :-1 s=STATE_CONNECTION_ESTABLISHED l=1).mark_down
2024-05-21T15:06:41.665 INFO:teuthology.orchestra.run.smithi078.stdout:/usr/bin/ceph: stderr
2024-05-21T15:06:40.489+0000 7f6f8d50d700 1 --2- 172.21.15.78:0/1442677448 >> [v2:172.21.15.78:3300/0,v1:172.21.15.78:6789/0] conn(0x7f6f881091a0 0x7f6f881095d0 secure :-1 s=READY pgs=22 cs=0 l=1 rev1=1 crypto rx=0x7f6f780098a0 tx=0x7f6f78009bb0 comp rx=0 tx=0).stop
2024-05-21T15:06:41.665 INFO:teuthology.orchestra.run.smithi078.stdout:/usr/bin/ceph: stderr
2024-05-21T15:06:40.489+0000 7f6f8d50d700 1 -- 172.21.15.78:0/1442677448 shutdown_connections
2024-05-21T15:06:41.665 INFO:teuthology.orchestra.run.smithi078.stdout:/usr/bin/ceph: stderr
2024-05-21T15:06:40.489+0000 7f6f8d50d700 1 --2- 172.21.15.78:0/1442677448 >> [v2:172.21.15.78:3300/0,v1:172.21.15.78:6789/0] conn(0x7f6f881091a0 0x7f6f881095d0 unknown :-1 s=CLOSED pgs=22 cs=0 l=1 rev1=1 crypto rx=0 tx=0 comp rx=0 tx=0).stop
2024-05-21T15:06:41.665 INFO:teuthology.orchestra.run.smithi078.stdout:/usr/bin/ceph: stderr
2024-05-21T15:06:40.489+0000 7f6f8d50d700 1 -- 172.21.15.78:0/1442677448 >> 172.21.15.78:0/1442677448 conn(0x7f6f88102ab0 msgr2=0x7f6f88104f40 unknown :-1 s=STATE_NONE l=0).mark_down
2024-05-21T15:06:41.665 INFO:teuthology.orchestra.run.smithi078.stdout:/usr/bin/ceph: stderr
2024-05-21T15:06:40.489+0000 7f6f8d50d700 1 -- 172.21.15.78:0/1442677448 shutdown_connections
2024-05-21T15:06:41.665 INFO:teuthology.orchestra.run.smithi078.stdout:/usr/bin/ceph: stderr
2024-05-21T15:06:40.489+0000 7f6f8d50d700 1 -- 172.21.15.78:0/1442677448 wait complete.
2024-05-21T15:06:41.665 INFO:teuthology.orchestra.run.smithi078.stdout:/usr/bin/ceph: stderr
2024-05-21T15:06:40.490+0000 7f6f8d50d700 1 Processor -- start
2024-05-21T15:06:41.665 INFO:teuthology.orchestra.run.smithi078.stdout:/usr/bin/ceph: stderr
2024-05-21T15:06:40.490+0000 7f6f8d50d700 1 -- start start
2024-05-21T15:06:41.665 INFO:teuthology.orchestra.run.smithi078.stdout:/usr/bin/ceph: stderr
2024-05-21T15:06:40.490+0000 7f6f8d50d700 1 --2- >> [v2:172.21.15.78:3300/0,v1:172.21.15.78:6789/0] conn(0x7f6f881091a0 0x7f6f8819d170 unknown :-1 s=NONE pgs=0 cs=0 l=1 rev1=0 crypto rx=0 tx=0 comp rx=0 tx=0).connect
2024-05-21T15:06:41.666 INFO:teuthology.orchestra.run.smithi078.stdout:/usr/bin/ceph: stderr
2024-05-21T15:06:40.490+0000 7f6f8d50d700 1 -- --> [v2:172.21.15.78:3300/0,v1:172.21.15.78:6789/0] -- mon_getmap magic: 0 -- 0x7f6f8810c1b0 con 0x7f6f881091a0
2024-05-21T15:06:41.666 INFO:teuthology.orchestra.run.smithi078.stdout:/usr/bin/ceph: stderr
2024-05-21T15:06:40.490+0000 7f6f86ffd700 1 --2- >> [v2:172.21.15.78:3300/0,v1:172.21.15.78:6789/0] conn(0x7f6f881091a0 0x7f6f8819d170 unknown :-1 s=BANNER_CONNECTING pgs=0 cs=0 l=1 rev1=0 crypto rx=0 tx=0 comp rx=0 tx=0)._handle_peer_banner_payload supported=3 required=0
2024-05-21T15:06:41.666 INFO:teuthology.orchestra.run.smithi078.stdout:/usr/bin/ceph: stderr
2024-05-21T15:06:40.490+0000 7f6f86ffd700 1 --2- >> [v2:172.21.15.78:3300/0,v1:172.21.15.78:6789/0] conn(0x7f6f881091a0 0x7f6f8819d170 unknown :-1 s=HELLO_CONNECTING pgs=0 cs=0 l=1 rev1=1 crypto rx=0 tx=0 comp rx=0 tx=0).handle_hello peer v2:172.21.15.78:3300/0 says I am v2:172.21.15.78:43476/0 (socket says 172.21.15.78:43476)
2024-05-21T15:06:41.666 INFO:teuthology.orchestra.run.smithi078.stdout:/usr/bin/ceph: stderr
2024-05-21T15:06:40.490+0000 7f6f86ffd700 1 -- 172.21.15.78:0/2879934034 learned_addr learned my addr 172.21.15.78:0/2879934034 (peer_addr_for_me v2:172.21.15.78:0/0)
2024-05-21T15:06:41.666 INFO:teuthology.orchestra.run.smithi078.stdout:/usr/bin/ceph: stderr
2024-05-21T15:06:40.490+0000 7f6f86ffd700 1 -- 172.21.15.78:0/2879934034 --> [v2:172.21.15.78:3300/0,v1:172.21.15.78:6789/0] -- mon_subscribe({config=0+,monmap=0+}) -- 0x7f6f8819d6b0 con 0x7f6f881091a0
2024-05-21T15:06:41.666 INFO:teuthology.orchestra.run.smithi078.stdout:/usr/bin/ceph: stderr
2024-05-21T15:06:40.491+0000 7f6f86ffd700 1 --2- 172.21.15.78:0/2879934034 >> [v2:172.21.15.78:3300/0,v1:172.21.15.78:6789/0] conn(0x7f6f881091a0 0x7f6f8819d170 secure :-1 s=READY pgs=23 cs=0 l=1 rev1=1 crypto rx=0x7f6f78009fb0 tx=0x7f6f78011bf0 comp rx=0 tx=0).ready entity=mon.0 client_cookie=0 server_cookie=0 in_seq=0 out_seq=0
2024-05-21T15:06:41.666 INFO:teuthology.orchestra.run.smithi078.stdout:/usr/bin/ceph: stderr
2024-05-21T15:06:40.491+0000 7f6f84ff9700 1 -- 172.21.15.78:0/2879934034 <== mon.0 v2:172.21.15.78:3300/0 1 ==== mon_map magic: 0 ==== 205+0+0 (secure 0 0 0) 0x7f6f780038b0 con 0x7f6f881091a0
2024-05-21T15:06:41.666 INFO:teuthology.orchestra.run.smithi078.stdout:/usr/bin/ceph: stderr
2024-05-21T15:06:40.491+0000 7f6f84ff9700 1 -- 172.21.15.78:0/2879934034 <== mon.0 v2:172.21.15.78:3300/0 2 ==== config(27 keys) ==== 1109+0+0 (secure 0 0 0) 0x7f6f78011e50 con 0x7f6f881091a0
2024-05-21T15:06:41.666 INFO:teuthology.orchestra.run.smithi078.stdout:/usr/bin/ceph: stderr
2024-05-21T15:06:40.491+0000 7f6f8d50d700 1 -- 172.21.15.78:0/2879934034 --> [v2:172.21.15.78:3300/0,v1:172.21.15.78:6789/0] -- mon_subscribe({mgrmap=0+}) -- 0x7f6f8819d940 con 0x7f6f881091a0
2024-05-21T15:06:41.666 INFO:teuthology.orchestra.run.smithi078.stdout:/usr/bin/ceph: stderr
2024-05-21T15:06:40.491+0000 7f6f84ff9700 1 -- 172.21.15.78:0/2879934034 <== mon.0 v2:172.21.15.78:3300/0 3 ==== mon_map magic: 0 ==== 205+0+0 (secure 0 0 0) 0x7f6f78019550 con 0x7f6f881091a0
2024-05-21T15:06:41.666 INFO:teuthology.orchestra.run.smithi078.stdout:/usr/bin/ceph: stderr
2024-05-21T15:06:40.491+0000 7f6f8d50d700 1 -- 172.21.15.78:0/2879934034 --> [v2:172.21.15.78:3300/0,v1:172.21.15.78:6789/0] -- mon_subscribe({osdmap=0}) -- 0x7f6f881a0550 con 0x7f6f881091a0
2024-05-21T15:06:41.666 INFO:teuthology.orchestra.run.smithi078.stdout:/usr/bin/ceph: stderr
2024-05-21T15:06:40.492+0000 7f6f84ff9700 1 -- 172.21.15.78:0/2879934034 <== mon.0 v2:172.21.15.78:3300/0 4 ==== mgrmap(e 4) ==== 46276+0+0 (secure 0 0 0) 0x7f6f78019800 con 0x7f6f881091a0
2024-05-21T15:06:41.667 INFO:teuthology.orchestra.run.smithi078.stdout:/usr/bin/ceph: stderr
2024-05-21T15:06:40.492+0000 7f6f8d50d700 1 -- 172.21.15.78:0/2879934034 --> [v2:172.21.15.78:3300/0,v1:172.21.15.78:6789/0] -- mon_command({"prefix": "get_command_descriptions"} v 0) -- 0x7f6f88063ca0 con 0x7f6f881091a0
2024-05-21T15:06:41.667 INFO:teuthology.orchestra.run.smithi078.stdout:/usr/bin/ceph: stderr
2024-05-21T15:06:40.492+0000 7f6f84ff9700 1 --2- 172.21.15.78:0/2879934034 >> [v2:172.21.15.78:6800/888544333,v1:172.21.15.78:6801/888544333] conn(0x7f6f74039000 0x7f6f7403b510 unknown :-1 s=NONE pgs=0 cs=0 l=1 rev1=0 crypto rx=0 tx=0 comp rx=0 tx=0).connect
2024-05-21T15:06:41.667 INFO:teuthology.orchestra.run.smithi078.stdout:/usr/bin/ceph: stderr
2024-05-21T15:06:40.492+0000 7f6f84ff9700 1 -- 172.21.15.78:0/2879934034 <== mon.0 v2:172.21.15.78:3300/0 5 ==== osd_map(1..1 src has 1..1) ==== 725+0+0 (secure 0 0 0) 0x7f6f7804d1b0 con 0x7f6f881091a0
2024-05-21T15:06:41.667 INFO:teuthology.orchestra.run.smithi078.stdout:/usr/bin/ceph: stderr
2024-05-21T15:06:40.492+0000 7f6f7e7fc700 1 --2- 172.21.15.78:0/2879934034 >> [v2:172.21.15.78:6800/888544333,v1:172.21.15.78:6801/888544333] conn(0x7f6f74039000 0x7f6f7403b510 unknown :-1 s=BANNER_CONNECTING pgs=0 cs=0 l=1 rev1=0 crypto rx=0 tx=0 comp rx=0 tx=0)._handle_peer_banner_payload supported=3 required=0
2024-05-21T15:06:41.667 INFO:teuthology.orchestra.run.smithi078.stdout:/usr/bin/ceph: stderr
2024-05-21T15:06:40.492+0000 7f6f7e7fc700 1 --2- 172.21.15.78:0/2879934034 >> [v2:172.21.15.78:6800/888544333,v1:172.21.15.78:6801/888544333] conn(0x7f6f74039000 0x7f6f7403b510 secure :-1 s=READY pgs=8 cs=0 l=1 rev1=1 crypto rx=0x7f6f70006fd0 tx=0x7f6f70006e40 comp rx=0 tx=0).ready entity=mgr.14100 client_cookie=0 server_cookie=0 in_seq=0 out_seq=0
2024-05-21T15:06:41.667 INFO:teuthology.orchestra.run.smithi078.stdout:/usr/bin/ceph: stderr
2024-05-21T15:06:40.497+0000 7f6f84ff9700 1 -- 172.21.15.78:0/2879934034 <== mon.0 v2:172.21.15.78:3300/0 6 ==== mon_command_ack([{"prefix": "get_command_descriptions"}]=0 v0) ==== 72+0+186418 (secure 0 0 0) 0x7f6f7800fda0 con 0x7f6f881091a0
2024-05-21T15:06:41.667 INFO:teuthology.orchestra.run.smithi078.stdout:/usr/bin/ceph: stderr
2024-05-21T15:06:40.750+0000 7f6f8d50d700 1 -- 172.21.15.78:0/2879934034 --> [v2:172.21.15.78:3300/0,v1:172.21.15.78:6789/0] -- mon_command({"prefix": "mgr module enable", "module": "cephadm"} v 0) -- 0x7f6f8802df60 con 0x7f6f881091a0
2024-05-21T15:06:41.667 INFO:teuthology.orchestra.run.smithi078.stdout:/usr/bin/ceph: stderr
2024-05-21T15:06:41.038+0000 7f6f84ff9700 1 -- 172.21.15.78:0/2879934034 <== mon.0 v2:172.21.15.78:3300/0 7 ==== mon_command_ack([{"prefix": "mgr module enable", "module": "cephadm"}]=0 v5) ==== 86+0+0 (secure 0 0 0) 0x7f6f7802d960 con 0x7f6f881091a0
2024-05-21T15:06:41.667 INFO:teuthology.orchestra.run.smithi078.stdout:/usr/bin/ceph: stderr
2024-05-21T15:06:41.040+0000 7f6f84ff9700 1 -- 172.21.15.78:0/2879934034 <== mon.0 v2:172.21.15.78:3300/0 8 ==== mgrmap(e 5) ==== 46287+0+0 (secure 0 0 0) 0x7f6f7802d440 con 0x7f6f881091a0
2024-05-21T15:06:41.667 INFO:teuthology.orchestra.run.smithi078.stdout:/usr/bin/ceph: stderr
2024-05-21T15:06:41.041+0000 7f6f8d50d700 1 -- 172.21.15.78:0/2879934034 >> [v2:172.21.15.78:6800/888544333,v1:172.21.15.78:6801/888544333] conn(0x7f6f74039000 msgr2=0x7f6f7403b510 secure :-1 s=STATE_CONNECTION_ESTABLISHED l=1).mark_down
2024-05-21T15:06:41.667 INFO:teuthology.orchestra.run.smithi078.stdout:/usr/bin/ceph: stderr
2024-05-21T15:06:41.041+0000 7f6f8d50d700 1 --2- 172.21.15.78:0/2879934034 >> [v2:172.21.15.78:6800/888544333,v1:172.21.15.78:6801/888544333] conn(0x7f6f74039000 0x7f6f7403b510 secure :-1 s=READY pgs=8 cs=0 l=1 rev1=1 crypto rx=0x7f6f70006fd0 tx=0x7f6f70006e40 comp rx=0 tx=0).stop
2024-05-21T15:06:41.667 INFO:teuthology.orchestra.run.smithi078.stdout:/usr/bin/ceph: stderr
2024-05-21T15:06:41.041+0000 7f6f8d50d700 1 -- 172.21.15.78:0/2879934034 >> [v2:172.21.15.78:3300/0,v1:172.21.15.78:6789/0] conn(0x7f6f881091a0 msgr2=0x7f6f8819d170 secure :-1 s=STATE_CONNECTION_ESTABLISHED l=1).mark_down
2024-05-21T15:06:41.668 INFO:teuthology.orchestra.run.smithi078.stdout:/usr/bin/ceph: stderr
2024-05-21T15:06:41.041+0000 7f6f8d50d700 1 --2- 172.21.15.78:0/2879934034 >> [v2:172.21.15.78:3300/0,v1:172.21.15.78:6789/0] conn(0x7f6f881091a0 0x7f6f8819d170 secure :-1 s=READY pgs=23 cs=0 l=1 rev1=1 crypto rx=0x7f6f78009fb0 tx=0x7f6f78011bf0 comp rx=0 tx=0).stop
2024-05-21T15:06:41.668 INFO:teuthology.orchestra.run.smithi078.stdout:/usr/bin/ceph: stderr
2024-05-21T15:06:41.041+0000 7f6f8d50d700 1 -- 172.21.15.78:0/2879934034 shutdown_connections
2024-05-21T15:06:41.668 INFO:teuthology.orchestra.run.smithi078.stdout:/usr/bin/ceph: stderr
2024-05-21T15:06:41.041+0000 7f6f8d50d700 1 --2- 172.21.15.78:0/2879934034 >> [v2:172.21.15.78:6800/888544333,v1:172.21.15.78:6801/888544333] conn(0x7f6f74039000 0x7f6f7403b510 unknown :-1 s=CLOSED pgs=8 cs=0 l=1 rev1=1 crypto rx=0 tx=0 comp rx=0 tx=0).stop
2024-05-21T15:06:41.668 INFO:teuthology.orchestra.run.smithi078.stdout:/usr/bin/ceph: stderr
2024-05-21T15:06:41.041+0000 7f6f8d50d700 1 --2- 172.21.15.78:0/2879934034 >> [v2:172.21.15.78:3300/0,v1:172.21.15.78:6789/0] conn(0x7f6f881091a0 0x7f6f8819d170 unknown :-1 s=CLOSED pgs=23 cs=0 l=1 rev1=1 crypto rx=0 tx=0 comp rx=0 tx=0).stop
2024-05-21T15:06:41.668 INFO:teuthology.orchestra.run.smithi078.stdout:/usr/bin/ceph: stderr
2024-05-21T15:06:41.041+0000 7f6f8d50d700 1 -- 172.21.15.78:0/2879934034 >> 172.21.15.78:0/2879934034 conn(0x7f6f88102ab0 msgr2=0x7f6f88193740 unknown :-1 s=STATE_NONE l=0).mark_down
2024-05-21T15:06:41.668 INFO:teuthology.orchestra.run.smithi078.stdout:/usr/bin/ceph: stderr
2024-05-21T15:06:41.041+0000 7f6f8d50d700 1 -- 172.21.15.78:0/2879934034 shutdown_connections
2024-05-21T15:06:41.668 INFO:teuthology.orchestra.run.smithi078.stdout:/usr/bin/ceph: stderr
2024-05-21T15:06:41.042+0000 7f6f8d50d700 1 -- 172.21.15.78:0/2879934034 wait complete.
2024-05-21T15:06:41.942 INFO:journalctl@ceph.mgr.x.smithi078.stdout:May 21 15:06:41 smithi078 ceph-852c9762-1783-11ef-bc9a-c7b262605968-mgr-x[32226]:
2024-05-21T15:06:41.848+0000 7f53caf05200 -1 mgr[py] Module progress has missing NOTIFY_TYPES member
2024-05-21T15:06:41.942 INFO:journalctl@ceph.mgr.x.smithi078.stdout:May 21 15:06:41 smithi078 ceph-852c9762-1783-11ef-bc9a-c7b262605968-mgr-x[32226]:
2024-05-21T15:06:41.939+0000 7f53caf05200 -1 mgr[py] Module influx has missing NOTIFY_TYPES member
2024-05-21T15:06:42.292 INFO:journalctl@ceph.mon.a.smithi078.stdout:May 21 15:06:42 smithi078 ceph-mon[31997]: from='client.? 172.21.15.78:0/2879934034' entity='client.admin' cmd='[{"prefix": "mgr module enable", "module": "cephadm"}]': finished
2024-05-21T15:06:42.292 INFO:journalctl@ceph.mon.a.smithi078.stdout:May 21 15:06:42 smithi078 ceph-mon[31997]: mgrmap e5: x(active, since 6s)
2024-05-21T15:06:42.933 INFO:teuthology.orchestra.run.smithi078.stdout:/usr/bin/ceph: stdout {
2024-05-21T15:06:42.933 INFO:teuthology.orchestra.run.smithi078.stdout:/usr/bin/ceph: stdout "epoch": 5,
2024-05-21T15:06:42.933 INFO:teuthology.orchestra.run.smithi078.stdout:/usr/bin/ceph: stdout "available": true,
2024-05-21T15:06:42.933 INFO:teuthology.orchestra.run.smithi078.stdout:/usr/bin/ceph: stdout "active_name": "x",
2024-05-21T15:06:42.933 INFO:teuthology.orchestra.run.smithi078.stdout:/usr/bin/ceph: stdout "num_standby": 0
2024-05-21T15:06:42.933 INFO:teuthology.orchestra.run.smithi078.stdout:/usr/bin/ceph: stdout }
2024-05-21T15:06:42.933 INFO:teuthology.orchestra.run.smithi078.stdout:/usr/bin/ceph: stderr
2024-05-21T15:06:42.083+0000 7fb314ee3700 1 Processor -- start
2024-05-21T15:06:42.934 INFO:teuthology.orchestra.run.smithi078.stdout:/usr/bin/ceph: stderr
2024-05-21T15:06:42.083+0000 7fb314ee3700 1 -- start start
2024-05-21T15:06:42.934 INFO:teuthology.orchestra.run.smithi078.stdout:/usr/bin/ceph: stderr
2024-05-21T15:06:42.083+0000 7fb314ee3700 1 --2- >> [v2:172.21.15.78:3300/0,v1:172.21.15.78:6789/0] conn(0x7fb310107c30 0x7fb310108040 unknown :-1 s=NONE pgs=0 cs=0 l=0 rev1=0 crypto rx=0 tx=0 comp rx=0 tx=0).connect
2024-05-21T15:06:42.934 INFO:teuthology.orchestra.run.smithi078.stdout:/usr/bin/ceph: stderr
2024-05-21T15:06:42.083+0000 7fb314ee3700 1 -- --> [v2:172.21.15.78:3300/0,v1:172.21.15.78:6789/0] -- mon_getmap magic: 0 -- 0x7fb310108630 con 0x7fb310107c30
2024-05-21T15:06:42.934 INFO:teuthology.orchestra.run.smithi078.stdout:/usr/bin/ceph: stderr
2024-05-21T15:06:42.083+0000 7fb30e59c700 1 --2- >> [v2:172.21.15.78:3300/0,v1:172.21.15.78:6789/0] conn(0x7fb310107c30 0x7fb310108040 unknown :-1 s=BANNER_CONNECTING pgs=0 cs=0 l=0 rev1=0 crypto rx=0 tx=0 comp rx=0 tx=0)._handle_peer_banner_payload supported=3 required=0
2024-05-21T15:06:42.934 INFO:teuthology.orchestra.run.smithi078.stdout:/usr/bin/ceph: stderr
2024-05-21T15:06:42.083+0000 7fb30e59c700 1 --2- >> [v2:172.21.15.78:3300/0,v1:172.21.15.78:6789/0] conn(0x7fb310107c30 0x7fb310108040 unknown :-1 s=HELLO_CONNECTING pgs=0 cs=0 l=0 rev1=1 crypto rx=0 tx=0 comp rx=0 tx=0).handle_hello peer v2:172.21.15.78:3300/0 says I am v2:172.21.15.78:43510/0 (socket says 172.21.15.78:43510)
2024-05-21T15:06:42.934 INFO:teuthology.orchestra.run.smithi078.stdout:/usr/bin/ceph: stderr
2024-05-21T15:06:42.083+0000 7fb30e59c700 1 -- 172.21.15.78:0/3492794935 learned_addr learned my addr 172.21.15.78:0/3492794935 (peer_addr_for_me v2:172.21.15.78:0/0)
2024-05-21T15:06:42.934 INFO:teuthology.orchestra.run.smithi078.stdout:/usr/bin/ceph: stderr
2024-05-21T15:06:42.084+0000 7fb30e59c700 1 -- 172.21.15.78:0/3492794935 --> [v2:172.21.15.78:3300/0,v1:172.21.15.78:6789/0] -- mon_subscribe({config=0+,monmap=0+}) -- 0x7fb310108ec0 con 0x7fb310107c30
2024-05-21T15:06:42.935 INFO:teuthology.orchestra.run.smithi078.stdout:/usr/bin/ceph: stderr
2024-05-21T15:06:42.084+0000 7fb30e59c700 1 --2- 172.21.15.78:0/3492794935 >> [v2:172.21.15.78:3300/0,v1:172.21.15.78:6789/0] conn(0x7fb310107c30 0x7fb310108040 secure :-1 s=READY pgs=26 cs=0 l=1 rev1=1 crypto rx=0x7fb3000098a0 tx=0x7fb300009bb0 comp rx=0 tx=0).ready entity=mon.0 client_cookie=182bdb61edf0eac6 server_cookie=0 in_seq=0 out_seq=0
2024-05-21T15:06:42.935 INFO:teuthology.orchestra.run.smithi078.stdout:/usr/bin/ceph: stderr
2024-05-21T15:06:42.084+0000 7fb30d59a700 1 -- 172.21.15.78:0/3492794935 <== mon.0 v2:172.21.15.78:3300/0 1 ==== mon_map magic: 0 ==== 205+0+0 (secure 0 0 0) 0x7fb300004160 con 0x7fb310107c30
2024-05-21T15:06:42.935 INFO:teuthology.orchestra.run.smithi078.stdout:/usr/bin/ceph: stderr
2024-05-21T15:06:42.084+0000 7fb30d59a700 1 -- 172.21.15.78:0/3492794935 <== mon.0 v2:172.21.15.78:3300/0 2 ==== config(27 keys) ==== 1109+0+0 (secure 0 0 0) 0x7fb300004300 con 0x7fb310107c30
2024-05-21T15:06:42.935 INFO:teuthology.orchestra.run.smithi078.stdout:/usr/bin/ceph: stderr
2024-05-21T15:06:42.084+0000 7fb30d59a700 1 -- 172.21.15.78:0/3492794935 <== mon.0 v2:172.21.15.78:3300/0 3 ==== mon_map magic: 0 ==== 205+0+0 (secure 0 0 0) 0x7fb300011b50 con 0x7fb310107c30
2024-05-21T15:06:42.935 INFO:teuthology.orchestra.run.smithi078.stdout:/usr/bin/ceph: stderr
2024-05-21T15:06:42.085+0000 7fb314ee3700 1 -- 172.21.15.78:0/3492794935 >> [v2:172.21.15.78:3300/0,v1:172.21.15.78:6789/0] conn(0x7fb310107c30 msgr2=0x7fb310108040 secure :-1 s=STATE_CONNECTION_ESTABLISHED l=1).mark_down
2024-05-21T15:06:42.935 INFO:teuthology.orchestra.run.smithi078.stdout:/usr/bin/ceph: stderr
2024-05-21T15:06:42.085+0000 7fb314ee3700 1 --2- 172.21.15.78:0/3492794935 >> [v2:172.21.15.78:3300/0,v1:172.21.15.78:6789/0] conn(0x7fb310107c30 0x7fb310108040 secure :-1 s=READY pgs=26 cs=0 l=1 rev1=1 crypto rx=0x7fb3000098a0 tx=0x7fb300009bb0 comp rx=0 tx=0).stop
2024-05-21T15:06:42.935 INFO:teuthology.orchestra.run.smithi078.stdout:/usr/bin/ceph: stderr
2024-05-21T15:06:42.085+0000 7fb314ee3700 1 -- 172.21.15.78:0/3492794935 shutdown_connections
2024-05-21T15:06:42.936 INFO:teuthology.orchestra.run.smithi078.stdout:/usr/bin/ceph: stderr
2024-05-21T15:06:42.085+0000 7fb314ee3700 1 --2- 172.21.15.78:0/3492794935 >> [v2:172.21.15.78:3300/0,v1:172.21.15.78:6789/0] conn(0x7fb310107c30 0x7fb310108040 unknown :-1 s=CLOSED pgs=26 cs=0 l=1 rev1=1 crypto rx=0 tx=0 comp rx=0 tx=0).stop
2024-05-21T15:06:42.936 INFO:teuthology.orchestra.run.smithi078.stdout:/usr/bin/ceph: stderr
2024-05-21T15:06:42.085+0000 7fb314ee3700 1 -- 172.21.15.78:0/3492794935 >> 172.21.15.78:0/3492794935 conn(0x7fb310103330 msgr2=0x7fb3101057e0 unknown :-1 s=STATE_NONE l=0).mark_down
2024-05-21T15:06:42.936 INFO:teuthology.orchestra.run.smithi078.stdout:/usr/bin/ceph: stderr
2024-05-21T15:06:42.085+0000 7fb314ee3700 1 -- 172.21.15.78:0/3492794935 shutdown_connections
2024-05-21T15:06:42.936 INFO:teuthology.orchestra.run.smithi078.stdout:/usr/bin/ceph: stderr
2024-05-21T15:06:42.085+0000 7fb314ee3700 1 -- 172.21.15.78:0/3492794935 wait complete.
2024-05-21T15:06:42.936 INFO:teuthology.orchestra.run.smithi078.stdout:/usr/bin/ceph: stderr
2024-05-21T15:06:42.086+0000 7fb314ee3700 1 Processor -- start
2024-05-21T15:06:42.936 INFO:teuthology.orchestra.run.smithi078.stdout:/usr/bin/ceph: stderr
2024-05-21T15:06:42.086+0000 7fb314ee3700 1 -- start start
2024-05-21T15:06:42.936 INFO:teuthology.orchestra.run.smithi078.stdout:/usr/bin/ceph: stderr
2024-05-21T15:06:42.086+0000 7fb314ee3700 1 --2- >> [v2:172.21.15.78:3300/0,v1:172.21.15.78:6789/0] conn(0x7fb310107c30 0x7fb310075eb0 unknown :-1 s=NONE pgs=0 cs=0 l=1 rev1=0 crypto rx=0 tx=0 comp rx=0 tx=0).connect
2024-05-21T15:06:42.936 INFO:teuthology.orchestra.run.smithi078.stdout:/usr/bin/ceph: stderr
2024-05-21T15:06:42.086+0000 7fb314ee3700 1 -- --> [v2:172.21.15.78:3300/0,v1:172.21.15.78:6789/0] -- mon_getmap magic: 0 -- 0x7fb31010c270 con 0x7fb310107c30
2024-05-21T15:06:42.937 INFO:teuthology.orchestra.run.smithi078.stdout:/usr/bin/ceph: stderr
2024-05-21T15:06:42.086+0000 7fb30e59c700 1 --2- >> [v2:172.21.15.78:3300/0,v1:172.21.15.78:6789/0] conn(0x7fb310107c30 0x7fb310075eb0 unknown :-1 s=BANNER_CONNECTING pgs=0 cs=0 l=1 rev1=0 crypto rx=0 tx=0 comp rx=0 tx=0)._handle_peer_banner_payload supported=3 required=0
2024-05-21T15:06:42.937 INFO:teuthology.orchestra.run.smithi078.stdout:/usr/bin/ceph: stderr
2024-05-21T15:06:42.086+0000 7fb30e59c700 1 --2- >> [v2:172.21.15.78:3300/0,v1:172.21.15.78:6789/0] conn(0x7fb310107c30 0x7fb310075eb0 unknown :-1 s=HELLO_CONNECTING pgs=0 cs=0 l=1 rev1=1 crypto rx=0 tx=0 comp rx=0 tx=0).handle_hello peer v2:172.21.15.78:3300/0 says I am v2:172.21.15.78:43516/0 (socket says 172.21.15.78:43516)
2024-05-21T15:06:42.937 INFO:teuthology.orchestra.run.smithi078.stdout:/usr/bin/ceph: stderr
2024-05-21T15:06:42.086+0000 7fb30e59c700 1 -- 172.21.15.78:0/2431316531 learned_addr learned my addr 172.21.15.78:0/2431316531 (peer_addr_for_me v2:172.21.15.78:0/0)
2024-05-21T15:06:42.937 INFO:teuthology.orchestra.run.smithi078.stdout:/usr/bin/ceph: stderr
2024-05-21T15:06:42.086+0000 7fb30e59c700 1 -- 172.21.15.78:0/2431316531 --> [v2:172.21.15.78:3300/0,v1:172.21.15.78:6789/0] -- mon_subscribe({config=0+,monmap=0+}) -- 0x7fb3100763f0 con 0x7fb310107c30
2024-05-21T15:06:42.937 INFO:teuthology.orchestra.run.smithi078.stdout:/usr/bin/ceph: stderr
2024-05-21T15:06:42.087+0000 7fb30e59c700 1 --2- 172.21.15.78:0/2431316531 >> [v2:172.21.15.78:3300/0,v1:172.21.15.78:6789/0] conn(0x7fb310107c30 0x7fb310075eb0 secure :-1 s=READY pgs=27 cs=0 l=1 rev1=1 crypto rx=0x7fb300009fb0 tx=0x7fb300011a00 comp rx=0 tx=0).ready entity=mon.0 client_cookie=0 server_cookie=0 in_seq=0 out_seq=0
2024-05-21T15:06:42.937 INFO:teuthology.orchestra.run.smithi078.stdout:/usr/bin/ceph: stderr
2024-05-21T15:06:42.087+0000 7fb2ff7fe700 1 -- 172.21.15.78:0/2431316531 <== mon.0 v2:172.21.15.78:3300/0 1 ==== mon_map magic: 0 ==== 205+0+0 (secure 0 0 0) 0x7fb3000038b0 con 0x7fb310107c30
2024-05-21T15:06:42.937 INFO:teuthology.orchestra.run.smithi078.stdout:/usr/bin/ceph: stderr
2024-05-21T15:06:42.087+0000 7fb2ff7fe700 1 -- 172.21.15.78:0/2431316531 <== mon.0 v2:172.21.15.78:3300/0 2 ==== config(27 keys) ==== 1109+0+0 (secure 0 0 0) 0x7fb300011e50 con 0x7fb310107c30
2024-05-21T15:06:42.937 INFO:teuthology.orchestra.run.smithi078.stdout:/usr/bin/ceph: stderr
2024-05-21T15:06:42.087+0000 7fb314ee3700 1 -- 172.21.15.78:0/2431316531 --> [v2:172.21.15.78:3300/0,v1:172.21.15.78:6789/0] -- mon_subscribe({mgrmap=0+}) -- 0x7fb31019ffc0 con 0x7fb310107c30
2024-05-21T15:06:42.938 INFO:teuthology.orchestra.run.smithi078.stdout:/usr/bin/ceph: stderr
2024-05-21T15:06:42.087+0000 7fb2ff7fe700 1 -- 172.21.15.78:0/2431316531 <== mon.0 v2:172.21.15.78:3300/0 3 ==== mon_map magic: 0 ==== 205+0+0 (secure 0 0 0) 0x7fb30001a430 con 0x7fb310107c30
2024-05-21T15:06:42.938 INFO:teuthology.orchestra.run.smithi078.stdout:/usr/bin/ceph: stderr
2024-05-21T15:06:42.087+0000 7fb314ee3700 1 -- 172.21.15.78:0/2431316531 --> [v2:172.21.15.78:3300/0,v1:172.21.15.78:6789/0] -- mon_subscribe({osdmap=0}) -- 0x7fb3101a0440 con 0x7fb310107c30
2024-05-21T15:06:42.938 INFO:teuthology.orchestra.run.smithi078.stdout:/usr/bin/ceph: stderr
2024-05-21T15:06:42.088+0000 7fb2ff7fe700 1 -- 172.21.15.78:0/2431316531 <== mon.0 v2:172.21.15.78:3300/0 4 ==== mgrmap(e 5) ==== 46287+0+0 (secure 0 0 0) 0x7fb30001a6f0 con 0x7fb310107c30
2024-05-21T15:06:42.938 INFO:teuthology.orchestra.run.smithi078.stdout:/usr/bin/ceph: stderr
2024-05-21T15:06:42.088+0000 7fb314ee3700 1 -- 172.21.15.78:0/2431316531 --> [v2:172.21.15.78:3300/0,v1:172.21.15.78:6789/0] -- mon_command({"prefix": "get_command_descriptions"} v 0) -- 0x7fb310063ca0 con 0x7fb310107c30
2024-05-21T15:06:42.938 INFO:teuthology.orchestra.run.smithi078.stdout:/usr/bin/ceph: stderr
2024-05-21T15:06:42.088+0000 7fb2ff7fe700 1 --2- 172.21.15.78:0/2431316531 >> [v2:172.21.15.78:6800/888544333,v1:172.21.15.78:6801/888544333] conn(0x7fb2f8039000 0x7fb2f803b510 unknown :-1 s=NONE pgs=0 cs=0 l=1 rev1=0 crypto rx=0 tx=0 comp rx=0 tx=0).connect
2024-05-21T15:06:42.938 INFO:teuthology.orchestra.run.smithi078.stdout:/usr/bin/ceph: stderr
2024-05-21T15:06:42.088+0000 7fb2ff7fe700 1 -- 172.21.15.78:0/2431316531 <== mon.0 v2:172.21.15.78:3300/0 5 ==== osd_map(1..1 src has 1..1) ==== 725+0+0 (secure 0 0 0) 0x7fb30004d010 con 0x7fb310107c30
2024-05-21T15:06:42.938 INFO:teuthology.orchestra.run.smithi078.stdout:/usr/bin/ceph: stderr
2024-05-21T15:06:42.088+0000 7fb30dd9b700 1 -- 172.21.15.78:0/2431316531 >> [v2:172.21.15.78:6800/888544333,v1:172.21.15.78:6801/888544333] conn(0x7fb2f8039000 msgr2=0x7fb2f803b510 unknown :-1 s=STATE_CONNECTING_RE l=1).process reconnect failed to v2:172.21.15.78:6800/888544333
2024-05-21T15:06:42.939 INFO:teuthology.orchestra.run.smithi078.stdout:/usr/bin/ceph: stderr
2024-05-21T15:06:42.088+0000 7fb30dd9b700 1 --2- 172.21.15.78:0/2431316531 >> [v2:172.21.15.78:6800/888544333,v1:172.21.15.78:6801/888544333] conn(0x7fb2f8039000 0x7fb2f803b510 unknown :-1 s=START_CONNECT pgs=0 cs=0 l=1 rev1=0 crypto rx=0 tx=0 comp rx=0 tx=0)._fault waiting 0.200000
2024-05-21T15:06:42.939 INFO:teuthology.orchestra.run.smithi078.stdout:/usr/bin/ceph: stderr
2024-05-21T15:06:42.093+0000 7fb2ff7fe700 1 -- 172.21.15.78:0/2431316531 <== mon.0 v2:172.21.15.78:3300/0 6 ==== mon_command_ack([{"prefix": "get_command_descriptions"}]=0 v0) ==== 72+0+186418 (secure 0 0 0) 0x7fb30000fdd0 con 0x7fb310107c30
