2024-05-21T15:06:50.853 INFO:teuthology.orchestra.run.smithi078.stdout:/usr/bin/ceph: stderr
2024-05-21T15:06:50.258+0000 7fc4db861700 1 --2- 172.21.15.78:0/3771841274 >> [v2:172.21.15.78:6800/3694112952,v1:172.21.15.78:6801/3694112952] conn(0x7fc4c0038f40 0x7fc4c003b450 secure :-1 s=READY pgs=7 cs=0 l=1 rev1=1 crypto rx=0x7fc4c4006fd0 tx=0x7fc4c4006e40 comp rx=0 tx=0).stop
2024-05-21T15:06:50.853 INFO:teuthology.orchestra.run.smithi078.stdout:/usr/bin/ceph: stderr
2024-05-21T15:06:50.258+0000 7fc4db861700 1 -- 172.21.15.78:0/3771841274 >> [v2:172.21.15.78:3300/0,v1:172.21.15.78:6789/0] conn(0x7fc4d4107c30 msgr2=0x7fc4d4075eb0 secure :-1 s=STATE_CONNECTION_ESTABLISHED l=1).mark_down
2024-05-21T15:06:50.853 INFO:teuthology.orchestra.run.smithi078.stdout:/usr/bin/ceph: stderr
2024-05-21T15:06:50.258+0000 7fc4db861700 1 --2- 172.21.15.78:0/3771841274 >> [v2:172.21.15.78:3300/0,v1:172.21.15.78:6789/0] conn(0x7fc4d4107c30 0x7fc4d4075eb0 secure :-1 s=READY pgs=38 cs=0 l=1 rev1=1 crypto rx=0x7fc4d0009fb0 tx=0x7fc4d0011a00 comp rx=0 tx=0).stop
2024-05-21T15:06:50.853 INFO:teuthology.orchestra.run.smithi078.stdout:/usr/bin/ceph: stderr
2024-05-21T15:06:50.258+0000 7fc4db861700 1 -- 172.21.15.78:0/3771841274 shutdown_connections
2024-05-21T15:06:50.854 INFO:teuthology.orchestra.run.smithi078.stdout:/usr/bin/ceph: stderr
2024-05-21T15:06:50.258+0000 7fc4db861700 1 --2- 172.21.15.78:0/3771841274 >> [v2:172.21.15.78:6800/3694112952,v1:172.21.15.78:6801/3694112952] conn(0x7fc4c0038f40 0x7fc4c003b450 unknown :-1 s=CLOSED pgs=7 cs=0 l=1 rev1=1 crypto rx=0 tx=0 comp rx=0 tx=0).stop
2024-05-21T15:06:50.854 INFO:teuthology.orchestra.run.smithi078.stdout:/usr/bin/ceph: stderr
2024-05-21T15:06:50.258+0000 7fc4db861700 1 --2- 172.21.15.78:0/3771841274 >> [v2:172.21.15.78:3300/0,v1:172.21.15.78:6789/0] conn(0x7fc4d4107c30 0x7fc4d4075eb0 unknown :-1 s=CLOSED pgs=38 cs=0 l=1 rev1=1 crypto rx=0 tx=0 comp rx=0 tx=0).stop
2024-05-21T15:06:50.854 INFO:teuthology.orchestra.run.smithi078.stdout:/usr/bin/ceph: stderr
2024-05-21T15:06:50.258+0000 7fc4db861700 1 -- 172.21.15.78:0/3771841274 >> 172.21.15.78:0/3771841274 conn(0x7fc4d4103330 msgr2=0x7fc4d4103cc0 unknown :-1 s=STATE_NONE l=0).mark_down
2024-05-21T15:06:50.854 INFO:teuthology.orchestra.run.smithi078.stdout:/usr/bin/ceph: stderr
2024-05-21T15:06:50.258+0000 7fc4db861700 1 -- 172.21.15.78:0/3771841274 shutdown_connections
2024-05-21T15:06:50.854 INFO:teuthology.orchestra.run.smithi078.stdout:/usr/bin/ceph: stderr
2024-05-21T15:06:50.258+0000 7fc4db861700 1 -- 172.21.15.78:0/3771841274 wait complete.
2024-05-21T15:06:51.098 INFO:journalctl@ceph.mon.a.smithi078.stdout:May 21 15:06:51 smithi078 ceph-mon[31997]: mgrmap e8: x(active, since 2s)
2024-05-21T15:06:51.098 INFO:journalctl@ceph.mon.a.smithi078.stdout:May 21 15:06:51 smithi078 ceph-mon[31997]: from='mgr.14120 172.21.15.78:0/4110824770' entity='mgr.x'
2024-05-21T15:06:51.098 INFO:journalctl@ceph.mon.a.smithi078.stdout:May 21 15:06:51 smithi078 ceph-mon[31997]: from='mgr.14120 172.21.15.78:0/4110824770' entity='mgr.x' cmd=[{"prefix": "config dump", "format": "json"}]: dispatch
2024-05-21T15:06:52.054 INFO:teuthology.orchestra.run.smithi078.stdout:/usr/bin/ceph: stdout value unchanged
2024-05-21T15:06:52.054 INFO:teuthology.orchestra.run.smithi078.stdout:/usr/bin/ceph: stderr
2024-05-21T15:06:51.251+0000 7f733561b700 1 Processor -- start
2024-05-21T15:06:52.055 INFO:teuthology.orchestra.run.smithi078.stdout:/usr/bin/ceph: stderr
2024-05-21T15:06:51.251+0000 7f733561b700 1 -- start start
2024-05-21T15:06:52.055 INFO:teuthology.orchestra.run.smithi078.stdout:/usr/bin/ceph: stderr
2024-05-21T15:06:51.251+0000 7f733561b700 1 --2- >> [v2:172.21.15.78:3300/0,v1:172.21.15.78:6789/0] conn(0x7f7330107c10 0x7f7330108020 unknown :-1 s=NONE pgs=0 cs=0 l=0 rev1=0 crypto rx=0 tx=0 comp rx=0 tx=0).connect
2024-05-21T15:06:52.055 INFO:teuthology.orchestra.run.smithi078.stdout:/usr/bin/ceph: stderr
2024-05-21T15:06:51.251+0000 7f733561b700 1 -- --> [v2:172.21.15.78:3300/0,v1:172.21.15.78:6789/0] -- mon_getmap magic: 0 -- 0x7f7330108610 con 0x7f7330107c10
2024-05-21T15:06:52.055 INFO:teuthology.orchestra.run.smithi078.stdout:/usr/bin/ceph: stderr
2024-05-21T15:06:51.251+0000 7f732effd700 1 --2- >> [v2:172.21.15.78:3300/0,v1:172.21.15.78:6789/0] conn(0x7f7330107c10 0x7f7330108020 unknown :-1 s=BANNER_CONNECTING pgs=0 cs=0 l=0 rev1=0 crypto rx=0 tx=0 comp rx=0 tx=0)._handle_peer_banner_payload supported=3 required=0
2024-05-21T15:06:52.055 INFO:teuthology.orchestra.run.smithi078.stdout:/usr/bin/ceph: stderr
2024-05-21T15:06:51.251+0000 7f732effd700 1 --2- >> [v2:172.21.15.78:3300/0,v1:172.21.15.78:6789/0] conn(0x7f7330107c10 0x7f7330108020 unknown :-1 s=HELLO_CONNECTING pgs=0 cs=0 l=0 rev1=1 crypto rx=0 tx=0 comp rx=0 tx=0).handle_hello peer v2:172.21.15.78:3300/0 says I am v2:172.21.15.78:40994/0 (socket says 172.21.15.78:40994)
2024-05-21T15:06:52.055 INFO:teuthology.orchestra.run.smithi078.stdout:/usr/bin/ceph: stderr
2024-05-21T15:06:51.251+0000 7f732effd700 1 -- 172.21.15.78:0/2162192858 learned_addr learned my addr 172.21.15.78:0/2162192858 (peer_addr_for_me v2:172.21.15.78:0/0)
2024-05-21T15:06:52.055 INFO:teuthology.orchestra.run.smithi078.stdout:/usr/bin/ceph: stderr
2024-05-21T15:06:51.252+0000 7f732effd700 1 -- 172.21.15.78:0/2162192858 --> [v2:172.21.15.78:3300/0,v1:172.21.15.78:6789/0] -- mon_subscribe({config=0+,monmap=0+}) -- 0x7f7330108ea0 con 0x7f7330107c10
2024-05-21T15:06:52.055 INFO:teuthology.orchestra.run.smithi078.stdout:/usr/bin/ceph: stderr
2024-05-21T15:06:51.252+0000 7f732effd700 1 --2- 172.21.15.78:0/2162192858 >> [v2:172.21.15.78:3300/0,v1:172.21.15.78:6789/0] conn(0x7f7330107c10 0x7f7330108020 secure :-1 s=READY pgs=39 cs=0 l=1 rev1=1 crypto rx=0x7f73200098a0 tx=0x7f7320009bb0 comp rx=0 tx=0).ready entity=mon.0 client_cookie=d9397c33352fb0b2 server_cookie=0 in_seq=0 out_seq=0
2024-05-21T15:06:52.055 INFO:teuthology.orchestra.run.smithi078.stdout:/usr/bin/ceph: stderr
2024-05-21T15:06:51.252+0000 7f732e7fc700 1 -- 172.21.15.78:0/2162192858 <== mon.0 v2:172.21.15.78:3300/0 1 ==== mon_map magic: 0 ==== 205+0+0 (secure 0 0 0) 0x7f7320004160 con 0x7f7330107c10
2024-05-21T15:06:52.055 INFO:teuthology.orchestra.run.smithi078.stdout:/usr/bin/ceph: stderr
2024-05-21T15:06:51.252+0000 7f732e7fc700 1 -- 172.21.15.78:0/2162192858 <== mon.0 v2:172.21.15.78:3300/0 2 ==== config(27 keys) ==== 1109+0+0 (secure 0 0 0) 0x7f7320004300 con 0x7f7330107c10
2024-05-21T15:06:52.055 INFO:teuthology.orchestra.run.smithi078.stdout:/usr/bin/ceph: stderr
2024-05-21T15:06:51.252+0000 7f732e7fc700 1 -- 172.21.15.78:0/2162192858 <== mon.0 v2:172.21.15.78:3300/0 3 ==== mon_map magic: 0 ==== 205+0+0 (secure 0 0 0) 0x7f7320011b50 con 0x7f7330107c10
2024-05-21T15:06:52.055 INFO:teuthology.orchestra.run.smithi078.stdout:/usr/bin/ceph: stderr
2024-05-21T15:06:51.253+0000 7f733561b700 1 -- 172.21.15.78:0/2162192858 >> [v2:172.21.15.78:3300/0,v1:172.21.15.78:6789/0] conn(0x7f7330107c10 msgr2=0x7f7330108020 secure :-1 s=STATE_CONNECTION_ESTABLISHED l=1).mark_down
2024-05-21T15:06:52.055 INFO:teuthology.orchestra.run.smithi078.stdout:/usr/bin/ceph: stderr
2024-05-21T15:06:51.253+0000 7f733561b700 1 --2- 172.21.15.78:0/2162192858 >> [v2:172.21.15.78:3300/0,v1:172.21.15.78:6789/0] conn(0x7f7330107c10 0x7f7330108020 secure :-1 s=READY pgs=39 cs=0 l=1 rev1=1 crypto rx=0x7f73200098a0 tx=0x7f7320009bb0 comp rx=0 tx=0).stop
2024-05-21T15:06:52.056 INFO:teuthology.orchestra.run.smithi078.stdout:/usr/bin/ceph: stderr
2024-05-21T15:06:51.253+0000 7f733561b700 1 -- 172.21.15.78:0/2162192858 shutdown_connections
2024-05-21T15:06:52.056 INFO:teuthology.orchestra.run.smithi078.stdout:/usr/bin/ceph: stderr
2024-05-21T15:06:51.253+0000 7f733561b700 1 --2- 172.21.15.78:0/2162192858 >> [v2:172.21.15.78:3300/0,v1:172.21.15.78:6789/0] conn(0x7f7330107c10 0x7f7330108020 unknown :-1 s=CLOSED pgs=39 cs=0 l=1 rev1=1 crypto rx=0 tx=0 comp rx=0 tx=0).stop
2024-05-21T15:06:52.056 INFO:teuthology.orchestra.run.smithi078.stdout:/usr/bin/ceph: stderr
2024-05-21T15:06:51.253+0000 7f733561b700 1 -- 172.21.15.78:0/2162192858 >> 172.21.15.78:0/2162192858 conn(0x7f73301033d0 msgr2=0x7f7330105820 unknown :-1 s=STATE_NONE l=0).mark_down
2024-05-21T15:06:52.056 INFO:teuthology.orchestra.run.smithi078.stdout:/usr/bin/ceph: stderr
2024-05-21T15:06:51.253+0000 7f733561b700 1 -- 172.21.15.78:0/2162192858 shutdown_connections
2024-05-21T15:06:52.056 INFO:teuthology.orchestra.run.smithi078.stdout:/usr/bin/ceph: stderr
2024-05-21T15:06:51.253+0000 7f733561b700 1 -- 172.21.15.78:0/2162192858 wait complete.
2024-05-21T15:06:52.056 INFO:teuthology.orchestra.run.smithi078.stdout:/usr/bin/ceph: stderr
2024-05-21T15:06:51.253+0000 7f733561b700 1 Processor -- start
2024-05-21T15:06:52.056 INFO:teuthology.orchestra.run.smithi078.stdout:/usr/bin/ceph: stderr
2024-05-21T15:06:51.254+0000 7f733561b700 1 -- start start
2024-05-21T15:06:52.056 INFO:teuthology.orchestra.run.smithi078.stdout:/usr/bin/ceph: stderr
2024-05-21T15:06:51.254+0000 7f733561b700 1 --2- >> [v2:172.21.15.78:3300/0,v1:172.21.15.78:6789/0] conn(0x7f7330107c10 0x7f733019c0c0 unknown :-1 s=NONE pgs=0 cs=0 l=1 rev1=0 crypto rx=0 tx=0 comp rx=0 tx=0).connect
2024-05-21T15:06:52.056 INFO:teuthology.orchestra.run.smithi078.stdout:/usr/bin/ceph: stderr
2024-05-21T15:06:51.254+0000 7f733561b700 1 -- --> [v2:172.21.15.78:3300/0,v1:172.21.15.78:6789/0] -- mon_getmap magic: 0 -- 0x7f733010c250 con 0x7f7330107c10
2024-05-21T15:06:52.056 INFO:teuthology.orchestra.run.smithi078.stdout:/usr/bin/ceph: stderr
2024-05-21T15:06:51.254+0000 7f732effd700 1 --2- >> [v2:172.21.15.78:3300/0,v1:172.21.15.78:6789/0] conn(0x7f7330107c10 0x7f733019c0c0 unknown :-1 s=BANNER_CONNECTING pgs=0 cs=0 l=1 rev1=0 crypto rx=0 tx=0 comp rx=0 tx=0)._handle_peer_banner_payload supported=3 required=0
2024-05-21T15:06:52.056 INFO:teuthology.orchestra.run.smithi078.stdout:/usr/bin/ceph: stderr
2024-05-21T15:06:51.254+0000 7f732effd700 1 --2- >> [v2:172.21.15.78:3300/0,v1:172.21.15.78:6789/0] conn(0x7f7330107c10 0x7f733019c0c0 unknown :-1 s=HELLO_CONNECTING pgs=0 cs=0 l=1 rev1=1 crypto rx=0 tx=0 comp rx=0 tx=0).handle_hello peer v2:172.21.15.78:3300/0 says I am v2:172.21.15.78:41000/0 (socket says 172.21.15.78:41000)
2024-05-21T15:06:52.056 INFO:teuthology.orchestra.run.smithi078.stdout:/usr/bin/ceph: stderr
2024-05-21T15:06:51.254+0000 7f732effd700 1 -- 172.21.15.78:0/1777370163 learned_addr learned my addr 172.21.15.78:0/1777370163 (peer_addr_for_me v2:172.21.15.78:0/0)
2024-05-21T15:06:52.056 INFO:teuthology.orchestra.run.smithi078.stdout:/usr/bin/ceph: stderr
2024-05-21T15:06:51.254+0000 7f732effd700 1 -- 172.21.15.78:0/1777370163 --> [v2:172.21.15.78:3300/0,v1:172.21.15.78:6789/0] -- mon_subscribe({config=0+,monmap=0+}) -- 0x7f733019c600 con 0x7f7330107c10
2024-05-21T15:06:52.057 INFO:teuthology.orchestra.run.smithi078.stdout:/usr/bin/ceph: stderr
2024-05-21T15:06:51.254+0000 7f732effd700 1 --2- 172.21.15.78:0/1777370163 >> [v2:172.21.15.78:3300/0,v1:172.21.15.78:6789/0] conn(0x7f7330107c10 0x7f733019c0c0 secure :-1 s=READY pgs=40 cs=0 l=1 rev1=1 crypto rx=0x7f7320009fb0 tx=0x7f7320011a00 comp rx=0 tx=0).ready entity=mon.0 client_cookie=0 server_cookie=0 in_seq=0 out_seq=0
2024-05-21T15:06:52.057 INFO:teuthology.orchestra.run.smithi078.stdout:/usr/bin/ceph: stderr
2024-05-21T15:06:51.254+0000 7f732cff9700 1 -- 172.21.15.78:0/1777370163 <== mon.0 v2:172.21.15.78:3300/0 1 ==== mon_map magic: 0 ==== 205+0+0 (secure 0 0 0) 0x7f73200038b0 con 0x7f7330107c10
2024-05-21T15:06:52.057 INFO:teuthology.orchestra.run.smithi078.stdout:/usr/bin/ceph: stderr
2024-05-21T15:06:51.254+0000 7f732cff9700 1 -- 172.21.15.78:0/1777370163 <== mon.0 v2:172.21.15.78:3300/0 2 ==== config(27 keys) ==== 1109+0+0 (secure 0 0 0) 0x7f7320011e50 con 0x7f7330107c10
2024-05-21T15:06:52.057 INFO:teuthology.orchestra.run.smithi078.stdout:/usr/bin/ceph: stderr
2024-05-21T15:06:51.254+0000 7f732cff9700 1 -- 172.21.15.78:0/1777370163 <== mon.0 v2:172.21.15.78:3300/0 3 ==== mon_map magic: 0 ==== 205+0+0 (secure 0 0 0) 0x7f732001a430 con 0x7f7330107c10
2024-05-21T15:06:52.057 INFO:teuthology.orchestra.run.smithi078.stdout:/usr/bin/ceph: stderr
2024-05-21T15:06:51.255+0000 7f733561b700 1 -- 172.21.15.78:0/1777370163 --> [v2:172.21.15.78:3300/0,v1:172.21.15.78:6789/0] -- mon_subscribe({mgrmap=0+}) -- 0x7f733019c890 con 0x7f7330107c10
2024-05-21T15:06:52.057 INFO:teuthology.orchestra.run.smithi078.stdout:/usr/bin/ceph: stderr
2024-05-21T15:06:51.255+0000 7f733561b700 1 -- 172.21.15.78:0/1777370163 --> [v2:172.21.15.78:3300/0,v1:172.21.15.78:6789/0] -- mon_subscribe({osdmap=0}) -- 0x7f733019f4a0 con 0x7f7330107c10
2024-05-21T15:06:52.057 INFO:teuthology.orchestra.run.smithi078.stdout:/usr/bin/ceph: stderr
2024-05-21T15:06:51.256+0000 7f732cff9700 1 -- 172.21.15.78:0/1777370163 <== mon.0 v2:172.21.15.78:3300/0 4 ==== mgrmap(e 8) ==== 46287+0+0 (secure 0 0 0) 0x7f732001a6a0 con 0x7f7330107c10
2024-05-21T15:06:52.057 INFO:teuthology.orchestra.run.smithi078.stdout:/usr/bin/ceph: stderr
2024-05-21T15:06:51.256+0000 7f733561b700 1 -- 172.21.15.78:0/1777370163 --> [v2:172.21.15.78:3300/0,v1:172.21.15.78:6789/0] -- mon_command({"prefix": "get_command_descriptions"} v 0) -- 0x7f7330063ca0 con 0x7f7330107c10
2024-05-21T15:06:52.057 INFO:teuthology.orchestra.run.smithi078.stdout:/usr/bin/ceph: stderr
2024-05-21T15:06:51.256+0000 7f732cff9700 1 --2- 172.21.15.78:0/1777370163 >> [v2:172.21.15.78:6800/3694112952,v1:172.21.15.78:6801/3694112952] conn(0x7f731c039050 0x7f731c03b560 unknown :-1 s=NONE pgs=0 cs=0 l=1 rev1=0 crypto rx=0 tx=0 comp rx=0 tx=0).connect
2024-05-21T15:06:52.057 INFO:teuthology.orchestra.run.smithi078.stdout:/usr/bin/ceph: stderr
2024-05-21T15:06:51.256+0000 7f732cff9700 1 -- 172.21.15.78:0/1777370163 <== mon.0 v2:172.21.15.78:3300/0 5 ==== osd_map(2..2 src has 1..2) ==== 940+0+0 (secure 0 0 0) 0x7f732004d1d0 con 0x7f7330107c10
2024-05-21T15:06:52.057 INFO:teuthology.orchestra.run.smithi078.stdout:/usr/bin/ceph: stderr
2024-05-21T15:06:51.256+0000 7f7327fff700 1 --2- 172.21.15.78:0/1777370163 >> [v2:172.21.15.78:6800/3694112952,v1:172.21.15.78:6801/3694112952] conn(0x7f731c039050 0x7f731c03b560 unknown :-1 s=BANNER_CONNECTING pgs=0 cs=0 l=1 rev1=0 crypto rx=0 tx=0 comp rx=0 tx=0)._handle_peer_banner_payload supported=3 required=0
2024-05-21T15:06:52.057 INFO:teuthology.orchestra.run.smithi078.stdout:/usr/bin/ceph: stderr
2024-05-21T15:06:51.256+0000 7f7327fff700 1 --2- 172.21.15.78:0/1777370163 >> [v2:172.21.15.78:6800/3694112952,v1:172.21.15.78:6801/3694112952] conn(0x7f731c039050 0x7f731c03b560 secure :-1 s=READY pgs=8 cs=0 l=1 rev1=1 crypto rx=0x7f7318006fd0 tx=0x7f7318006e40 comp rx=0 tx=0).ready entity=mgr.14120 client_cookie=0 server_cookie=0 in_seq=0 out_seq=0
2024-05-21T15:06:52.058 INFO:teuthology.orchestra.run.smithi078.stdout:/usr/bin/ceph: stderr
2024-05-21T15:06:51.261+0000 7f732cff9700 1 -- 172.21.15.78:0/1777370163 <== mon.0 v2:172.21.15.78:3300/0 6 ==== mon_command_ack([{"prefix": "get_command_descriptions"}]=0 v0) ==== 72+0+186418 (secure 0 0 0) 0x7f732002d770 con 0x7f7330107c10
2024-05-21T15:06:52.058 INFO:teuthology.orchestra.run.smithi078.stdout:/usr/bin/ceph: stderr
2024-05-21T15:06:51.459+0000 7f733561b700 1 -- 172.21.15.78:0/1777370163 --> [v2:172.21.15.78:6800/3694112952,v1:172.21.15.78:6801/3694112952] -- mgr_command(tid 0: {"prefix": "cephadm set-user", "user": "root", "target": ["mon-mgr", ""]}) -- 0x7f7330105440 con 0x7f731c039050
2024-05-21T15:06:52.058 INFO:teuthology.orchestra.run.smithi078.stdout:/usr/bin/ceph: stderr
2024-05-21T15:06:51.460+0000 7f732cff9700 1 -- 172.21.15.78:0/1777370163 <== mgr.14120 v2:172.21.15.78:6800/3694112952 1 ==== mgr_command_reply(tid 0: 0 ) ==== 8+0+16 (secure 0 0 0) 0x7f7330105440 con 0x7f731c039050
2024-05-21T15:06:52.058 INFO:teuthology.orchestra.run.smithi078.stdout:/usr/bin/ceph: stderr
2024-05-21T15:06:51.463+0000 7f733561b700 1 -- 172.21.15.78:0/1777370163 >> [v2:172.21.15.78:6800/3694112952,v1:172.21.15.78:6801/3694112952] conn(0x7f731c039050 msgr2=0x7f731c03b560 secure :-1 s=STATE_CONNECTION_ESTABLISHED l=1).mark_down
2024-05-21T15:06:52.058 INFO:teuthology.orchestra.run.smithi078.stdout:/usr/bin/ceph: stderr
2024-05-21T15:06:51.463+0000 7f733561b700 1 --2- 172.21.15.78:0/1777370163 >> [v2:172.21.15.78:6800/3694112952,v1:172.21.15.78:6801/3694112952] conn(0x7f731c039050 0x7f731c03b560 secure :-1 s=READY pgs=8 cs=0 l=1 rev1=1 crypto rx=0x7f7318006fd0 tx=0x7f7318006e40 comp rx=0 tx=0).stop
2024-05-21T15:06:52.058 INFO:teuthology.orchestra.run.smithi078.stdout:/usr/bin/ceph: stderr
2024-05-21T15:06:51.463+0000 7f733561b700 1 -- 172.21.15.78:0/1777370163 >> [v2:172.21.15.78:3300/0,v1:172.21.15.78:6789/0] conn(0x7f7330107c10 msgr2=0x7f733019c0c0 secure :-1 s=STATE_CONNECTION_ESTABLISHED l=1).mark_down
2024-05-21T15:06:52.058 INFO:teuthology.orchestra.run.smithi078.stdout:/usr/bin/ceph: stderr
2024-05-21T15:06:51.463+0000 7f733561b700 1 --2- 172.21.15.78:0/1777370163 >> [v2:172.21.15.78:3300/0,v1:172.21.15.78:6789/0] conn(0x7f7330107c10 0x7f733019c0c0 secure :-1 s=READY pgs=40 cs=0 l=1 rev1=1 crypto rx=0x7f7320009fb0 tx=0x7f7320011a00 comp rx=0 tx=0).stop
2024-05-21T15:06:52.058 INFO:teuthology.orchestra.run.smithi078.stdout:/usr/bin/ceph: stderr
2024-05-21T15:06:51.463+0000 7f733561b700 1 -- 172.21.15.78:0/1777370163 shutdown_connections
2024-05-21T15:06:52.058 INFO:teuthology.orchestra.run.smithi078.stdout:/usr/bin/ceph: stderr
2024-05-21T15:06:51.463+0000 7f733561b700 1 --2- 172.21.15.78:0/1777370163 >> [v2:172.21.15.78:6800/3694112952,v1:172.21.15.78:6801/3694112952] conn(0x7f731c039050 0x7f731c03b560 unknown :-1 s=CLOSED pgs=8 cs=0 l=1 rev1=1 crypto rx=0 tx=0 comp rx=0 tx=0).stop
2024-05-21T15:06:52.058 INFO:teuthology.orchestra.run.smithi078.stdout:/usr/bin/ceph: stderr
2024-05-21T15:06:51.463+0000 7f733561b700 1 --2- 172.21.15.78:0/1777370163 >> [v2:172.21.15.78:3300/0,v1:172.21.15.78:6789/0] conn(0x7f7330107c10 0x7f733019c0c0 unknown :-1 s=CLOSED pgs=40 cs=0 l=1 rev1=1 crypto rx=0 tx=0 comp rx=0 tx=0).stop
2024-05-21T15:06:52.058 INFO:teuthology.orchestra.run.smithi078.stdout:/usr/bin/ceph: stderr
2024-05-21T15:06:51.463+0000 7f733561b700 1 -- 172.21.15.78:0/1777370163 >> 172.21.15.78:0/1777370163 conn(0x7f73301033d0 msgr2=0x7f7330104cf0 unknown :-1 s=STATE_NONE l=0).mark_down
2024-05-21T15:06:52.058 INFO:teuthology.orchestra.run.smithi078.stdout:/usr/bin/ceph: stderr
2024-05-21T15:06:51.463+0000 7f733561b700 1 -- 172.21.15.78:0/1777370163 shutdown_connections
2024-05-21T15:06:52.058 INFO:teuthology.orchestra.run.smithi078.stdout:/usr/bin/ceph: stderr
2024-05-21T15:06:51.463+0000 7f733561b700 1 -- 172.21.15.78:0/1777370163 wait complete.
2024-05-21T15:06:52.058 INFO:teuthology.orchestra.run.smithi078.stdout:Generating ssh key...
2024-05-21T15:06:52.303 INFO:journalctl@ceph.mon.a.smithi078.stdout:May 21 15:06:52 smithi078 ceph-mon[31997]: from='client.14132 -' entity='client.admin' cmd=[{"prefix": "orch set backend", "module_name": "cephadm", "target": ["mon-mgr", ""]}]: dispatch
2024-05-21T15:06:53.044 INFO:journalctl@ceph.mgr.x.smithi078.stdout:May 21 15:06:52 smithi078 ceph-852c9762-1783-11ef-bc9a-c7b262605968-mgr-x[32226]: Generating public/private rsa key pair.
2024-05-21T15:06:53.044 INFO:journalctl@ceph.mgr.x.smithi078.stdout:May 21 15:06:52 smithi078 ceph-852c9762-1783-11ef-bc9a-c7b262605968-mgr-x[32226]: Your identification has been saved in /tmp/tmp_ynv5dlv/key.
2024-05-21T15:06:53.044 INFO:journalctl@ceph.mgr.x.smithi078.stdout:May 21 15:06:52 smithi078 ceph-852c9762-1783-11ef-bc9a-c7b262605968-mgr-x[32226]: Your public key has been saved in /tmp/tmp_ynv5dlv/key.pub.
2024-05-21T15:06:53.044 INFO:journalctl@ceph.mgr.x.smithi078.stdout:May 21 15:06:52 smithi078 ceph-852c9762-1783-11ef-bc9a-c7b262605968-mgr-x[32226]: The key fingerprint is:
2024-05-21T15:06:53.044 INFO:journalctl@ceph.mgr.x.smithi078.stdout:May 21 15:06:52 smithi078 ceph-852c9762-1783-11ef-bc9a-c7b262605968-mgr-x[32226]: SHA256:iU9Z3qr3f1ckyIUw7vMkA5HiGpiC3W95qJ0FOEMpWFw ceph-852c9762-1783-11ef-bc9a-c7b262605968
2024-05-21T15:06:53.044 INFO:journalctl@ceph.mgr.x.smithi078.stdout:May 21 15:06:52 smithi078 ceph-852c9762-1783-11ef-bc9a-c7b262605968-mgr-x[32226]: The key's randomart image is:
2024-05-21T15:06:53.044 INFO:journalctl@ceph.mgr.x.smithi078.stdout:May 21 15:06:52 smithi078 ceph-852c9762-1783-11ef-bc9a-c7b262605968-mgr-x[32226]: +---[RSA 3072]----+
2024-05-21T15:06:53.044 INFO:journalctl@ceph.mgr.x.smithi078.stdout:May 21 15:06:52 smithi078 ceph-852c9762-1783-11ef-bc9a-c7b262605968-mgr-x[32226]: | +..E. ..o. . |
2024-05-21T15:06:53.044 INFO:journalctl@ceph.mgr.x.smithi078.stdout:May 21 15:06:52 smithi078 ceph-852c9762-1783-11ef-bc9a-c7b262605968-mgr-x[32226]: |. o o . .o .. . |
2024-05-21T15:06:53.044 INFO:journalctl@ceph.mgr.x.smithi078.stdout:May 21 15:06:52 smithi078 ceph-852c9762-1783-11ef-bc9a-c7b262605968-mgr-x[32226]: |.. * o .. o. o |
2024-05-21T15:06:53.044 INFO:journalctl@ceph.mgr.x.smithi078.stdout:May 21 15:06:52 smithi078 ceph-852c9762-1783-11ef-bc9a-c7b262605968-mgr-x[32226]: |o + * o. B .o . .|
2024-05-21T15:06:53.044 INFO:journalctl@ceph.mgr.x.smithi078.stdout:May 21 15:06:52 smithi078 ceph-852c9762-1783-11ef-bc9a-c7b262605968-mgr-x[32226]: | . *.+S * o o |
2024-05-21T15:06:53.045 INFO:journalctl@ceph.mgr.x.smithi078.stdout:May 21 15:06:52 smithi078 ceph-852c9762-1783-11ef-bc9a-c7b262605968-mgr-x[32226]: | . =oo B .|
2024-05-21T15:06:53.045 INFO:journalctl@ceph.mgr.x.smithi078.stdout:May 21 15:06:52 smithi078 ceph-852c9762-1783-11ef-bc9a-c7b262605968-mgr-x[32226]: | + +. . . .|
2024-05-21T15:06:53.045 INFO:journalctl@ceph.mgr.x.smithi078.stdout:May 21 15:06:52 smithi078 ceph-852c9762-1783-11ef-bc9a-c7b262605968-mgr-x[32226]: | . o .. o|
2024-05-21T15:06:53.045 INFO:journalctl@ceph.mgr.x.smithi078.stdout:May 21 15:06:52 smithi078 ceph-852c9762-1783-11ef-bc9a-c7b262605968-mgr-x[32226]: | .. ......|
2024-05-21T15:06:53.045 INFO:journalctl@ceph.mgr.x.smithi078.stdout:May 21 15:06:52 smithi078 ceph-852c9762-1783-11ef-bc9a-c7b262605968-mgr-x[32226]: +----[SHA256]-----+
2024-05-21T15:06:53.294 INFO:journalctl@ceph.mon.a.smithi078.stdout:May 21 15:06:53 smithi078 ceph-mon[31997]: from='client.14134 -' entity='client.admin' cmd=[{"prefix": "cephadm set-user", "user": "root", "target": ["mon-mgr", ""]}]: dispatch
2024-05-21T15:06:53.294 INFO:journalctl@ceph.mon.a.smithi078.stdout:May 21 15:06:53 smithi078 ceph-mon[31997]: from='mgr.14120 172.21.15.78:0/4110824770' entity='mgr.x'
2024-05-21T15:06:53.294 INFO:journalctl@ceph.mon.a.smithi078.stdout:May 21 15:06:53 smithi078 ceph-mon[31997]: from='mgr.14120 172.21.15.78:0/4110824770' entity='mgr.x'
2024-05-21T15:06:53.594 INFO:teuthology.orchestra.run.smithi078.stdout:/usr/bin/ceph: stderr
2024-05-21T15:06:52.531+0000 7f1f8cf14700 1 Processor -- start
2024-05-21T15:06:53.595 INFO:teuthology.orchestra.run.smithi078.stdout:/usr/bin/ceph: stderr
2024-05-21T15:06:52.531+0000 7f1f8cf14700 1 -- start start
2024-05-21T15:06:53.595 INFO:teuthology.orchestra.run.smithi078.stdout:/usr/bin/ceph: stderr
2024-05-21T15:06:52.531+0000 7f1f8cf14700 1 --2- >> [v2:172.21.15.78:3300/0,v1:172.21.15.78:6789/0] conn(0x7f1f8810a380 0x7f1f8810a790 unknown :-1 s=NONE pgs=0 cs=0 l=0 rev1=0 crypto rx=0 tx=0 comp rx=0 tx=0).connect
2024-05-21T15:06:53.595 INFO:teuthology.orchestra.run.smithi078.stdout:/usr/bin/ceph: stderr
2024-05-21T15:06:52.531+0000 7f1f8cf14700 1 -- --> [v2:172.21.15.78:3300/0,v1:172.21.15.78:6789/0] -- mon_getmap magic: 0 -- 0x7f1f8810ad60 con 0x7f1f8810a380
2024-05-21T15:06:53.595 INFO:teuthology.orchestra.run.smithi078.stdout:/usr/bin/ceph: stderr
2024-05-21T15:06:52.532+0000 7f1f8659c700 1 --2- >> [v2:172.21.15.78:3300/0,v1:172.21.15.78:6789/0] conn(0x7f1f8810a380 0x7f1f8810a790 unknown :-1 s=BANNER_CONNECTING pgs=0 cs=0 l=0 rev1=0 crypto rx=0 tx=0 comp rx=0 tx=0)._handle_peer_banner_payload supported=3 required=0
2024-05-21T15:06:53.595 INFO:teuthology.orchestra.run.smithi078.stdout:/usr/bin/ceph: stderr
2024-05-21T15:06:52.532+0000 7f1f8659c700 1 --2- >> [v2:172.21.15.78:3300/0,v1:172.21.15.78:6789/0] conn(0x7f1f8810a380 0x7f1f8810a790 unknown :-1 s=HELLO_CONNECTING pgs=0 cs=0 l=0 rev1=1 crypto rx=0 tx=0 comp rx=0 tx=0).handle_hello peer v2:172.21.15.78:3300/0 says I am v2:172.21.15.78:41014/0 (socket says 172.21.15.78:41014)
2024-05-21T15:06:53.595 INFO:teuthology.orchestra.run.smithi078.stdout:/usr/bin/ceph: stderr
2024-05-21T15:06:52.532+0000 7f1f8659c700 1 -- 172.21.15.78:0/3747156109 learned_addr learned my addr 172.21.15.78:0/3747156109 (peer_addr_for_me v2:172.21.15.78:0/0)
2024-05-21T15:06:53.595 INFO:teuthology.orchestra.run.smithi078.stdout:/usr/bin/ceph: stderr
2024-05-21T15:06:52.532+0000 7f1f8659c700 1 -- 172.21.15.78:0/3747156109 --> [v2:172.21.15.78:3300/0,v1:172.21.15.78:6789/0] -- mon_subscribe({config=0+,monmap=0+}) -- 0x7f1f8810aee0 con 0x7f1f8810a380
2024-05-21T15:06:53.595 INFO:teuthology.orchestra.run.smithi078.stdout:/usr/bin/ceph: stderr
2024-05-21T15:06:52.532+0000 7f1f8659c700 1 --2- 172.21.15.78:0/3747156109 >> [v2:172.21.15.78:3300/0,v1:172.21.15.78:6789/0] conn(0x7f1f8810a380 0x7f1f8810a790 secure :-1 s=READY pgs=41 cs=0 l=1 rev1=1 crypto rx=0x7f1f780098a0 tx=0x7f1f78009bb0 comp rx=0 tx=0).ready entity=mon.0 client_cookie=db3f6b9c5469a21f server_cookie=0 in_seq=0 out_seq=0
2024-05-21T15:06:53.595 INFO:teuthology.orchestra.run.smithi078.stdout:/usr/bin/ceph: stderr
2024-05-21T15:06:52.532+0000 7f1f8559a700 1 -- 172.21.15.78:0/3747156109 <== mon.0 v2:172.21.15.78:3300/0 1 ==== mon_map magic: 0 ==== 205+0+0 (secure 0 0 0) 0x7f1f78004160 con 0x7f1f8810a380
2024-05-21T15:06:53.595 INFO:teuthology.orchestra.run.smithi078.stdout:/usr/bin/ceph: stderr
2024-05-21T15:06:52.532+0000 7f1f8559a700 1 -- 172.21.15.78:0/3747156109 <== mon.0 v2:172.21.15.78:3300/0 2 ==== config(27 keys) ==== 1109+0+0 (secure 0 0 0) 0x7f1f78004300 con 0x7f1f8810a380
2024-05-21T15:06:53.595 INFO:teuthology.orchestra.run.smithi078.stdout:/usr/bin/ceph: stderr
2024-05-21T15:06:52.532+0000 7f1f8559a700 1 -- 172.21.15.78:0/3747156109 <== mon.0 v2:172.21.15.78:3300/0 3 ==== mon_map magic: 0 ==== 205+0+0 (secure 0 0 0) 0x7f1f78011b50 con 0x7f1f8810a380
2024-05-21T15:06:53.595 INFO:teuthology.orchestra.run.smithi078.stdout:/usr/bin/ceph: stderr
2024-05-21T15:06:52.533+0000 7f1f8cf14700 1 -- 172.21.15.78:0/3747156109 >> [v2:172.21.15.78:3300/0,v1:172.21.15.78:6789/0] conn(0x7f1f8810a380 msgr2=0x7f1f8810a790 secure :-1 s=STATE_CONNECTION_ESTABLISHED l=1).mark_down
2024-05-21T15:06:53.596 INFO:teuthology.orchestra.run.smithi078.stdout:/usr/bin/ceph: stderr
2024-05-21T15:06:52.533+0000 7f1f8cf14700 1 --2- 172.21.15.78:0/3747156109 >> [v2:172.21.15.78:3300/0,v1:172.21.15.78:6789/0] conn(0x7f1f8810a380 0x7f1f8810a790 secure :-1 s=READY pgs=41 cs=0 l=1 rev1=1 crypto rx=0x7f1f780098a0 tx=0x7f1f78009bb0 comp rx=0 tx=0).stop
2024-05-21T15:06:53.596 INFO:teuthology.orchestra.run.smithi078.stdout:/usr/bin/ceph: stderr
2024-05-21T15:06:52.533+0000 7f1f8cf14700 1 -- 172.21.15.78:0/3747156109 shutdown_connections
2024-05-21T15:06:53.596 INFO:teuthology.orchestra.run.smithi078.stdout:/usr/bin/ceph: stderr
2024-05-21T15:06:52.533+0000 7f1f8cf14700 1 --2- 172.21.15.78:0/3747156109 >> [v2:172.21.15.78:3300/0,v1:172.21.15.78:6789/0] conn(0x7f1f8810a380 0x7f1f8810a790 unknown :-1 s=CLOSED pgs=41 cs=0 l=1 rev1=1 crypto rx=0 tx=0 comp rx=0 tx=0).stop
2024-05-21T15:06:53.596 INFO:teuthology.orchestra.run.smithi078.stdout:/usr/bin/ceph: stderr
2024-05-21T15:06:52.533+0000 7f1f8cf14700 1 -- 172.21.15.78:0/3747156109 >> 172.21.15.78:0/3747156109 conn(0x7f1f88102aa0 msgr2=0x7f1f88104f50 unknown :-1 s=STATE_NONE l=0).mark_down
2024-05-21T15:06:53.596 INFO:teuthology.orchestra.run.smithi078.stdout:/usr/bin/ceph: stderr
2024-05-21T15:06:52.533+0000 7f1f8cf14700 1 -- 172.21.15.78:0/3747156109 shutdown_connections
2024-05-21T15:06:53.596 INFO:teuthology.orchestra.run.smithi078.stdout:/usr/bin/ceph: stderr
2024-05-21T15:06:52.533+0000 7f1f8cf14700 1 -- 172.21.15.78:0/3747156109 wait complete.
2024-05-21T15:06:53.596 INFO:teuthology.orchestra.run.smithi078.stdout:/usr/bin/ceph: stderr
2024-05-21T15:06:52.534+0000 7f1f8cf14700 1 Processor -- start
2024-05-21T15:06:53.596 INFO:teuthology.orchestra.run.smithi078.stdout:/usr/bin/ceph: stderr
2024-05-21T15:06:52.534+0000 7f1f8cf14700 1 -- start start
2024-05-21T15:06:53.596 INFO:teuthology.orchestra.run.smithi078.stdout:/usr/bin/ceph: stderr
2024-05-21T15:06:52.534+0000 7f1f8cf14700 1 --2- >> [v2:172.21.15.78:3300/0,v1:172.21.15.78:6789/0] conn(0x7f1f8810a380 0x7f1f8819d1d0 unknown :-1 s=NONE pgs=0 cs=0 l=1 rev1=0 crypto rx=0 tx=0 comp rx=0 tx=0).connect
2024-05-21T15:06:53.596 INFO:teuthology.orchestra.run.smithi078.stdout:/usr/bin/ceph: stderr
2024-05-21T15:06:52.534+0000 7f1f8cf14700 1 -- --> [v2:172.21.15.78:3300/0,v1:172.21.15.78:6789/0] -- mon_getmap magic: 0 -- 0x7f1f88107c30 con 0x7f1f8810a380
2024-05-21T15:06:53.596 INFO:teuthology.orchestra.run.smithi078.stdout:/usr/bin/ceph: stderr
2024-05-21T15:06:52.534+0000 7f1f8659c700 1 --2- >> [v2:172.21.15.78:3300/0,v1:172.21.15.78:6789/0] conn(0x7f1f8810a380 0x7f1f8819d1d0 unknown :-1 s=BANNER_CONNECTING pgs=0 cs=0 l=1 rev1=0 crypto rx=0 tx=0 comp rx=0 tx=0)._handle_peer_banner_payload supported=3 required=0
2024-05-21T15:06:53.596 INFO:teuthology.orchestra.run.smithi078.stdout:/usr/bin/ceph: stderr
2024-05-21T15:06:52.534+0000 7f1f8659c700 1 --2- >> [v2:172.21.15.78:3300/0,v1:172.21.15.78:6789/0] conn(0x7f1f8810a380 0x7f1f8819d1d0 unknown :-1 s=HELLO_CONNECTING pgs=0 cs=0 l=1 rev1=1 crypto rx=0 tx=0 comp rx=0 tx=0).handle_hello peer v2:172.21.15.78:3300/0 says I am v2:172.21.15.78:41016/0 (socket says 172.21.15.78:41016)
2024-05-21T15:06:53.596 INFO:teuthology.orchestra.run.smithi078.stdout:/usr/bin/ceph: stderr
2024-05-21T15:06:52.534+0000 7f1f8659c700 1 -- 172.21.15.78:0/2219662211 learned_addr learned my addr 172.21.15.78:0/2219662211 (peer_addr_for_me v2:172.21.15.78:0/0)
2024-05-21T15:06:53.597 INFO:teuthology.orchestra.run.smithi078.stdout:/usr/bin/ceph: stderr
2024-05-21T15:06:52.535+0000 7f1f8659c700 1 -- 172.21.15.78:0/2219662211 --> [v2:172.21.15.78:3300/0,v1:172.21.15.78:6789/0] -- mon_subscribe({config=0+,monmap=0+}) -- 0x7f1f8819d710 con 0x7f1f8810a380
2024-05-21T15:06:53.597 INFO:teuthology.orchestra.run.smithi078.stdout:/usr/bin/ceph: stderr
2024-05-21T15:06:52.535+0000 7f1f8659c700 1 --2- 172.21.15.78:0/2219662211 >> [v2:172.21.15.78:3300/0,v1:172.21.15.78:6789/0] conn(0x7f1f8810a380 0x7f1f8819d1d0 secure :-1 s=READY pgs=42 cs=0 l=1 rev1=1 crypto rx=0x7f1f78009fb0 tx=0x7f1f78011c10 comp rx=0 tx=0).ready entity=mon.0 client_cookie=0 server_cookie=0 in_seq=0 out_seq=0
2024-05-21T15:06:53.597 INFO:teuthology.orchestra.run.smithi078.stdout:/usr/bin/ceph: stderr
2024-05-21T15:06:52.535+0000 7f1f777fe700 1 -- 172.21.15.78:0/2219662211 <== mon.0 v2:172.21.15.78:3300/0 1 ==== mon_map magic: 0 ==== 205+0+0 (secure 0 0 0) 0x7f1f780038b0 con 0x7f1f8810a380
2024-05-21T15:06:53.597 INFO:teuthology.orchestra.run.smithi078.stdout:/usr/bin/ceph: stderr
2024-05-21T15:06:52.535+0000 7f1f777fe700 1 -- 172.21.15.78:0/2219662211 <== mon.0 v2:172.21.15.78:3300/0 2 ==== config(27 keys) ==== 1109+0+0 (secure 0 0 0) 0x7f1f78011e50 con 0x7f1f8810a380
2024-05-21T15:06:53.597 INFO:teuthology.orchestra.run.smithi078.stdout:/usr/bin/ceph: stderr
2024-05-21T15:06:52.535+0000 7f1f8cf14700 1 -- 172.21.15.78:0/2219662211 --> [v2:172.21.15.78:3300/0,v1:172.21.15.78:6789/0] -- mon_subscribe({mgrmap=0+}) -- 0x7f1f8819d9a0 con 0x7f1f8810a380
2024-05-21T15:06:53.597 INFO:teuthology.orchestra.run.smithi078.stdout:/usr/bin/ceph: stderr
2024-05-21T15:06:52.535+0000 7f1f777fe700 1 -- 172.21.15.78:0/2219662211 <== mon.0 v2:172.21.15.78:3300/0 3 ==== mon_map magic: 0 ==== 205+0+0 (secure 0 0 0) 0x7f1f7801a5c0 con 0x7f1f8810a380
2024-05-21T15:06:53.597 INFO:teuthology.orchestra.run.smithi078.stdout:/usr/bin/ceph: stderr
2024-05-21T15:06:52.535+0000 7f1f8cf14700 1 -- 172.21.15.78:0/2219662211 --> [v2:172.21.15.78:3300/0,v1:172.21.15.78:6789/0] -- mon_subscribe({osdmap=0}) -- 0x7f1f881a05b0 con 0x7f1f8810a380
2024-05-21T15:06:53.597 INFO:teuthology.orchestra.run.smithi078.stdout:/usr/bin/ceph: stderr
2024-05-21T15:06:52.536+0000 7f1f777fe700 1 -- 172.21.15.78:0/2219662211 <== mon.0 v2:172.21.15.78:3300/0 4 ==== mgrmap(e 8) ==== 46287+0+0 (secure 0 0 0) 0x7f1f7801a8c0 con 0x7f1f8810a380
2024-05-21T15:06:53.597 INFO:teuthology.orchestra.run.smithi078.stdout:/usr/bin/ceph: stderr
2024-05-21T15:06:52.536+0000 7f1f8cf14700 1 -- 172.21.15.78:0/2219662211 --> [v2:172.21.15.78:3300/0,v1:172.21.15.78:6789/0] -- mon_command({"prefix": "get_command_descriptions"} v 0) -- 0x7f1f88063ca0 con 0x7f1f8810a380
2024-05-21T15:06:53.597 INFO:teuthology.orchestra.run.smithi078.stdout:/usr/bin/ceph: stderr
2024-05-21T15:06:52.536+0000 7f1f777fe700 1 --2- 172.21.15.78:0/2219662211 >> [v2:172.21.15.78:6800/3694112952,v1:172.21.15.78:6801/3694112952] conn(0x7f1f70039000 0x7f1f7003b510 unknown :-1 s=NONE pgs=0 cs=0 l=1 rev1=0 crypto rx=0 tx=0 comp rx=0 tx=0).connect
2024-05-21T15:06:53.597 INFO:teuthology.orchestra.run.smithi078.stdout:/usr/bin/ceph: stderr
2024-05-21T15:06:52.536+0000 7f1f777fe700 1 -- 172.21.15.78:0/2219662211 <== mon.0 v2:172.21.15.78:3300/0 5 ==== osd_map(2..2 src has 1..2) ==== 940+0+0 (secure 0 0 0) 0x7f1f7804d540 con 0x7f1f8810a380
2024-05-21T15:06:53.597 INFO:teuthology.orchestra.run.smithi078.stdout:/usr/bin/ceph: stderr
2024-05-21T15:06:52.536+0000 7f1f85d9b700 1 --2- 172.21.15.78:0/2219662211 >> [v2:172.21.15.78:6800/3694112952,v1:172.21.15.78:6801/3694112952] conn(0x7f1f70039000 0x7f1f7003b510 unknown :-1 s=BANNER_CONNECTING pgs=0 cs=0 l=1 rev1=0 crypto rx=0 tx=0 comp rx=0 tx=0)._handle_peer_banner_payload supported=3 required=0
2024-05-21T15:06:53.598 INFO:teuthology.orchestra.run.smithi078.stdout:/usr/bin/ceph: stderr
2024-05-21T15:06:52.537+0000 7f1f85d9b700 1 --2- 172.21.15.78:0/2219662211 >> [v2:172.21.15.78:6800/3694112952,v1:172.21.15.78:6801/3694112952] conn(0x7f1f70039000 0x7f1f7003b510 secure :-1 s=READY pgs=9 cs=0 l=1 rev1=1 crypto rx=0x7f1f7c006fd0 tx=0x7f1f7c006e40 comp rx=0 tx=0).ready entity=mgr.14120 client_cookie=0 server_cookie=0 in_seq=0 out_seq=0
2024-05-21T15:06:53.598 INFO:teuthology.orchestra.run.smithi078.stdout:/usr/bin/ceph: stderr
2024-05-21T15:06:52.541+0000 7f1f777fe700 1 -- 172.21.15.78:0/2219662211 <== mon.0 v2:172.21.15.78:3300/0 6 ==== mon_command_ack([{"prefix": "get_command_descriptions"}]=0 v0) ==== 72+0+186418 (secure 0 0 0) 0x7f1f7802cc00 con 0x7f1f8810a380
2024-05-21T15:06:53.598 INFO:teuthology.orchestra.run.smithi078.stdout:/usr/bin/ceph: stderr
2024-05-21T15:06:52.737+0000 7f1f8cf14700 1 -- 172.21.15.78:0/2219662211 --> [v2:172.21.15.78:6800/3694112952,v1:172.21.15.78:6801/3694112952] -- mgr_command(tid 0: {"prefix": "cephadm generate-key", "target": ["mon-mgr", ""]}) -- 0x7f1f88103ae0 con 0x7f1f70039000
2024-05-21T15:06:53.598 INFO:teuthology.orchestra.run.smithi078.stdout:/usr/bin/ceph: stderr
2024-05-21T15:06:52.944+0000 7f1f777fe700 1 -- 172.21.15.78:0/2219662211 <== mgr.14120 v2:172.21.15.78:6800/3694112952 1 ==== mgr_command_reply(tid 0: 0 ) ==== 8+0+0 (secure 0 0 0) 0x7f1f88103ae0 con 0x7f1f70039000
2024-05-21T15:06:53.598 INFO:teuthology.orchestra.run.smithi078.stdout:/usr/bin/ceph: stderr
2024-05-21T15:06:52.947+0000 7f1f8cf14700 1 -- 172.21.15.78:0/2219662211 >> [v2:172.21.15.78:6800/3694112952,v1:172.21.15.78:6801/3694112952] conn(0x7f1f70039000 msgr2=0x7f1f7003b510 secure :-1 s=STATE_CONNECTION_ESTABLISHED l=1).mark_down
2024-05-21T15:06:53.598 INFO:teuthology.orchestra.run.smithi078.stdout:/usr/bin/ceph: stderr
2024-05-21T15:06:52.947+0000 7f1f8cf14700 1 --2- 172.21.15.78:0/2219662211 >> [v2:172.21.15.78:6800/3694112952,v1:172.21.15.78:6801/3694112952] conn(0x7f1f70039000 0x7f1f7003b510 secure :-1 s=READY pgs=9 cs=0 l=1 rev1=1 crypto rx=0x7f1f7c006fd0 tx=0x7f1f7c006e40 comp rx=0 tx=0).stop
2024-05-21T15:06:53.598 INFO:teuthology.orchestra.run.smithi078.stdout:/usr/bin/ceph: stderr
2024-05-21T15:06:52.947+0000 7f1f8cf14700 1 -- 172.21.15.78:0/2219662211 >> [v2:172.21.15.78:3300/0,v1:172.21.15.78:6789/0] conn(0x7f1f8810a380 msgr2=0x7f1f8819d1d0 secure :-1 s=STATE_CONNECTION_ESTABLISHED l=1).mark_down
2024-05-21T15:06:53.598 INFO:teuthology.orchestra.run.smithi078.stdout:/usr/bin/ceph: stderr
2024-05-21T15:06:52.947+0000 7f1f8cf14700 1 --2- 172.21.15.78:0/2219662211 >> [v2:172.21.15.78:3300/0,v1:172.21.15.78:6789/0] conn(0x7f1f8810a380 0x7f1f8819d1d0 secure :-1 s=READY pgs=42 cs=0 l=1 rev1=1 crypto rx=0x7f1f78009fb0 tx=0x7f1f78011c10 comp rx=0 tx=0).stop
2024-05-21T15:06:53.598 INFO:teuthology.orchestra.run.smithi078.stdout:/usr/bin/ceph: stderr
2024-05-21T15:06:52.947+0000 7f1f8cf14700 1 -- 172.21.15.78:0/2219662211 shutdown_connections
2024-05-21T15:06:53.598 INFO:teuthology.orchestra.run.smithi078.stdout:/usr/bin/ceph: stderr
2024-05-21T15:06:52.947+0000 7f1f8cf14700 1 --2- 172.21.15.78:0/2219662211 >> [v2:172.21.15.78:6800/3694112952,v1:172.21.15.78:6801/3694112952] conn(0x7f1f70039000 0x7f1f7003b510 unknown :-1 s=CLOSED pgs=9 cs=0 l=1 rev1=1 crypto rx=0 tx=0 comp rx=0 tx=0).stop
2024-05-21T15:06:53.598 INFO:teuthology.orchestra.run.smithi078.stdout:/usr/bin/ceph: stderr
2024-05-21T15:06:52.947+0000 7f1f8cf14700 1 --2- 172.21.15.78:0/2219662211 >> [v2:172.21.15.78:3300/0,v1:172.21.15.78:6789/0] conn(0x7f1f8810a380 0x7f1f8819d1d0 unknown :-1 s=CLOSED pgs=42 cs=0 l=1 rev1=1 crypto rx=0 tx=0 comp rx=0 tx=0).stop
2024-05-21T15:06:53.598 INFO:teuthology.orchestra.run.smithi078.stdout:/usr/bin/ceph: stderr
2024-05-21T15:06:52.947+0000 7f1f8cf14700 1 -- 172.21.15.78:0/2219662211 >> 172.21.15.78:0/2219662211 conn(0x7f1f88102aa0 msgr2=0x7f1f881033d0 unknown :-1 s=STATE_NONE l=0).mark_down
2024-05-21T15:06:53.599 INFO:teuthology.orchestra.run.smithi078.stdout:/usr/bin/ceph: stderr
2024-05-21T15:06:52.947+0000 7f1f8cf14700 1 -- 172.21.15.78:0/2219662211 shutdown_connections
2024-05-21T15:06:53.599 INFO:teuthology.orchestra.run.smithi078.stdout:/usr/bin/ceph: stderr
2024-05-21T15:06:52.947+0000 7f1f8cf14700 1 -- 172.21.15.78:0/2219662211 wait complete.
2024-05-21T15:06:54.226 INFO:journalctl@ceph.mon.a.smithi078.stdout:May 21 15:06:54 smithi078 ceph-mon[31997]: from='client.14136 -' entity='client.admin' cmd=[{"prefix": "cephadm generate-key", "target": ["mon-mgr", ""]}]: dispatch
2024-05-21T15:06:54.226 INFO:journalctl@ceph.mon.a.smithi078.stdout:May 21 15:06:54 smithi078 ceph-mon[31997]: Generating ssh key...
2024-05-21T15:06:54.858 INFO:teuthology.orchestra.run.smithi078.stdout:/usr/bin/ceph: stdout ssh-rsa AAAAB3NzaC1yc2EAAAADAQABAAABgQCuv/dbtzsSo48XCT5odeh3tIedUZawRLAVS6MycETstibL+0jS2m4Nk90hq8GecX5wxQji1i/uHYwrTWn0Um4gjzGTU5LlLUku4rHS97V9fsPgPLs6Q6p/VkQF1Ykr32dceMVnFbbu/JwHxKBhze0l4RVTzgxhsIU4n1xzs4OkXSEahyBOKvjHWlVrZlmU4TQhM/f/DMbXIDa5KlsjyTuv/2wySh3B89bJcVKTwZwj1goKyjZfJkD2kI4g5wSveH+1w309pLBnAR7C5oFioj53WqnIseVclL7JDDunGRCK0/QOqQyXYK4HGRo/p3tbWjEqVO2v6PORhYVhHFEJOpB8pLVZbYwilnMLqsIV5cpp4XkkKAgiPY4C1qNagMyFFSrDlds+9P95B2nH0njqCzh6QDsP9VOcjw9GvSFAj9lEtUN6Qmhdgo7n5e4TZYiyZ6LxmrEMthZLLkvDUlV8D10pB3VxK7gZAGTsgjAMwBIytCcAsRzq6/hvmPlzdPtrXGs= ceph-852c9762-1783-11ef-bc9a-c7b262605968
2024-05-21T15:06:54.858 INFO:teuthology.orchestra.run.smithi078.stdout:/usr/bin/ceph: stderr
2024-05-21T15:06:54.014+0000 7fe97978e700 1 Processor -- start
2024-05-21T15:06:54.858 INFO:teuthology.orchestra.run.smithi078.stdout:/usr/bin/ceph: stderr
2024-05-21T15:06:54.014+0000 7fe97978e700 1 -- start start
2024-05-21T15:06:54.858 INFO:teuthology.orchestra.run.smithi078.stdout:/usr/bin/ceph: stderr
2024-05-21T15:06:54.014+0000 7fe97978e700 1 --2- >> [v2:172.21.15.78:3300/0,v1:172.21.15.78:6789/0] conn(0x7fe974108cc0 0x7fe9741090d0 unknown :-1 s=NONE pgs=0 cs=0 l=0 rev1=0 crypto rx=0 tx=0 comp rx=0 tx=0).connect
2024-05-21T15:06:54.858 INFO:teuthology.orchestra.run.smithi078.stdout:/usr/bin/ceph: stderr
2024-05-21T15:06:54.014+0000 7fe97978e700 1 -- --> [v2:172.21.15.78:3300/0,v1:172.21.15.78:6789/0] -- mon_getmap magic: 0 -- 0x7fe9741096c0 con 0x7fe974108cc0
2024-05-21T15:06:54.859 INFO:teuthology.orchestra.run.smithi078.stdout:/usr/bin/ceph: stderr
2024-05-21T15:06:54.014+0000 7fe972ffd700 1 --2- >> [v2:172.21.15.78:3300/0,v1:172.21.15.78:6789/0] conn(0x7fe974108cc0 0x7fe9741090d0 unknown :-1 s=BANNER_CONNECTING pgs=0 cs=0 l=0 rev1=0 crypto rx=0 tx=0 comp rx=0 tx=0)._handle_peer_banner_payload supported=3 required=0
2024-05-21T15:06:54.859 INFO:teuthology.orchestra.run.smithi078.stdout:/usr/bin/ceph: stderr
2024-05-21T15:06:54.014+0000 7fe972ffd700 1 --2- >> [v2:172.21.15.78:3300/0,v1:172.21.15.78:6789/0] conn(0x7fe974108cc0 0x7fe9741090d0 unknown :-1 s=HELLO_CONNECTING pgs=0 cs=0 l=0 rev1=1 crypto rx=0 tx=0 comp rx=0 tx=0).handle_hello peer v2:172.21.15.78:3300/0 says I am v2:172.21.15.78:41020/0 (socket says 172.21.15.78:41020)
2024-05-21T15:06:54.859 INFO:teuthology.orchestra.run.smithi078.stdout:/usr/bin/ceph: stderr
2024-05-21T15:06:54.014+0000 7fe972ffd700 1 -- 172.21.15.78:0/1323820094 learned_addr learned my addr 172.21.15.78:0/1323820094 (peer_addr_for_me v2:172.21.15.78:0/0)
2024-05-21T15:06:54.859 INFO:teuthology.orchestra.run.smithi078.stdout:/usr/bin/ceph: stderr
2024-05-21T15:06:54.015+0000 7fe972ffd700 1 -- 172.21.15.78:0/1323820094 --> [v2:172.21.15.78:3300/0,v1:172.21.15.78:6789/0] -- mon_subscribe({config=0+,monmap=0+}) -- 0x7fe974109f50 con 0x7fe974108cc0
2024-05-21T15:06:54.859 INFO:teuthology.orchestra.run.smithi078.stdout:/usr/bin/ceph: stderr
2024-05-21T15:06:54.015+0000 7fe972ffd700 1 --2- 172.21.15.78:0/1323820094 >> [v2:172.21.15.78:3300/0,v1:172.21.15.78:6789/0] conn(0x7fe974108cc0 0x7fe9741090d0 secure :-1 s=READY pgs=43 cs=0 l=1 rev1=1 crypto rx=0x7fe9680098a0 tx=0x7fe968009bb0 comp rx=0 tx=0).ready entity=mon.0 client_cookie=ad82d0d798b163f6 server_cookie=0 in_seq=0 out_seq=0
2024-05-21T15:06:54.859 INFO:teuthology.orchestra.run.smithi078.stdout:/usr/bin/ceph: stderr
2024-05-21T15:06:54.015+0000 7fe971ffb700 1 -- 172.21.15.78:0/1323820094 <== mon.0 v2:172.21.15.78:3300/0 1 ==== mon_map magic: 0 ==== 205+0+0 (secure 0 0 0) 0x7fe968004160 con 0x7fe974108cc0
2024-05-21T15:06:54.859 INFO:teuthology.orchestra.run.smithi078.stdout:/usr/bin/ceph: stderr
2024-05-21T15:06:54.015+0000 7fe971ffb700 1 -- 172.21.15.78:0/1323820094 <== mon.0 v2:172.21.15.78:3300/0 2 ==== config(27 keys) ==== 1109+0+0 (secure 0 0 0) 0x7fe968004300 con 0x7fe974108cc0
2024-05-21T15:06:54.859 INFO:teuthology.orchestra.run.smithi078.stdout:/usr/bin/ceph: stderr
2024-05-21T15:06:54.015+0000 7fe971ffb700 1 -- 172.21.15.78:0/1323820094 <== mon.0 v2:172.21.15.78:3300/0 3 ==== mon_map magic: 0 ==== 205+0+0 (secure 0 0 0) 0x7fe968011b50 con 0x7fe974108cc0
2024-05-21T15:06:54.859 INFO:teuthology.orchestra.run.smithi078.stdout:/usr/bin/ceph: stderr
2024-05-21T15:06:54.016+0000 7fe97978e700 1 -- 172.21.15.78:0/1323820094 >> [v2:172.21.15.78:3300/0,v1:172.21.15.78:6789/0] conn(0x7fe974108cc0 msgr2=0x7fe9741090d0 secure :-1 s=STATE_CONNECTION_ESTABLISHED l=1).mark_down
2024-05-21T15:06:54.859 INFO:teuthology.orchestra.run.smithi078.stdout:/usr/bin/ceph: stderr
2024-05-21T15:06:54.016+0000 7fe97978e700 1 --2- 172.21.15.78:0/1323820094 >> [v2:172.21.15.78:3300/0,v1:172.21.15.78:6789/0] conn(0x7fe974108cc0 0x7fe9741090d0 secure :-1 s=READY pgs=43 cs=0 l=1 rev1=1 crypto rx=0x7fe9680098a0 tx=0x7fe968009bb0 comp rx=0 tx=0).stop
2024-05-21T15:06:54.859 INFO:teuthology.orchestra.run.smithi078.stdout:/usr/bin/ceph: stderr
2024-05-21T15:06:54.016+0000 7fe97978e700 1 -- 172.21.15.78:0/1323820094 shutdown_connections
2024-05-21T15:06:54.859 INFO:teuthology.orchestra.run.smithi078.stdout:/usr/bin/ceph: stderr
2024-05-21T15:06:54.016+0000 7fe97978e700 1 --2- 172.21.15.78:0/1323820094 >> [v2:172.21.15.78:3300/0,v1:172.21.15.78:6789/0] conn(0x7fe974108cc0 0x7fe9741090d0 unknown :-1 s=CLOSED pgs=43 cs=0 l=1 rev1=1 crypto rx=0 tx=0 comp rx=0 tx=0).stop
2024-05-21T15:06:54.859 INFO:teuthology.orchestra.run.smithi078.stdout:/usr/bin/ceph: stderr
2024-05-21T15:06:54.016+0000 7fe97978e700 1 -- 172.21.15.78:0/1323820094 >> 172.21.15.78:0/1323820094 conn(0x7fe974104400 msgr2=0x7fe974106870 unknown :-1 s=STATE_NONE l=0).mark_down
2024-05-21T15:06:54.859 INFO:teuthology.orchestra.run.smithi078.stdout:/usr/bin/ceph: stderr
2024-05-21T15:06:54.016+0000 7fe97978e700 1 -- 172.21.15.78:0/1323820094 shutdown_connections
2024-05-21T15:06:54.860 INFO:teuthology.orchestra.run.smithi078.stdout:/usr/bin/ceph: stderr
2024-05-21T15:06:54.016+0000 7fe97978e700 1 -- 172.21.15.78:0/1323820094 wait complete.
2024-05-21T15:06:54.860 INFO:teuthology.orchestra.run.smithi078.stdout:/usr/bin/ceph: stderr
2024-05-21T15:06:54.016+0000 7fe97978e700 1 Processor -- start
2024-05-21T15:06:54.860 INFO:teuthology.orchestra.run.smithi078.stdout:/usr/bin/ceph: stderr
2024-05-21T15:06:54.017+0000 7fe97978e700 1 -- start start
2024-05-21T15:06:54.860 INFO:teuthology.orchestra.run.smithi078.stdout:/usr/bin/ceph: stderr
2024-05-21T15:06:54.017+0000 7fe97978e700 1 --2- >> [v2:172.21.15.78:3300/0,v1:172.21.15.78:6789/0] conn(0x7fe974108cc0 0x7fe97419d1a0 unknown :-1 s=NONE pgs=0 cs=0 l=1 rev1=0 crypto rx=0 tx=0 comp rx=0 tx=0).connect
2024-05-21T15:06:54.860 INFO:teuthology.orchestra.run.smithi078.stdout:/usr/bin/ceph: stderr
2024-05-21T15:06:54.017+0000 7fe97978e700 1 -- --> [v2:172.21.15.78:3300/0,v1:172.21.15.78:6789/0] -- mon_getmap magic: 0 -- 0x7fe97410d300 con 0x7fe974108cc0
2024-05-21T15:06:54.860 INFO:teuthology.orchestra.run.smithi078.stdout:/usr/bin/ceph: stderr
2024-05-21T15:06:54.017+0000 7fe972ffd700 1 --2- >> [v2:172.21.15.78:3300/0,v1:172.21.15.78:6789/0] conn(0x7fe974108cc0 0x7fe97419d1a0 unknown :-1 s=BANNER_CONNECTING pgs=0 cs=0 l=1 rev1=0 crypto rx=0 tx=0 comp rx=0 tx=0)._handle_peer_banner_payload supported=3 required=0
2024-05-21T15:06:54.860 INFO:teuthology.orchestra.run.smithi078.stdout:/usr/bin/ceph: stderr
2024-05-21T15:06:54.017+0000 7fe972ffd700 1 --2- >> [v2:172.21.15.78:3300/0,v1:172.21.15.78:6789/0] conn(0x7fe974108cc0 0x7fe97419d1a0 unknown :-1 s=HELLO_CONNECTING pgs=0 cs=0 l=1 rev1=1 crypto rx=0 tx=0 comp rx=0 tx=0).handle_hello peer v2:172.21.15.78:3300/0 says I am v2:172.21.15.78:41030/0 (socket says 172.21.15.78:41030)
2024-05-21T15:06:54.860 INFO:teuthology.orchestra.run.smithi078.stdout:/usr/bin/ceph: stderr
2024-05-21T15:06:54.017+0000 7fe972ffd700 1 -- 172.21.15.78:0/527344042 learned_addr learned my addr 172.21.15.78:0/527344042 (peer_addr_for_me v2:172.21.15.78:0/0)
2024-05-21T15:06:54.860 INFO:teuthology.orchestra.run.smithi078.stdout:/usr/bin/ceph: stderr
2024-05-21T15:06:54.017+0000 7fe972ffd700 1 -- 172.21.15.78:0/527344042 --> [v2:172.21.15.78:3300/0,v1:172.21.15.78:6789/0] -- mon_subscribe({config=0+,monmap=0+}) -- 0x7fe97419d6e0 con 0x7fe974108cc0
2024-05-21T15:06:54.860 INFO:teuthology.orchestra.run.smithi078.stdout:/usr/bin/ceph: stderr
2024-05-21T15:06:54.017+0000 7fe972ffd700 1 --2- 172.21.15.78:0/527344042 >> [v2:172.21.15.78:3300/0,v1:172.21.15.78:6789/0] conn(0x7fe974108cc0 0x7fe97419d1a0 secure :-1 s=READY pgs=44 cs=0 l=1 rev1=1 crypto rx=0x7fe968004750 tx=0x7fe968011930 comp rx=0 tx=0).ready entity=mon.0 client_cookie=0 server_cookie=0 in_seq=0 out_seq=0
2024-05-21T15:06:54.860 INFO:teuthology.orchestra.run.smithi078.stdout:/usr/bin/ceph: stderr
2024-05-21T15:06:54.018+0000 7fe95bfff700 1 -- 172.21.15.78:0/527344042 <== mon.0 v2:172.21.15.78:3300/0 1 ==== mon_map magic: 0 ==== 205+0+0 (secure 0 0 0) 0x7fe9680039e0 con 0x7fe974108cc0
2024-05-21T15:06:54.860 INFO:teuthology.orchestra.run.smithi078.stdout:/usr/bin/ceph: stderr
2024-05-21T15:06:54.018+0000 7fe95bfff700 1 -- 172.21.15.78:0/527344042 <== mon.0 v2:172.21.15.78:3300/0 2 ==== config(27 keys) ==== 1109+0+0 (secure 0 0 0) 0x7fe968003b80 con 0x7fe974108cc0
2024-05-21T15:06:54.860 INFO:teuthology.orchestra.run.smithi078.stdout:/usr/bin/ceph: stderr
2024-05-21T15:06:54.018+0000 7fe97978e700 1 -- 172.21.15.78:0/527344042 --> [v2:172.21.15.78:3300/0,v1:172.21.15.78:6789/0] -- mon_subscribe({mgrmap=0+}) -- 0x7fe97419d970 con 0x7fe974108cc0
2024-05-21T15:06:54.860 INFO:teuthology.orchestra.run.smithi078.stdout:/usr/bin/ceph: stderr
2024-05-21T15:06:54.018+0000 7fe95bfff700 1 -- 172.21.15.78:0/527344042 <== mon.0 v2:172.21.15.78:3300/0 3 ==== mon_map magic: 0 ==== 205+0+0 (secure 0 0 0) 0x7fe9680246e0 con 0x7fe974108cc0
2024-05-21T15:06:54.860 INFO:teuthology.orchestra.run.smithi078.stdout:/usr/bin/ceph: stderr
2024-05-21T15:06:54.018+0000 7fe97978e700 1 -- 172.21.15.78:0/527344042 --> [v2:172.21.15.78:3300/0,v1:172.21.15.78:6789/0] -- mon_subscribe({osdmap=0}) -- 0x7fe9741a0580 con 0x7fe974108cc0
2024-05-21T15:06:54.860 INFO:teuthology.orchestra.run.smithi078.stdout:/usr/bin/ceph: stderr
2024-05-21T15:06:54.019+0000 7fe95bfff700 1 -- 172.21.15.78:0/527344042 <== mon.0 v2:172.21.15.78:3300/0 4 ==== mgrmap(e 8) ==== 46287+0+0 (secure 0 0 0) 0x7fe968022020 con 0x7fe974108cc0
2024-05-21T15:06:54.861 INFO:teuthology.orchestra.run.smithi078.stdout:/usr/bin/ceph: stderr
2024-05-21T15:06:54.019+0000 7fe97978e700 1 -- 172.21.15.78:0/527344042 --> [v2:172.21.15.78:3300/0,v1:172.21.15.78:6789/0] -- mon_command({"prefix": "get_command_descriptions"} v 0) -- 0x7fe974063ca0 con 0x7fe974108cc0
2024-05-21T15:06:54.861 INFO:teuthology.orchestra.run.smithi078.stdout:/usr/bin/ceph: stderr
2024-05-21T15:06:54.019+0000 7fe95bfff700 1 --2- 172.21.15.78:0/527344042 >> [v2:172.21.15.78:6800/3694112952,v1:172.21.15.78:6801/3694112952] conn(0x7fe95c039050 0x7fe95c03b560 unknown :-1 s=NONE pgs=0 cs=0 l=1 rev1=0 crypto rx=0 tx=0 comp rx=0 tx=0).connect
2024-05-21T15:06:54.861 INFO:teuthology.orchestra.run.smithi078.stdout:/usr/bin/ceph: stderr
2024-05-21T15:06:54.019+0000 7fe95bfff700 1 -- 172.21.15.78:0/527344042 <== mon.0 v2:172.21.15.78:3300/0 5 ==== osd_map(2..2 src has 1..2) ==== 940+0+0 (secure 0 0 0) 0x7fe968011e00 con 0x7fe974108cc0
2024-05-21T15:06:54.861 INFO:teuthology.orchestra.run.smithi078.stdout:/usr/bin/ceph: stderr
