2024-05-21T15:07:20.631+0000 7ff8aeb0b700 1 -- 172.21.15.78:0/1257768529 >> [v2:172.21.15.78:3300/0,v1:172.21.15.78:6789/0] conn(0x7ff8a810a380 msgr2=0x7ff8a819d170 secure :-1 s=STATE_CONNECTION_ESTABLISHED l=1).mark_down
2024-05-21T15:07:21.383 INFO:teuthology.orchestra.run.smithi078.stdout:/usr/bin/ceph: stderr
2024-05-21T15:07:20.631+0000 7ff8aeb0b700 1 --2- 172.21.15.78:0/1257768529 >> [v2:172.21.15.78:3300/0,v1:172.21.15.78:6789/0] conn(0x7ff8a810a380 0x7ff8a819d170 secure :-1 s=READY pgs=75 cs=0 l=1 rev1=1 crypto rx=0x7ff89c009fb0 tx=0x7ff89c011c10 comp rx=0 tx=0).stop
2024-05-21T15:07:21.383 INFO:teuthology.orchestra.run.smithi078.stdout:/usr/bin/ceph: stderr
2024-05-21T15:07:20.631+0000 7ff8aeb0b700 1 -- 172.21.15.78:0/1257768529 shutdown_connections
2024-05-21T15:07:21.383 INFO:teuthology.orchestra.run.smithi078.stdout:/usr/bin/ceph: stderr
2024-05-21T15:07:20.631+0000 7ff8aeb0b700 1 --2- 172.21.15.78:0/1257768529 >> [v2:172.21.15.78:6800/2228258510,v1:172.21.15.78:6801/2228258510] conn(0x7ff8980390b0 0x7ff89803b5c0 unknown :-1 s=CLOSED pgs=9 cs=0 l=1 rev1=1 crypto rx=0 tx=0 comp rx=0 tx=0).stop
2024-05-21T15:07:21.383 INFO:teuthology.orchestra.run.smithi078.stdout:/usr/bin/ceph: stderr
2024-05-21T15:07:20.631+0000 7ff8aeb0b700 1 --2- 172.21.15.78:0/1257768529 >> [v2:172.21.15.78:3300/0,v1:172.21.15.78:6789/0] conn(0x7ff8a810a380 0x7ff8a819d170 unknown :-1 s=CLOSED pgs=75 cs=0 l=1 rev1=1 crypto rx=0 tx=0 comp rx=0 tx=0).stop
2024-05-21T15:07:21.383 INFO:teuthology.orchestra.run.smithi078.stdout:/usr/bin/ceph: stderr
2024-05-21T15:07:20.631+0000 7ff8aeb0b700 1 -- 172.21.15.78:0/1257768529 >> 172.21.15.78:0/1257768529 conn(0x7ff8a8102aa0 msgr2=0x7ff8a8103390 unknown :-1 s=STATE_NONE l=0).mark_down
2024-05-21T15:07:21.383 INFO:teuthology.orchestra.run.smithi078.stdout:/usr/bin/ceph: stderr
2024-05-21T15:07:20.631+0000 7ff8aeb0b700 1 -- 172.21.15.78:0/1257768529 shutdown_connections
2024-05-21T15:07:21.383 INFO:teuthology.orchestra.run.smithi078.stdout:/usr/bin/ceph: stderr
2024-05-21T15:07:20.631+0000 7ff8aeb0b700 1 -- 172.21.15.78:0/1257768529 wait complete.
2024-05-21T15:07:21.387 INFO:teuthology.orchestra.run.smithi078.stdout:Non-zero exit code 1 from systemctl is-enabled firewalld.service
2024-05-21T15:07:21.387 INFO:teuthology.orchestra.run.smithi078.stdout:systemctl: stdout disabled
2024-05-21T15:07:21.395 INFO:teuthology.orchestra.run.smithi078.stdout:Non-zero exit code 3 from systemctl is-active firewalld.service
2024-05-21T15:07:21.395 INFO:teuthology.orchestra.run.smithi078.stdout:systemctl: stdout inactive
2024-05-21T15:07:21.395 INFO:teuthology.orchestra.run.smithi078.stdout:firewalld.service is not enabled
2024-05-21T15:07:21.395 INFO:teuthology.orchestra.run.smithi078.stdout:Not possible to open ports <[8443]>. firewalld.service is not available
2024-05-21T15:07:21.396 INFO:teuthology.orchestra.run.smithi078.stdout:Ceph Dashboard is now available at:
2024-05-21T15:07:21.396 INFO:teuthology.orchestra.run.smithi078.stdout:
2024-05-21T15:07:21.397 INFO:teuthology.orchestra.run.smithi078.stdout: URL: https://smithi078.front.sepia.ceph.com:8443/
2024-05-21T15:07:21.397 INFO:teuthology.orchestra.run.smithi078.stdout: User: admin
2024-05-21T15:07:21.397 INFO:teuthology.orchestra.run.smithi078.stdout: Password: t75ftx7qvv
2024-05-21T15:07:21.397 INFO:teuthology.orchestra.run.smithi078.stdout:
2024-05-21T15:07:21.397 INFO:teuthology.orchestra.run.smithi078.stdout:Saving cluster configuration to /var/lib/ceph/852c9762-1783-11ef-bc9a-c7b262605968/config directory
2024-05-21T15:07:21.397 INFO:teuthology.orchestra.run.smithi078.stdout:Enabling autotune for osd_memory_target
2024-05-21T15:07:21.505 INFO:journalctl@ceph.mon.a.smithi078.stdout:May 21 15:07:21 smithi078 ceph-mon[31997]: from='client.? 172.21.15.78:0/1257768529' entity='client.admin' cmd=[{"prefix": "config get", "who": "mgr", "key": "mgr/dashboard/ssl_server_port"}]: dispatch
2024-05-21T15:07:22.347 INFO:journalctl@ceph.mon.a.smithi078.stdout:May 21 15:07:22 smithi078 ceph-mon[31997]: mgrmap e13: x(active, since 6s)
2024-05-21T15:07:22.660 INFO:teuthology.orchestra.run.smithi078.stdout:/usr/bin/ceph: stderr
2024-05-21T15:07:21.818+0000 7fd2afd30700 1 Processor -- start
2024-05-21T15:07:22.660 INFO:teuthology.orchestra.run.smithi078.stdout:/usr/bin/ceph: stderr
2024-05-21T15:07:21.818+0000 7fd2afd30700 1 -- start start
2024-05-21T15:07:22.660 INFO:teuthology.orchestra.run.smithi078.stdout:/usr/bin/ceph: stderr
2024-05-21T15:07:21.818+0000 7fd2afd30700 1 --2- >> [v2:172.21.15.78:3300/0,v1:172.21.15.78:6789/0] conn(0x7fd2a8108d10 0x7fd2a8109120 unknown :-1 s=NONE pgs=0 cs=0 l=0 rev1=0 crypto rx=0 tx=0 comp rx=0 tx=0).connect
2024-05-21T15:07:22.660 INFO:teuthology.orchestra.run.smithi078.stdout:/usr/bin/ceph: stderr
2024-05-21T15:07:21.819+0000 7fd2afd30700 1 -- --> [v2:172.21.15.78:3300/0,v1:172.21.15.78:6789/0] -- mon_getmap magic: 0 -- 0x7fd2a8109710 con 0x7fd2a8108d10
2024-05-21T15:07:22.661 INFO:teuthology.orchestra.run.smithi078.stdout:/usr/bin/ceph: stderr
2024-05-21T15:07:21.819+0000 7fd2adacc700 1 --2- >> [v2:172.21.15.78:3300/0,v1:172.21.15.78:6789/0] conn(0x7fd2a8108d10 0x7fd2a8109120 unknown :-1 s=BANNER_CONNECTING pgs=0 cs=0 l=0 rev1=0 crypto rx=0 tx=0 comp rx=0 tx=0)._handle_peer_banner_payload supported=3 required=0
2024-05-21T15:07:22.661 INFO:teuthology.orchestra.run.smithi078.stdout:/usr/bin/ceph: stderr
2024-05-21T15:07:21.819+0000 7fd2adacc700 1 --2- >> [v2:172.21.15.78:3300/0,v1:172.21.15.78:6789/0] conn(0x7fd2a8108d10 0x7fd2a8109120 unknown :-1 s=HELLO_CONNECTING pgs=0 cs=0 l=0 rev1=1 crypto rx=0 tx=0 comp rx=0 tx=0).handle_hello peer v2:172.21.15.78:3300/0 says I am v2:172.21.15.78:41684/0 (socket says 172.21.15.78:41684)
2024-05-21T15:07:22.661 INFO:teuthology.orchestra.run.smithi078.stdout:/usr/bin/ceph: stderr
2024-05-21T15:07:21.819+0000 7fd2adacc700 1 -- 172.21.15.78:0/344491915 learned_addr learned my addr 172.21.15.78:0/344491915 (peer_addr_for_me v2:172.21.15.78:0/0)
2024-05-21T15:07:22.661 INFO:teuthology.orchestra.run.smithi078.stdout:/usr/bin/ceph: stderr
2024-05-21T15:07:21.819+0000 7fd2adacc700 1 -- 172.21.15.78:0/344491915 --> [v2:172.21.15.78:3300/0,v1:172.21.15.78:6789/0] -- mon_subscribe({config=0+,monmap=0+}) -- 0x7fd2a8109fa0 con 0x7fd2a8108d10
2024-05-21T15:07:22.661 INFO:teuthology.orchestra.run.smithi078.stdout:/usr/bin/ceph: stderr
2024-05-21T15:07:21.819+0000 7fd2adacc700 1 --2- 172.21.15.78:0/344491915 >> [v2:172.21.15.78:3300/0,v1:172.21.15.78:6789/0] conn(0x7fd2a8108d10 0x7fd2a8109120 secure :-1 s=READY pgs=76 cs=0 l=1 rev1=1 crypto rx=0x7fd2a40098a0 tx=0x7fd2a4009bb0 comp rx=0 tx=0).ready entity=mon.0 client_cookie=d6af3fa9bc3fd1d8 server_cookie=0 in_seq=0 out_seq=0
2024-05-21T15:07:22.661 INFO:teuthology.orchestra.run.smithi078.stdout:/usr/bin/ceph: stderr
2024-05-21T15:07:21.819+0000 7fd2acaca700 1 -- 172.21.15.78:0/344491915 <== mon.0 v2:172.21.15.78:3300/0 1 ==== mon_map magic: 0 ==== 205+0+0 (secure 0 0 0) 0x7fd2a4004160 con 0x7fd2a8108d10
2024-05-21T15:07:22.661 INFO:teuthology.orchestra.run.smithi078.stdout:/usr/bin/ceph: stderr
2024-05-21T15:07:21.819+0000 7fd2acaca700 1 -- 172.21.15.78:0/344491915 <== mon.0 v2:172.21.15.78:3300/0 2 ==== config(27 keys) ==== 1140+0+0 (secure 0 0 0) 0x7fd2a4004300 con 0x7fd2a8108d10
2024-05-21T15:07:22.661 INFO:teuthology.orchestra.run.smithi078.stdout:/usr/bin/ceph: stderr
2024-05-21T15:07:21.819+0000 7fd2acaca700 1 -- 172.21.15.78:0/344491915 <== mon.0 v2:172.21.15.78:3300/0 3 ==== mon_map magic: 0 ==== 205+0+0 (secure 0 0 0) 0x7fd2a4011b20 con 0x7fd2a8108d10
2024-05-21T15:07:22.661 INFO:teuthology.orchestra.run.smithi078.stdout:/usr/bin/ceph: stderr
2024-05-21T15:07:21.820+0000 7fd2afd30700 1 -- 172.21.15.78:0/344491915 >> [v2:172.21.15.78:3300/0,v1:172.21.15.78:6789/0] conn(0x7fd2a8108d10 msgr2=0x7fd2a8109120 secure :-1 s=STATE_CONNECTION_ESTABLISHED l=1).mark_down
2024-05-21T15:07:22.661 INFO:teuthology.orchestra.run.smithi078.stdout:/usr/bin/ceph: stderr
2024-05-21T15:07:21.820+0000 7fd2afd30700 1 --2- 172.21.15.78:0/344491915 >> [v2:172.21.15.78:3300/0,v1:172.21.15.78:6789/0] conn(0x7fd2a8108d10 0x7fd2a8109120 secure :-1 s=READY pgs=76 cs=0 l=1 rev1=1 crypto rx=0x7fd2a40098a0 tx=0x7fd2a4009bb0 comp rx=0 tx=0).stop
2024-05-21T15:07:22.661 INFO:teuthology.orchestra.run.smithi078.stdout:/usr/bin/ceph: stderr
2024-05-21T15:07:21.820+0000 7fd2afd30700 1 -- 172.21.15.78:0/344491915 shutdown_connections
2024-05-21T15:07:22.661 INFO:teuthology.orchestra.run.smithi078.stdout:/usr/bin/ceph: stderr
2024-05-21T15:07:21.820+0000 7fd2afd30700 1 --2- 172.21.15.78:0/344491915 >> [v2:172.21.15.78:3300/0,v1:172.21.15.78:6789/0] conn(0x7fd2a8108d10 0x7fd2a8109120 unknown :-1 s=CLOSED pgs=76 cs=0 l=1 rev1=1 crypto rx=0 tx=0 comp rx=0 tx=0).stop
2024-05-21T15:07:22.662 INFO:teuthology.orchestra.run.smithi078.stdout:/usr/bin/ceph: stderr
2024-05-21T15:07:21.820+0000 7fd2afd30700 1 -- 172.21.15.78:0/344491915 >> 172.21.15.78:0/344491915 conn(0x7fd2a8104410 msgr2=0x7fd2a81068c0 unknown :-1 s=STATE_NONE l=0).mark_down
2024-05-21T15:07:22.662 INFO:teuthology.orchestra.run.smithi078.stdout:/usr/bin/ceph: stderr
2024-05-21T15:07:21.820+0000 7fd2afd30700 1 -- 172.21.15.78:0/344491915 shutdown_connections
2024-05-21T15:07:22.662 INFO:teuthology.orchestra.run.smithi078.stdout:/usr/bin/ceph: stderr
2024-05-21T15:07:21.820+0000 7fd2afd30700 1 -- 172.21.15.78:0/344491915 wait complete.
2024-05-21T15:07:22.662 INFO:teuthology.orchestra.run.smithi078.stdout:/usr/bin/ceph: stderr
2024-05-21T15:07:21.821+0000 7fd2afd30700 1 Processor -- start
2024-05-21T15:07:22.662 INFO:teuthology.orchestra.run.smithi078.stdout:/usr/bin/ceph: stderr
2024-05-21T15:07:21.821+0000 7fd2afd30700 1 -- start start
2024-05-21T15:07:22.662 INFO:teuthology.orchestra.run.smithi078.stdout:/usr/bin/ceph: stderr
2024-05-21T15:07:21.821+0000 7fd2afd30700 1 --2- >> [v2:172.21.15.78:3300/0,v1:172.21.15.78:6789/0] conn(0x7fd2a8108d10 0x7fd2a819d120 unknown :-1 s=NONE pgs=0 cs=0 l=1 rev1=0 crypto rx=0 tx=0 comp rx=0 tx=0).connect
2024-05-21T15:07:22.662 INFO:teuthology.orchestra.run.smithi078.stdout:/usr/bin/ceph: stderr
2024-05-21T15:07:21.821+0000 7fd2afd30700 1 -- --> [v2:172.21.15.78:3300/0,v1:172.21.15.78:6789/0] -- mon_getmap magic: 0 -- 0x7fd2a810d350 con 0x7fd2a8108d10
2024-05-21T15:07:22.662 INFO:teuthology.orchestra.run.smithi078.stdout:/usr/bin/ceph: stderr
2024-05-21T15:07:21.821+0000 7fd2adacc700 1 --2- >> [v2:172.21.15.78:3300/0,v1:172.21.15.78:6789/0] conn(0x7fd2a8108d10 0x7fd2a819d120 unknown :-1 s=BANNER_CONNECTING pgs=0 cs=0 l=1 rev1=0 crypto rx=0 tx=0 comp rx=0 tx=0)._handle_peer_banner_payload supported=3 required=0
2024-05-21T15:07:22.662 INFO:teuthology.orchestra.run.smithi078.stdout:/usr/bin/ceph: stderr
2024-05-21T15:07:21.821+0000 7fd2adacc700 1 --2- >> [v2:172.21.15.78:3300/0,v1:172.21.15.78:6789/0] conn(0x7fd2a8108d10 0x7fd2a819d120 unknown :-1 s=HELLO_CONNECTING pgs=0 cs=0 l=1 rev1=1 crypto rx=0 tx=0 comp rx=0 tx=0).handle_hello peer v2:172.21.15.78:3300/0 says I am v2:172.21.15.78:41688/0 (socket says 172.21.15.78:41688)
2024-05-21T15:07:22.662 INFO:teuthology.orchestra.run.smithi078.stdout:/usr/bin/ceph: stderr
2024-05-21T15:07:21.821+0000 7fd2adacc700 1 -- 172.21.15.78:0/3493335489 learned_addr learned my addr 172.21.15.78:0/3493335489 (peer_addr_for_me v2:172.21.15.78:0/0)
2024-05-21T15:07:22.662 INFO:teuthology.orchestra.run.smithi078.stdout:/usr/bin/ceph: stderr
2024-05-21T15:07:21.821+0000 7fd2adacc700 1 -- 172.21.15.78:0/3493335489 --> [v2:172.21.15.78:3300/0,v1:172.21.15.78:6789/0] -- mon_subscribe({config=0+,monmap=0+}) -- 0x7fd2a819d660 con 0x7fd2a8108d10
2024-05-21T15:07:22.662 INFO:teuthology.orchestra.run.smithi078.stdout:/usr/bin/ceph: stderr
2024-05-21T15:07:21.822+0000 7fd2adacc700 1 --2- 172.21.15.78:0/3493335489 >> [v2:172.21.15.78:3300/0,v1:172.21.15.78:6789/0] conn(0x7fd2a8108d10 0x7fd2a819d120 secure :-1 s=READY pgs=77 cs=0 l=1 rev1=1 crypto rx=0x7fd2a4011ad0 tx=0x7fd2a4011bb0 comp rx=0 tx=0).ready entity=mon.0 client_cookie=0 server_cookie=0 in_seq=0 out_seq=0
2024-05-21T15:07:22.663 INFO:teuthology.orchestra.run.smithi078.stdout:/usr/bin/ceph: stderr
2024-05-21T15:07:21.822+0000 7fd29affd700 1 -- 172.21.15.78:0/3493335489 <== mon.0 v2:172.21.15.78:3300/0 1 ==== mon_map magic: 0 ==== 205+0+0 (secure 0 0 0) 0x7fd2a4003a40 con 0x7fd2a8108d10
2024-05-21T15:07:22.663 INFO:teuthology.orchestra.run.smithi078.stdout:/usr/bin/ceph: stderr
2024-05-21T15:07:21.822+0000 7fd29affd700 1 -- 172.21.15.78:0/3493335489 <== mon.0 v2:172.21.15.78:3300/0 2 ==== config(27 keys) ==== 1140+0+0 (secure 0 0 0) 0x7fd2a4003be0 con 0x7fd2a8108d10
2024-05-21T15:07:22.663 INFO:teuthology.orchestra.run.smithi078.stdout:/usr/bin/ceph: stderr
2024-05-21T15:07:21.822+0000 7fd2afd30700 1 -- 172.21.15.78:0/3493335489 --> [v2:172.21.15.78:3300/0,v1:172.21.15.78:6789/0] -- mon_subscribe({mgrmap=0+}) -- 0x7fd2a819d8f0 con 0x7fd2a8108d10
2024-05-21T15:07:22.663 INFO:teuthology.orchestra.run.smithi078.stdout:/usr/bin/ceph: stderr
2024-05-21T15:07:21.822+0000 7fd29affd700 1 -- 172.21.15.78:0/3493335489 <== mon.0 v2:172.21.15.78:3300/0 3 ==== mon_map magic: 0 ==== 205+0+0 (secure 0 0 0) 0x7fd2a4024740 con 0x7fd2a8108d10
2024-05-21T15:07:22.663 INFO:teuthology.orchestra.run.smithi078.stdout:/usr/bin/ceph: stderr
2024-05-21T15:07:21.822+0000 7fd2afd30700 1 -- 172.21.15.78:0/3493335489 --> [v2:172.21.15.78:3300/0,v1:172.21.15.78:6789/0] -- mon_subscribe({osdmap=0}) -- 0x7fd2a81a0500 con 0x7fd2a8108d10
2024-05-21T15:07:22.663 INFO:teuthology.orchestra.run.smithi078.stdout:/usr/bin/ceph: stderr
2024-05-21T15:07:21.823+0000 7fd29affd700 1 -- 172.21.15.78:0/3493335489 <== mon.0 v2:172.21.15.78:3300/0 4 ==== mgrmap(e 13) ==== 46343+0+0 (secure 0 0 0) 0x7fd2a40249f0 con 0x7fd2a8108d10
2024-05-21T15:07:22.663 INFO:teuthology.orchestra.run.smithi078.stdout:/usr/bin/ceph: stderr
2024-05-21T15:07:21.823+0000 7fd2afd30700 1 -- 172.21.15.78:0/3493335489 --> [v2:172.21.15.78:3300/0,v1:172.21.15.78:6789/0] -- mon_command({"prefix": "get_command_descriptions"} v 0) -- 0x7fd2a819dd50 con 0x7fd2a8108d10
2024-05-21T15:07:22.663 INFO:teuthology.orchestra.run.smithi078.stdout:/usr/bin/ceph: stderr
2024-05-21T15:07:21.823+0000 7fd29affd700 1 --2- 172.21.15.78:0/3493335489 >> [v2:172.21.15.78:6800/2228258510,v1:172.21.15.78:6801/2228258510] conn(0x7fd294039140 0x7fd29403b650 unknown :-1 s=NONE pgs=0 cs=0 l=1 rev1=0 crypto rx=0 tx=0 comp rx=0 tx=0).connect
2024-05-21T15:07:22.663 INFO:teuthology.orchestra.run.smithi078.stdout:/usr/bin/ceph: stderr
2024-05-21T15:07:21.823+0000 7fd29affd700 1 -- 172.21.15.78:0/3493335489 <== mon.0 v2:172.21.15.78:3300/0 5 ==== osd_map(3..3 src has 1..3) ==== 1155+0+0 (secure 0 0 0) 0x7fd2a404d7d0 con 0x7fd2a8108d10
2024-05-21T15:07:22.663 INFO:teuthology.orchestra.run.smithi078.stdout:/usr/bin/ceph: stderr
2024-05-21T15:07:21.823+0000 7fd2ad2cb700 1 --2- 172.21.15.78:0/3493335489 >> [v2:172.21.15.78:6800/2228258510,v1:172.21.15.78:6801/2228258510] conn(0x7fd294039140 0x7fd29403b650 unknown :-1 s=BANNER_CONNECTING pgs=0 cs=0 l=1 rev1=0 crypto rx=0 tx=0 comp rx=0 tx=0)._handle_peer_banner_payload supported=3 required=0
2024-05-21T15:07:22.663 INFO:teuthology.orchestra.run.smithi078.stdout:/usr/bin/ceph: stderr
2024-05-21T15:07:21.824+0000 7fd2ad2cb700 1 --2- 172.21.15.78:0/3493335489 >> [v2:172.21.15.78:6800/2228258510,v1:172.21.15.78:6801/2228258510] conn(0x7fd294039140 0x7fd29403b650 secure :-1 s=READY pgs=10 cs=0 l=1 rev1=1 crypto rx=0x7fd29c006fd0 tx=0x7fd29c006e40 comp rx=0 tx=0).ready entity=mgr.14152 client_cookie=0 server_cookie=0 in_seq=0 out_seq=0
2024-05-21T15:07:22.663 INFO:teuthology.orchestra.run.smithi078.stdout:/usr/bin/ceph: stderr
2024-05-21T15:07:21.828+0000 7fd29affd700 1 -- 172.21.15.78:0/3493335489 <== mon.0 v2:172.21.15.78:3300/0 6 ==== mon_command_ack([{"prefix": "get_command_descriptions"}]=0 v0) ==== 72+0+186418 (secure 0 0 0) 0x7fd2a40094f0 con 0x7fd2a8108d10
2024-05-21T15:07:22.663 INFO:teuthology.orchestra.run.smithi078.stdout:/usr/bin/ceph: stderr
2024-05-21T15:07:22.023+0000 7fd2afd30700 1 -- 172.21.15.78:0/3493335489 --> [v2:172.21.15.78:3300/0,v1:172.21.15.78:6789/0] -- mon_command([{prefix=config set, name=osd_memory_target_autotune}] v 0) -- 0x7fd2a81a06d0 con 0x7fd2a8108d10
2024-05-21T15:07:22.664 INFO:teuthology.orchestra.run.smithi078.stdout:/usr/bin/ceph: stderr
2024-05-21T15:07:22.023+0000 7fd29affd700 1 -- 172.21.15.78:0/3493335489 <== mon.0 v2:172.21.15.78:3300/0 7 ==== mon_command_ack([{prefix=config set, name=osd_memory_target_autotune}]=0 v8)=0 v8) ==== 127+0+0 (secure 0 0 0) 0x7fd2a4016df0 con 0x7fd2a8108d10
2024-05-21T15:07:22.664 INFO:teuthology.orchestra.run.smithi078.stdout:/usr/bin/ceph: stderr
2024-05-21T15:07:22.026+0000 7fd2afd30700 1 -- 172.21.15.78:0/3493335489 >> [v2:172.21.15.78:6800/2228258510,v1:172.21.15.78:6801/2228258510] conn(0x7fd294039140 msgr2=0x7fd29403b650 secure :-1 s=STATE_CONNECTION_ESTABLISHED l=1).mark_down
2024-05-21T15:07:22.664 INFO:teuthology.orchestra.run.smithi078.stdout:/usr/bin/ceph: stderr
2024-05-21T15:07:22.026+0000 7fd2afd30700 1 --2- 172.21.15.78:0/3493335489 >> [v2:172.21.15.78:6800/2228258510,v1:172.21.15.78:6801/2228258510] conn(0x7fd294039140 0x7fd29403b650 secure :-1 s=READY pgs=10 cs=0 l=1 rev1=1 crypto rx=0x7fd29c006fd0 tx=0x7fd29c006e40 comp rx=0 tx=0).stop
2024-05-21T15:07:22.664 INFO:teuthology.orchestra.run.smithi078.stdout:/usr/bin/ceph: stderr
2024-05-21T15:07:22.026+0000 7fd2afd30700 1 -- 172.21.15.78:0/3493335489 >> [v2:172.21.15.78:3300/0,v1:172.21.15.78:6789/0] conn(0x7fd2a8108d10 msgr2=0x7fd2a819d120 secure :-1 s=STATE_CONNECTION_ESTABLISHED l=1).mark_down
2024-05-21T15:07:22.664 INFO:teuthology.orchestra.run.smithi078.stdout:/usr/bin/ceph: stderr
2024-05-21T15:07:22.026+0000 7fd2afd30700 1 --2- 172.21.15.78:0/3493335489 >> [v2:172.21.15.78:3300/0,v1:172.21.15.78:6789/0] conn(0x7fd2a8108d10 0x7fd2a819d120 secure :-1 s=READY pgs=77 cs=0 l=1 rev1=1 crypto rx=0x7fd2a4011ad0 tx=0x7fd2a4011bb0 comp rx=0 tx=0).stop
2024-05-21T15:07:22.664 INFO:teuthology.orchestra.run.smithi078.stdout:/usr/bin/ceph: stderr
2024-05-21T15:07:22.026+0000 7fd2afd30700 1 -- 172.21.15.78:0/3493335489 shutdown_connections
2024-05-21T15:07:22.664 INFO:teuthology.orchestra.run.smithi078.stdout:/usr/bin/ceph: stderr
2024-05-21T15:07:22.026+0000 7fd2afd30700 1 --2- 172.21.15.78:0/3493335489 >> [v2:172.21.15.78:6800/2228258510,v1:172.21.15.78:6801/2228258510] conn(0x7fd294039140 0x7fd29403b650 unknown :-1 s=CLOSED pgs=10 cs=0 l=1 rev1=1 crypto rx=0 tx=0 comp rx=0 tx=0).stop
2024-05-21T15:07:22.664 INFO:teuthology.orchestra.run.smithi078.stdout:/usr/bin/ceph: stderr
2024-05-21T15:07:22.026+0000 7fd2afd30700 1 --2- 172.21.15.78:0/3493335489 >> [v2:172.21.15.78:3300/0,v1:172.21.15.78:6789/0] conn(0x7fd2a8108d10 0x7fd2a819d120 unknown :-1 s=CLOSED pgs=77 cs=0 l=1 rev1=1 crypto rx=0 tx=0 comp rx=0 tx=0).stop
2024-05-21T15:07:22.664 INFO:teuthology.orchestra.run.smithi078.stdout:/usr/bin/ceph: stderr
2024-05-21T15:07:22.026+0000 7fd2afd30700 1 -- 172.21.15.78:0/3493335489 >> 172.21.15.78:0/3493335489 conn(0x7fd2a8104410 msgr2=0x7fd2a8104cd0 unknown :-1 s=STATE_NONE l=0).mark_down
2024-05-21T15:07:22.664 INFO:teuthology.orchestra.run.smithi078.stdout:/usr/bin/ceph: stderr
2024-05-21T15:07:22.026+0000 7fd2afd30700 1 -- 172.21.15.78:0/3493335489 shutdown_connections
2024-05-21T15:07:22.664 INFO:teuthology.orchestra.run.smithi078.stdout:/usr/bin/ceph: stderr
2024-05-21T15:07:22.026+0000 7fd2afd30700 1 -- 172.21.15.78:0/3493335489 wait complete.
2024-05-21T15:07:23.992 INFO:teuthology.orchestra.run.smithi078.stdout:/usr/bin/ceph: stderr
2024-05-21T15:07:23.066+0000 7fb8d7d8a700 1 Processor -- start
2024-05-21T15:07:23.992 INFO:teuthology.orchestra.run.smithi078.stdout:/usr/bin/ceph: stderr
2024-05-21T15:07:23.066+0000 7fb8d7d8a700 1 -- start start
2024-05-21T15:07:23.993 INFO:teuthology.orchestra.run.smithi078.stdout:/usr/bin/ceph: stderr
2024-05-21T15:07:23.067+0000 7fb8d7d8a700 1 --2- >> [v2:172.21.15.78:3300/0,v1:172.21.15.78:6789/0] conn(0x7fb8d007bc70 0x7fb8d010b8f0 unknown :-1 s=NONE pgs=0 cs=0 l=0 rev1=0 crypto rx=0 tx=0 comp rx=0 tx=0).connect
2024-05-21T15:07:23.993 INFO:teuthology.orchestra.run.smithi078.stdout:/usr/bin/ceph: stderr
2024-05-21T15:07:23.067+0000 7fb8d7d8a700 1 -- --> [v2:172.21.15.78:3300/0,v1:172.21.15.78:6789/0] -- mon_getmap magic: 0 -- 0x7fb8d010bec0 con 0x7fb8d007bc70
2024-05-21T15:07:23.993 INFO:teuthology.orchestra.run.smithi078.stdout:/usr/bin/ceph: stderr
2024-05-21T15:07:23.067+0000 7fb8d5b26700 1 --2- >> [v2:172.21.15.78:3300/0,v1:172.21.15.78:6789/0] conn(0x7fb8d007bc70 0x7fb8d010b8f0 unknown :-1 s=BANNER_CONNECTING pgs=0 cs=0 l=0 rev1=0 crypto rx=0 tx=0 comp rx=0 tx=0)._handle_peer_banner_payload supported=3 required=0
2024-05-21T15:07:23.993 INFO:teuthology.orchestra.run.smithi078.stdout:/usr/bin/ceph: stderr
2024-05-21T15:07:23.067+0000 7fb8d5b26700 1 --2- >> [v2:172.21.15.78:3300/0,v1:172.21.15.78:6789/0] conn(0x7fb8d007bc70 0x7fb8d010b8f0 unknown :-1 s=HELLO_CONNECTING pgs=0 cs=0 l=0 rev1=1 crypto rx=0 tx=0 comp rx=0 tx=0).handle_hello peer v2:172.21.15.78:3300/0 says I am v2:172.21.15.78:41700/0 (socket says 172.21.15.78:41700)
2024-05-21T15:07:23.993 INFO:teuthology.orchestra.run.smithi078.stdout:/usr/bin/ceph: stderr
2024-05-21T15:07:23.067+0000 7fb8d5b26700 1 -- 172.21.15.78:0/309806438 learned_addr learned my addr 172.21.15.78:0/309806438 (peer_addr_for_me v2:172.21.15.78:0/0)
2024-05-21T15:07:23.993 INFO:teuthology.orchestra.run.smithi078.stdout:/usr/bin/ceph: stderr
2024-05-21T15:07:23.067+0000 7fb8d5b26700 1 -- 172.21.15.78:0/309806438 --> [v2:172.21.15.78:3300/0,v1:172.21.15.78:6789/0] -- mon_subscribe({config=0+,monmap=0+}) -- 0x7fb8d010c040 con 0x7fb8d007bc70
2024-05-21T15:07:23.993 INFO:teuthology.orchestra.run.smithi078.stdout:/usr/bin/ceph: stderr
2024-05-21T15:07:23.067+0000 7fb8d5b26700 1 --2- 172.21.15.78:0/309806438 >> [v2:172.21.15.78:3300/0,v1:172.21.15.78:6789/0] conn(0x7fb8d007bc70 0x7fb8d010b8f0 secure :-1 s=READY pgs=78 cs=0 l=1 rev1=1 crypto rx=0x7fb8cc0098a0 tx=0x7fb8cc009bb0 comp rx=0 tx=0).ready entity=mon.0 client_cookie=5e2eeced3ccf6c5c server_cookie=0 in_seq=0 out_seq=0
2024-05-21T15:07:23.993 INFO:teuthology.orchestra.run.smithi078.stdout:/usr/bin/ceph: stderr
2024-05-21T15:07:23.067+0000 7fb8d4b24700 1 -- 172.21.15.78:0/309806438 <== mon.0 v2:172.21.15.78:3300/0 1 ==== mon_map magic: 0 ==== 205+0+0 (secure 0 0 0) 0x7fb8cc004160 con 0x7fb8d007bc70
2024-05-21T15:07:23.993 INFO:teuthology.orchestra.run.smithi078.stdout:/usr/bin/ceph: stderr
2024-05-21T15:07:23.068+0000 7fb8d4b24700 1 -- 172.21.15.78:0/309806438 <== mon.0 v2:172.21.15.78:3300/0 2 ==== config(27 keys) ==== 1140+0+0 (secure 0 0 0) 0x7fb8cc004300 con 0x7fb8d007bc70
2024-05-21T15:07:23.993 INFO:teuthology.orchestra.run.smithi078.stdout:/usr/bin/ceph: stderr
2024-05-21T15:07:23.068+0000 7fb8d4b24700 1 -- 172.21.15.78:0/309806438 <== mon.0 v2:172.21.15.78:3300/0 3 ==== mon_map magic: 0 ==== 205+0+0 (secure 0 0 0) 0x7fb8cc011b20 con 0x7fb8d007bc70
2024-05-21T15:07:23.993 INFO:teuthology.orchestra.run.smithi078.stdout:/usr/bin/ceph: stderr
2024-05-21T15:07:23.068+0000 7fb8d7d8a700 1 -- 172.21.15.78:0/309806438 >> [v2:172.21.15.78:3300/0,v1:172.21.15.78:6789/0] conn(0x7fb8d007bc70 msgr2=0x7fb8d010b8f0 secure :-1 s=STATE_CONNECTION_ESTABLISHED l=1).mark_down
2024-05-21T15:07:23.994 INFO:teuthology.orchestra.run.smithi078.stdout:/usr/bin/ceph: stderr
2024-05-21T15:07:23.068+0000 7fb8d7d8a700 1 --2- 172.21.15.78:0/309806438 >> [v2:172.21.15.78:3300/0,v1:172.21.15.78:6789/0] conn(0x7fb8d007bc70 0x7fb8d010b8f0 secure :-1 s=READY pgs=78 cs=0 l=1 rev1=1 crypto rx=0x7fb8cc0098a0 tx=0x7fb8cc009bb0 comp rx=0 tx=0).stop
2024-05-21T15:07:23.994 INFO:teuthology.orchestra.run.smithi078.stdout:/usr/bin/ceph: stderr
2024-05-21T15:07:23.068+0000 7fb8d7d8a700 1 -- 172.21.15.78:0/309806438 shutdown_connections
2024-05-21T15:07:23.994 INFO:teuthology.orchestra.run.smithi078.stdout:/usr/bin/ceph: stderr
2024-05-21T15:07:23.068+0000 7fb8d7d8a700 1 --2- 172.21.15.78:0/309806438 >> [v2:172.21.15.78:3300/0,v1:172.21.15.78:6789/0] conn(0x7fb8d007bc70 0x7fb8d010b8f0 unknown :-1 s=CLOSED pgs=78 cs=0 l=1 rev1=1 crypto rx=0 tx=0 comp rx=0 tx=0).stop
2024-05-21T15:07:23.994 INFO:teuthology.orchestra.run.smithi078.stdout:/usr/bin/ceph: stderr
2024-05-21T15:07:23.068+0000 7fb8d7d8a700 1 -- 172.21.15.78:0/309806438 >> 172.21.15.78:0/309806438 conn(0x7fb8d01033a0 msgr2=0x7fb8d01057f0 unknown :-1 s=STATE_NONE l=0).mark_down
2024-05-21T15:07:23.994 INFO:teuthology.orchestra.run.smithi078.stdout:/usr/bin/ceph: stderr
2024-05-21T15:07:23.068+0000 7fb8d7d8a700 1 -- 172.21.15.78:0/309806438 shutdown_connections
2024-05-21T15:07:23.994 INFO:teuthology.orchestra.run.smithi078.stdout:/usr/bin/ceph: stderr
2024-05-21T15:07:23.068+0000 7fb8d7d8a700 1 -- 172.21.15.78:0/309806438 wait complete.
2024-05-21T15:07:23.994 INFO:teuthology.orchestra.run.smithi078.stdout:/usr/bin/ceph: stderr
2024-05-21T15:07:23.069+0000 7fb8d7d8a700 1 Processor -- start
2024-05-21T15:07:23.994 INFO:teuthology.orchestra.run.smithi078.stdout:/usr/bin/ceph: stderr
2024-05-21T15:07:23.069+0000 7fb8d7d8a700 1 -- start start
2024-05-21T15:07:23.994 INFO:teuthology.orchestra.run.smithi078.stdout:/usr/bin/ceph: stderr
2024-05-21T15:07:23.069+0000 7fb8d7d8a700 1 --2- >> [v2:172.21.15.78:3300/0,v1:172.21.15.78:6789/0] conn(0x7fb8d007bc70 0x7fb8d019d0e0 unknown :-1 s=NONE pgs=0 cs=0 l=1 rev1=0 crypto rx=0 tx=0 comp rx=0 tx=0).connect
2024-05-21T15:07:23.995 INFO:teuthology.orchestra.run.smithi078.stdout:/usr/bin/ceph: stderr
2024-05-21T15:07:23.069+0000 7fb8d7d8a700 1 -- --> [v2:172.21.15.78:3300/0,v1:172.21.15.78:6789/0] -- mon_getmap magic: 0 -- 0x7fb8d010d160 con 0x7fb8d007bc70
2024-05-21T15:07:23.995 INFO:teuthology.orchestra.run.smithi078.stdout:/usr/bin/ceph: stderr
2024-05-21T15:07:23.069+0000 7fb8d5b26700 1 --2- >> [v2:172.21.15.78:3300/0,v1:172.21.15.78:6789/0] conn(0x7fb8d007bc70 0x7fb8d019d0e0 unknown :-1 s=BANNER_CONNECTING pgs=0 cs=0 l=1 rev1=0 crypto rx=0 tx=0 comp rx=0 tx=0)._handle_peer_banner_payload supported=3 required=0
2024-05-21T15:07:23.995 INFO:teuthology.orchestra.run.smithi078.stdout:/usr/bin/ceph: stderr
2024-05-21T15:07:23.069+0000 7fb8d5b26700 1 --2- >> [v2:172.21.15.78:3300/0,v1:172.21.15.78:6789/0] conn(0x7fb8d007bc70 0x7fb8d019d0e0 unknown :-1 s=HELLO_CONNECTING pgs=0 cs=0 l=1 rev1=1 crypto rx=0 tx=0 comp rx=0 tx=0).handle_hello peer v2:172.21.15.78:3300/0 says I am v2:172.21.15.78:41714/0 (socket says 172.21.15.78:41714)
2024-05-21T15:07:23.995 INFO:teuthology.orchestra.run.smithi078.stdout:/usr/bin/ceph: stderr
2024-05-21T15:07:23.069+0000 7fb8d5b26700 1 -- 172.21.15.78:0/3393488875 learned_addr learned my addr 172.21.15.78:0/3393488875 (peer_addr_for_me v2:172.21.15.78:0/0)
2024-05-21T15:07:23.995 INFO:teuthology.orchestra.run.smithi078.stdout:/usr/bin/ceph: stderr
2024-05-21T15:07:23.070+0000 7fb8d5b26700 1 -- 172.21.15.78:0/3393488875 --> [v2:172.21.15.78:3300/0,v1:172.21.15.78:6789/0] -- mon_subscribe({config=0+,monmap=0+}) -- 0x7fb8d019d620 con 0x7fb8d007bc70
2024-05-21T15:07:23.995 INFO:teuthology.orchestra.run.smithi078.stdout:/usr/bin/ceph: stderr
2024-05-21T15:07:23.070+0000 7fb8d5b26700 1 --2- 172.21.15.78:0/3393488875 >> [v2:172.21.15.78:3300/0,v1:172.21.15.78:6789/0] conn(0x7fb8d007bc70 0x7fb8d019d0e0 secure :-1 s=READY pgs=79 cs=0 l=1 rev1=1 crypto rx=0x7fb8cc011740 tx=0x7fb8cc011ba0 comp rx=0 tx=0).ready entity=mon.0 client_cookie=0 server_cookie=0 in_seq=0 out_seq=0
2024-05-21T15:07:23.995 INFO:teuthology.orchestra.run.smithi078.stdout:/usr/bin/ceph: stderr
2024-05-21T15:07:23.070+0000 7fb8c6ffd700 1 -- 172.21.15.78:0/3393488875 <== mon.0 v2:172.21.15.78:3300/0 1 ==== mon_map magic: 0 ==== 205+0+0 (secure 0 0 0) 0x7fb8cc003a40 con 0x7fb8d007bc70
2024-05-21T15:07:23.995 INFO:teuthology.orchestra.run.smithi078.stdout:/usr/bin/ceph: stderr
2024-05-21T15:07:23.070+0000 7fb8d7d8a700 1 -- 172.21.15.78:0/3393488875 --> [v2:172.21.15.78:3300/0,v1:172.21.15.78:6789/0] -- mon_subscribe({mgrmap=0+}) -- 0x7fb8d019d8b0 con 0x7fb8d007bc70
2024-05-21T15:07:23.996 INFO:teuthology.orchestra.run.smithi078.stdout:/usr/bin/ceph: stderr
2024-05-21T15:07:23.070+0000 7fb8c6ffd700 1 -- 172.21.15.78:0/3393488875 <== mon.0 v2:172.21.15.78:3300/0 2 ==== config(27 keys) ==== 1140+0+0 (secure 0 0 0) 0x7fb8cc003be0 con 0x7fb8d007bc70
2024-05-21T15:07:23.996 INFO:teuthology.orchestra.run.smithi078.stdout:/usr/bin/ceph: stderr
2024-05-21T15:07:23.070+0000 7fb8c6ffd700 1 -- 172.21.15.78:0/3393488875 <== mon.0 v2:172.21.15.78:3300/0 3 ==== mon_map magic: 0 ==== 205+0+0 (secure 0 0 0) 0x7fb8cc01a750 con 0x7fb8d007bc70
2024-05-21T15:07:23.996 INFO:teuthology.orchestra.run.smithi078.stdout:/usr/bin/ceph: stderr
2024-05-21T15:07:23.070+0000 7fb8d7d8a700 1 -- 172.21.15.78:0/3393488875 --> [v2:172.21.15.78:3300/0,v1:172.21.15.78:6789/0] -- mon_subscribe({osdmap=0}) -- 0x7fb8d01a04c0 con 0x7fb8d007bc70
2024-05-21T15:07:23.996 INFO:teuthology.orchestra.run.smithi078.stdout:/usr/bin/ceph: stderr
2024-05-21T15:07:23.071+0000 7fb8c6ffd700 1 -- 172.21.15.78:0/3393488875 <== mon.0 v2:172.21.15.78:3300/0 4 ==== mgrmap(e 13) ==== 46343+0+0 (secure 0 0 0) 0x7fb8cc01aa50 con 0x7fb8d007bc70
2024-05-21T15:07:23.996 INFO:teuthology.orchestra.run.smithi078.stdout:/usr/bin/ceph: stderr
2024-05-21T15:07:23.071+0000 7fb8c6ffd700 1 --2- 172.21.15.78:0/3393488875 >> [v2:172.21.15.78:6800/2228258510,v1:172.21.15.78:6801/2228258510] conn(0x7fb8bc0390f0 0x7fb8bc03b600 unknown :-1 s=NONE pgs=0 cs=0 l=1 rev1=0 crypto rx=0 tx=0 comp rx=0 tx=0).connect
2024-05-21T15:07:23.996 INFO:teuthology.orchestra.run.smithi078.stdout:/usr/bin/ceph: stderr
2024-05-21T15:07:23.071+0000 7fb8c6ffd700 1 -- 172.21.15.78:0/3393488875 <== mon.0 v2:172.21.15.78:3300/0 5 ==== osd_map(3..3 src has 1..3) ==== 1155+0+0 (secure 0 0 0) 0x7fb8cc04e860 con 0x7fb8d007bc70
2024-05-21T15:07:23.996 INFO:teuthology.orchestra.run.smithi078.stdout:/usr/bin/ceph: stderr
2024-05-21T15:07:23.071+0000 7fb8d5325700 1 --2- 172.21.15.78:0/3393488875 >> [v2:172.21.15.78:6800/2228258510,v1:172.21.15.78:6801/2228258510] conn(0x7fb8bc0390f0 0x7fb8bc03b600 unknown :-1 s=BANNER_CONNECTING pgs=0 cs=0 l=1 rev1=0 crypto rx=0 tx=0 comp rx=0 tx=0)._handle_peer_banner_payload supported=3 required=0
2024-05-21T15:07:23.997 INFO:teuthology.orchestra.run.smithi078.stdout:/usr/bin/ceph: stderr
2024-05-21T15:07:23.071+0000 7fb8d7d8a700 1 -- 172.21.15.78:0/3393488875 --> [v2:172.21.15.78:3300/0,v1:172.21.15.78:6789/0] -- mon_command({"prefix": "get_command_descriptions"} v 0) -- 0x7fb8d0063ca0 con 0x7fb8d007bc70
2024-05-21T15:07:23.997 INFO:teuthology.orchestra.run.smithi078.stdout:/usr/bin/ceph: stderr
2024-05-21T15:07:23.071+0000 7fb8d5325700 1 --2- 172.21.15.78:0/3393488875 >> [v2:172.21.15.78:6800/2228258510,v1:172.21.15.78:6801/2228258510] conn(0x7fb8bc0390f0 0x7fb8bc03b600 secure :-1 s=READY pgs=11 cs=0 l=1 rev1=1 crypto rx=0x7fb8c0006fd0 tx=0x7fb8c0006e40 comp rx=0 tx=0).ready entity=mgr.14152 client_cookie=0 server_cookie=0 in_seq=0 out_seq=0
2024-05-21T15:07:23.997 INFO:teuthology.orchestra.run.smithi078.stdout:/usr/bin/ceph: stderr
2024-05-21T15:07:23.076+0000 7fb8c6ffd700 1 -- 172.21.15.78:0/3393488875 <== mon.0 v2:172.21.15.78:3300/0 6 ==== mon_command_ack([{"prefix": "get_command_descriptions"}]=0 v0) ==== 72+0+186418 (secure 0 0 0) 0x7fb8cc011e20 con 0x7fb8d007bc70
2024-05-21T15:07:23.997 INFO:teuthology.orchestra.run.smithi078.stdout:/usr/bin/ceph: stderr
2024-05-21T15:07:23.384+0000 7fb8d7d8a700 1 -- 172.21.15.78:0/3393488875 --> [v2:172.21.15.78:3300/0,v1:172.21.15.78:6789/0] -- mon_command([{prefix=config-key set, key=mgr/dashboard/cluster/status}] v 0) -- 0x7fb8d01a0690 con 0x7fb8d007bc70
2024-05-21T15:07:23.997 INFO:teuthology.orchestra.run.smithi078.stdout:/usr/bin/ceph: stderr
2024-05-21T15:07:23.386+0000 7fb8c6ffd700 1 -- 172.21.15.78:0/3393488875 <== mon.0 v2:172.21.15.78:3300/0 7 ==== mon_command_ack([{prefix=config-key set, key=mgr/dashboard/cluster/status}]=0 set mgr/dashboard/cluster/status v28)=0 set mgr/dashboard/cluster/status v28) ==== 153+0+0 (secure 0 0 0) 0x7fb8cc032020 con 0x7fb8d007bc70
2024-05-21T15:07:23.997 INFO:teuthology.orchestra.run.smithi078.stdout:/usr/bin/ceph: stderr
2024-05-21T15:07:23.389+0000 7fb8d7d8a700 1 -- 172.21.15.78:0/3393488875 >> [v2:172.21.15.78:6800/2228258510,v1:172.21.15.78:6801/2228258510] conn(0x7fb8bc0390f0 msgr2=0x7fb8bc03b600 secure :-1 s=STATE_CONNECTION_ESTABLISHED l=1).mark_down
2024-05-21T15:07:23.998 INFO:teuthology.orchestra.run.smithi078.stdout:/usr/bin/ceph: stderr
2024-05-21T15:07:23.389+0000 7fb8d7d8a700 1 --2- 172.21.15.78:0/3393488875 >> [v2:172.21.15.78:6800/2228258510,v1:172.21.15.78:6801/2228258510] conn(0x7fb8bc0390f0 0x7fb8bc03b600 secure :-1 s=READY pgs=11 cs=0 l=1 rev1=1 crypto rx=0x7fb8c0006fd0 tx=0x7fb8c0006e40 comp rx=0 tx=0).stop
2024-05-21T15:07:23.998 INFO:teuthology.orchestra.run.smithi078.stdout:/usr/bin/ceph: stderr
2024-05-21T15:07:23.389+0000 7fb8d7d8a700 1 -- 172.21.15.78:0/3393488875 >> [v2:172.21.15.78:3300/0,v1:172.21.15.78:6789/0] conn(0x7fb8d007bc70 msgr2=0x7fb8d019d0e0 secure :-1 s=STATE_CONNECTION_ESTABLISHED l=1).mark_down
2024-05-21T15:07:23.998 INFO:teuthology.orchestra.run.smithi078.stdout:/usr/bin/ceph: stderr
2024-05-21T15:07:23.389+0000 7fb8d7d8a700 1 --2- 172.21.15.78:0/3393488875 >> [v2:172.21.15.78:3300/0,v1:172.21.15.78:6789/0] conn(0x7fb8d007bc70 0x7fb8d019d0e0 secure :-1 s=READY pgs=79 cs=0 l=1 rev1=1 crypto rx=0x7fb8cc011740 tx=0x7fb8cc011ba0 comp rx=0 tx=0).stop
2024-05-21T15:07:23.998 INFO:teuthology.orchestra.run.smithi078.stdout:/usr/bin/ceph: stderr
2024-05-21T15:07:23.389+0000 7fb8d7d8a700 1 -- 172.21.15.78:0/3393488875 shutdown_connections
2024-05-21T15:07:23.998 INFO:teuthology.orchestra.run.smithi078.stdout:/usr/bin/ceph: stderr
2024-05-21T15:07:23.389+0000 7fb8d7d8a700 1 --2- 172.21.15.78:0/3393488875 >> [v2:172.21.15.78:6800/2228258510,v1:172.21.15.78:6801/2228258510] conn(0x7fb8bc0390f0 0x7fb8bc03b600 unknown :-1 s=CLOSED pgs=11 cs=0 l=1 rev1=1 crypto rx=0 tx=0 comp rx=0 tx=0).stop
2024-05-21T15:07:23.998 INFO:teuthology.orchestra.run.smithi078.stdout:/usr/bin/ceph: stderr
2024-05-21T15:07:23.389+0000 7fb8d7d8a700 1 --2- 172.21.15.78:0/3393488875 >> [v2:172.21.15.78:3300/0,v1:172.21.15.78:6789/0] conn(0x7fb8d007bc70 0x7fb8d019d0e0 unknown :-1 s=CLOSED pgs=79 cs=0 l=1 rev1=1 crypto rx=0 tx=0 comp rx=0 tx=0).stop
2024-05-21T15:07:23.998 INFO:teuthology.orchestra.run.smithi078.stdout:/usr/bin/ceph: stderr
2024-05-21T15:07:23.389+0000 7fb8d7d8a700 1 -- 172.21.15.78:0/3393488875 >> 172.21.15.78:0/3393488875 conn(0x7fb8d01033a0 msgr2=0x7fb8d0104cb0 unknown :-1 s=STATE_NONE l=0).mark_down
2024-05-21T15:07:23.998 INFO:teuthology.orchestra.run.smithi078.stdout:/usr/bin/ceph: stderr
2024-05-21T15:07:23.389+0000 7fb8d7d8a700 1 -- 172.21.15.78:0/3393488875 shutdown_connections
2024-05-21T15:07:23.999 INFO:teuthology.orchestra.run.smithi078.stdout:/usr/bin/ceph: stderr
2024-05-21T15:07:23.389+0000 7fb8d7d8a700 1 -- 172.21.15.78:0/3393488875 wait complete.
2024-05-21T15:07:23.999 INFO:teuthology.orchestra.run.smithi078.stdout:/usr/bin/ceph: stderr set mgr/dashboard/cluster/status
2024-05-21T15:07:23.999 INFO:teuthology.orchestra.run.smithi078.stdout:You can access the Ceph CLI as following in case of multi-cluster or non-default config:
2024-05-21T15:07:23.999 INFO:teuthology.orchestra.run.smithi078.stdout:
2024-05-21T15:07:23.999 INFO:teuthology.orchestra.run.smithi078.stdout: sudo /home/ubuntu/cephtest/cephadm shell --fsid 852c9762-1783-11ef-bc9a-c7b262605968 -c /etc/ceph/ceph.conf -k /etc/ceph/ceph.client.admin.keyring
2024-05-21T15:07:23.999 INFO:teuthology.orchestra.run.smithi078.stdout:
2024-05-21T15:07:23.999 INFO:teuthology.orchestra.run.smithi078.stdout:Or, if you are only running a single cluster on this host:
2024-05-21T15:07:24.000 INFO:teuthology.orchestra.run.smithi078.stdout:
2024-05-21T15:07:24.000 INFO:teuthology.orchestra.run.smithi078.stdout: sudo /home/ubuntu/cephtest/cephadm shell
2024-05-21T15:07:24.000 INFO:teuthology.orchestra.run.smithi078.stdout:
2024-05-21T15:07:24.000 INFO:teuthology.orchestra.run.smithi078.stdout:Please consider enabling telemetry to help improve Ceph:
2024-05-21T15:07:24.000 INFO:teuthology.orchestra.run.smithi078.stdout:
2024-05-21T15:07:24.000 INFO:teuthology.orchestra.run.smithi078.stdout: ceph telemetry on
2024-05-21T15:07:24.000 INFO:teuthology.orchestra.run.smithi078.stdout:
2024-05-21T15:07:24.001 INFO:teuthology.orchestra.run.smithi078.stdout:For more information see:
2024-05-21T15:07:24.001 INFO:teuthology.orchestra.run.smithi078.stdout:
2024-05-21T15:07:24.001 INFO:teuthology.orchestra.run.smithi078.stdout: https://docs.ceph.com/en/latest/mgr/telemetry/
2024-05-21T15:07:24.001 INFO:teuthology.orchestra.run.smithi078.stdout:
2024-05-21T15:07:24.001 INFO:teuthology.orchestra.run.smithi078.stdout:Bootstrap complete.
2024-05-21T15:07:24.033 INFO:tasks.cephadm:Fetching config...
2024-05-21T15:07:24.034 DEBUG:teuthology.orchestra.run.smithi078:> set -ex
2024-05-21T15:07:24.034 DEBUG:teuthology.orchestra.run.smithi078:> dd if=/etc/ceph/ceph.conf of=/dev/stdout
2024-05-21T15:07:24.051 INFO:tasks.cephadm:Fetching client.admin keyring...
2024-05-21T15:07:24.051 DEBUG:teuthology.orchestra.run.smithi078:> set -ex
2024-05-21T15:07:24.051 DEBUG:teuthology.orchestra.run.smithi078:> dd if=/etc/ceph/ceph.client.admin.keyring of=/dev/stdout
2024-05-21T15:07:24.107 INFO:tasks.cephadm:Fetching mon keyring...
2024-05-21T15:07:24.107 DEBUG:teuthology.orchestra.run.smithi078:> set -ex
2024-05-21T15:07:24.107 DEBUG:teuthology.orchestra.run.smithi078:> sudo dd if=/var/lib/ceph/852c9762-1783-11ef-bc9a-c7b262605968/mon.a/keyring of=/dev/stdout
2024-05-21T15:07:24.173 INFO:tasks.cephadm:Fetching pub ssh key...
2024-05-21T15:07:24.173 DEBUG:teuthology.orchestra.run.smithi078:> set -ex
2024-05-21T15:07:24.173 DEBUG:teuthology.orchestra.run.smithi078:> dd if=/home/ubuntu/cephtest/ceph.pub of=/dev/stdout
2024-05-21T15:07:24.228 INFO:tasks.cephadm:Installing pub ssh key for root users...
2024-05-21T15:07:24.228 DEBUG:teuthology.orchestra.run.smithi078:> sudo install -d -m 0700 /root/.ssh && echo 'ssh-rsa AAAAB3NzaC1yc2EAAAADAQABAAABgQCuv/dbtzsSo48XCT5odeh3tIedUZawRLAVS6MycETstibL+0jS2m4Nk90hq8GecX5wxQji1i/uHYwrTWn0Um4gjzGTU5LlLUku4rHS97V9fsPgPLs6Q6p/VkQF1Ykr32dceMVnFbbu/JwHxKBhze0l4RVTzgxhsIU4n1xzs4OkXSEahyBOKvjHWlVrZlmU4TQhM/f/DMbXIDa5KlsjyTuv/2wySh3B89bJcVKTwZwj1goKyjZfJkD2kI4g5wSveH+1w309pLBnAR7C5oFioj53WqnIseVclL7JDDunGRCK0/QOqQyXYK4HGRo/p3tbWjEqVO2v6PORhYVhHFEJOpB8pLVZbYwilnMLqsIV5cpp4XkkKAgiPY4C1qNagMyFFSrDlds+9P95B2nH0njqCzh6QDsP9VOcjw9GvSFAj9lEtUN6Qmhdgo7n5e4TZYiyZ6LxmrEMthZLLkvDUlV8D10pB3VxK7gZAGTsgjAMwBIytCcAsRzq6/hvmPlzdPtrXGs= ceph-852c9762-1783-11ef-bc9a-c7b262605968' | sudo tee -a /root/.ssh/authorized_keys && sudo chmod 0600 /root/.ssh/authorized_keys
2024-05-21T15:07:24.303 INFO:teuthology.orchestra.run.smithi078.stdout:ssh-rsa AAAAB3NzaC1yc2EAAAADAQABAAABgQCuv/dbtzsSo48XCT5odeh3tIedUZawRLAVS6MycETstibL+0jS2m4Nk90hq8GecX5wxQji1i/uHYwrTWn0Um4gjzGTU5LlLUku4rHS97V9fsPgPLs6Q6p/VkQF1Ykr32dceMVnFbbu/JwHxKBhze0l4RVTzgxhsIU4n1xzs4OkXSEahyBOKvjHWlVrZlmU4TQhM/f/DMbXIDa5KlsjyTuv/2wySh3B89bJcVKTwZwj1goKyjZfJkD2kI4g5wSveH+1w309pLBnAR7C5oFioj53WqnIseVclL7JDDunGRCK0/QOqQyXYK4HGRo/p3tbWjEqVO2v6PORhYVhHFEJOpB8pLVZbYwilnMLqsIV5cpp4XkkKAgiPY4C1qNagMyFFSrDlds+9P95B2nH0njqCzh6QDsP9VOcjw9GvSFAj9lEtUN6Qmhdgo7n5e4TZYiyZ6LxmrEMthZLLkvDUlV8D10pB3VxK7gZAGTsgjAMwBIytCcAsRzq6/hvmPlzdPtrXGs= ceph-852c9762-1783-11ef-bc9a-c7b262605968
2024-05-21T15:07:24.321 DEBUG:teuthology.orchestra.run.smithi084:> sudo install -d -m 0700 /root/.ssh && echo 'ssh-rsa AAAAB3NzaC1yc2EAAAADAQABAAABgQCuv/dbtzsSo48XCT5odeh3tIedUZawRLAVS6MycETstibL+0jS2m4Nk90hq8GecX5wxQji1i/uHYwrTWn0Um4gjzGTU5LlLUku4rHS97V9fsPgPLs6Q6p/VkQF1Ykr32dceMVnFbbu/JwHxKBhze0l4RVTzgxhsIU4n1xzs4OkXSEahyBOKvjHWlVrZlmU4TQhM/f/DMbXIDa5KlsjyTuv/2wySh3B89bJcVKTwZwj1goKyjZfJkD2kI4g5wSveH+1w309pLBnAR7C5oFioj53WqnIseVclL7JDDunGRCK0/QOqQyXYK4HGRo/p3tbWjEqVO2v6PORhYVhHFEJOpB8pLVZbYwilnMLqsIV5cpp4XkkKAgiPY4C1qNagMyFFSrDlds+9P95B2nH0njqCzh6QDsP9VOcjw9GvSFAj9lEtUN6Qmhdgo7n5e4TZYiyZ6LxmrEMthZLLkvDUlV8D10pB3VxK7gZAGTsgjAMwBIytCcAsRzq6/hvmPlzdPtrXGs= ceph-852c9762-1783-11ef-bc9a-c7b262605968' | sudo tee -a /root/.ssh/authorized_keys && sudo chmod 0600 /root/.ssh/authorized_keys
2024-05-21T15:07:24.361 INFO:teuthology.orchestra.run.smithi084.stdout:ssh-rsa AAAAB3NzaC1yc2EAAAADAQABAAABgQCuv/dbtzsSo48XCT5odeh3tIedUZawRLAVS6MycETstibL+0jS2m4Nk90hq8GecX5wxQji1i/uHYwrTWn0Um4gjzGTU5LlLUku4rHS97V9fsPgPLs6Q6p/VkQF1Ykr32dceMVnFbbu/JwHxKBhze0l4RVTzgxhsIU4n1xzs4OkXSEahyBOKvjHWlVrZlmU4TQhM/f/DMbXIDa5KlsjyTuv/2wySh3B89bJcVKTwZwj1goKyjZfJkD2kI4g5wSveH+1w309pLBnAR7C5oFioj53WqnIseVclL7JDDunGRCK0/QOqQyXYK4HGRo/p3tbWjEqVO2v6PORhYVhHFEJOpB8pLVZbYwilnMLqsIV5cpp4XkkKAgiPY4C1qNagMyFFSrDlds+9P95B2nH0njqCzh6QDsP9VOcjw9GvSFAj9lEtUN6Qmhdgo7n5e4TZYiyZ6LxmrEMthZLLkvDUlV8D10pB3VxK7gZAGTsgjAMwBIytCcAsRzq6/hvmPlzdPtrXGs= ceph-852c9762-1783-11ef-bc9a-c7b262605968
2024-05-21T15:07:24.373 DEBUG:teuthology.orchestra.run.smithi172:> sudo install -d -m 0700 /root/.ssh && echo 'ssh-rsa AAAAB3NzaC1yc2EAAAADAQABAAABgQCuv/dbtzsSo48XCT5odeh3tIedUZawRLAVS6MycETstibL+0jS2m4Nk90hq8GecX5wxQji1i/uHYwrTWn0Um4gjzGTU5LlLUku4rHS97V9fsPgPLs6Q6p/VkQF1Ykr32dceMVnFbbu/JwHxKBhze0l4RVTzgxhsIU4n1xzs4OkXSEahyBOKvjHWlVrZlmU4TQhM/f/DMbXIDa5KlsjyTuv/2wySh3B89bJcVKTwZwj1goKyjZfJkD2kI4g5wSveH+1w309pLBnAR7C5oFioj53WqnIseVclL7JDDunGRCK0/QOqQyXYK4HGRo/p3tbWjEqVO2v6PORhYVhHFEJOpB8pLVZbYwilnMLqsIV5cpp4XkkKAgiPY4C1qNagMyFFSrDlds+9P95B2nH0njqCzh6QDsP9VOcjw9GvSFAj9lEtUN6Qmhdgo7n5e4TZYiyZ6LxmrEMthZLLkvDUlV8D10pB3VxK7gZAGTsgjAMwBIytCcAsRzq6/hvmPlzdPtrXGs= ceph-852c9762-1783-11ef-bc9a-c7b262605968' | sudo tee -a /root/.ssh/authorized_keys && sudo chmod 0600 /root/.ssh/authorized_keys
2024-05-21T15:07:24.410 INFO:teuthology.orchestra.run.smithi172.stdout:ssh-rsa AAAAB3NzaC1yc2EAAAADAQABAAABgQCuv/dbtzsSo48XCT5odeh3tIedUZawRLAVS6MycETstibL+0jS2m4Nk90hq8GecX5wxQji1i/uHYwrTWn0Um4gjzGTU5LlLUku4rHS97V9fsPgPLs6Q6p/VkQF1Ykr32dceMVnFbbu/JwHxKBhze0l4RVTzgxhsIU4n1xzs4OkXSEahyBOKvjHWlVrZlmU4TQhM/f/DMbXIDa5KlsjyTuv/2wySh3B89bJcVKTwZwj1goKyjZfJkD2kI4g5wSveH+1w309pLBnAR7C5oFioj53WqnIseVclL7JDDunGRCK0/QOqQyXYK4HGRo/p3tbWjEqVO2v6PORhYVhHFEJOpB8pLVZbYwilnMLqsIV5cpp4XkkKAgiPY4C1qNagMyFFSrDlds+9P95B2nH0njqCzh6QDsP9VOcjw9GvSFAj9lEtUN6Qmhdgo7n5e4TZYiyZ6LxmrEMthZLLkvDUlV8D10pB3VxK7gZAGTsgjAMwBIytCcAsRzq6/hvmPlzdPtrXGs= ceph-852c9762-1783-11ef-bc9a-c7b262605968
2024-05-21T15:07:24.421 DEBUG:teuthology.orchestra.run.smithi078:> sudo /home/ubuntu/cephtest/cephadm --image quay-quay-quay.apps.os.sepia.ceph.com/ceph-ci/ceph:d2b507c724ef6c8295ee0a35d185cdab167fd61d shell -c /etc/ceph/ceph.conf -k /etc/ceph/ceph.client.admin.keyring --fsid 852c9762-1783-11ef-bc9a-c7b262605968 -- ceph config set mgr mgr/cephadm/allow_ptrace true
2024-05-21T15:07:24.598 INFO:journalctl@ceph.mon.a.smithi078.stdout:May 21 15:07:24 smithi078 ceph-mon[31997]: from='client.? 172.21.15.78:0/3393488875' entity='client.admin'
2024-05-21T15:07:24.665 INFO:teuthology.orchestra.run.smithi078.stderr:Inferring config /var/lib/ceph/852c9762-1783-11ef-bc9a-c7b262605968/mon.a/config
2024-05-21T15:07:26.835 INFO:teuthology.orchestra.run.smithi078.stderr:2024-05-21T15:07:26.831+0000 7f0f4254c700 1 -- 172.21.15.78:0/2989307659 >> [v2:172.21.15.78:3300/0,v1:172.21.15.78:6789/0] conn(0x7f0f3c076600 msgr2=0x7f0f3c074a30 secure :-1 s=STATE_CONNECTION_ESTABLISHED l=1).mark_down
2024-05-21T15:07:26.835 INFO:teuthology.orchestra.run.smithi078.stderr:2024-05-21T15:07:26.831+0000 7f0f4254c700 1 --2- 172.21.15.78:0/2989307659 >> [v2:172.21.15.78:3300/0,v1:172.21.15.78:6789/0] conn(0x7f0f3c076600 0x7f0f3c074a30 secure :-1 s=READY pgs=80 cs=0 l=1 rev1=1 crypto rx=0x7f0f2c009910 tx=0x7f0f2c009c20 comp rx=0 tx=0).stop
2024-05-21T15:07:26.835 INFO:teuthology.orchestra.run.smithi078.stderr:2024-05-21T15:07:26.831+0000 7f0f4254c700 1 -- 172.21.15.78:0/2989307659 shutdown_connections
2024-05-21T15:07:26.835 INFO:teuthology.orchestra.run.smithi078.stderr:2024-05-21T15:07:26.831+0000 7f0f4254c700 1 --2- 172.21.15.78:0/2989307659 >> [v2:172.21.15.78:3300/0,v1:172.21.15.78:6789/0] conn(0x7f0f3c076600 0x7f0f3c074a30 unknown :-1 s=CLOSED pgs=80 cs=0 l=1 rev1=1 crypto rx=0 tx=0 comp rx=0 tx=0).stop
2024-05-21T15:07:26.835 INFO:teuthology.orchestra.run.smithi078.stderr:2024-05-21T15:07:26.831+0000 7f0f4254c700 1 -- 172.21.15.78:0/2989307659 >> 172.21.15.78:0/2989307659 conn(0x7f0f3c0fe0a0 msgr2=0x7f0f3c100550 unknown :-1 s=STATE_NONE l=0).mark_down
2024-05-21T15:07:26.835 INFO:teuthology.orchestra.run.smithi078.stderr:2024-05-21T15:07:26.831+0000 7f0f4254c700 1 -- 172.21.15.78:0/2989307659 shutdown_connections
2024-05-21T15:07:26.835 INFO:teuthology.orchestra.run.smithi078.stderr:2024-05-21T15:07:26.831+0000 7f0f4254c700 1 -- 172.21.15.78:0/2989307659 wait complete.
2024-05-21T15:07:26.835 INFO:teuthology.orchestra.run.smithi078.stderr:2024-05-21T15:07:26.832+0000 7f0f4254c700 1 Processor -- start
2024-05-21T15:07:26.835 INFO:teuthology.orchestra.run.smithi078.stderr:2024-05-21T15:07:26.832+0000 7f0f4254c700 1 -- start start
2024-05-21T15:07:26.837 INFO:teuthology.orchestra.run.smithi078.stderr:2024-05-21T15:07:26.832+0000 7f0f4254c700 1 --2- >> [v2:172.21.15.78:3300/0,v1:172.21.15.78:6789/0] conn(0x7f0f3c076600 0x7f0f3c19ec30 unknown :-1 s=NONE pgs=0 cs=0 l=1 rev1=0 crypto rx=0 tx=0 comp rx=0 tx=0).connect
2024-05-21T15:07:26.837 INFO:teuthology.orchestra.run.smithi078.stderr:2024-05-21T15:07:26.832+0000 7f0f4254c700 1 -- --> [v2:172.21.15.78:3300/0,v1:172.21.15.78:6789/0] -- mon_getmap magic: 0 -- 0x7f0f3c10f230 con 0x7f0f3c076600
2024-05-21T15:07:26.837 INFO:teuthology.orchestra.run.smithi078.stderr:2024-05-21T15:07:26.832+0000 7f0f3bfff700 1 --2- >> [v2:172.21.15.78:3300/0,v1:172.21.15.78:6789/0] conn(0x7f0f3c076600 0x7f0f3c19ec30 unknown :-1 s=BANNER_CONNECTING pgs=0 cs=0 l=1 rev1=0 crypto rx=0 tx=0 comp rx=0 tx=0)._handle_peer_banner_payload supported=3 required=0
2024-05-21T15:07:26.837 INFO:teuthology.orchestra.run.smithi078.stderr:2024-05-21T15:07:26.832+0000 7f0f3bfff700 1 --2- >> [v2:172.21.15.78:3300/0,v1:172.21.15.78:6789/0] conn(0x7f0f3c076600 0x7f0f3c19ec30 unknown :-1 s=HELLO_CONNECTING pgs=0 cs=0 l=1 rev1=1 crypto rx=0 tx=0 comp rx=0 tx=0).handle_hello peer v2:172.21.15.78:3300/0 says I am v2:172.21.15.78:41738/0 (socket says 172.21.15.78:41738)
2024-05-21T15:07:26.837 INFO:teuthology.orchestra.run.smithi078.stderr:2024-05-21T15:07:26.832+0000 7f0f3bfff700 1 -- 172.21.15.78:0/516042485 learned_addr learned my addr 172.21.15.78:0/516042485 (peer_addr_for_me v2:172.21.15.78:0/0)
2024-05-21T15:07:26.837 INFO:teuthology.orchestra.run.smithi078.stderr:2024-05-21T15:07:26.833+0000 7f0f3bfff700 1 -- 172.21.15.78:0/516042485 --> [v2:172.21.15.78:3300/0,v1:172.21.15.78:6789/0] -- mon_subscribe({config=0+,monmap=0+}) -- 0x7f0f3c19f170 con 0x7f0f3c076600
2024-05-21T15:07:26.837 INFO:teuthology.orchestra.run.smithi078.stderr:2024-05-21T15:07:26.833+0000 7f0f3bfff700 1 --2- 172.21.15.78:0/516042485 >> [v2:172.21.15.78:3300/0,v1:172.21.15.78:6789/0] conn(0x7f0f3c076600 0x7f0f3c19ec30 secure :-1 s=READY pgs=81 cs=0 l=1 rev1=1 crypto rx=0x7f0f2c0052c0 tx=0x7f0f2c005030 comp rx=0 tx=0).ready entity=mon.0 client_cookie=0 server_cookie=0 in_seq=0 out_seq=0
2024-05-21T15:07:26.837 INFO:teuthology.orchestra.run.smithi078.stderr:2024-05-21T15:07:26.833+0000 7f0f397fa700 1 -- 172.21.15.78:0/516042485 <== mon.0 v2:172.21.15.78:3300/0 1 ==== mon_map magic: 0 ==== 205+0+0 (secure 0 0 0) 0x7f0f2c026070 con 0x7f0f3c076600
2024-05-21T15:07:26.837 INFO:teuthology.orchestra.run.smithi078.stderr:2024-05-21T15:07:26.833+0000 7f0f4254c700 1 -- 172.21.15.78:0/516042485 --> [v2:172.21.15.78:3300/0,v1:172.21.15.78:6789/0] -- mon_subscribe({mgrmap=0+}) -- 0x7f0f3c19f400 con 0x7f0f3c076600
2024-05-21T15:07:26.837 INFO:teuthology.orchestra.run.smithi078.stderr:2024-05-21T15:07:26.833+0000 7f0f397fa700 1 -- 172.21.15.78:0/516042485 <== mon.0 v2:172.21.15.78:3300/0 2 ==== config(27 keys) ==== 1140+0+0 (secure 0 0 0) 0x7f0f2c0044a0 con 0x7f0f3c076600
2024-05-21T15:07:26.837 INFO:teuthology.orchestra.run.smithi078.stderr:2024-05-21T15:07:26.833+0000 7f0f397fa700 1 -- 172.21.15.78:0/516042485 <== mon.0 v2:172.21.15.78:3300/0 3 ==== mon_map magic: 0 ==== 205+0+0 (secure 0 0 0) 0x7f0f2c003ba0 con 0x7f0f3c076600
2024-05-21T15:07:26.837 INFO:teuthology.orchestra.run.smithi078.stderr:2024-05-21T15:07:26.833+0000 7f0f4254c700 1 -- 172.21.15.78:0/516042485 --> [v2:172.21.15.78:3300/0,v1:172.21.15.78:6789/0] -- mon_subscribe({osdmap=0}) -- 0x7f0f3c1a2010 con 0x7f0f3c076600
2024-05-21T15:07:26.838 INFO:teuthology.orchestra.run.smithi078.stderr:2024-05-21T15:07:26.834+0000 7f0f397fa700 1 -- 172.21.15.78:0/516042485 <== mon.0 v2:172.21.15.78:3300/0 4 ==== mgrmap(e 13) ==== 46343+0+0 (secure 0 0 0) 0x7f0f2c029070 con 0x7f0f3c076600
2024-05-21T15:07:26.838 INFO:teuthology.orchestra.run.smithi078.stderr:2024-05-21T15:07:26.834+0000 7f0f4254c700 1 -- 172.21.15.78:0/516042485 --> [v2:172.21.15.78:3300/0,v1:172.21.15.78:6789/0] -- mon_command({"prefix": "get_command_descriptions"} v 0) -- 0x7f0f3c10f8e0 con 0x7f0f3c076600
2024-05-21T15:07:26.838 INFO:teuthology.orchestra.run.smithi078.stderr:2024-05-21T15:07:26.834+0000 7f0f397fa700 1 --2- 172.21.15.78:0/516042485 >> [v2:172.21.15.78:6800/2228258510,v1:172.21.15.78:6801/2228258510] conn(0x7f0f240390f0 0x7f0f2403b600 unknown :-1 s=NONE pgs=0 cs=0 l=1 rev1=0 crypto rx=0 tx=0 comp rx=0 tx=0).connect
2024-05-21T15:07:26.839 INFO:teuthology.orchestra.run.smithi078.stderr:2024-05-21T15:07:26.834+0000 7f0f397fa700 1 -- 172.21.15.78:0/516042485 <== mon.0 v2:172.21.15.78:3300/0 5 ==== osd_map(3..3 src has 1..3) ==== 1155+0+0 (secure 0 0 0) 0x7f0f2c01e070 con 0x7f0f3c076600
