2024-05-21T15:06:54.019+0000 7fe9727fc700 1 --2- 172.21.15.78:0/527344042 >> [v2:172.21.15.78:6800/3694112952,v1:172.21.15.78:6801/3694112952] conn(0x7fe95c039050 0x7fe95c03b560 unknown :-1 s=BANNER_CONNECTING pgs=0 cs=0 l=1 rev1=0 crypto rx=0 tx=0 comp rx=0 tx=0)._handle_peer_banner_payload supported=3 required=0
2024-05-21T15:06:54.861 INFO:teuthology.orchestra.run.smithi078.stdout:/usr/bin/ceph: stderr
2024-05-21T15:06:54.020+0000 7fe9727fc700 1 --2- 172.21.15.78:0/527344042 >> [v2:172.21.15.78:6800/3694112952,v1:172.21.15.78:6801/3694112952] conn(0x7fe95c039050 0x7fe95c03b560 secure :-1 s=READY pgs=10 cs=0 l=1 rev1=1 crypto rx=0x7fe964006fd0 tx=0x7fe964006e40 comp rx=0 tx=0).ready entity=mgr.14120 client_cookie=0 server_cookie=0 in_seq=0 out_seq=0
2024-05-21T15:06:54.861 INFO:teuthology.orchestra.run.smithi078.stdout:/usr/bin/ceph: stderr
2024-05-21T15:06:54.024+0000 7fe95bfff700 1 -- 172.21.15.78:0/527344042 <== mon.0 v2:172.21.15.78:3300/0 6 ==== mon_command_ack([{"prefix": "get_command_descriptions"}]=0 v0) ==== 72+0+186418 (secure 0 0 0) 0x7fe96802d3f0 con 0x7fe974108cc0
2024-05-21T15:06:54.861 INFO:teuthology.orchestra.run.smithi078.stdout:/usr/bin/ceph: stderr
2024-05-21T15:06:54.222+0000 7fe97978e700 1 -- 172.21.15.78:0/527344042 --> [v2:172.21.15.78:6800/3694112952,v1:172.21.15.78:6801/3694112952] -- mgr_command(tid 0: {"prefix": "cephadm get-pub-key", "target": ["mon-mgr", ""]}) -- 0x7fe9741054b0 con 0x7fe95c039050
2024-05-21T15:06:54.861 INFO:teuthology.orchestra.run.smithi078.stdout:/usr/bin/ceph: stderr
2024-05-21T15:06:54.223+0000 7fe95bfff700 1 -- 172.21.15.78:0/527344042 <== mgr.14120 v2:172.21.15.78:6800/3694112952 1 ==== mgr_command_reply(tid 0: 0 ) ==== 8+0+595 (secure 0 0 0) 0x7fe9741054b0 con 0x7fe95c039050
2024-05-21T15:06:54.861 INFO:teuthology.orchestra.run.smithi078.stdout:/usr/bin/ceph: stderr
2024-05-21T15:06:54.225+0000 7fe97978e700 1 -- 172.21.15.78:0/527344042 >> [v2:172.21.15.78:6800/3694112952,v1:172.21.15.78:6801/3694112952] conn(0x7fe95c039050 msgr2=0x7fe95c03b560 secure :-1 s=STATE_CONNECTION_ESTABLISHED l=1).mark_down
2024-05-21T15:06:54.861 INFO:teuthology.orchestra.run.smithi078.stdout:/usr/bin/ceph: stderr
2024-05-21T15:06:54.225+0000 7fe97978e700 1 --2- 172.21.15.78:0/527344042 >> [v2:172.21.15.78:6800/3694112952,v1:172.21.15.78:6801/3694112952] conn(0x7fe95c039050 0x7fe95c03b560 secure :-1 s=READY pgs=10 cs=0 l=1 rev1=1 crypto rx=0x7fe964006fd0 tx=0x7fe964006e40 comp rx=0 tx=0).stop
2024-05-21T15:06:54.861 INFO:teuthology.orchestra.run.smithi078.stdout:/usr/bin/ceph: stderr
2024-05-21T15:06:54.225+0000 7fe97978e700 1 -- 172.21.15.78:0/527344042 >> [v2:172.21.15.78:3300/0,v1:172.21.15.78:6789/0] conn(0x7fe974108cc0 msgr2=0x7fe97419d1a0 secure :-1 s=STATE_CONNECTION_ESTABLISHED l=1).mark_down
2024-05-21T15:06:54.861 INFO:teuthology.orchestra.run.smithi078.stdout:/usr/bin/ceph: stderr
2024-05-21T15:06:54.225+0000 7fe97978e700 1 --2- 172.21.15.78:0/527344042 >> [v2:172.21.15.78:3300/0,v1:172.21.15.78:6789/0] conn(0x7fe974108cc0 0x7fe97419d1a0 secure :-1 s=READY pgs=44 cs=0 l=1 rev1=1 crypto rx=0x7fe968004750 tx=0x7fe968011930 comp rx=0 tx=0).stop
2024-05-21T15:06:54.861 INFO:teuthology.orchestra.run.smithi078.stdout:/usr/bin/ceph: stderr
2024-05-21T15:06:54.225+0000 7fe97978e700 1 -- 172.21.15.78:0/527344042 shutdown_connections
2024-05-21T15:06:54.861 INFO:teuthology.orchestra.run.smithi078.stdout:/usr/bin/ceph: stderr
2024-05-21T15:06:54.225+0000 7fe97978e700 1 --2- 172.21.15.78:0/527344042 >> [v2:172.21.15.78:6800/3694112952,v1:172.21.15.78:6801/3694112952] conn(0x7fe95c039050 0x7fe95c03b560 unknown :-1 s=CLOSED pgs=10 cs=0 l=1 rev1=1 crypto rx=0 tx=0 comp rx=0 tx=0).stop
2024-05-21T15:06:54.862 INFO:teuthology.orchestra.run.smithi078.stdout:/usr/bin/ceph: stderr
2024-05-21T15:06:54.225+0000 7fe97978e700 1 --2- 172.21.15.78:0/527344042 >> [v2:172.21.15.78:3300/0,v1:172.21.15.78:6789/0] conn(0x7fe974108cc0 0x7fe97419d1a0 unknown :-1 s=CLOSED pgs=44 cs=0 l=1 rev1=1 crypto rx=0 tx=0 comp rx=0 tx=0).stop
2024-05-21T15:06:54.862 INFO:teuthology.orchestra.run.smithi078.stdout:/usr/bin/ceph: stderr
2024-05-21T15:06:54.225+0000 7fe97978e700 1 -- 172.21.15.78:0/527344042 >> 172.21.15.78:0/527344042 conn(0x7fe974104400 msgr2=0x7fe974104d40 unknown :-1 s=STATE_NONE l=0).mark_down
2024-05-21T15:06:54.862 INFO:teuthology.orchestra.run.smithi078.stdout:/usr/bin/ceph: stderr
2024-05-21T15:06:54.226+0000 7fe97978e700 1 -- 172.21.15.78:0/527344042 shutdown_connections
2024-05-21T15:06:54.862 INFO:teuthology.orchestra.run.smithi078.stdout:/usr/bin/ceph: stderr
2024-05-21T15:06:54.226+0000 7fe97978e700 1 -- 172.21.15.78:0/527344042 wait complete.
2024-05-21T15:06:54.862 INFO:teuthology.orchestra.run.smithi078.stdout:Wrote public SSH key to /home/ubuntu/cephtest/ceph.pub
2024-05-21T15:06:54.862 INFO:teuthology.orchestra.run.smithi078.stdout:Adding key to root@localhost authorized_keys...
2024-05-21T15:06:54.862 INFO:teuthology.orchestra.run.smithi078.stdout:Adding host smithi078...
2024-05-21T15:06:55.261 INFO:journalctl@ceph.mon.a.smithi078.stdout:May 21 15:06:55 smithi078 ceph-mon[31997]: from='client.14138 -' entity='client.admin' cmd=[{"prefix": "cephadm get-pub-key", "target": ["mon-mgr", ""]}]: dispatch
2024-05-21T15:06:56.386 INFO:journalctl@ceph.mon.a.smithi078.stdout:May 21 15:06:56 smithi078 ceph-mon[31997]: from='client.14140 -' entity='client.admin' cmd=[{"prefix": "orch host add", "hostname": "smithi078", "addr": "172.21.15.78", "target": ["mon-mgr", ""]}]: dispatch
2024-05-21T15:06:56.386 INFO:journalctl@ceph.mon.a.smithi078.stdout:May 21 15:06:56 smithi078 ceph-mon[31997]: Deploying cephadm binary to smithi078
2024-05-21T15:07:00.265 INFO:teuthology.orchestra.run.smithi078.stdout:/usr/bin/ceph: stdout Added host 'smithi078' with addr '172.21.15.78'
2024-05-21T15:07:00.265 INFO:teuthology.orchestra.run.smithi078.stdout:/usr/bin/ceph: stderr
2024-05-21T15:06:55.276+0000 7f4ddd5e5700 1 Processor -- start
2024-05-21T15:07:00.265 INFO:teuthology.orchestra.run.smithi078.stdout:/usr/bin/ceph: stderr
2024-05-21T15:06:55.276+0000 7f4ddd5e5700 1 -- start start
2024-05-21T15:07:00.265 INFO:teuthology.orchestra.run.smithi078.stdout:/usr/bin/ceph: stderr
2024-05-21T15:06:55.276+0000 7f4ddd5e5700 1 --2- >> [v2:172.21.15.78:3300/0,v1:172.21.15.78:6789/0] conn(0x7f4dd8107c30 0x7f4dd8108040 unknown :-1 s=NONE pgs=0 cs=0 l=0 rev1=0 crypto rx=0 tx=0 comp rx=0 tx=0).connect
2024-05-21T15:07:00.265 INFO:teuthology.orchestra.run.smithi078.stdout:/usr/bin/ceph: stderr
2024-05-21T15:06:55.276+0000 7f4ddd5e5700 1 -- --> [v2:172.21.15.78:3300/0,v1:172.21.15.78:6789/0] -- mon_getmap magic: 0 -- 0x7f4dd8108630 con 0x7f4dd8107c30
2024-05-21T15:07:00.265 INFO:teuthology.orchestra.run.smithi078.stdout:/usr/bin/ceph: stderr
2024-05-21T15:06:55.276+0000 7f4dd6ffd700 1 --2- >> [v2:172.21.15.78:3300/0,v1:172.21.15.78:6789/0] conn(0x7f4dd8107c30 0x7f4dd8108040 unknown :-1 s=BANNER_CONNECTING pgs=0 cs=0 l=0 rev1=0 crypto rx=0 tx=0 comp rx=0 tx=0)._handle_peer_banner_payload supported=3 required=0
2024-05-21T15:07:00.265 INFO:teuthology.orchestra.run.smithi078.stdout:/usr/bin/ceph: stderr
2024-05-21T15:06:55.276+0000 7f4dd6ffd700 1 --2- >> [v2:172.21.15.78:3300/0,v1:172.21.15.78:6789/0] conn(0x7f4dd8107c30 0x7f4dd8108040 unknown :-1 s=HELLO_CONNECTING pgs=0 cs=0 l=0 rev1=1 crypto rx=0 tx=0 comp rx=0 tx=0).handle_hello peer v2:172.21.15.78:3300/0 says I am v2:172.21.15.78:41038/0 (socket says 172.21.15.78:41038)
2024-05-21T15:07:00.265 INFO:teuthology.orchestra.run.smithi078.stdout:/usr/bin/ceph: stderr
2024-05-21T15:06:55.276+0000 7f4dd6ffd700 1 -- 172.21.15.78:0/2421730198 learned_addr learned my addr 172.21.15.78:0/2421730198 (peer_addr_for_me v2:172.21.15.78:0/0)
2024-05-21T15:07:00.265 INFO:teuthology.orchestra.run.smithi078.stdout:/usr/bin/ceph: stderr
2024-05-21T15:06:55.276+0000 7f4dd6ffd700 1 -- 172.21.15.78:0/2421730198 --> [v2:172.21.15.78:3300/0,v1:172.21.15.78:6789/0] -- mon_subscribe({config=0+,monmap=0+}) -- 0x7f4dd8108ec0 con 0x7f4dd8107c30
2024-05-21T15:07:00.265 INFO:teuthology.orchestra.run.smithi078.stdout:/usr/bin/ceph: stderr
2024-05-21T15:06:55.277+0000 7f4dd6ffd700 1 --2- 172.21.15.78:0/2421730198 >> [v2:172.21.15.78:3300/0,v1:172.21.15.78:6789/0] conn(0x7f4dd8107c30 0x7f4dd8108040 secure :-1 s=READY pgs=45 cs=0 l=1 rev1=1 crypto rx=0x7f4dc80098a0 tx=0x7f4dc8009bb0 comp rx=0 tx=0).ready entity=mon.0 client_cookie=baca21adedac9316 server_cookie=0 in_seq=0 out_seq=0
2024-05-21T15:07:00.266 INFO:teuthology.orchestra.run.smithi078.stdout:/usr/bin/ceph: stderr
2024-05-21T15:06:55.277+0000 7f4dd67fc700 1 -- 172.21.15.78:0/2421730198 <== mon.0 v2:172.21.15.78:3300/0 1 ==== mon_map magic: 0 ==== 205+0+0 (secure 0 0 0) 0x7f4dc8004160 con 0x7f4dd8107c30
2024-05-21T15:07:00.266 INFO:teuthology.orchestra.run.smithi078.stdout:/usr/bin/ceph: stderr
2024-05-21T15:06:55.277+0000 7f4dd67fc700 1 -- 172.21.15.78:0/2421730198 <== mon.0 v2:172.21.15.78:3300/0 2 ==== config(27 keys) ==== 1109+0+0 (secure 0 0 0) 0x7f4dc8004300 con 0x7f4dd8107c30
2024-05-21T15:07:00.266 INFO:teuthology.orchestra.run.smithi078.stdout:/usr/bin/ceph: stderr
2024-05-21T15:06:55.277+0000 7f4dd67fc700 1 -- 172.21.15.78:0/2421730198 <== mon.0 v2:172.21.15.78:3300/0 3 ==== mon_map magic: 0 ==== 205+0+0 (secure 0 0 0) 0x7f4dc8011b50 con 0x7f4dd8107c30
2024-05-21T15:07:00.266 INFO:teuthology.orchestra.run.smithi078.stdout:/usr/bin/ceph: stderr
2024-05-21T15:06:55.277+0000 7f4ddd5e5700 1 -- 172.21.15.78:0/2421730198 >> [v2:172.21.15.78:3300/0,v1:172.21.15.78:6789/0] conn(0x7f4dd8107c30 msgr2=0x7f4dd8108040 secure :-1 s=STATE_CONNECTION_ESTABLISHED l=1).mark_down
2024-05-21T15:07:00.266 INFO:teuthology.orchestra.run.smithi078.stdout:/usr/bin/ceph: stderr
2024-05-21T15:06:55.277+0000 7f4ddd5e5700 1 --2- 172.21.15.78:0/2421730198 >> [v2:172.21.15.78:3300/0,v1:172.21.15.78:6789/0] conn(0x7f4dd8107c30 0x7f4dd8108040 secure :-1 s=READY pgs=45 cs=0 l=1 rev1=1 crypto rx=0x7f4dc80098a0 tx=0x7f4dc8009bb0 comp rx=0 tx=0).stop
2024-05-21T15:07:00.266 INFO:teuthology.orchestra.run.smithi078.stdout:/usr/bin/ceph: stderr
2024-05-21T15:06:55.278+0000 7f4ddd5e5700 1 -- 172.21.15.78:0/2421730198 shutdown_connections
2024-05-21T15:07:00.266 INFO:teuthology.orchestra.run.smithi078.stdout:/usr/bin/ceph: stderr
2024-05-21T15:06:55.278+0000 7f4ddd5e5700 1 --2- 172.21.15.78:0/2421730198 >> [v2:172.21.15.78:3300/0,v1:172.21.15.78:6789/0] conn(0x7f4dd8107c30 0x7f4dd8108040 unknown :-1 s=CLOSED pgs=45 cs=0 l=1 rev1=1 crypto rx=0 tx=0 comp rx=0 tx=0).stop
2024-05-21T15:07:00.266 INFO:teuthology.orchestra.run.smithi078.stdout:/usr/bin/ceph: stderr
2024-05-21T15:06:55.278+0000 7f4ddd5e5700 1 -- 172.21.15.78:0/2421730198 >> 172.21.15.78:0/2421730198 conn(0x7f4dd8103330 msgr2=0x7f4dd81057e0 unknown :-1 s=STATE_NONE l=0).mark_down
2024-05-21T15:07:00.266 INFO:teuthology.orchestra.run.smithi078.stdout:/usr/bin/ceph: stderr
2024-05-21T15:06:55.278+0000 7f4ddd5e5700 1 -- 172.21.15.78:0/2421730198 shutdown_connections
2024-05-21T15:07:00.266 INFO:teuthology.orchestra.run.smithi078.stdout:/usr/bin/ceph: stderr
2024-05-21T15:06:55.278+0000 7f4ddd5e5700 1 -- 172.21.15.78:0/2421730198 wait complete.
2024-05-21T15:07:00.266 INFO:teuthology.orchestra.run.smithi078.stdout:/usr/bin/ceph: stderr
2024-05-21T15:06:55.278+0000 7f4ddd5e5700 1 Processor -- start
2024-05-21T15:07:00.266 INFO:teuthology.orchestra.run.smithi078.stdout:/usr/bin/ceph: stderr
2024-05-21T15:06:55.278+0000 7f4ddd5e5700 1 -- start start
2024-05-21T15:07:00.267 INFO:teuthology.orchestra.run.smithi078.stdout:/usr/bin/ceph: stderr
2024-05-21T15:06:55.278+0000 7f4ddd5e5700 1 --2- >> [v2:172.21.15.78:3300/0,v1:172.21.15.78:6789/0] conn(0x7f4dd8107c30 0x7f4dd819d240 unknown :-1 s=NONE pgs=0 cs=0 l=1 rev1=0 crypto rx=0 tx=0 comp rx=0 tx=0).connect
2024-05-21T15:07:00.267 INFO:teuthology.orchestra.run.smithi078.stdout:/usr/bin/ceph: stderr
2024-05-21T15:06:55.278+0000 7f4ddd5e5700 1 -- --> [v2:172.21.15.78:3300/0,v1:172.21.15.78:6789/0] -- mon_getmap magic: 0 -- 0x7f4dd810c270 con 0x7f4dd8107c30
2024-05-21T15:07:00.267 INFO:teuthology.orchestra.run.smithi078.stdout:/usr/bin/ceph: stderr
2024-05-21T15:06:55.279+0000 7f4dd6ffd700 1 --2- >> [v2:172.21.15.78:3300/0,v1:172.21.15.78:6789/0] conn(0x7f4dd8107c30 0x7f4dd819d240 unknown :-1 s=BANNER_CONNECTING pgs=0 cs=0 l=1 rev1=0 crypto rx=0 tx=0 comp rx=0 tx=0)._handle_peer_banner_payload supported=3 required=0
2024-05-21T15:07:00.267 INFO:teuthology.orchestra.run.smithi078.stdout:/usr/bin/ceph: stderr
2024-05-21T15:06:55.279+0000 7f4dd6ffd700 1 --2- >> [v2:172.21.15.78:3300/0,v1:172.21.15.78:6789/0] conn(0x7f4dd8107c30 0x7f4dd819d240 unknown :-1 s=HELLO_CONNECTING pgs=0 cs=0 l=1 rev1=1 crypto rx=0 tx=0 comp rx=0 tx=0).handle_hello peer v2:172.21.15.78:3300/0 says I am v2:172.21.15.78:41048/0 (socket says 172.21.15.78:41048)
2024-05-21T15:07:00.267 INFO:teuthology.orchestra.run.smithi078.stdout:/usr/bin/ceph: stderr
2024-05-21T15:06:55.279+0000 7f4dd6ffd700 1 -- 172.21.15.78:0/419085265 learned_addr learned my addr 172.21.15.78:0/419085265 (peer_addr_for_me v2:172.21.15.78:0/0)
2024-05-21T15:07:00.267 INFO:teuthology.orchestra.run.smithi078.stdout:/usr/bin/ceph: stderr
2024-05-21T15:06:55.279+0000 7f4dd6ffd700 1 -- 172.21.15.78:0/419085265 --> [v2:172.21.15.78:3300/0,v1:172.21.15.78:6789/0] -- mon_subscribe({config=0+,monmap=0+}) -- 0x7f4dd819d780 con 0x7f4dd8107c30
2024-05-21T15:07:00.267 INFO:teuthology.orchestra.run.smithi078.stdout:/usr/bin/ceph: stderr
2024-05-21T15:06:55.279+0000 7f4dd6ffd700 1 --2- 172.21.15.78:0/419085265 >> [v2:172.21.15.78:3300/0,v1:172.21.15.78:6789/0] conn(0x7f4dd8107c30 0x7f4dd819d240 secure :-1 s=READY pgs=46 cs=0 l=1 rev1=1 crypto rx=0x7f4dc8009fb0 tx=0x7f4dc8011a00 comp rx=0 tx=0).ready entity=mon.0 client_cookie=0 server_cookie=0 in_seq=0 out_seq=0
2024-05-21T15:07:00.267 INFO:teuthology.orchestra.run.smithi078.stdout:/usr/bin/ceph: stderr
2024-05-21T15:06:55.279+0000 7f4dd4ff9700 1 -- 172.21.15.78:0/419085265 <== mon.0 v2:172.21.15.78:3300/0 1 ==== mon_map magic: 0 ==== 205+0+0 (secure 0 0 0) 0x7f4dc80038b0 con 0x7f4dd8107c30
2024-05-21T15:07:00.267 INFO:teuthology.orchestra.run.smithi078.stdout:/usr/bin/ceph: stderr
2024-05-21T15:06:55.279+0000 7f4ddd5e5700 1 -- 172.21.15.78:0/419085265 --> [v2:172.21.15.78:3300/0,v1:172.21.15.78:6789/0] -- mon_subscribe({mgrmap=0+}) -- 0x7f4dd819da10 con 0x7f4dd8107c30
2024-05-21T15:07:00.267 INFO:teuthology.orchestra.run.smithi078.stdout:/usr/bin/ceph: stderr
2024-05-21T15:06:55.279+0000 7f4dd4ff9700 1 -- 172.21.15.78:0/419085265 <== mon.0 v2:172.21.15.78:3300/0 2 ==== config(27 keys) ==== 1109+0+0 (secure 0 0 0) 0x7f4dc8011e50 con 0x7f4dd8107c30
2024-05-21T15:07:00.267 INFO:teuthology.orchestra.run.smithi078.stdout:/usr/bin/ceph: stderr
2024-05-21T15:06:55.279+0000 7f4dd4ff9700 1 -- 172.21.15.78:0/419085265 <== mon.0 v2:172.21.15.78:3300/0 3 ==== mon_map magic: 0 ==== 205+0+0 (secure 0 0 0) 0x7f4dc801a430 con 0x7f4dd8107c30
2024-05-21T15:07:00.267 INFO:teuthology.orchestra.run.smithi078.stdout:/usr/bin/ceph: stderr
2024-05-21T15:06:55.279+0000 7f4ddd5e5700 1 -- 172.21.15.78:0/419085265 --> [v2:172.21.15.78:3300/0,v1:172.21.15.78:6789/0] -- mon_subscribe({osdmap=0}) -- 0x7f4dd81a0620 con 0x7f4dd8107c30
2024-05-21T15:07:00.267 INFO:teuthology.orchestra.run.smithi078.stdout:/usr/bin/ceph: stderr
2024-05-21T15:06:55.280+0000 7f4dd4ff9700 1 -- 172.21.15.78:0/419085265 <== mon.0 v2:172.21.15.78:3300/0 4 ==== mgrmap(e 8) ==== 46287+0+0 (secure 0 0 0) 0x7f4dc801a6a0 con 0x7f4dd8107c30
2024-05-21T15:07:00.268 INFO:teuthology.orchestra.run.smithi078.stdout:/usr/bin/ceph: stderr
2024-05-21T15:06:55.280+0000 7f4ddd5e5700 1 -- 172.21.15.78:0/419085265 --> [v2:172.21.15.78:3300/0,v1:172.21.15.78:6789/0] -- mon_command({"prefix": "get_command_descriptions"} v 0) -- 0x7f4dd8063ca0 con 0x7f4dd8107c30
2024-05-21T15:07:00.268 INFO:teuthology.orchestra.run.smithi078.stdout:/usr/bin/ceph: stderr
2024-05-21T15:06:55.281+0000 7f4dd4ff9700 1 --2- 172.21.15.78:0/419085265 >> [v2:172.21.15.78:6800/3694112952,v1:172.21.15.78:6801/3694112952] conn(0x7f4dc4039050 0x7f4dc403b560 unknown :-1 s=NONE pgs=0 cs=0 l=1 rev1=0 crypto rx=0 tx=0 comp rx=0 tx=0).connect
2024-05-21T15:07:00.268 INFO:teuthology.orchestra.run.smithi078.stdout:/usr/bin/ceph: stderr
2024-05-21T15:06:55.281+0000 7f4dd4ff9700 1 -- 172.21.15.78:0/419085265 <== mon.0 v2:172.21.15.78:3300/0 5 ==== osd_map(2..2 src has 1..2) ==== 940+0+0 (secure 0 0 0) 0x7f4dc804d070 con 0x7f4dd8107c30
2024-05-21T15:07:00.268 INFO:teuthology.orchestra.run.smithi078.stdout:/usr/bin/ceph: stderr
2024-05-21T15:06:55.281+0000 7f4dcffff700 1 --2- 172.21.15.78:0/419085265 >> [v2:172.21.15.78:6800/3694112952,v1:172.21.15.78:6801/3694112952] conn(0x7f4dc4039050 0x7f4dc403b560 unknown :-1 s=BANNER_CONNECTING pgs=0 cs=0 l=1 rev1=0 crypto rx=0 tx=0 comp rx=0 tx=0)._handle_peer_banner_payload supported=3 required=0
2024-05-21T15:07:00.268 INFO:teuthology.orchestra.run.smithi078.stdout:/usr/bin/ceph: stderr
2024-05-21T15:06:55.281+0000 7f4dcffff700 1 --2- 172.21.15.78:0/419085265 >> [v2:172.21.15.78:6800/3694112952,v1:172.21.15.78:6801/3694112952] conn(0x7f4dc4039050 0x7f4dc403b560 secure :-1 s=READY pgs=11 cs=0 l=1 rev1=1 crypto rx=0x7f4dc0006fd0 tx=0x7f4dc0006e40 comp rx=0 tx=0).ready entity=mgr.14120 client_cookie=0 server_cookie=0 in_seq=0 out_seq=0
2024-05-21T15:07:00.268 INFO:teuthology.orchestra.run.smithi078.stdout:/usr/bin/ceph: stderr
2024-05-21T15:06:55.286+0000 7f4dd4ff9700 1 -- 172.21.15.78:0/419085265 <== mon.0 v2:172.21.15.78:3300/0 6 ==== mon_command_ack([{"prefix": "get_command_descriptions"}]=0 v0) ==== 72+0+186418 (secure 0 0 0) 0x7f4dc8020240 con 0x7f4dd8107c30
2024-05-21T15:07:00.268 INFO:teuthology.orchestra.run.smithi078.stdout:/usr/bin/ceph: stderr
2024-05-21T15:06:55.486+0000 7f4ddd5e5700 1 -- 172.21.15.78:0/419085265 --> [v2:172.21.15.78:6800/3694112952,v1:172.21.15.78:6801/3694112952] -- mgr_command(tid 0: {"prefix": "orch host add", "hostname": "smithi078", "addr": "172.21.15.78", "target": ["mon-mgr", ""]}) -- 0x7f4dd802dfd0 con 0x7f4dc4039050
2024-05-21T15:07:00.268 INFO:teuthology.orchestra.run.smithi078.stdout:/usr/bin/ceph: stderr
2024-05-21T15:06:59.598+0000 7f4dd4ff9700 1 -- 172.21.15.78:0/419085265 <== mgr.14120 v2:172.21.15.78:6800/3694112952 1 ==== mgr_command_reply(tid 0: 0 ) ==== 8+0+48 (secure 0 0 0) 0x7f4dd802dfd0 con 0x7f4dc4039050
2024-05-21T15:07:00.268 INFO:teuthology.orchestra.run.smithi078.stdout:/usr/bin/ceph: stderr
2024-05-21T15:06:59.601+0000 7f4ddd5e5700 1 -- 172.21.15.78:0/419085265 >> [v2:172.21.15.78:6800/3694112952,v1:172.21.15.78:6801/3694112952] conn(0x7f4dc4039050 msgr2=0x7f4dc403b560 secure :-1 s=STATE_CONNECTION_ESTABLISHED l=1).mark_down
2024-05-21T15:07:00.268 INFO:teuthology.orchestra.run.smithi078.stdout:/usr/bin/ceph: stderr
2024-05-21T15:06:59.601+0000 7f4ddd5e5700 1 --2- 172.21.15.78:0/419085265 >> [v2:172.21.15.78:6800/3694112952,v1:172.21.15.78:6801/3694112952] conn(0x7f4dc4039050 0x7f4dc403b560 secure :-1 s=READY pgs=11 cs=0 l=1 rev1=1 crypto rx=0x7f4dc0006fd0 tx=0x7f4dc0006e40 comp rx=0 tx=0).stop
2024-05-21T15:07:00.268 INFO:teuthology.orchestra.run.smithi078.stdout:/usr/bin/ceph: stderr
2024-05-21T15:06:59.601+0000 7f4ddd5e5700 1 -- 172.21.15.78:0/419085265 >> [v2:172.21.15.78:3300/0,v1:172.21.15.78:6789/0] conn(0x7f4dd8107c30 msgr2=0x7f4dd819d240 secure :-1 s=STATE_CONNECTION_ESTABLISHED l=1).mark_down
2024-05-21T15:07:00.268 INFO:teuthology.orchestra.run.smithi078.stdout:/usr/bin/ceph: stderr
2024-05-21T15:06:59.601+0000 7f4ddd5e5700 1 --2- 172.21.15.78:0/419085265 >> [v2:172.21.15.78:3300/0,v1:172.21.15.78:6789/0] conn(0x7f4dd8107c30 0x7f4dd819d240 secure :-1 s=READY pgs=46 cs=0 l=1 rev1=1 crypto rx=0x7f4dc8009fb0 tx=0x7f4dc8011a00 comp rx=0 tx=0).stop
2024-05-21T15:07:00.269 INFO:teuthology.orchestra.run.smithi078.stdout:/usr/bin/ceph: stderr
2024-05-21T15:06:59.601+0000 7f4ddd5e5700 1 -- 172.21.15.78:0/419085265 shutdown_connections
2024-05-21T15:07:00.269 INFO:teuthology.orchestra.run.smithi078.stdout:/usr/bin/ceph: stderr
2024-05-21T15:06:59.601+0000 7f4ddd5e5700 1 --2- 172.21.15.78:0/419085265 >> [v2:172.21.15.78:6800/3694112952,v1:172.21.15.78:6801/3694112952] conn(0x7f4dc4039050 0x7f4dc403b560 unknown :-1 s=CLOSED pgs=11 cs=0 l=1 rev1=1 crypto rx=0 tx=0 comp rx=0 tx=0).stop
2024-05-21T15:07:00.269 INFO:teuthology.orchestra.run.smithi078.stdout:/usr/bin/ceph: stderr
2024-05-21T15:06:59.601+0000 7f4ddd5e5700 1 --2- 172.21.15.78:0/419085265 >> [v2:172.21.15.78:3300/0,v1:172.21.15.78:6789/0] conn(0x7f4dd8107c30 0x7f4dd819d240 unknown :-1 s=CLOSED pgs=46 cs=0 l=1 rev1=1 crypto rx=0 tx=0 comp rx=0 tx=0).stop
2024-05-21T15:07:00.269 INFO:teuthology.orchestra.run.smithi078.stdout:/usr/bin/ceph: stderr
2024-05-21T15:06:59.601+0000 7f4ddd5e5700 1 -- 172.21.15.78:0/419085265 >> 172.21.15.78:0/419085265 conn(0x7f4dd8103330 msgr2=0x7f4dd81937c0 unknown :-1 s=STATE_NONE l=0).mark_down
2024-05-21T15:07:00.269 INFO:teuthology.orchestra.run.smithi078.stdout:/usr/bin/ceph: stderr
2024-05-21T15:06:59.601+0000 7f4ddd5e5700 1 -- 172.21.15.78:0/419085265 shutdown_connections
2024-05-21T15:07:00.269 INFO:teuthology.orchestra.run.smithi078.stdout:/usr/bin/ceph: stderr
2024-05-21T15:06:59.601+0000 7f4ddd5e5700 1 -- 172.21.15.78:0/419085265 wait complete.
2024-05-21T15:07:00.269 INFO:teuthology.orchestra.run.smithi078.stdout:Deploying unmanaged mon service...
2024-05-21T15:07:00.897 INFO:journalctl@ceph.mon.a.smithi078.stdout:May 21 15:07:00 smithi078 ceph-mon[31997]: from='mgr.14120 172.21.15.78:0/4110824770' entity='mgr.x'
2024-05-21T15:07:00.897 INFO:journalctl@ceph.mon.a.smithi078.stdout:May 21 15:07:00 smithi078 ceph-mon[31997]: Added host smithi078
2024-05-21T15:07:00.897 INFO:journalctl@ceph.mon.a.smithi078.stdout:May 21 15:07:00 smithi078 ceph-mon[31997]: from='mgr.14120 172.21.15.78:0/4110824770' entity='mgr.x' cmd=[{"prefix": "config dump", "format": "json"}]: dispatch
2024-05-21T15:07:01.633 INFO:teuthology.orchestra.run.smithi078.stdout:/usr/bin/ceph: stdout Scheduled mon update...
2024-05-21T15:07:01.634 INFO:teuthology.orchestra.run.smithi078.stdout:/usr/bin/ceph: stderr
2024-05-21T15:07:00.755+0000 7fb020938700 1 Processor -- start
2024-05-21T15:07:01.634 INFO:teuthology.orchestra.run.smithi078.stdout:/usr/bin/ceph: stderr
2024-05-21T15:07:00.755+0000 7fb020938700 1 -- start start
2024-05-21T15:07:01.634 INFO:teuthology.orchestra.run.smithi078.stdout:/usr/bin/ceph: stderr
2024-05-21T15:07:00.755+0000 7fb020938700 1 --2- >> [v2:172.21.15.78:3300/0,v1:172.21.15.78:6789/0] conn(0x7fb01c07bc90 0x7fb01c10b8f0 unknown :-1 s=NONE pgs=0 cs=0 l=0 rev1=0 crypto rx=0 tx=0 comp rx=0 tx=0).connect
2024-05-21T15:07:01.634 INFO:teuthology.orchestra.run.smithi078.stdout:/usr/bin/ceph: stderr
2024-05-21T15:07:00.755+0000 7fb020938700 1 -- --> [v2:172.21.15.78:3300/0,v1:172.21.15.78:6789/0] -- mon_getmap magic: 0 -- 0x7fb01c10bee0 con 0x7fb01c07bc90
2024-05-21T15:07:01.634 INFO:teuthology.orchestra.run.smithi078.stdout:/usr/bin/ceph: stderr
2024-05-21T15:07:00.756+0000 7fb01a59c700 1 --2- >> [v2:172.21.15.78:3300/0,v1:172.21.15.78:6789/0] conn(0x7fb01c07bc90 0x7fb01c10b8f0 unknown :-1 s=BANNER_CONNECTING pgs=0 cs=0 l=0 rev1=0 crypto rx=0 tx=0 comp rx=0 tx=0)._handle_peer_banner_payload supported=3 required=0
2024-05-21T15:07:01.634 INFO:teuthology.orchestra.run.smithi078.stdout:/usr/bin/ceph: stderr
2024-05-21T15:07:00.756+0000 7fb01a59c700 1 --2- >> [v2:172.21.15.78:3300/0,v1:172.21.15.78:6789/0] conn(0x7fb01c07bc90 0x7fb01c10b8f0 unknown :-1 s=HELLO_CONNECTING pgs=0 cs=0 l=0 rev1=1 crypto rx=0 tx=0 comp rx=0 tx=0).handle_hello peer v2:172.21.15.78:3300/0 says I am v2:172.21.15.78:46902/0 (socket says 172.21.15.78:46902)
2024-05-21T15:07:01.634 INFO:teuthology.orchestra.run.smithi078.stdout:/usr/bin/ceph: stderr
2024-05-21T15:07:00.756+0000 7fb01a59c700 1 -- 172.21.15.78:0/3736028405 learned_addr learned my addr 172.21.15.78:0/3736028405 (peer_addr_for_me v2:172.21.15.78:0/0)
2024-05-21T15:07:01.634 INFO:teuthology.orchestra.run.smithi078.stdout:/usr/bin/ceph: stderr
2024-05-21T15:07:00.756+0000 7fb01a59c700 1 -- 172.21.15.78:0/3736028405 --> [v2:172.21.15.78:3300/0,v1:172.21.15.78:6789/0] -- mon_subscribe({config=0+,monmap=0+}) -- 0x7fb01c10c060 con 0x7fb01c07bc90
2024-05-21T15:07:01.634 INFO:teuthology.orchestra.run.smithi078.stdout:/usr/bin/ceph: stderr
2024-05-21T15:07:00.756+0000 7fb01a59c700 1 --2- 172.21.15.78:0/3736028405 >> [v2:172.21.15.78:3300/0,v1:172.21.15.78:6789/0] conn(0x7fb01c07bc90 0x7fb01c10b8f0 secure :-1 s=READY pgs=47 cs=0 l=1 rev1=1 crypto rx=0x7fb00c0098a0 tx=0x7fb00c009bb0 comp rx=0 tx=0).ready entity=mon.0 client_cookie=a49033925c155431 server_cookie=0 in_seq=0 out_seq=0
2024-05-21T15:07:01.634 INFO:teuthology.orchestra.run.smithi078.stdout:/usr/bin/ceph: stderr
2024-05-21T15:07:00.756+0000 7fb01959a700 1 -- 172.21.15.78:0/3736028405 <== mon.0 v2:172.21.15.78:3300/0 1 ==== mon_map magic: 0 ==== 205+0+0 (secure 0 0 0) 0x7fb00c004160 con 0x7fb01c07bc90
2024-05-21T15:07:01.635 INFO:teuthology.orchestra.run.smithi078.stdout:/usr/bin/ceph: stderr
2024-05-21T15:07:00.756+0000 7fb01959a700 1 -- 172.21.15.78:0/3736028405 <== mon.0 v2:172.21.15.78:3300/0 2 ==== config(27 keys) ==== 1109+0+0 (secure 0 0 0) 0x7fb00c004300 con 0x7fb01c07bc90
2024-05-21T15:07:01.635 INFO:teuthology.orchestra.run.smithi078.stdout:/usr/bin/ceph: stderr
2024-05-21T15:07:00.756+0000 7fb01959a700 1 -- 172.21.15.78:0/3736028405 <== mon.0 v2:172.21.15.78:3300/0 3 ==== mon_map magic: 0 ==== 205+0+0 (secure 0 0 0) 0x7fb00c011b50 con 0x7fb01c07bc90
2024-05-21T15:07:01.635 INFO:teuthology.orchestra.run.smithi078.stdout:/usr/bin/ceph: stderr
2024-05-21T15:07:00.757+0000 7fb020938700 1 -- 172.21.15.78:0/3736028405 >> [v2:172.21.15.78:3300/0,v1:172.21.15.78:6789/0] conn(0x7fb01c07bc90 msgr2=0x7fb01c10b8f0 secure :-1 s=STATE_CONNECTION_ESTABLISHED l=1).mark_down
2024-05-21T15:07:01.635 INFO:teuthology.orchestra.run.smithi078.stdout:/usr/bin/ceph: stderr
2024-05-21T15:07:00.757+0000 7fb020938700 1 --2- 172.21.15.78:0/3736028405 >> [v2:172.21.15.78:3300/0,v1:172.21.15.78:6789/0] conn(0x7fb01c07bc90 0x7fb01c10b8f0 secure :-1 s=READY pgs=47 cs=0 l=1 rev1=1 crypto rx=0x7fb00c0098a0 tx=0x7fb00c009bb0 comp rx=0 tx=0).stop
2024-05-21T15:07:01.635 INFO:teuthology.orchestra.run.smithi078.stdout:/usr/bin/ceph: stderr
2024-05-21T15:07:00.757+0000 7fb020938700 1 -- 172.21.15.78:0/3736028405 shutdown_connections
2024-05-21T15:07:01.635 INFO:teuthology.orchestra.run.smithi078.stdout:/usr/bin/ceph: stderr
2024-05-21T15:07:00.757+0000 7fb020938700 1 --2- 172.21.15.78:0/3736028405 >> [v2:172.21.15.78:3300/0,v1:172.21.15.78:6789/0] conn(0x7fb01c07bc90 0x7fb01c10b8f0 unknown :-1 s=CLOSED pgs=47 cs=0 l=1 rev1=1 crypto rx=0 tx=0 comp rx=0 tx=0).stop
2024-05-21T15:07:01.635 INFO:teuthology.orchestra.run.smithi078.stdout:/usr/bin/ceph: stderr
2024-05-21T15:07:00.757+0000 7fb020938700 1 -- 172.21.15.78:0/3736028405 >> 172.21.15.78:0/3736028405 conn(0x7fb01c1033a0 msgr2=0x7fb01c1057f0 unknown :-1 s=STATE_NONE l=0).mark_down
2024-05-21T15:07:01.635 INFO:teuthology.orchestra.run.smithi078.stdout:/usr/bin/ceph: stderr
2024-05-21T15:07:00.757+0000 7fb020938700 1 -- 172.21.15.78:0/3736028405 shutdown_connections
2024-05-21T15:07:01.635 INFO:teuthology.orchestra.run.smithi078.stdout:/usr/bin/ceph: stderr
2024-05-21T15:07:00.757+0000 7fb020938700 1 -- 172.21.15.78:0/3736028405 wait complete.
2024-05-21T15:07:01.635 INFO:teuthology.orchestra.run.smithi078.stdout:/usr/bin/ceph: stderr
2024-05-21T15:07:00.758+0000 7fb020938700 1 Processor -- start
2024-05-21T15:07:01.635 INFO:teuthology.orchestra.run.smithi078.stdout:/usr/bin/ceph: stderr
2024-05-21T15:07:00.758+0000 7fb020938700 1 -- start start
2024-05-21T15:07:01.635 INFO:teuthology.orchestra.run.smithi078.stdout:/usr/bin/ceph: stderr
2024-05-21T15:07:00.758+0000 7fb020938700 1 --2- >> [v2:172.21.15.78:3300/0,v1:172.21.15.78:6789/0] conn(0x7fb01c07bc90 0x7fb01c19d160 unknown :-1 s=NONE pgs=0 cs=0 l=1 rev1=0 crypto rx=0 tx=0 comp rx=0 tx=0).connect
2024-05-21T15:07:01.635 INFO:teuthology.orchestra.run.smithi078.stdout:/usr/bin/ceph: stderr
2024-05-21T15:07:00.758+0000 7fb020938700 1 -- --> [v2:172.21.15.78:3300/0,v1:172.21.15.78:6789/0] -- mon_getmap magic: 0 -- 0x7fb01c10d140 con 0x7fb01c07bc90
2024-05-21T15:07:01.636 INFO:teuthology.orchestra.run.smithi078.stdout:/usr/bin/ceph: stderr
2024-05-21T15:07:00.758+0000 7fb01a59c700 1 --2- >> [v2:172.21.15.78:3300/0,v1:172.21.15.78:6789/0] conn(0x7fb01c07bc90 0x7fb01c19d160 unknown :-1 s=BANNER_CONNECTING pgs=0 cs=0 l=1 rev1=0 crypto rx=0 tx=0 comp rx=0 tx=0)._handle_peer_banner_payload supported=3 required=0
2024-05-21T15:07:01.636 INFO:teuthology.orchestra.run.smithi078.stdout:/usr/bin/ceph: stderr
2024-05-21T15:07:00.758+0000 7fb01a59c700 1 --2- >> [v2:172.21.15.78:3300/0,v1:172.21.15.78:6789/0] conn(0x7fb01c07bc90 0x7fb01c19d160 unknown :-1 s=HELLO_CONNECTING pgs=0 cs=0 l=1 rev1=1 crypto rx=0 tx=0 comp rx=0 tx=0).handle_hello peer v2:172.21.15.78:3300/0 says I am v2:172.21.15.78:46916/0 (socket says 172.21.15.78:46916)
2024-05-21T15:07:01.636 INFO:teuthology.orchestra.run.smithi078.stdout:/usr/bin/ceph: stderr
2024-05-21T15:07:00.758+0000 7fb01a59c700 1 -- 172.21.15.78:0/2434747960 learned_addr learned my addr 172.21.15.78:0/2434747960 (peer_addr_for_me v2:172.21.15.78:0/0)
2024-05-21T15:07:01.636 INFO:teuthology.orchestra.run.smithi078.stdout:/usr/bin/ceph: stderr
2024-05-21T15:07:00.758+0000 7fb01a59c700 1 -- 172.21.15.78:0/2434747960 --> [v2:172.21.15.78:3300/0,v1:172.21.15.78:6789/0] -- mon_subscribe({config=0+,monmap=0+}) -- 0x7fb01c19d6a0 con 0x7fb01c07bc90
2024-05-21T15:07:01.636 INFO:teuthology.orchestra.run.smithi078.stdout:/usr/bin/ceph: stderr
2024-05-21T15:07:00.759+0000 7fb01a59c700 1 --2- 172.21.15.78:0/2434747960 >> [v2:172.21.15.78:3300/0,v1:172.21.15.78:6789/0] conn(0x7fb01c07bc90 0x7fb01c19d160 secure :-1 s=READY pgs=48 cs=0 l=1 rev1=1 crypto rx=0x7fb00c009fb0 tx=0x7fb00c011bf0 comp rx=0 tx=0).ready entity=mon.0 client_cookie=0 server_cookie=0 in_seq=0 out_seq=0
2024-05-21T15:07:01.636 INFO:teuthology.orchestra.run.smithi078.stdout:/usr/bin/ceph: stderr
2024-05-21T15:07:00.759+0000 7fb00b7fe700 1 -- 172.21.15.78:0/2434747960 <== mon.0 v2:172.21.15.78:3300/0 1 ==== mon_map magic: 0 ==== 205+0+0 (secure 0 0 0) 0x7fb00c0038b0 con 0x7fb01c07bc90
2024-05-21T15:07:01.636 INFO:teuthology.orchestra.run.smithi078.stdout:/usr/bin/ceph: stderr
2024-05-21T15:07:00.759+0000 7fb00b7fe700 1 -- 172.21.15.78:0/2434747960 <== mon.0 v2:172.21.15.78:3300/0 2 ==== config(27 keys) ==== 1109+0+0 (secure 0 0 0) 0x7fb00c011e50 con 0x7fb01c07bc90
2024-05-21T15:07:01.636 INFO:teuthology.orchestra.run.smithi078.stdout:/usr/bin/ceph: stderr
2024-05-21T15:07:00.759+0000 7fb020938700 1 -- 172.21.15.78:0/2434747960 --> [v2:172.21.15.78:3300/0,v1:172.21.15.78:6789/0] -- mon_subscribe({mgrmap=0+}) -- 0x7fb01c19d930 con 0x7fb01c07bc90
2024-05-21T15:07:01.636 INFO:teuthology.orchestra.run.smithi078.stdout:/usr/bin/ceph: stderr
2024-05-21T15:07:00.759+0000 7fb00b7fe700 1 -- 172.21.15.78:0/2434747960 <== mon.0 v2:172.21.15.78:3300/0 3 ==== mon_map magic: 0 ==== 205+0+0 (secure 0 0 0) 0x7fb00c019550 con 0x7fb01c07bc90
2024-05-21T15:07:01.636 INFO:teuthology.orchestra.run.smithi078.stdout:/usr/bin/ceph: stderr
2024-05-21T15:07:00.759+0000 7fb020938700 1 -- 172.21.15.78:0/2434747960 --> [v2:172.21.15.78:3300/0,v1:172.21.15.78:6789/0] -- mon_subscribe({osdmap=0}) -- 0x7fb01c1a0540 con 0x7fb01c07bc90
2024-05-21T15:07:01.636 INFO:teuthology.orchestra.run.smithi078.stdout:/usr/bin/ceph: stderr
2024-05-21T15:07:00.760+0000 7fb00b7fe700 1 -- 172.21.15.78:0/2434747960 <== mon.0 v2:172.21.15.78:3300/0 4 ==== mgrmap(e 8) ==== 46287+0+0 (secure 0 0 0) 0x7fb00c019850 con 0x7fb01c07bc90
2024-05-21T15:07:01.636 INFO:teuthology.orchestra.run.smithi078.stdout:/usr/bin/ceph: stderr
2024-05-21T15:07:00.760+0000 7fb020938700 1 -- 172.21.15.78:0/2434747960 --> [v2:172.21.15.78:3300/0,v1:172.21.15.78:6789/0] -- mon_command({"prefix": "get_command_descriptions"} v 0) -- 0x7fb01c063ca0 con 0x7fb01c07bc90
2024-05-21T15:07:01.636 INFO:teuthology.orchestra.run.smithi078.stdout:/usr/bin/ceph: stderr
2024-05-21T15:07:00.760+0000 7fb00b7fe700 1 --2- 172.21.15.78:0/2434747960 >> [v2:172.21.15.78:6800/3694112952,v1:172.21.15.78:6801/3694112952] conn(0x7fb004039000 0x7fb00403b510 unknown :-1 s=NONE pgs=0 cs=0 l=1 rev1=0 crypto rx=0 tx=0 comp rx=0 tx=0).connect
2024-05-21T15:07:01.636 INFO:teuthology.orchestra.run.smithi078.stdout:/usr/bin/ceph: stderr
2024-05-21T15:07:00.760+0000 7fb00b7fe700 1 -- 172.21.15.78:0/2434747960 <== mon.0 v2:172.21.15.78:3300/0 5 ==== osd_map(2..2 src has 1..2) ==== 940+0+0 (secure 0 0 0) 0x7fb00c04d3e0 con 0x7fb01c07bc90
2024-05-21T15:07:01.637 INFO:teuthology.orchestra.run.smithi078.stdout:/usr/bin/ceph: stderr
2024-05-21T15:07:00.760+0000 7fb019d9b700 1 --2- 172.21.15.78:0/2434747960 >> [v2:172.21.15.78:6800/3694112952,v1:172.21.15.78:6801/3694112952] conn(0x7fb004039000 0x7fb00403b510 unknown :-1 s=BANNER_CONNECTING pgs=0 cs=0 l=1 rev1=0 crypto rx=0 tx=0 comp rx=0 tx=0)._handle_peer_banner_payload supported=3 required=0
2024-05-21T15:07:01.637 INFO:teuthology.orchestra.run.smithi078.stdout:/usr/bin/ceph: stderr
2024-05-21T15:07:00.760+0000 7fb019d9b700 1 --2- 172.21.15.78:0/2434747960 >> [v2:172.21.15.78:6800/3694112952,v1:172.21.15.78:6801/3694112952] conn(0x7fb004039000 0x7fb00403b510 secure :-1 s=READY pgs=12 cs=0 l=1 rev1=1 crypto rx=0x7fb010006fd0 tx=0x7fb010006e40 comp rx=0 tx=0).ready entity=mgr.14120 client_cookie=0 server_cookie=0 in_seq=0 out_seq=0
2024-05-21T15:07:01.637 INFO:teuthology.orchestra.run.smithi078.stdout:/usr/bin/ceph: stderr
2024-05-21T15:07:00.765+0000 7fb00b7fe700 1 -- 172.21.15.78:0/2434747960 <== mon.0 v2:172.21.15.78:3300/0 6 ==== mon_command_ack([{"prefix": "get_command_descriptions"}]=0 v0) ==== 72+0+186418 (secure 0 0 0) 0x7fb00c04cd30 con 0x7fb01c07bc90
2024-05-21T15:07:01.637 INFO:teuthology.orchestra.run.smithi078.stdout:/usr/bin/ceph: stderr
2024-05-21T15:07:00.993+0000 7fb020938700 1 -- 172.21.15.78:0/2434747960 --> [v2:172.21.15.78:6800/3694112952,v1:172.21.15.78:6801/3694112952] -- mgr_command(tid 0: {"prefix": "orch apply", "service_type": "mon", "unmanaged": true, "target": ["mon-mgr", ""]}) -- 0x7fb01c105470 con 0x7fb004039000
2024-05-21T15:07:01.637 INFO:teuthology.orchestra.run.smithi078.stdout:/usr/bin/ceph: stderr
2024-05-21T15:07:01.001+0000 7fb00b7fe700 1 -- 172.21.15.78:0/2434747960 <== mgr.14120 v2:172.21.15.78:6800/3694112952 1 ==== mgr_command_reply(tid 0: 0 ) ==== 8+0+24 (secure 0 0 0) 0x7fb01c105470 con 0x7fb004039000
2024-05-21T15:07:01.637 INFO:teuthology.orchestra.run.smithi078.stdout:/usr/bin/ceph: stderr
2024-05-21T15:07:01.004+0000 7fb020938700 1 -- 172.21.15.78:0/2434747960 >> [v2:172.21.15.78:6800/3694112952,v1:172.21.15.78:6801/3694112952] conn(0x7fb004039000 msgr2=0x7fb00403b510 secure :-1 s=STATE_CONNECTION_ESTABLISHED l=1).mark_down
2024-05-21T15:07:01.637 INFO:teuthology.orchestra.run.smithi078.stdout:/usr/bin/ceph: stderr
2024-05-21T15:07:01.004+0000 7fb020938700 1 --2- 172.21.15.78:0/2434747960 >> [v2:172.21.15.78:6800/3694112952,v1:172.21.15.78:6801/3694112952] conn(0x7fb004039000 0x7fb00403b510 secure :-1 s=READY pgs=12 cs=0 l=1 rev1=1 crypto rx=0x7fb010006fd0 tx=0x7fb010006e40 comp rx=0 tx=0).stop
2024-05-21T15:07:01.637 INFO:teuthology.orchestra.run.smithi078.stdout:/usr/bin/ceph: stderr
2024-05-21T15:07:01.004+0000 7fb020938700 1 -- 172.21.15.78:0/2434747960 >> [v2:172.21.15.78:3300/0,v1:172.21.15.78:6789/0] conn(0x7fb01c07bc90 msgr2=0x7fb01c19d160 secure :-1 s=STATE_CONNECTION_ESTABLISHED l=1).mark_down
2024-05-21T15:07:01.637 INFO:teuthology.orchestra.run.smithi078.stdout:/usr/bin/ceph: stderr
2024-05-21T15:07:01.004+0000 7fb020938700 1 --2- 172.21.15.78:0/2434747960 >> [v2:172.21.15.78:3300/0,v1:172.21.15.78:6789/0] conn(0x7fb01c07bc90 0x7fb01c19d160 secure :-1 s=READY pgs=48 cs=0 l=1 rev1=1 crypto rx=0x7fb00c009fb0 tx=0x7fb00c011bf0 comp rx=0 tx=0).stop
2024-05-21T15:07:01.637 INFO:teuthology.orchestra.run.smithi078.stdout:/usr/bin/ceph: stderr
2024-05-21T15:07:01.004+0000 7fb020938700 1 -- 172.21.15.78:0/2434747960 shutdown_connections
2024-05-21T15:07:01.637 INFO:teuthology.orchestra.run.smithi078.stdout:/usr/bin/ceph: stderr
2024-05-21T15:07:01.004+0000 7fb020938700 1 --2- 172.21.15.78:0/2434747960 >> [v2:172.21.15.78:6800/3694112952,v1:172.21.15.78:6801/3694112952] conn(0x7fb004039000 0x7fb00403b510 unknown :-1 s=CLOSED pgs=12 cs=0 l=1 rev1=1 crypto rx=0 tx=0 comp rx=0 tx=0).stop
2024-05-21T15:07:01.637 INFO:teuthology.orchestra.run.smithi078.stdout:/usr/bin/ceph: stderr
2024-05-21T15:07:01.004+0000 7fb020938700 1 --2- 172.21.15.78:0/2434747960 >> [v2:172.21.15.78:3300/0,v1:172.21.15.78:6789/0] conn(0x7fb01c07bc90 0x7fb01c19d160 unknown :-1 s=CLOSED pgs=48 cs=0 l=1 rev1=1 crypto rx=0 tx=0 comp rx=0 tx=0).stop
2024-05-21T15:07:01.637 INFO:teuthology.orchestra.run.smithi078.stdout:/usr/bin/ceph: stderr
2024-05-21T15:07:01.004+0000 7fb020938700 1 -- 172.21.15.78:0/2434747960 >> 172.21.15.78:0/2434747960 conn(0x7fb01c1033a0 msgr2=0x7fb01c104d20 unknown :-1 s=STATE_NONE l=0).mark_down
2024-05-21T15:07:01.638 INFO:teuthology.orchestra.run.smithi078.stdout:/usr/bin/ceph: stderr
2024-05-21T15:07:01.004+0000 7fb020938700 1 -- 172.21.15.78:0/2434747960 shutdown_connections
2024-05-21T15:07:01.638 INFO:teuthology.orchestra.run.smithi078.stdout:/usr/bin/ceph: stderr
2024-05-21T15:07:01.004+0000 7fb020938700 1 -- 172.21.15.78:0/2434747960 wait complete.
2024-05-21T15:07:01.638 INFO:teuthology.orchestra.run.smithi078.stdout:Deploying unmanaged mgr service...
2024-05-21T15:07:02.171 INFO:journalctl@ceph.mon.a.smithi078.stdout:May 21 15:07:02 smithi078 ceph-mon[31997]: from='client.14142 -' entity='client.admin' cmd=[{"prefix": "orch apply", "service_type": "mon", "unmanaged": true, "target": ["mon-mgr", ""]}]: dispatch
2024-05-21T15:07:02.171 INFO:journalctl@ceph.mon.a.smithi078.stdout:May 21 15:07:02 smithi078 ceph-mon[31997]: Saving service mon spec with placement count:5
2024-05-21T15:07:02.171 INFO:journalctl@ceph.mon.a.smithi078.stdout:May 21 15:07:02 smithi078 ceph-mon[31997]: from='mgr.14120 172.21.15.78:0/4110824770' entity='mgr.x'
2024-05-21T15:07:03.570 INFO:journalctl@ceph.mon.a.smithi078.stdout:May 21 15:07:03 smithi078 ceph-mon[31997]: from='client.14144 -' entity='client.admin' cmd=[{"prefix": "orch apply", "service_type": "mgr", "unmanaged": true, "target": ["mon-mgr", ""]}]: dispatch
2024-05-21T15:07:03.570 INFO:journalctl@ceph.mon.a.smithi078.stdout:May 21 15:07:03 smithi078 ceph-mon[31997]: Saving service mgr spec with placement count:2
2024-05-21T15:07:03.570 INFO:journalctl@ceph.mon.a.smithi078.stdout:May 21 15:07:03 smithi078 ceph-mon[31997]: from='mgr.14120 172.21.15.78:0/4110824770' entity='mgr.x'
2024-05-21T15:07:03.570 INFO:journalctl@ceph.mon.a.smithi078.stdout:May 21 15:07:03 smithi078 ceph-mon[31997]: from='mgr.14120 172.21.15.78:0/4110824770' entity='mgr.x'
2024-05-21T15:07:03.578 INFO:teuthology.orchestra.run.smithi078.stdout:/usr/bin/ceph: stdout Scheduled mgr update...
2024-05-21T15:07:03.578 INFO:teuthology.orchestra.run.smithi078.stdout:/usr/bin/ceph: stderr
2024-05-21T15:07:02.062+0000 7fbb58f44700 1 Processor -- start
2024-05-21T15:07:03.578 INFO:teuthology.orchestra.run.smithi078.stdout:/usr/bin/ceph: stderr
2024-05-21T15:07:02.062+0000 7fbb58f44700 1 -- start start
2024-05-21T15:07:03.578 INFO:teuthology.orchestra.run.smithi078.stdout:/usr/bin/ceph: stderr
2024-05-21T15:07:02.063+0000 7fbb58f44700 1 --2- >> [v2:172.21.15.78:3300/0,v1:172.21.15.78:6789/0] conn(0x7fbb54107c30 0x7fbb54108040 unknown :-1 s=NONE pgs=0 cs=0 l=0 rev1=0 crypto rx=0 tx=0 comp rx=0 tx=0).connect
2024-05-21T15:07:03.578 INFO:teuthology.orchestra.run.smithi078.stdout:/usr/bin/ceph: stderr
2024-05-21T15:07:02.063+0000 7fbb58f44700 1 -- --> [v2:172.21.15.78:3300/0,v1:172.21.15.78:6789/0] -- mon_getmap magic: 0 -- 0x7fbb54108630 con 0x7fbb54107c30
2024-05-21T15:07:03.579 INFO:teuthology.orchestra.run.smithi078.stdout:/usr/bin/ceph: stderr
2024-05-21T15:07:02.063+0000 7fbb5259c700 1 --2- >> [v2:172.21.15.78:3300/0,v1:172.21.15.78:6789/0] conn(0x7fbb54107c30 0x7fbb54108040 unknown :-1 s=BANNER_CONNECTING pgs=0 cs=0 l=0 rev1=0 crypto rx=0 tx=0 comp rx=0 tx=0)._handle_peer_banner_payload supported=3 required=0
2024-05-21T15:07:03.579 INFO:teuthology.orchestra.run.smithi078.stdout:/usr/bin/ceph: stderr
2024-05-21T15:07:02.063+0000 7fbb5259c700 1 --2- >> [v2:172.21.15.78:3300/0,v1:172.21.15.78:6789/0] conn(0x7fbb54107c30 0x7fbb54108040 unknown :-1 s=HELLO_CONNECTING pgs=0 cs=0 l=0 rev1=1 crypto rx=0 tx=0 comp rx=0 tx=0).handle_hello peer v2:172.21.15.78:3300/0 says I am v2:172.21.15.78:46928/0 (socket says 172.21.15.78:46928)
2024-05-21T15:07:03.579 INFO:teuthology.orchestra.run.smithi078.stdout:/usr/bin/ceph: stderr
2024-05-21T15:07:02.063+0000 7fbb5259c700 1 -- 172.21.15.78:0/152200259 learned_addr learned my addr 172.21.15.78:0/152200259 (peer_addr_for_me v2:172.21.15.78:0/0)
2024-05-21T15:07:03.579 INFO:teuthology.orchestra.run.smithi078.stdout:/usr/bin/ceph: stderr
2024-05-21T15:07:02.063+0000 7fbb5259c700 1 -- 172.21.15.78:0/152200259 --> [v2:172.21.15.78:3300/0,v1:172.21.15.78:6789/0] -- mon_subscribe({config=0+,monmap=0+}) -- 0x7fbb54108ec0 con 0x7fbb54107c30
2024-05-21T15:07:03.579 INFO:teuthology.orchestra.run.smithi078.stdout:/usr/bin/ceph: stderr
2024-05-21T15:07:02.063+0000 7fbb5259c700 1 --2- 172.21.15.78:0/152200259 >> [v2:172.21.15.78:3300/0,v1:172.21.15.78:6789/0] conn(0x7fbb54107c30 0x7fbb54108040 secure :-1 s=READY pgs=49 cs=0 l=1 rev1=1 crypto rx=0x7fbb480098a0 tx=0x7fbb48009bb0 comp rx=0 tx=0).ready entity=mon.0 client_cookie=38ca025f499c4ba8 server_cookie=0 in_seq=0 out_seq=0
2024-05-21T15:07:03.579 INFO:teuthology.orchestra.run.smithi078.stdout:/usr/bin/ceph: stderr
2024-05-21T15:07:02.063+0000 7fbb5159a700 1 -- 172.21.15.78:0/152200259 <== mon.0 v2:172.21.15.78:3300/0 1 ==== mon_map magic: 0 ==== 205+0+0 (secure 0 0 0) 0x7fbb48004160 con 0x7fbb54107c30
2024-05-21T15:07:03.579 INFO:teuthology.orchestra.run.smithi078.stdout:/usr/bin/ceph: stderr
2024-05-21T15:07:02.064+0000 7fbb5159a700 1 -- 172.21.15.78:0/152200259 <== mon.0 v2:172.21.15.78:3300/0 2 ==== config(27 keys) ==== 1109+0+0 (secure 0 0 0) 0x7fbb48004300 con 0x7fbb54107c30
2024-05-21T15:07:03.579 INFO:teuthology.orchestra.run.smithi078.stdout:/usr/bin/ceph: stderr
2024-05-21T15:07:02.064+0000 7fbb5159a700 1 -- 172.21.15.78:0/152200259 <== mon.0 v2:172.21.15.78:3300/0 3 ==== mon_map magic: 0 ==== 205+0+0 (secure 0 0 0) 0x7fbb48011b50 con 0x7fbb54107c30
2024-05-21T15:07:03.579 INFO:teuthology.orchestra.run.smithi078.stdout:/usr/bin/ceph: stderr
2024-05-21T15:07:02.064+0000 7fbb58f44700 1 -- 172.21.15.78:0/152200259 >> [v2:172.21.15.78:3300/0,v1:172.21.15.78:6789/0] conn(0x7fbb54107c30 msgr2=0x7fbb54108040 secure :-1 s=STATE_CONNECTION_ESTABLISHED l=1).mark_down
2024-05-21T15:07:03.579 INFO:teuthology.orchestra.run.smithi078.stdout:/usr/bin/ceph: stderr
2024-05-21T15:07:02.064+0000 7fbb58f44700 1 --2- 172.21.15.78:0/152200259 >> [v2:172.21.15.78:3300/0,v1:172.21.15.78:6789/0] conn(0x7fbb54107c30 0x7fbb54108040 secure :-1 s=READY pgs=49 cs=0 l=1 rev1=1 crypto rx=0x7fbb480098a0 tx=0x7fbb48009bb0 comp rx=0 tx=0).stop
2024-05-21T15:07:03.580 INFO:teuthology.orchestra.run.smithi078.stdout:/usr/bin/ceph: stderr
2024-05-21T15:07:02.064+0000 7fbb58f44700 1 -- 172.21.15.78:0/152200259 shutdown_connections
2024-05-21T15:07:03.580 INFO:teuthology.orchestra.run.smithi078.stdout:/usr/bin/ceph: stderr
2024-05-21T15:07:02.064+0000 7fbb58f44700 1 --2- 172.21.15.78:0/152200259 >> [v2:172.21.15.78:3300/0,v1:172.21.15.78:6789/0] conn(0x7fbb54107c30 0x7fbb54108040 unknown :-1 s=CLOSED pgs=49 cs=0 l=1 rev1=1 crypto rx=0 tx=0 comp rx=0 tx=0).stop
2024-05-21T15:07:03.580 INFO:teuthology.orchestra.run.smithi078.stdout:/usr/bin/ceph: stderr
2024-05-21T15:07:02.064+0000 7fbb58f44700 1 -- 172.21.15.78:0/152200259 >> 172.21.15.78:0/152200259 conn(0x7fbb54103330 msgr2=0x7fbb541057e0 unknown :-1 s=STATE_NONE l=0).mark_down
2024-05-21T15:07:03.580 INFO:teuthology.orchestra.run.smithi078.stdout:/usr/bin/ceph: stderr
2024-05-21T15:07:02.064+0000 7fbb58f44700 1 -- 172.21.15.78:0/152200259 shutdown_connections
2024-05-21T15:07:03.580 INFO:teuthology.orchestra.run.smithi078.stdout:/usr/bin/ceph: stderr
2024-05-21T15:07:02.064+0000 7fbb58f44700 1 -- 172.21.15.78:0/152200259 wait complete.
2024-05-21T15:07:03.580 INFO:teuthology.orchestra.run.smithi078.stdout:/usr/bin/ceph: stderr
2024-05-21T15:07:02.065+0000 7fbb58f44700 1 Processor -- start
2024-05-21T15:07:03.580 INFO:teuthology.orchestra.run.smithi078.stdout:/usr/bin/ceph: stderr
2024-05-21T15:07:02.065+0000 7fbb58f44700 1 -- start start
2024-05-21T15:07:03.580 INFO:teuthology.orchestra.run.smithi078.stdout:/usr/bin/ceph: stderr
2024-05-21T15:07:02.066+0000 7fbb58f44700 1 --2- >> [v2:172.21.15.78:3300/0,v1:172.21.15.78:6789/0] conn(0x7fbb54107c30 0x7fbb5419c0e0 unknown :-1 s=NONE pgs=0 cs=0 l=1 rev1=0 crypto rx=0 tx=0 comp rx=0 tx=0).connect
2024-05-21T15:07:03.580 INFO:teuthology.orchestra.run.smithi078.stdout:/usr/bin/ceph: stderr
2024-05-21T15:07:02.066+0000 7fbb58f44700 1 -- --> [v2:172.21.15.78:3300/0,v1:172.21.15.78:6789/0] -- mon_getmap magic: 0 -- 0x7fbb5410c270 con 0x7fbb54107c30
2024-05-21T15:07:03.580 INFO:teuthology.orchestra.run.smithi078.stdout:/usr/bin/ceph: stderr
2024-05-21T15:07:02.066+0000 7fbb5259c700 1 --2- >> [v2:172.21.15.78:3300/0,v1:172.21.15.78:6789/0] conn(0x7fbb54107c30 0x7fbb5419c0e0 unknown :-1 s=BANNER_CONNECTING pgs=0 cs=0 l=1 rev1=0 crypto rx=0 tx=0 comp rx=0 tx=0)._handle_peer_banner_payload supported=3 required=0
2024-05-21T15:07:03.580 INFO:teuthology.orchestra.run.smithi078.stdout:/usr/bin/ceph: stderr
2024-05-21T15:07:02.066+0000 7fbb5259c700 1 --2- >> [v2:172.21.15.78:3300/0,v1:172.21.15.78:6789/0] conn(0x7fbb54107c30 0x7fbb5419c0e0 unknown :-1 s=HELLO_CONNECTING pgs=0 cs=0 l=1 rev1=1 crypto rx=0 tx=0 comp rx=0 tx=0).handle_hello peer v2:172.21.15.78:3300/0 says I am v2:172.21.15.78:46932/0 (socket says 172.21.15.78:46932)
2024-05-21T15:07:03.581 INFO:teuthology.orchestra.run.smithi078.stdout:/usr/bin/ceph: stderr
2024-05-21T15:07:02.066+0000 7fbb5259c700 1 -- 172.21.15.78:0/2065526869 learned_addr learned my addr 172.21.15.78:0/2065526869 (peer_addr_for_me v2:172.21.15.78:0/0)
2024-05-21T15:07:03.581 INFO:teuthology.orchestra.run.smithi078.stdout:/usr/bin/ceph: stderr
2024-05-21T15:07:02.066+0000 7fbb5259c700 1 -- 172.21.15.78:0/2065526869 --> [v2:172.21.15.78:3300/0,v1:172.21.15.78:6789/0] -- mon_subscribe({config=0+,monmap=0+}) -- 0x7fbb5419c620 con 0x7fbb54107c30
2024-05-21T15:07:03.581 INFO:teuthology.orchestra.run.smithi078.stdout:/usr/bin/ceph: stderr
2024-05-21T15:07:02.066+0000 7fbb5259c700 1 --2- 172.21.15.78:0/2065526869 >> [v2:172.21.15.78:3300/0,v1:172.21.15.78:6789/0] conn(0x7fbb54107c30 0x7fbb5419c0e0 secure :-1 s=READY pgs=50 cs=0 l=1 rev1=1 crypto rx=0x7fbb48009fb0 tx=0x7fbb48011a00 comp rx=0 tx=0).ready entity=mon.0 client_cookie=0 server_cookie=0 in_seq=0 out_seq=0
2024-05-21T15:07:03.581 INFO:teuthology.orchestra.run.smithi078.stdout:/usr/bin/ceph: stderr
2024-05-21T15:07:02.066+0000 7fbb437fe700 1 -- 172.21.15.78:0/2065526869 <== mon.0 v2:172.21.15.78:3300/0 1 ==== mon_map magic: 0 ==== 205+0+0 (secure 0 0 0) 0x7fbb480038b0 con 0x7fbb54107c30
2024-05-21T15:07:03.581 INFO:teuthology.orchestra.run.smithi078.stdout:/usr/bin/ceph: stderr
2024-05-21T15:07:02.066+0000 7fbb58f44700 1 -- 172.21.15.78:0/2065526869 --> [v2:172.21.15.78:3300/0,v1:172.21.15.78:6789/0] -- mon_subscribe({mgrmap=0+}) -- 0x7fbb5419c8b0 con 0x7fbb54107c30
2024-05-21T15:07:03.581 INFO:teuthology.orchestra.run.smithi078.stdout:/usr/bin/ceph: stderr
2024-05-21T15:07:02.066+0000 7fbb437fe700 1 -- 172.21.15.78:0/2065526869 <== mon.0 v2:172.21.15.78:3300/0 2 ==== config(27 keys) ==== 1109+0+0 (secure 0 0 0) 0x7fbb48011e50 con 0x7fbb54107c30
2024-05-21T15:07:03.581 INFO:teuthology.orchestra.run.smithi078.stdout:/usr/bin/ceph: stderr
2024-05-21T15:07:02.066+0000 7fbb437fe700 1 -- 172.21.15.78:0/2065526869 <== mon.0 v2:172.21.15.78:3300/0 3 ==== mon_map magic: 0 ==== 205+0+0 (secure 0 0 0) 0x7fbb4801a430 con 0x7fbb54107c30
2024-05-21T15:07:03.581 INFO:teuthology.orchestra.run.smithi078.stdout:/usr/bin/ceph: stderr
2024-05-21T15:07:02.066+0000 7fbb58f44700 1 -- 172.21.15.78:0/2065526869 --> [v2:172.21.15.78:3300/0,v1:172.21.15.78:6789/0] -- mon_subscribe({osdmap=0}) -- 0x7fbb5419f4c0 con 0x7fbb54107c30
2024-05-21T15:07:03.581 INFO:teuthology.orchestra.run.smithi078.stdout:/usr/bin/ceph: stderr
2024-05-21T15:07:02.067+0000 7fbb437fe700 1 -- 172.21.15.78:0/2065526869 <== mon.0 v2:172.21.15.78:3300/0 4 ==== mgrmap(e 8) ==== 46287+0+0 (secure 0 0 0) 0x7fbb4801a6f0 con 0x7fbb54107c30
2024-05-21T15:07:03.581 INFO:teuthology.orchestra.run.smithi078.stdout:/usr/bin/ceph: stderr
2024-05-21T15:07:02.067+0000 7fbb58f44700 1 -- 172.21.15.78:0/2065526869 --> [v2:172.21.15.78:3300/0,v1:172.21.15.78:6789/0] -- mon_command({"prefix": "get_command_descriptions"} v 0) -- 0x7fbb54063ca0 con 0x7fbb54107c30
2024-05-21T15:07:03.582 INFO:teuthology.orchestra.run.smithi078.stdout:/usr/bin/ceph: stderr
2024-05-21T15:07:02.068+0000 7fbb437fe700 1 --2- 172.21.15.78:0/2065526869 >> [v2:172.21.15.78:6800/3694112952,v1:172.21.15.78:6801/3694112952] conn(0x7fbb3c039000 0x7fbb3c03b510 unknown :-1 s=NONE pgs=0 cs=0 l=1 rev1=0 crypto rx=0 tx=0 comp rx=0 tx=0).connect
2024-05-21T15:07:03.582 INFO:teuthology.orchestra.run.smithi078.stdout:/usr/bin/ceph: stderr
2024-05-21T15:07:02.068+0000 7fbb437fe700 1 -- 172.21.15.78:0/2065526869 <== mon.0 v2:172.21.15.78:3300/0 5 ==== osd_map(2..2 src has 1..2) ==== 940+0+0 (secure 0 0 0) 0x7fbb4804d0e0 con 0x7fbb54107c30
2024-05-21T15:07:03.582 INFO:teuthology.orchestra.run.smithi078.stdout:/usr/bin/ceph: stderr
