2024-05-21T15:25:01.341 INFO:teuthology.orchestra.run.smithi038.stdout:/usr/bin/ceph: stderr
2024-05-21T15:25:00.549+0000 7f0bc339a700 1 -- 172.21.15.38:0/191455899 --> [v2:172.21.15.38:3300/0,v1:172.21.15.38:6789/0] -- mon_command({"prefix": "get_command_descriptions"} v 0) -- 0x7f0bbc063ca0 con 0x7f0bbc07c550
2024-05-21T15:25:01.341 INFO:teuthology.orchestra.run.smithi038.stdout:/usr/bin/ceph: stderr
2024-05-21T15:25:00.549+0000 7f0bb27fc700 1 -- 172.21.15.38:0/191455899 <== mon.0 v2:172.21.15.38:3300/0 4 ==== mgrmap(e 8) ==== 46287+0+0 (secure 0 0 0) 0x7f0bb801a6e0 con 0x7f0bbc07c550
2024-05-21T15:25:01.341 INFO:teuthology.orchestra.run.smithi038.stdout:/usr/bin/ceph: stderr
2024-05-21T15:25:00.549+0000 7f0bb27fc700 1 --2- 172.21.15.38:0/191455899 >> [v2:172.21.15.38:6800/1481949523,v1:172.21.15.38:6801/1481949523] conn(0x7f0ba8039050 0x7f0ba803b560 unknown :-1 s=NONE pgs=0 cs=0 l=1 rev1=0 crypto rx=0 tx=0 comp rx=0 tx=0).connect
2024-05-21T15:25:01.341 INFO:teuthology.orchestra.run.smithi038.stdout:/usr/bin/ceph: stderr
2024-05-21T15:25:00.549+0000 7f0bb27fc700 1 -- 172.21.15.38:0/191455899 <== mon.0 v2:172.21.15.38:3300/0 5 ==== osd_map(2..2 src has 1..2) ==== 940+0+0 (secure 0 0 0) 0x7f0bb804d3c0 con 0x7f0bbc07c550
2024-05-21T15:25:01.341 INFO:teuthology.orchestra.run.smithi038.stdout:/usr/bin/ceph: stderr
2024-05-21T15:25:00.549+0000 7f0bc0935700 1 --2- 172.21.15.38:0/191455899 >> [v2:172.21.15.38:6800/1481949523,v1:172.21.15.38:6801/1481949523] conn(0x7f0ba8039050 0x7f0ba803b560 unknown :-1 s=BANNER_CONNECTING pgs=0 cs=0 l=1 rev1=0 crypto rx=0 tx=0 comp rx=0 tx=0)._handle_peer_banner_payload supported=3 required=0
2024-05-21T15:25:01.341 INFO:teuthology.orchestra.run.smithi038.stdout:/usr/bin/ceph: stderr
2024-05-21T15:25:00.550+0000 7f0bc0935700 1 --2- 172.21.15.38:0/191455899 >> [v2:172.21.15.38:6800/1481949523,v1:172.21.15.38:6801/1481949523] conn(0x7f0ba8039050 0x7f0ba803b560 secure :-1 s=READY pgs=10 cs=0 l=1 rev1=1 crypto rx=0x7f0bac006fd0 tx=0x7f0bac006e40 comp rx=0 tx=0).ready entity=mgr.14120 client_cookie=0 server_cookie=0 in_seq=0 out_seq=0
2024-05-21T15:25:01.342 INFO:teuthology.orchestra.run.smithi038.stdout:/usr/bin/ceph: stderr
2024-05-21T15:25:00.554+0000 7f0bb27fc700 1 -- 172.21.15.38:0/191455899 <== mon.0 v2:172.21.15.38:3300/0 6 ==== mon_command_ack([{"prefix": "get_command_descriptions"}]=0 v0) ==== 72+0+186418 (secure 0 0 0) 0x7f0bb804cd50 con 0x7f0bbc07c550
2024-05-21T15:25:01.342 INFO:teuthology.orchestra.run.smithi038.stdout:/usr/bin/ceph: stderr
2024-05-21T15:25:00.762+0000 7f0bc339a700 1 -- 172.21.15.38:0/191455899 --> [v2:172.21.15.38:6800/1481949523,v1:172.21.15.38:6801/1481949523] -- mgr_command(tid 0: {"prefix": "cephadm get-pub-key", "target": ["mon-mgr", ""]}) -- 0x7f0bbc104330 con 0x7f0ba8039050
2024-05-21T15:25:01.342 INFO:teuthology.orchestra.run.smithi038.stdout:/usr/bin/ceph: stderr
2024-05-21T15:25:00.763+0000 7f0bb27fc700 1 -- 172.21.15.38:0/191455899 <== mgr.14120 v2:172.21.15.38:6800/1481949523 1 ==== mgr_command_reply(tid 0: 0 ) ==== 8+0+595 (secure 0 0 0) 0x7f0bbc104330 con 0x7f0ba8039050
2024-05-21T15:25:01.342 INFO:teuthology.orchestra.run.smithi038.stdout:/usr/bin/ceph: stderr
2024-05-21T15:25:00.765+0000 7f0bc339a700 1 -- 172.21.15.38:0/191455899 >> [v2:172.21.15.38:6800/1481949523,v1:172.21.15.38:6801/1481949523] conn(0x7f0ba8039050 msgr2=0x7f0ba803b560 secure :-1 s=STATE_CONNECTION_ESTABLISHED l=1).mark_down
2024-05-21T15:25:01.342 INFO:teuthology.orchestra.run.smithi038.stdout:/usr/bin/ceph: stderr
2024-05-21T15:25:00.765+0000 7f0bc339a700 1 --2- 172.21.15.38:0/191455899 >> [v2:172.21.15.38:6800/1481949523,v1:172.21.15.38:6801/1481949523] conn(0x7f0ba8039050 0x7f0ba803b560 secure :-1 s=READY pgs=10 cs=0 l=1 rev1=1 crypto rx=0x7f0bac006fd0 tx=0x7f0bac006e40 comp rx=0 tx=0).stop
2024-05-21T15:25:01.342 INFO:teuthology.orchestra.run.smithi038.stdout:/usr/bin/ceph: stderr
2024-05-21T15:25:00.765+0000 7f0bc339a700 1 -- 172.21.15.38:0/191455899 >> [v2:172.21.15.38:3300/0,v1:172.21.15.38:6789/0] conn(0x7f0bbc07c550 msgr2=0x7f0bbc19d0a0 secure :-1 s=STATE_CONNECTION_ESTABLISHED l=1).mark_down
2024-05-21T15:25:01.342 INFO:teuthology.orchestra.run.smithi038.stdout:/usr/bin/ceph: stderr
2024-05-21T15:25:00.765+0000 7f0bc339a700 1 --2- 172.21.15.38:0/191455899 >> [v2:172.21.15.38:3300/0,v1:172.21.15.38:6789/0] conn(0x7f0bbc07c550 0x7f0bbc19d0a0 secure :-1 s=READY pgs=44 cs=0 l=1 rev1=1 crypto rx=0x7f0bb8009fb0 tx=0x7f0bb8011b60 comp rx=0 tx=0).stop
2024-05-21T15:25:01.342 INFO:teuthology.orchestra.run.smithi038.stdout:/usr/bin/ceph: stderr
2024-05-21T15:25:00.766+0000 7f0bc339a700 1 -- 172.21.15.38:0/191455899 shutdown_connections
2024-05-21T15:25:01.342 INFO:teuthology.orchestra.run.smithi038.stdout:/usr/bin/ceph: stderr
2024-05-21T15:25:00.766+0000 7f0bc339a700 1 --2- 172.21.15.38:0/191455899 >> [v2:172.21.15.38:6800/1481949523,v1:172.21.15.38:6801/1481949523] conn(0x7f0ba8039050 0x7f0ba803b560 unknown :-1 s=CLOSED pgs=10 cs=0 l=1 rev1=1 crypto rx=0 tx=0 comp rx=0 tx=0).stop
2024-05-21T15:25:01.342 INFO:teuthology.orchestra.run.smithi038.stdout:/usr/bin/ceph: stderr
2024-05-21T15:25:00.766+0000 7f0bc339a700 1 --2- 172.21.15.38:0/191455899 >> [v2:172.21.15.38:3300/0,v1:172.21.15.38:6789/0] conn(0x7f0bbc07c550 0x7f0bbc19d0a0 unknown :-1 s=CLOSED pgs=44 cs=0 l=1 rev1=1 crypto rx=0 tx=0 comp rx=0 tx=0).stop
2024-05-21T15:25:01.342 INFO:teuthology.orchestra.run.smithi038.stdout:/usr/bin/ceph: stderr
2024-05-21T15:25:00.766+0000 7f0bc339a700 1 -- 172.21.15.38:0/191455899 >> 172.21.15.38:0/191455899 conn(0x7f0bbc103220 msgr2=0x7f0bbc103c20 unknown :-1 s=STATE_NONE l=0).mark_down
2024-05-21T15:25:01.342 INFO:teuthology.orchestra.run.smithi038.stdout:/usr/bin/ceph: stderr
2024-05-21T15:25:00.766+0000 7f0bc339a700 1 -- 172.21.15.38:0/191455899 shutdown_connections
2024-05-21T15:25:01.342 INFO:teuthology.orchestra.run.smithi038.stdout:/usr/bin/ceph: stderr
2024-05-21T15:25:00.766+0000 7f0bc339a700 1 -- 172.21.15.38:0/191455899 wait complete.
2024-05-21T15:25:01.343 INFO:teuthology.orchestra.run.smithi038.stdout:Wrote public SSH key to /home/ubuntu/cephtest/ceph.pub
2024-05-21T15:25:01.343 INFO:teuthology.orchestra.run.smithi038.stdout:Adding key to root@localhost authorized_keys...
2024-05-21T15:25:01.343 INFO:teuthology.orchestra.run.smithi038.stdout:Adding host smithi038...
2024-05-21T15:25:01.592 INFO:journalctl@ceph.mon.a.smithi038.stdout:May 21 15:25:01 smithi038 ceph-mon[31995]: from='client.14138 -' entity='client.admin' cmd=[{"prefix": "cephadm get-pub-key", "target": ["mon-mgr", ""]}]: dispatch
2024-05-21T15:25:02.653 INFO:journalctl@ceph.mon.a.smithi038.stdout:May 21 15:25:02 smithi038 ceph-mon[31995]: from='client.14140 -' entity='client.admin' cmd=[{"prefix": "orch host add", "hostname": "smithi038", "addr": "172.21.15.38", "target": ["mon-mgr", ""]}]: dispatch
2024-05-21T15:25:03.778 INFO:journalctl@ceph.mon.a.smithi038.stdout:May 21 15:25:03 smithi038 ceph-mon[31995]: Deploying cephadm binary to smithi038
2024-05-21T15:25:06.845 INFO:teuthology.orchestra.run.smithi038.stdout:/usr/bin/ceph: stdout Added host 'smithi038' with addr '172.21.15.38'
2024-05-21T15:25:06.845 INFO:teuthology.orchestra.run.smithi038.stdout:/usr/bin/ceph: stderr
2024-05-21T15:25:01.816+0000 7f117f66e700 1 Processor -- start
2024-05-21T15:25:06.845 INFO:teuthology.orchestra.run.smithi038.stdout:/usr/bin/ceph: stderr
2024-05-21T15:25:01.816+0000 7f117f66e700 1 -- start start
2024-05-21T15:25:06.845 INFO:teuthology.orchestra.run.smithi038.stdout:/usr/bin/ceph: stderr
2024-05-21T15:25:01.816+0000 7f117f66e700 1 --2- >> [v2:172.21.15.38:3300/0,v1:172.21.15.38:6789/0] conn(0x7f1178108c60 0x7f1178109070 unknown :-1 s=NONE pgs=0 cs=0 l=0 rev1=0 crypto rx=0 tx=0 comp rx=0 tx=0).connect
2024-05-21T15:25:06.845 INFO:teuthology.orchestra.run.smithi038.stdout:/usr/bin/ceph: stderr
2024-05-21T15:25:01.816+0000 7f117f66e700 1 -- --> [v2:172.21.15.38:3300/0,v1:172.21.15.38:6789/0] -- mon_getmap magic: 0 -- 0x7f1178109660 con 0x7f1178108c60
2024-05-21T15:25:06.845 INFO:teuthology.orchestra.run.smithi038.stdout:/usr/bin/ceph: stderr
2024-05-21T15:25:01.817+0000 7f117d40a700 1 --2- >> [v2:172.21.15.38:3300/0,v1:172.21.15.38:6789/0] conn(0x7f1178108c60 0x7f1178109070 unknown :-1 s=BANNER_CONNECTING pgs=0 cs=0 l=0 rev1=0 crypto rx=0 tx=0 comp rx=0 tx=0)._handle_peer_banner_payload supported=3 required=0
2024-05-21T15:25:06.846 INFO:teuthology.orchestra.run.smithi038.stdout:/usr/bin/ceph: stderr
2024-05-21T15:25:01.817+0000 7f117d40a700 1 --2- >> [v2:172.21.15.38:3300/0,v1:172.21.15.38:6789/0] conn(0x7f1178108c60 0x7f1178109070 unknown :-1 s=HELLO_CONNECTING pgs=0 cs=0 l=0 rev1=1 crypto rx=0 tx=0 comp rx=0 tx=0).handle_hello peer v2:172.21.15.38:3300/0 says I am v2:172.21.15.38:41482/0 (socket says 172.21.15.38:41482)
2024-05-21T15:25:06.846 INFO:teuthology.orchestra.run.smithi038.stdout:/usr/bin/ceph: stderr
2024-05-21T15:25:01.817+0000 7f117d40a700 1 -- 172.21.15.38:0/3019372265 learned_addr learned my addr 172.21.15.38:0/3019372265 (peer_addr_for_me v2:172.21.15.38:0/0)
2024-05-21T15:25:06.846 INFO:teuthology.orchestra.run.smithi038.stdout:/usr/bin/ceph: stderr
2024-05-21T15:25:01.817+0000 7f117d40a700 1 -- 172.21.15.38:0/3019372265 --> [v2:172.21.15.38:3300/0,v1:172.21.15.38:6789/0] -- mon_subscribe({config=0+,monmap=0+}) -- 0x7f1178109d90 con 0x7f1178108c60
2024-05-21T15:25:06.846 INFO:teuthology.orchestra.run.smithi038.stdout:/usr/bin/ceph: stderr
2024-05-21T15:25:01.817+0000 7f117d40a700 1 --2- 172.21.15.38:0/3019372265 >> [v2:172.21.15.38:3300/0,v1:172.21.15.38:6789/0] conn(0x7f1178108c60 0x7f1178109070 secure :-1 s=READY pgs=45 cs=0 l=1 rev1=1 crypto rx=0x7f11740098a0 tx=0x7f1174009bb0 comp rx=0 tx=0).ready entity=mon.0 client_cookie=9fab946e748fe2c4 server_cookie=0 in_seq=0 out_seq=0
2024-05-21T15:25:06.846 INFO:teuthology.orchestra.run.smithi038.stdout:/usr/bin/ceph: stderr
2024-05-21T15:25:01.817+0000 7f116ffff700 1 -- 172.21.15.38:0/3019372265 <== mon.0 v2:172.21.15.38:3300/0 1 ==== mon_map magic: 0 ==== 205+0+0 (secure 0 0 0) 0x7f1174004160 con 0x7f1178108c60
2024-05-21T15:25:06.846 INFO:teuthology.orchestra.run.smithi038.stdout:/usr/bin/ceph: stderr
2024-05-21T15:25:01.817+0000 7f116ffff700 1 -- 172.21.15.38:0/3019372265 <== mon.0 v2:172.21.15.38:3300/0 2 ==== config(27 keys) ==== 1109+0+0 (secure 0 0 0) 0x7f1174004300 con 0x7f1178108c60
2024-05-21T15:25:06.846 INFO:teuthology.orchestra.run.smithi038.stdout:/usr/bin/ceph: stderr
2024-05-21T15:25:01.817+0000 7f116ffff700 1 -- 172.21.15.38:0/3019372265 <== mon.0 v2:172.21.15.38:3300/0 3 ==== mon_map magic: 0 ==== 205+0+0 (secure 0 0 0) 0x7f1174011b50 con 0x7f1178108c60
2024-05-21T15:25:06.846 INFO:teuthology.orchestra.run.smithi038.stdout:/usr/bin/ceph: stderr
2024-05-21T15:25:01.818+0000 7f117f66e700 1 -- 172.21.15.38:0/3019372265 >> [v2:172.21.15.38:3300/0,v1:172.21.15.38:6789/0] conn(0x7f1178108c60 msgr2=0x7f1178109070 secure :-1 s=STATE_CONNECTION_ESTABLISHED l=1).mark_down
2024-05-21T15:25:06.846 INFO:teuthology.orchestra.run.smithi038.stdout:/usr/bin/ceph: stderr
2024-05-21T15:25:01.818+0000 7f117f66e700 1 --2- 172.21.15.38:0/3019372265 >> [v2:172.21.15.38:3300/0,v1:172.21.15.38:6789/0] conn(0x7f1178108c60 0x7f1178109070 secure :-1 s=READY pgs=45 cs=0 l=1 rev1=1 crypto rx=0x7f11740098a0 tx=0x7f1174009bb0 comp rx=0 tx=0).stop
2024-05-21T15:25:06.846 INFO:teuthology.orchestra.run.smithi038.stdout:/usr/bin/ceph: stderr
2024-05-21T15:25:01.818+0000 7f117f66e700 1 -- 172.21.15.38:0/3019372265 shutdown_connections
2024-05-21T15:25:06.846 INFO:teuthology.orchestra.run.smithi038.stdout:/usr/bin/ceph: stderr
2024-05-21T15:25:01.818+0000 7f117f66e700 1 --2- 172.21.15.38:0/3019372265 >> [v2:172.21.15.38:3300/0,v1:172.21.15.38:6789/0] conn(0x7f1178108c60 0x7f1178109070 unknown :-1 s=CLOSED pgs=45 cs=0 l=1 rev1=1 crypto rx=0 tx=0 comp rx=0 tx=0).stop
2024-05-21T15:25:06.846 INFO:teuthology.orchestra.run.smithi038.stdout:/usr/bin/ceph: stderr
2024-05-21T15:25:01.818+0000 7f117f66e700 1 -- 172.21.15.38:0/3019372265 >> 172.21.15.38:0/3019372265 conn(0x7f1178104340 msgr2=0x7f1178106790 unknown :-1 s=STATE_NONE l=0).mark_down
2024-05-21T15:25:06.846 INFO:teuthology.orchestra.run.smithi038.stdout:/usr/bin/ceph: stderr
2024-05-21T15:25:01.818+0000 7f117f66e700 1 -- 172.21.15.38:0/3019372265 shutdown_connections
2024-05-21T15:25:06.847 INFO:teuthology.orchestra.run.smithi038.stdout:/usr/bin/ceph: stderr
2024-05-21T15:25:01.818+0000 7f117f66e700 1 -- 172.21.15.38:0/3019372265 wait complete.
2024-05-21T15:25:06.847 INFO:teuthology.orchestra.run.smithi038.stdout:/usr/bin/ceph: stderr
2024-05-21T15:25:01.819+0000 7f117f66e700 1 Processor -- start
2024-05-21T15:25:06.847 INFO:teuthology.orchestra.run.smithi038.stdout:/usr/bin/ceph: stderr
2024-05-21T15:25:01.819+0000 7f117f66e700 1 -- start start
2024-05-21T15:25:06.847 INFO:teuthology.orchestra.run.smithi038.stdout:/usr/bin/ceph: stderr
2024-05-21T15:25:01.819+0000 7f117f66e700 1 --2- >> [v2:172.21.15.38:3300/0,v1:172.21.15.38:6789/0] conn(0x7f1178108c60 0x7f117819d100 unknown :-1 s=NONE pgs=0 cs=0 l=1 rev1=0 crypto rx=0 tx=0 comp rx=0 tx=0).connect
2024-05-21T15:25:06.847 INFO:teuthology.orchestra.run.smithi038.stdout:/usr/bin/ceph: stderr
2024-05-21T15:25:01.819+0000 7f117f66e700 1 -- --> [v2:172.21.15.38:3300/0,v1:172.21.15.38:6789/0] -- mon_getmap magic: 0 -- 0x7f117810d140 con 0x7f1178108c60
2024-05-21T15:25:06.847 INFO:teuthology.orchestra.run.smithi038.stdout:/usr/bin/ceph: stderr
2024-05-21T15:25:01.819+0000 7f117d40a700 1 --2- >> [v2:172.21.15.38:3300/0,v1:172.21.15.38:6789/0] conn(0x7f1178108c60 0x7f117819d100 unknown :-1 s=BANNER_CONNECTING pgs=0 cs=0 l=1 rev1=0 crypto rx=0 tx=0 comp rx=0 tx=0)._handle_peer_banner_payload supported=3 required=0
2024-05-21T15:25:06.847 INFO:teuthology.orchestra.run.smithi038.stdout:/usr/bin/ceph: stderr
2024-05-21T15:25:01.819+0000 7f117d40a700 1 --2- >> [v2:172.21.15.38:3300/0,v1:172.21.15.38:6789/0] conn(0x7f1178108c60 0x7f117819d100 unknown :-1 s=HELLO_CONNECTING pgs=0 cs=0 l=1 rev1=1 crypto rx=0 tx=0 comp rx=0 tx=0).handle_hello peer v2:172.21.15.38:3300/0 says I am v2:172.21.15.38:41486/0 (socket says 172.21.15.38:41486)
2024-05-21T15:25:06.847 INFO:teuthology.orchestra.run.smithi038.stdout:/usr/bin/ceph: stderr
2024-05-21T15:25:01.819+0000 7f117d40a700 1 -- 172.21.15.38:0/3935983183 learned_addr learned my addr 172.21.15.38:0/3935983183 (peer_addr_for_me v2:172.21.15.38:0/0)
2024-05-21T15:25:06.847 INFO:teuthology.orchestra.run.smithi038.stdout:/usr/bin/ceph: stderr
2024-05-21T15:25:01.820+0000 7f117d40a700 1 -- 172.21.15.38:0/3935983183 --> [v2:172.21.15.38:3300/0,v1:172.21.15.38:6789/0] -- mon_subscribe({config=0+,monmap=0+}) -- 0x7f117819d640 con 0x7f1178108c60
2024-05-21T15:25:06.847 INFO:teuthology.orchestra.run.smithi038.stdout:/usr/bin/ceph: stderr
2024-05-21T15:25:01.820+0000 7f117d40a700 1 --2- 172.21.15.38:0/3935983183 >> [v2:172.21.15.38:3300/0,v1:172.21.15.38:6789/0] conn(0x7f1178108c60 0x7f117819d100 secure :-1 s=READY pgs=46 cs=0 l=1 rev1=1 crypto rx=0x7f11740046e0 tx=0x7f1174011c10 comp rx=0 tx=0).ready entity=mon.0 client_cookie=0 server_cookie=0 in_seq=0 out_seq=0
2024-05-21T15:25:06.847 INFO:teuthology.orchestra.run.smithi038.stdout:/usr/bin/ceph: stderr
2024-05-21T15:25:01.820+0000 7f116e7fc700 1 -- 172.21.15.38:0/3935983183 <== mon.0 v2:172.21.15.38:3300/0 1 ==== mon_map magic: 0 ==== 205+0+0 (secure 0 0 0) 0x7f11740039e0 con 0x7f1178108c60
2024-05-21T15:25:06.848 INFO:teuthology.orchestra.run.smithi038.stdout:/usr/bin/ceph: stderr
2024-05-21T15:25:01.820+0000 7f116e7fc700 1 -- 172.21.15.38:0/3935983183 <== mon.0 v2:172.21.15.38:3300/0 2 ==== config(27 keys) ==== 1109+0+0 (secure 0 0 0) 0x7f1174003b80 con 0x7f1178108c60
2024-05-21T15:25:06.848 INFO:teuthology.orchestra.run.smithi038.stdout:/usr/bin/ceph: stderr
2024-05-21T15:25:01.820+0000 7f117f66e700 1 -- 172.21.15.38:0/3935983183 --> [v2:172.21.15.38:3300/0,v1:172.21.15.38:6789/0] -- mon_subscribe({mgrmap=0+}) -- 0x7f117819d8d0 con 0x7f1178108c60
2024-05-21T15:25:06.848 INFO:teuthology.orchestra.run.smithi038.stdout:/usr/bin/ceph: stderr
2024-05-21T15:25:01.820+0000 7f116e7fc700 1 -- 172.21.15.38:0/3935983183 <== mon.0 v2:172.21.15.38:3300/0 3 ==== mon_map magic: 0 ==== 205+0+0 (secure 0 0 0) 0x7f1174024650 con 0x7f1178108c60
2024-05-21T15:25:06.848 INFO:teuthology.orchestra.run.smithi038.stdout:/usr/bin/ceph: stderr
2024-05-21T15:25:01.820+0000 7f117f66e700 1 -- 172.21.15.38:0/3935983183 --> [v2:172.21.15.38:3300/0,v1:172.21.15.38:6789/0] -- mon_subscribe({osdmap=0}) -- 0x7f11781a04e0 con 0x7f1178108c60
2024-05-21T15:25:06.848 INFO:teuthology.orchestra.run.smithi038.stdout:/usr/bin/ceph: stderr
2024-05-21T15:25:01.821+0000 7f116e7fc700 1 -- 172.21.15.38:0/3935983183 <== mon.0 v2:172.21.15.38:3300/0 4 ==== mgrmap(e 8) ==== 46287+0+0 (secure 0 0 0) 0x7f1174022020 con 0x7f1178108c60
2024-05-21T15:25:06.848 INFO:teuthology.orchestra.run.smithi038.stdout:/usr/bin/ceph: stderr
2024-05-21T15:25:01.821+0000 7f117f66e700 1 -- 172.21.15.38:0/3935983183 --> [v2:172.21.15.38:3300/0,v1:172.21.15.38:6789/0] -- mon_command({"prefix": "get_command_descriptions"} v 0) -- 0x7f1178063ca0 con 0x7f1178108c60
2024-05-21T15:25:06.848 INFO:teuthology.orchestra.run.smithi038.stdout:/usr/bin/ceph: stderr
2024-05-21T15:25:01.821+0000 7f116e7fc700 1 --2- 172.21.15.38:0/3935983183 >> [v2:172.21.15.38:6800/1481949523,v1:172.21.15.38:6801/1481949523] conn(0x7f11640390a0 0x7f116403b5b0 unknown :-1 s=NONE pgs=0 cs=0 l=1 rev1=0 crypto rx=0 tx=0 comp rx=0 tx=0).connect
2024-05-21T15:25:06.848 INFO:teuthology.orchestra.run.smithi038.stdout:/usr/bin/ceph: stderr
2024-05-21T15:25:01.821+0000 7f116e7fc700 1 -- 172.21.15.38:0/3935983183 <== mon.0 v2:172.21.15.38:3300/0 5 ==== osd_map(2..2 src has 1..2) ==== 940+0+0 (secure 0 0 0) 0x7f1174011e00 con 0x7f1178108c60
2024-05-21T15:25:06.848 INFO:teuthology.orchestra.run.smithi038.stdout:/usr/bin/ceph: stderr
2024-05-21T15:25:01.822+0000 7f117cc09700 1 --2- 172.21.15.38:0/3935983183 >> [v2:172.21.15.38:6800/1481949523,v1:172.21.15.38:6801/1481949523] conn(0x7f11640390a0 0x7f116403b5b0 unknown :-1 s=BANNER_CONNECTING pgs=0 cs=0 l=1 rev1=0 crypto rx=0 tx=0 comp rx=0 tx=0)._handle_peer_banner_payload supported=3 required=0
2024-05-21T15:25:06.848 INFO:teuthology.orchestra.run.smithi038.stdout:/usr/bin/ceph: stderr
2024-05-21T15:25:01.822+0000 7f117cc09700 1 --2- 172.21.15.38:0/3935983183 >> [v2:172.21.15.38:6800/1481949523,v1:172.21.15.38:6801/1481949523] conn(0x7f11640390a0 0x7f116403b5b0 secure :-1 s=READY pgs=11 cs=0 l=1 rev1=1 crypto rx=0x7f1168006fd0 tx=0x7f1168006e40 comp rx=0 tx=0).ready entity=mgr.14120 client_cookie=0 server_cookie=0 in_seq=0 out_seq=0
2024-05-21T15:25:06.848 INFO:teuthology.orchestra.run.smithi038.stdout:/usr/bin/ceph: stderr
2024-05-21T15:25:01.827+0000 7f116e7fc700 1 -- 172.21.15.38:0/3935983183 <== mon.0 v2:172.21.15.38:3300/0 6 ==== mon_command_ack([{"prefix": "get_command_descriptions"}]=0 v0) ==== 72+0+186418 (secure 0 0 0) 0x7f1174003d30 con 0x7f1178108c60
2024-05-21T15:25:06.849 INFO:teuthology.orchestra.run.smithi038.stdout:/usr/bin/ceph: stderr
2024-05-21T15:25:02.037+0000 7f117f66e700 1 -- 172.21.15.38:0/3935983183 --> [v2:172.21.15.38:6800/1481949523,v1:172.21.15.38:6801/1481949523] -- mgr_command(tid 0: {"prefix": "orch host add", "hostname": "smithi038", "addr": "172.21.15.38", "target": ["mon-mgr", ""]}) -- 0x7f11781065e0 con 0x7f11640390a0
2024-05-21T15:25:06.849 INFO:teuthology.orchestra.run.smithi038.stdout:/usr/bin/ceph: stderr
2024-05-21T15:25:06.293+0000 7f116e7fc700 1 -- 172.21.15.38:0/3935983183 <== mgr.14120 v2:172.21.15.38:6800/1481949523 1 ==== mgr_command_reply(tid 0: 0 ) ==== 8+0+48 (secure 0 0 0) 0x7f11781065e0 con 0x7f11640390a0
2024-05-21T15:25:06.849 INFO:teuthology.orchestra.run.smithi038.stdout:/usr/bin/ceph: stderr
2024-05-21T15:25:06.296+0000 7f117f66e700 1 -- 172.21.15.38:0/3935983183 >> [v2:172.21.15.38:6800/1481949523,v1:172.21.15.38:6801/1481949523] conn(0x7f11640390a0 msgr2=0x7f116403b5b0 secure :-1 s=STATE_CONNECTION_ESTABLISHED l=1).mark_down
2024-05-21T15:25:06.849 INFO:teuthology.orchestra.run.smithi038.stdout:/usr/bin/ceph: stderr
2024-05-21T15:25:06.296+0000 7f117f66e700 1 --2- 172.21.15.38:0/3935983183 >> [v2:172.21.15.38:6800/1481949523,v1:172.21.15.38:6801/1481949523] conn(0x7f11640390a0 0x7f116403b5b0 secure :-1 s=READY pgs=11 cs=0 l=1 rev1=1 crypto rx=0x7f1168006fd0 tx=0x7f1168006e40 comp rx=0 tx=0).stop
2024-05-21T15:25:06.849 INFO:teuthology.orchestra.run.smithi038.stdout:/usr/bin/ceph: stderr
2024-05-21T15:25:06.296+0000 7f117f66e700 1 -- 172.21.15.38:0/3935983183 >> [v2:172.21.15.38:3300/0,v1:172.21.15.38:6789/0] conn(0x7f1178108c60 msgr2=0x7f117819d100 secure :-1 s=STATE_CONNECTION_ESTABLISHED l=1).mark_down
2024-05-21T15:25:06.849 INFO:teuthology.orchestra.run.smithi038.stdout:/usr/bin/ceph: stderr
2024-05-21T15:25:06.296+0000 7f117f66e700 1 --2- 172.21.15.38:0/3935983183 >> [v2:172.21.15.38:3300/0,v1:172.21.15.38:6789/0] conn(0x7f1178108c60 0x7f117819d100 secure :-1 s=READY pgs=46 cs=0 l=1 rev1=1 crypto rx=0x7f11740046e0 tx=0x7f1174011c10 comp rx=0 tx=0).stop
2024-05-21T15:25:06.849 INFO:teuthology.orchestra.run.smithi038.stdout:/usr/bin/ceph: stderr
2024-05-21T15:25:06.296+0000 7f117f66e700 1 -- 172.21.15.38:0/3935983183 shutdown_connections
2024-05-21T15:25:06.849 INFO:teuthology.orchestra.run.smithi038.stdout:/usr/bin/ceph: stderr
2024-05-21T15:25:06.296+0000 7f117f66e700 1 --2- 172.21.15.38:0/3935983183 >> [v2:172.21.15.38:6800/1481949523,v1:172.21.15.38:6801/1481949523] conn(0x7f11640390a0 0x7f116403b5b0 unknown :-1 s=CLOSED pgs=11 cs=0 l=1 rev1=1 crypto rx=0 tx=0 comp rx=0 tx=0).stop
2024-05-21T15:25:06.849 INFO:teuthology.orchestra.run.smithi038.stdout:/usr/bin/ceph: stderr
2024-05-21T15:25:06.296+0000 7f117f66e700 1 --2- 172.21.15.38:0/3935983183 >> [v2:172.21.15.38:3300/0,v1:172.21.15.38:6789/0] conn(0x7f1178108c60 0x7f117819d100 unknown :-1 s=CLOSED pgs=46 cs=0 l=1 rev1=1 crypto rx=0 tx=0 comp rx=0 tx=0).stop
2024-05-21T15:25:06.849 INFO:teuthology.orchestra.run.smithi038.stdout:/usr/bin/ceph: stderr
2024-05-21T15:25:06.296+0000 7f117f66e700 1 -- 172.21.15.38:0/3935983183 >> 172.21.15.38:0/3935983183 conn(0x7f1178104340 msgr2=0x7f1178105eb0 unknown :-1 s=STATE_NONE l=0).mark_down
2024-05-21T15:25:06.849 INFO:teuthology.orchestra.run.smithi038.stdout:/usr/bin/ceph: stderr
2024-05-21T15:25:06.296+0000 7f117f66e700 1 -- 172.21.15.38:0/3935983183 shutdown_connections
2024-05-21T15:25:06.849 INFO:teuthology.orchestra.run.smithi038.stdout:/usr/bin/ceph: stderr
2024-05-21T15:25:06.296+0000 7f117f66e700 1 -- 172.21.15.38:0/3935983183 wait complete.
2024-05-21T15:25:06.849 INFO:teuthology.orchestra.run.smithi038.stdout:Deploying unmanaged mon service...
2024-05-21T15:25:07.570 INFO:journalctl@ceph.mon.a.smithi038.stdout:May 21 15:25:07 smithi038 ceph-mon[31995]: from='mgr.14120 172.21.15.38:0/3887460964' entity='mgr.x'
2024-05-21T15:25:07.570 INFO:journalctl@ceph.mon.a.smithi038.stdout:May 21 15:25:07 smithi038 ceph-mon[31995]: Added host smithi038
2024-05-21T15:25:07.570 INFO:journalctl@ceph.mon.a.smithi038.stdout:May 21 15:25:07 smithi038 ceph-mon[31995]: from='mgr.14120 172.21.15.38:0/3887460964' entity='mgr.x' cmd=[{"prefix": "config dump", "format": "json"}]: dispatch
2024-05-21T15:25:08.235 INFO:teuthology.orchestra.run.smithi038.stdout:/usr/bin/ceph: stdout Scheduled mon update...
2024-05-21T15:25:08.236 INFO:teuthology.orchestra.run.smithi038.stdout:/usr/bin/ceph: stderr
2024-05-21T15:25:07.322+0000 7f8485fd9700 1 Processor -- start
2024-05-21T15:25:08.236 INFO:teuthology.orchestra.run.smithi038.stdout:/usr/bin/ceph: stderr
2024-05-21T15:25:07.322+0000 7f8485fd9700 1 -- start start
2024-05-21T15:25:08.236 INFO:teuthology.orchestra.run.smithi038.stdout:/usr/bin/ceph: stderr
2024-05-21T15:25:07.322+0000 7f8485fd9700 1 --2- >> [v2:172.21.15.38:3300/0,v1:172.21.15.38:6789/0] conn(0x7f848007c550 0x7f848010b7c0 unknown :-1 s=NONE pgs=0 cs=0 l=0 rev1=0 crypto rx=0 tx=0 comp rx=0 tx=0).connect
2024-05-21T15:25:08.241 INFO:teuthology.orchestra.run.smithi038.stdout:/usr/bin/ceph: stderr
2024-05-21T15:25:07.322+0000 7f8485fd9700 1 -- --> [v2:172.21.15.38:3300/0,v1:172.21.15.38:6789/0] -- mon_getmap magic: 0 -- 0x7f848010bdd0 con 0x7f848007c550
2024-05-21T15:25:08.241 INFO:teuthology.orchestra.run.smithi038.stdout:/usr/bin/ceph: stderr
2024-05-21T15:25:07.322+0000 7f847f7fe700 1 --2- >> [v2:172.21.15.38:3300/0,v1:172.21.15.38:6789/0] conn(0x7f848007c550 0x7f848010b7c0 unknown :-1 s=BANNER_CONNECTING pgs=0 cs=0 l=0 rev1=0 crypto rx=0 tx=0 comp rx=0 tx=0)._handle_peer_banner_payload supported=3 required=0
2024-05-21T15:25:08.241 INFO:teuthology.orchestra.run.smithi038.stdout:/usr/bin/ceph: stderr
2024-05-21T15:25:07.323+0000 7f847f7fe700 1 --2- >> [v2:172.21.15.38:3300/0,v1:172.21.15.38:6789/0] conn(0x7f848007c550 0x7f848010b7c0 unknown :-1 s=HELLO_CONNECTING pgs=0 cs=0 l=0 rev1=1 crypto rx=0 tx=0 comp rx=0 tx=0).handle_hello peer v2:172.21.15.38:3300/0 says I am v2:172.21.15.38:50834/0 (socket says 172.21.15.38:50834)
2024-05-21T15:25:08.241 INFO:teuthology.orchestra.run.smithi038.stdout:/usr/bin/ceph: stderr
2024-05-21T15:25:07.323+0000 7f847f7fe700 1 -- 172.21.15.38:0/3947122012 learned_addr learned my addr 172.21.15.38:0/3947122012 (peer_addr_for_me v2:172.21.15.38:0/0)
2024-05-21T15:25:08.241 INFO:teuthology.orchestra.run.smithi038.stdout:/usr/bin/ceph: stderr
2024-05-21T15:25:07.323+0000 7f847f7fe700 1 -- 172.21.15.38:0/3947122012 --> [v2:172.21.15.38:3300/0,v1:172.21.15.38:6789/0] -- mon_subscribe({config=0+,monmap=0+}) -- 0x7f848010bf50 con 0x7f848007c550
2024-05-21T15:25:08.241 INFO:teuthology.orchestra.run.smithi038.stdout:/usr/bin/ceph: stderr
2024-05-21T15:25:07.323+0000 7f847f7fe700 1 --2- 172.21.15.38:0/3947122012 >> [v2:172.21.15.38:3300/0,v1:172.21.15.38:6789/0] conn(0x7f848007c550 0x7f848010b7c0 secure :-1 s=READY pgs=47 cs=0 l=1 rev1=1 crypto rx=0x7f84700098a0 tx=0x7f8470009bb0 comp rx=0 tx=0).ready entity=mon.0 client_cookie=31eb6af665c9c542 server_cookie=0 in_seq=0 out_seq=0
2024-05-21T15:25:08.241 INFO:teuthology.orchestra.run.smithi038.stdout:/usr/bin/ceph: stderr
2024-05-21T15:25:07.323+0000 7f847e7fc700 1 -- 172.21.15.38:0/3947122012 <== mon.0 v2:172.21.15.38:3300/0 1 ==== mon_map magic: 0 ==== 205+0+0 (secure 0 0 0) 0x7f8470004160 con 0x7f848007c550
2024-05-21T15:25:08.241 INFO:teuthology.orchestra.run.smithi038.stdout:/usr/bin/ceph: stderr
2024-05-21T15:25:07.323+0000 7f847e7fc700 1 -- 172.21.15.38:0/3947122012 <== mon.0 v2:172.21.15.38:3300/0 2 ==== config(27 keys) ==== 1109+0+0 (secure 0 0 0) 0x7f8470004300 con 0x7f848007c550
2024-05-21T15:25:08.241 INFO:teuthology.orchestra.run.smithi038.stdout:/usr/bin/ceph: stderr
2024-05-21T15:25:07.323+0000 7f847e7fc700 1 -- 172.21.15.38:0/3947122012 <== mon.0 v2:172.21.15.38:3300/0 3 ==== mon_map magic: 0 ==== 205+0+0 (secure 0 0 0) 0x7f8470011b50 con 0x7f848007c550
2024-05-21T15:25:08.242 INFO:teuthology.orchestra.run.smithi038.stdout:/usr/bin/ceph: stderr
2024-05-21T15:25:07.324+0000 7f8485fd9700 1 -- 172.21.15.38:0/3947122012 >> [v2:172.21.15.38:3300/0,v1:172.21.15.38:6789/0] conn(0x7f848007c550 msgr2=0x7f848010b7c0 secure :-1 s=STATE_CONNECTION_ESTABLISHED l=1).mark_down
2024-05-21T15:25:08.242 INFO:teuthology.orchestra.run.smithi038.stdout:/usr/bin/ceph: stderr
2024-05-21T15:25:07.324+0000 7f8485fd9700 1 --2- 172.21.15.38:0/3947122012 >> [v2:172.21.15.38:3300/0,v1:172.21.15.38:6789/0] conn(0x7f848007c550 0x7f848010b7c0 secure :-1 s=READY pgs=47 cs=0 l=1 rev1=1 crypto rx=0x7f84700098a0 tx=0x7f8470009bb0 comp rx=0 tx=0).stop
2024-05-21T15:25:08.242 INFO:teuthology.orchestra.run.smithi038.stdout:/usr/bin/ceph: stderr
2024-05-21T15:25:07.324+0000 7f8485fd9700 1 -- 172.21.15.38:0/3947122012 shutdown_connections
2024-05-21T15:25:08.242 INFO:teuthology.orchestra.run.smithi038.stdout:/usr/bin/ceph: stderr
2024-05-21T15:25:07.324+0000 7f8485fd9700 1 --2- 172.21.15.38:0/3947122012 >> [v2:172.21.15.38:3300/0,v1:172.21.15.38:6789/0] conn(0x7f848007c550 0x7f848010b7c0 unknown :-1 s=CLOSED pgs=47 cs=0 l=1 rev1=1 crypto rx=0 tx=0 comp rx=0 tx=0).stop
2024-05-21T15:25:08.242 INFO:teuthology.orchestra.run.smithi038.stdout:/usr/bin/ceph: stderr
2024-05-21T15:25:07.324+0000 7f8485fd9700 1 -- 172.21.15.38:0/3947122012 >> 172.21.15.38:0/3947122012 conn(0x7f8480103270 msgr2=0x7f84801056c0 unknown :-1 s=STATE_NONE l=0).mark_down
2024-05-21T15:25:08.242 INFO:teuthology.orchestra.run.smithi038.stdout:/usr/bin/ceph: stderr
2024-05-21T15:25:07.324+0000 7f8485fd9700 1 -- 172.21.15.38:0/3947122012 shutdown_connections
2024-05-21T15:25:08.242 INFO:teuthology.orchestra.run.smithi038.stdout:/usr/bin/ceph: stderr
2024-05-21T15:25:07.324+0000 7f8485fd9700 1 -- 172.21.15.38:0/3947122012 wait complete.
2024-05-21T15:25:08.242 INFO:teuthology.orchestra.run.smithi038.stdout:/usr/bin/ceph: stderr
2024-05-21T15:25:07.325+0000 7f8485fd9700 1 Processor -- start
2024-05-21T15:25:08.242 INFO:teuthology.orchestra.run.smithi038.stdout:/usr/bin/ceph: stderr
2024-05-21T15:25:07.325+0000 7f8485fd9700 1 -- start start
2024-05-21T15:25:08.242 INFO:teuthology.orchestra.run.smithi038.stdout:/usr/bin/ceph: stderr
2024-05-21T15:25:07.325+0000 7f8485fd9700 1 --2- >> [v2:172.21.15.38:3300/0,v1:172.21.15.38:6789/0] conn(0x7f848007c550 0x7f848019d080 unknown :-1 s=NONE pgs=0 cs=0 l=1 rev1=0 crypto rx=0 tx=0 comp rx=0 tx=0).connect
2024-05-21T15:25:08.242 INFO:teuthology.orchestra.run.smithi038.stdout:/usr/bin/ceph: stderr
2024-05-21T15:25:07.325+0000 7f8485fd9700 1 -- --> [v2:172.21.15.38:3300/0,v1:172.21.15.38:6789/0] -- mon_getmap magic: 0 -- 0x7f848010d030 con 0x7f848007c550
2024-05-21T15:25:08.242 INFO:teuthology.orchestra.run.smithi038.stdout:/usr/bin/ceph: stderr
2024-05-21T15:25:07.325+0000 7f847f7fe700 1 --2- >> [v2:172.21.15.38:3300/0,v1:172.21.15.38:6789/0] conn(0x7f848007c550 0x7f848019d080 unknown :-1 s=BANNER_CONNECTING pgs=0 cs=0 l=1 rev1=0 crypto rx=0 tx=0 comp rx=0 tx=0)._handle_peer_banner_payload supported=3 required=0
2024-05-21T15:25:08.242 INFO:teuthology.orchestra.run.smithi038.stdout:/usr/bin/ceph: stderr
2024-05-21T15:25:07.325+0000 7f847f7fe700 1 --2- >> [v2:172.21.15.38:3300/0,v1:172.21.15.38:6789/0] conn(0x7f848007c550 0x7f848019d080 unknown :-1 s=HELLO_CONNECTING pgs=0 cs=0 l=1 rev1=1 crypto rx=0 tx=0 comp rx=0 tx=0).handle_hello peer v2:172.21.15.38:3300/0 says I am v2:172.21.15.38:50840/0 (socket says 172.21.15.38:50840)
2024-05-21T15:25:08.242 INFO:teuthology.orchestra.run.smithi038.stdout:/usr/bin/ceph: stderr
2024-05-21T15:25:07.325+0000 7f847f7fe700 1 -- 172.21.15.38:0/1154760479 learned_addr learned my addr 172.21.15.38:0/1154760479 (peer_addr_for_me v2:172.21.15.38:0/0)
2024-05-21T15:25:08.243 INFO:teuthology.orchestra.run.smithi038.stdout:/usr/bin/ceph: stderr
2024-05-21T15:25:07.325+0000 7f847f7fe700 1 -- 172.21.15.38:0/1154760479 --> [v2:172.21.15.38:3300/0,v1:172.21.15.38:6789/0] -- mon_subscribe({config=0+,monmap=0+}) -- 0x7f848019d5c0 con 0x7f848007c550
2024-05-21T15:25:08.243 INFO:teuthology.orchestra.run.smithi038.stdout:/usr/bin/ceph: stderr
2024-05-21T15:25:07.326+0000 7f847f7fe700 1 --2- 172.21.15.38:0/1154760479 >> [v2:172.21.15.38:3300/0,v1:172.21.15.38:6789/0] conn(0x7f848007c550 0x7f848019d080 secure :-1 s=READY pgs=48 cs=0 l=1 rev1=1 crypto rx=0x7f8470009fb0 tx=0x7f8470011b60 comp rx=0 tx=0).ready entity=mon.0 client_cookie=0 server_cookie=0 in_seq=0 out_seq=0
2024-05-21T15:25:08.243 INFO:teuthology.orchestra.run.smithi038.stdout:/usr/bin/ceph: stderr
2024-05-21T15:25:07.326+0000 7f847cff9700 1 -- 172.21.15.38:0/1154760479 <== mon.0 v2:172.21.15.38:3300/0 1 ==== mon_map magic: 0 ==== 205+0+0 (secure 0 0 0) 0x7f84700038b0 con 0x7f848007c550
2024-05-21T15:25:08.243 INFO:teuthology.orchestra.run.smithi038.stdout:/usr/bin/ceph: stderr
2024-05-21T15:25:07.326+0000 7f847cff9700 1 -- 172.21.15.38:0/1154760479 <== mon.0 v2:172.21.15.38:3300/0 2 ==== config(27 keys) ==== 1109+0+0 (secure 0 0 0) 0x7f8470011e50 con 0x7f848007c550
2024-05-21T15:25:08.243 INFO:teuthology.orchestra.run.smithi038.stdout:/usr/bin/ceph: stderr
2024-05-21T15:25:07.326+0000 7f8485fd9700 1 -- 172.21.15.38:0/1154760479 --> [v2:172.21.15.38:3300/0,v1:172.21.15.38:6789/0] -- mon_subscribe({mgrmap=0+}) -- 0x7f848019d850 con 0x7f848007c550
2024-05-21T15:25:08.243 INFO:teuthology.orchestra.run.smithi038.stdout:/usr/bin/ceph: stderr
2024-05-21T15:25:07.326+0000 7f847cff9700 1 -- 172.21.15.38:0/1154760479 <== mon.0 v2:172.21.15.38:3300/0 3 ==== mon_map magic: 0 ==== 205+0+0 (secure 0 0 0) 0x7f847001a430 con 0x7f848007c550
2024-05-21T15:25:08.243 INFO:teuthology.orchestra.run.smithi038.stdout:/usr/bin/ceph: stderr
2024-05-21T15:25:07.326+0000 7f8485fd9700 1 -- 172.21.15.38:0/1154760479 --> [v2:172.21.15.38:3300/0,v1:172.21.15.38:6789/0] -- mon_subscribe({osdmap=0}) -- 0x7f84801a0460 con 0x7f848007c550
2024-05-21T15:25:08.243 INFO:teuthology.orchestra.run.smithi038.stdout:/usr/bin/ceph: stderr
2024-05-21T15:25:07.327+0000 7f847cff9700 1 -- 172.21.15.38:0/1154760479 <== mon.0 v2:172.21.15.38:3300/0 4 ==== mgrmap(e 8) ==== 46287+0+0 (secure 0 0 0) 0x7f847001a730 con 0x7f848007c550
2024-05-21T15:25:08.243 INFO:teuthology.orchestra.run.smithi038.stdout:/usr/bin/ceph: stderr
2024-05-21T15:25:07.327+0000 7f847cff9700 1 --2- 172.21.15.38:0/1154760479 >> [v2:172.21.15.38:6800/1481949523,v1:172.21.15.38:6801/1481949523] conn(0x7f8468039000 0x7f846803b510 unknown :-1 s=NONE pgs=0 cs=0 l=1 rev1=0 crypto rx=0 tx=0 comp rx=0 tx=0).connect
2024-05-21T15:25:08.243 INFO:teuthology.orchestra.run.smithi038.stdout:/usr/bin/ceph: stderr
2024-05-21T15:25:07.327+0000 7f847cff9700 1 -- 172.21.15.38:0/1154760479 <== mon.0 v2:172.21.15.38:3300/0 5 ==== osd_map(2..2 src has 1..2) ==== 940+0+0 (secure 0 0 0) 0x7f847004e220 con 0x7f848007c550
2024-05-21T15:25:08.243 INFO:teuthology.orchestra.run.smithi038.stdout:/usr/bin/ceph: stderr
2024-05-21T15:25:07.327+0000 7f847effd700 1 --2- 172.21.15.38:0/1154760479 >> [v2:172.21.15.38:6800/1481949523,v1:172.21.15.38:6801/1481949523] conn(0x7f8468039000 0x7f846803b510 unknown :-1 s=BANNER_CONNECTING pgs=0 cs=0 l=1 rev1=0 crypto rx=0 tx=0 comp rx=0 tx=0)._handle_peer_banner_payload supported=3 required=0
2024-05-21T15:25:08.243 INFO:teuthology.orchestra.run.smithi038.stdout:/usr/bin/ceph: stderr
2024-05-21T15:25:07.327+0000 7f8485fd9700 1 -- 172.21.15.38:0/1154760479 --> [v2:172.21.15.38:3300/0,v1:172.21.15.38:6789/0] -- mon_command({"prefix": "get_command_descriptions"} v 0) -- 0x7f8480063ca0 con 0x7f848007c550
2024-05-21T15:25:08.243 INFO:teuthology.orchestra.run.smithi038.stdout:/usr/bin/ceph: stderr
2024-05-21T15:25:07.327+0000 7f847effd700 1 --2- 172.21.15.38:0/1154760479 >> [v2:172.21.15.38:6800/1481949523,v1:172.21.15.38:6801/1481949523] conn(0x7f8468039000 0x7f846803b510 secure :-1 s=READY pgs=12 cs=0 l=1 rev1=1 crypto rx=0x7f8474006fd0 tx=0x7f8474006e40 comp rx=0 tx=0).ready entity=mgr.14120 client_cookie=0 server_cookie=0 in_seq=0 out_seq=0
2024-05-21T15:25:08.243 INFO:teuthology.orchestra.run.smithi038.stdout:/usr/bin/ceph: stderr
2024-05-21T15:25:07.332+0000 7f847cff9700 1 -- 172.21.15.38:0/1154760479 <== mon.0 v2:172.21.15.38:3300/0 6 ==== mon_command_ack([{"prefix": "get_command_descriptions"}]=0 v0) ==== 72+0+186418 (secure 0 0 0) 0x7f84700172b0 con 0x7f848007c550
2024-05-21T15:25:08.244 INFO:teuthology.orchestra.run.smithi038.stdout:/usr/bin/ceph: stderr
2024-05-21T15:25:07.565+0000 7f8485fd9700 1 -- 172.21.15.38:0/1154760479 --> [v2:172.21.15.38:6800/1481949523,v1:172.21.15.38:6801/1481949523] -- mgr_command(tid 0: {"prefix": "orch apply", "service_type": "mon", "unmanaged": true, "target": ["mon-mgr", ""]}) -- 0x7f8480105400 con 0x7f8468039000
2024-05-21T15:25:08.244 INFO:teuthology.orchestra.run.smithi038.stdout:/usr/bin/ceph: stderr
2024-05-21T15:25:07.570+0000 7f847cff9700 1 -- 172.21.15.38:0/1154760479 <== mgr.14120 v2:172.21.15.38:6800/1481949523 1 ==== mgr_command_reply(tid 0: 0 ) ==== 8+0+24 (secure 0 0 0) 0x7f8480105400 con 0x7f8468039000
2024-05-21T15:25:08.244 INFO:teuthology.orchestra.run.smithi038.stdout:/usr/bin/ceph: stderr
2024-05-21T15:25:07.573+0000 7f8485fd9700 1 -- 172.21.15.38:0/1154760479 >> [v2:172.21.15.38:6800/1481949523,v1:172.21.15.38:6801/1481949523] conn(0x7f8468039000 msgr2=0x7f846803b510 secure :-1 s=STATE_CONNECTION_ESTABLISHED l=1).mark_down
2024-05-21T15:25:08.244 INFO:teuthology.orchestra.run.smithi038.stdout:/usr/bin/ceph: stderr
2024-05-21T15:25:07.573+0000 7f8485fd9700 1 --2- 172.21.15.38:0/1154760479 >> [v2:172.21.15.38:6800/1481949523,v1:172.21.15.38:6801/1481949523] conn(0x7f8468039000 0x7f846803b510 secure :-1 s=READY pgs=12 cs=0 l=1 rev1=1 crypto rx=0x7f8474006fd0 tx=0x7f8474006e40 comp rx=0 tx=0).stop
2024-05-21T15:25:08.244 INFO:teuthology.orchestra.run.smithi038.stdout:/usr/bin/ceph: stderr
2024-05-21T15:25:07.573+0000 7f8485fd9700 1 -- 172.21.15.38:0/1154760479 >> [v2:172.21.15.38:3300/0,v1:172.21.15.38:6789/0] conn(0x7f848007c550 msgr2=0x7f848019d080 secure :-1 s=STATE_CONNECTION_ESTABLISHED l=1).mark_down
2024-05-21T15:25:08.244 INFO:teuthology.orchestra.run.smithi038.stdout:/usr/bin/ceph: stderr
2024-05-21T15:25:07.573+0000 7f8485fd9700 1 --2- 172.21.15.38:0/1154760479 >> [v2:172.21.15.38:3300/0,v1:172.21.15.38:6789/0] conn(0x7f848007c550 0x7f848019d080 secure :-1 s=READY pgs=48 cs=0 l=1 rev1=1 crypto rx=0x7f8470009fb0 tx=0x7f8470011b60 comp rx=0 tx=0).stop
2024-05-21T15:25:08.244 INFO:teuthology.orchestra.run.smithi038.stdout:/usr/bin/ceph: stderr
2024-05-21T15:25:07.573+0000 7f8485fd9700 1 -- 172.21.15.38:0/1154760479 shutdown_connections
2024-05-21T15:25:08.244 INFO:teuthology.orchestra.run.smithi038.stdout:/usr/bin/ceph: stderr
2024-05-21T15:25:07.573+0000 7f8485fd9700 1 --2- 172.21.15.38:0/1154760479 >> [v2:172.21.15.38:6800/1481949523,v1:172.21.15.38:6801/1481949523] conn(0x7f8468039000 0x7f846803b510 unknown :-1 s=CLOSED pgs=12 cs=0 l=1 rev1=1 crypto rx=0 tx=0 comp rx=0 tx=0).stop
2024-05-21T15:25:08.244 INFO:teuthology.orchestra.run.smithi038.stdout:/usr/bin/ceph: stderr
2024-05-21T15:25:07.573+0000 7f8485fd9700 1 --2- 172.21.15.38:0/1154760479 >> [v2:172.21.15.38:3300/0,v1:172.21.15.38:6789/0] conn(0x7f848007c550 0x7f848019d080 unknown :-1 s=CLOSED pgs=48 cs=0 l=1 rev1=1 crypto rx=0 tx=0 comp rx=0 tx=0).stop
2024-05-21T15:25:08.244 INFO:teuthology.orchestra.run.smithi038.stdout:/usr/bin/ceph: stderr
2024-05-21T15:25:07.573+0000 7f8485fd9700 1 -- 172.21.15.38:0/1154760479 >> 172.21.15.38:0/1154760479 conn(0x7f8480103270 msgr2=0x7f8480104c70 unknown :-1 s=STATE_NONE l=0).mark_down
2024-05-21T15:25:08.244 INFO:teuthology.orchestra.run.smithi038.stdout:/usr/bin/ceph: stderr
2024-05-21T15:25:07.573+0000 7f8485fd9700 1 -- 172.21.15.38:0/1154760479 shutdown_connections
2024-05-21T15:25:08.244 INFO:teuthology.orchestra.run.smithi038.stdout:/usr/bin/ceph: stderr
2024-05-21T15:25:07.573+0000 7f8485fd9700 1 -- 172.21.15.38:0/1154760479 wait complete.
2024-05-21T15:25:08.244 INFO:teuthology.orchestra.run.smithi038.stdout:Deploying unmanaged mgr service...
2024-05-21T15:25:08.878 INFO:journalctl@ceph.mon.a.smithi038.stdout:May 21 15:25:08 smithi038 ceph-mon[31995]: from='client.14142 -' entity='client.admin' cmd=[{"prefix": "orch apply", "service_type": "mon", "unmanaged": true, "target": ["mon-mgr", ""]}]: dispatch
2024-05-21T15:25:08.879 INFO:journalctl@ceph.mon.a.smithi038.stdout:May 21 15:25:08 smithi038 ceph-mon[31995]: Saving service mon spec with placement count:5
2024-05-21T15:25:08.879 INFO:journalctl@ceph.mon.a.smithi038.stdout:May 21 15:25:08 smithi038 ceph-mon[31995]: from='mgr.14120 172.21.15.38:0/3887460964' entity='mgr.x'
2024-05-21T15:25:09.950 INFO:teuthology.orchestra.run.smithi038.stdout:/usr/bin/ceph: stdout Scheduled mgr update...
2024-05-21T15:25:09.951 INFO:teuthology.orchestra.run.smithi038.stdout:/usr/bin/ceph: stderr
2024-05-21T15:25:08.654+0000 7fcaba6f0700 1 Processor -- start
2024-05-21T15:25:09.951 INFO:teuthology.orchestra.run.smithi038.stdout:/usr/bin/ceph: stderr
2024-05-21T15:25:08.654+0000 7fcaba6f0700 1 -- start start
2024-05-21T15:25:09.951 INFO:teuthology.orchestra.run.smithi038.stdout:/usr/bin/ceph: stderr
2024-05-21T15:25:08.654+0000 7fcaba6f0700 1 --2- >> [v2:172.21.15.38:3300/0,v1:172.21.15.38:6789/0] conn(0x7fcab41096d0 0x7fcab410baf0 unknown :-1 s=NONE pgs=0 cs=0 l=0 rev1=0 crypto rx=0 tx=0 comp rx=0 tx=0).connect
2024-05-21T15:25:09.951 INFO:teuthology.orchestra.run.smithi038.stdout:/usr/bin/ceph: stderr
2024-05-21T15:25:08.654+0000 7fcaba6f0700 1 -- --> [v2:172.21.15.38:3300/0,v1:172.21.15.38:6789/0] -- mon_getmap magic: 0 -- 0x7fcab407bdd0 con 0x7fcab41096d0
2024-05-21T15:25:09.951 INFO:teuthology.orchestra.run.smithi038.stdout:/usr/bin/ceph: stderr
2024-05-21T15:25:08.654+0000 7fcab3fff700 1 --2- >> [v2:172.21.15.38:3300/0,v1:172.21.15.38:6789/0] conn(0x7fcab41096d0 0x7fcab410baf0 unknown :-1 s=BANNER_CONNECTING pgs=0 cs=0 l=0 rev1=0 crypto rx=0 tx=0 comp rx=0 tx=0)._handle_peer_banner_payload supported=3 required=0
2024-05-21T15:25:09.951 INFO:teuthology.orchestra.run.smithi038.stdout:/usr/bin/ceph: stderr
2024-05-21T15:25:08.654+0000 7fcab3fff700 1 --2- >> [v2:172.21.15.38:3300/0,v1:172.21.15.38:6789/0] conn(0x7fcab41096d0 0x7fcab410baf0 unknown :-1 s=HELLO_CONNECTING pgs=0 cs=0 l=0 rev1=1 crypto rx=0 tx=0 comp rx=0 tx=0).handle_hello peer v2:172.21.15.38:3300/0 says I am v2:172.21.15.38:50856/0 (socket says 172.21.15.38:50856)
2024-05-21T15:25:09.951 INFO:teuthology.orchestra.run.smithi038.stdout:/usr/bin/ceph: stderr
2024-05-21T15:25:08.654+0000 7fcab3fff700 1 -- 172.21.15.38:0/1021977038 learned_addr learned my addr 172.21.15.38:0/1021977038 (peer_addr_for_me v2:172.21.15.38:0/0)
2024-05-21T15:25:09.951 INFO:teuthology.orchestra.run.smithi038.stdout:/usr/bin/ceph: stderr
2024-05-21T15:25:08.654+0000 7fcab3fff700 1 -- 172.21.15.38:0/1021977038 --> [v2:172.21.15.38:3300/0,v1:172.21.15.38:6789/0] -- mon_subscribe({config=0+,monmap=0+}) -- 0x7fcab410c030 con 0x7fcab41096d0
2024-05-21T15:25:09.951 INFO:teuthology.orchestra.run.smithi038.stdout:/usr/bin/ceph: stderr
2024-05-21T15:25:08.655+0000 7fcab3fff700 1 --2- 172.21.15.38:0/1021977038 >> [v2:172.21.15.38:3300/0,v1:172.21.15.38:6789/0] conn(0x7fcab41096d0 0x7fcab410baf0 secure :-1 s=READY pgs=49 cs=0 l=1 rev1=1 crypto rx=0x7fcaa40098a0 tx=0x7fcaa4009bb0 comp rx=0 tx=0).ready entity=mon.0 client_cookie=a6294321254a022b server_cookie=0 in_seq=0 out_seq=0
2024-05-21T15:25:09.951 INFO:teuthology.orchestra.run.smithi038.stdout:/usr/bin/ceph: stderr
2024-05-21T15:25:08.655+0000 7fcab2ffd700 1 -- 172.21.15.38:0/1021977038 <== mon.0 v2:172.21.15.38:3300/0 1 ==== mon_map magic: 0 ==== 205+0+0 (secure 0 0 0) 0x7fcaa4004160 con 0x7fcab41096d0
2024-05-21T15:25:09.951 INFO:teuthology.orchestra.run.smithi038.stdout:/usr/bin/ceph: stderr
2024-05-21T15:25:08.655+0000 7fcab2ffd700 1 -- 172.21.15.38:0/1021977038 <== mon.0 v2:172.21.15.38:3300/0 2 ==== config(27 keys) ==== 1109+0+0 (secure 0 0 0) 0x7fcaa4004300 con 0x7fcab41096d0
2024-05-21T15:25:09.951 INFO:teuthology.orchestra.run.smithi038.stdout:/usr/bin/ceph: stderr
2024-05-21T15:25:08.655+0000 7fcab2ffd700 1 -- 172.21.15.38:0/1021977038 <== mon.0 v2:172.21.15.38:3300/0 3 ==== mon_map magic: 0 ==== 205+0+0 (secure 0 0 0) 0x7fcaa4011b50 con 0x7fcab41096d0
2024-05-21T15:25:09.952 INFO:teuthology.orchestra.run.smithi038.stdout:/usr/bin/ceph: stderr
2024-05-21T15:25:08.656+0000 7fcaba6f0700 1 -- 172.21.15.38:0/1021977038 >> [v2:172.21.15.38:3300/0,v1:172.21.15.38:6789/0] conn(0x7fcab41096d0 msgr2=0x7fcab410baf0 secure :-1 s=STATE_CONNECTION_ESTABLISHED l=1).mark_down
2024-05-21T15:25:09.952 INFO:teuthology.orchestra.run.smithi038.stdout:/usr/bin/ceph: stderr
2024-05-21T15:25:08.656+0000 7fcaba6f0700 1 --2- 172.21.15.38:0/1021977038 >> [v2:172.21.15.38:3300/0,v1:172.21.15.38:6789/0] conn(0x7fcab41096d0 0x7fcab410baf0 secure :-1 s=READY pgs=49 cs=0 l=1 rev1=1 crypto rx=0x7fcaa40098a0 tx=0x7fcaa4009bb0 comp rx=0 tx=0).stop
2024-05-21T15:25:09.952 INFO:teuthology.orchestra.run.smithi038.stdout:/usr/bin/ceph: stderr
2024-05-21T15:25:08.656+0000 7fcaba6f0700 1 -- 172.21.15.38:0/1021977038 shutdown_connections
2024-05-21T15:25:09.952 INFO:teuthology.orchestra.run.smithi038.stdout:/usr/bin/ceph: stderr
2024-05-21T15:25:08.656+0000 7fcaba6f0700 1 --2- 172.21.15.38:0/1021977038 >> [v2:172.21.15.38:3300/0,v1:172.21.15.38:6789/0] conn(0x7fcab41096d0 0x7fcab410baf0 unknown :-1 s=CLOSED pgs=49 cs=0 l=1 rev1=1 crypto rx=0 tx=0 comp rx=0 tx=0).stop
2024-05-21T15:25:09.952 INFO:teuthology.orchestra.run.smithi038.stdout:/usr/bin/ceph: stderr
2024-05-21T15:25:08.656+0000 7fcaba6f0700 1 -- 172.21.15.38:0/1021977038 >> 172.21.15.38:0/1021977038 conn(0x7fcab41031b0 msgr2=0x7fcab4105600 unknown :-1 s=STATE_NONE l=0).mark_down
2024-05-21T15:25:09.952 INFO:teuthology.orchestra.run.smithi038.stdout:/usr/bin/ceph: stderr
2024-05-21T15:25:08.656+0000 7fcaba6f0700 1 -- 172.21.15.38:0/1021977038 shutdown_connections
2024-05-21T15:25:09.952 INFO:teuthology.orchestra.run.smithi038.stdout:/usr/bin/ceph: stderr
2024-05-21T15:25:08.656+0000 7fcaba6f0700 1 -- 172.21.15.38:0/1021977038 wait complete.
2024-05-21T15:25:09.952 INFO:teuthology.orchestra.run.smithi038.stdout:/usr/bin/ceph: stderr
2024-05-21T15:25:08.657+0000 7fcaba6f0700 1 Processor -- start
2024-05-21T15:25:09.952 INFO:teuthology.orchestra.run.smithi038.stdout:/usr/bin/ceph: stderr
2024-05-21T15:25:08.657+0000 7fcaba6f0700 1 -- start start
2024-05-21T15:25:09.952 INFO:teuthology.orchestra.run.smithi038.stdout:/usr/bin/ceph: stderr
2024-05-21T15:25:08.657+0000 7fcaba6f0700 1 --2- >> [v2:172.21.15.38:3300/0,v1:172.21.15.38:6789/0] conn(0x7fcab41096d0 0x7fcab419f220 unknown :-1 s=NONE pgs=0 cs=0 l=1 rev1=0 crypto rx=0 tx=0 comp rx=0 tx=0).connect
2024-05-21T15:25:09.952 INFO:teuthology.orchestra.run.smithi038.stdout:/usr/bin/ceph: stderr
2024-05-21T15:25:08.657+0000 7fcaba6f0700 1 -- --> [v2:172.21.15.38:3300/0,v1:172.21.15.38:6789/0] -- mon_getmap magic: 0 -- 0x7fcab410cf90 con 0x7fcab41096d0
2024-05-21T15:25:09.952 INFO:teuthology.orchestra.run.smithi038.stdout:/usr/bin/ceph: stderr
2024-05-21T15:25:08.657+0000 7fcab3fff700 1 --2- >> [v2:172.21.15.38:3300/0,v1:172.21.15.38:6789/0] conn(0x7fcab41096d0 0x7fcab419f220 unknown :-1 s=BANNER_CONNECTING pgs=0 cs=0 l=1 rev1=0 crypto rx=0 tx=0 comp rx=0 tx=0)._handle_peer_banner_payload supported=3 required=0
2024-05-21T15:25:09.952 INFO:teuthology.orchestra.run.smithi038.stdout:/usr/bin/ceph: stderr
2024-05-21T15:25:08.657+0000 7fcab3fff700 1 --2- >> [v2:172.21.15.38:3300/0,v1:172.21.15.38:6789/0] conn(0x7fcab41096d0 0x7fcab419f220 unknown :-1 s=HELLO_CONNECTING pgs=0 cs=0 l=1 rev1=1 crypto rx=0 tx=0 comp rx=0 tx=0).handle_hello peer v2:172.21.15.38:3300/0 says I am v2:172.21.15.38:50864/0 (socket says 172.21.15.38:50864)
2024-05-21T15:25:09.952 INFO:teuthology.orchestra.run.smithi038.stdout:/usr/bin/ceph: stderr
2024-05-21T15:25:08.657+0000 7fcab3fff700 1 -- 172.21.15.38:0/3259584896 learned_addr learned my addr 172.21.15.38:0/3259584896 (peer_addr_for_me v2:172.21.15.38:0/0)
2024-05-21T15:25:09.953 INFO:teuthology.orchestra.run.smithi038.stdout:/usr/bin/ceph: stderr
2024-05-21T15:25:08.657+0000 7fcab3fff700 1 -- 172.21.15.38:0/3259584896 --> [v2:172.21.15.38:3300/0,v1:172.21.15.38:6789/0] -- mon_subscribe({config=0+,monmap=0+}) -- 0x7fcab419f760 con 0x7fcab41096d0
2024-05-21T15:25:09.953 INFO:teuthology.orchestra.run.smithi038.stdout:/usr/bin/ceph: stderr
2024-05-21T15:25:08.658+0000 7fcab3fff700 1 --2- 172.21.15.38:0/3259584896 >> [v2:172.21.15.38:3300/0,v1:172.21.15.38:6789/0] conn(0x7fcab41096d0 0x7fcab419f220 secure :-1 s=READY pgs=50 cs=0 l=1 rev1=1 crypto rx=0x7fcaa4011850 tx=0x7fcaa4011c10 comp rx=0 tx=0).ready entity=mon.0 client_cookie=0 server_cookie=0 in_seq=0 out_seq=0
2024-05-21T15:25:09.953 INFO:teuthology.orchestra.run.smithi038.stdout:/usr/bin/ceph: stderr
2024-05-21T15:25:08.658+0000 7fcab17fa700 1 -- 172.21.15.38:0/3259584896 <== mon.0 v2:172.21.15.38:3300/0 1 ==== mon_map magic: 0 ==== 205+0+0 (secure 0 0 0) 0x7fcaa4003af0 con 0x7fcab41096d0
2024-05-21T15:25:09.953 INFO:teuthology.orchestra.run.smithi038.stdout:/usr/bin/ceph: stderr
2024-05-21T15:25:08.658+0000 7fcaba6f0700 1 -- 172.21.15.38:0/3259584896 --> [v2:172.21.15.38:3300/0,v1:172.21.15.38:6789/0] -- mon_subscribe({mgrmap=0+}) -- 0x7fcab419f9f0 con 0x7fcab41096d0
2024-05-21T15:25:09.953 INFO:teuthology.orchestra.run.smithi038.stdout:/usr/bin/ceph: stderr
2024-05-21T15:25:08.658+0000 7fcab17fa700 1 -- 172.21.15.38:0/3259584896 <== mon.0 v2:172.21.15.38:3300/0 2 ==== config(27 keys) ==== 1109+0+0 (secure 0 0 0) 0x7fcaa4020070 con 0x7fcab41096d0
2024-05-21T15:25:09.953 INFO:teuthology.orchestra.run.smithi038.stdout:/usr/bin/ceph: stderr
2024-05-21T15:25:08.658+0000 7fcab17fa700 1 -- 172.21.15.38:0/3259584896 <== mon.0 v2:172.21.15.38:3300/0 3 ==== mon_map magic: 0 ==== 205+0+0 (secure 0 0 0) 0x7fcaa40195a0 con 0x7fcab41096d0
2024-05-21T15:25:09.953 INFO:teuthology.orchestra.run.smithi038.stdout:/usr/bin/ceph: stderr
2024-05-21T15:25:08.658+0000 7fcaba6f0700 1 -- 172.21.15.38:0/3259584896 --> [v2:172.21.15.38:3300/0,v1:172.21.15.38:6789/0] -- mon_subscribe({osdmap=0}) -- 0x7fcab41a2600 con 0x7fcab41096d0
2024-05-21T15:25:09.953 INFO:teuthology.orchestra.run.smithi038.stdout:/usr/bin/ceph: stderr
2024-05-21T15:25:08.659+0000 7fcaba6f0700 1 -- 172.21.15.38:0/3259584896 --> [v2:172.21.15.38:3300/0,v1:172.21.15.38:6789/0] -- mon_command({"prefix": "get_command_descriptions"} v 0) -- 0x7fcab4063ca0 con 0x7fcab41096d0
2024-05-21T15:25:09.953 INFO:teuthology.orchestra.run.smithi038.stdout:/usr/bin/ceph: stderr
2024-05-21T15:25:08.659+0000 7fcab17fa700 1 -- 172.21.15.38:0/3259584896 <== mon.0 v2:172.21.15.38:3300/0 4 ==== mgrmap(e 8) ==== 46287+0+0 (secure 0 0 0) 0x7fcaa40198c0 con 0x7fcab41096d0
2024-05-21T15:25:09.953 INFO:teuthology.orchestra.run.smithi038.stdout:/usr/bin/ceph: stderr
2024-05-21T15:25:08.659+0000 7fcab17fa700 1 --2- 172.21.15.38:0/3259584896 >> [v2:172.21.15.38:6800/1481949523,v1:172.21.15.38:6801/1481949523] conn(0x7fca9c039050 0x7fca9c03b560 unknown :-1 s=NONE pgs=0 cs=0 l=1 rev1=0 crypto rx=0 tx=0 comp rx=0 tx=0).connect
