2024-05-21T15:24:48.925 INFO:teuthology.orchestra.run.smithi038.stdout:/usr/bin/ceph: stderr
2024-05-21T15:24:48.069+0000 7f75a9ffb700 1 -- 172.21.15.38:0/3685167323 <== mon.0 v2:172.21.15.38:3300/0 5 ==== osd_map(1..1 src has 1..1) ==== 725+0+0 (secure 0 0 0) 0x7f75a004d030 con 0x7f75ac07c550
2024-05-21T15:24:48.925 INFO:teuthology.orchestra.run.smithi038.stdout:/usr/bin/ceph: stderr
2024-05-21T15:24:48.069+0000 7f75abfff700 1 -- 172.21.15.38:0/3685167323 >> [v2:172.21.15.38:6800/3523378851,v1:172.21.15.38:6801/3523378851] conn(0x7f759c039050 msgr2=0x7f759c03b560 unknown :-1 s=STATE_CONNECTING_RE l=1).process reconnect failed to v2:172.21.15.38:6800/3523378851
2024-05-21T15:24:48.925 INFO:teuthology.orchestra.run.smithi038.stdout:/usr/bin/ceph: stderr
2024-05-21T15:24:48.069+0000 7f75abfff700 1 --2- 172.21.15.38:0/3685167323 >> [v2:172.21.15.38:6800/3523378851,v1:172.21.15.38:6801/3523378851] conn(0x7f759c039050 0x7f759c03b560 unknown :-1 s=START_CONNECT pgs=0 cs=0 l=1 rev1=0 crypto rx=0 tx=0 comp rx=0 tx=0)._fault waiting 0.200000
2024-05-21T15:24:48.925 INFO:teuthology.orchestra.run.smithi038.stdout:/usr/bin/ceph: stderr
2024-05-21T15:24:48.074+0000 7f75a9ffb700 1 -- 172.21.15.38:0/3685167323 <== mon.0 v2:172.21.15.38:3300/0 6 ==== mon_command_ack([{"prefix": "get_command_descriptions"}]=0 v0) ==== 72+0+186418 (secure 0 0 0) 0x7f75a00172b0 con 0x7f75ac07c550
2024-05-21T15:24:48.925 INFO:teuthology.orchestra.run.smithi038.stdout:/usr/bin/ceph: stderr
2024-05-21T15:24:48.270+0000 7f75abfff700 1 -- 172.21.15.38:0/3685167323 >> [v2:172.21.15.38:6800/3523378851,v1:172.21.15.38:6801/3523378851] conn(0x7f759c039050 msgr2=0x7f759c03b560 unknown :-1 s=STATE_CONNECTING_RE l=1).process reconnect failed to v2:172.21.15.38:6800/3523378851
2024-05-21T15:24:48.925 INFO:teuthology.orchestra.run.smithi038.stdout:/usr/bin/ceph: stderr
2024-05-21T15:24:48.270+0000 7f75abfff700 1 --2- 172.21.15.38:0/3685167323 >> [v2:172.21.15.38:6800/3523378851,v1:172.21.15.38:6801/3523378851] conn(0x7f759c039050 0x7f759c03b560 unknown :-1 s=START_CONNECT pgs=0 cs=0 l=1 rev1=0 crypto rx=0 tx=0 comp rx=0 tx=0)._fault waiting 0.400000
2024-05-21T15:24:48.925 INFO:teuthology.orchestra.run.smithi038.stdout:/usr/bin/ceph: stderr
2024-05-21T15:24:48.344+0000 7f75b2c33700 1 -- 172.21.15.38:0/3685167323 --> [v2:172.21.15.38:3300/0,v1:172.21.15.38:6789/0] -- mon_command({"prefix": "mgr stat"} v 0) -- 0x7f75ac1a2970 con 0x7f75ac07c550
2024-05-21T15:24:48.925 INFO:teuthology.orchestra.run.smithi038.stdout:/usr/bin/ceph: stderr
2024-05-21T15:24:48.345+0000 7f75a9ffb700 1 -- 172.21.15.38:0/3685167323 <== mon.0 v2:172.21.15.38:3300/0 7 ==== mon_command_ack([{"prefix": "mgr stat"}]=0 v5) ==== 56+0+88 (secure 0 0 0) 0x7f75a000fdd0 con 0x7f75ac07c550
2024-05-21T15:24:48.925 INFO:teuthology.orchestra.run.smithi038.stdout:/usr/bin/ceph: stderr
2024-05-21T15:24:48.347+0000 7f75b2c33700 1 -- 172.21.15.38:0/3685167323 >> [v2:172.21.15.38:6800/3523378851,v1:172.21.15.38:6801/3523378851] conn(0x7f759c039050 msgr2=0x7f759c03b560 unknown :-1 s=STATE_CONNECTING l=1).mark_down
2024-05-21T15:24:48.925 INFO:teuthology.orchestra.run.smithi038.stdout:/usr/bin/ceph: stderr
2024-05-21T15:24:48.347+0000 7f75b2c33700 1 --2- 172.21.15.38:0/3685167323 >> [v2:172.21.15.38:6800/3523378851,v1:172.21.15.38:6801/3523378851] conn(0x7f759c039050 0x7f759c03b560 unknown :-1 s=START_CONNECT pgs=0 cs=0 l=1 rev1=0 crypto rx=0 tx=0 comp rx=0 tx=0).stop
2024-05-21T15:24:48.925 INFO:teuthology.orchestra.run.smithi038.stdout:/usr/bin/ceph: stderr
2024-05-21T15:24:48.347+0000 7f75b2c33700 1 -- 172.21.15.38:0/3685167323 >> [v2:172.21.15.38:3300/0,v1:172.21.15.38:6789/0] conn(0x7f75ac07c550 msgr2=0x7f75ac19f2a0 secure :-1 s=STATE_CONNECTION_ESTABLISHED l=1).mark_down
2024-05-21T15:24:48.925 INFO:teuthology.orchestra.run.smithi038.stdout:/usr/bin/ceph: stderr
2024-05-21T15:24:48.347+0000 7f75b2c33700 1 --2- 172.21.15.38:0/3685167323 >> [v2:172.21.15.38:3300/0,v1:172.21.15.38:6789/0] conn(0x7f75ac07c550 0x7f75ac19f2a0 secure :-1 s=READY pgs=27 cs=0 l=1 rev1=1 crypto rx=0x7f75a0009fb0 tx=0x7f75a0011b60 comp rx=0 tx=0).stop
2024-05-21T15:24:48.925 INFO:teuthology.orchestra.run.smithi038.stdout:/usr/bin/ceph: stderr
2024-05-21T15:24:48.347+0000 7f75b2c33700 1 -- 172.21.15.38:0/3685167323 shutdown_connections
2024-05-21T15:24:48.926 INFO:teuthology.orchestra.run.smithi038.stdout:/usr/bin/ceph: stderr
2024-05-21T15:24:48.347+0000 7f75b2c33700 1 --2- 172.21.15.38:0/3685167323 >> [v2:172.21.15.38:6800/3523378851,v1:172.21.15.38:6801/3523378851] conn(0x7f759c039050 0x7f759c03b560 unknown :-1 s=CLOSED pgs=0 cs=0 l=1 rev1=0 crypto rx=0 tx=0 comp rx=0 tx=0).stop
2024-05-21T15:24:48.926 INFO:teuthology.orchestra.run.smithi038.stdout:/usr/bin/ceph: stderr
2024-05-21T15:24:48.347+0000 7f75b2c33700 1 --2- 172.21.15.38:0/3685167323 >> [v2:172.21.15.38:3300/0,v1:172.21.15.38:6789/0] conn(0x7f75ac07c550 0x7f75ac19f2a0 unknown :-1 s=CLOSED pgs=27 cs=0 l=1 rev1=1 crypto rx=0 tx=0 comp rx=0 tx=0).stop
2024-05-21T15:24:48.926 INFO:teuthology.orchestra.run.smithi038.stdout:/usr/bin/ceph: stderr
2024-05-21T15:24:48.347+0000 7f75b2c33700 1 -- 172.21.15.38:0/3685167323 >> 172.21.15.38:0/3685167323 conn(0x7f75ac103220 msgr2=0x7f75ac107650 unknown :-1 s=STATE_NONE l=0).mark_down
2024-05-21T15:24:48.926 INFO:teuthology.orchestra.run.smithi038.stdout:/usr/bin/ceph: stderr
2024-05-21T15:24:48.347+0000 7f75b2c33700 1 -- 172.21.15.38:0/3685167323 shutdown_connections
2024-05-21T15:24:48.926 INFO:teuthology.orchestra.run.smithi038.stdout:/usr/bin/ceph: stderr
2024-05-21T15:24:48.347+0000 7f75b2c33700 1 -- 172.21.15.38:0/3685167323 wait complete.
2024-05-21T15:24:48.926 INFO:teuthology.orchestra.run.smithi038.stdout:Waiting for the mgr to restart...
2024-05-21T15:24:48.926 INFO:teuthology.orchestra.run.smithi038.stdout:Waiting for mgr epoch 5...
2024-05-21T15:24:49.224 INFO:journalctl@ceph.mon.a.smithi038.stdout:May 21 15:24:49 smithi038 ceph-mon[31995]: from='client.? 172.21.15.38:0/3685167323' entity='client.admin' cmd=[{"prefix": "mgr stat"}]: dispatch
2024-05-21T15:24:49.528 INFO:journalctl@ceph.mgr.x.smithi038.stdout:May 21 15:24:49 smithi038 ceph-102ec4fa-1786-11ef-bc9a-c7b262605968-mgr-x[32227]:
2024-05-21T15:24:49.366+0000 7fe2fbdef200 -1 mgr[py] Module telegraf has missing NOTIFY_TYPES member
2024-05-21T15:24:49.946 INFO:journalctl@ceph.mgr.x.smithi038.stdout:May 21 15:24:49 smithi038 ceph-102ec4fa-1786-11ef-bc9a-c7b262605968-mgr-x[32227]:
2024-05-21T15:24:49.548+0000 7fe2fbdef200 -1 mgr[py] Module osd_support has missing NOTIFY_TYPES member
2024-05-21T15:24:49.946 INFO:journalctl@ceph.mgr.x.smithi038.stdout:May 21 15:24:49 smithi038 ceph-102ec4fa-1786-11ef-bc9a-c7b262605968-mgr-x[32227]:
2024-05-21T15:24:49.725+0000 7fe2fbdef200 -1 mgr[py] Module iostat has missing NOTIFY_TYPES member
2024-05-21T15:24:50.278 INFO:journalctl@ceph.mgr.x.smithi038.stdout:May 21 15:24:50 smithi038 ceph-102ec4fa-1786-11ef-bc9a-c7b262605968-mgr-x[32227]:
2024-05-21T15:24:50.032+0000 7fe2fbdef200 -1 mgr[py] Module alerts has missing NOTIFY_TYPES member
2024-05-21T15:24:50.278 INFO:journalctl@ceph.mgr.x.smithi038.stdout:May 21 15:24:50 smithi038 ceph-102ec4fa-1786-11ef-bc9a-c7b262605968-mgr-x[32227]:
2024-05-21T15:24:50.130+0000 7fe2fbdef200 -1 mgr[py] Module selftest has missing NOTIFY_TYPES member
2024-05-21T15:24:50.748 INFO:journalctl@ceph.mgr.x.smithi038.stdout:May 21 15:24:50 smithi038 ceph-102ec4fa-1786-11ef-bc9a-c7b262605968-mgr-x[32227]:
2024-05-21T15:24:50.341+0000 7fe2fbdef200 -1 mgr[py] Module pg_autoscaler has missing NOTIFY_TYPES member
2024-05-21T15:24:50.748 INFO:journalctl@ceph.mgr.x.smithi038.stdout:May 21 15:24:50 smithi038 ceph-102ec4fa-1786-11ef-bc9a-c7b262605968-mgr-x[32227]:
2024-05-21T15:24:50.546+0000 7fe2fbdef200 -1 mgr[py] Module test_orchestrator has missing NOTIFY_TYPES member
2024-05-21T15:24:51.528 INFO:journalctl@ceph.mgr.x.smithi038.stdout:May 21 15:24:51 smithi038 ceph-102ec4fa-1786-11ef-bc9a-c7b262605968-mgr-x[32227]:
2024-05-21T15:24:51.182+0000 7fe2fbdef200 -1 mgr[py] Module rook has missing NOTIFY_TYPES member
2024-05-21T15:24:51.951 INFO:journalctl@ceph.mgr.x.smithi038.stdout:May 21 15:24:51 smithi038 ceph-102ec4fa-1786-11ef-bc9a-c7b262605968-mgr-x[32227]:
2024-05-21T15:24:51.630+0000 7fe2fbdef200 -1 mgr[py] Module volumes has missing NOTIFY_TYPES member
2024-05-21T15:24:51.951 INFO:journalctl@ceph.mgr.x.smithi038.stdout:May 21 15:24:51 smithi038 ceph-102ec4fa-1786-11ef-bc9a-c7b262605968-mgr-x[32227]:
2024-05-21T15:24:51.733+0000 7fe2fbdef200 -1 mgr[py] Module crash has missing NOTIFY_TYPES member
2024-05-21T15:24:51.951 INFO:journalctl@ceph.mgr.x.smithi038.stdout:May 21 15:24:51 smithi038 ceph-102ec4fa-1786-11ef-bc9a-c7b262605968-mgr-x[32227]:
2024-05-21T15:24:51.947+0000 7fe2fbdef200 -1 mgr[py] Module rgw has missing NOTIFY_TYPES member
2024-05-21T15:24:52.602 INFO:journalctl@ceph.mgr.x.smithi038.stdout:May 21 15:24:52 smithi038 ceph-102ec4fa-1786-11ef-bc9a-c7b262605968-mgr-x[32227]:
2024-05-21T15:24:52.501+0000 7fe2fbdef200 -1 mgr[py] Module prometheus has missing NOTIFY_TYPES member
2024-05-21T15:24:52.859 INFO:journalctl@ceph.mgr.x.smithi038.stdout:May 21 15:24:52 smithi038 ceph-102ec4fa-1786-11ef-bc9a-c7b262605968-mgr-x[32227]:
2024-05-21T15:24:52.599+0000 7fe2fbdef200 -1 mgr[py] Module devicehealth has missing NOTIFY_TYPES member
2024-05-21T15:24:53.224 INFO:journalctl@ceph.mgr.x.smithi038.stdout:May 21 15:24:52 smithi038 ceph-102ec4fa-1786-11ef-bc9a-c7b262605968-mgr-x[32227]:
2024-05-21T15:24:52.855+0000 7fe2fbdef200 -1 mgr[py] Module telemetry has missing NOTIFY_TYPES member
2024-05-21T15:24:53.225 INFO:journalctl@ceph.mgr.x.smithi038.stdout:May 21 15:24:52 smithi038 ceph-102ec4fa-1786-11ef-bc9a-c7b262605968-mgr-x[32227]:
2024-05-21T15:24:52.996+0000 7fe2fbdef200 -1 mgr[py] Module diskprediction_local has missing NOTIFY_TYPES member
2024-05-21T15:24:53.225 INFO:journalctl@ceph.mgr.x.smithi038.stdout:May 21 15:24:53 smithi038 ceph-102ec4fa-1786-11ef-bc9a-c7b262605968-mgr-x[32227]:
2024-05-21T15:24:53.097+0000 7fe2fbdef200 -1 mgr[py] Module osd_perf_query has missing NOTIFY_TYPES member
2024-05-21T15:24:53.225 INFO:journalctl@ceph.mgr.x.smithi038.stdout:May 21 15:24:53 smithi038 ceph-102ec4fa-1786-11ef-bc9a-c7b262605968-mgr-x[32227]:
2024-05-21T15:24:53.221+0000 7fe2fbdef200 -1 mgr[py] Module rbd_support has missing NOTIFY_TYPES member
2024-05-21T15:24:54.028 INFO:journalctl@ceph.mgr.x.smithi038.stdout:May 21 15:24:53 smithi038 ceph-102ec4fa-1786-11ef-bc9a-c7b262605968-mgr-x[32227]:
2024-05-21T15:24:53.535+0000 7fe2fbdef200 -1 mgr[py] Module zabbix has missing NOTIFY_TYPES member
2024-05-21T15:24:54.458 INFO:journalctl@ceph.mgr.x.smithi038.stdout:May 21 15:24:54 smithi038 ceph-102ec4fa-1786-11ef-bc9a-c7b262605968-mgr-x[32227]:
2024-05-21T15:24:54.170+0000 7fe2fbdef200 -1 mgr[py] Module status has missing NOTIFY_TYPES member
2024-05-21T15:24:54.458 INFO:journalctl@ceph.mgr.x.smithi038.stdout:May 21 15:24:54 smithi038 ceph-102ec4fa-1786-11ef-bc9a-c7b262605968-mgr-x[32227]:
2024-05-21T15:24:54.401+0000 7fe2fbdef200 -1 mgr[py] Module nfs has missing NOTIFY_TYPES member
2024-05-21T15:24:54.778 INFO:journalctl@ceph.mon.a.smithi038.stdout:May 21 15:24:54 smithi038 ceph-mon[31995]: Active manager daemon x restarted
2024-05-21T15:24:54.778 INFO:journalctl@ceph.mon.a.smithi038.stdout:May 21 15:24:54 smithi038 ceph-mon[31995]: Activating manager daemon x
2024-05-21T15:24:54.779 INFO:journalctl@ceph.mon.a.smithi038.stdout:May 21 15:24:54 smithi038 ceph-mon[31995]: osdmap e2: 0 total, 0 up, 0 in
2024-05-21T15:24:54.779 INFO:journalctl@ceph.mon.a.smithi038.stdout:May 21 15:24:54 smithi038 ceph-mon[31995]: mgrmap e6: x(active, starting, since 0.00624095s)
2024-05-21T15:24:54.779 INFO:journalctl@ceph.mon.a.smithi038.stdout:May 21 15:24:54 smithi038 ceph-mon[31995]: from='mgr.14120 172.21.15.38:0/3887460964' entity='mgr.x' cmd=[{"prefix": "mon metadata", "id": "a"}]: dispatch
2024-05-21T15:24:54.779 INFO:journalctl@ceph.mon.a.smithi038.stdout:May 21 15:24:54 smithi038 ceph-mon[31995]: from='mgr.14120 172.21.15.38:0/3887460964' entity='mgr.x' cmd=[{"prefix": "mgr metadata", "who": "x", "id": "x"}]: dispatch
2024-05-21T15:24:54.779 INFO:journalctl@ceph.mon.a.smithi038.stdout:May 21 15:24:54 smithi038 ceph-mon[31995]: from='mgr.14120 172.21.15.38:0/3887460964' entity='mgr.x' cmd=[{"prefix": "mds metadata"}]: dispatch
2024-05-21T15:24:54.779 INFO:journalctl@ceph.mon.a.smithi038.stdout:May 21 15:24:54 smithi038 ceph-mon[31995]: from='mgr.14120 172.21.15.38:0/3887460964' entity='mgr.x' cmd=[{"prefix": "osd metadata"}]: dispatch
2024-05-21T15:24:54.779 INFO:journalctl@ceph.mon.a.smithi038.stdout:May 21 15:24:54 smithi038 ceph-mon[31995]: from='mgr.14120 172.21.15.38:0/3887460964' entity='mgr.x' cmd=[{"prefix": "mon metadata"}]: dispatch
2024-05-21T15:24:54.779 INFO:journalctl@ceph.mon.a.smithi038.stdout:May 21 15:24:54 smithi038 ceph-mon[31995]: Manager daemon x is now available
2024-05-21T15:24:54.779 INFO:journalctl@ceph.mon.a.smithi038.stdout:May 21 15:24:54 smithi038 ceph-mon[31995]: from='mgr.14120 172.21.15.38:0/3887460964' entity='mgr.x'
2024-05-21T15:24:54.779 INFO:journalctl@ceph.mon.a.smithi038.stdout:May 21 15:24:54 smithi038 ceph-mon[31995]: from='mgr.14120 172.21.15.38:0/3887460964' entity='mgr.x'
2024-05-21T15:24:54.779 INFO:journalctl@ceph.mon.a.smithi038.stdout:May 21 15:24:54 smithi038 ceph-mon[31995]: from='mgr.14120 172.21.15.38:0/3887460964' entity='mgr.x' cmd=[{"prefix": "config dump", "format": "json"}]: dispatch
2024-05-21T15:24:54.779 INFO:journalctl@ceph.mon.a.smithi038.stdout:May 21 15:24:54 smithi038 ceph-mon[31995]: from='mgr.14120 172.21.15.38:0/3887460964' entity='mgr.x' cmd=[{"prefix": "config dump", "format": "json"}]: dispatch
2024-05-21T15:24:55.713 INFO:journalctl@ceph.mon.a.smithi038.stdout:May 21 15:24:55 smithi038 ceph-mon[31995]: Found migration_current of "None". Setting to last migration.
2024-05-21T15:24:55.713 INFO:journalctl@ceph.mon.a.smithi038.stdout:May 21 15:24:55 smithi038 ceph-mon[31995]: from='mgr.14120 172.21.15.38:0/3887460964' entity='mgr.x' cmd=[{"prefix":"config rm","who":"mgr","name":"mgr/rbd_support/x/mirror_snapshot_schedule"}]: dispatch
2024-05-21T15:24:55.713 INFO:journalctl@ceph.mon.a.smithi038.stdout:May 21 15:24:55 smithi038 ceph-mon[31995]: from='mgr.14120 172.21.15.38:0/3887460964' entity='mgr.x' cmd=[{"prefix":"config rm","who":"mgr","name":"mgr/rbd_support/x/trash_purge_schedule"}]: dispatch
2024-05-21T15:24:55.713 INFO:journalctl@ceph.mon.a.smithi038.stdout:May 21 15:24:55 smithi038 ceph-mon[31995]: from='mgr.14120 172.21.15.38:0/3887460964' entity='mgr.x'
2024-05-21T15:24:55.713 INFO:journalctl@ceph.mon.a.smithi038.stdout:May 21 15:24:55 smithi038 ceph-mon[31995]: from='mgr.14120 172.21.15.38:0/3887460964' entity='mgr.x'
2024-05-21T15:24:55.713 INFO:journalctl@ceph.mon.a.smithi038.stdout:May 21 15:24:55 smithi038 ceph-mon[31995]: mgrmap e7: x(active, since 1.00646s)
2024-05-21T15:24:55.937 INFO:teuthology.orchestra.run.smithi038.stdout:/usr/bin/ceph: stdout {
2024-05-21T15:24:55.938 INFO:teuthology.orchestra.run.smithi038.stdout:/usr/bin/ceph: stdout "mgrmap_epoch": 7,
2024-05-21T15:24:55.938 INFO:teuthology.orchestra.run.smithi038.stdout:/usr/bin/ceph: stdout "initialized": true
2024-05-21T15:24:55.938 INFO:teuthology.orchestra.run.smithi038.stdout:/usr/bin/ceph: stdout }
2024-05-21T15:24:55.938 INFO:teuthology.orchestra.run.smithi038.stdout:/usr/bin/ceph: stderr
2024-05-21T15:24:49.335+0000 7f2ad2b23700 1 Processor -- start
2024-05-21T15:24:55.938 INFO:teuthology.orchestra.run.smithi038.stdout:/usr/bin/ceph: stderr
2024-05-21T15:24:49.335+0000 7f2ad2b23700 1 -- start start
2024-05-21T15:24:55.938 INFO:teuthology.orchestra.run.smithi038.stdout:/usr/bin/ceph: stderr
2024-05-21T15:24:49.335+0000 7f2ad2b23700 1 --2- >> [v2:172.21.15.38:3300/0,v1:172.21.15.38:6789/0] conn(0x7f2acc07c6f0 0x7f2acc10b780 unknown :-1 s=NONE pgs=0 cs=0 l=0 rev1=0 crypto rx=0 tx=0 comp rx=0 tx=0).connect
2024-05-21T15:24:55.938 INFO:teuthology.orchestra.run.smithi038.stdout:/usr/bin/ceph: stderr
2024-05-21T15:24:49.335+0000 7f2ad2b23700 1 -- --> [v2:172.21.15.38:3300/0,v1:172.21.15.38:6789/0] -- mon_getmap magic: 0 -- 0x7f2acc10bd90 con 0x7f2acc07c6f0
2024-05-21T15:24:55.938 INFO:teuthology.orchestra.run.smithi038.stdout:/usr/bin/ceph: stderr
2024-05-21T15:24:49.336+0000 7f2ad08bf700 1 --2- >> [v2:172.21.15.38:3300/0,v1:172.21.15.38:6789/0] conn(0x7f2acc07c6f0 0x7f2acc10b780 unknown :-1 s=BANNER_CONNECTING pgs=0 cs=0 l=0 rev1=0 crypto rx=0 tx=0 comp rx=0 tx=0)._handle_peer_banner_payload supported=3 required=0
2024-05-21T15:24:55.938 INFO:teuthology.orchestra.run.smithi038.stdout:/usr/bin/ceph: stderr
2024-05-21T15:24:49.336+0000 7f2ad08bf700 1 --2- >> [v2:172.21.15.38:3300/0,v1:172.21.15.38:6789/0] conn(0x7f2acc07c6f0 0x7f2acc10b780 unknown :-1 s=HELLO_CONNECTING pgs=0 cs=0 l=0 rev1=1 crypto rx=0 tx=0 comp rx=0 tx=0).handle_hello peer v2:172.21.15.38:3300/0 says I am v2:172.21.15.38:48546/0 (socket says 172.21.15.38:48546)
2024-05-21T15:24:55.938 INFO:teuthology.orchestra.run.smithi038.stdout:/usr/bin/ceph: stderr
2024-05-21T15:24:49.336+0000 7f2ad08bf700 1 -- 172.21.15.38:0/57471743 learned_addr learned my addr 172.21.15.38:0/57471743 (peer_addr_for_me v2:172.21.15.38:0/0)
2024-05-21T15:24:55.938 INFO:teuthology.orchestra.run.smithi038.stdout:/usr/bin/ceph: stderr
2024-05-21T15:24:49.336+0000 7f2ad08bf700 1 -- 172.21.15.38:0/57471743 --> [v2:172.21.15.38:3300/0,v1:172.21.15.38:6789/0] -- mon_subscribe({config=0+,monmap=0+}) -- 0x7f2acc10bf10 con 0x7f2acc07c6f0
2024-05-21T15:24:55.938 INFO:teuthology.orchestra.run.smithi038.stdout:/usr/bin/ceph: stderr
2024-05-21T15:24:49.336+0000 7f2ad08bf700 1 --2- 172.21.15.38:0/57471743 >> [v2:172.21.15.38:3300/0,v1:172.21.15.38:6789/0] conn(0x7f2acc07c6f0 0x7f2acc10b780 secure :-1 s=READY pgs=28 cs=0 l=1 rev1=1 crypto rx=0x7f2ac00098a0 tx=0x7f2ac0009bb0 comp rx=0 tx=0).ready entity=mon.0 client_cookie=bda8a7f820b78711 server_cookie=0 in_seq=0 out_seq=0
2024-05-21T15:24:55.939 INFO:teuthology.orchestra.run.smithi038.stdout:/usr/bin/ceph: stderr
2024-05-21T15:24:49.336+0000 7f2acb7fe700 1 -- 172.21.15.38:0/57471743 <== mon.0 v2:172.21.15.38:3300/0 1 ==== mon_map magic: 0 ==== 205+0+0 (secure 0 0 0) 0x7f2ac0004160 con 0x7f2acc07c6f0
2024-05-21T15:24:55.939 INFO:teuthology.orchestra.run.smithi038.stdout:/usr/bin/ceph: stderr
2024-05-21T15:24:49.336+0000 7f2acb7fe700 1 -- 172.21.15.38:0/57471743 <== mon.0 v2:172.21.15.38:3300/0 2 ==== config(27 keys) ==== 1109+0+0 (secure 0 0 0) 0x7f2ac0004300 con 0x7f2acc07c6f0
2024-05-21T15:24:55.939 INFO:teuthology.orchestra.run.smithi038.stdout:/usr/bin/ceph: stderr
2024-05-21T15:24:49.336+0000 7f2acb7fe700 1 -- 172.21.15.38:0/57471743 <== mon.0 v2:172.21.15.38:3300/0 3 ==== mon_map magic: 0 ==== 205+0+0 (secure 0 0 0) 0x7f2ac0011b50 con 0x7f2acc07c6f0
2024-05-21T15:24:55.939 INFO:teuthology.orchestra.run.smithi038.stdout:/usr/bin/ceph: stderr
2024-05-21T15:24:49.337+0000 7f2ad2b23700 1 -- 172.21.15.38:0/57471743 >> [v2:172.21.15.38:3300/0,v1:172.21.15.38:6789/0] conn(0x7f2acc07c6f0 msgr2=0x7f2acc10b780 secure :-1 s=STATE_CONNECTION_ESTABLISHED l=1).mark_down
2024-05-21T15:24:55.939 INFO:teuthology.orchestra.run.smithi038.stdout:/usr/bin/ceph: stderr
2024-05-21T15:24:49.337+0000 7f2ad2b23700 1 --2- 172.21.15.38:0/57471743 >> [v2:172.21.15.38:3300/0,v1:172.21.15.38:6789/0] conn(0x7f2acc07c6f0 0x7f2acc10b780 secure :-1 s=READY pgs=28 cs=0 l=1 rev1=1 crypto rx=0x7f2ac00098a0 tx=0x7f2ac0009bb0 comp rx=0 tx=0).stop
2024-05-21T15:24:55.939 INFO:teuthology.orchestra.run.smithi038.stdout:/usr/bin/ceph: stderr
2024-05-21T15:24:49.337+0000 7f2ad2b23700 1 -- 172.21.15.38:0/57471743 shutdown_connections
2024-05-21T15:24:55.939 INFO:teuthology.orchestra.run.smithi038.stdout:/usr/bin/ceph: stderr
2024-05-21T15:24:49.337+0000 7f2ad2b23700 1 --2- 172.21.15.38:0/57471743 >> [v2:172.21.15.38:3300/0,v1:172.21.15.38:6789/0] conn(0x7f2acc07c6f0 0x7f2acc10b780 unknown :-1 s=CLOSED pgs=28 cs=0 l=1 rev1=1 crypto rx=0 tx=0 comp rx=0 tx=0).stop
2024-05-21T15:24:55.939 INFO:teuthology.orchestra.run.smithi038.stdout:/usr/bin/ceph: stderr
2024-05-21T15:24:49.337+0000 7f2ad2b23700 1 -- 172.21.15.38:0/57471743 >> 172.21.15.38:0/57471743 conn(0x7f2acc103230 msgr2=0x7f2acc105680 unknown :-1 s=STATE_NONE l=0).mark_down
2024-05-21T15:24:55.939 INFO:teuthology.orchestra.run.smithi038.stdout:/usr/bin/ceph: stderr
2024-05-21T15:24:49.337+0000 7f2ad2b23700 1 -- 172.21.15.38:0/57471743 shutdown_connections
2024-05-21T15:24:55.939 INFO:teuthology.orchestra.run.smithi038.stdout:/usr/bin/ceph: stderr
2024-05-21T15:24:49.337+0000 7f2ad2b23700 1 -- 172.21.15.38:0/57471743 wait complete.
2024-05-21T15:24:55.939 INFO:teuthology.orchestra.run.smithi038.stdout:/usr/bin/ceph: stderr
2024-05-21T15:24:49.338+0000 7f2ad2b23700 1 Processor -- start
2024-05-21T15:24:55.939 INFO:teuthology.orchestra.run.smithi038.stdout:/usr/bin/ceph: stderr
2024-05-21T15:24:49.338+0000 7f2ad2b23700 1 -- start start
2024-05-21T15:24:55.940 INFO:teuthology.orchestra.run.smithi038.stdout:/usr/bin/ceph: stderr
2024-05-21T15:24:49.338+0000 7f2ad2b23700 1 --2- >> [v2:172.21.15.38:3300/0,v1:172.21.15.38:6789/0] conn(0x7f2acc07c6f0 0x7f2acc19d040 unknown :-1 s=NONE pgs=0 cs=0 l=1 rev1=0 crypto rx=0 tx=0 comp rx=0 tx=0).connect
2024-05-21T15:24:55.940 INFO:teuthology.orchestra.run.smithi038.stdout:/usr/bin/ceph: stderr
2024-05-21T15:24:49.338+0000 7f2ad2b23700 1 -- --> [v2:172.21.15.38:3300/0,v1:172.21.15.38:6789/0] -- mon_getmap magic: 0 -- 0x7f2acc10cff0 con 0x7f2acc07c6f0
2024-05-21T15:24:55.940 INFO:teuthology.orchestra.run.smithi038.stdout:/usr/bin/ceph: stderr
2024-05-21T15:24:49.338+0000 7f2ad08bf700 1 --2- >> [v2:172.21.15.38:3300/0,v1:172.21.15.38:6789/0] conn(0x7f2acc07c6f0 0x7f2acc19d040 unknown :-1 s=BANNER_CONNECTING pgs=0 cs=0 l=1 rev1=0 crypto rx=0 tx=0 comp rx=0 tx=0)._handle_peer_banner_payload supported=3 required=0
2024-05-21T15:24:55.940 INFO:teuthology.orchestra.run.smithi038.stdout:/usr/bin/ceph: stderr
2024-05-21T15:24:49.338+0000 7f2ad08bf700 1 --2- >> [v2:172.21.15.38:3300/0,v1:172.21.15.38:6789/0] conn(0x7f2acc07c6f0 0x7f2acc19d040 unknown :-1 s=HELLO_CONNECTING pgs=0 cs=0 l=1 rev1=1 crypto rx=0 tx=0 comp rx=0 tx=0).handle_hello peer v2:172.21.15.38:3300/0 says I am v2:172.21.15.38:48558/0 (socket says 172.21.15.38:48558)
2024-05-21T15:24:55.940 INFO:teuthology.orchestra.run.smithi038.stdout:/usr/bin/ceph: stderr
2024-05-21T15:24:49.338+0000 7f2ad08bf700 1 -- 172.21.15.38:0/2809232106 learned_addr learned my addr 172.21.15.38:0/2809232106 (peer_addr_for_me v2:172.21.15.38:0/0)
2024-05-21T15:24:55.940 INFO:teuthology.orchestra.run.smithi038.stdout:/usr/bin/ceph: stderr
2024-05-21T15:24:49.339+0000 7f2ad08bf700 1 -- 172.21.15.38:0/2809232106 --> [v2:172.21.15.38:3300/0,v1:172.21.15.38:6789/0] -- mon_subscribe({config=0+,monmap=0+}) -- 0x7f2acc19d580 con 0x7f2acc07c6f0
2024-05-21T15:24:55.940 INFO:teuthology.orchestra.run.smithi038.stdout:/usr/bin/ceph: stderr
2024-05-21T15:24:49.339+0000 7f2ad08bf700 1 --2- 172.21.15.38:0/2809232106 >> [v2:172.21.15.38:3300/0,v1:172.21.15.38:6789/0] conn(0x7f2acc07c6f0 0x7f2acc19d040 secure :-1 s=READY pgs=29 cs=0 l=1 rev1=1 crypto rx=0x7f2ac0009fb0 tx=0x7f2ac0011bf0 comp rx=0 tx=0).ready entity=mon.0 client_cookie=0 server_cookie=0 in_seq=0 out_seq=0
2024-05-21T15:24:55.940 INFO:teuthology.orchestra.run.smithi038.stdout:/usr/bin/ceph: stderr
2024-05-21T15:24:49.339+0000 7f2ac9ffb700 1 -- 172.21.15.38:0/2809232106 <== mon.0 v2:172.21.15.38:3300/0 1 ==== mon_map magic: 0 ==== 205+0+0 (secure 0 0 0) 0x7f2ac00038b0 con 0x7f2acc07c6f0
2024-05-21T15:24:55.940 INFO:teuthology.orchestra.run.smithi038.stdout:/usr/bin/ceph: stderr
2024-05-21T15:24:49.339+0000 7f2ad2b23700 1 -- 172.21.15.38:0/2809232106 --> [v2:172.21.15.38:3300/0,v1:172.21.15.38:6789/0] -- mon_subscribe({mgrmap=0+}) -- 0x7f2acc19d810 con 0x7f2acc07c6f0
2024-05-21T15:24:55.940 INFO:teuthology.orchestra.run.smithi038.stdout:/usr/bin/ceph: stderr
2024-05-21T15:24:49.339+0000 7f2ac9ffb700 1 -- 172.21.15.38:0/2809232106 <== mon.0 v2:172.21.15.38:3300/0 2 ==== config(27 keys) ==== 1109+0+0 (secure 0 0 0) 0x7f2ac0011e50 con 0x7f2acc07c6f0
2024-05-21T15:24:55.940 INFO:teuthology.orchestra.run.smithi038.stdout:/usr/bin/ceph: stderr
2024-05-21T15:24:49.339+0000 7f2ac9ffb700 1 -- 172.21.15.38:0/2809232106 <== mon.0 v2:172.21.15.38:3300/0 3 ==== mon_map magic: 0 ==== 205+0+0 (secure 0 0 0) 0x7f2ac0019550 con 0x7f2acc07c6f0
2024-05-21T15:24:55.940 INFO:teuthology.orchestra.run.smithi038.stdout:/usr/bin/ceph: stderr
2024-05-21T15:24:49.339+0000 7f2ad2b23700 1 -- 172.21.15.38:0/2809232106 --> [v2:172.21.15.38:3300/0,v1:172.21.15.38:6789/0] -- mon_subscribe({osdmap=0}) -- 0x7f2acc1a0420 con 0x7f2acc07c6f0
2024-05-21T15:24:55.940 INFO:teuthology.orchestra.run.smithi038.stdout:/usr/bin/ceph: stderr
2024-05-21T15:24:49.340+0000 7f2ac9ffb700 1 -- 172.21.15.38:0/2809232106 <== mon.0 v2:172.21.15.38:3300/0 4 ==== mgrmap(e 5) ==== 46287+0+0 (secure 0 0 0) 0x7f2ac0019850 con 0x7f2acc07c6f0
2024-05-21T15:24:55.941 INFO:teuthology.orchestra.run.smithi038.stdout:/usr/bin/ceph: stderr
2024-05-21T15:24:49.341+0000 7f2ac9ffb700 1 --2- 172.21.15.38:0/2809232106 >> [v2:172.21.15.38:6800/3523378851,v1:172.21.15.38:6801/3523378851] conn(0x7f2abc039000 0x7f2abc03b510 unknown :-1 s=NONE pgs=0 cs=0 l=1 rev1=0 crypto rx=0 tx=0 comp rx=0 tx=0).connect
2024-05-21T15:24:55.941 INFO:teuthology.orchestra.run.smithi038.stdout:/usr/bin/ceph: stderr
2024-05-21T15:24:49.341+0000 7f2ac9ffb700 1 -- 172.21.15.38:0/2809232106 --> [v2:172.21.15.38:6800/3523378851,v1:172.21.15.38:6801/3523378851] -- command(tid 0: {"prefix": "get_command_descriptions"}) -- 0x7f2abc03bc20 con 0x7f2abc039000
2024-05-21T15:24:55.941 INFO:teuthology.orchestra.run.smithi038.stdout:/usr/bin/ceph: stderr
2024-05-21T15:24:49.341+0000 7f2ac9ffb700 1 -- 172.21.15.38:0/2809232106 <== mon.0 v2:172.21.15.38:3300/0 5 ==== osd_map(1..1 src has 1..1) ==== 725+0+0 (secure 0 0 0) 0x7f2ac004e270 con 0x7f2acc07c6f0
2024-05-21T15:24:55.941 INFO:teuthology.orchestra.run.smithi038.stdout:/usr/bin/ceph: stderr
2024-05-21T15:24:49.341+0000 7f2acbfff700 1 -- 172.21.15.38:0/2809232106 >> [v2:172.21.15.38:6800/3523378851,v1:172.21.15.38:6801/3523378851] conn(0x7f2abc039000 msgr2=0x7f2abc03b510 unknown :-1 s=STATE_CONNECTING_RE l=1).process reconnect failed to v2:172.21.15.38:6800/3523378851
2024-05-21T15:24:55.941 INFO:teuthology.orchestra.run.smithi038.stdout:/usr/bin/ceph: stderr
2024-05-21T15:24:49.341+0000 7f2acbfff700 1 --2- 172.21.15.38:0/2809232106 >> [v2:172.21.15.38:6800/3523378851,v1:172.21.15.38:6801/3523378851] conn(0x7f2abc039000 0x7f2abc03b510 unknown :-1 s=START_CONNECT pgs=0 cs=0 l=1 rev1=0 crypto rx=0 tx=0 comp rx=0 tx=0)._fault waiting 0.200000
2024-05-21T15:24:55.941 INFO:teuthology.orchestra.run.smithi038.stdout:/usr/bin/ceph: stderr
2024-05-21T15:24:49.542+0000 7f2acbfff700 1 -- 172.21.15.38:0/2809232106 >> [v2:172.21.15.38:6800/3523378851,v1:172.21.15.38:6801/3523378851] conn(0x7f2abc039000 msgr2=0x7f2abc03b510 unknown :-1 s=STATE_CONNECTING_RE l=1).process reconnect failed to v2:172.21.15.38:6800/3523378851
2024-05-21T15:24:55.941 INFO:teuthology.orchestra.run.smithi038.stdout:/usr/bin/ceph: stderr
2024-05-21T15:24:49.542+0000 7f2acbfff700 1 --2- 172.21.15.38:0/2809232106 >> [v2:172.21.15.38:6800/3523378851,v1:172.21.15.38:6801/3523378851] conn(0x7f2abc039000 0x7f2abc03b510 unknown :-1 s=START_CONNECT pgs=0 cs=0 l=1 rev1=0 crypto rx=0 tx=0 comp rx=0 tx=0)._fault waiting 0.400000
2024-05-21T15:24:55.941 INFO:teuthology.orchestra.run.smithi038.stdout:/usr/bin/ceph: stderr
2024-05-21T15:24:49.943+0000 7f2acbfff700 1 -- 172.21.15.38:0/2809232106 >> [v2:172.21.15.38:6800/3523378851,v1:172.21.15.38:6801/3523378851] conn(0x7f2abc039000 msgr2=0x7f2abc03b510 unknown :-1 s=STATE_CONNECTING_RE l=1).process reconnect failed to v2:172.21.15.38:6800/3523378851
2024-05-21T15:24:55.941 INFO:teuthology.orchestra.run.smithi038.stdout:/usr/bin/ceph: stderr
2024-05-21T15:24:49.943+0000 7f2acbfff700 1 --2- 172.21.15.38:0/2809232106 >> [v2:172.21.15.38:6800/3523378851,v1:172.21.15.38:6801/3523378851] conn(0x7f2abc039000 0x7f2abc03b510 unknown :-1 s=START_CONNECT pgs=0 cs=0 l=1 rev1=0 crypto rx=0 tx=0 comp rx=0 tx=0)._fault waiting 0.800000
2024-05-21T15:24:55.941 INFO:teuthology.orchestra.run.smithi038.stdout:/usr/bin/ceph: stderr
2024-05-21T15:24:50.744+0000 7f2acbfff700 1 -- 172.21.15.38:0/2809232106 >> [v2:172.21.15.38:6800/3523378851,v1:172.21.15.38:6801/3523378851] conn(0x7f2abc039000 msgr2=0x7f2abc03b510 unknown :-1 s=STATE_CONNECTING_RE l=1).process reconnect failed to v2:172.21.15.38:6800/3523378851
2024-05-21T15:24:55.941 INFO:teuthology.orchestra.run.smithi038.stdout:/usr/bin/ceph: stderr
2024-05-21T15:24:50.744+0000 7f2acbfff700 1 --2- 172.21.15.38:0/2809232106 >> [v2:172.21.15.38:6800/3523378851,v1:172.21.15.38:6801/3523378851] conn(0x7f2abc039000 0x7f2abc03b510 unknown :-1 s=START_CONNECT pgs=0 cs=0 l=1 rev1=0 crypto rx=0 tx=0 comp rx=0 tx=0)._fault waiting 1.600000
2024-05-21T15:24:55.941 INFO:teuthology.orchestra.run.smithi038.stdout:/usr/bin/ceph: stderr
2024-05-21T15:24:52.345+0000 7f2acbfff700 1 -- 172.21.15.38:0/2809232106 >> [v2:172.21.15.38:6800/3523378851,v1:172.21.15.38:6801/3523378851] conn(0x7f2abc039000 msgr2=0x7f2abc03b510 unknown :-1 s=STATE_CONNECTING_RE l=1).process reconnect failed to v2:172.21.15.38:6800/3523378851
2024-05-21T15:24:55.941 INFO:teuthology.orchestra.run.smithi038.stdout:/usr/bin/ceph: stderr
2024-05-21T15:24:52.345+0000 7f2acbfff700 1 --2- 172.21.15.38:0/2809232106 >> [v2:172.21.15.38:6800/3523378851,v1:172.21.15.38:6801/3523378851] conn(0x7f2abc039000 0x7f2abc03b510 unknown :-1 s=START_CONNECT pgs=0 cs=0 l=1 rev1=0 crypto rx=0 tx=0 comp rx=0 tx=0)._fault waiting 3.200000
2024-05-21T15:24:55.942 INFO:teuthology.orchestra.run.smithi038.stdout:/usr/bin/ceph: stderr
2024-05-21T15:24:54.408+0000 7f2ac9ffb700 1 -- 172.21.15.38:0/2809232106 <== mon.0 v2:172.21.15.38:3300/0 6 ==== mgrmap(e 6) ==== 46054+0+0 (secure 0 0 0) 0x7f2ac0029d00 con 0x7f2acc07c6f0
2024-05-21T15:24:55.942 INFO:teuthology.orchestra.run.smithi038.stdout:/usr/bin/ceph: stderr
2024-05-21T15:24:54.408+0000 7f2ac9ffb700 1 -- 172.21.15.38:0/2809232106 >> [v2:172.21.15.38:6800/3523378851,v1:172.21.15.38:6801/3523378851] conn(0x7f2abc039000 msgr2=0x7f2abc03b510 unknown :-1 s=STATE_CONNECTING l=1).mark_down
2024-05-21T15:24:55.942 INFO:teuthology.orchestra.run.smithi038.stdout:/usr/bin/ceph: stderr
2024-05-21T15:24:54.408+0000 7f2ac9ffb700 1 --2- 172.21.15.38:0/2809232106 >> [v2:172.21.15.38:6800/3523378851,v1:172.21.15.38:6801/3523378851] conn(0x7f2abc039000 0x7f2abc03b510 unknown :-1 s=START_CONNECT pgs=0 cs=0 l=1 rev1=0 crypto rx=0 tx=0 comp rx=0 tx=0).stop
2024-05-21T15:24:55.942 INFO:teuthology.orchestra.run.smithi038.stdout:/usr/bin/ceph: stderr
2024-05-21T15:24:55.407+0000 7f2ac9ffb700 1 -- 172.21.15.38:0/2809232106 <== mon.0 v2:172.21.15.38:3300/0 7 ==== mgrmap(e 7) ==== 46181+0+0 (secure 0 0 0) 0x7f2ac0018350 con 0x7f2acc07c6f0
2024-05-21T15:24:55.942 INFO:teuthology.orchestra.run.smithi038.stdout:/usr/bin/ceph: stderr
2024-05-21T15:24:55.407+0000 7f2ac9ffb700 1 --2- 172.21.15.38:0/2809232106 >> [v2:172.21.15.38:6800/1481949523,v1:172.21.15.38:6801/1481949523] conn(0x7f2abc03c980 0x7f2abc03eda0 unknown :-1 s=NONE pgs=0 cs=0 l=1 rev1=0 crypto rx=0 tx=0 comp rx=0 tx=0).connect
2024-05-21T15:24:55.942 INFO:teuthology.orchestra.run.smithi038.stdout:/usr/bin/ceph: stderr
2024-05-21T15:24:55.407+0000 7f2ac9ffb700 1 -- 172.21.15.38:0/2809232106 --> [v2:172.21.15.38:6800/1481949523,v1:172.21.15.38:6801/1481949523] -- command(tid 0: {"prefix": "get_command_descriptions"}) -- 0x7f2ac0003bf0 con 0x7f2abc03c980
2024-05-21T15:24:55.942 INFO:teuthology.orchestra.run.smithi038.stdout:/usr/bin/ceph: stderr
2024-05-21T15:24:55.408+0000 7f2acbfff700 1 --2- 172.21.15.38:0/2809232106 >> [v2:172.21.15.38:6800/1481949523,v1:172.21.15.38:6801/1481949523] conn(0x7f2abc03c980 0x7f2abc03eda0 unknown :-1 s=BANNER_CONNECTING pgs=0 cs=0 l=1 rev1=0 crypto rx=0 tx=0 comp rx=0 tx=0)._handle_peer_banner_payload supported=3 required=0
2024-05-21T15:24:55.942 INFO:teuthology.orchestra.run.smithi038.stdout:/usr/bin/ceph: stderr
2024-05-21T15:24:55.409+0000 7f2acbfff700 1 --2- 172.21.15.38:0/2809232106 >> [v2:172.21.15.38:6800/1481949523,v1:172.21.15.38:6801/1481949523] conn(0x7f2abc03c980 0x7f2abc03eda0 secure :-1 s=READY pgs=2 cs=0 l=1 rev1=1 crypto rx=0x7f2ab8003a10 tx=0x7f2ab8009290 comp rx=0 tx=0).ready entity=mgr.14120 client_cookie=0 server_cookie=0 in_seq=0 out_seq=0
2024-05-21T15:24:55.942 INFO:teuthology.orchestra.run.smithi038.stdout:/usr/bin/ceph: stderr
2024-05-21T15:24:55.409+0000 7f2ac9ffb700 1 -- 172.21.15.38:0/2809232106 <== mgr.14120 v2:172.21.15.38:6800/1481949523 1 ==== command_reply(tid 0: 0 ) ==== 8+0+7774 (secure 0 0 0) 0x7f2ac0003bf0 con 0x7f2abc03c980
2024-05-21T15:24:55.942 INFO:teuthology.orchestra.run.smithi038.stdout:/usr/bin/ceph: stderr
2024-05-21T15:24:55.416+0000 7f2ad2b23700 1 -- 172.21.15.38:0/2809232106 --> [v2:172.21.15.38:6800/1481949523,v1:172.21.15.38:6801/1481949523] -- command(tid 1: {"prefix": "mgr_status"}) -- 0x7f2acc063ca0 con 0x7f2abc03c980
2024-05-21T15:24:55.942 INFO:teuthology.orchestra.run.smithi038.stdout:/usr/bin/ceph: stderr
2024-05-21T15:24:55.416+0000 7f2ac9ffb700 1 -- 172.21.15.38:0/2809232106 <== mgr.14120 v2:172.21.15.38:6800/1481949523 2 ==== command_reply(tid 1: 0 ) ==== 8+0+51 (secure 0 0 0) 0x7f2acc063ca0 con 0x7f2abc03c980
2024-05-21T15:24:55.942 INFO:teuthology.orchestra.run.smithi038.stdout:/usr/bin/ceph: stderr
2024-05-21T15:24:55.417+0000 7f2ad2b23700 1 -- 172.21.15.38:0/2809232106 >> [v2:172.21.15.38:6800/1481949523,v1:172.21.15.38:6801/1481949523] conn(0x7f2abc03c980 msgr2=0x7f2abc03eda0 secure :-1 s=STATE_CONNECTION_ESTABLISHED l=1).mark_down
2024-05-21T15:24:55.942 INFO:teuthology.orchestra.run.smithi038.stdout:/usr/bin/ceph: stderr
2024-05-21T15:24:55.417+0000 7f2ad2b23700 1 --2- 172.21.15.38:0/2809232106 >> [v2:172.21.15.38:6800/1481949523,v1:172.21.15.38:6801/1481949523] conn(0x7f2abc03c980 0x7f2abc03eda0 secure :-1 s=READY pgs=2 cs=0 l=1 rev1=1 crypto rx=0x7f2ab8003a10 tx=0x7f2ab8009290 comp rx=0 tx=0).stop
2024-05-21T15:24:55.943 INFO:teuthology.orchestra.run.smithi038.stdout:/usr/bin/ceph: stderr
2024-05-21T15:24:55.417+0000 7f2ad2b23700 1 -- 172.21.15.38:0/2809232106 >> [v2:172.21.15.38:3300/0,v1:172.21.15.38:6789/0] conn(0x7f2acc07c6f0 msgr2=0x7f2acc19d040 secure :-1 s=STATE_CONNECTION_ESTABLISHED l=1).mark_down
2024-05-21T15:24:55.943 INFO:teuthology.orchestra.run.smithi038.stdout:/usr/bin/ceph: stderr
2024-05-21T15:24:55.417+0000 7f2ad2b23700 1 --2- 172.21.15.38:0/2809232106 >> [v2:172.21.15.38:3300/0,v1:172.21.15.38:6789/0] conn(0x7f2acc07c6f0 0x7f2acc19d040 secure :-1 s=READY pgs=29 cs=0 l=1 rev1=1 crypto rx=0x7f2ac0009fb0 tx=0x7f2ac0011bf0 comp rx=0 tx=0).stop
2024-05-21T15:24:55.943 INFO:teuthology.orchestra.run.smithi038.stdout:/usr/bin/ceph: stderr
2024-05-21T15:24:55.417+0000 7f2ad2b23700 1 -- 172.21.15.38:0/2809232106 shutdown_connections
2024-05-21T15:24:55.943 INFO:teuthology.orchestra.run.smithi038.stdout:/usr/bin/ceph: stderr
2024-05-21T15:24:55.417+0000 7f2ad2b23700 1 --2- 172.21.15.38:0/2809232106 >> [v2:172.21.15.38:3300/0,v1:172.21.15.38:6789/0] conn(0x7f2acc07c6f0 0x7f2acc19d040 unknown :-1 s=CLOSED pgs=29 cs=0 l=1 rev1=1 crypto rx=0 tx=0 comp rx=0 tx=0).stop
2024-05-21T15:24:55.943 INFO:teuthology.orchestra.run.smithi038.stdout:/usr/bin/ceph: stderr
2024-05-21T15:24:55.417+0000 7f2ad2b23700 1 --2- 172.21.15.38:0/2809232106 >> [v2:172.21.15.38:6800/1481949523,v1:172.21.15.38:6801/1481949523] conn(0x7f2abc03c980 0x7f2abc03eda0 unknown :-1 s=CLOSED pgs=2 cs=0 l=1 rev1=1 crypto rx=0 tx=0 comp rx=0 tx=0).stop
2024-05-21T15:24:55.943 INFO:teuthology.orchestra.run.smithi038.stdout:/usr/bin/ceph: stderr
2024-05-21T15:24:55.417+0000 7f2ad2b23700 1 --2- 172.21.15.38:0/2809232106 >> [v2:172.21.15.38:6800/3523378851,v1:172.21.15.38:6801/3523378851] conn(0x7f2abc039000 0x7f2abc03b510 unknown :-1 s=CLOSED pgs=0 cs=0 l=1 rev1=0 crypto rx=0 tx=0 comp rx=0 tx=0).stop
2024-05-21T15:24:55.943 INFO:teuthology.orchestra.run.smithi038.stdout:/usr/bin/ceph: stderr
2024-05-21T15:24:55.417+0000 7f2ad2b23700 1 -- 172.21.15.38:0/2809232106 >> 172.21.15.38:0/2809232106 conn(0x7f2acc103230 msgr2=0x7f2acc104c30 unknown :-1 s=STATE_NONE l=0).mark_down
2024-05-21T15:24:55.943 INFO:teuthology.orchestra.run.smithi038.stdout:/usr/bin/ceph: stderr
2024-05-21T15:24:55.417+0000 7f2ad2b23700 1 -- 172.21.15.38:0/2809232106 shutdown_connections
2024-05-21T15:24:55.943 INFO:teuthology.orchestra.run.smithi038.stdout:/usr/bin/ceph: stderr
2024-05-21T15:24:55.417+0000 7f2ad2b23700 1 -- 172.21.15.38:0/2809232106 wait complete.
2024-05-21T15:24:55.943 INFO:teuthology.orchestra.run.smithi038.stdout:mgr epoch 5 is available
2024-05-21T15:24:55.943 INFO:teuthology.orchestra.run.smithi038.stdout:Setting orchestrator backend to cephadm...
2024-05-21T15:24:56.610 INFO:journalctl@ceph.mon.a.smithi038.stdout:May 21 15:24:56 smithi038 ceph-mon[31995]: [21/May/2024:15:24:55] ENGINE Bus STARTING
2024-05-21T15:24:56.610 INFO:journalctl@ceph.mon.a.smithi038.stdout:May 21 15:24:56 smithi038 ceph-mon[31995]: from='client.14124 -' entity='client.admin' cmd=[{"prefix": "get_command_descriptions"}]: dispatch
2024-05-21T15:24:56.610 INFO:journalctl@ceph.mon.a.smithi038.stdout:May 21 15:24:56 smithi038 ceph-mon[31995]: from='client.14124 -' entity='client.admin' cmd=[{"prefix": "mgr_status"}]: dispatch
2024-05-21T15:24:56.610 INFO:journalctl@ceph.mon.a.smithi038.stdout:May 21 15:24:56 smithi038 ceph-mon[31995]: [21/May/2024:15:24:55] ENGINE Serving on https://172.21.15.38:7150
2024-05-21T15:24:56.610 INFO:journalctl@ceph.mon.a.smithi038.stdout:May 21 15:24:56 smithi038 ceph-mon[31995]: [21/May/2024:15:24:55] ENGINE Serving on http://172.21.15.38:8765
2024-05-21T15:24:56.610 INFO:journalctl@ceph.mon.a.smithi038.stdout:May 21 15:24:56 smithi038 ceph-mon[31995]: [21/May/2024:15:24:55] ENGINE Bus STARTED
2024-05-21T15:24:56.611 INFO:journalctl@ceph.mon.a.smithi038.stdout:May 21 15:24:56 smithi038 ceph-mon[31995]: from='mgr.14120 172.21.15.38:0/3887460964' entity='mgr.x' cmd=[{"prefix": "config dump", "format": "json"}]: dispatch
2024-05-21T15:24:57.133 INFO:teuthology.orchestra.run.smithi038.stdout:/usr/bin/ceph: stderr
2024-05-21T15:24:56.372+0000 7fb7bdfa2700 1 Processor -- start
2024-05-21T15:24:57.134 INFO:teuthology.orchestra.run.smithi038.stdout:/usr/bin/ceph: stderr
2024-05-21T15:24:56.372+0000 7fb7bdfa2700 1 -- start start
2024-05-21T15:24:57.134 INFO:teuthology.orchestra.run.smithi038.stdout:/usr/bin/ceph: stderr
2024-05-21T15:24:56.372+0000 7fb7bdfa2700 1 --2- >> [v2:172.21.15.38:3300/0,v1:172.21.15.38:6789/0] conn(0x7fb7b807bc80 0x7fb7b810b760 unknown :-1 s=NONE pgs=0 cs=0 l=0 rev1=0 crypto rx=0 tx=0 comp rx=0 tx=0).connect
2024-05-21T15:24:57.134 INFO:teuthology.orchestra.run.smithi038.stdout:/usr/bin/ceph: stderr
2024-05-21T15:24:56.373+0000 7fb7bdfa2700 1 -- --> [v2:172.21.15.38:3300/0,v1:172.21.15.38:6789/0] -- mon_getmap magic: 0 -- 0x7fb7b810bd30 con 0x7fb7b807bc80
2024-05-21T15:24:57.134 INFO:teuthology.orchestra.run.smithi038.stdout:/usr/bin/ceph: stderr
2024-05-21T15:24:56.373+0000 7fb7b77fe700 1 --2- >> [v2:172.21.15.38:3300/0,v1:172.21.15.38:6789/0] conn(0x7fb7b807bc80 0x7fb7b810b760 unknown :-1 s=BANNER_CONNECTING pgs=0 cs=0 l=0 rev1=0 crypto rx=0 tx=0 comp rx=0 tx=0)._handle_peer_banner_payload supported=3 required=0
2024-05-21T15:24:57.134 INFO:teuthology.orchestra.run.smithi038.stdout:/usr/bin/ceph: stderr
2024-05-21T15:24:56.373+0000 7fb7b77fe700 1 --2- >> [v2:172.21.15.38:3300/0,v1:172.21.15.38:6789/0] conn(0x7fb7b807bc80 0x7fb7b810b760 unknown :-1 s=HELLO_CONNECTING pgs=0 cs=0 l=0 rev1=1 crypto rx=0 tx=0 comp rx=0 tx=0).handle_hello peer v2:172.21.15.38:3300/0 says I am v2:172.21.15.38:41424/0 (socket says 172.21.15.38:41424)
2024-05-21T15:24:57.134 INFO:teuthology.orchestra.run.smithi038.stdout:/usr/bin/ceph: stderr
2024-05-21T15:24:56.373+0000 7fb7b77fe700 1 -- 172.21.15.38:0/1949017688 learned_addr learned my addr 172.21.15.38:0/1949017688 (peer_addr_for_me v2:172.21.15.38:0/0)
2024-05-21T15:24:57.134 INFO:teuthology.orchestra.run.smithi038.stdout:/usr/bin/ceph: stderr
2024-05-21T15:24:56.373+0000 7fb7b77fe700 1 -- 172.21.15.38:0/1949017688 --> [v2:172.21.15.38:3300/0,v1:172.21.15.38:6789/0] -- mon_subscribe({config=0+,monmap=0+}) -- 0x7fb7b810beb0 con 0x7fb7b807bc80
2024-05-21T15:24:57.134 INFO:teuthology.orchestra.run.smithi038.stdout:/usr/bin/ceph: stderr
2024-05-21T15:24:56.373+0000 7fb7b77fe700 1 --2- 172.21.15.38:0/1949017688 >> [v2:172.21.15.38:3300/0,v1:172.21.15.38:6789/0] conn(0x7fb7b807bc80 0x7fb7b810b760 secure :-1 s=READY pgs=37 cs=0 l=1 rev1=1 crypto rx=0x7fb7a8009e80 tx=0x7fb7a800b330 comp rx=0 tx=0).ready entity=mon.0 client_cookie=c594517682928ae9 server_cookie=0 in_seq=0 out_seq=0
2024-05-21T15:24:57.134 INFO:teuthology.orchestra.run.smithi038.stdout:/usr/bin/ceph: stderr
2024-05-21T15:24:56.373+0000 7fb7b67fc700 1 -- 172.21.15.38:0/1949017688 <== mon.0 v2:172.21.15.38:3300/0 1 ==== mon_map magic: 0 ==== 205+0+0 (secure 0 0 0) 0x7fb7a8017070 con 0x7fb7b807bc80
2024-05-21T15:24:57.134 INFO:teuthology.orchestra.run.smithi038.stdout:/usr/bin/ceph: stderr
2024-05-21T15:24:56.373+0000 7fb7b67fc700 1 -- 172.21.15.38:0/1949017688 <== mon.0 v2:172.21.15.38:3300/0 2 ==== config(27 keys) ==== 1109+0+0 (secure 0 0 0) 0x7fb7a800b8c0 con 0x7fb7b807bc80
2024-05-21T15:24:57.134 INFO:teuthology.orchestra.run.smithi038.stdout:/usr/bin/ceph: stderr
2024-05-21T15:24:56.373+0000 7fb7b67fc700 1 -- 172.21.15.38:0/1949017688 <== mon.0 v2:172.21.15.38:3300/0 3 ==== mon_map magic: 0 ==== 205+0+0 (secure 0 0 0) 0x7fb7a80045c0 con 0x7fb7b807bc80
2024-05-21T15:24:57.134 INFO:teuthology.orchestra.run.smithi038.stdout:/usr/bin/ceph: stderr
2024-05-21T15:24:56.374+0000 7fb7bdfa2700 1 -- 172.21.15.38:0/1949017688 >> [v2:172.21.15.38:3300/0,v1:172.21.15.38:6789/0] conn(0x7fb7b807bc80 msgr2=0x7fb7b810b760 secure :-1 s=STATE_CONNECTION_ESTABLISHED l=1).mark_down
2024-05-21T15:24:57.135 INFO:teuthology.orchestra.run.smithi038.stdout:/usr/bin/ceph: stderr
2024-05-21T15:24:56.374+0000 7fb7bdfa2700 1 --2- 172.21.15.38:0/1949017688 >> [v2:172.21.15.38:3300/0,v1:172.21.15.38:6789/0] conn(0x7fb7b807bc80 0x7fb7b810b760 secure :-1 s=READY pgs=37 cs=0 l=1 rev1=1 crypto rx=0x7fb7a8009e80 tx=0x7fb7a800b330 comp rx=0 tx=0).stop
2024-05-21T15:24:57.135 INFO:teuthology.orchestra.run.smithi038.stdout:/usr/bin/ceph: stderr
2024-05-21T15:24:56.374+0000 7fb7bdfa2700 1 -- 172.21.15.38:0/1949017688 shutdown_connections
2024-05-21T15:24:57.135 INFO:teuthology.orchestra.run.smithi038.stdout:/usr/bin/ceph: stderr
2024-05-21T15:24:56.374+0000 7fb7bdfa2700 1 --2- 172.21.15.38:0/1949017688 >> [v2:172.21.15.38:3300/0,v1:172.21.15.38:6789/0] conn(0x7fb7b807bc80 0x7fb7b810b760 unknown :-1 s=CLOSED pgs=37 cs=0 l=1 rev1=1 crypto rx=0 tx=0 comp rx=0 tx=0).stop
2024-05-21T15:24:57.135 INFO:teuthology.orchestra.run.smithi038.stdout:/usr/bin/ceph: stderr
2024-05-21T15:24:56.374+0000 7fb7bdfa2700 1 -- 172.21.15.38:0/1949017688 >> 172.21.15.38:0/1949017688 conn(0x7fb7b81031b0 msgr2=0x7fb7b8105600 unknown :-1 s=STATE_NONE l=0).mark_down
2024-05-21T15:24:57.135 INFO:teuthology.orchestra.run.smithi038.stdout:/usr/bin/ceph: stderr
2024-05-21T15:24:56.374+0000 7fb7bdfa2700 1 -- 172.21.15.38:0/1949017688 shutdown_connections
2024-05-21T15:24:57.135 INFO:teuthology.orchestra.run.smithi038.stdout:/usr/bin/ceph: stderr
2024-05-21T15:24:56.374+0000 7fb7bdfa2700 1 -- 172.21.15.38:0/1949017688 wait complete.
2024-05-21T15:24:57.135 INFO:teuthology.orchestra.run.smithi038.stdout:/usr/bin/ceph: stderr
2024-05-21T15:24:56.375+0000 7fb7bdfa2700 1 Processor -- start
2024-05-21T15:24:57.135 INFO:teuthology.orchestra.run.smithi038.stdout:/usr/bin/ceph: stderr
2024-05-21T15:24:56.375+0000 7fb7bdfa2700 1 -- start start
2024-05-21T15:24:57.135 INFO:teuthology.orchestra.run.smithi038.stdout:/usr/bin/ceph: stderr
2024-05-21T15:24:56.375+0000 7fb7bdfa2700 1 --2- >> [v2:172.21.15.38:3300/0,v1:172.21.15.38:6789/0] conn(0x7fb7b807bc80 0x7fb7b819cfb0 unknown :-1 s=NONE pgs=0 cs=0 l=1 rev1=0 crypto rx=0 tx=0 comp rx=0 tx=0).connect
2024-05-21T15:24:57.135 INFO:teuthology.orchestra.run.smithi038.stdout:/usr/bin/ceph: stderr
2024-05-21T15:24:56.375+0000 7fb7bdfa2700 1 -- --> [v2:172.21.15.38:3300/0,v1:172.21.15.38:6789/0] -- mon_getmap magic: 0 -- 0x7fb7b810cf90 con 0x7fb7b807bc80
2024-05-21T15:24:57.135 INFO:teuthology.orchestra.run.smithi038.stdout:/usr/bin/ceph: stderr
2024-05-21T15:24:56.376+0000 7fb7b77fe700 1 --2- >> [v2:172.21.15.38:3300/0,v1:172.21.15.38:6789/0] conn(0x7fb7b807bc80 0x7fb7b819cfb0 unknown :-1 s=BANNER_CONNECTING pgs=0 cs=0 l=1 rev1=0 crypto rx=0 tx=0 comp rx=0 tx=0)._handle_peer_banner_payload supported=3 required=0
2024-05-21T15:24:57.135 INFO:teuthology.orchestra.run.smithi038.stdout:/usr/bin/ceph: stderr
2024-05-21T15:24:56.376+0000 7fb7b77fe700 1 --2- >> [v2:172.21.15.38:3300/0,v1:172.21.15.38:6789/0] conn(0x7fb7b807bc80 0x7fb7b819cfb0 unknown :-1 s=HELLO_CONNECTING pgs=0 cs=0 l=1 rev1=1 crypto rx=0 tx=0 comp rx=0 tx=0).handle_hello peer v2:172.21.15.38:3300/0 says I am v2:172.21.15.38:41432/0 (socket says 172.21.15.38:41432)
2024-05-21T15:24:57.135 INFO:teuthology.orchestra.run.smithi038.stdout:/usr/bin/ceph: stderr
2024-05-21T15:24:56.376+0000 7fb7b77fe700 1 -- 172.21.15.38:0/1130831035 learned_addr learned my addr 172.21.15.38:0/1130831035 (peer_addr_for_me v2:172.21.15.38:0/0)
2024-05-21T15:24:57.136 INFO:teuthology.orchestra.run.smithi038.stdout:/usr/bin/ceph: stderr
2024-05-21T15:24:56.376+0000 7fb7b77fe700 1 -- 172.21.15.38:0/1130831035 --> [v2:172.21.15.38:3300/0,v1:172.21.15.38:6789/0] -- mon_subscribe({config=0+,monmap=0+}) -- 0x7fb7b819d4f0 con 0x7fb7b807bc80
2024-05-21T15:24:57.136 INFO:teuthology.orchestra.run.smithi038.stdout:/usr/bin/ceph: stderr
2024-05-21T15:24:56.376+0000 7fb7b77fe700 1 --2- 172.21.15.38:0/1130831035 >> [v2:172.21.15.38:3300/0,v1:172.21.15.38:6789/0] conn(0x7fb7b807bc80 0x7fb7b819cfb0 secure :-1 s=READY pgs=38 cs=0 l=1 rev1=1 crypto rx=0x7fb7a8009e50 tx=0x7fb7a800bd30 comp rx=0 tx=0).ready entity=mon.0 client_cookie=0 server_cookie=0 in_seq=0 out_seq=0
2024-05-21T15:24:57.136 INFO:teuthology.orchestra.run.smithi038.stdout:/usr/bin/ceph: stderr
2024-05-21T15:24:56.376+0000 7fb7b4ff9700 1 -- 172.21.15.38:0/1130831035 <== mon.0 v2:172.21.15.38:3300/0 1 ==== mon_map magic: 0 ==== 205+0+0 (secure 0 0 0) 0x7fb7a8020020 con 0x7fb7b807bc80
2024-05-21T15:24:57.136 INFO:teuthology.orchestra.run.smithi038.stdout:/usr/bin/ceph: stderr
2024-05-21T15:24:56.376+0000 7fb7b4ff9700 1 -- 172.21.15.38:0/1130831035 <== mon.0 v2:172.21.15.38:3300/0 2 ==== config(27 keys) ==== 1109+0+0 (secure 0 0 0) 0x7fb7a8003b50 con 0x7fb7b807bc80
2024-05-21T15:24:57.136 INFO:teuthology.orchestra.run.smithi038.stdout:/usr/bin/ceph: stderr
2024-05-21T15:24:56.376+0000 7fb7bdfa2700 1 -- 172.21.15.38:0/1130831035 --> [v2:172.21.15.38:3300/0,v1:172.21.15.38:6789/0] -- mon_subscribe({mgrmap=0+}) -- 0x7fb7b819d780 con 0x7fb7b807bc80
2024-05-21T15:24:57.136 INFO:teuthology.orchestra.run.smithi038.stdout:/usr/bin/ceph: stderr
2024-05-21T15:24:56.376+0000 7fb7b4ff9700 1 -- 172.21.15.38:0/1130831035 <== mon.0 v2:172.21.15.38:3300/0 3 ==== mon_map magic: 0 ==== 205+0+0 (secure 0 0 0) 0x7fb7a8017040 con 0x7fb7b807bc80
2024-05-21T15:24:57.136 INFO:teuthology.orchestra.run.smithi038.stdout:/usr/bin/ceph: stderr
2024-05-21T15:24:56.376+0000 7fb7bdfa2700 1 -- 172.21.15.38:0/1130831035 --> [v2:172.21.15.38:3300/0,v1:172.21.15.38:6789/0] -- mon_subscribe({osdmap=0}) -- 0x7fb7b81a0390 con 0x7fb7b807bc80
2024-05-21T15:24:57.136 INFO:teuthology.orchestra.run.smithi038.stdout:/usr/bin/ceph: stderr
2024-05-21T15:24:56.377+0000 7fb7bdfa2700 1 -- 172.21.15.38:0/1130831035 --> [v2:172.21.15.38:3300/0,v1:172.21.15.38:6789/0] -- mon_command({"prefix": "get_command_descriptions"} v 0) -- 0x7fb7b8063ca0 con 0x7fb7b807bc80
2024-05-21T15:24:57.136 INFO:teuthology.orchestra.run.smithi038.stdout:/usr/bin/ceph: stderr
2024-05-21T15:24:56.377+0000 7fb7b4ff9700 1 -- 172.21.15.38:0/1130831035 <== mon.0 v2:172.21.15.38:3300/0 4 ==== mgrmap(e 7) ==== 46181+0+0 (secure 0 0 0) 0x7fb7a8023020 con 0x7fb7b807bc80
2024-05-21T15:24:57.136 INFO:teuthology.orchestra.run.smithi038.stdout:/usr/bin/ceph: stderr
2024-05-21T15:24:56.377+0000 7fb7b4ff9700 1 --2- 172.21.15.38:0/1130831035 >> [v2:172.21.15.38:6800/1481949523,v1:172.21.15.38:6801/1481949523] conn(0x7fb7a4038ed0 0x7fb7a403b3e0 unknown :-1 s=NONE pgs=0 cs=0 l=1 rev1=0 crypto rx=0 tx=0 comp rx=0 tx=0).connect
2024-05-21T15:24:57.136 INFO:teuthology.orchestra.run.smithi038.stdout:/usr/bin/ceph: stderr
2024-05-21T15:24:56.378+0000 7fb7b4ff9700 1 -- 172.21.15.38:0/1130831035 <== mon.0 v2:172.21.15.38:3300/0 5 ==== osd_map(2..2 src has 1..2) ==== 940+0+0 (secure 0 0 0) 0x7fb7a800f050 con 0x7fb7b807bc80
2024-05-21T15:24:57.136 INFO:teuthology.orchestra.run.smithi038.stdout:/usr/bin/ceph: stderr
2024-05-21T15:24:56.378+0000 7fb7b6ffd700 1 --2- 172.21.15.38:0/1130831035 >> [v2:172.21.15.38:6800/1481949523,v1:172.21.15.38:6801/1481949523] conn(0x7fb7a4038ed0 0x7fb7a403b3e0 unknown :-1 s=BANNER_CONNECTING pgs=0 cs=0 l=1 rev1=0 crypto rx=0 tx=0 comp rx=0 tx=0)._handle_peer_banner_payload supported=3 required=0
2024-05-21T15:24:57.136 INFO:teuthology.orchestra.run.smithi038.stdout:/usr/bin/ceph: stderr
2024-05-21T15:24:56.378+0000 7fb7b6ffd700 1 --2- 172.21.15.38:0/1130831035 >> [v2:172.21.15.38:6800/1481949523,v1:172.21.15.38:6801/1481949523] conn(0x7fb7a4038ed0 0x7fb7a403b3e0 secure :-1 s=READY pgs=7 cs=0 l=1 rev1=1 crypto rx=0x7fb7a0006fd0 tx=0x7fb7a0006e40 comp rx=0 tx=0).ready entity=mgr.14120 client_cookie=0 server_cookie=0 in_seq=0 out_seq=0
2024-05-21T15:24:57.137 INFO:teuthology.orchestra.run.smithi038.stdout:/usr/bin/ceph: stderr
