2023-12-06T21:39:17.933 INFO:journalctl@ceph.mon.smithi002.smithi002.stdout:Dec 06 21:39:17 smithi002 ceph-mon[111941]: Saving service mon spec with placement count:5
2023-12-06T21:39:18.541 INFO:teuthology.orchestra.run.smithi002.stdout:/usr/bin/ceph: stdout Scheduled mgr update...
2023-12-06T21:39:18.541 INFO:teuthology.orchestra.run.smithi002.stdout:/usr/bin/ceph: stderr
2023-12-06T21:39:17.867+0000 7fdda15a8700 1 Processor -- start
2023-12-06T21:39:18.541 INFO:teuthology.orchestra.run.smithi002.stdout:/usr/bin/ceph: stderr
2023-12-06T21:39:17.868+0000 7fdda15a8700 1 -- start start
2023-12-06T21:39:18.541 INFO:teuthology.orchestra.run.smithi002.stdout:/usr/bin/ceph: stderr
2023-12-06T21:39:17.868+0000 7fdda15a8700 1 --2- >> [v2:172.21.15.2:3300/0,v1:172.21.15.2:6789/0] conn(0x7fdd9c070fc0 0x7fdd9c104ee0 unknown :-1 s=NONE pgs=0 cs=0 l=0 rev1=0 crypto rx=0 tx=0 comp rx=0 tx=0).connect
2023-12-06T21:39:18.541 INFO:teuthology.orchestra.run.smithi002.stdout:/usr/bin/ceph: stderr
2023-12-06T21:39:17.868+0000 7fdda15a8700 1 -- --> [v2:172.21.15.2:3300/0,v1:172.21.15.2:6789/0] -- mon_getmap magic: 0 v1 -- 0x7fdd9c105420 con 0x7fdd9c070fc0
2023-12-06T21:39:18.541 INFO:teuthology.orchestra.run.smithi002.stdout:/usr/bin/ceph: stderr
2023-12-06T21:39:17.868+0000 7fdd9affd700 1 --2- >> [v2:172.21.15.2:3300/0,v1:172.21.15.2:6789/0] conn(0x7fdd9c070fc0 0x7fdd9c104ee0 unknown :-1 s=BANNER_CONNECTING pgs=0 cs=0 l=0 rev1=0 crypto rx=0 tx=0 comp rx=0 tx=0)._handle_peer_banner_payload supported=3 required=0
2023-12-06T21:39:18.541 INFO:teuthology.orchestra.run.smithi002.stdout:/usr/bin/ceph: stderr
2023-12-06T21:39:17.868+0000 7fdd9affd700 1 --2- >> [v2:172.21.15.2:3300/0,v1:172.21.15.2:6789/0] conn(0x7fdd9c070fc0 0x7fdd9c104ee0 unknown :-1 s=HELLO_CONNECTING pgs=0 cs=0 l=0 rev1=1 crypto rx=0 tx=0 comp rx=0 tx=0).handle_hello peer v2:172.21.15.2:3300/0 says I am v2:172.21.15.2:56660/0 (socket says 172.21.15.2:56660)
2023-12-06T21:39:18.542 INFO:teuthology.orchestra.run.smithi002.stdout:/usr/bin/ceph: stderr
2023-12-06T21:39:17.868+0000 7fdd9affd700 1 -- 172.21.15.2:0/4113870295 learned_addr learned my addr 172.21.15.2:0/4113870295 (peer_addr_for_me v2:172.21.15.2:0/0)
2023-12-06T21:39:18.542 INFO:teuthology.orchestra.run.smithi002.stdout:/usr/bin/ceph: stderr
2023-12-06T21:39:17.869+0000 7fdd9affd700 1 -- 172.21.15.2:0/4113870295 --> [v2:172.21.15.2:3300/0,v1:172.21.15.2:6789/0] -- mon_subscribe({config=0+,monmap=0+}) v3 -- 0x7fdd9c105560 con 0x7fdd9c070fc0
2023-12-06T21:39:18.542 INFO:teuthology.orchestra.run.smithi002.stdout:/usr/bin/ceph: stderr
2023-12-06T21:39:17.869+0000 7fdd9affd700 1 --2- 172.21.15.2:0/4113870295 >> [v2:172.21.15.2:3300/0,v1:172.21.15.2:6789/0] conn(0x7fdd9c070fc0 0x7fdd9c104ee0 secure :-1 s=READY pgs=49 cs=0 l=1 rev1=1 crypto rx=0x7fdd8c0098e0 tx=0x7fdd8c009250 comp rx=0 tx=0).ready entity=mon.0 client_cookie=e3bd64023eefaa51 server_cookie=0 in_seq=0 out_seq=0
2023-12-06T21:39:18.542 INFO:teuthology.orchestra.run.smithi002.stdout:/usr/bin/ceph: stderr
2023-12-06T21:39:17.869+0000 7fdd99ffb700 1 -- 172.21.15.2:0/4113870295 <== mon.0 v2:172.21.15.2:3300/0 1 ==== mon_map magic: 0 v1 ==== 229+0+0 (secure 0 0 0) 0x7fdd8c00b860 con 0x7fdd9c070fc0
2023-12-06T21:39:18.542 INFO:teuthology.orchestra.run.smithi002.stdout:/usr/bin/ceph: stderr
2023-12-06T21:39:17.869+0000 7fdd99ffb700 1 -- 172.21.15.2:0/4113870295 <== mon.0 v2:172.21.15.2:3300/0 2 ==== config(26 keys) v1 ==== 1074+0+0 (secure 0 0 0) 0x7fdd8c00be70 con 0x7fdd9c070fc0
2023-12-06T21:39:18.542 INFO:teuthology.orchestra.run.smithi002.stdout:/usr/bin/ceph: stderr
2023-12-06T21:39:17.869+0000 7fdd99ffb700 1 -- 172.21.15.2:0/4113870295 <== mon.0 v2:172.21.15.2:3300/0 3 ==== mon_map magic: 0 v1 ==== 229+0+0 (secure 0 0 0) 0x7fdd8c010380 con 0x7fdd9c070fc0
2023-12-06T21:39:18.542 INFO:teuthology.orchestra.run.smithi002.stdout:/usr/bin/ceph: stderr
2023-12-06T21:39:17.870+0000 7fdda15a8700 1 -- 172.21.15.2:0/4113870295 >> [v2:172.21.15.2:3300/0,v1:172.21.15.2:6789/0] conn(0x7fdd9c070fc0 msgr2=0x7fdd9c104ee0 secure :-1 s=STATE_CONNECTION_ESTABLISHED l=1).mark_down
2023-12-06T21:39:18.542 INFO:teuthology.orchestra.run.smithi002.stdout:/usr/bin/ceph: stderr
2023-12-06T21:39:17.870+0000 7fdda15a8700 1 --2- 172.21.15.2:0/4113870295 >> [v2:172.21.15.2:3300/0,v1:172.21.15.2:6789/0] conn(0x7fdd9c070fc0 0x7fdd9c104ee0 secure :-1 s=READY pgs=49 cs=0 l=1 rev1=1 crypto rx=0x7fdd8c0098e0 tx=0x7fdd8c009250 comp rx=0 tx=0).stop
2023-12-06T21:39:18.542 INFO:teuthology.orchestra.run.smithi002.stdout:/usr/bin/ceph: stderr
2023-12-06T21:39:17.870+0000 7fdda15a8700 1 -- 172.21.15.2:0/4113870295 shutdown_connections
2023-12-06T21:39:18.542 INFO:teuthology.orchestra.run.smithi002.stdout:/usr/bin/ceph: stderr
2023-12-06T21:39:17.870+0000 7fdda15a8700 1 --2- 172.21.15.2:0/4113870295 >> [v2:172.21.15.2:3300/0,v1:172.21.15.2:6789/0] conn(0x7fdd9c070fc0 0x7fdd9c104ee0 unknown :-1 s=CLOSED pgs=49 cs=0 l=1 rev1=1 crypto rx=0 tx=0 comp rx=0 tx=0).stop
2023-12-06T21:39:18.542 INFO:teuthology.orchestra.run.smithi002.stdout:/usr/bin/ceph: stderr
2023-12-06T21:39:17.870+0000 7fdda15a8700 1 -- 172.21.15.2:0/4113870295 >> 172.21.15.2:0/4113870295 conn(0x7fdd9c0fc970 msgr2=0x7fdd9c0fed80 unknown :-1 s=STATE_NONE l=0).mark_down
2023-12-06T21:39:18.542 INFO:teuthology.orchestra.run.smithi002.stdout:/usr/bin/ceph: stderr
2023-12-06T21:39:17.870+0000 7fdda15a8700 1 -- 172.21.15.2:0/4113870295 shutdown_connections
2023-12-06T21:39:18.542 INFO:teuthology.orchestra.run.smithi002.stdout:/usr/bin/ceph: stderr
2023-12-06T21:39:17.870+0000 7fdda15a8700 1 -- 172.21.15.2:0/4113870295 wait complete.
2023-12-06T21:39:18.542 INFO:teuthology.orchestra.run.smithi002.stdout:/usr/bin/ceph: stderr
2023-12-06T21:39:17.871+0000 7fdda15a8700 1 Processor -- start
2023-12-06T21:39:18.543 INFO:teuthology.orchestra.run.smithi002.stdout:/usr/bin/ceph: stderr
2023-12-06T21:39:17.871+0000 7fdda15a8700 1 -- start start
2023-12-06T21:39:18.543 INFO:teuthology.orchestra.run.smithi002.stdout:/usr/bin/ceph: stderr
2023-12-06T21:39:17.871+0000 7fdda15a8700 1 --2- >> [v2:172.21.15.2:3300/0,v1:172.21.15.2:6789/0] conn(0x7fdd9c070fc0 0x7fdd9c1111c0 unknown :-1 s=NONE pgs=0 cs=0 l=1 rev1=0 crypto rx=0 tx=0 comp rx=0 tx=0).connect
2023-12-06T21:39:18.543 INFO:teuthology.orchestra.run.smithi002.stdout:/usr/bin/ceph: stderr
2023-12-06T21:39:17.871+0000 7fdda15a8700 1 -- --> [v2:172.21.15.2:3300/0,v1:172.21.15.2:6789/0] -- mon_getmap magic: 0 v1 -- 0x7fdd9c111700 con 0x7fdd9c070fc0
2023-12-06T21:39:18.543 INFO:teuthology.orchestra.run.smithi002.stdout:/usr/bin/ceph: stderr
2023-12-06T21:39:17.871+0000 7fdd9affd700 1 --2- >> [v2:172.21.15.2:3300/0,v1:172.21.15.2:6789/0] conn(0x7fdd9c070fc0 0x7fdd9c1111c0 unknown :-1 s=BANNER_CONNECTING pgs=0 cs=0 l=1 rev1=0 crypto rx=0 tx=0 comp rx=0 tx=0)._handle_peer_banner_payload supported=3 required=0
2023-12-06T21:39:18.543 INFO:teuthology.orchestra.run.smithi002.stdout:/usr/bin/ceph: stderr
2023-12-06T21:39:17.871+0000 7fdd9affd700 1 --2- >> [v2:172.21.15.2:3300/0,v1:172.21.15.2:6789/0] conn(0x7fdd9c070fc0 0x7fdd9c1111c0 unknown :-1 s=HELLO_CONNECTING pgs=0 cs=0 l=1 rev1=1 crypto rx=0 tx=0 comp rx=0 tx=0).handle_hello peer v2:172.21.15.2:3300/0 says I am v2:172.21.15.2:56674/0 (socket says 172.21.15.2:56674)
2023-12-06T21:39:18.543 INFO:teuthology.orchestra.run.smithi002.stdout:/usr/bin/ceph: stderr
2023-12-06T21:39:17.871+0000 7fdd9affd700 1 -- 172.21.15.2:0/3027447226 learned_addr learned my addr 172.21.15.2:0/3027447226 (peer_addr_for_me v2:172.21.15.2:0/0)
2023-12-06T21:39:18.543 INFO:teuthology.orchestra.run.smithi002.stdout:/usr/bin/ceph: stderr
2023-12-06T21:39:17.872+0000 7fdd9affd700 1 -- 172.21.15.2:0/3027447226 --> [v2:172.21.15.2:3300/0,v1:172.21.15.2:6789/0] -- mon_subscribe({config=0+,monmap=0+}) v3 -- 0x7fdd8c0094f0 con 0x7fdd9c070fc0
2023-12-06T21:39:18.543 INFO:teuthology.orchestra.run.smithi002.stdout:/usr/bin/ceph: stderr
2023-12-06T21:39:17.872+0000 7fdd9affd700 1 --2- 172.21.15.2:0/3027447226 >> [v2:172.21.15.2:3300/0,v1:172.21.15.2:6789/0] conn(0x7fdd9c070fc0 0x7fdd9c1111c0 secure :-1 s=READY pgs=50 cs=0 l=1 rev1=1 crypto rx=0x7fdd8c0094c0 tx=0x7fdd8c009250 comp rx=0 tx=0).ready entity=mon.0 client_cookie=0 server_cookie=0 in_seq=0 out_seq=0
2023-12-06T21:39:18.543 INFO:teuthology.orchestra.run.smithi002.stdout:/usr/bin/ceph: stderr
2023-12-06T21:39:17.872+0000 7fdd837fe700 1 -- 172.21.15.2:0/3027447226 <== mon.0 v2:172.21.15.2:3300/0 1 ==== mon_map magic: 0 v1 ==== 229+0+0 (secure 0 0 0) 0x7fdd8c010850 con 0x7fdd9c070fc0
2023-12-06T21:39:18.543 INFO:teuthology.orchestra.run.smithi002.stdout:/usr/bin/ceph: stderr
2023-12-06T21:39:17.872+0000 7fdd837fe700 1 -- 172.21.15.2:0/3027447226 <== mon.0 v2:172.21.15.2:3300/0 2 ==== config(26 keys) v1 ==== 1074+0+0 (secure 0 0 0) 0x7fdd8c010e60 con 0x7fdd9c070fc0
2023-12-06T21:39:18.543 INFO:teuthology.orchestra.run.smithi002.stdout:/usr/bin/ceph: stderr
2023-12-06T21:39:17.872+0000 7fdda15a8700 1 -- 172.21.15.2:0/3027447226 --> [v2:172.21.15.2:3300/0,v1:172.21.15.2:6789/0] -- mon_subscribe({mgrmap=0+}) v3 -- 0x7fdd9c111900 con 0x7fdd9c070fc0
2023-12-06T21:39:18.544 INFO:teuthology.orchestra.run.smithi002.stdout:/usr/bin/ceph: stderr
2023-12-06T21:39:17.872+0000 7fdd837fe700 1 -- 172.21.15.2:0/3027447226 <== mon.0 v2:172.21.15.2:3300/0 3 ==== mon_map magic: 0 v1 ==== 229+0+0 (secure 0 0 0) 0x7fdd8c01a430 con 0x7fdd9c070fc0
2023-12-06T21:39:18.544 INFO:teuthology.orchestra.run.smithi002.stdout:/usr/bin/ceph: stderr
2023-12-06T21:39:17.872+0000 7fdda15a8700 1 -- 172.21.15.2:0/3027447226 --> [v2:172.21.15.2:3300/0,v1:172.21.15.2:6789/0] -- mon_subscribe({osdmap=0}) v3 -- 0x7fdd9c111d10 con 0x7fdd9c070fc0
2023-12-06T21:39:18.544 INFO:teuthology.orchestra.run.smithi002.stdout:/usr/bin/ceph: stderr
2023-12-06T21:39:17.873+0000 7fdd837fe700 1 -- 172.21.15.2:0/3027447226 <== mon.0 v2:172.21.15.2:3300/0 4 ==== mgrmap(e 8) v1 ==== 43281+0+0 (secure 0 0 0) 0x7fdd8c01a6b0 con 0x7fdd9c070fc0
2023-12-06T21:39:18.544 INFO:teuthology.orchestra.run.smithi002.stdout:/usr/bin/ceph: stderr
2023-12-06T21:39:17.873+0000 7fdd837fe700 1 --2- 172.21.15.2:0/3027447226 >> [v2:172.21.15.2:6800/3476083770,v1:172.21.15.2:6801/3476083770] conn(0x7fdd840365f0 0x7fdd84038aa0 unknown :-1 s=NONE pgs=0 cs=0 l=1 rev1=0 crypto rx=0 tx=0 comp rx=0 tx=0).connect
2023-12-06T21:39:18.544 INFO:teuthology.orchestra.run.smithi002.stdout:/usr/bin/ceph: stderr
2023-12-06T21:39:17.873+0000 7fdd837fe700 1 -- 172.21.15.2:0/3027447226 <== mon.0 v2:172.21.15.2:3300/0 5 ==== osd_map(2..2 src has 1..2) v4 ==== 936+0+0 (secure 0 0 0) 0x7fdd8c04a3f0 con 0x7fdd9c070fc0
2023-12-06T21:39:18.544 INFO:teuthology.orchestra.run.smithi002.stdout:/usr/bin/ceph: stderr
2023-12-06T21:39:17.874+0000 7fdd9a7fc700 1 --2- 172.21.15.2:0/3027447226 >> [v2:172.21.15.2:6800/3476083770,v1:172.21.15.2:6801/3476083770] conn(0x7fdd840365f0 0x7fdd84038aa0 unknown :-1 s=BANNER_CONNECTING pgs=0 cs=0 l=1 rev1=0 crypto rx=0 tx=0 comp rx=0 tx=0)._handle_peer_banner_payload supported=3 required=0
2023-12-06T21:39:18.544 INFO:teuthology.orchestra.run.smithi002.stdout:/usr/bin/ceph: stderr
2023-12-06T21:39:17.874+0000 7fdda15a8700 1 -- 172.21.15.2:0/3027447226 --> [v2:172.21.15.2:3300/0,v1:172.21.15.2:6789/0] -- mon_command({"prefix": "get_command_descriptions"} v 0) v1 -- 0x7fdd9c04bb80 con 0x7fdd9c070fc0
2023-12-06T21:39:18.544 INFO:teuthology.orchestra.run.smithi002.stdout:/usr/bin/ceph: stderr
2023-12-06T21:39:17.874+0000 7fdd9a7fc700 1 --2- 172.21.15.2:0/3027447226 >> [v2:172.21.15.2:6800/3476083770,v1:172.21.15.2:6801/3476083770] conn(0x7fdd840365f0 0x7fdd84038aa0 secure :-1 s=READY pgs=13 cs=0 l=1 rev1=1 crypto rx=0x7fdd90009990 tx=0x7fdd90006e40 comp rx=0 tx=0).ready entity=mgr.14120 client_cookie=0 server_cookie=0 in_seq=0 out_seq=0
2023-12-06T21:39:18.544 INFO:teuthology.orchestra.run.smithi002.stdout:/usr/bin/ceph: stderr
2023-12-06T21:39:17.879+0000 7fdd837fe700 1 -- 172.21.15.2:0/3027447226 <== mon.0 v2:172.21.15.2:3300/0 6 ==== mon_command_ack([{"prefix": "get_command_descriptions"}]=0 v0) v1 ==== 72+0+174570 (secure 0 0 0) 0x7fdd8c0189a0 con 0x7fdd9c070fc0
2023-12-06T21:39:18.544 INFO:teuthology.orchestra.run.smithi002.stdout:/usr/bin/ceph: stderr
2023-12-06T21:39:18.094+0000 7fdda15a8700 1 -- 172.21.15.2:0/3027447226 --> [v2:172.21.15.2:6800/3476083770,v1:172.21.15.2:6801/3476083770] -- mgr_command(tid 0: {"prefix": "orch apply", "service_type": "mgr", "target": ["mon-mgr", ""]}) v1 -- 0x7fdd9c10ad10 con 0x7fdd840365f0
2023-12-06T21:39:18.544 INFO:teuthology.orchestra.run.smithi002.stdout:/usr/bin/ceph: stderr
2023-12-06T21:39:18.099+0000 7fdd837fe700 1 -- 172.21.15.2:0/3027447226 <== mgr.14120 v2:172.21.15.2:6800/3476083770 1 ==== mgr_command_reply(tid 0: 0 ) v1 ==== 8+0+24 (secure 0 0 0) 0x7fdd9c10ad10 con 0x7fdd840365f0
2023-12-06T21:39:18.545 INFO:teuthology.orchestra.run.smithi002.stdout:/usr/bin/ceph: stderr
2023-12-06T21:39:18.101+0000 7fdda15a8700 1 -- 172.21.15.2:0/3027447226 >> [v2:172.21.15.2:6800/3476083770,v1:172.21.15.2:6801/3476083770] conn(0x7fdd840365f0 msgr2=0x7fdd84038aa0 secure :-1 s=STATE_CONNECTION_ESTABLISHED l=1).mark_down
2023-12-06T21:39:18.545 INFO:teuthology.orchestra.run.smithi002.stdout:/usr/bin/ceph: stderr
2023-12-06T21:39:18.101+0000 7fdda15a8700 1 --2- 172.21.15.2:0/3027447226 >> [v2:172.21.15.2:6800/3476083770,v1:172.21.15.2:6801/3476083770] conn(0x7fdd840365f0 0x7fdd84038aa0 secure :-1 s=READY pgs=13 cs=0 l=1 rev1=1 crypto rx=0x7fdd90009990 tx=0x7fdd90006e40 comp rx=0 tx=0).stop
2023-12-06T21:39:18.545 INFO:teuthology.orchestra.run.smithi002.stdout:/usr/bin/ceph: stderr
2023-12-06T21:39:18.101+0000 7fdda15a8700 1 -- 172.21.15.2:0/3027447226 >> [v2:172.21.15.2:3300/0,v1:172.21.15.2:6789/0] conn(0x7fdd9c070fc0 msgr2=0x7fdd9c1111c0 secure :-1 s=STATE_CONNECTION_ESTABLISHED l=1).mark_down
2023-12-06T21:39:18.545 INFO:teuthology.orchestra.run.smithi002.stdout:/usr/bin/ceph: stderr
2023-12-06T21:39:18.101+0000 7fdda15a8700 1 --2- 172.21.15.2:0/3027447226 >> [v2:172.21.15.2:3300/0,v1:172.21.15.2:6789/0] conn(0x7fdd9c070fc0 0x7fdd9c1111c0 secure :-1 s=READY pgs=50 cs=0 l=1 rev1=1 crypto rx=0x7fdd8c0094c0 tx=0x7fdd8c009250 comp rx=0 tx=0).stop
2023-12-06T21:39:18.545 INFO:teuthology.orchestra.run.smithi002.stdout:/usr/bin/ceph: stderr
2023-12-06T21:39:18.101+0000 7fdda15a8700 1 -- 172.21.15.2:0/3027447226 shutdown_connections
2023-12-06T21:39:18.545 INFO:teuthology.orchestra.run.smithi002.stdout:/usr/bin/ceph: stderr
2023-12-06T21:39:18.101+0000 7fdda15a8700 1 --2- 172.21.15.2:0/3027447226 >> [v2:172.21.15.2:6800/3476083770,v1:172.21.15.2:6801/3476083770] conn(0x7fdd840365f0 0x7fdd84038aa0 unknown :-1 s=CLOSED pgs=13 cs=0 l=1 rev1=1 crypto rx=0 tx=0 comp rx=0 tx=0).stop
2023-12-06T21:39:18.545 INFO:teuthology.orchestra.run.smithi002.stdout:/usr/bin/ceph: stderr
2023-12-06T21:39:18.101+0000 7fdda15a8700 1 --2- 172.21.15.2:0/3027447226 >> [v2:172.21.15.2:3300/0,v1:172.21.15.2:6789/0] conn(0x7fdd9c070fc0 0x7fdd9c1111c0 unknown :-1 s=CLOSED pgs=50 cs=0 l=1 rev1=1 crypto rx=0 tx=0 comp rx=0 tx=0).stop
2023-12-06T21:39:18.545 INFO:teuthology.orchestra.run.smithi002.stdout:/usr/bin/ceph: stderr
2023-12-06T21:39:18.101+0000 7fdda15a8700 1 -- 172.21.15.2:0/3027447226 >> 172.21.15.2:0/3027447226 conn(0x7fdd9c0fc970 msgr2=0x7fdd9c0fe190 unknown :-1 s=STATE_NONE l=0).mark_down
2023-12-06T21:39:18.545 INFO:teuthology.orchestra.run.smithi002.stdout:/usr/bin/ceph: stderr
2023-12-06T21:39:18.101+0000 7fdda15a8700 1 -- 172.21.15.2:0/3027447226 shutdown_connections
2023-12-06T21:39:18.545 INFO:teuthology.orchestra.run.smithi002.stdout:/usr/bin/ceph: stderr
2023-12-06T21:39:18.101+0000 7fdda15a8700 1 -- 172.21.15.2:0/3027447226 wait complete.
2023-12-06T21:39:18.545 INFO:teuthology.orchestra.run.smithi002.stdout:Deploying crash service with default placement...
2023-12-06T21:39:19.183 INFO:journalctl@ceph.mon.smithi002.smithi002.stdout:Dec 06 21:39:18 smithi002 ceph-mon[111941]: from='mgr.14120 172.21.15.2:0/1753773886' entity='mgr.smithi002.lydpnq'
2023-12-06T21:39:19.183 INFO:journalctl@ceph.mon.smithi002.smithi002.stdout:Dec 06 21:39:18 smithi002 ceph-mon[111941]: from='client.14144 -' entity='client.admin' cmd=[{"prefix": "orch apply", "service_type": "mgr", "target": ["mon-mgr", ""]}]: dispatch
2023-12-06T21:39:19.183 INFO:journalctl@ceph.mon.smithi002.smithi002.stdout:Dec 06 21:39:18 smithi002 ceph-mon[111941]: Saving service mgr spec with placement count:2
2023-12-06T21:39:19.183 INFO:journalctl@ceph.mon.smithi002.smithi002.stdout:Dec 06 21:39:18 smithi002 ceph-mon[111941]: from='mgr.14120 172.21.15.2:0/1753773886' entity='mgr.smithi002.lydpnq'
2023-12-06T21:39:19.183 INFO:journalctl@ceph.mon.smithi002.smithi002.stdout:Dec 06 21:39:18 smithi002 ceph-mon[111941]: from='mgr.14120 172.21.15.2:0/1753773886' entity='mgr.smithi002.lydpnq'
2023-12-06T21:39:19.533 INFO:teuthology.orchestra.run.smithi002.stdout:/usr/bin/ceph: stdout Scheduled crash update...
2023-12-06T21:39:19.533 INFO:teuthology.orchestra.run.smithi002.stdout:/usr/bin/ceph: stderr
2023-12-06T21:39:18.909+0000 7fad02496700 1 Processor -- start
2023-12-06T21:39:19.533 INFO:teuthology.orchestra.run.smithi002.stdout:/usr/bin/ceph: stderr
2023-12-06T21:39:18.909+0000 7fad02496700 1 -- start start
2023-12-06T21:39:19.533 INFO:teuthology.orchestra.run.smithi002.stdout:/usr/bin/ceph: stderr
2023-12-06T21:39:18.909+0000 7fad02496700 1 --2- >> [v2:172.21.15.2:3300/0,v1:172.21.15.2:6789/0] conn(0x7facfc1011d0 0x7facfc1015e0 unknown :-1 s=NONE pgs=0 cs=0 l=0 rev1=0 crypto rx=0 tx=0 comp rx=0 tx=0).connect
2023-12-06T21:39:19.533 INFO:teuthology.orchestra.run.smithi002.stdout:/usr/bin/ceph: stderr
2023-12-06T21:39:18.909+0000 7fad02496700 1 -- --> [v2:172.21.15.2:3300/0,v1:172.21.15.2:6789/0] -- mon_getmap magic: 0 v1 -- 0x7facfc101b20 con 0x7facfc1011d0
2023-12-06T21:39:19.533 INFO:teuthology.orchestra.run.smithi002.stdout:/usr/bin/ceph: stderr
2023-12-06T21:39:18.910+0000 7facfbfff700 1 --2- >> [v2:172.21.15.2:3300/0,v1:172.21.15.2:6789/0] conn(0x7facfc1011d0 0x7facfc1015e0 unknown :-1 s=BANNER_CONNECTING pgs=0 cs=0 l=0 rev1=0 crypto rx=0 tx=0 comp rx=0 tx=0)._handle_peer_banner_payload supported=3 required=0
2023-12-06T21:39:19.533 INFO:teuthology.orchestra.run.smithi002.stdout:/usr/bin/ceph: stderr
2023-12-06T21:39:18.910+0000 7facfbfff700 1 --2- >> [v2:172.21.15.2:3300/0,v1:172.21.15.2:6789/0] conn(0x7facfc1011d0 0x7facfc1015e0 unknown :-1 s=HELLO_CONNECTING pgs=0 cs=0 l=0 rev1=1 crypto rx=0 tx=0 comp rx=0 tx=0).handle_hello peer v2:172.21.15.2:3300/0 says I am v2:172.21.15.2:56682/0 (socket says 172.21.15.2:56682)
2023-12-06T21:39:19.533 INFO:teuthology.orchestra.run.smithi002.stdout:/usr/bin/ceph: stderr
2023-12-06T21:39:18.910+0000 7facfbfff700 1 -- 172.21.15.2:0/2763732163 learned_addr learned my addr 172.21.15.2:0/2763732163 (peer_addr_for_me v2:172.21.15.2:0/0)
2023-12-06T21:39:19.533 INFO:teuthology.orchestra.run.smithi002.stdout:/usr/bin/ceph: stderr
2023-12-06T21:39:18.910+0000 7facfbfff700 1 -- 172.21.15.2:0/2763732163 --> [v2:172.21.15.2:3300/0,v1:172.21.15.2:6789/0] -- mon_subscribe({config=0+,monmap=0+}) v3 -- 0x7facfc101c60 con 0x7facfc1011d0
2023-12-06T21:39:19.533 INFO:teuthology.orchestra.run.smithi002.stdout:/usr/bin/ceph: stderr
2023-12-06T21:39:18.910+0000 7facfbfff700 1 --2- 172.21.15.2:0/2763732163 >> [v2:172.21.15.2:3300/0,v1:172.21.15.2:6789/0] conn(0x7facfc1011d0 0x7facfc1015e0 secure :-1 s=READY pgs=51 cs=0 l=1 rev1=1 crypto rx=0x7facec0098e0 tx=0x7facec009250 comp rx=0 tx=0).ready entity=mon.0 client_cookie=a6a1824e50604ca8 server_cookie=0 in_seq=0 out_seq=0
2023-12-06T21:39:19.533 INFO:teuthology.orchestra.run.smithi002.stdout:/usr/bin/ceph: stderr
2023-12-06T21:39:18.910+0000 7facfaffd700 1 -- 172.21.15.2:0/2763732163 <== mon.0 v2:172.21.15.2:3300/0 1 ==== mon_map magic: 0 v1 ==== 229+0+0 (secure 0 0 0) 0x7facec00b860 con 0x7facfc1011d0
2023-12-06T21:39:19.533 INFO:teuthology.orchestra.run.smithi002.stdout:/usr/bin/ceph: stderr
2023-12-06T21:39:18.910+0000 7facfaffd700 1 -- 172.21.15.2:0/2763732163 <== mon.0 v2:172.21.15.2:3300/0 2 ==== config(26 keys) v1 ==== 1074+0+0 (secure 0 0 0) 0x7facec00be70 con 0x7facfc1011d0
2023-12-06T21:39:19.534 INFO:teuthology.orchestra.run.smithi002.stdout:/usr/bin/ceph: stderr
2023-12-06T21:39:18.910+0000 7facfaffd700 1 -- 172.21.15.2:0/2763732163 <== mon.0 v2:172.21.15.2:3300/0 3 ==== mon_map magic: 0 v1 ==== 229+0+0 (secure 0 0 0) 0x7facec010380 con 0x7facfc1011d0
2023-12-06T21:39:19.534 INFO:teuthology.orchestra.run.smithi002.stdout:/usr/bin/ceph: stderr
2023-12-06T21:39:18.911+0000 7fad02496700 1 -- 172.21.15.2:0/2763732163 >> [v2:172.21.15.2:3300/0,v1:172.21.15.2:6789/0] conn(0x7facfc1011d0 msgr2=0x7facfc1015e0 secure :-1 s=STATE_CONNECTION_ESTABLISHED l=1).mark_down
2023-12-06T21:39:19.534 INFO:teuthology.orchestra.run.smithi002.stdout:/usr/bin/ceph: stderr
2023-12-06T21:39:18.911+0000 7fad02496700 1 --2- 172.21.15.2:0/2763732163 >> [v2:172.21.15.2:3300/0,v1:172.21.15.2:6789/0] conn(0x7facfc1011d0 0x7facfc1015e0 secure :-1 s=READY pgs=51 cs=0 l=1 rev1=1 crypto rx=0x7facec0098e0 tx=0x7facec009250 comp rx=0 tx=0).stop
2023-12-06T21:39:19.534 INFO:teuthology.orchestra.run.smithi002.stdout:/usr/bin/ceph: stderr
2023-12-06T21:39:18.911+0000 7fad02496700 1 -- 172.21.15.2:0/2763732163 shutdown_connections
2023-12-06T21:39:19.534 INFO:teuthology.orchestra.run.smithi002.stdout:/usr/bin/ceph: stderr
2023-12-06T21:39:18.911+0000 7fad02496700 1 --2- 172.21.15.2:0/2763732163 >> [v2:172.21.15.2:3300/0,v1:172.21.15.2:6789/0] conn(0x7facfc1011d0 0x7facfc1015e0 unknown :-1 s=CLOSED pgs=51 cs=0 l=1 rev1=1 crypto rx=0 tx=0 comp rx=0 tx=0).stop
2023-12-06T21:39:19.534 INFO:teuthology.orchestra.run.smithi002.stdout:/usr/bin/ceph: stderr
2023-12-06T21:39:18.911+0000 7fad02496700 1 -- 172.21.15.2:0/2763732163 >> 172.21.15.2:0/2763732163 conn(0x7facfc0fc970 msgr2=0x7facfc0fed80 unknown :-1 s=STATE_NONE l=0).mark_down
2023-12-06T21:39:19.534 INFO:teuthology.orchestra.run.smithi002.stdout:/usr/bin/ceph: stderr
2023-12-06T21:39:18.911+0000 7fad02496700 1 -- 172.21.15.2:0/2763732163 shutdown_connections
2023-12-06T21:39:19.534 INFO:teuthology.orchestra.run.smithi002.stdout:/usr/bin/ceph: stderr
2023-12-06T21:39:18.911+0000 7fad02496700 1 -- 172.21.15.2:0/2763732163 wait complete.
2023-12-06T21:39:19.534 INFO:teuthology.orchestra.run.smithi002.stdout:/usr/bin/ceph: stderr
2023-12-06T21:39:18.912+0000 7fad02496700 1 Processor -- start
2023-12-06T21:39:19.534 INFO:teuthology.orchestra.run.smithi002.stdout:/usr/bin/ceph: stderr
2023-12-06T21:39:18.912+0000 7fad02496700 1 -- start start
2023-12-06T21:39:19.534 INFO:teuthology.orchestra.run.smithi002.stdout:/usr/bin/ceph: stderr
2023-12-06T21:39:18.912+0000 7fad02496700 1 --2- >> [v2:172.21.15.2:3300/0,v1:172.21.15.2:6789/0] conn(0x7facfc1011d0 0x7facfc111190 unknown :-1 s=NONE pgs=0 cs=0 l=1 rev1=0 crypto rx=0 tx=0 comp rx=0 tx=0).connect
2023-12-06T21:39:19.534 INFO:teuthology.orchestra.run.smithi002.stdout:/usr/bin/ceph: stderr
2023-12-06T21:39:18.912+0000 7fad02496700 1 -- --> [v2:172.21.15.2:3300/0,v1:172.21.15.2:6789/0] -- mon_getmap magic: 0 v1 -- 0x7facfc1116d0 con 0x7facfc1011d0
2023-12-06T21:39:19.534 INFO:teuthology.orchestra.run.smithi002.stdout:/usr/bin/ceph: stderr
2023-12-06T21:39:18.912+0000 7facfbfff700 1 --2- >> [v2:172.21.15.2:3300/0,v1:172.21.15.2:6789/0] conn(0x7facfc1011d0 0x7facfc111190 unknown :-1 s=BANNER_CONNECTING pgs=0 cs=0 l=1 rev1=0 crypto rx=0 tx=0 comp rx=0 tx=0)._handle_peer_banner_payload supported=3 required=0
2023-12-06T21:39:19.534 INFO:teuthology.orchestra.run.smithi002.stdout:/usr/bin/ceph: stderr
2023-12-06T21:39:18.912+0000 7facfbfff700 1 --2- >> [v2:172.21.15.2:3300/0,v1:172.21.15.2:6789/0] conn(0x7facfc1011d0 0x7facfc111190 unknown :-1 s=HELLO_CONNECTING pgs=0 cs=0 l=1 rev1=1 crypto rx=0 tx=0 comp rx=0 tx=0).handle_hello peer v2:172.21.15.2:3300/0 says I am v2:172.21.15.2:56690/0 (socket says 172.21.15.2:56690)
2023-12-06T21:39:19.534 INFO:teuthology.orchestra.run.smithi002.stdout:/usr/bin/ceph: stderr
2023-12-06T21:39:18.912+0000 7facfbfff700 1 -- 172.21.15.2:0/370940317 learned_addr learned my addr 172.21.15.2:0/370940317 (peer_addr_for_me v2:172.21.15.2:0/0)
2023-12-06T21:39:19.535 INFO:teuthology.orchestra.run.smithi002.stdout:/usr/bin/ceph: stderr
2023-12-06T21:39:18.913+0000 7facfbfff700 1 -- 172.21.15.2:0/370940317 --> [v2:172.21.15.2:3300/0,v1:172.21.15.2:6789/0] -- mon_subscribe({config=0+,monmap=0+}) v3 -- 0x7facec0094f0 con 0x7facfc1011d0
2023-12-06T21:39:19.535 INFO:teuthology.orchestra.run.smithi002.stdout:/usr/bin/ceph: stderr
2023-12-06T21:39:18.913+0000 7facfbfff700 1 --2- 172.21.15.2:0/370940317 >> [v2:172.21.15.2:3300/0,v1:172.21.15.2:6789/0] conn(0x7facfc1011d0 0x7facfc111190 secure :-1 s=READY pgs=52 cs=0 l=1 rev1=1 crypto rx=0x7facec011b60 tx=0x7facec009250 comp rx=0 tx=0).ready entity=mon.0 client_cookie=0 server_cookie=0 in_seq=0 out_seq=0
2023-12-06T21:39:19.535 INFO:teuthology.orchestra.run.smithi002.stdout:/usr/bin/ceph: stderr
2023-12-06T21:39:18.913+0000 7facf8ff9700 1 -- 172.21.15.2:0/370940317 <== mon.0 v2:172.21.15.2:3300/0 1 ==== mon_map magic: 0 v1 ==== 229+0+0 (secure 0 0 0) 0x7facec010850 con 0x7facfc1011d0
2023-12-06T21:39:19.535 INFO:teuthology.orchestra.run.smithi002.stdout:/usr/bin/ceph: stderr
2023-12-06T21:39:18.913+0000 7facf8ff9700 1 -- 172.21.15.2:0/370940317 <== mon.0 v2:172.21.15.2:3300/0 2 ==== config(26 keys) v1 ==== 1074+0+0 (secure 0 0 0) 0x7facec010e60 con 0x7facfc1011d0
2023-12-06T21:39:19.535 INFO:teuthology.orchestra.run.smithi002.stdout:/usr/bin/ceph: stderr
2023-12-06T21:39:18.913+0000 7facf8ff9700 1 -- 172.21.15.2:0/370940317 <== mon.0 v2:172.21.15.2:3300/0 3 ==== mon_map magic: 0 v1 ==== 229+0+0 (secure 0 0 0) 0x7facec01ae20 con 0x7facfc1011d0
2023-12-06T21:39:19.535 INFO:teuthology.orchestra.run.smithi002.stdout:/usr/bin/ceph: stderr
2023-12-06T21:39:18.913+0000 7fad02496700 1 -- 172.21.15.2:0/370940317 --> [v2:172.21.15.2:3300/0,v1:172.21.15.2:6789/0] -- mon_subscribe({mgrmap=0+}) v3 -- 0x7facfc1118d0 con 0x7facfc1011d0
2023-12-06T21:39:19.535 INFO:teuthology.orchestra.run.smithi002.stdout:/usr/bin/ceph: stderr
2023-12-06T21:39:18.913+0000 7fad02496700 1 -- 172.21.15.2:0/370940317 --> [v2:172.21.15.2:3300/0,v1:172.21.15.2:6789/0] -- mon_subscribe({osdmap=0}) v3 -- 0x7facfc111ce0 con 0x7facfc1011d0
2023-12-06T21:39:19.535 INFO:teuthology.orchestra.run.smithi002.stdout:/usr/bin/ceph: stderr
2023-12-06T21:39:18.914+0000 7facf8ff9700 1 -- 172.21.15.2:0/370940317 <== mon.0 v2:172.21.15.2:3300/0 4 ==== mgrmap(e 8) v1 ==== 43281+0+0 (secure 0 0 0) 0x7facec0109b0 con 0x7facfc1011d0
2023-12-06T21:39:19.535 INFO:teuthology.orchestra.run.smithi002.stdout:/usr/bin/ceph: stderr
2023-12-06T21:39:18.914+0000 7facf8ff9700 1 --2- 172.21.15.2:0/370940317 >> [v2:172.21.15.2:6800/3476083770,v1:172.21.15.2:6801/3476083770] conn(0x7face4036640 0x7face4038af0 unknown :-1 s=NONE pgs=0 cs=0 l=1 rev1=0 crypto rx=0 tx=0 comp rx=0 tx=0).connect
2023-12-06T21:39:19.535 INFO:teuthology.orchestra.run.smithi002.stdout:/usr/bin/ceph: stderr
2023-12-06T21:39:18.914+0000 7facf8ff9700 1 -- 172.21.15.2:0/370940317 <== mon.0 v2:172.21.15.2:3300/0 5 ==== osd_map(2..2 src has 1..2) v4 ==== 936+0+0 (secure 0 0 0) 0x7facec04a1c0 con 0x7facfc1011d0
2023-12-06T21:39:19.535 INFO:teuthology.orchestra.run.smithi002.stdout:/usr/bin/ceph: stderr
2023-12-06T21:39:18.914+0000 7fad02496700 1 -- 172.21.15.2:0/370940317 --> [v2:172.21.15.2:3300/0,v1:172.21.15.2:6789/0] -- mon_command({"prefix": "get_command_descriptions"} v 0) v1 -- 0x7facfc04bb80 con 0x7facfc1011d0
2023-12-06T21:39:19.535 INFO:teuthology.orchestra.run.smithi002.stdout:/usr/bin/ceph: stderr
2023-12-06T21:39:18.914+0000 7facfb7fe700 1 --2- 172.21.15.2:0/370940317 >> [v2:172.21.15.2:6800/3476083770,v1:172.21.15.2:6801/3476083770] conn(0x7face4036640 0x7face4038af0 unknown :-1 s=BANNER_CONNECTING pgs=0 cs=0 l=1 rev1=0 crypto rx=0 tx=0 comp rx=0 tx=0)._handle_peer_banner_payload supported=3 required=0
2023-12-06T21:39:19.535 INFO:teuthology.orchestra.run.smithi002.stdout:/usr/bin/ceph: stderr
2023-12-06T21:39:18.915+0000 7facfb7fe700 1 --2- 172.21.15.2:0/370940317 >> [v2:172.21.15.2:6800/3476083770,v1:172.21.15.2:6801/3476083770] conn(0x7face4036640 0x7face4038af0 secure :-1 s=READY pgs=14 cs=0 l=1 rev1=1 crypto rx=0x7facf0009990 tx=0x7facf0006e40 comp rx=0 tx=0).ready entity=mgr.14120 client_cookie=0 server_cookie=0 in_seq=0 out_seq=0
2023-12-06T21:39:19.535 INFO:teuthology.orchestra.run.smithi002.stdout:/usr/bin/ceph: stderr
2023-12-06T21:39:18.919+0000 7facf8ff9700 1 -- 172.21.15.2:0/370940317 <== mon.0 v2:172.21.15.2:3300/0 6 ==== mon_command_ack([{"prefix": "get_command_descriptions"}]=0 v0) v1 ==== 72+0+174570 (secure 0 0 0) 0x7facec02d3f0 con 0x7facfc1011d0
2023-12-06T21:39:19.535 INFO:teuthology.orchestra.run.smithi002.stdout:/usr/bin/ceph: stderr
2023-12-06T21:39:19.146+0000 7fad02496700 1 -- 172.21.15.2:0/370940317 --> [v2:172.21.15.2:6800/3476083770,v1:172.21.15.2:6801/3476083770] -- mgr_command(tid 0: {"prefix": "orch apply", "service_type": "crash", "target": ["mon-mgr", ""]}) v1 -- 0x7facfc0febe0 con 0x7face4036640
2023-12-06T21:39:19.536 INFO:teuthology.orchestra.run.smithi002.stdout:/usr/bin/ceph: stderr
2023-12-06T21:39:19.151+0000 7facf8ff9700 1 -- 172.21.15.2:0/370940317 <== mgr.14120 v2:172.21.15.2:6800/3476083770 1 ==== mgr_command_reply(tid 0: 0 ) v1 ==== 8+0+26 (secure 0 0 0) 0x7facfc0febe0 con 0x7face4036640
2023-12-06T21:39:19.536 INFO:teuthology.orchestra.run.smithi002.stdout:/usr/bin/ceph: stderr
2023-12-06T21:39:19.154+0000 7fad02496700 1 -- 172.21.15.2:0/370940317 >> [v2:172.21.15.2:6800/3476083770,v1:172.21.15.2:6801/3476083770] conn(0x7face4036640 msgr2=0x7face4038af0 secure :-1 s=STATE_CONNECTION_ESTABLISHED l=1).mark_down
2023-12-06T21:39:19.536 INFO:teuthology.orchestra.run.smithi002.stdout:/usr/bin/ceph: stderr
2023-12-06T21:39:19.154+0000 7fad02496700 1 --2- 172.21.15.2:0/370940317 >> [v2:172.21.15.2:6800/3476083770,v1:172.21.15.2:6801/3476083770] conn(0x7face4036640 0x7face4038af0 secure :-1 s=READY pgs=14 cs=0 l=1 rev1=1 crypto rx=0x7facf0009990 tx=0x7facf0006e40 comp rx=0 tx=0).stop
2023-12-06T21:39:19.536 INFO:teuthology.orchestra.run.smithi002.stdout:/usr/bin/ceph: stderr
2023-12-06T21:39:19.154+0000 7fad02496700 1 -- 172.21.15.2:0/370940317 >> [v2:172.21.15.2:3300/0,v1:172.21.15.2:6789/0] conn(0x7facfc1011d0 msgr2=0x7facfc111190 secure :-1 s=STATE_CONNECTION_ESTABLISHED l=1).mark_down
2023-12-06T21:39:19.536 INFO:teuthology.orchestra.run.smithi002.stdout:/usr/bin/ceph: stderr
2023-12-06T21:39:19.154+0000 7fad02496700 1 --2- 172.21.15.2:0/370940317 >> [v2:172.21.15.2:3300/0,v1:172.21.15.2:6789/0] conn(0x7facfc1011d0 0x7facfc111190 secure :-1 s=READY pgs=52 cs=0 l=1 rev1=1 crypto rx=0x7facec011b60 tx=0x7facec009250 comp rx=0 tx=0).stop
2023-12-06T21:39:19.536 INFO:teuthology.orchestra.run.smithi002.stdout:/usr/bin/ceph: stderr
2023-12-06T21:39:19.154+0000 7fad02496700 1 -- 172.21.15.2:0/370940317 shutdown_connections
2023-12-06T21:39:19.536 INFO:teuthology.orchestra.run.smithi002.stdout:/usr/bin/ceph: stderr
2023-12-06T21:39:19.154+0000 7fad02496700 1 --2- 172.21.15.2:0/370940317 >> [v2:172.21.15.2:6800/3476083770,v1:172.21.15.2:6801/3476083770] conn(0x7face4036640 0x7face4038af0 unknown :-1 s=CLOSED pgs=14 cs=0 l=1 rev1=1 crypto rx=0 tx=0 comp rx=0 tx=0).stop
2023-12-06T21:39:19.536 INFO:teuthology.orchestra.run.smithi002.stdout:/usr/bin/ceph: stderr
2023-12-06T21:39:19.154+0000 7fad02496700 1 --2- 172.21.15.2:0/370940317 >> [v2:172.21.15.2:3300/0,v1:172.21.15.2:6789/0] conn(0x7facfc1011d0 0x7facfc111190 unknown :-1 s=CLOSED pgs=52 cs=0 l=1 rev1=1 crypto rx=0 tx=0 comp rx=0 tx=0).stop
2023-12-06T21:39:19.536 INFO:teuthology.orchestra.run.smithi002.stdout:/usr/bin/ceph: stderr
2023-12-06T21:39:19.154+0000 7fad02496700 1 -- 172.21.15.2:0/370940317 >> 172.21.15.2:0/370940317 conn(0x7facfc0fc970 msgr2=0x7facfc070b90 unknown :-1 s=STATE_NONE l=0).mark_down
2023-12-06T21:39:19.536 INFO:teuthology.orchestra.run.smithi002.stdout:/usr/bin/ceph: stderr
2023-12-06T21:39:19.154+0000 7fad02496700 1 -- 172.21.15.2:0/370940317 shutdown_connections
2023-12-06T21:39:19.536 INFO:teuthology.orchestra.run.smithi002.stdout:/usr/bin/ceph: stderr
2023-12-06T21:39:19.154+0000 7fad02496700 1 -- 172.21.15.2:0/370940317 wait complete.
2023-12-06T21:39:19.536 INFO:teuthology.orchestra.run.smithi002.stdout:Deploying prometheus service with default placement...
2023-12-06T21:39:20.433 INFO:journalctl@ceph.mon.smithi002.smithi002.stdout:Dec 06 21:39:20 smithi002 ceph-mon[111941]: from='mgr.14120 172.21.15.2:0/1753773886' entity='mgr.smithi002.lydpnq'
2023-12-06T21:39:20.433 INFO:journalctl@ceph.mon.smithi002.smithi002.stdout:Dec 06 21:39:20 smithi002 ceph-mon[111941]: from='client.14146 -' entity='client.admin' cmd=[{"prefix": "orch apply", "service_type": "crash", "target": ["mon-mgr", ""]}]: dispatch
2023-12-06T21:39:20.433 INFO:journalctl@ceph.mon.smithi002.smithi002.stdout:Dec 06 21:39:20 smithi002 ceph-mon[111941]: Saving service crash spec with placement *
2023-12-06T21:39:20.433 INFO:journalctl@ceph.mon.smithi002.smithi002.stdout:Dec 06 21:39:20 smithi002 ceph-mon[111941]: from='mgr.14120 172.21.15.2:0/1753773886' entity='mgr.smithi002.lydpnq'
2023-12-06T21:39:20.433 INFO:journalctl@ceph.mon.smithi002.smithi002.stdout:Dec 06 21:39:20 smithi002 ceph-mon[111941]: from='mgr.14120 172.21.15.2:0/1753773886' entity='mgr.smithi002.lydpnq'
2023-12-06T21:39:20.549 INFO:teuthology.orchestra.run.smithi002.stdout:/usr/bin/ceph: stdout Scheduled prometheus update...
2023-12-06T21:39:20.549 INFO:teuthology.orchestra.run.smithi002.stdout:/usr/bin/ceph: stderr
2023-12-06T21:39:19.942+0000 7f375ff7b700 1 Processor -- start
2023-12-06T21:39:20.549 INFO:teuthology.orchestra.run.smithi002.stdout:/usr/bin/ceph: stderr
2023-12-06T21:39:19.943+0000 7f375ff7b700 1 -- start start
2023-12-06T21:39:20.549 INFO:teuthology.orchestra.run.smithi002.stdout:/usr/bin/ceph: stderr
2023-12-06T21:39:19.943+0000 7f375ff7b700 1 --2- >> [v2:172.21.15.2:3300/0,v1:172.21.15.2:6789/0] conn(0x7f37581022d0 0x7f37581026e0 unknown :-1 s=NONE pgs=0 cs=0 l=0 rev1=0 crypto rx=0 tx=0 comp rx=0 tx=0).connect
2023-12-06T21:39:20.549 INFO:teuthology.orchestra.run.smithi002.stdout:/usr/bin/ceph: stderr
2023-12-06T21:39:19.943+0000 7f375ff7b700 1 -- --> [v2:172.21.15.2:3300/0,v1:172.21.15.2:6789/0] -- mon_getmap magic: 0 v1 -- 0x7f3758102c20 con 0x7f37581022d0
2023-12-06T21:39:20.550 INFO:teuthology.orchestra.run.smithi002.stdout:/usr/bin/ceph: stderr
2023-12-06T21:39:19.943+0000 7f375dd17700 1 --2- >> [v2:172.21.15.2:3300/0,v1:172.21.15.2:6789/0] conn(0x7f37581022d0 0x7f37581026e0 unknown :-1 s=BANNER_CONNECTING pgs=0 cs=0 l=0 rev1=0 crypto rx=0 tx=0 comp rx=0 tx=0)._handle_peer_banner_payload supported=3 required=0
2023-12-06T21:39:20.550 INFO:teuthology.orchestra.run.smithi002.stdout:/usr/bin/ceph: stderr
2023-12-06T21:39:19.944+0000 7f375dd17700 1 --2- >> [v2:172.21.15.2:3300/0,v1:172.21.15.2:6789/0] conn(0x7f37581022d0 0x7f37581026e0 unknown :-1 s=HELLO_CONNECTING pgs=0 cs=0 l=0 rev1=1 crypto rx=0 tx=0 comp rx=0 tx=0).handle_hello peer v2:172.21.15.2:3300/0 says I am v2:172.21.15.2:56702/0 (socket says 172.21.15.2:56702)
2023-12-06T21:39:20.550 INFO:teuthology.orchestra.run.smithi002.stdout:/usr/bin/ceph: stderr
2023-12-06T21:39:19.944+0000 7f375dd17700 1 -- 172.21.15.2:0/935748588 learned_addr learned my addr 172.21.15.2:0/935748588 (peer_addr_for_me v2:172.21.15.2:0/0)
2023-12-06T21:39:20.550 INFO:teuthology.orchestra.run.smithi002.stdout:/usr/bin/ceph: stderr
2023-12-06T21:39:19.944+0000 7f375dd17700 1 -- 172.21.15.2:0/935748588 --> [v2:172.21.15.2:3300/0,v1:172.21.15.2:6789/0] -- mon_subscribe({config=0+,monmap=0+}) v3 -- 0x7f3758102d60 con 0x7f37581022d0
2023-12-06T21:39:20.550 INFO:teuthology.orchestra.run.smithi002.stdout:/usr/bin/ceph: stderr
2023-12-06T21:39:19.944+0000 7f375dd17700 1 --2- 172.21.15.2:0/935748588 >> [v2:172.21.15.2:3300/0,v1:172.21.15.2:6789/0] conn(0x7f37581022d0 0x7f37581026e0 secure :-1 s=READY pgs=53 cs=0 l=1 rev1=1 crypto rx=0x7f37540098e0 tx=0x7f3754009250 comp rx=0 tx=0).ready entity=mon.0 client_cookie=675b3ac58f73bfda server_cookie=0 in_seq=0 out_seq=0
2023-12-06T21:39:20.550 INFO:teuthology.orchestra.run.smithi002.stdout:/usr/bin/ceph: stderr
2023-12-06T21:39:19.944+0000 7f375cd15700 1 -- 172.21.15.2:0/935748588 <== mon.0 v2:172.21.15.2:3300/0 1 ==== mon_map magic: 0 v1 ==== 229+0+0 (secure 0 0 0) 0x7f375400b860 con 0x7f37581022d0
2023-12-06T21:39:20.550 INFO:teuthology.orchestra.run.smithi002.stdout:/usr/bin/ceph: stderr
2023-12-06T21:39:19.944+0000 7f375cd15700 1 -- 172.21.15.2:0/935748588 <== mon.0 v2:172.21.15.2:3300/0 2 ==== config(26 keys) v1 ==== 1074+0+0 (secure 0 0 0) 0x7f375400be70 con 0x7f37581022d0
2023-12-06T21:39:20.550 INFO:teuthology.orchestra.run.smithi002.stdout:/usr/bin/ceph: stderr
2023-12-06T21:39:19.944+0000 7f375cd15700 1 -- 172.21.15.2:0/935748588 <== mon.0 v2:172.21.15.2:3300/0 3 ==== mon_map magic: 0 v1 ==== 229+0+0 (secure 0 0 0) 0x7f3754010380 con 0x7f37581022d0
2023-12-06T21:39:20.550 INFO:teuthology.orchestra.run.smithi002.stdout:/usr/bin/ceph: stderr
2023-12-06T21:39:19.945+0000 7f375ff7b700 1 -- 172.21.15.2:0/935748588 >> [v2:172.21.15.2:3300/0,v1:172.21.15.2:6789/0] conn(0x7f37581022d0 msgr2=0x7f37581026e0 secure :-1 s=STATE_CONNECTION_ESTABLISHED l=1).mark_down
2023-12-06T21:39:20.550 INFO:teuthology.orchestra.run.smithi002.stdout:/usr/bin/ceph: stderr
2023-12-06T21:39:19.945+0000 7f375ff7b700 1 --2- 172.21.15.2:0/935748588 >> [v2:172.21.15.2:3300/0,v1:172.21.15.2:6789/0] conn(0x7f37581022d0 0x7f37581026e0 secure :-1 s=READY pgs=53 cs=0 l=1 rev1=1 crypto rx=0x7f37540098e0 tx=0x7f3754009250 comp rx=0 tx=0).stop
2023-12-06T21:39:20.550 INFO:teuthology.orchestra.run.smithi002.stdout:/usr/bin/ceph: stderr
2023-12-06T21:39:19.945+0000 7f375ff7b700 1 -- 172.21.15.2:0/935748588 shutdown_connections
2023-12-06T21:39:20.550 INFO:teuthology.orchestra.run.smithi002.stdout:/usr/bin/ceph: stderr
2023-12-06T21:39:19.945+0000 7f375ff7b700 1 --2- 172.21.15.2:0/935748588 >> [v2:172.21.15.2:3300/0,v1:172.21.15.2:6789/0] conn(0x7f37581022d0 0x7f37581026e0 unknown :-1 s=CLOSED pgs=53 cs=0 l=1 rev1=1 crypto rx=0 tx=0 comp rx=0 tx=0).stop
2023-12-06T21:39:20.550 INFO:teuthology.orchestra.run.smithi002.stdout:/usr/bin/ceph: stderr
2023-12-06T21:39:19.945+0000 7f375ff7b700 1 -- 172.21.15.2:0/935748588 >> 172.21.15.2:0/935748588 conn(0x7f37580fda50 msgr2=0x7f37580ffe60 unknown :-1 s=STATE_NONE l=0).mark_down
2023-12-06T21:39:20.551 INFO:teuthology.orchestra.run.smithi002.stdout:/usr/bin/ceph: stderr
2023-12-06T21:39:19.945+0000 7f375ff7b700 1 -- 172.21.15.2:0/935748588 shutdown_connections
2023-12-06T21:39:20.551 INFO:teuthology.orchestra.run.smithi002.stdout:/usr/bin/ceph: stderr
2023-12-06T21:39:19.945+0000 7f375ff7b700 1 -- 172.21.15.2:0/935748588 wait complete.
2023-12-06T21:39:20.551 INFO:teuthology.orchestra.run.smithi002.stdout:/usr/bin/ceph: stderr
2023-12-06T21:39:19.946+0000 7f375ff7b700 1 Processor -- start
2023-12-06T21:39:20.551 INFO:teuthology.orchestra.run.smithi002.stdout:/usr/bin/ceph: stderr
2023-12-06T21:39:19.946+0000 7f375ff7b700 1 -- start start
2023-12-06T21:39:20.551 INFO:teuthology.orchestra.run.smithi002.stdout:/usr/bin/ceph: stderr
2023-12-06T21:39:19.946+0000 7f375ff7b700 1 --2- >> [v2:172.21.15.2:3300/0,v1:172.21.15.2:6789/0] conn(0x7f37581022d0 0x7f3758077c00 unknown :-1 s=NONE pgs=0 cs=0 l=1 rev1=0 crypto rx=0 tx=0 comp rx=0 tx=0).connect
2023-12-06T21:39:20.551 INFO:teuthology.orchestra.run.smithi002.stdout:/usr/bin/ceph: stderr
2023-12-06T21:39:19.946+0000 7f375ff7b700 1 -- --> [v2:172.21.15.2:3300/0,v1:172.21.15.2:6789/0] -- mon_getmap magic: 0 v1 -- 0x7f3758076080 con 0x7f37581022d0
2023-12-06T21:39:20.551 INFO:teuthology.orchestra.run.smithi002.stdout:/usr/bin/ceph: stderr
2023-12-06T21:39:19.946+0000 7f375dd17700 1 --2- >> [v2:172.21.15.2:3300/0,v1:172.21.15.2:6789/0] conn(0x7f37581022d0 0x7f3758077c00 unknown :-1 s=BANNER_CONNECTING pgs=0 cs=0 l=1 rev1=0 crypto rx=0 tx=0 comp rx=0 tx=0)._handle_peer_banner_payload supported=3 required=0
2023-12-06T21:39:20.551 INFO:teuthology.orchestra.run.smithi002.stdout:/usr/bin/ceph: stderr
2023-12-06T21:39:19.946+0000 7f375dd17700 1 --2- >> [v2:172.21.15.2:3300/0,v1:172.21.15.2:6789/0] conn(0x7f37581022d0 0x7f3758077c00 unknown :-1 s=HELLO_CONNECTING pgs=0 cs=0 l=1 rev1=1 crypto rx=0 tx=0 comp rx=0 tx=0).handle_hello peer v2:172.21.15.2:3300/0 says I am v2:172.21.15.2:56704/0 (socket says 172.21.15.2:56704)
2023-12-06T21:39:20.551 INFO:teuthology.orchestra.run.smithi002.stdout:/usr/bin/ceph: stderr
2023-12-06T21:39:19.946+0000 7f375dd17700 1 -- 172.21.15.2:0/1708657111 learned_addr learned my addr 172.21.15.2:0/1708657111 (peer_addr_for_me v2:172.21.15.2:0/0)
2023-12-06T21:39:20.551 INFO:teuthology.orchestra.run.smithi002.stdout:/usr/bin/ceph: stderr
2023-12-06T21:39:19.946+0000 7f375dd17700 1 -- 172.21.15.2:0/1708657111 --> [v2:172.21.15.2:3300/0,v1:172.21.15.2:6789/0] -- mon_subscribe({config=0+,monmap=0+}) v3 -- 0x7f37540094f0 con 0x7f37581022d0
2023-12-06T21:39:20.551 INFO:teuthology.orchestra.run.smithi002.stdout:/usr/bin/ceph: stderr
2023-12-06T21:39:19.947+0000 7f375dd17700 1 --2- 172.21.15.2:0/1708657111 >> [v2:172.21.15.2:3300/0,v1:172.21.15.2:6789/0] conn(0x7f37581022d0 0x7f3758077c00 secure :-1 s=READY pgs=54 cs=0 l=1 rev1=1 crypto rx=0x7f3754011b60 tx=0x7f3754009250 comp rx=0 tx=0).ready entity=mon.0 client_cookie=0 server_cookie=0 in_seq=0 out_seq=0
2023-12-06T21:39:20.551 INFO:teuthology.orchestra.run.smithi002.stdout:/usr/bin/ceph: stderr
2023-12-06T21:39:19.947+0000 7f374e7fc700 1 -- 172.21.15.2:0/1708657111 <== mon.0 v2:172.21.15.2:3300/0 1 ==== mon_map magic: 0 v1 ==== 229+0+0 (secure 0 0 0) 0x7f3754010850 con 0x7f37581022d0
2023-12-06T21:39:20.551 INFO:teuthology.orchestra.run.smithi002.stdout:/usr/bin/ceph: stderr
2023-12-06T21:39:19.947+0000 7f374e7fc700 1 -- 172.21.15.2:0/1708657111 <== mon.0 v2:172.21.15.2:3300/0 2 ==== config(26 keys) v1 ==== 1074+0+0 (secure 0 0 0) 0x7f3754010e60 con 0x7f37581022d0
2023-12-06T21:39:20.551 INFO:teuthology.orchestra.run.smithi002.stdout:/usr/bin/ceph: stderr
2023-12-06T21:39:19.947+0000 7f375ff7b700 1 -- 172.21.15.2:0/1708657111 --> [v2:172.21.15.2:3300/0,v1:172.21.15.2:6789/0] -- mon_subscribe({mgrmap=0+}) v3 -- 0x7f3758076280 con 0x7f37581022d0
2023-12-06T21:39:20.551 INFO:teuthology.orchestra.run.smithi002.stdout:/usr/bin/ceph: stderr
2023-12-06T21:39:19.947+0000 7f374e7fc700 1 -- 172.21.15.2:0/1708657111 <== mon.0 v2:172.21.15.2:3300/0 3 ==== mon_map magic: 0 v1 ==== 229+0+0 (secure 0 0 0) 0x7f375401ae20 con 0x7f37581022d0
2023-12-06T21:39:20.552 INFO:teuthology.orchestra.run.smithi002.stdout:/usr/bin/ceph: stderr
2023-12-06T21:39:19.947+0000 7f375ff7b700 1 -- 172.21.15.2:0/1708657111 --> [v2:172.21.15.2:3300/0,v1:172.21.15.2:6789/0] -- mon_subscribe({osdmap=0}) v3 -- 0x7f3758076690 con 0x7f37581022d0
2023-12-06T21:39:20.552 INFO:teuthology.orchestra.run.smithi002.stdout:/usr/bin/ceph: stderr
2023-12-06T21:39:19.948+0000 7f374e7fc700 1 -- 172.21.15.2:0/1708657111 <== mon.0 v2:172.21.15.2:3300/0 4 ==== mgrmap(e 8) v1 ==== 43281+0+0 (secure 0 0 0) 0x7f375402d3f0 con 0x7f37581022d0
2023-12-06T21:39:20.552 INFO:teuthology.orchestra.run.smithi002.stdout:/usr/bin/ceph: stderr
2023-12-06T21:39:19.948+0000 7f375ff7b700 1 -- 172.21.15.2:0/1708657111 --> [v2:172.21.15.2:3300/0,v1:172.21.15.2:6789/0] -- mon_command({"prefix": "get_command_descriptions"} v 0) v1 -- 0x7f375810b190 con 0x7f37581022d0
2023-12-06T21:39:20.552 INFO:teuthology.orchestra.run.smithi002.stdout:/usr/bin/ceph: stderr
2023-12-06T21:39:19.948+0000 7f374e7fc700 1 --2- 172.21.15.2:0/1708657111 >> [v2:172.21.15.2:6800/3476083770,v1:172.21.15.2:6801/3476083770] conn(0x7f3744036640 0x7f3744038af0 unknown :-1 s=NONE pgs=0 cs=0 l=1 rev1=0 crypto rx=0 tx=0 comp rx=0 tx=0).connect
2023-12-06T21:39:20.552 INFO:teuthology.orchestra.run.smithi002.stdout:/usr/bin/ceph: stderr
2023-12-06T21:39:19.948+0000 7f374e7fc700 1 -- 172.21.15.2:0/1708657111 <== mon.0 v2:172.21.15.2:3300/0 5 ==== osd_map(2..2 src has 1..2) v4 ==== 936+0+0 (secure 0 0 0) 0x7f375404a3b0 con 0x7f37581022d0
2023-12-06T21:39:20.552 INFO:teuthology.orchestra.run.smithi002.stdout:/usr/bin/ceph: stderr
2023-12-06T21:39:19.948+0000 7f375d516700 1 --2- 172.21.15.2:0/1708657111 >> [v2:172.21.15.2:6800/3476083770,v1:172.21.15.2:6801/3476083770] conn(0x7f3744036640 0x7f3744038af0 unknown :-1 s=BANNER_CONNECTING pgs=0 cs=0 l=1 rev1=0 crypto rx=0 tx=0 comp rx=0 tx=0)._handle_peer_banner_payload supported=3 required=0
2023-12-06T21:39:20.552 INFO:teuthology.orchestra.run.smithi002.stdout:/usr/bin/ceph: stderr
2023-12-06T21:39:19.949+0000 7f375d516700 1 --2- 172.21.15.2:0/1708657111 >> [v2:172.21.15.2:6800/3476083770,v1:172.21.15.2:6801/3476083770] conn(0x7f3744036640 0x7f3744038af0 secure :-1 s=READY pgs=15 cs=0 l=1 rev1=1 crypto rx=0x7f3748009990 tx=0x7f3748006e40 comp rx=0 tx=0).ready entity=mgr.14120 client_cookie=0 server_cookie=0 in_seq=0 out_seq=0
2023-12-06T21:39:20.552 INFO:teuthology.orchestra.run.smithi002.stdout:/usr/bin/ceph: stderr
2023-12-06T21:39:19.957+0000 7f374e7fc700 1 -- 172.21.15.2:0/1708657111 <== mon.0 v2:172.21.15.2:3300/0 6 ==== mon_command_ack([{"prefix": "get_command_descriptions"}]=0 v0) v1 ==== 72+0+174570 (secure 0 0 0) 0x7f375402b2f0 con 0x7f37581022d0
2023-12-06T21:39:20.552 INFO:teuthology.orchestra.run.smithi002.stdout:/usr/bin/ceph: stderr
2023-12-06T21:39:20.182+0000 7f375ff7b700 1 -- 172.21.15.2:0/1708657111 --> [v2:172.21.15.2:6800/3476083770,v1:172.21.15.2:6801/3476083770] -- mgr_command(tid 0: {"prefix": "orch apply", "service_type": "prometheus", "target": ["mon-mgr", ""]}) v1 -- 0x7f375802b1f0 con 0x7f3744036640
2023-12-06T21:39:20.552 INFO:teuthology.orchestra.run.smithi002.stdout:/usr/bin/ceph: stderr
2023-12-06T21:39:20.187+0000 7f374e7fc700 1 -- 172.21.15.2:0/1708657111 <== mgr.14120 v2:172.21.15.2:6800/3476083770 1 ==== mgr_command_reply(tid 0: 0 ) v1 ==== 8+0+31 (secure 0 0 0) 0x7f375802b1f0 con 0x7f3744036640
2023-12-06T21:39:20.552 INFO:teuthology.orchestra.run.smithi002.stdout:/usr/bin/ceph: stderr
2023-12-06T21:39:20.189+0000 7f375ff7b700 1 -- 172.21.15.2:0/1708657111 >> [v2:172.21.15.2:6800/3476083770,v1:172.21.15.2:6801/3476083770] conn(0x7f3744036640 msgr2=0x7f3744038af0 secure :-1 s=STATE_CONNECTION_ESTABLISHED l=1).mark_down
2023-12-06T21:39:20.552 INFO:teuthology.orchestra.run.smithi002.stdout:/usr/bin/ceph: stderr
2023-12-06T21:39:20.189+0000 7f375ff7b700 1 --2- 172.21.15.2:0/1708657111 >> [v2:172.21.15.2:6800/3476083770,v1:172.21.15.2:6801/3476083770] conn(0x7f3744036640 0x7f3744038af0 secure :-1 s=READY pgs=15 cs=0 l=1 rev1=1 crypto rx=0x7f3748009990 tx=0x7f3748006e40 comp rx=0 tx=0).stop
2023-12-06T21:39:20.552 INFO:teuthology.orchestra.run.smithi002.stdout:/usr/bin/ceph: stderr
2023-12-06T21:39:20.189+0000 7f375ff7b700 1 -- 172.21.15.2:0/1708657111 >> [v2:172.21.15.2:3300/0,v1:172.21.15.2:6789/0] conn(0x7f37581022d0 msgr2=0x7f3758077c00 secure :-1 s=STATE_CONNECTION_ESTABLISHED l=1).mark_down
2023-12-06T21:39:20.552 INFO:teuthology.orchestra.run.smithi002.stdout:/usr/bin/ceph: stderr
2023-12-06T21:39:20.189+0000 7f375ff7b700 1 --2- 172.21.15.2:0/1708657111 >> [v2:172.21.15.2:3300/0,v1:172.21.15.2:6789/0] conn(0x7f37581022d0 0x7f3758077c00 secure :-1 s=READY pgs=54 cs=0 l=1 rev1=1 crypto rx=0x7f3754011b60 tx=0x7f3754009250 comp rx=0 tx=0).stop
2023-12-06T21:39:20.552 INFO:teuthology.orchestra.run.smithi002.stdout:/usr/bin/ceph: stderr
2023-12-06T21:39:20.189+0000 7f375ff7b700 1 -- 172.21.15.2:0/1708657111 shutdown_connections
2023-12-06T21:39:20.553 INFO:teuthology.orchestra.run.smithi002.stdout:/usr/bin/ceph: stderr
2023-12-06T21:39:20.189+0000 7f375ff7b700 1 --2- 172.21.15.2:0/1708657111 >> [v2:172.21.15.2:6800/3476083770,v1:172.21.15.2:6801/3476083770] conn(0x7f3744036640 0x7f3744038af0 unknown :-1 s=CLOSED pgs=15 cs=0 l=1 rev1=1 crypto rx=0 tx=0 comp rx=0 tx=0).stop
2023-12-06T21:39:20.553 INFO:teuthology.orchestra.run.smithi002.stdout:/usr/bin/ceph: stderr
2023-12-06T21:39:20.189+0000 7f375ff7b700 1 --2- 172.21.15.2:0/1708657111 >> [v2:172.21.15.2:3300/0,v1:172.21.15.2:6789/0] conn(0x7f37581022d0 0x7f3758077c00 unknown :-1 s=CLOSED pgs=54 cs=0 l=1 rev1=1 crypto rx=0 tx=0 comp rx=0 tx=0).stop
2023-12-06T21:39:20.553 INFO:teuthology.orchestra.run.smithi002.stdout:/usr/bin/ceph: stderr
2023-12-06T21:39:20.189+0000 7f375ff7b700 1 -- 172.21.15.2:0/1708657111 >> 172.21.15.2:0/1708657111 conn(0x7f37580fda50 msgr2=0x7f37580ffe50 unknown :-1 s=STATE_NONE l=0).mark_down
2023-12-06T21:39:20.553 INFO:teuthology.orchestra.run.smithi002.stdout:/usr/bin/ceph: stderr
2023-12-06T21:39:20.189+0000 7f375ff7b700 1 -- 172.21.15.2:0/1708657111 shutdown_connections
2023-12-06T21:39:20.553 INFO:teuthology.orchestra.run.smithi002.stdout:/usr/bin/ceph: stderr
2023-12-06T21:39:20.189+0000 7f375ff7b700 1 -- 172.21.15.2:0/1708657111 wait complete.
2023-12-06T21:39:20.553 INFO:teuthology.orchestra.run.smithi002.stdout:Deploying grafana service with default placement...
2023-12-06T21:39:21.433 INFO:journalctl@ceph.mon.smithi002.smithi002.stdout:Dec 06 21:39:21 smithi002 ceph-mon[111941]: from='client.14148 -' entity='client.admin' cmd=[{"prefix": "orch apply", "service_type": "prometheus", "target": ["mon-mgr", ""]}]: dispatch
2023-12-06T21:39:21.433 INFO:journalctl@ceph.mon.smithi002.smithi002.stdout:Dec 06 21:39:21 smithi002 ceph-mon[111941]: Saving service prometheus spec with placement count:1
2023-12-06T21:39:21.433 INFO:journalctl@ceph.mon.smithi002.smithi002.stdout:Dec 06 21:39:21 smithi002 ceph-mon[111941]: from='mgr.14120 172.21.15.2:0/1753773886' entity='mgr.smithi002.lydpnq'
2023-12-06T21:39:21.649 INFO:teuthology.orchestra.run.smithi002.stdout:/usr/bin/ceph: stdout Scheduled grafana update...
2023-12-06T21:39:21.649 INFO:teuthology.orchestra.run.smithi002.stdout:/usr/bin/ceph: stderr
2023-12-06T21:39:20.990+0000 7fe00401c700 1 Processor -- start
2023-12-06T21:39:21.649 INFO:teuthology.orchestra.run.smithi002.stdout:/usr/bin/ceph: stderr
