2024-03-22T06:06:00.532 INFO:journalctl@ceph.mon.smithi006.smithi006.stdout:Mar 22 06:06:00 smithi006 ceph-mon[29301]: from='mgr.14120 172.21.15.6:0/2261480220' entity='mgr.smithi006.sfpxdy'
2024-03-22T06:06:01.053 INFO:teuthology.orchestra.run.smithi006.stdout:/usr/bin/ceph: stdout ssh-rsa AAAAB3NzaC1yc2EAAAADAQABAAABgQC0j9Tiiux0asll9l2rlt8oDlx3SU70B5W7rn83trBtd195dUCkCff9FYOTvRB6ckYiXJVJaIuRCc13G8AJ/3OaK4Vo9FOKwzMsNVn9FKIet1OG/TYGbEQ+t3097uRJGImZmpXJsrbkgCqPaWipHp58UombAv8XLCJlh8TFXZsw9pmZ25ooiL0eXqyhYVYNRSaa2j1rxk5of1sANL8uH5OkUw7DLKFfXpm/edsiYcXXczCOg25UMb5KsLa2WEbNhr54RRTY2j4g3lS7VgBDrjLM1oZA7jRIdHuxevCqmUHU6K9kCPOnMqkb+/whv3QmZE69UPSFgGHYY9+LRwBuLW8vhlgI4ZuzAKUgC0qz6zmm5dRksnyZ2+hwu9keMjE664XbnfEM05WilCHr1rXylSSmvD6ehq1wXC9ISRFymfoYRj7WA04Vte1NBGQuPb00293nH8jrfPMjGwBUepDO/11xkpqQEAgBt3Y5MNnkzHbjSZ10mrAKLoP4/U0lNGCJRTM= ceph-fa0e13c2-e811-11ee-95cd-87774f69a715
2024-03-22T06:06:01.054 INFO:teuthology.orchestra.run.smithi006.stdout:/usr/bin/ceph: stderr
2024-03-22T06:06:00.212+0000 7fe36a80a700 1 Processor -- start
2024-03-22T06:06:01.054 INFO:teuthology.orchestra.run.smithi006.stdout:/usr/bin/ceph: stderr
2024-03-22T06:06:00.213+0000 7fe36a80a700 1 -- start start
2024-03-22T06:06:01.054 INFO:teuthology.orchestra.run.smithi006.stdout:/usr/bin/ceph: stderr
2024-03-22T06:06:00.213+0000 7fe36a80a700 1 --2- >> [v2:172.21.15.6:3300/0,v1:172.21.15.6:6789/0] conn(0x7fe364102c60 0x7fe364103070 unknown :-1 s=NONE pgs=0 cs=0 l=0 rev1=0 crypto rx=0 tx=0 comp rx=0 tx=0).connect
2024-03-22T06:06:01.054 INFO:teuthology.orchestra.run.smithi006.stdout:/usr/bin/ceph: stderr
2024-03-22T06:06:00.213+0000 7fe36a80a700 1 -- --> [v2:172.21.15.6:3300/0,v1:172.21.15.6:6789/0] -- mon_getmap magic: 0 v1 -- 0x7fe3641035b0 con 0x7fe364102c60
2024-03-22T06:06:01.054 INFO:teuthology.orchestra.run.smithi006.stdout:/usr/bin/ceph: stderr
2024-03-22T06:06:00.213+0000 7fe363fff700 1 --2- >> [v2:172.21.15.6:3300/0,v1:172.21.15.6:6789/0] conn(0x7fe364102c60 0x7fe364103070 unknown :-1 s=BANNER_CONNECTING pgs=0 cs=0 l=0 rev1=0 crypto rx=0 tx=0 comp rx=0 tx=0)._handle_peer_banner_payload supported=3 required=0
2024-03-22T06:06:01.054 INFO:teuthology.orchestra.run.smithi006.stdout:/usr/bin/ceph: stderr
2024-03-22T06:06:00.213+0000 7fe363fff700 1 --2- >> [v2:172.21.15.6:3300/0,v1:172.21.15.6:6789/0] conn(0x7fe364102c60 0x7fe364103070 unknown :-1 s=HELLO_CONNECTING pgs=0 cs=0 l=0 rev1=1 crypto rx=0 tx=0 comp rx=0 tx=0).handle_hello peer v2:172.21.15.6:3300/0 says I am v2:172.21.15.6:39510/0 (socket says 172.21.15.6:39510)
2024-03-22T06:06:01.054 INFO:teuthology.orchestra.run.smithi006.stdout:/usr/bin/ceph: stderr
2024-03-22T06:06:00.213+0000 7fe363fff700 1 -- 172.21.15.6:0/371146331 learned_addr learned my addr 172.21.15.6:0/371146331 (peer_addr_for_me v2:172.21.15.6:0/0)
2024-03-22T06:06:01.054 INFO:teuthology.orchestra.run.smithi006.stdout:/usr/bin/ceph: stderr
2024-03-22T06:06:00.213+0000 7fe363fff700 1 -- 172.21.15.6:0/371146331 --> [v2:172.21.15.6:3300/0,v1:172.21.15.6:6789/0] -- mon_subscribe({config=0+,monmap=0+}) v3 -- 0x7fe3641036f0 con 0x7fe364102c60
2024-03-22T06:06:01.054 INFO:teuthology.orchestra.run.smithi006.stdout:/usr/bin/ceph: stderr
2024-03-22T06:06:00.213+0000 7fe363fff700 1 --2- 172.21.15.6:0/371146331 >> [v2:172.21.15.6:3300/0,v1:172.21.15.6:6789/0] conn(0x7fe364102c60 0x7fe364103070 secure :-1 s=READY pgs=43 cs=0 l=1 rev1=1 crypto rx=0x7fe3540098e0 tx=0x7fe354009250 comp rx=0 tx=0).ready entity=mon.0 client_cookie=ec3e43322665c6ea server_cookie=0 in_seq=0 out_seq=0
2024-03-22T06:06:01.054 INFO:teuthology.orchestra.run.smithi006.stdout:/usr/bin/ceph: stderr
2024-03-22T06:06:00.213+0000 7fe362ffd700 1 -- 172.21.15.6:0/371146331 <== mon.0 v2:172.21.15.6:3300/0 1 ==== mon_map magic: 0 v1 ==== 229+0+0 (secure 0 0 0) 0x7fe35400b860 con 0x7fe364102c60
2024-03-22T06:06:01.054 INFO:teuthology.orchestra.run.smithi006.stdout:/usr/bin/ceph: stderr
2024-03-22T06:06:00.214+0000 7fe362ffd700 1 -- 172.21.15.6:0/371146331 <== mon.0 v2:172.21.15.6:3300/0 2 ==== config(27 keys) v1 ==== 1044+0+0 (secure 0 0 0) 0x7fe35400be50 con 0x7fe364102c60
2024-03-22T06:06:01.054 INFO:teuthology.orchestra.run.smithi006.stdout:/usr/bin/ceph: stderr
2024-03-22T06:06:00.214+0000 7fe362ffd700 1 -- 172.21.15.6:0/371146331 <== mon.0 v2:172.21.15.6:3300/0 3 ==== mon_map magic: 0 v1 ==== 229+0+0 (secure 0 0 0) 0x7fe354010380 con 0x7fe364102c60
2024-03-22T06:06:01.055 INFO:teuthology.orchestra.run.smithi006.stdout:/usr/bin/ceph: stderr
2024-03-22T06:06:00.214+0000 7fe36a80a700 1 -- 172.21.15.6:0/371146331 >> [v2:172.21.15.6:3300/0,v1:172.21.15.6:6789/0] conn(0x7fe364102c60 msgr2=0x7fe364103070 secure :-1 s=STATE_CONNECTION_ESTABLISHED l=1).mark_down
2024-03-22T06:06:01.055 INFO:teuthology.orchestra.run.smithi006.stdout:/usr/bin/ceph: stderr
2024-03-22T06:06:00.214+0000 7fe36a80a700 1 --2- 172.21.15.6:0/371146331 >> [v2:172.21.15.6:3300/0,v1:172.21.15.6:6789/0] conn(0x7fe364102c60 0x7fe364103070 secure :-1 s=READY pgs=43 cs=0 l=1 rev1=1 crypto rx=0x7fe3540098e0 tx=0x7fe354009250 comp rx=0 tx=0).stop
2024-03-22T06:06:01.055 INFO:teuthology.orchestra.run.smithi006.stdout:/usr/bin/ceph: stderr
2024-03-22T06:06:00.214+0000 7fe36a80a700 1 -- 172.21.15.6:0/371146331 shutdown_connections
2024-03-22T06:06:01.055 INFO:teuthology.orchestra.run.smithi006.stdout:/usr/bin/ceph: stderr
2024-03-22T06:06:00.214+0000 7fe36a80a700 1 --2- 172.21.15.6:0/371146331 >> [v2:172.21.15.6:3300/0,v1:172.21.15.6:6789/0] conn(0x7fe364102c60 0x7fe364103070 unknown :-1 s=CLOSED pgs=43 cs=0 l=1 rev1=1 crypto rx=0 tx=0 comp rx=0 tx=0).stop
2024-03-22T06:06:01.055 INFO:teuthology.orchestra.run.smithi006.stdout:/usr/bin/ceph: stderr
2024-03-22T06:06:00.214+0000 7fe36a80a700 1 -- 172.21.15.6:0/371146331 >> 172.21.15.6:0/371146331 conn(0x7fe3640fc560 msgr2=0x7fe3640fe970 unknown :-1 s=STATE_NONE l=0).mark_down
2024-03-22T06:06:01.055 INFO:teuthology.orchestra.run.smithi006.stdout:/usr/bin/ceph: stderr
2024-03-22T06:06:00.214+0000 7fe36a80a700 1 -- 172.21.15.6:0/371146331 shutdown_connections
2024-03-22T06:06:01.055 INFO:teuthology.orchestra.run.smithi006.stdout:/usr/bin/ceph: stderr
2024-03-22T06:06:00.214+0000 7fe36a80a700 1 -- 172.21.15.6:0/371146331 wait complete.
2024-03-22T06:06:01.055 INFO:teuthology.orchestra.run.smithi006.stdout:/usr/bin/ceph: stderr
2024-03-22T06:06:00.215+0000 7fe36a80a700 1 Processor -- start
2024-03-22T06:06:01.055 INFO:teuthology.orchestra.run.smithi006.stdout:/usr/bin/ceph: stderr
2024-03-22T06:06:00.215+0000 7fe36a80a700 1 -- start start
2024-03-22T06:06:01.055 INFO:teuthology.orchestra.run.smithi006.stdout:/usr/bin/ceph: stderr
2024-03-22T06:06:00.215+0000 7fe36a80a700 1 --2- >> [v2:172.21.15.6:3300/0,v1:172.21.15.6:6789/0] conn(0x7fe364102c60 0x7fe3641104b0 unknown :-1 s=NONE pgs=0 cs=0 l=1 rev1=0 crypto rx=0 tx=0 comp rx=0 tx=0).connect
2024-03-22T06:06:01.055 INFO:teuthology.orchestra.run.smithi006.stdout:/usr/bin/ceph: stderr
2024-03-22T06:06:00.215+0000 7fe36a80a700 1 -- --> [v2:172.21.15.6:3300/0,v1:172.21.15.6:6789/0] -- mon_getmap magic: 0 v1 -- 0x7fe3641109f0 con 0x7fe364102c60
2024-03-22T06:06:01.055 INFO:teuthology.orchestra.run.smithi006.stdout:/usr/bin/ceph: stderr
2024-03-22T06:06:00.215+0000 7fe363fff700 1 --2- >> [v2:172.21.15.6:3300/0,v1:172.21.15.6:6789/0] conn(0x7fe364102c60 0x7fe3641104b0 unknown :-1 s=BANNER_CONNECTING pgs=0 cs=0 l=1 rev1=0 crypto rx=0 tx=0 comp rx=0 tx=0)._handle_peer_banner_payload supported=3 required=0
2024-03-22T06:06:01.055 INFO:teuthology.orchestra.run.smithi006.stdout:/usr/bin/ceph: stderr
2024-03-22T06:06:00.215+0000 7fe363fff700 1 --2- >> [v2:172.21.15.6:3300/0,v1:172.21.15.6:6789/0] conn(0x7fe364102c60 0x7fe3641104b0 unknown :-1 s=HELLO_CONNECTING pgs=0 cs=0 l=1 rev1=1 crypto rx=0 tx=0 comp rx=0 tx=0).handle_hello peer v2:172.21.15.6:3300/0 says I am v2:172.21.15.6:39526/0 (socket says 172.21.15.6:39526)
2024-03-22T06:06:01.055 INFO:teuthology.orchestra.run.smithi006.stdout:/usr/bin/ceph: stderr
2024-03-22T06:06:00.215+0000 7fe363fff700 1 -- 172.21.15.6:0/2660158526 learned_addr learned my addr 172.21.15.6:0/2660158526 (peer_addr_for_me v2:172.21.15.6:0/0)
2024-03-22T06:06:01.055 INFO:teuthology.orchestra.run.smithi006.stdout:/usr/bin/ceph: stderr
2024-03-22T06:06:00.215+0000 7fe363fff700 1 -- 172.21.15.6:0/2660158526 --> [v2:172.21.15.6:3300/0,v1:172.21.15.6:6789/0] -- mon_subscribe({config=0+,monmap=0+}) v3 -- 0x7fe3540094f0 con 0x7fe364102c60
2024-03-22T06:06:01.056 INFO:teuthology.orchestra.run.smithi006.stdout:/usr/bin/ceph: stderr
2024-03-22T06:06:00.216+0000 7fe363fff700 1 --2- 172.21.15.6:0/2660158526 >> [v2:172.21.15.6:3300/0,v1:172.21.15.6:6789/0] conn(0x7fe364102c60 0x7fe3641104b0 secure :-1 s=READY pgs=44 cs=0 l=1 rev1=1 crypto rx=0x7fe354006b00 tx=0x7fe354009250 comp rx=0 tx=0).ready entity=mon.0 client_cookie=0 server_cookie=0 in_seq=0 out_seq=0
2024-03-22T06:06:01.056 INFO:teuthology.orchestra.run.smithi006.stdout:/usr/bin/ceph: stderr
2024-03-22T06:06:00.216+0000 7fe360ff9700 1 -- 172.21.15.6:0/2660158526 <== mon.0 v2:172.21.15.6:3300/0 1 ==== mon_map magic: 0 v1 ==== 229+0+0 (secure 0 0 0) 0x7fe354010760 con 0x7fe364102c60
2024-03-22T06:06:01.056 INFO:teuthology.orchestra.run.smithi006.stdout:/usr/bin/ceph: stderr
2024-03-22T06:06:00.216+0000 7fe360ff9700 1 -- 172.21.15.6:0/2660158526 <== mon.0 v2:172.21.15.6:3300/0 2 ==== config(27 keys) v1 ==== 1044+0+0 (secure 0 0 0) 0x7fe354010d50 con 0x7fe364102c60
2024-03-22T06:06:01.056 INFO:teuthology.orchestra.run.smithi006.stdout:/usr/bin/ceph: stderr
2024-03-22T06:06:00.216+0000 7fe36a80a700 1 -- 172.21.15.6:0/2660158526 --> [v2:172.21.15.6:3300/0,v1:172.21.15.6:6789/0] -- mon_subscribe({mgrmap=0+}) v3 -- 0x7fe364110bf0 con 0x7fe364102c60
2024-03-22T06:06:01.056 INFO:teuthology.orchestra.run.smithi006.stdout:/usr/bin/ceph: stderr
2024-03-22T06:06:00.216+0000 7fe360ff9700 1 -- 172.21.15.6:0/2660158526 <== mon.0 v2:172.21.15.6:3300/0 3 ==== mon_map magic: 0 v1 ==== 229+0+0 (secure 0 0 0) 0x7fe35401ad40 con 0x7fe364102c60
2024-03-22T06:06:01.056 INFO:teuthology.orchestra.run.smithi006.stdout:/usr/bin/ceph: stderr
2024-03-22T06:06:00.216+0000 7fe36a80a700 1 -- 172.21.15.6:0/2660158526 --> [v2:172.21.15.6:3300/0,v1:172.21.15.6:6789/0] -- mon_subscribe({osdmap=0}) v3 -- 0x7fe364111760 con 0x7fe364102c60
2024-03-22T06:06:01.056 INFO:teuthology.orchestra.run.smithi006.stdout:/usr/bin/ceph: stderr
2024-03-22T06:06:00.217+0000 7fe360ff9700 1 -- 172.21.15.6:0/2660158526 <== mon.0 v2:172.21.15.6:3300/0 4 ==== mgrmap(e 8) v1 ==== 43368+0+0 (secure 0 0 0) 0x7fe35402e440 con 0x7fe364102c60
2024-03-22T06:06:01.056 INFO:teuthology.orchestra.run.smithi006.stdout:/usr/bin/ceph: stderr
2024-03-22T06:06:00.217+0000 7fe360ff9700 1 --2- 172.21.15.6:0/2660158526 >> [v2:172.21.15.6:6800/3903206979,v1:172.21.15.6:6801/3903206979] conn(0x7fe350036790 0x7fe350038c40 unknown :-1 s=NONE pgs=0 cs=0 l=1 rev1=0 crypto rx=0 tx=0 comp rx=0 tx=0).connect
2024-03-22T06:06:01.056 INFO:teuthology.orchestra.run.smithi006.stdout:/usr/bin/ceph: stderr
2024-03-22T06:06:00.217+0000 7fe360ff9700 1 -- 172.21.15.6:0/2660158526 <== mon.0 v2:172.21.15.6:3300/0 5 ==== osd_map(2..2 src has 1..2) v4 ==== 936+0+0 (secure 0 0 0) 0x7fe35404a5b0 con 0x7fe364102c60
2024-03-22T06:06:01.056 INFO:teuthology.orchestra.run.smithi006.stdout:/usr/bin/ceph: stderr
2024-03-22T06:06:00.217+0000 7fe3637fe700 1 --2- 172.21.15.6:0/2660158526 >> [v2:172.21.15.6:6800/3903206979,v1:172.21.15.6:6801/3903206979] conn(0x7fe350036790 0x7fe350038c40 unknown :-1 s=BANNER_CONNECTING pgs=0 cs=0 l=1 rev1=0 crypto rx=0 tx=0 comp rx=0 tx=0)._handle_peer_banner_payload supported=3 required=0
2024-03-22T06:06:01.056 INFO:teuthology.orchestra.run.smithi006.stdout:/usr/bin/ceph: stderr
2024-03-22T06:06:00.217+0000 7fe36a80a700 1 -- 172.21.15.6:0/2660158526 --> [v2:172.21.15.6:3300/0,v1:172.21.15.6:6789/0] -- mon_command({"prefix": "get_command_descriptions"} v 0) v1 -- 0x7fe36405f5f0 con 0x7fe364102c60
2024-03-22T06:06:01.056 INFO:teuthology.orchestra.run.smithi006.stdout:/usr/bin/ceph: stderr
2024-03-22T06:06:00.217+0000 7fe3637fe700 1 --2- 172.21.15.6:0/2660158526 >> [v2:172.21.15.6:6800/3903206979,v1:172.21.15.6:6801/3903206979] conn(0x7fe350036790 0x7fe350038c40 secure :-1 s=READY pgs=10 cs=0 l=1 rev1=1 crypto rx=0x7fe34c009990 tx=0x7fe34c006e40 comp rx=0 tx=0).ready entity=mgr.14120 client_cookie=0 server_cookie=0 in_seq=0 out_seq=0
2024-03-22T06:06:01.056 INFO:teuthology.orchestra.run.smithi006.stdout:/usr/bin/ceph: stderr
2024-03-22T06:06:00.222+0000 7fe360ff9700 1 -- 172.21.15.6:0/2660158526 <== mon.0 v2:172.21.15.6:3300/0 6 ==== mon_command_ack([{"prefix": "get_command_descriptions"}]=0 v0) v1 ==== 72+0+176504 (secure 0 0 0) 0x7fe354018940 con 0x7fe364102c60
2024-03-22T06:06:01.056 INFO:teuthology.orchestra.run.smithi006.stdout:/usr/bin/ceph: stderr
2024-03-22T06:06:00.419+0000 7fe36a80a700 1 -- 172.21.15.6:0/2660158526 --> [v2:172.21.15.6:6800/3903206979,v1:172.21.15.6:6801/3903206979] -- mgr_command(tid 0: {"prefix": "cephadm get-pub-key", "target": ["mon-mgr", ""]}) v1 -- 0x7fe3640fd7f0 con 0x7fe350036790
2024-03-22T06:06:01.056 INFO:teuthology.orchestra.run.smithi006.stdout:/usr/bin/ceph: stderr
2024-03-22T06:06:00.420+0000 7fe360ff9700 1 -- 172.21.15.6:0/2660158526 <== mgr.14120 v2:172.21.15.6:6800/3903206979 1 ==== mgr_command_reply(tid 0: 0 ) v1 ==== 8+0+595 (secure 0 0 0) 0x7fe3640fd7f0 con 0x7fe350036790
2024-03-22T06:06:01.057 INFO:teuthology.orchestra.run.smithi006.stdout:/usr/bin/ceph: stderr
2024-03-22T06:06:00.422+0000 7fe36a80a700 1 -- 172.21.15.6:0/2660158526 >> [v2:172.21.15.6:6800/3903206979,v1:172.21.15.6:6801/3903206979] conn(0x7fe350036790 msgr2=0x7fe350038c40 secure :-1 s=STATE_CONNECTION_ESTABLISHED l=1).mark_down
2024-03-22T06:06:01.057 INFO:teuthology.orchestra.run.smithi006.stdout:/usr/bin/ceph: stderr
2024-03-22T06:06:00.422+0000 7fe36a80a700 1 --2- 172.21.15.6:0/2660158526 >> [v2:172.21.15.6:6800/3903206979,v1:172.21.15.6:6801/3903206979] conn(0x7fe350036790 0x7fe350038c40 secure :-1 s=READY pgs=10 cs=0 l=1 rev1=1 crypto rx=0x7fe34c009990 tx=0x7fe34c006e40 comp rx=0 tx=0).stop
2024-03-22T06:06:01.057 INFO:teuthology.orchestra.run.smithi006.stdout:/usr/bin/ceph: stderr
2024-03-22T06:06:00.422+0000 7fe36a80a700 1 -- 172.21.15.6:0/2660158526 >> [v2:172.21.15.6:3300/0,v1:172.21.15.6:6789/0] conn(0x7fe364102c60 msgr2=0x7fe3641104b0 secure :-1 s=STATE_CONNECTION_ESTABLISHED l=1).mark_down
2024-03-22T06:06:01.057 INFO:teuthology.orchestra.run.smithi006.stdout:/usr/bin/ceph: stderr
2024-03-22T06:06:00.422+0000 7fe36a80a700 1 --2- 172.21.15.6:0/2660158526 >> [v2:172.21.15.6:3300/0,v1:172.21.15.6:6789/0] conn(0x7fe364102c60 0x7fe3641104b0 secure :-1 s=READY pgs=44 cs=0 l=1 rev1=1 crypto rx=0x7fe354006b00 tx=0x7fe354009250 comp rx=0 tx=0).stop
2024-03-22T06:06:01.057 INFO:teuthology.orchestra.run.smithi006.stdout:/usr/bin/ceph: stderr
2024-03-22T06:06:00.422+0000 7fe36a80a700 1 -- 172.21.15.6:0/2660158526 shutdown_connections
2024-03-22T06:06:01.057 INFO:teuthology.orchestra.run.smithi006.stdout:/usr/bin/ceph: stderr
2024-03-22T06:06:00.422+0000 7fe36a80a700 1 --2- 172.21.15.6:0/2660158526 >> [v2:172.21.15.6:6800/3903206979,v1:172.21.15.6:6801/3903206979] conn(0x7fe350036790 0x7fe350038c40 unknown :-1 s=CLOSED pgs=10 cs=0 l=1 rev1=1 crypto rx=0 tx=0 comp rx=0 tx=0).stop
2024-03-22T06:06:01.057 INFO:teuthology.orchestra.run.smithi006.stdout:/usr/bin/ceph: stderr
2024-03-22T06:06:00.422+0000 7fe36a80a700 1 --2- 172.21.15.6:0/2660158526 >> [v2:172.21.15.6:3300/0,v1:172.21.15.6:6789/0] conn(0x7fe364102c60 0x7fe3641104b0 unknown :-1 s=CLOSED pgs=44 cs=0 l=1 rev1=1 crypto rx=0 tx=0 comp rx=0 tx=0).stop
2024-03-22T06:06:01.057 INFO:teuthology.orchestra.run.smithi006.stdout:/usr/bin/ceph: stderr
2024-03-22T06:06:00.422+0000 7fe36a80a700 1 -- 172.21.15.6:0/2660158526 >> 172.21.15.6:0/2660158526 conn(0x7fe3640fc560 msgr2=0x7fe3640fd0e0 unknown :-1 s=STATE_NONE l=0).mark_down
2024-03-22T06:06:01.057 INFO:teuthology.orchestra.run.smithi006.stdout:/usr/bin/ceph: stderr
2024-03-22T06:06:00.422+0000 7fe36a80a700 1 -- 172.21.15.6:0/2660158526 shutdown_connections
2024-03-22T06:06:01.057 INFO:teuthology.orchestra.run.smithi006.stdout:/usr/bin/ceph: stderr
2024-03-22T06:06:00.422+0000 7fe36a80a700 1 -- 172.21.15.6:0/2660158526 wait complete.
2024-03-22T06:06:01.057 INFO:teuthology.orchestra.run.smithi006.stdout:Wrote public SSH key to /home/ubuntu/cephtest/ceph.pub
2024-03-22T06:06:01.057 INFO:teuthology.orchestra.run.smithi006.stdout:Adding key to root@localhost authorized_keys...
2024-03-22T06:06:01.057 INFO:teuthology.orchestra.run.smithi006.stdout:Adding host smithi006...
2024-03-22T06:06:01.340 INFO:journalctl@ceph.mon.smithi006.smithi006.stdout:Mar 22 06:06:01 smithi006 ceph-mon[29301]: from='client.14138 -' entity='client.admin' cmd=[{"prefix": "cephadm get-pub-key", "target": ["mon-mgr", ""]}]: dispatch
2024-03-22T06:06:02.642 INFO:journalctl@ceph.mon.smithi006.smithi006.stdout:Mar 22 06:06:02 smithi006 ceph-mon[29301]: from='client.14140 -' entity='client.admin' cmd=[{"prefix": "orch host add", "hostname": "smithi006", "addr": "172.21.15.6", "target": ["mon-mgr", ""]}]: dispatch
2024-03-22T06:06:02.642 INFO:journalctl@ceph.mon.smithi006.smithi006.stdout:Mar 22 06:06:02 smithi006 ceph-mon[29301]: Deploying cephadm binary to smithi006
2024-03-22T06:06:04.203 INFO:teuthology.orchestra.run.smithi006.stdout:/usr/bin/ceph: stdout Added host 'smithi006' with addr '172.21.15.6'
2024-03-22T06:06:04.204 INFO:teuthology.orchestra.run.smithi006.stdout:/usr/bin/ceph: stderr
2024-03-22T06:06:01.441+0000 7f86a922a700 1 Processor -- start
2024-03-22T06:06:04.204 INFO:teuthology.orchestra.run.smithi006.stdout:/usr/bin/ceph: stderr
2024-03-22T06:06:01.441+0000 7f86a922a700 1 -- start start
2024-03-22T06:06:04.204 INFO:teuthology.orchestra.run.smithi006.stdout:/usr/bin/ceph: stderr
2024-03-22T06:06:01.442+0000 7f86a922a700 1 --2- >> [v2:172.21.15.6:3300/0,v1:172.21.15.6:6789/0] conn(0x7f86a4101620 0x7f86a4101a30 unknown :-1 s=NONE pgs=0 cs=0 l=0 rev1=0 crypto rx=0 tx=0 comp rx=0 tx=0).connect
2024-03-22T06:06:04.204 INFO:teuthology.orchestra.run.smithi006.stdout:/usr/bin/ceph: stderr
2024-03-22T06:06:01.442+0000 7f86a922a700 1 -- --> [v2:172.21.15.6:3300/0,v1:172.21.15.6:6789/0] -- mon_getmap magic: 0 v1 -- 0x7f86a4101f70 con 0x7f86a4101620
2024-03-22T06:06:04.204 INFO:teuthology.orchestra.run.smithi006.stdout:/usr/bin/ceph: stderr
2024-03-22T06:06:01.442+0000 7f86a2d9d700 1 --2- >> [v2:172.21.15.6:3300/0,v1:172.21.15.6:6789/0] conn(0x7f86a4101620 0x7f86a4101a30 unknown :-1 s=BANNER_CONNECTING pgs=0 cs=0 l=0 rev1=0 crypto rx=0 tx=0 comp rx=0 tx=0)._handle_peer_banner_payload supported=3 required=0
2024-03-22T06:06:04.204 INFO:teuthology.orchestra.run.smithi006.stdout:/usr/bin/ceph: stderr
2024-03-22T06:06:01.442+0000 7f86a2d9d700 1 --2- >> [v2:172.21.15.6:3300/0,v1:172.21.15.6:6789/0] conn(0x7f86a4101620 0x7f86a4101a30 unknown :-1 s=HELLO_CONNECTING pgs=0 cs=0 l=0 rev1=1 crypto rx=0 tx=0 comp rx=0 tx=0).handle_hello peer v2:172.21.15.6:3300/0 says I am v2:172.21.15.6:39532/0 (socket says 172.21.15.6:39532)
2024-03-22T06:06:04.204 INFO:teuthology.orchestra.run.smithi006.stdout:/usr/bin/ceph: stderr
2024-03-22T06:06:01.442+0000 7f86a2d9d700 1 -- 172.21.15.6:0/1655082336 learned_addr learned my addr 172.21.15.6:0/1655082336 (peer_addr_for_me v2:172.21.15.6:0/0)
2024-03-22T06:06:04.204 INFO:teuthology.orchestra.run.smithi006.stdout:/usr/bin/ceph: stderr
2024-03-22T06:06:01.442+0000 7f86a2d9d700 1 -- 172.21.15.6:0/1655082336 --> [v2:172.21.15.6:3300/0,v1:172.21.15.6:6789/0] -- mon_subscribe({config=0+,monmap=0+}) v3 -- 0x7f86a41020b0 con 0x7f86a4101620
2024-03-22T06:06:04.204 INFO:teuthology.orchestra.run.smithi006.stdout:/usr/bin/ceph: stderr
2024-03-22T06:06:01.442+0000 7f86a2d9d700 1 --2- 172.21.15.6:0/1655082336 >> [v2:172.21.15.6:3300/0,v1:172.21.15.6:6789/0] conn(0x7f86a4101620 0x7f86a4101a30 secure :-1 s=READY pgs=45 cs=0 l=1 rev1=1 crypto rx=0x7f86940098e0 tx=0x7f8694009250 comp rx=0 tx=0).ready entity=mon.0 client_cookie=22796392950b6682 server_cookie=0 in_seq=0 out_seq=0
2024-03-22T06:06:04.204 INFO:teuthology.orchestra.run.smithi006.stdout:/usr/bin/ceph: stderr
2024-03-22T06:06:01.442+0000 7f86a1d9b700 1 -- 172.21.15.6:0/1655082336 <== mon.0 v2:172.21.15.6:3300/0 1 ==== mon_map magic: 0 v1 ==== 229+0+0 (secure 0 0 0) 0x7f869400b860 con 0x7f86a4101620
2024-03-22T06:06:04.204 INFO:teuthology.orchestra.run.smithi006.stdout:/usr/bin/ceph: stderr
2024-03-22T06:06:01.442+0000 7f86a1d9b700 1 -- 172.21.15.6:0/1655082336 <== mon.0 v2:172.21.15.6:3300/0 2 ==== config(27 keys) v1 ==== 1044+0+0 (secure 0 0 0) 0x7f869400be50 con 0x7f86a4101620
2024-03-22T06:06:04.204 INFO:teuthology.orchestra.run.smithi006.stdout:/usr/bin/ceph: stderr
2024-03-22T06:06:01.442+0000 7f86a1d9b700 1 -- 172.21.15.6:0/1655082336 <== mon.0 v2:172.21.15.6:3300/0 3 ==== mon_map magic: 0 v1 ==== 229+0+0 (secure 0 0 0) 0x7f8694010380 con 0x7f86a4101620
2024-03-22T06:06:04.204 INFO:teuthology.orchestra.run.smithi006.stdout:/usr/bin/ceph: stderr
2024-03-22T06:06:01.443+0000 7f86a922a700 1 -- 172.21.15.6:0/1655082336 >> [v2:172.21.15.6:3300/0,v1:172.21.15.6:6789/0] conn(0x7f86a4101620 msgr2=0x7f86a4101a30 secure :-1 s=STATE_CONNECTION_ESTABLISHED l=1).mark_down
2024-03-22T06:06:04.204 INFO:teuthology.orchestra.run.smithi006.stdout:/usr/bin/ceph: stderr
2024-03-22T06:06:01.443+0000 7f86a922a700 1 --2- 172.21.15.6:0/1655082336 >> [v2:172.21.15.6:3300/0,v1:172.21.15.6:6789/0] conn(0x7f86a4101620 0x7f86a4101a30 secure :-1 s=READY pgs=45 cs=0 l=1 rev1=1 crypto rx=0x7f86940098e0 tx=0x7f8694009250 comp rx=0 tx=0).stop
2024-03-22T06:06:04.204 INFO:teuthology.orchestra.run.smithi006.stdout:/usr/bin/ceph: stderr
2024-03-22T06:06:01.443+0000 7f86a922a700 1 -- 172.21.15.6:0/1655082336 shutdown_connections
2024-03-22T06:06:04.205 INFO:teuthology.orchestra.run.smithi006.stdout:/usr/bin/ceph: stderr
2024-03-22T06:06:01.443+0000 7f86a922a700 1 --2- 172.21.15.6:0/1655082336 >> [v2:172.21.15.6:3300/0,v1:172.21.15.6:6789/0] conn(0x7f86a4101620 0x7f86a4101a30 unknown :-1 s=CLOSED pgs=45 cs=0 l=1 rev1=1 crypto rx=0 tx=0 comp rx=0 tx=0).stop
2024-03-22T06:06:04.205 INFO:teuthology.orchestra.run.smithi006.stdout:/usr/bin/ceph: stderr
2024-03-22T06:06:01.443+0000 7f86a922a700 1 -- 172.21.15.6:0/1655082336 >> 172.21.15.6:0/1655082336 conn(0x7f86a40fcdc0 msgr2=0x7f86a40ff1d0 unknown :-1 s=STATE_NONE l=0).mark_down
2024-03-22T06:06:04.205 INFO:teuthology.orchestra.run.smithi006.stdout:/usr/bin/ceph: stderr
2024-03-22T06:06:01.443+0000 7f86a922a700 1 -- 172.21.15.6:0/1655082336 shutdown_connections
2024-03-22T06:06:04.205 INFO:teuthology.orchestra.run.smithi006.stdout:/usr/bin/ceph: stderr
2024-03-22T06:06:01.443+0000 7f86a922a700 1 -- 172.21.15.6:0/1655082336 wait complete.
2024-03-22T06:06:04.205 INFO:teuthology.orchestra.run.smithi006.stdout:/usr/bin/ceph: stderr
2024-03-22T06:06:01.444+0000 7f86a922a700 1 Processor -- start
2024-03-22T06:06:04.205 INFO:teuthology.orchestra.run.smithi006.stdout:/usr/bin/ceph: stderr
2024-03-22T06:06:01.444+0000 7f86a922a700 1 -- start start
2024-03-22T06:06:04.205 INFO:teuthology.orchestra.run.smithi006.stdout:/usr/bin/ceph: stderr
2024-03-22T06:06:01.444+0000 7f86a922a700 1 --2- >> [v2:172.21.15.6:3300/0,v1:172.21.15.6:6789/0] conn(0x7f86a4101620 0x7f86a4076b10 unknown :-1 s=NONE pgs=0 cs=0 l=1 rev1=0 crypto rx=0 tx=0 comp rx=0 tx=0).connect
2024-03-22T06:06:04.205 INFO:teuthology.orchestra.run.smithi006.stdout:/usr/bin/ceph: stderr
2024-03-22T06:06:01.444+0000 7f86a922a700 1 -- --> [v2:172.21.15.6:3300/0,v1:172.21.15.6:6789/0] -- mon_getmap magic: 0 v1 -- 0x7f86a4114220 con 0x7f86a4101620
2024-03-22T06:06:04.205 INFO:teuthology.orchestra.run.smithi006.stdout:/usr/bin/ceph: stderr
2024-03-22T06:06:01.444+0000 7f86a2d9d700 1 --2- >> [v2:172.21.15.6:3300/0,v1:172.21.15.6:6789/0] conn(0x7f86a4101620 0x7f86a4076b10 unknown :-1 s=BANNER_CONNECTING pgs=0 cs=0 l=1 rev1=0 crypto rx=0 tx=0 comp rx=0 tx=0)._handle_peer_banner_payload supported=3 required=0
2024-03-22T06:06:04.205 INFO:teuthology.orchestra.run.smithi006.stdout:/usr/bin/ceph: stderr
2024-03-22T06:06:01.444+0000 7f86a2d9d700 1 --2- >> [v2:172.21.15.6:3300/0,v1:172.21.15.6:6789/0] conn(0x7f86a4101620 0x7f86a4076b10 unknown :-1 s=HELLO_CONNECTING pgs=0 cs=0 l=1 rev1=1 crypto rx=0 tx=0 comp rx=0 tx=0).handle_hello peer v2:172.21.15.6:3300/0 says I am v2:172.21.15.6:39534/0 (socket says 172.21.15.6:39534)
2024-03-22T06:06:04.205 INFO:teuthology.orchestra.run.smithi006.stdout:/usr/bin/ceph: stderr
2024-03-22T06:06:01.444+0000 7f86a2d9d700 1 -- 172.21.15.6:0/518354452 learned_addr learned my addr 172.21.15.6:0/518354452 (peer_addr_for_me v2:172.21.15.6:0/0)
2024-03-22T06:06:04.205 INFO:teuthology.orchestra.run.smithi006.stdout:/usr/bin/ceph: stderr
2024-03-22T06:06:01.444+0000 7f86a2d9d700 1 -- 172.21.15.6:0/518354452 --> [v2:172.21.15.6:3300/0,v1:172.21.15.6:6789/0] -- mon_subscribe({config=0+,monmap=0+}) v3 -- 0x7f86940094f0 con 0x7f86a4101620
2024-03-22T06:06:04.205 INFO:teuthology.orchestra.run.smithi006.stdout:/usr/bin/ceph: stderr
2024-03-22T06:06:01.444+0000 7f86a2d9d700 1 --2- 172.21.15.6:0/518354452 >> [v2:172.21.15.6:3300/0,v1:172.21.15.6:6789/0] conn(0x7f86a4101620 0x7f86a4076b10 secure :-1 s=READY pgs=46 cs=0 l=1 rev1=1 crypto rx=0x7f869400b440 tx=0x7f8694009250 comp rx=0 tx=0).ready entity=mon.0 client_cookie=0 server_cookie=0 in_seq=0 out_seq=0
2024-03-22T06:06:04.205 INFO:teuthology.orchestra.run.smithi006.stdout:/usr/bin/ceph: stderr
2024-03-22T06:06:01.445+0000 7f868b7fe700 1 -- 172.21.15.6:0/518354452 <== mon.0 v2:172.21.15.6:3300/0 1 ==== mon_map magic: 0 v1 ==== 229+0+0 (secure 0 0 0) 0x7f8694010760 con 0x7f86a4101620
2024-03-22T06:06:04.206 INFO:teuthology.orchestra.run.smithi006.stdout:/usr/bin/ceph: stderr
2024-03-22T06:06:01.445+0000 7f868b7fe700 1 -- 172.21.15.6:0/518354452 <== mon.0 v2:172.21.15.6:3300/0 2 ==== config(27 keys) v1 ==== 1044+0+0 (secure 0 0 0) 0x7f8694010d50 con 0x7f86a4101620
2024-03-22T06:06:04.206 INFO:teuthology.orchestra.run.smithi006.stdout:/usr/bin/ceph: stderr
2024-03-22T06:06:01.445+0000 7f86a922a700 1 -- 172.21.15.6:0/518354452 --> [v2:172.21.15.6:3300/0,v1:172.21.15.6:6789/0] -- mon_subscribe({mgrmap=0+}) v3 -- 0x7f86a4114360 con 0x7f86a4101620
2024-03-22T06:06:04.206 INFO:teuthology.orchestra.run.smithi006.stdout:/usr/bin/ceph: stderr
2024-03-22T06:06:01.445+0000 7f868b7fe700 1 -- 172.21.15.6:0/518354452 <== mon.0 v2:172.21.15.6:3300/0 3 ==== mon_map magic: 0 v1 ==== 229+0+0 (secure 0 0 0) 0x7f869401ae20 con 0x7f86a4101620
2024-03-22T06:06:04.206 INFO:teuthology.orchestra.run.smithi006.stdout:/usr/bin/ceph: stderr
2024-03-22T06:06:01.445+0000 7f86a922a700 1 -- 172.21.15.6:0/518354452 --> [v2:172.21.15.6:3300/0,v1:172.21.15.6:6789/0] -- mon_subscribe({osdmap=0}) v3 -- 0x7f86a4114850 con 0x7f86a4101620
2024-03-22T06:06:04.206 INFO:teuthology.orchestra.run.smithi006.stdout:/usr/bin/ceph: stderr
2024-03-22T06:06:01.445+0000 7f868b7fe700 1 -- 172.21.15.6:0/518354452 <== mon.0 v2:172.21.15.6:3300/0 4 ==== mgrmap(e 8) v1 ==== 43368+0+0 (secure 0 0 0) 0x7f869402e440 con 0x7f86a4101620
2024-03-22T06:06:04.206 INFO:teuthology.orchestra.run.smithi006.stdout:/usr/bin/ceph: stderr
2024-03-22T06:06:01.446+0000 7f868b7fe700 1 --2- 172.21.15.6:0/518354452 >> [v2:172.21.15.6:6800/3903206979,v1:172.21.15.6:6801/3903206979] conn(0x7f868c0367e0 0x7f868c038c90 unknown :-1 s=NONE pgs=0 cs=0 l=1 rev1=0 crypto rx=0 tx=0 comp rx=0 tx=0).connect
2024-03-22T06:06:04.206 INFO:teuthology.orchestra.run.smithi006.stdout:/usr/bin/ceph: stderr
2024-03-22T06:06:01.446+0000 7f86a922a700 1 -- 172.21.15.6:0/518354452 --> [v2:172.21.15.6:3300/0,v1:172.21.15.6:6789/0] -- mon_command({"prefix": "get_command_descriptions"} v 0) v1 -- 0x7f86a404bed0 con 0x7f86a4101620
2024-03-22T06:06:04.206 INFO:teuthology.orchestra.run.smithi006.stdout:/usr/bin/ceph: stderr
2024-03-22T06:06:01.446+0000 7f868b7fe700 1 -- 172.21.15.6:0/518354452 <== mon.0 v2:172.21.15.6:3300/0 5 ==== osd_map(2..2 src has 1..2) v4 ==== 936+0+0 (secure 0 0 0) 0x7f869404a710 con 0x7f86a4101620
2024-03-22T06:06:04.206 INFO:teuthology.orchestra.run.smithi006.stdout:/usr/bin/ceph: stderr
2024-03-22T06:06:01.446+0000 7f86a259c700 1 --2- 172.21.15.6:0/518354452 >> [v2:172.21.15.6:6800/3903206979,v1:172.21.15.6:6801/3903206979] conn(0x7f868c0367e0 0x7f868c038c90 unknown :-1 s=BANNER_CONNECTING pgs=0 cs=0 l=1 rev1=0 crypto rx=0 tx=0 comp rx=0 tx=0)._handle_peer_banner_payload supported=3 required=0
2024-03-22T06:06:04.206 INFO:teuthology.orchestra.run.smithi006.stdout:/usr/bin/ceph: stderr
2024-03-22T06:06:01.446+0000 7f86a259c700 1 --2- 172.21.15.6:0/518354452 >> [v2:172.21.15.6:6800/3903206979,v1:172.21.15.6:6801/3903206979] conn(0x7f868c0367e0 0x7f868c038c90 secure :-1 s=READY pgs=11 cs=0 l=1 rev1=1 crypto rx=0x7f8698009990 tx=0x7f8698006e40 comp rx=0 tx=0).ready entity=mgr.14120 client_cookie=0 server_cookie=0 in_seq=0 out_seq=0
2024-03-22T06:06:04.206 INFO:teuthology.orchestra.run.smithi006.stdout:/usr/bin/ceph: stderr
2024-03-22T06:06:01.450+0000 7f868b7fe700 1 -- 172.21.15.6:0/518354452 <== mon.0 v2:172.21.15.6:3300/0 6 ==== mon_command_ack([{"prefix": "get_command_descriptions"}]=0 v0) v1 ==== 72+0+176504 (secure 0 0 0) 0x7f8694018710 con 0x7f86a4101620
2024-03-22T06:06:04.207 INFO:teuthology.orchestra.run.smithi006.stdout:/usr/bin/ceph: stderr
2024-03-22T06:06:01.649+0000 7f86a922a700 1 -- 172.21.15.6:0/518354452 --> [v2:172.21.15.6:6800/3903206979,v1:172.21.15.6:6801/3903206979] -- mgr_command(tid 0: {"prefix": "orch host add", "hostname": "smithi006", "addr": "172.21.15.6", "target": ["mon-mgr", ""]}) v1 -- 0x7f86a40fe050 con 0x7f868c0367e0
2024-03-22T06:06:04.207 INFO:teuthology.orchestra.run.smithi006.stdout:/usr/bin/ceph: stderr
2024-03-22T06:06:03.681+0000 7f868b7fe700 1 -- 172.21.15.6:0/518354452 <== mgr.14120 v2:172.21.15.6:6800/3903206979 1 ==== mgr_command_reply(tid 0: 0 ) v1 ==== 8+0+47 (secure 0 0 0) 0x7f86a40fe050 con 0x7f868c0367e0
2024-03-22T06:06:04.207 INFO:teuthology.orchestra.run.smithi006.stdout:/usr/bin/ceph: stderr
2024-03-22T06:06:03.683+0000 7f86a922a700 1 -- 172.21.15.6:0/518354452 >> [v2:172.21.15.6:6800/3903206979,v1:172.21.15.6:6801/3903206979] conn(0x7f868c0367e0 msgr2=0x7f868c038c90 secure :-1 s=STATE_CONNECTION_ESTABLISHED l=1).mark_down
2024-03-22T06:06:04.207 INFO:teuthology.orchestra.run.smithi006.stdout:/usr/bin/ceph: stderr
2024-03-22T06:06:03.683+0000 7f86a922a700 1 --2- 172.21.15.6:0/518354452 >> [v2:172.21.15.6:6800/3903206979,v1:172.21.15.6:6801/3903206979] conn(0x7f868c0367e0 0x7f868c038c90 secure :-1 s=READY pgs=11 cs=0 l=1 rev1=1 crypto rx=0x7f8698009990 tx=0x7f8698006e40 comp rx=0 tx=0).stop
2024-03-22T06:06:04.207 INFO:teuthology.orchestra.run.smithi006.stdout:/usr/bin/ceph: stderr
2024-03-22T06:06:03.683+0000 7f86a922a700 1 -- 172.21.15.6:0/518354452 >> [v2:172.21.15.6:3300/0,v1:172.21.15.6:6789/0] conn(0x7f86a4101620 msgr2=0x7f86a4076b10 secure :-1 s=STATE_CONNECTION_ESTABLISHED l=1).mark_down
2024-03-22T06:06:04.207 INFO:teuthology.orchestra.run.smithi006.stdout:/usr/bin/ceph: stderr
2024-03-22T06:06:03.683+0000 7f86a922a700 1 --2- 172.21.15.6:0/518354452 >> [v2:172.21.15.6:3300/0,v1:172.21.15.6:6789/0] conn(0x7f86a4101620 0x7f86a4076b10 secure :-1 s=READY pgs=46 cs=0 l=1 rev1=1 crypto rx=0x7f869400b440 tx=0x7f8694009250 comp rx=0 tx=0).stop
2024-03-22T06:06:04.207 INFO:teuthology.orchestra.run.smithi006.stdout:/usr/bin/ceph: stderr
2024-03-22T06:06:03.683+0000 7f86a922a700 1 -- 172.21.15.6:0/518354452 shutdown_connections
2024-03-22T06:06:04.207 INFO:teuthology.orchestra.run.smithi006.stdout:/usr/bin/ceph: stderr
2024-03-22T06:06:03.683+0000 7f86a922a700 1 --2- 172.21.15.6:0/518354452 >> [v2:172.21.15.6:6800/3903206979,v1:172.21.15.6:6801/3903206979] conn(0x7f868c0367e0 0x7f868c038c90 unknown :-1 s=CLOSED pgs=11 cs=0 l=1 rev1=1 crypto rx=0 tx=0 comp rx=0 tx=0).stop
2024-03-22T06:06:04.207 INFO:teuthology.orchestra.run.smithi006.stdout:/usr/bin/ceph: stderr
2024-03-22T06:06:03.683+0000 7f86a922a700 1 --2- 172.21.15.6:0/518354452 >> [v2:172.21.15.6:3300/0,v1:172.21.15.6:6789/0] conn(0x7f86a4101620 0x7f86a4076b10 unknown :-1 s=CLOSED pgs=46 cs=0 l=1 rev1=1 crypto rx=0 tx=0 comp rx=0 tx=0).stop
2024-03-22T06:06:04.207 INFO:teuthology.orchestra.run.smithi006.stdout:/usr/bin/ceph: stderr
2024-03-22T06:06:03.683+0000 7f86a922a700 1 -- 172.21.15.6:0/518354452 >> 172.21.15.6:0/518354452 conn(0x7f86a40fcdc0 msgr2=0x7f86a40fd940 unknown :-1 s=STATE_NONE l=0).mark_down
2024-03-22T06:06:04.207 INFO:teuthology.orchestra.run.smithi006.stdout:/usr/bin/ceph: stderr
2024-03-22T06:06:03.683+0000 7f86a922a700 1 -- 172.21.15.6:0/518354452 shutdown_connections
2024-03-22T06:06:04.207 INFO:teuthology.orchestra.run.smithi006.stdout:/usr/bin/ceph: stderr
2024-03-22T06:06:03.683+0000 7f86a922a700 1 -- 172.21.15.6:0/518354452 wait complete.
2024-03-22T06:06:04.208 INFO:teuthology.orchestra.run.smithi006.stdout:Deploying mon service with default placement...
2024-03-22T06:06:04.782 INFO:journalctl@ceph.mon.smithi006.smithi006.stdout:Mar 22 06:06:04 smithi006 ceph-mon[29301]: from='mgr.14120 172.21.15.6:0/2261480220' entity='mgr.smithi006.sfpxdy'
2024-03-22T06:06:04.782 INFO:journalctl@ceph.mon.smithi006.smithi006.stdout:Mar 22 06:06:04 smithi006 ceph-mon[29301]: Added host smithi006
2024-03-22T06:06:04.782 INFO:journalctl@ceph.mon.smithi006.smithi006.stdout:Mar 22 06:06:04 smithi006 ceph-mon[29301]: from='mgr.14120 172.21.15.6:0/2261480220' entity='mgr.smithi006.sfpxdy' cmd=[{"prefix": "config dump", "format": "json"}]: dispatch
2024-03-22T06:06:05.707 INFO:teuthology.orchestra.run.smithi006.stdout:/usr/bin/ceph: stdout Scheduled mon update...
2024-03-22T06:06:05.707 INFO:teuthology.orchestra.run.smithi006.stdout:/usr/bin/ceph: stderr
2024-03-22T06:06:04.600+0000 7f0e8fe5c700 1 Processor -- start
2024-03-22T06:06:05.707 INFO:teuthology.orchestra.run.smithi006.stdout:/usr/bin/ceph: stderr
2024-03-22T06:06:04.600+0000 7f0e8fe5c700 1 -- start start
2024-03-22T06:06:05.707 INFO:teuthology.orchestra.run.smithi006.stdout:/usr/bin/ceph: stderr
2024-03-22T06:06:04.600+0000 7f0e8fe5c700 1 --2- >> [v2:172.21.15.6:3300/0,v1:172.21.15.6:6789/0] conn(0x7f0e88102730 0x7f0e88102b40 unknown :-1 s=NONE pgs=0 cs=0 l=0 rev1=0 crypto rx=0 tx=0 comp rx=0 tx=0).connect
2024-03-22T06:06:05.707 INFO:teuthology.orchestra.run.smithi006.stdout:/usr/bin/ceph: stderr
2024-03-22T06:06:04.600+0000 7f0e8fe5c700 1 -- --> [v2:172.21.15.6:3300/0,v1:172.21.15.6:6789/0] -- mon_getmap magic: 0 v1 -- 0x7f0e88103080 con 0x7f0e88102730
2024-03-22T06:06:05.707 INFO:teuthology.orchestra.run.smithi006.stdout:/usr/bin/ceph: stderr
2024-03-22T06:06:04.600+0000 7f0e8dbf8700 1 --2- >> [v2:172.21.15.6:3300/0,v1:172.21.15.6:6789/0] conn(0x7f0e88102730 0x7f0e88102b40 unknown :-1 s=BANNER_CONNECTING pgs=0 cs=0 l=0 rev1=0 crypto rx=0 tx=0 comp rx=0 tx=0)._handle_peer_banner_payload supported=3 required=0
2024-03-22T06:06:05.707 INFO:teuthology.orchestra.run.smithi006.stdout:/usr/bin/ceph: stderr
2024-03-22T06:06:04.601+0000 7f0e8dbf8700 1 --2- >> [v2:172.21.15.6:3300/0,v1:172.21.15.6:6789/0] conn(0x7f0e88102730 0x7f0e88102b40 unknown :-1 s=HELLO_CONNECTING pgs=0 cs=0 l=0 rev1=1 crypto rx=0 tx=0 comp rx=0 tx=0).handle_hello peer v2:172.21.15.6:3300/0 says I am v2:172.21.15.6:57064/0 (socket says 172.21.15.6:57064)
2024-03-22T06:06:05.707 INFO:teuthology.orchestra.run.smithi006.stdout:/usr/bin/ceph: stderr
2024-03-22T06:06:04.601+0000 7f0e8dbf8700 1 -- 172.21.15.6:0/3220426957 learned_addr learned my addr 172.21.15.6:0/3220426957 (peer_addr_for_me v2:172.21.15.6:0/0)
2024-03-22T06:06:05.707 INFO:teuthology.orchestra.run.smithi006.stdout:/usr/bin/ceph: stderr
2024-03-22T06:06:04.601+0000 7f0e8dbf8700 1 -- 172.21.15.6:0/3220426957 --> [v2:172.21.15.6:3300/0,v1:172.21.15.6:6789/0] -- mon_subscribe({config=0+,monmap=0+}) v3 -- 0x7f0e881031c0 con 0x7f0e88102730
2024-03-22T06:06:05.708 INFO:teuthology.orchestra.run.smithi006.stdout:/usr/bin/ceph: stderr
2024-03-22T06:06:04.601+0000 7f0e8dbf8700 1 --2- 172.21.15.6:0/3220426957 >> [v2:172.21.15.6:3300/0,v1:172.21.15.6:6789/0] conn(0x7f0e88102730 0x7f0e88102b40 secure :-1 s=READY pgs=47 cs=0 l=1 rev1=1 crypto rx=0x7f0e800098e0 tx=0x7f0e80009250 comp rx=0 tx=0).ready entity=mon.0 client_cookie=8ddb8de25b144807 server_cookie=0 in_seq=0 out_seq=0
2024-03-22T06:06:05.708 INFO:teuthology.orchestra.run.smithi006.stdout:/usr/bin/ceph: stderr
2024-03-22T06:06:04.601+0000 7f0e8cbf6700 1 -- 172.21.15.6:0/3220426957 <== mon.0 v2:172.21.15.6:3300/0 1 ==== mon_map magic: 0 v1 ==== 229+0+0 (secure 0 0 0) 0x7f0e8000b860 con 0x7f0e88102730
2024-03-22T06:06:05.708 INFO:teuthology.orchestra.run.smithi006.stdout:/usr/bin/ceph: stderr
2024-03-22T06:06:04.601+0000 7f0e8cbf6700 1 -- 172.21.15.6:0/3220426957 <== mon.0 v2:172.21.15.6:3300/0 2 ==== config(27 keys) v1 ==== 1044+0+0 (secure 0 0 0) 0x7f0e8000be50 con 0x7f0e88102730
2024-03-22T06:06:05.708 INFO:teuthology.orchestra.run.smithi006.stdout:/usr/bin/ceph: stderr
2024-03-22T06:06:04.601+0000 7f0e8cbf6700 1 -- 172.21.15.6:0/3220426957 <== mon.0 v2:172.21.15.6:3300/0 3 ==== mon_map magic: 0 v1 ==== 229+0+0 (secure 0 0 0) 0x7f0e80010380 con 0x7f0e88102730
2024-03-22T06:06:05.708 INFO:teuthology.orchestra.run.smithi006.stdout:/usr/bin/ceph: stderr
2024-03-22T06:06:04.602+0000 7f0e8fe5c700 1 -- 172.21.15.6:0/3220426957 >> [v2:172.21.15.6:3300/0,v1:172.21.15.6:6789/0] conn(0x7f0e88102730 msgr2=0x7f0e88102b40 secure :-1 s=STATE_CONNECTION_ESTABLISHED l=1).mark_down
2024-03-22T06:06:05.708 INFO:teuthology.orchestra.run.smithi006.stdout:/usr/bin/ceph: stderr
2024-03-22T06:06:04.602+0000 7f0e8fe5c700 1 --2- 172.21.15.6:0/3220426957 >> [v2:172.21.15.6:3300/0,v1:172.21.15.6:6789/0] conn(0x7f0e88102730 0x7f0e88102b40 secure :-1 s=READY pgs=47 cs=0 l=1 rev1=1 crypto rx=0x7f0e800098e0 tx=0x7f0e80009250 comp rx=0 tx=0).stop
2024-03-22T06:06:05.708 INFO:teuthology.orchestra.run.smithi006.stdout:/usr/bin/ceph: stderr
2024-03-22T06:06:04.602+0000 7f0e8fe5c700 1 -- 172.21.15.6:0/3220426957 shutdown_connections
2024-03-22T06:06:05.708 INFO:teuthology.orchestra.run.smithi006.stdout:/usr/bin/ceph: stderr
2024-03-22T06:06:04.602+0000 7f0e8fe5c700 1 --2- 172.21.15.6:0/3220426957 >> [v2:172.21.15.6:3300/0,v1:172.21.15.6:6789/0] conn(0x7f0e88102730 0x7f0e88102b40 unknown :-1 s=CLOSED pgs=47 cs=0 l=1 rev1=1 crypto rx=0 tx=0 comp rx=0 tx=0).stop
2024-03-22T06:06:05.708 INFO:teuthology.orchestra.run.smithi006.stdout:/usr/bin/ceph: stderr
2024-03-22T06:06:04.602+0000 7f0e8fe5c700 1 -- 172.21.15.6:0/3220426957 >> 172.21.15.6:0/3220426957 conn(0x7f0e880fdf10 msgr2=0x7f0e88100320 unknown :-1 s=STATE_NONE l=0).mark_down
2024-03-22T06:06:05.708 INFO:teuthology.orchestra.run.smithi006.stdout:/usr/bin/ceph: stderr
2024-03-22T06:06:04.602+0000 7f0e8fe5c700 1 -- 172.21.15.6:0/3220426957 shutdown_connections
2024-03-22T06:06:05.708 INFO:teuthology.orchestra.run.smithi006.stdout:/usr/bin/ceph: stderr
2024-03-22T06:06:04.602+0000 7f0e8fe5c700 1 -- 172.21.15.6:0/3220426957 wait complete.
2024-03-22T06:06:05.708 INFO:teuthology.orchestra.run.smithi006.stdout:/usr/bin/ceph: stderr
2024-03-22T06:06:04.602+0000 7f0e8fe5c700 1 Processor -- start
2024-03-22T06:06:05.708 INFO:teuthology.orchestra.run.smithi006.stdout:/usr/bin/ceph: stderr
2024-03-22T06:06:04.602+0000 7f0e8fe5c700 1 -- start start
2024-03-22T06:06:05.708 INFO:teuthology.orchestra.run.smithi006.stdout:/usr/bin/ceph: stderr
2024-03-22T06:06:04.602+0000 7f0e8fe5c700 1 --2- >> [v2:172.21.15.6:3300/0,v1:172.21.15.6:6789/0] conn(0x7f0e88102730 0x7f0e881115f0 unknown :-1 s=NONE pgs=0 cs=0 l=1 rev1=0 crypto rx=0 tx=0 comp rx=0 tx=0).connect
2024-03-22T06:06:05.709 INFO:teuthology.orchestra.run.smithi006.stdout:/usr/bin/ceph: stderr
2024-03-22T06:06:04.602+0000 7f0e8fe5c700 1 -- --> [v2:172.21.15.6:3300/0,v1:172.21.15.6:6789/0] -- mon_getmap magic: 0 v1 -- 0x7f0e88111b30 con 0x7f0e88102730
2024-03-22T06:06:05.709 INFO:teuthology.orchestra.run.smithi006.stdout:/usr/bin/ceph: stderr
2024-03-22T06:06:04.603+0000 7f0e8dbf8700 1 --2- >> [v2:172.21.15.6:3300/0,v1:172.21.15.6:6789/0] conn(0x7f0e88102730 0x7f0e881115f0 unknown :-1 s=BANNER_CONNECTING pgs=0 cs=0 l=1 rev1=0 crypto rx=0 tx=0 comp rx=0 tx=0)._handle_peer_banner_payload supported=3 required=0
2024-03-22T06:06:05.709 INFO:teuthology.orchestra.run.smithi006.stdout:/usr/bin/ceph: stderr
2024-03-22T06:06:04.603+0000 7f0e8dbf8700 1 --2- >> [v2:172.21.15.6:3300/0,v1:172.21.15.6:6789/0] conn(0x7f0e88102730 0x7f0e881115f0 unknown :-1 s=HELLO_CONNECTING pgs=0 cs=0 l=1 rev1=1 crypto rx=0 tx=0 comp rx=0 tx=0).handle_hello peer v2:172.21.15.6:3300/0 says I am v2:172.21.15.6:57076/0 (socket says 172.21.15.6:57076)
2024-03-22T06:06:05.709 INFO:teuthology.orchestra.run.smithi006.stdout:/usr/bin/ceph: stderr
2024-03-22T06:06:04.603+0000 7f0e8dbf8700 1 -- 172.21.15.6:0/2491764282 learned_addr learned my addr 172.21.15.6:0/2491764282 (peer_addr_for_me v2:172.21.15.6:0/0)
2024-03-22T06:06:05.709 INFO:teuthology.orchestra.run.smithi006.stdout:/usr/bin/ceph: stderr
2024-03-22T06:06:04.603+0000 7f0e8dbf8700 1 -- 172.21.15.6:0/2491764282 --> [v2:172.21.15.6:3300/0,v1:172.21.15.6:6789/0] -- mon_subscribe({config=0+,monmap=0+}) v3 -- 0x7f0e800094f0 con 0x7f0e88102730
2024-03-22T06:06:05.709 INFO:teuthology.orchestra.run.smithi006.stdout:/usr/bin/ceph: stderr
2024-03-22T06:06:04.603+0000 7f0e8dbf8700 1 --2- 172.21.15.6:0/2491764282 >> [v2:172.21.15.6:3300/0,v1:172.21.15.6:6789/0] conn(0x7f0e88102730 0x7f0e881115f0 secure :-1 s=READY pgs=48 cs=0 l=1 rev1=1 crypto rx=0x7f0e80006fd0 tx=0x7f0e80009250 comp rx=0 tx=0).ready entity=mon.0 client_cookie=0 server_cookie=0 in_seq=0 out_seq=0
2024-03-22T06:06:05.709 INFO:teuthology.orchestra.run.smithi006.stdout:/usr/bin/ceph: stderr
2024-03-22T06:06:04.603+0000 7f0e7e7fc700 1 -- 172.21.15.6:0/2491764282 <== mon.0 v2:172.21.15.6:3300/0 1 ==== mon_map magic: 0 v1 ==== 229+0+0 (secure 0 0 0) 0x7f0e800107c0 con 0x7f0e88102730
2024-03-22T06:06:05.709 INFO:teuthology.orchestra.run.smithi006.stdout:/usr/bin/ceph: stderr
2024-03-22T06:06:04.603+0000 7f0e7e7fc700 1 -- 172.21.15.6:0/2491764282 <== mon.0 v2:172.21.15.6:3300/0 2 ==== config(27 keys) v1 ==== 1044+0+0 (secure 0 0 0) 0x7f0e80010db0 con 0x7f0e88102730
2024-03-22T06:06:05.709 INFO:teuthology.orchestra.run.smithi006.stdout:/usr/bin/ceph: stderr
2024-03-22T06:06:04.603+0000 7f0e8fe5c700 1 -- 172.21.15.6:0/2491764282 --> [v2:172.21.15.6:3300/0,v1:172.21.15.6:6789/0] -- mon_subscribe({mgrmap=0+}) v3 -- 0x7f0e88111d30 con 0x7f0e88102730
2024-03-22T06:06:05.709 INFO:teuthology.orchestra.run.smithi006.stdout:/usr/bin/ceph: stderr
2024-03-22T06:06:04.603+0000 7f0e7e7fc700 1 -- 172.21.15.6:0/2491764282 <== mon.0 v2:172.21.15.6:3300/0 3 ==== mon_map magic: 0 v1 ==== 229+0+0 (secure 0 0 0) 0x7f0e8001ada0 con 0x7f0e88102730
2024-03-22T06:06:05.709 INFO:teuthology.orchestra.run.smithi006.stdout:/usr/bin/ceph: stderr
2024-03-22T06:06:04.603+0000 7f0e8fe5c700 1 -- 172.21.15.6:0/2491764282 --> [v2:172.21.15.6:3300/0,v1:172.21.15.6:6789/0] -- mon_subscribe({osdmap=0}) v3 -- 0x7f0e881128a0 con 0x7f0e88102730
2024-03-22T06:06:05.709 INFO:teuthology.orchestra.run.smithi006.stdout:/usr/bin/ceph: stderr
2024-03-22T06:06:04.604+0000 7f0e7e7fc700 1 -- 172.21.15.6:0/2491764282 <== mon.0 v2:172.21.15.6:3300/0 4 ==== mgrmap(e 8) v1 ==== 43368+0+0 (secure 0 0 0) 0x7f0e80010920 con 0x7f0e88102730
2024-03-22T06:06:05.709 INFO:teuthology.orchestra.run.smithi006.stdout:/usr/bin/ceph: stderr
2024-03-22T06:06:04.604+0000 7f0e8fe5c700 1 -- 172.21.15.6:0/2491764282 --> [v2:172.21.15.6:3300/0,v1:172.21.15.6:6789/0] -- mon_command({"prefix": "get_command_descriptions"} v 0) v1 -- 0x7f0e881121c0 con 0x7f0e88102730
2024-03-22T06:06:05.709 INFO:teuthology.orchestra.run.smithi006.stdout:/usr/bin/ceph: stderr
2024-03-22T06:06:04.604+0000 7f0e7e7fc700 1 --2- 172.21.15.6:0/2491764282 >> [v2:172.21.15.6:6800/3903206979,v1:172.21.15.6:6801/3903206979] conn(0x7f0e740367e0 0x7f0e74038c90 unknown :-1 s=NONE pgs=0 cs=0 l=1 rev1=0 crypto rx=0 tx=0 comp rx=0 tx=0).connect
2024-03-22T06:06:05.710 INFO:teuthology.orchestra.run.smithi006.stdout:/usr/bin/ceph: stderr
2024-03-22T06:06:04.604+0000 7f0e7e7fc700 1 -- 172.21.15.6:0/2491764282 <== mon.0 v2:172.21.15.6:3300/0 5 ==== osd_map(2..2 src has 1..2) v4 ==== 936+0+0 (secure 0 0 0) 0x7f0e80049d00 con 0x7f0e88102730
2024-03-22T06:06:05.710 INFO:teuthology.orchestra.run.smithi006.stdout:/usr/bin/ceph: stderr
2024-03-22T06:06:04.604+0000 7f0e8d3f7700 1 --2- 172.21.15.6:0/2491764282 >> [v2:172.21.15.6:6800/3903206979,v1:172.21.15.6:6801/3903206979] conn(0x7f0e740367e0 0x7f0e74038c90 unknown :-1 s=BANNER_CONNECTING pgs=0 cs=0 l=1 rev1=0 crypto rx=0 tx=0 comp rx=0 tx=0)._handle_peer_banner_payload supported=3 required=0
2024-03-22T06:06:05.710 INFO:teuthology.orchestra.run.smithi006.stdout:/usr/bin/ceph: stderr
2024-03-22T06:06:04.605+0000 7f0e8d3f7700 1 --2- 172.21.15.6:0/2491764282 >> [v2:172.21.15.6:6800/3903206979,v1:172.21.15.6:6801/3903206979] conn(0x7f0e740367e0 0x7f0e74038c90 secure :-1 s=READY pgs=12 cs=0 l=1 rev1=1 crypto rx=0x7f0e78009990 tx=0x7f0e78006e40 comp rx=0 tx=0).ready entity=mgr.14120 client_cookie=0 server_cookie=0 in_seq=0 out_seq=0
2024-03-22T06:06:05.710 INFO:teuthology.orchestra.run.smithi006.stdout:/usr/bin/ceph: stderr
2024-03-22T06:06:04.609+0000 7f0e7e7fc700 1 -- 172.21.15.6:0/2491764282 <== mon.0 v2:172.21.15.6:3300/0 6 ==== mon_command_ack([{"prefix": "get_command_descriptions"}]=0 v0) v1 ==== 72+0+176504 (secure 0 0 0) 0x7f0e80023360 con 0x7f0e88102730
2024-03-22T06:06:05.710 INFO:teuthology.orchestra.run.smithi006.stdout:/usr/bin/ceph: stderr
2024-03-22T06:06:04.838+0000 7f0e8fe5c700 1 -- 172.21.15.6:0/2491764282 --> [v2:172.21.15.6:6800/3903206979,v1:172.21.15.6:6801/3903206979] -- mgr_command(tid 0: {"prefix": "orch apply", "service_type": "mon", "target": ["mon-mgr", ""]}) v1 -- 0x7f0e880ff2d0 con 0x7f0e740367e0
2024-03-22T06:06:05.710 INFO:teuthology.orchestra.run.smithi006.stdout:/usr/bin/ceph: stderr
2024-03-22T06:06:04.846+0000 7f0e7e7fc700 1 -- 172.21.15.6:0/2491764282 <== mgr.14120 v2:172.21.15.6:6800/3903206979 1 ==== mgr_command_reply(tid 0: 0 ) v1 ==== 8+0+24 (secure 0 0 0) 0x7f0e880ff2d0 con 0x7f0e740367e0
2024-03-22T06:06:05.710 INFO:teuthology.orchestra.run.smithi006.stdout:/usr/bin/ceph: stderr
2024-03-22T06:06:04.848+0000 7f0e8fe5c700 1 -- 172.21.15.6:0/2491764282 >> [v2:172.21.15.6:6800/3903206979,v1:172.21.15.6:6801/3903206979] conn(0x7f0e740367e0 msgr2=0x7f0e74038c90 secure :-1 s=STATE_CONNECTION_ESTABLISHED l=1).mark_down
2024-03-22T06:06:05.710 INFO:teuthology.orchestra.run.smithi006.stdout:/usr/bin/ceph: stderr
2024-03-22T06:06:04.848+0000 7f0e8fe5c700 1 --2- 172.21.15.6:0/2491764282 >> [v2:172.21.15.6:6800/3903206979,v1:172.21.15.6:6801/3903206979] conn(0x7f0e740367e0 0x7f0e74038c90 secure :-1 s=READY pgs=12 cs=0 l=1 rev1=1 crypto rx=0x7f0e78009990 tx=0x7f0e78006e40 comp rx=0 tx=0).stop
2024-03-22T06:06:05.710 INFO:teuthology.orchestra.run.smithi006.stdout:/usr/bin/ceph: stderr
2024-03-22T06:06:04.848+0000 7f0e8fe5c700 1 -- 172.21.15.6:0/2491764282 >> [v2:172.21.15.6:3300/0,v1:172.21.15.6:6789/0] conn(0x7f0e88102730 msgr2=0x7f0e881115f0 secure :-1 s=STATE_CONNECTION_ESTABLISHED l=1).mark_down
2024-03-22T06:06:05.710 INFO:teuthology.orchestra.run.smithi006.stdout:/usr/bin/ceph: stderr
2024-03-22T06:06:04.848+0000 7f0e8fe5c700 1 --2- 172.21.15.6:0/2491764282 >> [v2:172.21.15.6:3300/0,v1:172.21.15.6:6789/0] conn(0x7f0e88102730 0x7f0e881115f0 secure :-1 s=READY pgs=48 cs=0 l=1 rev1=1 crypto rx=0x7f0e80006fd0 tx=0x7f0e80009250 comp rx=0 tx=0).stop
2024-03-22T06:06:05.710 INFO:teuthology.orchestra.run.smithi006.stdout:/usr/bin/ceph: stderr
2024-03-22T06:06:04.848+0000 7f0e8fe5c700 1 -- 172.21.15.6:0/2491764282 shutdown_connections
2024-03-22T06:06:05.710 INFO:teuthology.orchestra.run.smithi006.stdout:/usr/bin/ceph: stderr
2024-03-22T06:06:04.848+0000 7f0e8fe5c700 1 --2- 172.21.15.6:0/2491764282 >> [v2:172.21.15.6:6800/3903206979,v1:172.21.15.6:6801/3903206979] conn(0x7f0e740367e0 0x7f0e74038c90 unknown :-1 s=CLOSED pgs=12 cs=0 l=1 rev1=1 crypto rx=0 tx=0 comp rx=0 tx=0).stop
2024-03-22T06:06:05.710 INFO:teuthology.orchestra.run.smithi006.stdout:/usr/bin/ceph: stderr
2024-03-22T06:06:04.848+0000 7f0e8fe5c700 1 --2- 172.21.15.6:0/2491764282 >> [v2:172.21.15.6:3300/0,v1:172.21.15.6:6789/0] conn(0x7f0e88102730 0x7f0e881115f0 unknown :-1 s=CLOSED pgs=48 cs=0 l=1 rev1=1 crypto rx=0 tx=0 comp rx=0 tx=0).stop
2024-03-22T06:06:05.711 INFO:teuthology.orchestra.run.smithi006.stdout:/usr/bin/ceph: stderr
2024-03-22T06:06:04.848+0000 7f0e8fe5c700 1 -- 172.21.15.6:0/2491764282 >> 172.21.15.6:0/2491764282 conn(0x7f0e880fdf10 msgr2=0x7f0e880feb00 unknown :-1 s=STATE_NONE l=0).mark_down
2024-03-22T06:06:05.711 INFO:teuthology.orchestra.run.smithi006.stdout:/usr/bin/ceph: stderr
2024-03-22T06:06:04.848+0000 7f0e8fe5c700 1 -- 172.21.15.6:0/2491764282 shutdown_connections
2024-03-22T06:06:05.711 INFO:teuthology.orchestra.run.smithi006.stdout:/usr/bin/ceph: stderr
2024-03-22T06:06:04.848+0000 7f0e8fe5c700 1 -- 172.21.15.6:0/2491764282 wait complete.
2024-03-22T06:06:05.711 INFO:teuthology.orchestra.run.smithi006.stdout:Deploying mgr service with default placement...
2024-03-22T06:06:05.975 INFO:journalctl@ceph.mon.smithi006.smithi006.stdout:Mar 22 06:06:05 smithi006 ceph-mon[29301]: from='client.14142 -' entity='client.admin' cmd=[{"prefix": "orch apply", "service_type": "mon", "target": ["mon-mgr", ""]}]: dispatch
2024-03-22T06:06:05.975 INFO:journalctl@ceph.mon.smithi006.smithi006.stdout:Mar 22 06:06:05 smithi006 ceph-mon[29301]: Saving service mon spec with placement count:5
2024-03-22T06:06:05.976 INFO:journalctl@ceph.mon.smithi006.smithi006.stdout:Mar 22 06:06:05 smithi006 ceph-mon[29301]: from='mgr.14120 172.21.15.6:0/2261480220' entity='mgr.smithi006.sfpxdy'
2024-03-22T06:06:07.360 INFO:teuthology.orchestra.run.smithi006.stdout:/usr/bin/ceph: stdout Scheduled mgr update...
2024-03-22T06:06:07.365 INFO:teuthology.orchestra.run.smithi006.stdout:/usr/bin/ceph: stderr
2024-03-22T06:06:06.213+0000 7f6c245cd700 1 Processor -- start
