2024-03-22T06:06:26.915+0000 7fda1bfff700 1 --2- 172.21.15.6:0/706751369 >> [v2:172.21.15.6:6800/358732355,v1:172.21.15.6:6801/358732355] conn(0x7fda0c0366b0 0x7fda0c038b60 secure :-1 s=READY pgs=7 cs=0 l=1 rev1=1 crypto rx=0x7fda08009990 tx=0x7fda08006e40 comp rx=0 tx=0).ready entity=mgr.14162 client_cookie=0 server_cookie=0 in_seq=0 out_seq=0
2024-03-22T06:06:27.791 INFO:teuthology.orchestra.run.smithi006.stdout:/usr/bin/ceph: stderr
2024-03-22T06:06:26.923+0000 7fda197fa700 1 -- 172.21.15.6:0/706751369 <== mon.0 v2:172.21.15.6:3300/0 6 ==== mon_command_ack([{"prefix": "get_command_descriptions"}]=0 v0) v1 ==== 72+0+176504 (secure 0 0 0) 0x7fda1000e360 con 0x7fda1c1016e0
2024-03-22T06:06:27.791 INFO:teuthology.orchestra.run.smithi006.stdout:/usr/bin/ceph: stderr
2024-03-22T06:06:27.124+0000 7fda2320f700 1 -- 172.21.15.6:0/706751369 --> [v2:172.21.15.6:6800/358732355,v1:172.21.15.6:6801/358732355] -- mgr_command(tid 0: {"prefix": "dashboard create-self-signed-cert", "target": ["mon-mgr", ""]}) v1 -- 0x7fda1c1109b0 con 0x7fda0c0366b0
2024-03-22T06:06:27.792 INFO:teuthology.orchestra.run.smithi006.stdout:/usr/bin/ceph: stderr
2024-03-22T06:06:27.182+0000 7fda197fa700 1 -- 172.21.15.6:0/706751369 <== mgr.14162 v2:172.21.15.6:6800/358732355 1 ==== mgr_command_reply(tid 0: 0 ) v1 ==== 8+0+32 (secure 0 0 0) 0x7fda1c1109b0 con 0x7fda0c0366b0
2024-03-22T06:06:27.792 INFO:teuthology.orchestra.run.smithi006.stdout:/usr/bin/ceph: stderr
2024-03-22T06:06:27.185+0000 7fda2320f700 1 -- 172.21.15.6:0/706751369 >> [v2:172.21.15.6:6800/358732355,v1:172.21.15.6:6801/358732355] conn(0x7fda0c0366b0 msgr2=0x7fda0c038b60 secure :-1 s=STATE_CONNECTION_ESTABLISHED l=1).mark_down
2024-03-22T06:06:27.792 INFO:teuthology.orchestra.run.smithi006.stdout:/usr/bin/ceph: stderr
2024-03-22T06:06:27.185+0000 7fda2320f700 1 --2- 172.21.15.6:0/706751369 >> [v2:172.21.15.6:6800/358732355,v1:172.21.15.6:6801/358732355] conn(0x7fda0c0366b0 0x7fda0c038b60 secure :-1 s=READY pgs=7 cs=0 l=1 rev1=1 crypto rx=0x7fda08009990 tx=0x7fda08006e40 comp rx=0 tx=0).stop
2024-03-22T06:06:27.792 INFO:teuthology.orchestra.run.smithi006.stdout:/usr/bin/ceph: stderr
2024-03-22T06:06:27.185+0000 7fda2320f700 1 -- 172.21.15.6:0/706751369 >> [v2:172.21.15.6:3300/0,v1:172.21.15.6:6789/0] conn(0x7fda1c1016e0 msgr2=0x7fda1c10f350 secure :-1 s=STATE_CONNECTION_ESTABLISHED l=1).mark_down
2024-03-22T06:06:27.792 INFO:teuthology.orchestra.run.smithi006.stdout:/usr/bin/ceph: stderr
2024-03-22T06:06:27.185+0000 7fda2320f700 1 --2- 172.21.15.6:0/706751369 >> [v2:172.21.15.6:3300/0,v1:172.21.15.6:6789/0] conn(0x7fda1c1016e0 0x7fda1c10f350 secure :-1 s=READY pgs=81 cs=0 l=1 rev1=1 crypto rx=0x7fda100106a0 tx=0x7fda1000b4f0 comp rx=0 tx=0).stop
2024-03-22T06:06:27.792 INFO:teuthology.orchestra.run.smithi006.stdout:/usr/bin/ceph: stderr
2024-03-22T06:06:27.185+0000 7fda2320f700 1 -- 172.21.15.6:0/706751369 shutdown_connections
2024-03-22T06:06:27.792 INFO:teuthology.orchestra.run.smithi006.stdout:/usr/bin/ceph: stderr
2024-03-22T06:06:27.185+0000 7fda2320f700 1 --2- 172.21.15.6:0/706751369 >> [v2:172.21.15.6:6800/358732355,v1:172.21.15.6:6801/358732355] conn(0x7fda0c0366b0 0x7fda0c038b60 unknown :-1 s=CLOSED pgs=7 cs=0 l=1 rev1=1 crypto rx=0 tx=0 comp rx=0 tx=0).stop
2024-03-22T06:06:27.792 INFO:teuthology.orchestra.run.smithi006.stdout:/usr/bin/ceph: stderr
2024-03-22T06:06:27.185+0000 7fda2320f700 1 --2- 172.21.15.6:0/706751369 >> [v2:172.21.15.6:3300/0,v1:172.21.15.6:6789/0] conn(0x7fda1c1016e0 0x7fda1c10f350 unknown :-1 s=CLOSED pgs=81 cs=0 l=1 rev1=1 crypto rx=0 tx=0 comp rx=0 tx=0).stop
2024-03-22T06:06:27.792 INFO:teuthology.orchestra.run.smithi006.stdout:/usr/bin/ceph: stderr
2024-03-22T06:06:27.185+0000 7fda2320f700 1 -- 172.21.15.6:0/706751369 >> 172.21.15.6:0/706751369 conn(0x7fda1c0fce40 msgr2=0x7fda1c105b20 unknown :-1 s=STATE_NONE l=0).mark_down
2024-03-22T06:06:27.792 INFO:teuthology.orchestra.run.smithi006.stdout:/usr/bin/ceph: stderr
2024-03-22T06:06:27.185+0000 7fda2320f700 1 -- 172.21.15.6:0/706751369 shutdown_connections
2024-03-22T06:06:27.792 INFO:teuthology.orchestra.run.smithi006.stdout:/usr/bin/ceph: stderr
2024-03-22T06:06:27.185+0000 7fda2320f700 1 -- 172.21.15.6:0/706751369 wait complete.
2024-03-22T06:06:27.792 INFO:teuthology.orchestra.run.smithi006.stdout:Creating initial admin user...
2024-03-22T06:06:28.447 INFO:journalctl@ceph.mon.smithi006.smithi006.stdout:Mar 22 06:06:28 smithi006 ceph-mon[29301]: from='client.14174 -' entity='client.admin' cmd=[{"prefix": "dashboard create-self-signed-cert", "target": ["mon-mgr", ""]}]: dispatch
2024-03-22T06:06:28.447 INFO:journalctl@ceph.mon.smithi006.smithi006.stdout:Mar 22 06:06:28 smithi006 ceph-mon[29301]: from='mgr.14162 172.21.15.6:0/158535407' entity='mgr.smithi006.sfpxdy'
2024-03-22T06:06:28.447 INFO:journalctl@ceph.mon.smithi006.smithi006.stdout:Mar 22 06:06:28 smithi006 ceph-mon[29301]: from='mgr.14162 172.21.15.6:0/158535407' entity='mgr.smithi006.sfpxdy'
2024-03-22T06:06:28.447 INFO:journalctl@ceph.mon.smithi006.smithi006.stdout:Mar 22 06:06:28 smithi006 ceph-mon[29301]: from='mgr.14162 172.21.15.6:0/158535407' entity='mgr.smithi006.sfpxdy'
2024-03-22T06:06:28.447 INFO:journalctl@ceph.mon.smithi006.smithi006.stdout:Mar 22 06:06:28 smithi006 ceph-mon[29301]: mgrmap e12: smithi006.sfpxdy(active, since 2s)
2024-03-22T06:06:28.447 INFO:journalctl@ceph.mon.smithi006.smithi006.stdout:Mar 22 06:06:28 smithi006 ceph-mon[29301]: from='mgr.14162 172.21.15.6:0/158535407' entity='mgr.smithi006.sfpxdy'
2024-03-22T06:06:29.366 INFO:journalctl@ceph.mon.smithi006.smithi006.stdout:Mar 22 06:06:29 smithi006 ceph-mon[29301]: [22/Mar/2024:06:06:27] ENGINE Bus STARTING
2024-03-22T06:06:29.366 INFO:journalctl@ceph.mon.smithi006.smithi006.stdout:Mar 22 06:06:29 smithi006 ceph-mon[29301]: [22/Mar/2024:06:06:27] ENGINE Serving on https://172.21.15.6:7150
2024-03-22T06:06:29.366 INFO:journalctl@ceph.mon.smithi006.smithi006.stdout:Mar 22 06:06:29 smithi006 ceph-mon[29301]: [22/Mar/2024:06:06:27] ENGINE Bus STARTED
2024-03-22T06:06:29.366 INFO:journalctl@ceph.mon.smithi006.smithi006.stdout:Mar 22 06:06:29 smithi006 ceph-mon[29301]: from='mgr.14162 172.21.15.6:0/158535407' entity='mgr.smithi006.sfpxdy'
2024-03-22T06:06:29.893 INFO:teuthology.orchestra.run.smithi006.stdout:/usr/bin/ceph: stdout {"username": "admin", "password": "$2b$12$3vuX.fbA/8i8aE.woJiS2uDFGAKM6UzrghU0MQNSoHhMnMbNOwt32", "roles": ["administrator"], "name": null, "email": null, "lastUpdate": 1711087588, "enabled": true, "pwdExpirationDate": null, "pwdUpdateRequired": true}
2024-03-22T06:06:29.894 INFO:teuthology.orchestra.run.smithi006.stdout:/usr/bin/ceph: stderr
2024-03-22T06:06:28.218+0000 7f3cda1a5700 1 Processor -- start
2024-03-22T06:06:29.894 INFO:teuthology.orchestra.run.smithi006.stdout:/usr/bin/ceph: stderr
2024-03-22T06:06:28.218+0000 7f3cda1a5700 1 -- start start
2024-03-22T06:06:29.894 INFO:teuthology.orchestra.run.smithi006.stdout:/usr/bin/ceph: stderr
2024-03-22T06:06:28.218+0000 7f3cda1a5700 1 --2- >> [v2:172.21.15.6:3300/0,v1:172.21.15.6:6789/0] conn(0x7f3cd4102730 0x7f3cd4102b40 unknown :-1 s=NONE pgs=0 cs=0 l=0 rev1=0 crypto rx=0 tx=0 comp rx=0 tx=0).connect
2024-03-22T06:06:29.894 INFO:teuthology.orchestra.run.smithi006.stdout:/usr/bin/ceph: stderr
2024-03-22T06:06:28.218+0000 7f3cda1a5700 1 -- --> [v2:172.21.15.6:3300/0,v1:172.21.15.6:6789/0] -- mon_getmap magic: 0 v1 -- 0x7f3cd4103080 con 0x7f3cd4102730
2024-03-22T06:06:29.894 INFO:teuthology.orchestra.run.smithi006.stdout:/usr/bin/ceph: stderr
2024-03-22T06:06:28.218+0000 7f3cd37fe700 1 --2- >> [v2:172.21.15.6:3300/0,v1:172.21.15.6:6789/0] conn(0x7f3cd4102730 0x7f3cd4102b40 unknown :-1 s=BANNER_CONNECTING pgs=0 cs=0 l=0 rev1=0 crypto rx=0 tx=0 comp rx=0 tx=0)._handle_peer_banner_payload supported=3 required=0
2024-03-22T06:06:29.894 INFO:teuthology.orchestra.run.smithi006.stdout:/usr/bin/ceph: stderr
2024-03-22T06:06:28.218+0000 7f3cd37fe700 1 --2- >> [v2:172.21.15.6:3300/0,v1:172.21.15.6:6789/0] conn(0x7f3cd4102730 0x7f3cd4102b40 unknown :-1 s=HELLO_CONNECTING pgs=0 cs=0 l=0 rev1=1 crypto rx=0 tx=0 comp rx=0 tx=0).handle_hello peer v2:172.21.15.6:3300/0 says I am v2:172.21.15.6:41350/0 (socket says 172.21.15.6:41350)
2024-03-22T06:06:29.894 INFO:teuthology.orchestra.run.smithi006.stdout:/usr/bin/ceph: stderr
2024-03-22T06:06:28.218+0000 7f3cd37fe700 1 -- 172.21.15.6:0/803181428 learned_addr learned my addr 172.21.15.6:0/803181428 (peer_addr_for_me v2:172.21.15.6:0/0)
2024-03-22T06:06:29.894 INFO:teuthology.orchestra.run.smithi006.stdout:/usr/bin/ceph: stderr
2024-03-22T06:06:28.218+0000 7f3cd37fe700 1 -- 172.21.15.6:0/803181428 --> [v2:172.21.15.6:3300/0,v1:172.21.15.6:6789/0] -- mon_subscribe({config=0+,monmap=0+}) v3 -- 0x7f3cd41031c0 con 0x7f3cd4102730
2024-03-22T06:06:29.894 INFO:teuthology.orchestra.run.smithi006.stdout:/usr/bin/ceph: stderr
2024-03-22T06:06:28.219+0000 7f3cd37fe700 1 --2- 172.21.15.6:0/803181428 >> [v2:172.21.15.6:3300/0,v1:172.21.15.6:6789/0] conn(0x7f3cd4102730 0x7f3cd4102b40 secure :-1 s=READY pgs=82 cs=0 l=1 rev1=1 crypto rx=0x7f3cc80098e0 tx=0x7f3cc8009250 comp rx=0 tx=0).ready entity=mon.0 client_cookie=4d12e866f465386e server_cookie=0 in_seq=0 out_seq=0
2024-03-22T06:06:29.894 INFO:teuthology.orchestra.run.smithi006.stdout:/usr/bin/ceph: stderr
2024-03-22T06:06:28.219+0000 7f3cd27fc700 1 -- 172.21.15.6:0/803181428 <== mon.0 v2:172.21.15.6:3300/0 1 ==== mon_map magic: 0 v1 ==== 229+0+0 (secure 0 0 0) 0x7f3cc800b860 con 0x7f3cd4102730
2024-03-22T06:06:29.894 INFO:teuthology.orchestra.run.smithi006.stdout:/usr/bin/ceph: stderr
2024-03-22T06:06:28.219+0000 7f3cd27fc700 1 -- 172.21.15.6:0/803181428 <== mon.0 v2:172.21.15.6:3300/0 2 ==== config(27 keys) v1 ==== 1109+0+0 (secure 0 0 0) 0x7f3cc800be90 con 0x7f3cd4102730
2024-03-22T06:06:29.894 INFO:teuthology.orchestra.run.smithi006.stdout:/usr/bin/ceph: stderr
2024-03-22T06:06:28.219+0000 7f3cd27fc700 1 -- 172.21.15.6:0/803181428 <== mon.0 v2:172.21.15.6:3300/0 3 ==== mon_map magic: 0 v1 ==== 229+0+0 (secure 0 0 0) 0x7f3cc80103c0 con 0x7f3cd4102730
2024-03-22T06:06:29.894 INFO:teuthology.orchestra.run.smithi006.stdout:/usr/bin/ceph: stderr
2024-03-22T06:06:28.219+0000 7f3cda1a5700 1 -- 172.21.15.6:0/803181428 >> [v2:172.21.15.6:3300/0,v1:172.21.15.6:6789/0] conn(0x7f3cd4102730 msgr2=0x7f3cd4102b40 secure :-1 s=STATE_CONNECTION_ESTABLISHED l=1).mark_down
2024-03-22T06:06:29.895 INFO:teuthology.orchestra.run.smithi006.stdout:/usr/bin/ceph: stderr
2024-03-22T06:06:28.219+0000 7f3cda1a5700 1 --2- 172.21.15.6:0/803181428 >> [v2:172.21.15.6:3300/0,v1:172.21.15.6:6789/0] conn(0x7f3cd4102730 0x7f3cd4102b40 secure :-1 s=READY pgs=82 cs=0 l=1 rev1=1 crypto rx=0x7f3cc80098e0 tx=0x7f3cc8009250 comp rx=0 tx=0).stop
2024-03-22T06:06:29.895 INFO:teuthology.orchestra.run.smithi006.stdout:/usr/bin/ceph: stderr
2024-03-22T06:06:28.219+0000 7f3cda1a5700 1 -- 172.21.15.6:0/803181428 shutdown_connections
2024-03-22T06:06:29.895 INFO:teuthology.orchestra.run.smithi006.stdout:/usr/bin/ceph: stderr
2024-03-22T06:06:28.219+0000 7f3cda1a5700 1 --2- 172.21.15.6:0/803181428 >> [v2:172.21.15.6:3300/0,v1:172.21.15.6:6789/0] conn(0x7f3cd4102730 0x7f3cd4102b40 unknown :-1 s=CLOSED pgs=82 cs=0 l=1 rev1=1 crypto rx=0 tx=0 comp rx=0 tx=0).stop
2024-03-22T06:06:29.895 INFO:teuthology.orchestra.run.smithi006.stdout:/usr/bin/ceph: stderr
2024-03-22T06:06:28.219+0000 7f3cda1a5700 1 -- 172.21.15.6:0/803181428 >> 172.21.15.6:0/803181428 conn(0x7f3cd40fdf10 msgr2=0x7f3cd4100320 unknown :-1 s=STATE_NONE l=0).mark_down
2024-03-22T06:06:29.895 INFO:teuthology.orchestra.run.smithi006.stdout:/usr/bin/ceph: stderr
2024-03-22T06:06:28.219+0000 7f3cda1a5700 1 -- 172.21.15.6:0/803181428 shutdown_connections
2024-03-22T06:06:29.895 INFO:teuthology.orchestra.run.smithi006.stdout:/usr/bin/ceph: stderr
2024-03-22T06:06:28.219+0000 7f3cda1a5700 1 -- 172.21.15.6:0/803181428 wait complete.
2024-03-22T06:06:29.895 INFO:teuthology.orchestra.run.smithi006.stdout:/usr/bin/ceph: stderr
2024-03-22T06:06:28.220+0000 7f3cda1a5700 1 Processor -- start
2024-03-22T06:06:29.895 INFO:teuthology.orchestra.run.smithi006.stdout:/usr/bin/ceph: stderr
2024-03-22T06:06:28.220+0000 7f3cda1a5700 1 -- start start
2024-03-22T06:06:29.895 INFO:teuthology.orchestra.run.smithi006.stdout:/usr/bin/ceph: stderr
2024-03-22T06:06:28.220+0000 7f3cda1a5700 1 --2- >> [v2:172.21.15.6:3300/0,v1:172.21.15.6:6789/0] conn(0x7f3cd4102730 0x7f3cd4078bd0 unknown :-1 s=NONE pgs=0 cs=0 l=1 rev1=0 crypto rx=0 tx=0 comp rx=0 tx=0).connect
2024-03-22T06:06:29.895 INFO:teuthology.orchestra.run.smithi006.stdout:/usr/bin/ceph: stderr
2024-03-22T06:06:28.220+0000 7f3cda1a5700 1 -- --> [v2:172.21.15.6:3300/0,v1:172.21.15.6:6789/0] -- mon_getmap magic: 0 v1 -- 0x7f3cd4079110 con 0x7f3cd4102730
2024-03-22T06:06:29.895 INFO:teuthology.orchestra.run.smithi006.stdout:/usr/bin/ceph: stderr
2024-03-22T06:06:28.220+0000 7f3cd37fe700 1 --2- >> [v2:172.21.15.6:3300/0,v1:172.21.15.6:6789/0] conn(0x7f3cd4102730 0x7f3cd4078bd0 unknown :-1 s=BANNER_CONNECTING pgs=0 cs=0 l=1 rev1=0 crypto rx=0 tx=0 comp rx=0 tx=0)._handle_peer_banner_payload supported=3 required=0
2024-03-22T06:06:29.895 INFO:teuthology.orchestra.run.smithi006.stdout:/usr/bin/ceph: stderr
2024-03-22T06:06:28.220+0000 7f3cd37fe700 1 --2- >> [v2:172.21.15.6:3300/0,v1:172.21.15.6:6789/0] conn(0x7f3cd4102730 0x7f3cd4078bd0 unknown :-1 s=HELLO_CONNECTING pgs=0 cs=0 l=1 rev1=1 crypto rx=0 tx=0 comp rx=0 tx=0).handle_hello peer v2:172.21.15.6:3300/0 says I am v2:172.21.15.6:41360/0 (socket says 172.21.15.6:41360)
2024-03-22T06:06:29.895 INFO:teuthology.orchestra.run.smithi006.stdout:/usr/bin/ceph: stderr
2024-03-22T06:06:28.220+0000 7f3cd37fe700 1 -- 172.21.15.6:0/7631874 learned_addr learned my addr 172.21.15.6:0/7631874 (peer_addr_for_me v2:172.21.15.6:0/0)
2024-03-22T06:06:29.895 INFO:teuthology.orchestra.run.smithi006.stdout:/usr/bin/ceph: stderr
2024-03-22T06:06:28.220+0000 7f3cd37fe700 1 -- 172.21.15.6:0/7631874 --> [v2:172.21.15.6:3300/0,v1:172.21.15.6:6789/0] -- mon_subscribe({config=0+,monmap=0+}) v3 -- 0x7f3cc80094f0 con 0x7f3cd4102730
2024-03-22T06:06:29.895 INFO:teuthology.orchestra.run.smithi006.stdout:/usr/bin/ceph: stderr
2024-03-22T06:06:28.221+0000 7f3cd37fe700 1 --2- 172.21.15.6:0/7631874 >> [v2:172.21.15.6:3300/0,v1:172.21.15.6:6789/0] conn(0x7f3cd4102730 0x7f3cd4078bd0 secure :-1 s=READY pgs=83 cs=0 l=1 rev1=1 crypto rx=0x7f3cc80094c0 tx=0x7f3cc8009250 comp rx=0 tx=0).ready entity=mon.0 client_cookie=0 server_cookie=0 in_seq=0 out_seq=0
2024-03-22T06:06:29.895 INFO:teuthology.orchestra.run.smithi006.stdout:/usr/bin/ceph: stderr
2024-03-22T06:06:28.221+0000 7f3cbbfff700 1 -- 172.21.15.6:0/7631874 <== mon.0 v2:172.21.15.6:3300/0 1 ==== mon_map magic: 0 v1 ==== 229+0+0 (secure 0 0 0) 0x7f3cc8010680 con 0x7f3cd4102730
2024-03-22T06:06:29.896 INFO:teuthology.orchestra.run.smithi006.stdout:/usr/bin/ceph: stderr
2024-03-22T06:06:28.221+0000 7f3cbbfff700 1 -- 172.21.15.6:0/7631874 <== mon.0 v2:172.21.15.6:3300/0 2 ==== config(27 keys) v1 ==== 1109+0+0 (secure 0 0 0) 0x7f3cc8010cb0 con 0x7f3cd4102730
2024-03-22T06:06:29.896 INFO:teuthology.orchestra.run.smithi006.stdout:/usr/bin/ceph: stderr
2024-03-22T06:06:28.221+0000 7f3cda1a5700 1 -- 172.21.15.6:0/7631874 --> [v2:172.21.15.6:3300/0,v1:172.21.15.6:6789/0] -- mon_subscribe({mgrmap=0+}) v3 -- 0x7f3cd4077180 con 0x7f3cd4102730
2024-03-22T06:06:29.896 INFO:teuthology.orchestra.run.smithi006.stdout:/usr/bin/ceph: stderr
2024-03-22T06:06:28.221+0000 7f3cbbfff700 1 -- 172.21.15.6:0/7631874 <== mon.0 v2:172.21.15.6:3300/0 3 ==== mon_map magic: 0 v1 ==== 229+0+0 (secure 0 0 0) 0x7f3cc801ad40 con 0x7f3cd4102730
2024-03-22T06:06:29.896 INFO:teuthology.orchestra.run.smithi006.stdout:/usr/bin/ceph: stderr
2024-03-22T06:06:28.221+0000 7f3cda1a5700 1 -- 172.21.15.6:0/7631874 --> [v2:172.21.15.6:3300/0,v1:172.21.15.6:6789/0] -- mon_subscribe({osdmap=0}) v3 -- 0x7f3cd4077670 con 0x7f3cd4102730
2024-03-22T06:06:29.896 INFO:teuthology.orchestra.run.smithi006.stdout:/usr/bin/ceph: stderr
2024-03-22T06:06:28.222+0000 7f3cbbfff700 1 -- 172.21.15.6:0/7631874 <== mon.0 v2:172.21.15.6:3300/0 4 ==== mgrmap(e 12) v1 ==== 43381+0+0 (secure 0 0 0) 0x7f3cc8025400 con 0x7f3cd4102730
2024-03-22T06:06:29.896 INFO:teuthology.orchestra.run.smithi006.stdout:/usr/bin/ceph: stderr
2024-03-22T06:06:28.222+0000 7f3cda1a5700 1 -- 172.21.15.6:0/7631874 --> [v2:172.21.15.6:3300/0,v1:172.21.15.6:6789/0] -- mon_command({"prefix": "get_command_descriptions"} v 0) v1 -- 0x7f3cd404bed0 con 0x7f3cd4102730
2024-03-22T06:06:29.896 INFO:teuthology.orchestra.run.smithi006.stdout:/usr/bin/ceph: stderr
2024-03-22T06:06:28.222+0000 7f3cbbfff700 1 --2- 172.21.15.6:0/7631874 >> [v2:172.21.15.6:6800/358732355,v1:172.21.15.6:6801/358732355] conn(0x7f3cbc0367e0 0x7f3cbc038c90 unknown :-1 s=NONE pgs=0 cs=0 l=1 rev1=0 crypto rx=0 tx=0 comp rx=0 tx=0).connect
2024-03-22T06:06:29.896 INFO:teuthology.orchestra.run.smithi006.stdout:/usr/bin/ceph: stderr
2024-03-22T06:06:28.222+0000 7f3cbbfff700 1 -- 172.21.15.6:0/7631874 <== mon.0 v2:172.21.15.6:3300/0 5 ==== osd_map(3..3 src has 1..3) v4 ==== 1151+0+0 (secure 0 0 0) 0x7f3cc804a5f0 con 0x7f3cd4102730
2024-03-22T06:06:29.896 INFO:teuthology.orchestra.run.smithi006.stdout:/usr/bin/ceph: stderr
2024-03-22T06:06:28.222+0000 7f3cd2ffd700 1 --2- 172.21.15.6:0/7631874 >> [v2:172.21.15.6:6800/358732355,v1:172.21.15.6:6801/358732355] conn(0x7f3cbc0367e0 0x7f3cbc038c90 unknown :-1 s=BANNER_CONNECTING pgs=0 cs=0 l=1 rev1=0 crypto rx=0 tx=0 comp rx=0 tx=0)._handle_peer_banner_payload supported=3 required=0
2024-03-22T06:06:29.896 INFO:teuthology.orchestra.run.smithi006.stdout:/usr/bin/ceph: stderr
2024-03-22T06:06:28.222+0000 7f3cd2ffd700 1 --2- 172.21.15.6:0/7631874 >> [v2:172.21.15.6:6800/358732355,v1:172.21.15.6:6801/358732355] conn(0x7f3cbc0367e0 0x7f3cbc038c90 secure :-1 s=READY pgs=8 cs=0 l=1 rev1=1 crypto rx=0x7f3cc4009990 tx=0x7f3cc4006e40 comp rx=0 tx=0).ready entity=mgr.14162 client_cookie=0 server_cookie=0 in_seq=0 out_seq=0
2024-03-22T06:06:29.896 INFO:teuthology.orchestra.run.smithi006.stdout:/usr/bin/ceph: stderr
2024-03-22T06:06:28.227+0000 7f3cbbfff700 1 -- 172.21.15.6:0/7631874 <== mon.0 v2:172.21.15.6:3300/0 6 ==== mon_command_ack([{"prefix": "get_command_descriptions"}]=0 v0) v1 ==== 72+0+176504 (secure 0 0 0) 0x7f3cc80193c0 con 0x7f3cd4102730
2024-03-22T06:06:29.896 INFO:teuthology.orchestra.run.smithi006.stdout:/usr/bin/ceph: stderr
2024-03-22T06:06:28.446+0000 7f3cda1a5700 1 -- 172.21.15.6:0/7631874 --> [v2:172.21.15.6:6800/358732355,v1:172.21.15.6:6801/358732355] -- mgr_command(tid 0: {"prefix": "dashboard ac-user-create", "username": "admin", "rolename": "administrator", "force_password": true, "pwd_update_required": true, "target": ["mon-mgr", ""]}) v1 -- 0x7f3cd405f410 con 0x7f3cbc0367e0
2024-03-22T06:06:29.896 INFO:teuthology.orchestra.run.smithi006.stdout:/usr/bin/ceph: stderr
2024-03-22T06:06:28.693+0000 7f3cbbfff700 1 -- 172.21.15.6:0/7631874 <== mgr.14162 v2:172.21.15.6:6800/358732355 1 ==== mgr_command_reply(tid 0: 0 ) v1 ==== 8+0+252 (secure 0 0 0) 0x7f3cd405f410 con 0x7f3cbc0367e0
2024-03-22T06:06:29.896 INFO:teuthology.orchestra.run.smithi006.stdout:/usr/bin/ceph: stderr
2024-03-22T06:06:28.695+0000 7f3cda1a5700 1 -- 172.21.15.6:0/7631874 >> [v2:172.21.15.6:6800/358732355,v1:172.21.15.6:6801/358732355] conn(0x7f3cbc0367e0 msgr2=0x7f3cbc038c90 secure :-1 s=STATE_CONNECTION_ESTABLISHED l=1).mark_down
2024-03-22T06:06:29.897 INFO:teuthology.orchestra.run.smithi006.stdout:/usr/bin/ceph: stderr
2024-03-22T06:06:28.695+0000 7f3cda1a5700 1 --2- 172.21.15.6:0/7631874 >> [v2:172.21.15.6:6800/358732355,v1:172.21.15.6:6801/358732355] conn(0x7f3cbc0367e0 0x7f3cbc038c90 secure :-1 s=READY pgs=8 cs=0 l=1 rev1=1 crypto rx=0x7f3cc4009990 tx=0x7f3cc4006e40 comp rx=0 tx=0).stop
2024-03-22T06:06:29.897 INFO:teuthology.orchestra.run.smithi006.stdout:/usr/bin/ceph: stderr
2024-03-22T06:06:28.695+0000 7f3cda1a5700 1 -- 172.21.15.6:0/7631874 >> [v2:172.21.15.6:3300/0,v1:172.21.15.6:6789/0] conn(0x7f3cd4102730 msgr2=0x7f3cd4078bd0 secure :-1 s=STATE_CONNECTION_ESTABLISHED l=1).mark_down
2024-03-22T06:06:29.897 INFO:teuthology.orchestra.run.smithi006.stdout:/usr/bin/ceph: stderr
2024-03-22T06:06:28.695+0000 7f3cda1a5700 1 --2- 172.21.15.6:0/7631874 >> [v2:172.21.15.6:3300/0,v1:172.21.15.6:6789/0] conn(0x7f3cd4102730 0x7f3cd4078bd0 secure :-1 s=READY pgs=83 cs=0 l=1 rev1=1 crypto rx=0x7f3cc80094c0 tx=0x7f3cc8009250 comp rx=0 tx=0).stop
2024-03-22T06:06:29.897 INFO:teuthology.orchestra.run.smithi006.stdout:/usr/bin/ceph: stderr
2024-03-22T06:06:28.695+0000 7f3cda1a5700 1 -- 172.21.15.6:0/7631874 shutdown_connections
2024-03-22T06:06:29.897 INFO:teuthology.orchestra.run.smithi006.stdout:/usr/bin/ceph: stderr
2024-03-22T06:06:28.695+0000 7f3cda1a5700 1 --2- 172.21.15.6:0/7631874 >> [v2:172.21.15.6:6800/358732355,v1:172.21.15.6:6801/358732355] conn(0x7f3cbc0367e0 0x7f3cbc038c90 unknown :-1 s=CLOSED pgs=8 cs=0 l=1 rev1=1 crypto rx=0 tx=0 comp rx=0 tx=0).stop
2024-03-22T06:06:29.897 INFO:teuthology.orchestra.run.smithi006.stdout:/usr/bin/ceph: stderr
2024-03-22T06:06:28.695+0000 7f3cda1a5700 1 --2- 172.21.15.6:0/7631874 >> [v2:172.21.15.6:3300/0,v1:172.21.15.6:6789/0] conn(0x7f3cd4102730 0x7f3cd4078bd0 unknown :-1 s=CLOSED pgs=83 cs=0 l=1 rev1=1 crypto rx=0 tx=0 comp rx=0 tx=0).stop
2024-03-22T06:06:29.897 INFO:teuthology.orchestra.run.smithi006.stdout:/usr/bin/ceph: stderr
2024-03-22T06:06:28.695+0000 7f3cda1a5700 1 -- 172.21.15.6:0/7631874 >> 172.21.15.6:0/7631874 conn(0x7f3cd40fdf10 msgr2=0x7f3cd40feab0 unknown :-1 s=STATE_NONE l=0).mark_down
2024-03-22T06:06:29.897 INFO:teuthology.orchestra.run.smithi006.stdout:/usr/bin/ceph: stderr
2024-03-22T06:06:28.695+0000 7f3cda1a5700 1 -- 172.21.15.6:0/7631874 shutdown_connections
2024-03-22T06:06:29.897 INFO:teuthology.orchestra.run.smithi006.stdout:/usr/bin/ceph: stderr
2024-03-22T06:06:28.695+0000 7f3cda1a5700 1 -- 172.21.15.6:0/7631874 wait complete.
2024-03-22T06:06:29.897 INFO:teuthology.orchestra.run.smithi006.stdout:Fetching dashboard port number...
2024-03-22T06:06:30.272 INFO:journalctl@ceph.mon.smithi006.smithi006.stdout:Mar 22 06:06:30 smithi006 ceph-mon[29301]: from='client.14176 -' entity='client.admin' cmd=[{"prefix": "dashboard ac-user-create", "username": "admin", "rolename": "administrator", "force_password": true, "pwd_update_required": true, "target": ["mon-mgr", ""]}]: dispatch
2024-03-22T06:06:31.167 INFO:teuthology.orchestra.run.smithi006.stdout:/usr/bin/ceph: stdout 8443
2024-03-22T06:06:31.167 INFO:teuthology.orchestra.run.smithi006.stdout:/usr/bin/ceph: stderr
2024-03-22T06:06:30.370+0000 7f2508aa3700 1 Processor -- start
2024-03-22T06:06:31.167 INFO:teuthology.orchestra.run.smithi006.stdout:/usr/bin/ceph: stderr
2024-03-22T06:06:30.370+0000 7f2508aa3700 1 -- start start
2024-03-22T06:06:31.167 INFO:teuthology.orchestra.run.smithi006.stdout:/usr/bin/ceph: stderr
2024-03-22T06:06:30.370+0000 7f2508aa3700 1 --2- >> [v2:172.21.15.6:3300/0,v1:172.21.15.6:6789/0] conn(0x7f2504102740 0x7f2504102b50 unknown :-1 s=NONE pgs=0 cs=0 l=0 rev1=0 crypto rx=0 tx=0 comp rx=0 tx=0).connect
2024-03-22T06:06:31.167 INFO:teuthology.orchestra.run.smithi006.stdout:/usr/bin/ceph: stderr
2024-03-22T06:06:30.370+0000 7f2508aa3700 1 -- --> [v2:172.21.15.6:3300/0,v1:172.21.15.6:6789/0] -- mon_getmap magic: 0 v1 -- 0x7f2504103090 con 0x7f2504102740
2024-03-22T06:06:31.167 INFO:teuthology.orchestra.run.smithi006.stdout:/usr/bin/ceph: stderr
2024-03-22T06:06:30.370+0000 7f250259c700 1 --2- >> [v2:172.21.15.6:3300/0,v1:172.21.15.6:6789/0] conn(0x7f2504102740 0x7f2504102b50 unknown :-1 s=BANNER_CONNECTING pgs=0 cs=0 l=0 rev1=0 crypto rx=0 tx=0 comp rx=0 tx=0)._handle_peer_banner_payload supported=3 required=0
2024-03-22T06:06:31.167 INFO:teuthology.orchestra.run.smithi006.stdout:/usr/bin/ceph: stderr
2024-03-22T06:06:30.370+0000 7f250259c700 1 --2- >> [v2:172.21.15.6:3300/0,v1:172.21.15.6:6789/0] conn(0x7f2504102740 0x7f2504102b50 unknown :-1 s=HELLO_CONNECTING pgs=0 cs=0 l=0 rev1=1 crypto rx=0 tx=0 comp rx=0 tx=0).handle_hello peer v2:172.21.15.6:3300/0 says I am v2:172.21.15.6:41374/0 (socket says 172.21.15.6:41374)
2024-03-22T06:06:31.167 INFO:teuthology.orchestra.run.smithi006.stdout:/usr/bin/ceph: stderr
2024-03-22T06:06:30.370+0000 7f250259c700 1 -- 172.21.15.6:0/4291777213 learned_addr learned my addr 172.21.15.6:0/4291777213 (peer_addr_for_me v2:172.21.15.6:0/0)
2024-03-22T06:06:31.167 INFO:teuthology.orchestra.run.smithi006.stdout:/usr/bin/ceph: stderr
2024-03-22T06:06:30.370+0000 7f250259c700 1 -- 172.21.15.6:0/4291777213 --> [v2:172.21.15.6:3300/0,v1:172.21.15.6:6789/0] -- mon_subscribe({config=0+,monmap=0+}) v3 -- 0x7f25041031d0 con 0x7f2504102740
2024-03-22T06:06:31.167 INFO:teuthology.orchestra.run.smithi006.stdout:/usr/bin/ceph: stderr
2024-03-22T06:06:30.371+0000 7f250259c700 1 --2- 172.21.15.6:0/4291777213 >> [v2:172.21.15.6:3300/0,v1:172.21.15.6:6789/0] conn(0x7f2504102740 0x7f2504102b50 secure :-1 s=READY pgs=84 cs=0 l=1 rev1=1 crypto rx=0x7f24f40098e0 tx=0x7f24f4009250 comp rx=0 tx=0).ready entity=mon.0 client_cookie=82240d5b9143fffc server_cookie=0 in_seq=0 out_seq=0
2024-03-22T06:06:31.168 INFO:teuthology.orchestra.run.smithi006.stdout:/usr/bin/ceph: stderr
2024-03-22T06:06:30.371+0000 7f250159a700 1 -- 172.21.15.6:0/4291777213 <== mon.0 v2:172.21.15.6:3300/0 1 ==== mon_map magic: 0 v1 ==== 229+0+0 (secure 0 0 0) 0x7f24f400b860 con 0x7f2504102740
2024-03-22T06:06:31.168 INFO:teuthology.orchestra.run.smithi006.stdout:/usr/bin/ceph: stderr
2024-03-22T06:06:30.371+0000 7f250159a700 1 -- 172.21.15.6:0/4291777213 <== mon.0 v2:172.21.15.6:3300/0 2 ==== config(27 keys) v1 ==== 1109+0+0 (secure 0 0 0) 0x7f24f400be90 con 0x7f2504102740
2024-03-22T06:06:31.168 INFO:teuthology.orchestra.run.smithi006.stdout:/usr/bin/ceph: stderr
2024-03-22T06:06:30.371+0000 7f250159a700 1 -- 172.21.15.6:0/4291777213 <== mon.0 v2:172.21.15.6:3300/0 3 ==== mon_map magic: 0 v1 ==== 229+0+0 (secure 0 0 0) 0x7f24f40103c0 con 0x7f2504102740
2024-03-22T06:06:31.168 INFO:teuthology.orchestra.run.smithi006.stdout:/usr/bin/ceph: stderr
2024-03-22T06:06:30.371+0000 7f2508aa3700 1 -- 172.21.15.6:0/4291777213 >> [v2:172.21.15.6:3300/0,v1:172.21.15.6:6789/0] conn(0x7f2504102740 msgr2=0x7f2504102b50 secure :-1 s=STATE_CONNECTION_ESTABLISHED l=1).mark_down
2024-03-22T06:06:31.168 INFO:teuthology.orchestra.run.smithi006.stdout:/usr/bin/ceph: stderr
2024-03-22T06:06:30.371+0000 7f2508aa3700 1 --2- 172.21.15.6:0/4291777213 >> [v2:172.21.15.6:3300/0,v1:172.21.15.6:6789/0] conn(0x7f2504102740 0x7f2504102b50 secure :-1 s=READY pgs=84 cs=0 l=1 rev1=1 crypto rx=0x7f24f40098e0 tx=0x7f24f4009250 comp rx=0 tx=0).stop
2024-03-22T06:06:31.168 INFO:teuthology.orchestra.run.smithi006.stdout:/usr/bin/ceph: stderr
2024-03-22T06:06:30.371+0000 7f2508aa3700 1 -- 172.21.15.6:0/4291777213 shutdown_connections
2024-03-22T06:06:31.168 INFO:teuthology.orchestra.run.smithi006.stdout:/usr/bin/ceph: stderr
2024-03-22T06:06:30.371+0000 7f2508aa3700 1 --2- 172.21.15.6:0/4291777213 >> [v2:172.21.15.6:3300/0,v1:172.21.15.6:6789/0] conn(0x7f2504102740 0x7f2504102b50 unknown :-1 s=CLOSED pgs=84 cs=0 l=1 rev1=1 crypto rx=0 tx=0 comp rx=0 tx=0).stop
2024-03-22T06:06:31.168 INFO:teuthology.orchestra.run.smithi006.stdout:/usr/bin/ceph: stderr
2024-03-22T06:06:30.371+0000 7f2508aa3700 1 -- 172.21.15.6:0/4291777213 >> 172.21.15.6:0/4291777213 conn(0x7f25040fdea0 msgr2=0x7f25041002d0 unknown :-1 s=STATE_NONE l=0).mark_down
2024-03-22T06:06:31.168 INFO:teuthology.orchestra.run.smithi006.stdout:/usr/bin/ceph: stderr
2024-03-22T06:06:30.371+0000 7f2508aa3700 1 -- 172.21.15.6:0/4291777213 shutdown_connections
2024-03-22T06:06:31.168 INFO:teuthology.orchestra.run.smithi006.stdout:/usr/bin/ceph: stderr
2024-03-22T06:06:30.371+0000 7f2508aa3700 1 -- 172.21.15.6:0/4291777213 wait complete.
2024-03-22T06:06:31.168 INFO:teuthology.orchestra.run.smithi006.stdout:/usr/bin/ceph: stderr
2024-03-22T06:06:30.372+0000 7f2508aa3700 1 Processor -- start
2024-03-22T06:06:31.168 INFO:teuthology.orchestra.run.smithi006.stdout:/usr/bin/ceph: stderr
2024-03-22T06:06:30.372+0000 7f2508aa3700 1 -- start start
2024-03-22T06:06:31.168 INFO:teuthology.orchestra.run.smithi006.stdout:/usr/bin/ceph: stderr
2024-03-22T06:06:30.372+0000 7f2508aa3700 1 --2- >> [v2:172.21.15.6:3300/0,v1:172.21.15.6:6789/0] conn(0x7f2504102740 0x7f25041115e0 unknown :-1 s=NONE pgs=0 cs=0 l=1 rev1=0 crypto rx=0 tx=0 comp rx=0 tx=0).connect
2024-03-22T06:06:31.168 INFO:teuthology.orchestra.run.smithi006.stdout:/usr/bin/ceph: stderr
2024-03-22T06:06:30.372+0000 7f2508aa3700 1 -- --> [v2:172.21.15.6:3300/0,v1:172.21.15.6:6789/0] -- mon_getmap magic: 0 v1 -- 0x7f2504111b20 con 0x7f2504102740
2024-03-22T06:06:31.168 INFO:teuthology.orchestra.run.smithi006.stdout:/usr/bin/ceph: stderr
2024-03-22T06:06:30.372+0000 7f250259c700 1 --2- >> [v2:172.21.15.6:3300/0,v1:172.21.15.6:6789/0] conn(0x7f2504102740 0x7f25041115e0 unknown :-1 s=BANNER_CONNECTING pgs=0 cs=0 l=1 rev1=0 crypto rx=0 tx=0 comp rx=0 tx=0)._handle_peer_banner_payload supported=3 required=0
2024-03-22T06:06:31.168 INFO:teuthology.orchestra.run.smithi006.stdout:/usr/bin/ceph: stderr
2024-03-22T06:06:30.372+0000 7f250259c700 1 --2- >> [v2:172.21.15.6:3300/0,v1:172.21.15.6:6789/0] conn(0x7f2504102740 0x7f25041115e0 unknown :-1 s=HELLO_CONNECTING pgs=0 cs=0 l=1 rev1=1 crypto rx=0 tx=0 comp rx=0 tx=0).handle_hello peer v2:172.21.15.6:3300/0 says I am v2:172.21.15.6:41384/0 (socket says 172.21.15.6:41384)
2024-03-22T06:06:31.169 INFO:teuthology.orchestra.run.smithi006.stdout:/usr/bin/ceph: stderr
2024-03-22T06:06:30.372+0000 7f250259c700 1 -- 172.21.15.6:0/3808184668 learned_addr learned my addr 172.21.15.6:0/3808184668 (peer_addr_for_me v2:172.21.15.6:0/0)
2024-03-22T06:06:31.169 INFO:teuthology.orchestra.run.smithi006.stdout:/usr/bin/ceph: stderr
2024-03-22T06:06:30.372+0000 7f250259c700 1 -- 172.21.15.6:0/3808184668 --> [v2:172.21.15.6:3300/0,v1:172.21.15.6:6789/0] -- mon_subscribe({config=0+,monmap=0+}) v3 -- 0x7f24f40094f0 con 0x7f2504102740
2024-03-22T06:06:31.169 INFO:teuthology.orchestra.run.smithi006.stdout:/usr/bin/ceph: stderr
2024-03-22T06:06:30.373+0000 7f250259c700 1 --2- 172.21.15.6:0/3808184668 >> [v2:172.21.15.6:3300/0,v1:172.21.15.6:6789/0] conn(0x7f2504102740 0x7f25041115e0 secure :-1 s=READY pgs=85 cs=0 l=1 rev1=1 crypto rx=0x7f24f4006b00 tx=0x7f24f4009250 comp rx=0 tx=0).ready entity=mon.0 client_cookie=0 server_cookie=0 in_seq=0 out_seq=0
2024-03-22T06:06:31.169 INFO:teuthology.orchestra.run.smithi006.stdout:/usr/bin/ceph: stderr
2024-03-22T06:06:30.373+0000 7f24f2ffd700 1 -- 172.21.15.6:0/3808184668 <== mon.0 v2:172.21.15.6:3300/0 1 ==== mon_map magic: 0 v1 ==== 229+0+0 (secure 0 0 0) 0x7f24f4010840 con 0x7f2504102740
2024-03-22T06:06:31.169 INFO:teuthology.orchestra.run.smithi006.stdout:/usr/bin/ceph: stderr
2024-03-22T06:06:30.373+0000 7f24f2ffd700 1 -- 172.21.15.6:0/3808184668 <== mon.0 v2:172.21.15.6:3300/0 2 ==== config(27 keys) v1 ==== 1109+0+0 (secure 0 0 0) 0x7f24f4010e70 con 0x7f2504102740
2024-03-22T06:06:31.169 INFO:teuthology.orchestra.run.smithi006.stdout:/usr/bin/ceph: stderr
2024-03-22T06:06:30.373+0000 7f24f2ffd700 1 -- 172.21.15.6:0/3808184668 <== mon.0 v2:172.21.15.6:3300/0 3 ==== mon_map magic: 0 v1 ==== 229+0+0 (secure 0 0 0) 0x7f24f401ae70 con 0x7f2504102740
2024-03-22T06:06:31.169 INFO:teuthology.orchestra.run.smithi006.stdout:/usr/bin/ceph: stderr
2024-03-22T06:06:30.373+0000 7f2508aa3700 1 -- 172.21.15.6:0/3808184668 --> [v2:172.21.15.6:3300/0,v1:172.21.15.6:6789/0] -- mon_subscribe({mgrmap=0+}) v3 -- 0x7f2504111d20 con 0x7f2504102740
2024-03-22T06:06:31.169 INFO:teuthology.orchestra.run.smithi006.stdout:/usr/bin/ceph: stderr
2024-03-22T06:06:30.373+0000 7f2508aa3700 1 -- 172.21.15.6:0/3808184668 --> [v2:172.21.15.6:3300/0,v1:172.21.15.6:6789/0] -- mon_subscribe({osdmap=0}) v3 -- 0x7f2504112890 con 0x7f2504102740
2024-03-22T06:06:31.169 INFO:teuthology.orchestra.run.smithi006.stdout:/usr/bin/ceph: stderr
2024-03-22T06:06:30.374+0000 7f24f2ffd700 1 -- 172.21.15.6:0/3808184668 <== mon.0 v2:172.21.15.6:3300/0 4 ==== mgrmap(e 12) v1 ==== 43381+0+0 (secure 0 0 0) 0x7f24f401a780 con 0x7f2504102740
2024-03-22T06:06:31.169 INFO:teuthology.orchestra.run.smithi006.stdout:/usr/bin/ceph: stderr
2024-03-22T06:06:30.374+0000 7f24f2ffd700 1 --2- 172.21.15.6:0/3808184668 >> [v2:172.21.15.6:6800/358732355,v1:172.21.15.6:6801/358732355] conn(0x7f24ec036830 0x7f24ec038ce0 unknown :-1 s=NONE pgs=0 cs=0 l=1 rev1=0 crypto rx=0 tx=0 comp rx=0 tx=0).connect
2024-03-22T06:06:31.169 INFO:teuthology.orchestra.run.smithi006.stdout:/usr/bin/ceph: stderr
2024-03-22T06:06:30.374+0000 7f2508aa3700 1 -- 172.21.15.6:0/3808184668 --> [v2:172.21.15.6:3300/0,v1:172.21.15.6:6789/0] -- mon_command({"prefix": "get_command_descriptions"} v 0) v1 -- 0x7f250405f5f0 con 0x7f2504102740
2024-03-22T06:06:31.169 INFO:teuthology.orchestra.run.smithi006.stdout:/usr/bin/ceph: stderr
2024-03-22T06:06:30.374+0000 7f24f2ffd700 1 -- 172.21.15.6:0/3808184668 <== mon.0 v2:172.21.15.6:3300/0 5 ==== osd_map(3..3 src has 1..3) v4 ==== 1151+0+0 (secure 0 0 0) 0x7f24f404ac30 con 0x7f2504102740
2024-03-22T06:06:31.169 INFO:teuthology.orchestra.run.smithi006.stdout:/usr/bin/ceph: stderr
2024-03-22T06:06:30.374+0000 7f2501d9b700 1 --2- 172.21.15.6:0/3808184668 >> [v2:172.21.15.6:6800/358732355,v1:172.21.15.6:6801/358732355] conn(0x7f24ec036830 0x7f24ec038ce0 unknown :-1 s=BANNER_CONNECTING pgs=0 cs=0 l=1 rev1=0 crypto rx=0 tx=0 comp rx=0 tx=0)._handle_peer_banner_payload supported=3 required=0
2024-03-22T06:06:31.169 INFO:teuthology.orchestra.run.smithi006.stdout:/usr/bin/ceph: stderr
2024-03-22T06:06:30.374+0000 7f2501d9b700 1 --2- 172.21.15.6:0/3808184668 >> [v2:172.21.15.6:6800/358732355,v1:172.21.15.6:6801/358732355] conn(0x7f24ec036830 0x7f24ec038ce0 secure :-1 s=READY pgs=9 cs=0 l=1 rev1=1 crypto rx=0x7f24f8009990 tx=0x7f24f8006e40 comp rx=0 tx=0).ready entity=mgr.14162 client_cookie=0 server_cookie=0 in_seq=0 out_seq=0
2024-03-22T06:06:31.169 INFO:teuthology.orchestra.run.smithi006.stdout:/usr/bin/ceph: stderr
2024-03-22T06:06:30.379+0000 7f24f2ffd700 1 -- 172.21.15.6:0/3808184668 <== mon.0 v2:172.21.15.6:3300/0 6 ==== mon_command_ack([{"prefix": "get_command_descriptions"}]=0 v0) v1 ==== 72+0+176504 (secure 0 0 0) 0x7f24f401a430 con 0x7f2504102740
2024-03-22T06:06:31.169 INFO:teuthology.orchestra.run.smithi006.stdout:/usr/bin/ceph: stderr
2024-03-22T06:06:30.574+0000 7f2508aa3700 1 -- 172.21.15.6:0/3808184668 --> [v2:172.21.15.6:3300/0,v1:172.21.15.6:6789/0] -- mon_command({"prefix": "config get", "who": "mgr", "key": "mgr/dashboard/ssl_server_port"} v 0) v1 -- 0x7f250404bed0 con 0x7f2504102740
2024-03-22T06:06:31.169 INFO:teuthology.orchestra.run.smithi006.stdout:/usr/bin/ceph: stderr
2024-03-22T06:06:30.574+0000 7f24f2ffd700 1 -- 172.21.15.6:0/3808184668 <== mon.0 v2:172.21.15.6:3300/0 7 ==== mon_command_ack([{"prefix": "config get", "who": "mgr", "key": "mgr/dashboard/ssl_server_port"}]=0 v8) v1 ==== 112+0+5 (secure 0 0 0) 0x7f24f4048020 con 0x7f2504102740
2024-03-22T06:06:31.170 INFO:teuthology.orchestra.run.smithi006.stdout:/usr/bin/ceph: stderr
2024-03-22T06:06:30.577+0000 7f2508aa3700 1 -- 172.21.15.6:0/3808184668 >> [v2:172.21.15.6:6800/358732355,v1:172.21.15.6:6801/358732355] conn(0x7f24ec036830 msgr2=0x7f24ec038ce0 secure :-1 s=STATE_CONNECTION_ESTABLISHED l=1).mark_down
2024-03-22T06:06:31.170 INFO:teuthology.orchestra.run.smithi006.stdout:/usr/bin/ceph: stderr
2024-03-22T06:06:30.577+0000 7f2508aa3700 1 --2- 172.21.15.6:0/3808184668 >> [v2:172.21.15.6:6800/358732355,v1:172.21.15.6:6801/358732355] conn(0x7f24ec036830 0x7f24ec038ce0 secure :-1 s=READY pgs=9 cs=0 l=1 rev1=1 crypto rx=0x7f24f8009990 tx=0x7f24f8006e40 comp rx=0 tx=0).stop
2024-03-22T06:06:31.170 INFO:teuthology.orchestra.run.smithi006.stdout:/usr/bin/ceph: stderr
2024-03-22T06:06:30.577+0000 7f2508aa3700 1 -- 172.21.15.6:0/3808184668 >> [v2:172.21.15.6:3300/0,v1:172.21.15.6:6789/0] conn(0x7f2504102740 msgr2=0x7f25041115e0 secure :-1 s=STATE_CONNECTION_ESTABLISHED l=1).mark_down
2024-03-22T06:06:31.170 INFO:teuthology.orchestra.run.smithi006.stdout:/usr/bin/ceph: stderr
2024-03-22T06:06:30.577+0000 7f2508aa3700 1 --2- 172.21.15.6:0/3808184668 >> [v2:172.21.15.6:3300/0,v1:172.21.15.6:6789/0] conn(0x7f2504102740 0x7f25041115e0 secure :-1 s=READY pgs=85 cs=0 l=1 rev1=1 crypto rx=0x7f24f4006b00 tx=0x7f24f4009250 comp rx=0 tx=0).stop
2024-03-22T06:06:31.170 INFO:teuthology.orchestra.run.smithi006.stdout:/usr/bin/ceph: stderr
2024-03-22T06:06:30.577+0000 7f2508aa3700 1 -- 172.21.15.6:0/3808184668 shutdown_connections
2024-03-22T06:06:31.170 INFO:teuthology.orchestra.run.smithi006.stdout:/usr/bin/ceph: stderr
2024-03-22T06:06:30.577+0000 7f2508aa3700 1 --2- 172.21.15.6:0/3808184668 >> [v2:172.21.15.6:6800/358732355,v1:172.21.15.6:6801/358732355] conn(0x7f24ec036830 0x7f24ec038ce0 unknown :-1 s=CLOSED pgs=9 cs=0 l=1 rev1=1 crypto rx=0 tx=0 comp rx=0 tx=0).stop
2024-03-22T06:06:31.170 INFO:teuthology.orchestra.run.smithi006.stdout:/usr/bin/ceph: stderr
2024-03-22T06:06:30.577+0000 7f2508aa3700 1 --2- 172.21.15.6:0/3808184668 >> [v2:172.21.15.6:3300/0,v1:172.21.15.6:6789/0] conn(0x7f2504102740 0x7f25041115e0 unknown :-1 s=CLOSED pgs=85 cs=0 l=1 rev1=1 crypto rx=0 tx=0 comp rx=0 tx=0).stop
2024-03-22T06:06:31.170 INFO:teuthology.orchestra.run.smithi006.stdout:/usr/bin/ceph: stderr
2024-03-22T06:06:30.577+0000 7f2508aa3700 1 -- 172.21.15.6:0/3808184668 >> 172.21.15.6:0/3808184668 conn(0x7f25040fdea0 msgr2=0x7f25040fea30 unknown :-1 s=STATE_NONE l=0).mark_down
2024-03-22T06:06:31.170 INFO:teuthology.orchestra.run.smithi006.stdout:/usr/bin/ceph: stderr
2024-03-22T06:06:30.577+0000 7f2508aa3700 1 -- 172.21.15.6:0/3808184668 shutdown_connections
2024-03-22T06:06:31.170 INFO:teuthology.orchestra.run.smithi006.stdout:/usr/bin/ceph: stderr
2024-03-22T06:06:30.577+0000 7f2508aa3700 1 -- 172.21.15.6:0/3808184668 wait complete.
2024-03-22T06:06:31.175 INFO:teuthology.orchestra.run.smithi006.stdout:Non-zero exit code 1 from systemctl is-enabled firewalld.service
2024-03-22T06:06:31.175 INFO:teuthology.orchestra.run.smithi006.stdout:systemctl: stdout disabled
2024-03-22T06:06:31.184 INFO:teuthology.orchestra.run.smithi006.stdout:Non-zero exit code 3 from systemctl is-active firewalld.service
2024-03-22T06:06:31.184 INFO:teuthology.orchestra.run.smithi006.stdout:systemctl: stdout inactive
2024-03-22T06:06:31.184 INFO:teuthology.orchestra.run.smithi006.stdout:firewalld.service is not enabled
2024-03-22T06:06:31.185 INFO:teuthology.orchestra.run.smithi006.stdout:Not possible to open ports <[8443]>. firewalld.service is not available
2024-03-22T06:06:31.187 INFO:teuthology.orchestra.run.smithi006.stdout:Ceph Dashboard is now available at:
2024-03-22T06:06:31.187 INFO:teuthology.orchestra.run.smithi006.stdout:
2024-03-22T06:06:31.187 INFO:teuthology.orchestra.run.smithi006.stdout: URL: https://smithi006.front.sepia.ceph.com:8443/
2024-03-22T06:06:31.187 INFO:teuthology.orchestra.run.smithi006.stdout: User: admin
2024-03-22T06:06:31.187 INFO:teuthology.orchestra.run.smithi006.stdout: Password: 4cmw2hpxel
2024-03-22T06:06:31.187 INFO:teuthology.orchestra.run.smithi006.stdout:
2024-03-22T06:06:31.188 INFO:teuthology.orchestra.run.smithi006.stdout:Saving cluster configuration to /var/lib/ceph/fa0e13c2-e811-11ee-95cd-87774f69a715/config directory
2024-03-22T06:06:31.188 INFO:teuthology.orchestra.run.smithi006.stdout:Enabling autotune for osd_memory_target
2024-03-22T06:06:31.415 INFO:journalctl@ceph.mon.smithi006.smithi006.stdout:Mar 22 06:06:31 smithi006 ceph-mon[29301]: from='client.? 172.21.15.6:0/3808184668' entity='client.admin' cmd=[{"prefix": "config get", "who": "mgr", "key": "mgr/dashboard/ssl_server_port"}]: dispatch
2024-03-22T06:06:32.399 INFO:journalctl@ceph.mon.smithi006.smithi006.stdout:Mar 22 06:06:32 smithi006 ceph-mon[29301]: mgrmap e13: smithi006.sfpxdy(active, since 6s)
2024-03-22T06:06:32.406 INFO:teuthology.orchestra.run.smithi006.stdout:/usr/bin/ceph: stderr
2024-03-22T06:06:31.618+0000 7fc5b31a7700 1 Processor -- start
2024-03-22T06:06:32.406 INFO:teuthology.orchestra.run.smithi006.stdout:/usr/bin/ceph: stderr
2024-03-22T06:06:31.618+0000 7fc5b31a7700 1 -- start start
2024-03-22T06:06:32.406 INFO:teuthology.orchestra.run.smithi006.stdout:/usr/bin/ceph: stderr
2024-03-22T06:06:31.618+0000 7fc5b31a7700 1 --2- >> [v2:172.21.15.6:3300/0,v1:172.21.15.6:6789/0] conn(0x7fc5ac101620 0x7fc5ac101a30 unknown :-1 s=NONE pgs=0 cs=0 l=0 rev1=0 crypto rx=0 tx=0 comp rx=0 tx=0).connect
2024-03-22T06:06:32.406 INFO:teuthology.orchestra.run.smithi006.stdout:/usr/bin/ceph: stderr
2024-03-22T06:06:31.618+0000 7fc5b31a7700 1 -- --> [v2:172.21.15.6:3300/0,v1:172.21.15.6:6789/0] -- mon_getmap magic: 0 v1 -- 0x7fc5ac101f70 con 0x7fc5ac101620
2024-03-22T06:06:32.407 INFO:teuthology.orchestra.run.smithi006.stdout:/usr/bin/ceph: stderr
2024-03-22T06:06:31.618+0000 7fc5b0f43700 1 --2- >> [v2:172.21.15.6:3300/0,v1:172.21.15.6:6789/0] conn(0x7fc5ac101620 0x7fc5ac101a30 unknown :-1 s=BANNER_CONNECTING pgs=0 cs=0 l=0 rev1=0 crypto rx=0 tx=0 comp rx=0 tx=0)._handle_peer_banner_payload supported=3 required=0
2024-03-22T06:06:32.407 INFO:teuthology.orchestra.run.smithi006.stdout:/usr/bin/ceph: stderr
2024-03-22T06:06:31.618+0000 7fc5b0f43700 1 --2- >> [v2:172.21.15.6:3300/0,v1:172.21.15.6:6789/0] conn(0x7fc5ac101620 0x7fc5ac101a30 unknown :-1 s=HELLO_CONNECTING pgs=0 cs=0 l=0 rev1=1 crypto rx=0 tx=0 comp rx=0 tx=0).handle_hello peer v2:172.21.15.6:3300/0 says I am v2:172.21.15.6:41394/0 (socket says 172.21.15.6:41394)
2024-03-22T06:06:32.407 INFO:teuthology.orchestra.run.smithi006.stdout:/usr/bin/ceph: stderr
2024-03-22T06:06:31.618+0000 7fc5b0f43700 1 -- 172.21.15.6:0/230406426 learned_addr learned my addr 172.21.15.6:0/230406426 (peer_addr_for_me v2:172.21.15.6:0/0)
2024-03-22T06:06:32.407 INFO:teuthology.orchestra.run.smithi006.stdout:/usr/bin/ceph: stderr
2024-03-22T06:06:31.619+0000 7fc5b0f43700 1 -- 172.21.15.6:0/230406426 --> [v2:172.21.15.6:3300/0,v1:172.21.15.6:6789/0] -- mon_subscribe({config=0+,monmap=0+}) v3 -- 0x7fc5ac1020b0 con 0x7fc5ac101620
2024-03-22T06:06:32.407 INFO:teuthology.orchestra.run.smithi006.stdout:/usr/bin/ceph: stderr
2024-03-22T06:06:31.619+0000 7fc5b0f43700 1 --2- 172.21.15.6:0/230406426 >> [v2:172.21.15.6:3300/0,v1:172.21.15.6:6789/0] conn(0x7fc5ac101620 0x7fc5ac101a30 secure :-1 s=READY pgs=86 cs=0 l=1 rev1=1 crypto rx=0x7fc5a00098e0 tx=0x7fc5a0009250 comp rx=0 tx=0).ready entity=mon.0 client_cookie=4eeff4101b421431 server_cookie=0 in_seq=0 out_seq=0
2024-03-22T06:06:32.407 INFO:teuthology.orchestra.run.smithi006.stdout:/usr/bin/ceph: stderr
2024-03-22T06:06:31.619+0000 7fc5ab7fe700 1 -- 172.21.15.6:0/230406426 <== mon.0 v2:172.21.15.6:3300/0 1 ==== mon_map magic: 0 v1 ==== 229+0+0 (secure 0 0 0) 0x7fc5a000b860 con 0x7fc5ac101620
2024-03-22T06:06:32.407 INFO:teuthology.orchestra.run.smithi006.stdout:/usr/bin/ceph: stderr
2024-03-22T06:06:31.619+0000 7fc5ab7fe700 1 -- 172.21.15.6:0/230406426 <== mon.0 v2:172.21.15.6:3300/0 2 ==== config(27 keys) v1 ==== 1109+0+0 (secure 0 0 0) 0x7fc5a000be90 con 0x7fc5ac101620
2024-03-22T06:06:32.407 INFO:teuthology.orchestra.run.smithi006.stdout:/usr/bin/ceph: stderr
2024-03-22T06:06:31.619+0000 7fc5ab7fe700 1 -- 172.21.15.6:0/230406426 <== mon.0 v2:172.21.15.6:3300/0 3 ==== mon_map magic: 0 v1 ==== 229+0+0 (secure 0 0 0) 0x7fc5a00103c0 con 0x7fc5ac101620
2024-03-22T06:06:32.407 INFO:teuthology.orchestra.run.smithi006.stdout:/usr/bin/ceph: stderr
2024-03-22T06:06:31.620+0000 7fc5b31a7700 1 -- 172.21.15.6:0/230406426 >> [v2:172.21.15.6:3300/0,v1:172.21.15.6:6789/0] conn(0x7fc5ac101620 msgr2=0x7fc5ac101a30 secure :-1 s=STATE_CONNECTION_ESTABLISHED l=1).mark_down
2024-03-22T06:06:32.407 INFO:teuthology.orchestra.run.smithi006.stdout:/usr/bin/ceph: stderr
2024-03-22T06:06:31.620+0000 7fc5b31a7700 1 --2- 172.21.15.6:0/230406426 >> [v2:172.21.15.6:3300/0,v1:172.21.15.6:6789/0] conn(0x7fc5ac101620 0x7fc5ac101a30 secure :-1 s=READY pgs=86 cs=0 l=1 rev1=1 crypto rx=0x7fc5a00098e0 tx=0x7fc5a0009250 comp rx=0 tx=0).stop
2024-03-22T06:06:32.407 INFO:teuthology.orchestra.run.smithi006.stdout:/usr/bin/ceph: stderr
2024-03-22T06:06:31.620+0000 7fc5b31a7700 1 -- 172.21.15.6:0/230406426 shutdown_connections
2024-03-22T06:06:32.407 INFO:teuthology.orchestra.run.smithi006.stdout:/usr/bin/ceph: stderr
2024-03-22T06:06:31.620+0000 7fc5b31a7700 1 --2- 172.21.15.6:0/230406426 >> [v2:172.21.15.6:3300/0,v1:172.21.15.6:6789/0] conn(0x7fc5ac101620 0x7fc5ac101a30 unknown :-1 s=CLOSED pgs=86 cs=0 l=1 rev1=1 crypto rx=0 tx=0 comp rx=0 tx=0).stop
2024-03-22T06:06:32.407 INFO:teuthology.orchestra.run.smithi006.stdout:/usr/bin/ceph: stderr
2024-03-22T06:06:31.620+0000 7fc5b31a7700 1 -- 172.21.15.6:0/230406426 >> 172.21.15.6:0/230406426 conn(0x7fc5ac0fcdc0 msgr2=0x7fc5ac0ff1d0 unknown :-1 s=STATE_NONE l=0).mark_down
2024-03-22T06:06:32.407 INFO:teuthology.orchestra.run.smithi006.stdout:/usr/bin/ceph: stderr
2024-03-22T06:06:31.620+0000 7fc5b31a7700 1 -- 172.21.15.6:0/230406426 shutdown_connections
2024-03-22T06:06:32.407 INFO:teuthology.orchestra.run.smithi006.stdout:/usr/bin/ceph: stderr
2024-03-22T06:06:31.620+0000 7fc5b31a7700 1 -- 172.21.15.6:0/230406426 wait complete.
2024-03-22T06:06:32.408 INFO:teuthology.orchestra.run.smithi006.stdout:/usr/bin/ceph: stderr
2024-03-22T06:06:31.620+0000 7fc5b31a7700 1 Processor -- start
2024-03-22T06:06:32.408 INFO:teuthology.orchestra.run.smithi006.stdout:/usr/bin/ceph: stderr
2024-03-22T06:06:31.620+0000 7fc5b31a7700 1 -- start start
2024-03-22T06:06:32.408 INFO:teuthology.orchestra.run.smithi006.stdout:/usr/bin/ceph: stderr
2024-03-22T06:06:31.621+0000 7fc5b31a7700 1 --2- >> [v2:172.21.15.6:3300/0,v1:172.21.15.6:6789/0] conn(0x7fc5ac101620 0x7fc5ac076ab0 unknown :-1 s=NONE pgs=0 cs=0 l=1 rev1=0 crypto rx=0 tx=0 comp rx=0 tx=0).connect
2024-03-22T06:06:32.408 INFO:teuthology.orchestra.run.smithi006.stdout:/usr/bin/ceph: stderr
2024-03-22T06:06:31.621+0000 7fc5b31a7700 1 -- --> [v2:172.21.15.6:3300/0,v1:172.21.15.6:6789/0] -- mon_getmap magic: 0 v1 -- 0x7fc5ac112090 con 0x7fc5ac101620
2024-03-22T06:06:32.408 INFO:teuthology.orchestra.run.smithi006.stdout:/usr/bin/ceph: stderr
2024-03-22T06:06:31.621+0000 7fc5b0f43700 1 --2- >> [v2:172.21.15.6:3300/0,v1:172.21.15.6:6789/0] conn(0x7fc5ac101620 0x7fc5ac076ab0 unknown :-1 s=BANNER_CONNECTING pgs=0 cs=0 l=1 rev1=0 crypto rx=0 tx=0 comp rx=0 tx=0)._handle_peer_banner_payload supported=3 required=0
2024-03-22T06:06:32.408 INFO:teuthology.orchestra.run.smithi006.stdout:/usr/bin/ceph: stderr
2024-03-22T06:06:31.621+0000 7fc5b0f43700 1 --2- >> [v2:172.21.15.6:3300/0,v1:172.21.15.6:6789/0] conn(0x7fc5ac101620 0x7fc5ac076ab0 unknown :-1 s=HELLO_CONNECTING pgs=0 cs=0 l=1 rev1=1 crypto rx=0 tx=0 comp rx=0 tx=0).handle_hello peer v2:172.21.15.6:3300/0 says I am v2:172.21.15.6:41404/0 (socket says 172.21.15.6:41404)
2024-03-22T06:06:32.408 INFO:teuthology.orchestra.run.smithi006.stdout:/usr/bin/ceph: stderr
2024-03-22T06:06:31.621+0000 7fc5b0f43700 1 -- 172.21.15.6:0/424091215 learned_addr learned my addr 172.21.15.6:0/424091215 (peer_addr_for_me v2:172.21.15.6:0/0)
2024-03-22T06:06:32.408 INFO:teuthology.orchestra.run.smithi006.stdout:/usr/bin/ceph: stderr
2024-03-22T06:06:31.621+0000 7fc5b0f43700 1 -- 172.21.15.6:0/424091215 --> [v2:172.21.15.6:3300/0,v1:172.21.15.6:6789/0] -- mon_subscribe({config=0+,monmap=0+}) v3 -- 0x7fc5a00094f0 con 0x7fc5ac101620
2024-03-22T06:06:32.408 INFO:teuthology.orchestra.run.smithi006.stdout:/usr/bin/ceph: stderr
2024-03-22T06:06:31.621+0000 7fc5b0f43700 1 --2- 172.21.15.6:0/424091215 >> [v2:172.21.15.6:3300/0,v1:172.21.15.6:6789/0] conn(0x7fc5ac101620 0x7fc5ac076ab0 secure :-1 s=READY pgs=87 cs=0 l=1 rev1=1 crypto rx=0x7fc5a0011680 tx=0x7fc5a0009250 comp rx=0 tx=0).ready entity=mon.0 client_cookie=0 server_cookie=0 in_seq=0 out_seq=0
2024-03-22T06:06:32.408 INFO:teuthology.orchestra.run.smithi006.stdout:/usr/bin/ceph: stderr
2024-03-22T06:06:31.621+0000 7fc5a97fa700 1 -- 172.21.15.6:0/424091215 <== mon.0 v2:172.21.15.6:3300/0 1 ==== mon_map magic: 0 v1 ==== 229+0+0 (secure 0 0 0) 0x7fc5a0010890 con 0x7fc5ac101620
2024-03-22T06:06:32.408 INFO:teuthology.orchestra.run.smithi006.stdout:/usr/bin/ceph: stderr
2024-03-22T06:06:31.621+0000 7fc5a97fa700 1 -- 172.21.15.6:0/424091215 <== mon.0 v2:172.21.15.6:3300/0 2 ==== config(27 keys) v1 ==== 1109+0+0 (secure 0 0 0) 0x7fc5a0010ec0 con 0x7fc5ac101620
2024-03-22T06:06:32.408 INFO:teuthology.orchestra.run.smithi006.stdout:/usr/bin/ceph: stderr
2024-03-22T06:06:31.621+0000 7fc5a97fa700 1 -- 172.21.15.6:0/424091215 <== mon.0 v2:172.21.15.6:3300/0 3 ==== mon_map magic: 0 v1 ==== 229+0+0 (secure 0 0 0) 0x7fc5a00243f0 con 0x7fc5ac101620
2024-03-22T06:06:32.408 INFO:teuthology.orchestra.run.smithi006.stdout:/usr/bin/ceph: stderr
2024-03-22T06:06:31.621+0000 7fc5b31a7700 1 -- 172.21.15.6:0/424091215 --> [v2:172.21.15.6:3300/0,v1:172.21.15.6:6789/0] -- mon_subscribe({mgrmap=0+}) v3 -- 0x7fc5ac1166a0 con 0x7fc5ac101620
2024-03-22T06:06:32.408 INFO:teuthology.orchestra.run.smithi006.stdout:/usr/bin/ceph: stderr
2024-03-22T06:06:31.621+0000 7fc5b31a7700 1 -- 172.21.15.6:0/424091215 --> [v2:172.21.15.6:3300/0,v1:172.21.15.6:6789/0] -- mon_subscribe({osdmap=0}) v3 -- 0x7fc5ac116a70 con 0x7fc5ac101620
2024-03-22T06:06:32.408 INFO:teuthology.orchestra.run.smithi006.stdout:/usr/bin/ceph: stderr
2024-03-22T06:06:31.622+0000 7fc5a97fa700 1 -- 172.21.15.6:0/424091215 <== mon.0 v2:172.21.15.6:3300/0 4 ==== mgrmap(e 13) v1 ==== 43423+0+0 (secure 0 0 0) 0x7fc5a00109f0 con 0x7fc5ac101620
2024-03-22T06:06:32.408 INFO:teuthology.orchestra.run.smithi006.stdout:/usr/bin/ceph: stderr
2024-03-22T06:06:31.622+0000 7fc5b31a7700 1 -- 172.21.15.6:0/424091215 --> [v2:172.21.15.6:3300/0,v1:172.21.15.6:6789/0] -- mon_command({"prefix": "get_command_descriptions"} v 0) v1 -- 0x7fc5ac04bed0 con 0x7fc5ac101620
2024-03-22T06:06:32.409 INFO:teuthology.orchestra.run.smithi006.stdout:/usr/bin/ceph: stderr
