2024-03-22T06:06:15.432+0000 7eff4b7fe700 1 --2- 172.21.15.6:0/1863364843 >> [v2:172.21.15.6:3300/0,v1:172.21.15.6:6789/0] conn(0x7eff4c102c70 0x7eff4c103080 secure :-1 s=READY pgs=61 cs=0 l=1 rev1=1 crypto rx=0x7eff340098e0 tx=0x7eff34009250 comp rx=0 tx=0).ready entity=mon.0 client_cookie=3b8f16716fd951b3 server_cookie=0 in_seq=0 out_seq=0
2024-03-22T06:06:16.220 INFO:teuthology.orchestra.run.smithi006.stdout:/usr/bin/ceph: stderr
2024-03-22T06:06:15.433+0000 7eff4a7fc700 1 -- 172.21.15.6:0/1863364843 <== mon.0 v2:172.21.15.6:3300/0 1 ==== mon_map magic: 0 v1 ==== 229+0+0 (secure 0 0 0) 0x7eff3400b860 con 0x7eff4c102c70
2024-03-22T06:06:16.220 INFO:teuthology.orchestra.run.smithi006.stdout:/usr/bin/ceph: stderr
2024-03-22T06:06:15.433+0000 7eff4a7fc700 1 -- 172.21.15.6:0/1863364843 <== mon.0 v2:172.21.15.6:3300/0 2 ==== config(27 keys) v1 ==== 1109+0+0 (secure 0 0 0) 0x7eff3400be90 con 0x7eff4c102c70
2024-03-22T06:06:16.220 INFO:teuthology.orchestra.run.smithi006.stdout:/usr/bin/ceph: stderr
2024-03-22T06:06:15.433+0000 7eff4a7fc700 1 -- 172.21.15.6:0/1863364843 <== mon.0 v2:172.21.15.6:3300/0 3 ==== mon_map magic: 0 v1 ==== 229+0+0 (secure 0 0 0) 0x7eff340103c0 con 0x7eff4c102c70
2024-03-22T06:06:16.221 INFO:teuthology.orchestra.run.smithi006.stdout:/usr/bin/ceph: stderr
2024-03-22T06:06:15.433+0000 7eff51ef1700 1 -- 172.21.15.6:0/1863364843 >> [v2:172.21.15.6:3300/0,v1:172.21.15.6:6789/0] conn(0x7eff4c102c70 msgr2=0x7eff4c103080 secure :-1 s=STATE_CONNECTION_ESTABLISHED l=1).mark_down
2024-03-22T06:06:16.221 INFO:teuthology.orchestra.run.smithi006.stdout:/usr/bin/ceph: stderr
2024-03-22T06:06:15.433+0000 7eff51ef1700 1 --2- 172.21.15.6:0/1863364843 >> [v2:172.21.15.6:3300/0,v1:172.21.15.6:6789/0] conn(0x7eff4c102c70 0x7eff4c103080 secure :-1 s=READY pgs=61 cs=0 l=1 rev1=1 crypto rx=0x7eff340098e0 tx=0x7eff34009250 comp rx=0 tx=0).stop
2024-03-22T06:06:16.221 INFO:teuthology.orchestra.run.smithi006.stdout:/usr/bin/ceph: stderr
2024-03-22T06:06:15.433+0000 7eff51ef1700 1 -- 172.21.15.6:0/1863364843 shutdown_connections
2024-03-22T06:06:16.221 INFO:teuthology.orchestra.run.smithi006.stdout:/usr/bin/ceph: stderr
2024-03-22T06:06:15.433+0000 7eff51ef1700 1 --2- 172.21.15.6:0/1863364843 >> [v2:172.21.15.6:3300/0,v1:172.21.15.6:6789/0] conn(0x7eff4c102c70 0x7eff4c103080 unknown :-1 s=CLOSED pgs=61 cs=0 l=1 rev1=1 crypto rx=0 tx=0 comp rx=0 tx=0).stop
2024-03-22T06:06:16.221 INFO:teuthology.orchestra.run.smithi006.stdout:/usr/bin/ceph: stderr
2024-03-22T06:06:15.433+0000 7eff51ef1700 1 -- 172.21.15.6:0/1863364843 >> 172.21.15.6:0/1863364843 conn(0x7eff4c0fc4a0 msgr2=0x7eff4c0fe8b0 unknown :-1 s=STATE_NONE l=0).mark_down
2024-03-22T06:06:16.221 INFO:teuthology.orchestra.run.smithi006.stdout:/usr/bin/ceph: stderr
2024-03-22T06:06:15.433+0000 7eff51ef1700 1 -- 172.21.15.6:0/1863364843 shutdown_connections
2024-03-22T06:06:16.221 INFO:teuthology.orchestra.run.smithi006.stdout:/usr/bin/ceph: stderr
2024-03-22T06:06:15.433+0000 7eff51ef1700 1 -- 172.21.15.6:0/1863364843 wait complete.
2024-03-22T06:06:16.221 INFO:teuthology.orchestra.run.smithi006.stdout:/usr/bin/ceph: stderr
2024-03-22T06:06:15.434+0000 7eff51ef1700 1 Processor -- start
2024-03-22T06:06:16.221 INFO:teuthology.orchestra.run.smithi006.stdout:/usr/bin/ceph: stderr
2024-03-22T06:06:15.434+0000 7eff51ef1700 1 -- start start
2024-03-22T06:06:16.221 INFO:teuthology.orchestra.run.smithi006.stdout:/usr/bin/ceph: stderr
2024-03-22T06:06:15.434+0000 7eff51ef1700 1 --2- >> [v2:172.21.15.6:3300/0,v1:172.21.15.6:6789/0] conn(0x7eff4c102c70 0x7eff4c113790 unknown :-1 s=NONE pgs=0 cs=0 l=1 rev1=0 crypto rx=0 tx=0 comp rx=0 tx=0).connect
2024-03-22T06:06:16.221 INFO:teuthology.orchestra.run.smithi006.stdout:/usr/bin/ceph: stderr
2024-03-22T06:06:15.434+0000 7eff51ef1700 1 -- --> [v2:172.21.15.6:3300/0,v1:172.21.15.6:6789/0] -- mon_getmap magic: 0 v1 -- 0x7eff4c113cd0 con 0x7eff4c102c70
2024-03-22T06:06:16.221 INFO:teuthology.orchestra.run.smithi006.stdout:/usr/bin/ceph: stderr
2024-03-22T06:06:15.434+0000 7eff4b7fe700 1 --2- >> [v2:172.21.15.6:3300/0,v1:172.21.15.6:6789/0] conn(0x7eff4c102c70 0x7eff4c113790 unknown :-1 s=BANNER_CONNECTING pgs=0 cs=0 l=1 rev1=0 crypto rx=0 tx=0 comp rx=0 tx=0)._handle_peer_banner_payload supported=3 required=0
2024-03-22T06:06:16.221 INFO:teuthology.orchestra.run.smithi006.stdout:/usr/bin/ceph: stderr
2024-03-22T06:06:15.434+0000 7eff4b7fe700 1 --2- >> [v2:172.21.15.6:3300/0,v1:172.21.15.6:6789/0] conn(0x7eff4c102c70 0x7eff4c113790 unknown :-1 s=HELLO_CONNECTING pgs=0 cs=0 l=1 rev1=1 crypto rx=0 tx=0 comp rx=0 tx=0).handle_hello peer v2:172.21.15.6:3300/0 says I am v2:172.21.15.6:37308/0 (socket says 172.21.15.6:37308)
2024-03-22T06:06:16.221 INFO:teuthology.orchestra.run.smithi006.stdout:/usr/bin/ceph: stderr
2024-03-22T06:06:15.434+0000 7eff4b7fe700 1 -- 172.21.15.6:0/2781198653 learned_addr learned my addr 172.21.15.6:0/2781198653 (peer_addr_for_me v2:172.21.15.6:0/0)
2024-03-22T06:06:16.222 INFO:teuthology.orchestra.run.smithi006.stdout:/usr/bin/ceph: stderr
2024-03-22T06:06:15.434+0000 7eff4b7fe700 1 -- 172.21.15.6:0/2781198653 --> [v2:172.21.15.6:3300/0,v1:172.21.15.6:6789/0] -- mon_subscribe({config=0+,monmap=0+}) v3 -- 0x7eff340094f0 con 0x7eff4c102c70
2024-03-22T06:06:16.222 INFO:teuthology.orchestra.run.smithi006.stdout:/usr/bin/ceph: stderr
2024-03-22T06:06:15.435+0000 7eff4b7fe700 1 --2- 172.21.15.6:0/2781198653 >> [v2:172.21.15.6:3300/0,v1:172.21.15.6:6789/0] conn(0x7eff4c102c70 0x7eff4c113790 secure :-1 s=READY pgs=62 cs=0 l=1 rev1=1 crypto rx=0x7eff340090b0 tx=0x7eff34009250 comp rx=0 tx=0).ready entity=mon.0 client_cookie=0 server_cookie=0 in_seq=0 out_seq=0
2024-03-22T06:06:16.222 INFO:teuthology.orchestra.run.smithi006.stdout:/usr/bin/ceph: stderr
2024-03-22T06:06:15.435+0000 7eff43fff700 1 -- 172.21.15.6:0/2781198653 <== mon.0 v2:172.21.15.6:3300/0 1 ==== mon_map magic: 0 v1 ==== 229+0+0 (secure 0 0 0) 0x7eff34010840 con 0x7eff4c102c70
2024-03-22T06:06:16.222 INFO:teuthology.orchestra.run.smithi006.stdout:/usr/bin/ceph: stderr
2024-03-22T06:06:15.435+0000 7eff51ef1700 1 -- 172.21.15.6:0/2781198653 --> [v2:172.21.15.6:3300/0,v1:172.21.15.6:6789/0] -- mon_subscribe({mgrmap=0+}) v3 -- 0x7eff4c113ed0 con 0x7eff4c102c70
2024-03-22T06:06:16.222 INFO:teuthology.orchestra.run.smithi006.stdout:/usr/bin/ceph: stderr
2024-03-22T06:06:15.435+0000 7eff43fff700 1 -- 172.21.15.6:0/2781198653 <== mon.0 v2:172.21.15.6:3300/0 2 ==== config(27 keys) v1 ==== 1109+0+0 (secure 0 0 0) 0x7eff34010e70 con 0x7eff4c102c70
2024-03-22T06:06:16.222 INFO:teuthology.orchestra.run.smithi006.stdout:/usr/bin/ceph: stderr
2024-03-22T06:06:15.435+0000 7eff43fff700 1 -- 172.21.15.6:0/2781198653 <== mon.0 v2:172.21.15.6:3300/0 3 ==== mon_map magic: 0 v1 ==== 229+0+0 (secure 0 0 0) 0x7eff34024e40 con 0x7eff4c102c70
2024-03-22T06:06:16.222 INFO:teuthology.orchestra.run.smithi006.stdout:/usr/bin/ceph: stderr
2024-03-22T06:06:15.435+0000 7eff51ef1700 1 -- 172.21.15.6:0/2781198653 --> [v2:172.21.15.6:3300/0,v1:172.21.15.6:6789/0] -- mon_subscribe({osdmap=0}) v3 -- 0x7eff4c114a40 con 0x7eff4c102c70
2024-03-22T06:06:16.222 INFO:teuthology.orchestra.run.smithi006.stdout:/usr/bin/ceph: stderr
2024-03-22T06:06:15.436+0000 7eff43fff700 1 -- 172.21.15.6:0/2781198653 <== mon.0 v2:172.21.15.6:3300/0 4 ==== mgrmap(e 8) v1 ==== 43368+0+0 (secure 0 0 0) 0x7eff3401a510 con 0x7eff4c102c70
2024-03-22T06:06:16.222 INFO:teuthology.orchestra.run.smithi006.stdout:/usr/bin/ceph: stderr
2024-03-22T06:06:15.436+0000 7eff51ef1700 1 -- 172.21.15.6:0/2781198653 --> [v2:172.21.15.6:3300/0,v1:172.21.15.6:6789/0] -- mon_command({"prefix": "get_command_descriptions"} v 0) v1 -- 0x7eff4c05f5f0 con 0x7eff4c102c70
2024-03-22T06:06:16.222 INFO:teuthology.orchestra.run.smithi006.stdout:/usr/bin/ceph: stderr
2024-03-22T06:06:15.436+0000 7eff43fff700 1 --2- 172.21.15.6:0/2781198653 >> [v2:172.21.15.6:6800/3903206979,v1:172.21.15.6:6801/3903206979] conn(0x7eff38036740 0x7eff38038bf0 unknown :-1 s=NONE pgs=0 cs=0 l=1 rev1=0 crypto rx=0 tx=0 comp rx=0 tx=0).connect
2024-03-22T06:06:16.222 INFO:teuthology.orchestra.run.smithi006.stdout:/usr/bin/ceph: stderr
2024-03-22T06:06:15.436+0000 7eff43fff700 1 -- 172.21.15.6:0/2781198653 <== mon.0 v2:172.21.15.6:3300/0 5 ==== osd_map(2..2 src has 1..2) v4 ==== 936+0+0 (secure 0 0 0) 0x7eff3404aa20 con 0x7eff4c102c70
2024-03-22T06:06:16.222 INFO:teuthology.orchestra.run.smithi006.stdout:/usr/bin/ceph: stderr
2024-03-22T06:06:15.436+0000 7eff4affd700 1 --2- 172.21.15.6:0/2781198653 >> [v2:172.21.15.6:6800/3903206979,v1:172.21.15.6:6801/3903206979] conn(0x7eff38036740 0x7eff38038bf0 unknown :-1 s=BANNER_CONNECTING pgs=0 cs=0 l=1 rev1=0 crypto rx=0 tx=0 comp rx=0 tx=0)._handle_peer_banner_payload supported=3 required=0
2024-03-22T06:06:16.222 INFO:teuthology.orchestra.run.smithi006.stdout:/usr/bin/ceph: stderr
2024-03-22T06:06:15.436+0000 7eff4affd700 1 --2- 172.21.15.6:0/2781198653 >> [v2:172.21.15.6:6800/3903206979,v1:172.21.15.6:6801/3903206979] conn(0x7eff38036740 0x7eff38038bf0 secure :-1 s=READY pgs=19 cs=0 l=1 rev1=1 crypto rx=0x7eff3c009990 tx=0x7eff3c006e40 comp rx=0 tx=0).ready entity=mgr.14120 client_cookie=0 server_cookie=0 in_seq=0 out_seq=0
2024-03-22T06:06:16.223 INFO:teuthology.orchestra.run.smithi006.stdout:/usr/bin/ceph: stderr
2024-03-22T06:06:15.440+0000 7eff43fff700 1 -- 172.21.15.6:0/2781198653 <== mon.0 v2:172.21.15.6:3300/0 6 ==== mon_command_ack([{"prefix": "get_command_descriptions"}]=0 v0) v1 ==== 72+0+176504 (secure 0 0 0) 0x7eff3402e440 con 0x7eff4c102c70
2024-03-22T06:06:16.223 INFO:teuthology.orchestra.run.smithi006.stdout:/usr/bin/ceph: stderr
2024-03-22T06:06:15.633+0000 7eff51ef1700 1 -- 172.21.15.6:0/2781198653 --> [v2:172.21.15.6:3300/0,v1:172.21.15.6:6789/0] -- mon_command([{prefix=config set, name=mgr/cephadm/container_init}] v 0) v1 -- 0x7eff4c04bed0 con 0x7eff4c102c70
2024-03-22T06:06:16.223 INFO:teuthology.orchestra.run.smithi006.stdout:/usr/bin/ceph: stderr
2024-03-22T06:06:15.636+0000 7eff43fff700 1 -- 172.21.15.6:0/2781198653 <== mon.0 v2:172.21.15.6:3300/0 7 ==== mon_command_ack([{prefix=config set, name=mgr/cephadm/container_init}]=0 v7)=0 v7) v1 ==== 142+0+0 (secure 0 0 0) 0x7eff3402d3a0 con 0x7eff4c102c70
2024-03-22T06:06:16.223 INFO:teuthology.orchestra.run.smithi006.stdout:/usr/bin/ceph: stderr
2024-03-22T06:06:15.638+0000 7eff51ef1700 1 -- 172.21.15.6:0/2781198653 >> [v2:172.21.15.6:6800/3903206979,v1:172.21.15.6:6801/3903206979] conn(0x7eff38036740 msgr2=0x7eff38038bf0 secure :-1 s=STATE_CONNECTION_ESTABLISHED l=1).mark_down
2024-03-22T06:06:16.223 INFO:teuthology.orchestra.run.smithi006.stdout:/usr/bin/ceph: stderr
2024-03-22T06:06:15.638+0000 7eff51ef1700 1 --2- 172.21.15.6:0/2781198653 >> [v2:172.21.15.6:6800/3903206979,v1:172.21.15.6:6801/3903206979] conn(0x7eff38036740 0x7eff38038bf0 secure :-1 s=READY pgs=19 cs=0 l=1 rev1=1 crypto rx=0x7eff3c009990 tx=0x7eff3c006e40 comp rx=0 tx=0).stop
2024-03-22T06:06:16.223 INFO:teuthology.orchestra.run.smithi006.stdout:/usr/bin/ceph: stderr
2024-03-22T06:06:15.638+0000 7eff51ef1700 1 -- 172.21.15.6:0/2781198653 >> [v2:172.21.15.6:3300/0,v1:172.21.15.6:6789/0] conn(0x7eff4c102c70 msgr2=0x7eff4c113790 secure :-1 s=STATE_CONNECTION_ESTABLISHED l=1).mark_down
2024-03-22T06:06:16.223 INFO:teuthology.orchestra.run.smithi006.stdout:/usr/bin/ceph: stderr
2024-03-22T06:06:15.638+0000 7eff51ef1700 1 --2- 172.21.15.6:0/2781198653 >> [v2:172.21.15.6:3300/0,v1:172.21.15.6:6789/0] conn(0x7eff4c102c70 0x7eff4c113790 secure :-1 s=READY pgs=62 cs=0 l=1 rev1=1 crypto rx=0x7eff340090b0 tx=0x7eff34009250 comp rx=0 tx=0).stop
2024-03-22T06:06:16.223 INFO:teuthology.orchestra.run.smithi006.stdout:/usr/bin/ceph: stderr
2024-03-22T06:06:15.638+0000 7eff51ef1700 1 -- 172.21.15.6:0/2781198653 shutdown_connections
2024-03-22T06:06:16.223 INFO:teuthology.orchestra.run.smithi006.stdout:/usr/bin/ceph: stderr
2024-03-22T06:06:15.638+0000 7eff51ef1700 1 --2- 172.21.15.6:0/2781198653 >> [v2:172.21.15.6:6800/3903206979,v1:172.21.15.6:6801/3903206979] conn(0x7eff38036740 0x7eff38038bf0 unknown :-1 s=CLOSED pgs=19 cs=0 l=1 rev1=1 crypto rx=0 tx=0 comp rx=0 tx=0).stop
2024-03-22T06:06:16.223 INFO:teuthology.orchestra.run.smithi006.stdout:/usr/bin/ceph: stderr
2024-03-22T06:06:15.638+0000 7eff51ef1700 1 --2- 172.21.15.6:0/2781198653 >> [v2:172.21.15.6:3300/0,v1:172.21.15.6:6789/0] conn(0x7eff4c102c70 0x7eff4c113790 unknown :-1 s=CLOSED pgs=62 cs=0 l=1 rev1=1 crypto rx=0 tx=0 comp rx=0 tx=0).stop
2024-03-22T06:06:16.223 INFO:teuthology.orchestra.run.smithi006.stdout:/usr/bin/ceph: stderr
2024-03-22T06:06:15.638+0000 7eff51ef1700 1 -- 172.21.15.6:0/2781198653 >> 172.21.15.6:0/2781198653 conn(0x7eff4c0fc4a0 msgr2=0x7eff4c0fd010 unknown :-1 s=STATE_NONE l=0).mark_down
2024-03-22T06:06:16.223 INFO:teuthology.orchestra.run.smithi006.stdout:/usr/bin/ceph: stderr
2024-03-22T06:06:15.638+0000 7eff51ef1700 1 -- 172.21.15.6:0/2781198653 shutdown_connections
2024-03-22T06:06:16.223 INFO:teuthology.orchestra.run.smithi006.stdout:/usr/bin/ceph: stderr
2024-03-22T06:06:15.638+0000 7eff51ef1700 1 -- 172.21.15.6:0/2781198653 wait complete.
2024-03-22T06:06:16.336 INFO:journalctl@ceph.mon.smithi006.smithi006.stdout:Mar 22 06:06:16 smithi006 ceph-mon[29301]: from='client.14154 -' entity='client.admin' cmd=[{"prefix": "orch apply", "service_type": "alertmanager", "target": ["mon-mgr", ""]}]: dispatch
2024-03-22T06:06:16.336 INFO:journalctl@ceph.mon.smithi006.smithi006.stdout:Mar 22 06:06:16 smithi006 ceph-mon[29301]: Saving service alertmanager spec with placement count:1
2024-03-22T06:06:16.336 INFO:journalctl@ceph.mon.smithi006.smithi006.stdout:Mar 22 06:06:16 smithi006 ceph-mon[29301]: from='client.? 172.21.15.6:0/2781198653' entity='client.admin'
2024-03-22T06:06:17.411 INFO:journalctl@ceph.mon.smithi006.smithi006.stdout:Mar 22 06:06:17 smithi006 ceph-mon[29301]: pgmap v4: 0 pgs: ; 0 B data, 0 B used, 0 B / 0 B avail
2024-03-22T06:06:17.411 INFO:journalctl@ceph.mon.smithi006.smithi006.stdout:Mar 22 06:06:17 smithi006 ceph-mon[29301]: from='client.? 172.21.15.6:0/1073815730' entity='client.admin'
2024-03-22T06:06:17.419 INFO:teuthology.orchestra.run.smithi006.stdout:/usr/bin/ceph: stderr
2024-03-22T06:06:16.615+0000 7fd2dbafc700 1 Processor -- start
2024-03-22T06:06:17.419 INFO:teuthology.orchestra.run.smithi006.stdout:/usr/bin/ceph: stderr
2024-03-22T06:06:16.616+0000 7fd2dbafc700 1 -- start start
2024-03-22T06:06:17.419 INFO:teuthology.orchestra.run.smithi006.stdout:/usr/bin/ceph: stderr
2024-03-22T06:06:16.616+0000 7fd2dbafc700 1 --2- >> [v2:172.21.15.6:3300/0,v1:172.21.15.6:6789/0] conn(0x7fd2d4102740 0x7fd2d4102b50 unknown :-1 s=NONE pgs=0 cs=0 l=0 rev1=0 crypto rx=0 tx=0 comp rx=0 tx=0).connect
2024-03-22T06:06:17.419 INFO:teuthology.orchestra.run.smithi006.stdout:/usr/bin/ceph: stderr
2024-03-22T06:06:16.616+0000 7fd2dbafc700 1 -- --> [v2:172.21.15.6:3300/0,v1:172.21.15.6:6789/0] -- mon_getmap magic: 0 v1 -- 0x7fd2d4103090 con 0x7fd2d4102740
2024-03-22T06:06:17.419 INFO:teuthology.orchestra.run.smithi006.stdout:/usr/bin/ceph: stderr
2024-03-22T06:06:16.616+0000 7fd2d9898700 1 --2- >> [v2:172.21.15.6:3300/0,v1:172.21.15.6:6789/0] conn(0x7fd2d4102740 0x7fd2d4102b50 unknown :-1 s=BANNER_CONNECTING pgs=0 cs=0 l=0 rev1=0 crypto rx=0 tx=0 comp rx=0 tx=0)._handle_peer_banner_payload supported=3 required=0
2024-03-22T06:06:17.419 INFO:teuthology.orchestra.run.smithi006.stdout:/usr/bin/ceph: stderr
2024-03-22T06:06:16.616+0000 7fd2d9898700 1 --2- >> [v2:172.21.15.6:3300/0,v1:172.21.15.6:6789/0] conn(0x7fd2d4102740 0x7fd2d4102b50 unknown :-1 s=HELLO_CONNECTING pgs=0 cs=0 l=0 rev1=1 crypto rx=0 tx=0 comp rx=0 tx=0).handle_hello peer v2:172.21.15.6:3300/0 says I am v2:172.21.15.6:37322/0 (socket says 172.21.15.6:37322)
2024-03-22T06:06:17.419 INFO:teuthology.orchestra.run.smithi006.stdout:/usr/bin/ceph: stderr
2024-03-22T06:06:16.616+0000 7fd2d9898700 1 -- 172.21.15.6:0/426789028 learned_addr learned my addr 172.21.15.6:0/426789028 (peer_addr_for_me v2:172.21.15.6:0/0)
2024-03-22T06:06:17.419 INFO:teuthology.orchestra.run.smithi006.stdout:/usr/bin/ceph: stderr
2024-03-22T06:06:16.616+0000 7fd2d9898700 1 -- 172.21.15.6:0/426789028 --> [v2:172.21.15.6:3300/0,v1:172.21.15.6:6789/0] -- mon_subscribe({config=0+,monmap=0+}) v3 -- 0x7fd2d41031d0 con 0x7fd2d4102740
2024-03-22T06:06:17.419 INFO:teuthology.orchestra.run.smithi006.stdout:/usr/bin/ceph: stderr
2024-03-22T06:06:16.617+0000 7fd2d9898700 1 --2- 172.21.15.6:0/426789028 >> [v2:172.21.15.6:3300/0,v1:172.21.15.6:6789/0] conn(0x7fd2d4102740 0x7fd2d4102b50 secure :-1 s=READY pgs=63 cs=0 l=1 rev1=1 crypto rx=0x7fd2d00098e0 tx=0x7fd2d0009250 comp rx=0 tx=0).ready entity=mon.0 client_cookie=7be0f4f0ec5fe7fa server_cookie=0 in_seq=0 out_seq=0
2024-03-22T06:06:17.420 INFO:teuthology.orchestra.run.smithi006.stdout:/usr/bin/ceph: stderr
2024-03-22T06:06:16.617+0000 7fd2d8896700 1 -- 172.21.15.6:0/426789028 <== mon.0 v2:172.21.15.6:3300/0 1 ==== mon_map magic: 0 v1 ==== 229+0+0 (secure 0 0 0) 0x7fd2d000b860 con 0x7fd2d4102740
2024-03-22T06:06:17.420 INFO:teuthology.orchestra.run.smithi006.stdout:/usr/bin/ceph: stderr
2024-03-22T06:06:16.617+0000 7fd2d8896700 1 -- 172.21.15.6:0/426789028 <== mon.0 v2:172.21.15.6:3300/0 2 ==== config(27 keys) v1 ==== 1109+0+0 (secure 0 0 0) 0x7fd2d000be90 con 0x7fd2d4102740
2024-03-22T06:06:17.420 INFO:teuthology.orchestra.run.smithi006.stdout:/usr/bin/ceph: stderr
2024-03-22T06:06:16.617+0000 7fd2d8896700 1 -- 172.21.15.6:0/426789028 <== mon.0 v2:172.21.15.6:3300/0 3 ==== mon_map magic: 0 v1 ==== 229+0+0 (secure 0 0 0) 0x7fd2d00103c0 con 0x7fd2d4102740
2024-03-22T06:06:17.420 INFO:teuthology.orchestra.run.smithi006.stdout:/usr/bin/ceph: stderr
2024-03-22T06:06:16.617+0000 7fd2dbafc700 1 -- 172.21.15.6:0/426789028 >> [v2:172.21.15.6:3300/0,v1:172.21.15.6:6789/0] conn(0x7fd2d4102740 msgr2=0x7fd2d4102b50 secure :-1 s=STATE_CONNECTION_ESTABLISHED l=1).mark_down
2024-03-22T06:06:17.420 INFO:teuthology.orchestra.run.smithi006.stdout:/usr/bin/ceph: stderr
2024-03-22T06:06:16.617+0000 7fd2dbafc700 1 --2- 172.21.15.6:0/426789028 >> [v2:172.21.15.6:3300/0,v1:172.21.15.6:6789/0] conn(0x7fd2d4102740 0x7fd2d4102b50 secure :-1 s=READY pgs=63 cs=0 l=1 rev1=1 crypto rx=0x7fd2d00098e0 tx=0x7fd2d0009250 comp rx=0 tx=0).stop
2024-03-22T06:06:17.420 INFO:teuthology.orchestra.run.smithi006.stdout:/usr/bin/ceph: stderr
2024-03-22T06:06:16.617+0000 7fd2dbafc700 1 -- 172.21.15.6:0/426789028 shutdown_connections
2024-03-22T06:06:17.420 INFO:teuthology.orchestra.run.smithi006.stdout:/usr/bin/ceph: stderr
2024-03-22T06:06:16.617+0000 7fd2dbafc700 1 --2- 172.21.15.6:0/426789028 >> [v2:172.21.15.6:3300/0,v1:172.21.15.6:6789/0] conn(0x7fd2d4102740 0x7fd2d4102b50 unknown :-1 s=CLOSED pgs=63 cs=0 l=1 rev1=1 crypto rx=0 tx=0 comp rx=0 tx=0).stop
2024-03-22T06:06:17.420 INFO:teuthology.orchestra.run.smithi006.stdout:/usr/bin/ceph: stderr
2024-03-22T06:06:16.617+0000 7fd2dbafc700 1 -- 172.21.15.6:0/426789028 >> 172.21.15.6:0/426789028 conn(0x7fd2d40fdea0 msgr2=0x7fd2d41002d0 unknown :-1 s=STATE_NONE l=0).mark_down
2024-03-22T06:06:17.420 INFO:teuthology.orchestra.run.smithi006.stdout:/usr/bin/ceph: stderr
2024-03-22T06:06:16.617+0000 7fd2dbafc700 1 -- 172.21.15.6:0/426789028 shutdown_connections
2024-03-22T06:06:17.420 INFO:teuthology.orchestra.run.smithi006.stdout:/usr/bin/ceph: stderr
2024-03-22T06:06:16.618+0000 7fd2dbafc700 1 -- 172.21.15.6:0/426789028 wait complete.
2024-03-22T06:06:17.420 INFO:teuthology.orchestra.run.smithi006.stdout:/usr/bin/ceph: stderr
2024-03-22T06:06:16.618+0000 7fd2dbafc700 1 Processor -- start
2024-03-22T06:06:17.420 INFO:teuthology.orchestra.run.smithi006.stdout:/usr/bin/ceph: stderr
2024-03-22T06:06:16.618+0000 7fd2dbafc700 1 -- start start
2024-03-22T06:06:17.420 INFO:teuthology.orchestra.run.smithi006.stdout:/usr/bin/ceph: stderr
2024-03-22T06:06:16.618+0000 7fd2dbafc700 1 --2- >> [v2:172.21.15.6:3300/0,v1:172.21.15.6:6789/0] conn(0x7fd2d4102740 0x7fd2d4078bd0 unknown :-1 s=NONE pgs=0 cs=0 l=1 rev1=0 crypto rx=0 tx=0 comp rx=0 tx=0).connect
2024-03-22T06:06:17.420 INFO:teuthology.orchestra.run.smithi006.stdout:/usr/bin/ceph: stderr
2024-03-22T06:06:16.618+0000 7fd2dbafc700 1 -- --> [v2:172.21.15.6:3300/0,v1:172.21.15.6:6789/0] -- mon_getmap magic: 0 v1 -- 0x7fd2d4079110 con 0x7fd2d4102740
2024-03-22T06:06:17.421 INFO:teuthology.orchestra.run.smithi006.stdout:/usr/bin/ceph: stderr
2024-03-22T06:06:16.618+0000 7fd2d9898700 1 --2- >> [v2:172.21.15.6:3300/0,v1:172.21.15.6:6789/0] conn(0x7fd2d4102740 0x7fd2d4078bd0 unknown :-1 s=BANNER_CONNECTING pgs=0 cs=0 l=1 rev1=0 crypto rx=0 tx=0 comp rx=0 tx=0)._handle_peer_banner_payload supported=3 required=0
2024-03-22T06:06:17.421 INFO:teuthology.orchestra.run.smithi006.stdout:/usr/bin/ceph: stderr
2024-03-22T06:06:16.618+0000 7fd2d9898700 1 --2- >> [v2:172.21.15.6:3300/0,v1:172.21.15.6:6789/0] conn(0x7fd2d4102740 0x7fd2d4078bd0 unknown :-1 s=HELLO_CONNECTING pgs=0 cs=0 l=1 rev1=1 crypto rx=0 tx=0 comp rx=0 tx=0).handle_hello peer v2:172.21.15.6:3300/0 says I am v2:172.21.15.6:37324/0 (socket says 172.21.15.6:37324)
2024-03-22T06:06:17.421 INFO:teuthology.orchestra.run.smithi006.stdout:/usr/bin/ceph: stderr
2024-03-22T06:06:16.618+0000 7fd2d9898700 1 -- 172.21.15.6:0/1073815730 learned_addr learned my addr 172.21.15.6:0/1073815730 (peer_addr_for_me v2:172.21.15.6:0/0)
2024-03-22T06:06:17.421 INFO:teuthology.orchestra.run.smithi006.stdout:/usr/bin/ceph: stderr
2024-03-22T06:06:16.619+0000 7fd2d9898700 1 -- 172.21.15.6:0/1073815730 --> [v2:172.21.15.6:3300/0,v1:172.21.15.6:6789/0] -- mon_subscribe({config=0+,monmap=0+}) v3 -- 0x7fd2d00094f0 con 0x7fd2d4102740
2024-03-22T06:06:17.421 INFO:teuthology.orchestra.run.smithi006.stdout:/usr/bin/ceph: stderr
2024-03-22T06:06:16.619+0000 7fd2d9898700 1 --2- 172.21.15.6:0/1073815730 >> [v2:172.21.15.6:3300/0,v1:172.21.15.6:6789/0] conn(0x7fd2d4102740 0x7fd2d4078bd0 secure :-1 s=READY pgs=64 cs=0 l=1 rev1=1 crypto rx=0x7fd2d0006b00 tx=0x7fd2d0009250 comp rx=0 tx=0).ready entity=mon.0 client_cookie=0 server_cookie=0 in_seq=0 out_seq=0
2024-03-22T06:06:17.421 INFO:teuthology.orchestra.run.smithi006.stdout:/usr/bin/ceph: stderr
2024-03-22T06:06:16.619+0000 7fd2ca7fc700 1 -- 172.21.15.6:0/1073815730 <== mon.0 v2:172.21.15.6:3300/0 1 ==== mon_map magic: 0 v1 ==== 229+0+0 (secure 0 0 0) 0x7fd2d0010840 con 0x7fd2d4102740
2024-03-22T06:06:17.421 INFO:teuthology.orchestra.run.smithi006.stdout:/usr/bin/ceph: stderr
2024-03-22T06:06:16.619+0000 7fd2ca7fc700 1 -- 172.21.15.6:0/1073815730 <== mon.0 v2:172.21.15.6:3300/0 2 ==== config(27 keys) v1 ==== 1109+0+0 (secure 0 0 0) 0x7fd2d0010e70 con 0x7fd2d4102740
2024-03-22T06:06:17.421 INFO:teuthology.orchestra.run.smithi006.stdout:/usr/bin/ceph: stderr
2024-03-22T06:06:16.619+0000 7fd2dbafc700 1 -- 172.21.15.6:0/1073815730 --> [v2:172.21.15.6:3300/0,v1:172.21.15.6:6789/0] -- mon_subscribe({mgrmap=0+}) v3 -- 0x7fd2d4077180 con 0x7fd2d4102740
2024-03-22T06:06:17.421 INFO:teuthology.orchestra.run.smithi006.stdout:/usr/bin/ceph: stderr
2024-03-22T06:06:16.619+0000 7fd2ca7fc700 1 -- 172.21.15.6:0/1073815730 <== mon.0 v2:172.21.15.6:3300/0 3 ==== mon_map magic: 0 v1 ==== 229+0+0 (secure 0 0 0) 0x7fd2d001ae70 con 0x7fd2d4102740
2024-03-22T06:06:17.421 INFO:teuthology.orchestra.run.smithi006.stdout:/usr/bin/ceph: stderr
2024-03-22T06:06:16.619+0000 7fd2dbafc700 1 -- 172.21.15.6:0/1073815730 --> [v2:172.21.15.6:3300/0,v1:172.21.15.6:6789/0] -- mon_subscribe({osdmap=0}) v3 -- 0x7fd2d4077670 con 0x7fd2d4102740
2024-03-22T06:06:17.421 INFO:teuthology.orchestra.run.smithi006.stdout:/usr/bin/ceph: stderr
2024-03-22T06:06:16.620+0000 7fd2ca7fc700 1 -- 172.21.15.6:0/1073815730 <== mon.0 v2:172.21.15.6:3300/0 4 ==== mgrmap(e 8) v1 ==== 43368+0+0 (secure 0 0 0) 0x7fd2d00244d0 con 0x7fd2d4102740
2024-03-22T06:06:17.421 INFO:teuthology.orchestra.run.smithi006.stdout:/usr/bin/ceph: stderr
2024-03-22T06:06:16.620+0000 7fd2ca7fc700 1 --2- 172.21.15.6:0/1073815730 >> [v2:172.21.15.6:6800/3903206979,v1:172.21.15.6:6801/3903206979] conn(0x7fd2c0036790 0x7fd2c0038c40 unknown :-1 s=NONE pgs=0 cs=0 l=1 rev1=0 crypto rx=0 tx=0 comp rx=0 tx=0).connect
2024-03-22T06:06:17.421 INFO:teuthology.orchestra.run.smithi006.stdout:/usr/bin/ceph: stderr
2024-03-22T06:06:16.620+0000 7fd2dbafc700 1 -- 172.21.15.6:0/1073815730 --> [v2:172.21.15.6:3300/0,v1:172.21.15.6:6789/0] -- mon_command({"prefix": "get_command_descriptions"} v 0) v1 -- 0x7fd2d404bed0 con 0x7fd2d4102740
2024-03-22T06:06:17.421 INFO:teuthology.orchestra.run.smithi006.stdout:/usr/bin/ceph: stderr
2024-03-22T06:06:16.620+0000 7fd2ca7fc700 1 -- 172.21.15.6:0/1073815730 <== mon.0 v2:172.21.15.6:3300/0 5 ==== osd_map(2..2 src has 1..2) v4 ==== 936+0+0 (secure 0 0 0) 0x7fd2d004ab30 con 0x7fd2d4102740
2024-03-22T06:06:17.422 INFO:teuthology.orchestra.run.smithi006.stdout:/usr/bin/ceph: stderr
2024-03-22T06:06:16.620+0000 7fd2d9097700 1 --2- 172.21.15.6:0/1073815730 >> [v2:172.21.15.6:6800/3903206979,v1:172.21.15.6:6801/3903206979] conn(0x7fd2c0036790 0x7fd2c0038c40 unknown :-1 s=BANNER_CONNECTING pgs=0 cs=0 l=1 rev1=0 crypto rx=0 tx=0 comp rx=0 tx=0)._handle_peer_banner_payload supported=3 required=0
2024-03-22T06:06:17.422 INFO:teuthology.orchestra.run.smithi006.stdout:/usr/bin/ceph: stderr
2024-03-22T06:06:16.620+0000 7fd2d9097700 1 --2- 172.21.15.6:0/1073815730 >> [v2:172.21.15.6:6800/3903206979,v1:172.21.15.6:6801/3903206979] conn(0x7fd2c0036790 0x7fd2c0038c40 secure :-1 s=READY pgs=20 cs=0 l=1 rev1=1 crypto rx=0x7fd2c4009990 tx=0x7fd2c4006e40 comp rx=0 tx=0).ready entity=mgr.14120 client_cookie=0 server_cookie=0 in_seq=0 out_seq=0
2024-03-22T06:06:17.422 INFO:teuthology.orchestra.run.smithi006.stdout:/usr/bin/ceph: stderr
2024-03-22T06:06:16.625+0000 7fd2ca7fc700 1 -- 172.21.15.6:0/1073815730 <== mon.0 v2:172.21.15.6:3300/0 6 ==== mon_command_ack([{"prefix": "get_command_descriptions"}]=0 v0) v1 ==== 72+0+176504 (secure 0 0 0) 0x7fd2d002e440 con 0x7fd2d4102740
2024-03-22T06:06:17.422 INFO:teuthology.orchestra.run.smithi006.stdout:/usr/bin/ceph: stderr
2024-03-22T06:06:16.817+0000 7fd2dbafc700 1 -- 172.21.15.6:0/1073815730 --> [v2:172.21.15.6:3300/0,v1:172.21.15.6:6789/0] -- mon_command([{prefix=config set, name=mgr/dashboard/ssl_server_port}] v 0) v1 -- 0x7fd2d4104530 con 0x7fd2d4102740
2024-03-22T06:06:17.422 INFO:teuthology.orchestra.run.smithi006.stdout:/usr/bin/ceph: stderr
2024-03-22T06:06:16.823+0000 7fd2ca7fc700 1 -- 172.21.15.6:0/1073815730 <== mon.0 v2:172.21.15.6:3300/0 7 ==== mon_command_ack([{prefix=config set, name=mgr/dashboard/ssl_server_port}]=0 v8)=0 v8) v1 ==== 130+0+0 (secure 0 0 0) 0x7fd2d002cb80 con 0x7fd2d4102740
2024-03-22T06:06:17.422 INFO:teuthology.orchestra.run.smithi006.stdout:/usr/bin/ceph: stderr
2024-03-22T06:06:16.825+0000 7fd2dbafc700 1 -- 172.21.15.6:0/1073815730 >> [v2:172.21.15.6:6800/3903206979,v1:172.21.15.6:6801/3903206979] conn(0x7fd2c0036790 msgr2=0x7fd2c0038c40 secure :-1 s=STATE_CONNECTION_ESTABLISHED l=1).mark_down
2024-03-22T06:06:17.422 INFO:teuthology.orchestra.run.smithi006.stdout:/usr/bin/ceph: stderr
2024-03-22T06:06:16.825+0000 7fd2dbafc700 1 --2- 172.21.15.6:0/1073815730 >> [v2:172.21.15.6:6800/3903206979,v1:172.21.15.6:6801/3903206979] conn(0x7fd2c0036790 0x7fd2c0038c40 secure :-1 s=READY pgs=20 cs=0 l=1 rev1=1 crypto rx=0x7fd2c4009990 tx=0x7fd2c4006e40 comp rx=0 tx=0).stop
2024-03-22T06:06:17.422 INFO:teuthology.orchestra.run.smithi006.stdout:/usr/bin/ceph: stderr
2024-03-22T06:06:16.825+0000 7fd2dbafc700 1 -- 172.21.15.6:0/1073815730 >> [v2:172.21.15.6:3300/0,v1:172.21.15.6:6789/0] conn(0x7fd2d4102740 msgr2=0x7fd2d4078bd0 secure :-1 s=STATE_CONNECTION_ESTABLISHED l=1).mark_down
2024-03-22T06:06:17.422 INFO:teuthology.orchestra.run.smithi006.stdout:/usr/bin/ceph: stderr
2024-03-22T06:06:16.825+0000 7fd2dbafc700 1 --2- 172.21.15.6:0/1073815730 >> [v2:172.21.15.6:3300/0,v1:172.21.15.6:6789/0] conn(0x7fd2d4102740 0x7fd2d4078bd0 secure :-1 s=READY pgs=64 cs=0 l=1 rev1=1 crypto rx=0x7fd2d0006b00 tx=0x7fd2d0009250 comp rx=0 tx=0).stop
2024-03-22T06:06:17.422 INFO:teuthology.orchestra.run.smithi006.stdout:/usr/bin/ceph: stderr
2024-03-22T06:06:16.825+0000 7fd2dbafc700 1 -- 172.21.15.6:0/1073815730 shutdown_connections
2024-03-22T06:06:17.422 INFO:teuthology.orchestra.run.smithi006.stdout:/usr/bin/ceph: stderr
2024-03-22T06:06:16.825+0000 7fd2dbafc700 1 --2- 172.21.15.6:0/1073815730 >> [v2:172.21.15.6:6800/3903206979,v1:172.21.15.6:6801/3903206979] conn(0x7fd2c0036790 0x7fd2c0038c40 unknown :-1 s=CLOSED pgs=20 cs=0 l=1 rev1=1 crypto rx=0 tx=0 comp rx=0 tx=0).stop
2024-03-22T06:06:17.422 INFO:teuthology.orchestra.run.smithi006.stdout:/usr/bin/ceph: stderr
2024-03-22T06:06:16.825+0000 7fd2dbafc700 1 --2- 172.21.15.6:0/1073815730 >> [v2:172.21.15.6:3300/0,v1:172.21.15.6:6789/0] conn(0x7fd2d4102740 0x7fd2d4078bd0 unknown :-1 s=CLOSED pgs=64 cs=0 l=1 rev1=1 crypto rx=0 tx=0 comp rx=0 tx=0).stop
2024-03-22T06:06:17.422 INFO:teuthology.orchestra.run.smithi006.stdout:/usr/bin/ceph: stderr
2024-03-22T06:06:16.825+0000 7fd2dbafc700 1 -- 172.21.15.6:0/1073815730 >> 172.21.15.6:0/1073815730 conn(0x7fd2d40fdea0 msgr2=0x7fd2d40fea30 unknown :-1 s=STATE_NONE l=0).mark_down
2024-03-22T06:06:17.423 INFO:teuthology.orchestra.run.smithi006.stdout:/usr/bin/ceph: stderr
2024-03-22T06:06:16.825+0000 7fd2dbafc700 1 -- 172.21.15.6:0/1073815730 shutdown_connections
2024-03-22T06:06:17.423 INFO:teuthology.orchestra.run.smithi006.stdout:/usr/bin/ceph: stderr
2024-03-22T06:06:16.825+0000 7fd2dbafc700 1 -- 172.21.15.6:0/1073815730 wait complete.
2024-03-22T06:06:17.423 INFO:teuthology.orchestra.run.smithi006.stdout:Enabling the dashboard module...
2024-03-22T06:06:18.322 INFO:journalctl@ceph.mon.smithi006.smithi006.stdout:Mar 22 06:06:18 smithi006 ceph-mon[29301]: from='client.? 172.21.15.6:0/184803814' entity='client.admin' cmd=[{"prefix": "mgr module enable", "module": "dashboard"}]: dispatch
2024-03-22T06:06:18.709 INFO:teuthology.orchestra.run.smithi006.stdout:/usr/bin/ceph: stderr
2024-03-22T06:06:17.788+0000 7f0d65533700 1 Processor -- start
2024-03-22T06:06:18.710 INFO:teuthology.orchestra.run.smithi006.stdout:/usr/bin/ceph: stderr
2024-03-22T06:06:17.788+0000 7f0d65533700 1 -- start start
2024-03-22T06:06:18.710 INFO:teuthology.orchestra.run.smithi006.stdout:/usr/bin/ceph: stderr
2024-03-22T06:06:17.788+0000 7f0d65533700 1 --2- >> [v2:172.21.15.6:3300/0,v1:172.21.15.6:6789/0] conn(0x7f0d60078ca0 0x7f0d60077200 unknown :-1 s=NONE pgs=0 cs=0 l=0 rev1=0 crypto rx=0 tx=0 comp rx=0 tx=0).connect
2024-03-22T06:06:18.710 INFO:teuthology.orchestra.run.smithi006.stdout:/usr/bin/ceph: stderr
2024-03-22T06:06:17.788+0000 7f0d65533700 1 -- --> [v2:172.21.15.6:3300/0,v1:172.21.15.6:6789/0] -- mon_getmap magic: 0 v1 -- 0x7f0d600790b0 con 0x7f0d60078ca0
2024-03-22T06:06:18.710 INFO:teuthology.orchestra.run.smithi006.stdout:/usr/bin/ceph: stderr
2024-03-22T06:06:17.788+0000 7f0d5effd700 1 --2- >> [v2:172.21.15.6:3300/0,v1:172.21.15.6:6789/0] conn(0x7f0d60078ca0 0x7f0d60077200 unknown :-1 s=BANNER_CONNECTING pgs=0 cs=0 l=0 rev1=0 crypto rx=0 tx=0 comp rx=0 tx=0)._handle_peer_banner_payload supported=3 required=0
2024-03-22T06:06:18.710 INFO:teuthology.orchestra.run.smithi006.stdout:/usr/bin/ceph: stderr
2024-03-22T06:06:17.788+0000 7f0d5effd700 1 --2- >> [v2:172.21.15.6:3300/0,v1:172.21.15.6:6789/0] conn(0x7f0d60078ca0 0x7f0d60077200 unknown :-1 s=HELLO_CONNECTING pgs=0 cs=0 l=0 rev1=1 crypto rx=0 tx=0 comp rx=0 tx=0).handle_hello peer v2:172.21.15.6:3300/0 says I am v2:172.21.15.6:37326/0 (socket says 172.21.15.6:37326)
2024-03-22T06:06:18.710 INFO:teuthology.orchestra.run.smithi006.stdout:/usr/bin/ceph: stderr
2024-03-22T06:06:17.788+0000 7f0d5effd700 1 -- 172.21.15.6:0/2730298392 learned_addr learned my addr 172.21.15.6:0/2730298392 (peer_addr_for_me v2:172.21.15.6:0/0)
2024-03-22T06:06:18.710 INFO:teuthology.orchestra.run.smithi006.stdout:/usr/bin/ceph: stderr
2024-03-22T06:06:17.788+0000 7f0d5effd700 1 -- 172.21.15.6:0/2730298392 --> [v2:172.21.15.6:3300/0,v1:172.21.15.6:6789/0] -- mon_subscribe({config=0+,monmap=0+}) v3 -- 0x7f0d60077740 con 0x7f0d60078ca0
2024-03-22T06:06:18.710 INFO:teuthology.orchestra.run.smithi006.stdout:/usr/bin/ceph: stderr
2024-03-22T06:06:17.788+0000 7f0d5effd700 1 --2- 172.21.15.6:0/2730298392 >> [v2:172.21.15.6:3300/0,v1:172.21.15.6:6789/0] conn(0x7f0d60078ca0 0x7f0d60077200 secure :-1 s=READY pgs=65 cs=0 l=1 rev1=1 crypto rx=0x7f0d500098e0 tx=0x7f0d50009250 comp rx=0 tx=0).ready entity=mon.0 client_cookie=7819787c40064ced server_cookie=0 in_seq=0 out_seq=0
2024-03-22T06:06:18.710 INFO:teuthology.orchestra.run.smithi006.stdout:/usr/bin/ceph: stderr
2024-03-22T06:06:17.788+0000 7f0d5dffb700 1 -- 172.21.15.6:0/2730298392 <== mon.0 v2:172.21.15.6:3300/0 1 ==== mon_map magic: 0 v1 ==== 229+0+0 (secure 0 0 0) 0x7f0d5000b860 con 0x7f0d60078ca0
2024-03-22T06:06:18.710 INFO:teuthology.orchestra.run.smithi006.stdout:/usr/bin/ceph: stderr
2024-03-22T06:06:17.789+0000 7f0d5dffb700 1 -- 172.21.15.6:0/2730298392 <== mon.0 v2:172.21.15.6:3300/0 2 ==== config(27 keys) v1 ==== 1109+0+0 (secure 0 0 0) 0x7f0d5000be90 con 0x7f0d60078ca0
2024-03-22T06:06:18.710 INFO:teuthology.orchestra.run.smithi006.stdout:/usr/bin/ceph: stderr
2024-03-22T06:06:17.789+0000 7f0d5dffb700 1 -- 172.21.15.6:0/2730298392 <== mon.0 v2:172.21.15.6:3300/0 3 ==== mon_map magic: 0 v1 ==== 229+0+0 (secure 0 0 0) 0x7f0d500103c0 con 0x7f0d60078ca0
2024-03-22T06:06:18.710 INFO:teuthology.orchestra.run.smithi006.stdout:/usr/bin/ceph: stderr
2024-03-22T06:06:17.789+0000 7f0d65533700 1 -- 172.21.15.6:0/2730298392 >> [v2:172.21.15.6:3300/0,v1:172.21.15.6:6789/0] conn(0x7f0d60078ca0 msgr2=0x7f0d60077200 secure :-1 s=STATE_CONNECTION_ESTABLISHED l=1).mark_down
2024-03-22T06:06:18.710 INFO:teuthology.orchestra.run.smithi006.stdout:/usr/bin/ceph: stderr
2024-03-22T06:06:17.789+0000 7f0d65533700 1 --2- 172.21.15.6:0/2730298392 >> [v2:172.21.15.6:3300/0,v1:172.21.15.6:6789/0] conn(0x7f0d60078ca0 0x7f0d60077200 secure :-1 s=READY pgs=65 cs=0 l=1 rev1=1 crypto rx=0x7f0d500098e0 tx=0x7f0d50009250 comp rx=0 tx=0).stop
2024-03-22T06:06:18.711 INFO:teuthology.orchestra.run.smithi006.stdout:/usr/bin/ceph: stderr
2024-03-22T06:06:17.789+0000 7f0d65533700 1 -- 172.21.15.6:0/2730298392 shutdown_connections
2024-03-22T06:06:18.711 INFO:teuthology.orchestra.run.smithi006.stdout:/usr/bin/ceph: stderr
2024-03-22T06:06:17.789+0000 7f0d65533700 1 --2- 172.21.15.6:0/2730298392 >> [v2:172.21.15.6:3300/0,v1:172.21.15.6:6789/0] conn(0x7f0d60078ca0 0x7f0d60077200 unknown :-1 s=CLOSED pgs=65 cs=0 l=1 rev1=1 crypto rx=0 tx=0 comp rx=0 tx=0).stop
2024-03-22T06:06:18.711 INFO:teuthology.orchestra.run.smithi006.stdout:/usr/bin/ceph: stderr
2024-03-22T06:06:17.789+0000 7f0d65533700 1 -- 172.21.15.6:0/2730298392 >> 172.21.15.6:0/2730298392 conn(0x7f0d600fdea0 msgr2=0x7f0d601002d0 unknown :-1 s=STATE_NONE l=0).mark_down
2024-03-22T06:06:18.711 INFO:teuthology.orchestra.run.smithi006.stdout:/usr/bin/ceph: stderr
2024-03-22T06:06:17.789+0000 7f0d65533700 1 -- 172.21.15.6:0/2730298392 shutdown_connections
2024-03-22T06:06:18.711 INFO:teuthology.orchestra.run.smithi006.stdout:/usr/bin/ceph: stderr
2024-03-22T06:06:17.789+0000 7f0d65533700 1 -- 172.21.15.6:0/2730298392 wait complete.
2024-03-22T06:06:18.711 INFO:teuthology.orchestra.run.smithi006.stdout:/usr/bin/ceph: stderr
2024-03-22T06:06:17.790+0000 7f0d65533700 1 Processor -- start
2024-03-22T06:06:18.711 INFO:teuthology.orchestra.run.smithi006.stdout:/usr/bin/ceph: stderr
2024-03-22T06:06:17.790+0000 7f0d65533700 1 -- start start
2024-03-22T06:06:18.711 INFO:teuthology.orchestra.run.smithi006.stdout:/usr/bin/ceph: stderr
2024-03-22T06:06:17.790+0000 7f0d65533700 1 --2- >> [v2:172.21.15.6:3300/0,v1:172.21.15.6:6789/0] conn(0x7f0d60078ca0 0x7f0d60113840 unknown :-1 s=NONE pgs=0 cs=0 l=1 rev1=0 crypto rx=0 tx=0 comp rx=0 tx=0).connect
2024-03-22T06:06:18.711 INFO:teuthology.orchestra.run.smithi006.stdout:/usr/bin/ceph: stderr
2024-03-22T06:06:17.790+0000 7f0d65533700 1 -- --> [v2:172.21.15.6:3300/0,v1:172.21.15.6:6789/0] -- mon_getmap magic: 0 v1 -- 0x7f0d60113d80 con 0x7f0d60078ca0
2024-03-22T06:06:18.711 INFO:teuthology.orchestra.run.smithi006.stdout:/usr/bin/ceph: stderr
2024-03-22T06:06:17.790+0000 7f0d5effd700 1 --2- >> [v2:172.21.15.6:3300/0,v1:172.21.15.6:6789/0] conn(0x7f0d60078ca0 0x7f0d60113840 unknown :-1 s=BANNER_CONNECTING pgs=0 cs=0 l=1 rev1=0 crypto rx=0 tx=0 comp rx=0 tx=0)._handle_peer_banner_payload supported=3 required=0
2024-03-22T06:06:18.711 INFO:teuthology.orchestra.run.smithi006.stdout:/usr/bin/ceph: stderr
2024-03-22T06:06:17.790+0000 7f0d5effd700 1 --2- >> [v2:172.21.15.6:3300/0,v1:172.21.15.6:6789/0] conn(0x7f0d60078ca0 0x7f0d60113840 unknown :-1 s=HELLO_CONNECTING pgs=0 cs=0 l=1 rev1=1 crypto rx=0 tx=0 comp rx=0 tx=0).handle_hello peer v2:172.21.15.6:3300/0 says I am v2:172.21.15.6:37328/0 (socket says 172.21.15.6:37328)
2024-03-22T06:06:18.711 INFO:teuthology.orchestra.run.smithi006.stdout:/usr/bin/ceph: stderr
2024-03-22T06:06:17.790+0000 7f0d5effd700 1 -- 172.21.15.6:0/184803814 learned_addr learned my addr 172.21.15.6:0/184803814 (peer_addr_for_me v2:172.21.15.6:0/0)
2024-03-22T06:06:18.711 INFO:teuthology.orchestra.run.smithi006.stdout:/usr/bin/ceph: stderr
2024-03-22T06:06:17.790+0000 7f0d5effd700 1 -- 172.21.15.6:0/184803814 --> [v2:172.21.15.6:3300/0,v1:172.21.15.6:6789/0] -- mon_subscribe({config=0+,monmap=0+}) v3 -- 0x7f0d500094f0 con 0x7f0d60078ca0
2024-03-22T06:06:18.711 INFO:teuthology.orchestra.run.smithi006.stdout:/usr/bin/ceph: stderr
2024-03-22T06:06:17.790+0000 7f0d5effd700 1 --2- 172.21.15.6:0/184803814 >> [v2:172.21.15.6:3300/0,v1:172.21.15.6:6789/0] conn(0x7f0d60078ca0 0x7f0d60113840 secure :-1 s=READY pgs=66 cs=0 l=1 rev1=1 crypto rx=0x7f0d500094c0 tx=0x7f0d50009250 comp rx=0 tx=0).ready entity=mon.0 client_cookie=0 server_cookie=0 in_seq=0 out_seq=0
2024-03-22T06:06:18.711 INFO:teuthology.orchestra.run.smithi006.stdout:/usr/bin/ceph: stderr
2024-03-22T06:06:17.791+0000 7f0d477fe700 1 -- 172.21.15.6:0/184803814 <== mon.0 v2:172.21.15.6:3300/0 1 ==== mon_map magic: 0 v1 ==== 229+0+0 (secure 0 0 0) 0x7f0d500118f0 con 0x7f0d60078ca0
2024-03-22T06:06:18.711 INFO:teuthology.orchestra.run.smithi006.stdout:/usr/bin/ceph: stderr
2024-03-22T06:06:17.791+0000 7f0d477fe700 1 -- 172.21.15.6:0/184803814 <== mon.0 v2:172.21.15.6:3300/0 2 ==== config(27 keys) v1 ==== 1109+0+0 (secure 0 0 0) 0x7f0d50010d60 con 0x7f0d60078ca0
2024-03-22T06:06:18.712 INFO:teuthology.orchestra.run.smithi006.stdout:/usr/bin/ceph: stderr
2024-03-22T06:06:17.791+0000 7f0d65533700 1 -- 172.21.15.6:0/184803814 --> [v2:172.21.15.6:3300/0,v1:172.21.15.6:6789/0] -- mon_subscribe({mgrmap=0+}) v3 -- 0x7f0d60113f80 con 0x7f0d60078ca0
2024-03-22T06:06:18.712 INFO:teuthology.orchestra.run.smithi006.stdout:/usr/bin/ceph: stderr
2024-03-22T06:06:17.791+0000 7f0d477fe700 1 -- 172.21.15.6:0/184803814 <== mon.0 v2:172.21.15.6:3300/0 3 ==== mon_map magic: 0 v1 ==== 229+0+0 (secure 0 0 0) 0x7f0d5001a430 con 0x7f0d60078ca0
2024-03-22T06:06:18.712 INFO:teuthology.orchestra.run.smithi006.stdout:/usr/bin/ceph: stderr
2024-03-22T06:06:17.791+0000 7f0d65533700 1 -- 172.21.15.6:0/184803814 --> [v2:172.21.15.6:3300/0,v1:172.21.15.6:6789/0] -- mon_subscribe({osdmap=0}) v3 -- 0x7f0d60114af0 con 0x7f0d60078ca0
2024-03-22T06:06:18.712 INFO:teuthology.orchestra.run.smithi006.stdout:/usr/bin/ceph: stderr
2024-03-22T06:06:17.791+0000 7f0d477fe700 1 -- 172.21.15.6:0/184803814 <== mon.0 v2:172.21.15.6:3300/0 4 ==== mgrmap(e 8) v1 ==== 43368+0+0 (secure 0 0 0) 0x7f0d5001a590 con 0x7f0d60078ca0
2024-03-22T06:06:18.712 INFO:teuthology.orchestra.run.smithi006.stdout:/usr/bin/ceph: stderr
2024-03-22T06:06:17.792+0000 7f0d477fe700 1 --2- 172.21.15.6:0/184803814 >> [v2:172.21.15.6:6800/3903206979,v1:172.21.15.6:6801/3903206979] conn(0x7f0d480367e0 0x7f0d48038c90 unknown :-1 s=NONE pgs=0 cs=0 l=1 rev1=0 crypto rx=0 tx=0 comp rx=0 tx=0).connect
2024-03-22T06:06:18.712 INFO:teuthology.orchestra.run.smithi006.stdout:/usr/bin/ceph: stderr
2024-03-22T06:06:17.792+0000 7f0d65533700 1 -- 172.21.15.6:0/184803814 --> [v2:172.21.15.6:3300/0,v1:172.21.15.6:6789/0] -- mon_command({"prefix": "get_command_descriptions"} v 0) v1 -- 0x7f0d6005f5f0 con 0x7f0d60078ca0
2024-03-22T06:06:18.712 INFO:teuthology.orchestra.run.smithi006.stdout:/usr/bin/ceph: stderr
2024-03-22T06:06:17.792+0000 7f0d477fe700 1 -- 172.21.15.6:0/184803814 <== mon.0 v2:172.21.15.6:3300/0 5 ==== osd_map(2..2 src has 1..2) v4 ==== 936+0+0 (secure 0 0 0) 0x7f0d5004a5c0 con 0x7f0d60078ca0
2024-03-22T06:06:18.712 INFO:teuthology.orchestra.run.smithi006.stdout:/usr/bin/ceph: stderr
2024-03-22T06:06:17.792+0000 7f0d5e7fc700 1 --2- 172.21.15.6:0/184803814 >> [v2:172.21.15.6:6800/3903206979,v1:172.21.15.6:6801/3903206979] conn(0x7f0d480367e0 0x7f0d48038c90 unknown :-1 s=BANNER_CONNECTING pgs=0 cs=0 l=1 rev1=0 crypto rx=0 tx=0 comp rx=0 tx=0)._handle_peer_banner_payload supported=3 required=0
2024-03-22T06:06:18.712 INFO:teuthology.orchestra.run.smithi006.stdout:/usr/bin/ceph: stderr
2024-03-22T06:06:17.792+0000 7f0d5e7fc700 1 --2- 172.21.15.6:0/184803814 >> [v2:172.21.15.6:6800/3903206979,v1:172.21.15.6:6801/3903206979] conn(0x7f0d480367e0 0x7f0d48038c90 secure :-1 s=READY pgs=21 cs=0 l=1 rev1=1 crypto rx=0x7f0d54009990 tx=0x7f0d54006e40 comp rx=0 tx=0).ready entity=mgr.14120 client_cookie=0 server_cookie=0 in_seq=0 out_seq=0
2024-03-22T06:06:18.712 INFO:teuthology.orchestra.run.smithi006.stdout:/usr/bin/ceph: stderr
2024-03-22T06:06:17.797+0000 7f0d477fe700 1 -- 172.21.15.6:0/184803814 <== mon.0 v2:172.21.15.6:3300/0 6 ==== mon_command_ack([{"prefix": "get_command_descriptions"}]=0 v0) v1 ==== 72+0+176504 (secure 0 0 0) 0x7f0d50010890 con 0x7f0d60078ca0
2024-03-22T06:06:18.712 INFO:teuthology.orchestra.run.smithi006.stdout:/usr/bin/ceph: stderr
2024-03-22T06:06:18.047+0000 7f0d65533700 1 -- 172.21.15.6:0/184803814 --> [v2:172.21.15.6:3300/0,v1:172.21.15.6:6789/0] -- mon_command({"prefix": "mgr module enable", "module": "dashboard"} v 0) v1 -- 0x7f0d6004bed0 con 0x7f0d60078ca0
2024-03-22T06:06:18.712 INFO:teuthology.orchestra.run.smithi006.stdout:/usr/bin/ceph: stderr
2024-03-22T06:06:18.121+0000 7f0d477fe700 1 -- 172.21.15.6:0/184803814 <== mon.0 v2:172.21.15.6:3300/0 7 ==== mgrmap(e 9) v1 ==== 43381+0+0 (secure 0 0 0) 0x7f0d50024760 con 0x7f0d60078ca0
2024-03-22T06:06:18.712 INFO:teuthology.orchestra.run.smithi006.stdout:/usr/bin/ceph: stderr
2024-03-22T06:06:18.122+0000 7f0d477fe700 1 -- 172.21.15.6:0/184803814 <== mon.0 v2:172.21.15.6:3300/0 8 ==== mon_command_ack([{"prefix": "mgr module enable", "module": "dashboard"}]=0 v9) v1 ==== 88+0+0 (secure 0 0 0) 0x7f0d50018350 con 0x7f0d60078ca0
2024-03-22T06:06:18.713 INFO:teuthology.orchestra.run.smithi006.stdout:/usr/bin/ceph: stderr
2024-03-22T06:06:18.124+0000 7f0d65533700 1 -- 172.21.15.6:0/184803814 >> [v2:172.21.15.6:6800/3903206979,v1:172.21.15.6:6801/3903206979] conn(0x7f0d480367e0 msgr2=0x7f0d48038c90 secure :-1 s=STATE_CONNECTION_ESTABLISHED l=1).mark_down
2024-03-22T06:06:18.713 INFO:teuthology.orchestra.run.smithi006.stdout:/usr/bin/ceph: stderr
2024-03-22T06:06:18.124+0000 7f0d65533700 1 --2- 172.21.15.6:0/184803814 >> [v2:172.21.15.6:6800/3903206979,v1:172.21.15.6:6801/3903206979] conn(0x7f0d480367e0 0x7f0d48038c90 secure :-1 s=READY pgs=21 cs=0 l=1 rev1=1 crypto rx=0x7f0d54009990 tx=0x7f0d54006e40 comp rx=0 tx=0).stop
2024-03-22T06:06:18.713 INFO:teuthology.orchestra.run.smithi006.stdout:/usr/bin/ceph: stderr
2024-03-22T06:06:18.124+0000 7f0d65533700 1 -- 172.21.15.6:0/184803814 >> [v2:172.21.15.6:3300/0,v1:172.21.15.6:6789/0] conn(0x7f0d60078ca0 msgr2=0x7f0d60113840 secure :-1 s=STATE_CONNECTION_ESTABLISHED l=1).mark_down
2024-03-22T06:06:18.713 INFO:teuthology.orchestra.run.smithi006.stdout:/usr/bin/ceph: stderr
2024-03-22T06:06:18.124+0000 7f0d65533700 1 --2- 172.21.15.6:0/184803814 >> [v2:172.21.15.6:3300/0,v1:172.21.15.6:6789/0] conn(0x7f0d60078ca0 0x7f0d60113840 secure :-1 s=READY pgs=66 cs=0 l=1 rev1=1 crypto rx=0x7f0d500094c0 tx=0x7f0d50009250 comp rx=0 tx=0).stop
2024-03-22T06:06:18.713 INFO:teuthology.orchestra.run.smithi006.stdout:/usr/bin/ceph: stderr
2024-03-22T06:06:18.124+0000 7f0d65533700 1 -- 172.21.15.6:0/184803814 shutdown_connections
2024-03-22T06:06:18.713 INFO:teuthology.orchestra.run.smithi006.stdout:/usr/bin/ceph: stderr
2024-03-22T06:06:18.124+0000 7f0d65533700 1 --2- 172.21.15.6:0/184803814 >> [v2:172.21.15.6:6800/3903206979,v1:172.21.15.6:6801/3903206979] conn(0x7f0d480367e0 0x7f0d48038c90 unknown :-1 s=CLOSED pgs=21 cs=0 l=1 rev1=1 crypto rx=0 tx=0 comp rx=0 tx=0).stop
2024-03-22T06:06:18.713 INFO:teuthology.orchestra.run.smithi006.stdout:/usr/bin/ceph: stderr
2024-03-22T06:06:18.124+0000 7f0d65533700 1 --2- 172.21.15.6:0/184803814 >> [v2:172.21.15.6:3300/0,v1:172.21.15.6:6789/0] conn(0x7f0d60078ca0 0x7f0d60113840 unknown :-1 s=CLOSED pgs=66 cs=0 l=1 rev1=1 crypto rx=0 tx=0 comp rx=0 tx=0).stop
2024-03-22T06:06:18.713 INFO:teuthology.orchestra.run.smithi006.stdout:/usr/bin/ceph: stderr
2024-03-22T06:06:18.124+0000 7f0d65533700 1 -- 172.21.15.6:0/184803814 >> 172.21.15.6:0/184803814 conn(0x7f0d600fdea0 msgr2=0x7f0d600fead0 unknown :-1 s=STATE_NONE l=0).mark_down
2024-03-22T06:06:18.713 INFO:teuthology.orchestra.run.smithi006.stdout:/usr/bin/ceph: stderr
2024-03-22T06:06:18.124+0000 7f0d65533700 1 -- 172.21.15.6:0/184803814 shutdown_connections
2024-03-22T06:06:18.713 INFO:teuthology.orchestra.run.smithi006.stdout:/usr/bin/ceph: stderr
2024-03-22T06:06:18.124+0000 7f0d65533700 1 -- 172.21.15.6:0/184803814 wait complete.
2024-03-22T06:06:19.282 INFO:journalctl@ceph.mon.smithi006.smithi006.stdout:Mar 22 06:06:19 smithi006 ceph-mon[29301]: from='client.? 172.21.15.6:0/184803814' entity='client.admin' cmd='[{"prefix": "mgr module enable", "module": "dashboard"}]': finished
2024-03-22T06:06:19.282 INFO:journalctl@ceph.mon.smithi006.smithi006.stdout:Mar 22 06:06:19 smithi006 ceph-mon[29301]: mgrmap e9: smithi006.sfpxdy(active, since 24s)
2024-03-22T06:06:19.931 INFO:teuthology.orchestra.run.smithi006.stdout:/usr/bin/ceph: stdout {
2024-03-22T06:06:19.931 INFO:teuthology.orchestra.run.smithi006.stdout:/usr/bin/ceph: stdout "epoch": 9,
2024-03-22T06:06:19.931 INFO:teuthology.orchestra.run.smithi006.stdout:/usr/bin/ceph: stdout "available": true,
2024-03-22T06:06:19.931 INFO:teuthology.orchestra.run.smithi006.stdout:/usr/bin/ceph: stdout "active_name": "smithi006.sfpxdy",
2024-03-22T06:06:19.931 INFO:teuthology.orchestra.run.smithi006.stdout:/usr/bin/ceph: stdout "num_standby": 0
2024-03-22T06:06:19.931 INFO:teuthology.orchestra.run.smithi006.stdout:/usr/bin/ceph: stdout }
2024-03-22T06:06:19.931 INFO:teuthology.orchestra.run.smithi006.stdout:/usr/bin/ceph: stderr
2024-03-22T06:06:19.117+0000 7f26ec79d700 1 Processor -- start
2024-03-22T06:06:19.931 INFO:teuthology.orchestra.run.smithi006.stdout:/usr/bin/ceph: stderr
2024-03-22T06:06:19.117+0000 7f26ec79d700 1 -- start start
2024-03-22T06:06:19.931 INFO:teuthology.orchestra.run.smithi006.stdout:/usr/bin/ceph: stderr
2024-03-22T06:06:19.118+0000 7f26ec79d700 1 --2- >> [v2:172.21.15.6:3300/0,v1:172.21.15.6:6789/0] conn(0x7f26e4071300 0x7f26e4105340 unknown :-1 s=NONE pgs=0 cs=0 l=0 rev1=0 crypto rx=0 tx=0 comp rx=0 tx=0).connect
2024-03-22T06:06:19.931 INFO:teuthology.orchestra.run.smithi006.stdout:/usr/bin/ceph: stderr
2024-03-22T06:06:19.118+0000 7f26ec79d700 1 -- --> [v2:172.21.15.6:3300/0,v1:172.21.15.6:6789/0] -- mon_getmap magic: 0 v1 -- 0x7f26e4105880 con 0x7f26e4071300
2024-03-22T06:06:19.931 INFO:teuthology.orchestra.run.smithi006.stdout:/usr/bin/ceph: stderr
2024-03-22T06:06:19.118+0000 7f26ea539700 1 --2- >> [v2:172.21.15.6:3300/0,v1:172.21.15.6:6789/0] conn(0x7f26e4071300 0x7f26e4105340 unknown :-1 s=BANNER_CONNECTING pgs=0 cs=0 l=0 rev1=0 crypto rx=0 tx=0 comp rx=0 tx=0)._handle_peer_banner_payload supported=3 required=0
2024-03-22T06:06:19.932 INFO:teuthology.orchestra.run.smithi006.stdout:/usr/bin/ceph: stderr
2024-03-22T06:06:19.118+0000 7f26ea539700 1 --2- >> [v2:172.21.15.6:3300/0,v1:172.21.15.6:6789/0] conn(0x7f26e4071300 0x7f26e4105340 unknown :-1 s=HELLO_CONNECTING pgs=0 cs=0 l=0 rev1=1 crypto rx=0 tx=0 comp rx=0 tx=0).handle_hello peer v2:172.21.15.6:3300/0 says I am v2:172.21.15.6:37356/0 (socket says 172.21.15.6:37356)
2024-03-22T06:06:19.932 INFO:teuthology.orchestra.run.smithi006.stdout:/usr/bin/ceph: stderr
2024-03-22T06:06:19.118+0000 7f26ea539700 1 -- 172.21.15.6:0/833522349 learned_addr learned my addr 172.21.15.6:0/833522349 (peer_addr_for_me v2:172.21.15.6:0/0)
2024-03-22T06:06:19.932 INFO:teuthology.orchestra.run.smithi006.stdout:/usr/bin/ceph: stderr
2024-03-22T06:06:19.118+0000 7f26ea539700 1 -- 172.21.15.6:0/833522349 --> [v2:172.21.15.6:3300/0,v1:172.21.15.6:6789/0] -- mon_subscribe({config=0+,monmap=0+}) v3 -- 0x7f26e41059c0 con 0x7f26e4071300
2024-03-22T06:06:19.932 INFO:teuthology.orchestra.run.smithi006.stdout:/usr/bin/ceph: stderr
2024-03-22T06:06:19.119+0000 7f26ea539700 1 --2- 172.21.15.6:0/833522349 >> [v2:172.21.15.6:3300/0,v1:172.21.15.6:6789/0] conn(0x7f26e4071300 0x7f26e4105340 secure :-1 s=READY pgs=69 cs=0 l=1 rev1=1 crypto rx=0x7f26e00098e0 tx=0x7f26e0009250 comp rx=0 tx=0).ready entity=mon.0 client_cookie=d1cc06248c21dbbd server_cookie=0 in_seq=0 out_seq=0
2024-03-22T06:06:19.932 INFO:teuthology.orchestra.run.smithi006.stdout:/usr/bin/ceph: stderr
2024-03-22T06:06:19.119+0000 7f26e9537700 1 -- 172.21.15.6:0/833522349 <== mon.0 v2:172.21.15.6:3300/0 1 ==== mon_map magic: 0 v1 ==== 229+0+0 (secure 0 0 0) 0x7f26e000b860 con 0x7f26e4071300
2024-03-22T06:06:19.932 INFO:teuthology.orchestra.run.smithi006.stdout:/usr/bin/ceph: stderr
2024-03-22T06:06:19.119+0000 7f26e9537700 1 -- 172.21.15.6:0/833522349 <== mon.0 v2:172.21.15.6:3300/0 2 ==== config(27 keys) v1 ==== 1109+0+0 (secure 0 0 0) 0x7f26e000be90 con 0x7f26e4071300
2024-03-22T06:06:19.932 INFO:teuthology.orchestra.run.smithi006.stdout:/usr/bin/ceph: stderr
2024-03-22T06:06:19.119+0000 7f26e9537700 1 -- 172.21.15.6:0/833522349 <== mon.0 v2:172.21.15.6:3300/0 3 ==== mon_map magic: 0 v1 ==== 229+0+0 (secure 0 0 0) 0x7f26e00103c0 con 0x7f26e4071300
