2024-03-22T06:06:19.932 INFO:teuthology.orchestra.run.smithi006.stdout:/usr/bin/ceph: stderr
2024-03-22T06:06:19.120+0000 7f26ec79d700 1 -- 172.21.15.6:0/833522349 >> [v2:172.21.15.6:3300/0,v1:172.21.15.6:6789/0] conn(0x7f26e4071300 msgr2=0x7f26e4105340 secure :-1 s=STATE_CONNECTION_ESTABLISHED l=1).mark_down
2024-03-22T06:06:19.932 INFO:teuthology.orchestra.run.smithi006.stdout:/usr/bin/ceph: stderr
2024-03-22T06:06:19.120+0000 7f26ec79d700 1 --2- 172.21.15.6:0/833522349 >> [v2:172.21.15.6:3300/0,v1:172.21.15.6:6789/0] conn(0x7f26e4071300 0x7f26e4105340 secure :-1 s=READY pgs=69 cs=0 l=1 rev1=1 crypto rx=0x7f26e00098e0 tx=0x7f26e0009250 comp rx=0 tx=0).stop
2024-03-22T06:06:19.932 INFO:teuthology.orchestra.run.smithi006.stdout:/usr/bin/ceph: stderr
2024-03-22T06:06:19.120+0000 7f26ec79d700 1 -- 172.21.15.6:0/833522349 shutdown_connections
2024-03-22T06:06:19.932 INFO:teuthology.orchestra.run.smithi006.stdout:/usr/bin/ceph: stderr
2024-03-22T06:06:19.120+0000 7f26ec79d700 1 --2- 172.21.15.6:0/833522349 >> [v2:172.21.15.6:3300/0,v1:172.21.15.6:6789/0] conn(0x7f26e4071300 0x7f26e4105340 unknown :-1 s=CLOSED pgs=69 cs=0 l=1 rev1=1 crypto rx=0 tx=0 comp rx=0 tx=0).stop
2024-03-22T06:06:19.932 INFO:teuthology.orchestra.run.smithi006.stdout:/usr/bin/ceph: stderr
2024-03-22T06:06:19.120+0000 7f26ec79d700 1 -- 172.21.15.6:0/833522349 >> 172.21.15.6:0/833522349 conn(0x7f26e40fcd50 msgr2=0x7f26e40ff160 unknown :-1 s=STATE_NONE l=0).mark_down
2024-03-22T06:06:19.932 INFO:teuthology.orchestra.run.smithi006.stdout:/usr/bin/ceph: stderr
2024-03-22T06:06:19.120+0000 7f26ec79d700 1 -- 172.21.15.6:0/833522349 shutdown_connections
2024-03-22T06:06:19.932 INFO:teuthology.orchestra.run.smithi006.stdout:/usr/bin/ceph: stderr
2024-03-22T06:06:19.120+0000 7f26ec79d700 1 -- 172.21.15.6:0/833522349 wait complete.
2024-03-22T06:06:19.933 INFO:teuthology.orchestra.run.smithi006.stdout:/usr/bin/ceph: stderr
2024-03-22T06:06:19.120+0000 7f26ec79d700 1 Processor -- start
2024-03-22T06:06:19.933 INFO:teuthology.orchestra.run.smithi006.stdout:/usr/bin/ceph: stderr
2024-03-22T06:06:19.120+0000 7f26ec79d700 1 -- start start
2024-03-22T06:06:19.933 INFO:teuthology.orchestra.run.smithi006.stdout:/usr/bin/ceph: stderr
2024-03-22T06:06:19.121+0000 7f26ec79d700 1 --2- >> [v2:172.21.15.6:3300/0,v1:172.21.15.6:6789/0] conn(0x7f26e4071300 0x7f26e4111610 unknown :-1 s=NONE pgs=0 cs=0 l=1 rev1=0 crypto rx=0 tx=0 comp rx=0 tx=0).connect
2024-03-22T06:06:19.933 INFO:teuthology.orchestra.run.smithi006.stdout:/usr/bin/ceph: stderr
2024-03-22T06:06:19.121+0000 7f26ec79d700 1 -- --> [v2:172.21.15.6:3300/0,v1:172.21.15.6:6789/0] -- mon_getmap magic: 0 v1 -- 0x7f26e4111b50 con 0x7f26e4071300
2024-03-22T06:06:19.933 INFO:teuthology.orchestra.run.smithi006.stdout:/usr/bin/ceph: stderr
2024-03-22T06:06:19.121+0000 7f26ea539700 1 --2- >> [v2:172.21.15.6:3300/0,v1:172.21.15.6:6789/0] conn(0x7f26e4071300 0x7f26e4111610 unknown :-1 s=BANNER_CONNECTING pgs=0 cs=0 l=1 rev1=0 crypto rx=0 tx=0 comp rx=0 tx=0)._handle_peer_banner_payload supported=3 required=0
2024-03-22T06:06:19.933 INFO:teuthology.orchestra.run.smithi006.stdout:/usr/bin/ceph: stderr
2024-03-22T06:06:19.121+0000 7f26ea539700 1 --2- >> [v2:172.21.15.6:3300/0,v1:172.21.15.6:6789/0] conn(0x7f26e4071300 0x7f26e4111610 unknown :-1 s=HELLO_CONNECTING pgs=0 cs=0 l=1 rev1=1 crypto rx=0 tx=0 comp rx=0 tx=0).handle_hello peer v2:172.21.15.6:3300/0 says I am v2:172.21.15.6:37368/0 (socket says 172.21.15.6:37368)
2024-03-22T06:06:19.933 INFO:teuthology.orchestra.run.smithi006.stdout:/usr/bin/ceph: stderr
2024-03-22T06:06:19.121+0000 7f26ea539700 1 -- 172.21.15.6:0/1634766327 learned_addr learned my addr 172.21.15.6:0/1634766327 (peer_addr_for_me v2:172.21.15.6:0/0)
2024-03-22T06:06:19.933 INFO:teuthology.orchestra.run.smithi006.stdout:/usr/bin/ceph: stderr
2024-03-22T06:06:19.121+0000 7f26ea539700 1 -- 172.21.15.6:0/1634766327 --> [v2:172.21.15.6:3300/0,v1:172.21.15.6:6789/0] -- mon_subscribe({config=0+,monmap=0+}) v3 -- 0x7f26e00094f0 con 0x7f26e4071300
2024-03-22T06:06:19.933 INFO:teuthology.orchestra.run.smithi006.stdout:/usr/bin/ceph: stderr
2024-03-22T06:06:19.121+0000 7f26ea539700 1 --2- 172.21.15.6:0/1634766327 >> [v2:172.21.15.6:3300/0,v1:172.21.15.6:6789/0] conn(0x7f26e4071300 0x7f26e4111610 secure :-1 s=READY pgs=70 cs=0 l=1 rev1=1 crypto rx=0x7f26e00094c0 tx=0x7f26e0009250 comp rx=0 tx=0).ready entity=mon.0 client_cookie=0 server_cookie=0 in_seq=0 out_seq=0
2024-03-22T06:06:19.933 INFO:teuthology.orchestra.run.smithi006.stdout:/usr/bin/ceph: stderr
2024-03-22T06:06:19.123+0000 7f26daffd700 1 -- 172.21.15.6:0/1634766327 <== mon.0 v2:172.21.15.6:3300/0 1 ==== mon_map magic: 0 v1 ==== 229+0+0 (secure 0 0 0) 0x7f26e00118f0 con 0x7f26e4071300
2024-03-22T06:06:19.933 INFO:teuthology.orchestra.run.smithi006.stdout:/usr/bin/ceph: stderr
2024-03-22T06:06:19.123+0000 7f26daffd700 1 -- 172.21.15.6:0/1634766327 <== mon.0 v2:172.21.15.6:3300/0 2 ==== config(27 keys) v1 ==== 1109+0+0 (secure 0 0 0) 0x7f26e0010d60 con 0x7f26e4071300
2024-03-22T06:06:19.933 INFO:teuthology.orchestra.run.smithi006.stdout:/usr/bin/ceph: stderr
2024-03-22T06:06:19.123+0000 7f26ec79d700 1 -- 172.21.15.6:0/1634766327 --> [v2:172.21.15.6:3300/0,v1:172.21.15.6:6789/0] -- mon_subscribe({mgrmap=0+}) v3 -- 0x7f26e4111d50 con 0x7f26e4071300
2024-03-22T06:06:19.933 INFO:teuthology.orchestra.run.smithi006.stdout:/usr/bin/ceph: stderr
2024-03-22T06:06:19.123+0000 7f26daffd700 1 -- 172.21.15.6:0/1634766327 <== mon.0 v2:172.21.15.6:3300/0 3 ==== mon_map magic: 0 v1 ==== 229+0+0 (secure 0 0 0) 0x7f26e001a430 con 0x7f26e4071300
2024-03-22T06:06:19.933 INFO:teuthology.orchestra.run.smithi006.stdout:/usr/bin/ceph: stderr
2024-03-22T06:06:19.124+0000 7f26ec79d700 1 -- 172.21.15.6:0/1634766327 --> [v2:172.21.15.6:3300/0,v1:172.21.15.6:6789/0] -- mon_subscribe({osdmap=0}) v3 -- 0x7f26e41128c0 con 0x7f26e4071300
2024-03-22T06:06:19.934 INFO:teuthology.orchestra.run.smithi006.stdout:/usr/bin/ceph: stderr
2024-03-22T06:06:19.125+0000 7f26ec79d700 1 -- 172.21.15.6:0/1634766327 --> [v2:172.21.15.6:3300/0,v1:172.21.15.6:6789/0] -- mon_command({"prefix": "get_command_descriptions"} v 0) v1 -- 0x7f26e405f5f0 con 0x7f26e4071300
2024-03-22T06:06:19.934 INFO:teuthology.orchestra.run.smithi006.stdout:/usr/bin/ceph: stderr
2024-03-22T06:06:19.125+0000 7f26daffd700 1 -- 172.21.15.6:0/1634766327 <== mon.0 v2:172.21.15.6:3300/0 4 ==== mgrmap(e 9) v1 ==== 43381+0+0 (secure 0 0 0) 0x7f26e0024760 con 0x7f26e4071300
2024-03-22T06:06:19.934 INFO:teuthology.orchestra.run.smithi006.stdout:/usr/bin/ceph: stderr
2024-03-22T06:06:19.125+0000 7f26daffd700 1 --2- 172.21.15.6:0/1634766327 >> [v2:172.21.15.6:6800/3903206979,v1:172.21.15.6:6801/3903206979] conn(0x7f26d0036830 0x7f26d0038ce0 unknown :-1 s=NONE pgs=0 cs=0 l=1 rev1=0 crypto rx=0 tx=0 comp rx=0 tx=0).connect
2024-03-22T06:06:19.934 INFO:teuthology.orchestra.run.smithi006.stdout:/usr/bin/ceph: stderr
2024-03-22T06:06:19.125+0000 7f26e9d38700 1 -- 172.21.15.6:0/1634766327 >> [v2:172.21.15.6:6800/3903206979,v1:172.21.15.6:6801/3903206979] conn(0x7f26d0036830 msgr2=0x7f26d0038ce0 unknown :-1 s=STATE_CONNECTING_RE l=1).process reconnect failed to v2:172.21.15.6:6800/3903206979
2024-03-22T06:06:19.934 INFO:teuthology.orchestra.run.smithi006.stdout:/usr/bin/ceph: stderr
2024-03-22T06:06:19.125+0000 7f26e9d38700 1 --2- 172.21.15.6:0/1634766327 >> [v2:172.21.15.6:6800/3903206979,v1:172.21.15.6:6801/3903206979] conn(0x7f26d0036830 0x7f26d0038ce0 unknown :-1 s=START_CONNECT pgs=0 cs=0 l=1 rev1=0 crypto rx=0 tx=0 comp rx=0 tx=0)._fault waiting 0.200000
2024-03-22T06:06:19.934 INFO:teuthology.orchestra.run.smithi006.stdout:/usr/bin/ceph: stderr
2024-03-22T06:06:19.125+0000 7f26daffd700 1 -- 172.21.15.6:0/1634766327 <== mon.0 v2:172.21.15.6:3300/0 5 ==== osd_map(2..2 src has 1..2) v4 ==== 936+0+0 (secure 0 0 0) 0x7f26e004a510 con 0x7f26e4071300
2024-03-22T06:06:19.934 INFO:teuthology.orchestra.run.smithi006.stdout:/usr/bin/ceph: stderr
2024-03-22T06:06:19.130+0000 7f26daffd700 1 -- 172.21.15.6:0/1634766327 <== mon.0 v2:172.21.15.6:3300/0 6 ==== mon_command_ack([{"prefix": "get_command_descriptions"}]=0 v0) v1 ==== 72+0+176504 (secure 0 0 0) 0x7f26e0022b30 con 0x7f26e4071300
2024-03-22T06:06:19.934 INFO:teuthology.orchestra.run.smithi006.stdout:/usr/bin/ceph: stderr
2024-03-22T06:06:19.326+0000 7f26e9d38700 1 -- 172.21.15.6:0/1634766327 >> [v2:172.21.15.6:6800/3903206979,v1:172.21.15.6:6801/3903206979] conn(0x7f26d0036830 msgr2=0x7f26d0038ce0 unknown :-1 s=STATE_CONNECTING_RE l=1).process reconnect failed to v2:172.21.15.6:6800/3903206979
2024-03-22T06:06:19.934 INFO:teuthology.orchestra.run.smithi006.stdout:/usr/bin/ceph: stderr
2024-03-22T06:06:19.326+0000 7f26e9d38700 1 --2- 172.21.15.6:0/1634766327 >> [v2:172.21.15.6:6800/3903206979,v1:172.21.15.6:6801/3903206979] conn(0x7f26d0036830 0x7f26d0038ce0 unknown :-1 s=START_CONNECT pgs=0 cs=0 l=1 rev1=0 crypto rx=0 tx=0 comp rx=0 tx=0)._fault waiting 0.400000
2024-03-22T06:06:19.934 INFO:teuthology.orchestra.run.smithi006.stdout:/usr/bin/ceph: stderr
2024-03-22T06:06:19.379+0000 7f26ec79d700 1 -- 172.21.15.6:0/1634766327 --> [v2:172.21.15.6:3300/0,v1:172.21.15.6:6789/0] -- mon_command({"prefix": "mgr stat"} v 0) v1 -- 0x7f26e4112c60 con 0x7f26e4071300
2024-03-22T06:06:19.934 INFO:teuthology.orchestra.run.smithi006.stdout:/usr/bin/ceph: stderr
2024-03-22T06:06:19.380+0000 7f26daffd700 1 -- 172.21.15.6:0/1634766327 <== mon.0 v2:172.21.15.6:3300/0 7 ==== mon_command_ack([{"prefix": "mgr stat"}]=0 v9) v1 ==== 56+0+103 (secure 0 0 0) 0x7f26e0010ed0 con 0x7f26e4071300
2024-03-22T06:06:19.934 INFO:teuthology.orchestra.run.smithi006.stdout:/usr/bin/ceph: stderr
2024-03-22T06:06:19.382+0000 7f26ec79d700 1 -- 172.21.15.6:0/1634766327 >> [v2:172.21.15.6:6800/3903206979,v1:172.21.15.6:6801/3903206979] conn(0x7f26d0036830 msgr2=0x7f26d0038ce0 unknown :-1 s=STATE_CONNECTING l=1).mark_down
2024-03-22T06:06:19.934 INFO:teuthology.orchestra.run.smithi006.stdout:/usr/bin/ceph: stderr
2024-03-22T06:06:19.382+0000 7f26ec79d700 1 --2- 172.21.15.6:0/1634766327 >> [v2:172.21.15.6:6800/3903206979,v1:172.21.15.6:6801/3903206979] conn(0x7f26d0036830 0x7f26d0038ce0 unknown :-1 s=START_CONNECT pgs=0 cs=0 l=1 rev1=0 crypto rx=0 tx=0 comp rx=0 tx=0).stop
2024-03-22T06:06:19.934 INFO:teuthology.orchestra.run.smithi006.stdout:/usr/bin/ceph: stderr
2024-03-22T06:06:19.382+0000 7f26ec79d700 1 -- 172.21.15.6:0/1634766327 >> [v2:172.21.15.6:3300/0,v1:172.21.15.6:6789/0] conn(0x7f26e4071300 msgr2=0x7f26e4111610 secure :-1 s=STATE_CONNECTION_ESTABLISHED l=1).mark_down
2024-03-22T06:06:19.935 INFO:teuthology.orchestra.run.smithi006.stdout:/usr/bin/ceph: stderr
2024-03-22T06:06:19.382+0000 7f26ec79d700 1 --2- 172.21.15.6:0/1634766327 >> [v2:172.21.15.6:3300/0,v1:172.21.15.6:6789/0] conn(0x7f26e4071300 0x7f26e4111610 secure :-1 s=READY pgs=70 cs=0 l=1 rev1=1 crypto rx=0x7f26e00094c0 tx=0x7f26e0009250 comp rx=0 tx=0).stop
2024-03-22T06:06:19.935 INFO:teuthology.orchestra.run.smithi006.stdout:/usr/bin/ceph: stderr
2024-03-22T06:06:19.382+0000 7f26ec79d700 1 -- 172.21.15.6:0/1634766327 shutdown_connections
2024-03-22T06:06:19.935 INFO:teuthology.orchestra.run.smithi006.stdout:/usr/bin/ceph: stderr
2024-03-22T06:06:19.382+0000 7f26ec79d700 1 --2- 172.21.15.6:0/1634766327 >> [v2:172.21.15.6:6800/3903206979,v1:172.21.15.6:6801/3903206979] conn(0x7f26d0036830 0x7f26d0038ce0 unknown :-1 s=CLOSED pgs=0 cs=0 l=1 rev1=0 crypto rx=0 tx=0 comp rx=0 tx=0).stop
2024-03-22T06:06:19.935 INFO:teuthology.orchestra.run.smithi006.stdout:/usr/bin/ceph: stderr
2024-03-22T06:06:19.382+0000 7f26ec79d700 1 --2- 172.21.15.6:0/1634766327 >> [v2:172.21.15.6:3300/0,v1:172.21.15.6:6789/0] conn(0x7f26e4071300 0x7f26e4111610 unknown :-1 s=CLOSED pgs=70 cs=0 l=1 rev1=1 crypto rx=0 tx=0 comp rx=0 tx=0).stop
2024-03-22T06:06:19.935 INFO:teuthology.orchestra.run.smithi006.stdout:/usr/bin/ceph: stderr
2024-03-22T06:06:19.382+0000 7f26ec79d700 1 -- 172.21.15.6:0/1634766327 >> 172.21.15.6:0/1634766327 conn(0x7f26e40fcd50 msgr2=0x7f26e40fd940 unknown :-1 s=STATE_NONE l=0).mark_down
2024-03-22T06:06:19.935 INFO:teuthology.orchestra.run.smithi006.stdout:/usr/bin/ceph: stderr
2024-03-22T06:06:19.382+0000 7f26ec79d700 1 -- 172.21.15.6:0/1634766327 shutdown_connections
2024-03-22T06:06:19.935 INFO:teuthology.orchestra.run.smithi006.stdout:/usr/bin/ceph: stderr
2024-03-22T06:06:19.382+0000 7f26ec79d700 1 -- 172.21.15.6:0/1634766327 wait complete.
2024-03-22T06:06:19.935 INFO:teuthology.orchestra.run.smithi006.stdout:Waiting for the mgr to restart...
2024-03-22T06:06:19.935 INFO:teuthology.orchestra.run.smithi006.stdout:Waiting for mgr epoch 9...
2024-03-22T06:06:20.176 INFO:journalctl@ceph.mon.smithi006.smithi006.stdout:Mar 22 06:06:20 smithi006 ceph-mon[29301]: from='client.? 172.21.15.6:0/1634766327' entity='client.admin' cmd=[{"prefix": "mgr stat"}]: dispatch
2024-03-22T06:06:25.282 INFO:journalctl@ceph.mon.smithi006.smithi006.stdout:Mar 22 06:06:24 smithi006 ceph-mon[29301]: Active manager daemon smithi006.sfpxdy restarted
2024-03-22T06:06:25.282 INFO:journalctl@ceph.mon.smithi006.smithi006.stdout:Mar 22 06:06:24 smithi006 ceph-mon[29301]: Activating manager daemon smithi006.sfpxdy
2024-03-22T06:06:25.282 INFO:journalctl@ceph.mon.smithi006.smithi006.stdout:Mar 22 06:06:24 smithi006 ceph-mon[29301]: osdmap e3: 0 total, 0 up, 0 in
2024-03-22T06:06:25.282 INFO:journalctl@ceph.mon.smithi006.smithi006.stdout:Mar 22 06:06:24 smithi006 ceph-mon[29301]: mgrmap e10: smithi006.sfpxdy(active, starting, since 0.00311614s)
2024-03-22T06:06:25.282 INFO:journalctl@ceph.mon.smithi006.smithi006.stdout:Mar 22 06:06:24 smithi006 ceph-mon[29301]: from='mgr.14162 172.21.15.6:0/158535407' entity='mgr.smithi006.sfpxdy' cmd=[{"prefix": "mon metadata", "id": "smithi006"}]: dispatch
2024-03-22T06:06:25.282 INFO:journalctl@ceph.mon.smithi006.smithi006.stdout:Mar 22 06:06:24 smithi006 ceph-mon[29301]: from='mgr.14162 172.21.15.6:0/158535407' entity='mgr.smithi006.sfpxdy' cmd=[{"prefix": "mgr metadata", "who": "smithi006.sfpxdy", "id": "smithi006.sfpxdy"}]: dispatch
2024-03-22T06:06:25.283 INFO:journalctl@ceph.mon.smithi006.smithi006.stdout:Mar 22 06:06:24 smithi006 ceph-mon[29301]: from='mgr.14162 172.21.15.6:0/158535407' entity='mgr.smithi006.sfpxdy' cmd=[{"prefix": "mds metadata"}]: dispatch
2024-03-22T06:06:25.283 INFO:journalctl@ceph.mon.smithi006.smithi006.stdout:Mar 22 06:06:24 smithi006 ceph-mon[29301]: from='mgr.14162 172.21.15.6:0/158535407' entity='mgr.smithi006.sfpxdy' cmd=[{"prefix": "osd metadata"}]: dispatch
2024-03-22T06:06:25.283 INFO:journalctl@ceph.mon.smithi006.smithi006.stdout:Mar 22 06:06:24 smithi006 ceph-mon[29301]: from='mgr.14162 172.21.15.6:0/158535407' entity='mgr.smithi006.sfpxdy' cmd=[{"prefix": "mon metadata"}]: dispatch
2024-03-22T06:06:25.283 INFO:journalctl@ceph.mon.smithi006.smithi006.stdout:Mar 22 06:06:24 smithi006 ceph-mon[29301]: Manager daemon smithi006.sfpxdy is now available
2024-03-22T06:06:25.283 INFO:journalctl@ceph.mon.smithi006.smithi006.stdout:Mar 22 06:06:24 smithi006 ceph-mon[29301]: from='mgr.14162 172.21.15.6:0/158535407' entity='mgr.smithi006.sfpxdy' cmd=[{"prefix": "config dump", "format": "json"}]: dispatch
2024-03-22T06:06:25.283 INFO:journalctl@ceph.mon.smithi006.smithi006.stdout:Mar 22 06:06:24 smithi006 ceph-mon[29301]: from='mgr.14162 172.21.15.6:0/158535407' entity='mgr.smithi006.sfpxdy' cmd=[{"prefix": "config dump", "format": "json"}]: dispatch
2024-03-22T06:06:26.181 INFO:journalctl@ceph.mon.smithi006.smithi006.stdout:Mar 22 06:06:25 smithi006 ceph-mon[29301]: from='mgr.14162 172.21.15.6:0/158535407' entity='mgr.smithi006.sfpxdy' cmd=[{"prefix":"config rm","who":"mgr","name":"mgr/rbd_support/smithi006.sfpxdy/mirror_snapshot_schedule"}]: dispatch
2024-03-22T06:06:26.181 INFO:journalctl@ceph.mon.smithi006.smithi006.stdout:Mar 22 06:06:25 smithi006 ceph-mon[29301]: from='mgr.14162 172.21.15.6:0/158535407' entity='mgr.smithi006.sfpxdy' cmd=[{"prefix":"config rm","who":"mgr","name":"mgr/rbd_support/smithi006.sfpxdy/trash_purge_schedule"}]: dispatch
2024-03-22T06:06:26.181 INFO:journalctl@ceph.mon.smithi006.smithi006.stdout:Mar 22 06:06:25 smithi006 ceph-mon[29301]: mgrmap e11: smithi006.sfpxdy(active, since 1.00541s)
2024-03-22T06:06:26.491 INFO:teuthology.orchestra.run.smithi006.stdout:/usr/bin/ceph: stdout {
2024-03-22T06:06:26.491 INFO:teuthology.orchestra.run.smithi006.stdout:/usr/bin/ceph: stdout "mgrmap_epoch": 11,
2024-03-22T06:06:26.491 INFO:teuthology.orchestra.run.smithi006.stdout:/usr/bin/ceph: stdout "initialized": true
2024-03-22T06:06:26.491 INFO:teuthology.orchestra.run.smithi006.stdout:/usr/bin/ceph: stdout }
2024-03-22T06:06:26.491 INFO:teuthology.orchestra.run.smithi006.stdout:/usr/bin/ceph: stderr
2024-03-22T06:06:20.382+0000 7f524d298700 1 Processor -- start
2024-03-22T06:06:26.491 INFO:teuthology.orchestra.run.smithi006.stdout:/usr/bin/ceph: stderr
2024-03-22T06:06:20.382+0000 7f524d298700 1 -- start start
2024-03-22T06:06:26.491 INFO:teuthology.orchestra.run.smithi006.stdout:/usr/bin/ceph: stderr
2024-03-22T06:06:20.382+0000 7f524d298700 1 --2- >> [v2:172.21.15.6:3300/0,v1:172.21.15.6:6789/0] conn(0x7f5248076bb0 0x7f5248105330 unknown :-1 s=NONE pgs=0 cs=0 l=0 rev1=0 crypto rx=0 tx=0 comp rx=0 tx=0).connect
2024-03-22T06:06:26.491 INFO:teuthology.orchestra.run.smithi006.stdout:/usr/bin/ceph: stderr
2024-03-22T06:06:20.382+0000 7f524d298700 1 -- --> [v2:172.21.15.6:3300/0,v1:172.21.15.6:6789/0] -- mon_getmap magic: 0 v1 -- 0x7f5248105870 con 0x7f5248076bb0
2024-03-22T06:06:26.491 INFO:teuthology.orchestra.run.smithi006.stdout:/usr/bin/ceph: stderr
2024-03-22T06:06:20.382+0000 7f5246ffd700 1 --2- >> [v2:172.21.15.6:3300/0,v1:172.21.15.6:6789/0] conn(0x7f5248076bb0 0x7f5248105330 unknown :-1 s=BANNER_CONNECTING pgs=0 cs=0 l=0 rev1=0 crypto rx=0 tx=0 comp rx=0 tx=0)._handle_peer_banner_payload supported=3 required=0
2024-03-22T06:06:26.491 INFO:teuthology.orchestra.run.smithi006.stdout:/usr/bin/ceph: stderr
2024-03-22T06:06:20.382+0000 7f5246ffd700 1 --2- >> [v2:172.21.15.6:3300/0,v1:172.21.15.6:6789/0] conn(0x7f5248076bb0 0x7f5248105330 unknown :-1 s=HELLO_CONNECTING pgs=0 cs=0 l=0 rev1=1 crypto rx=0 tx=0 comp rx=0 tx=0).handle_hello peer v2:172.21.15.6:3300/0 says I am v2:172.21.15.6:37370/0 (socket says 172.21.15.6:37370)
2024-03-22T06:06:26.491 INFO:teuthology.orchestra.run.smithi006.stdout:/usr/bin/ceph: stderr
2024-03-22T06:06:20.382+0000 7f5246ffd700 1 -- 172.21.15.6:0/2223563384 learned_addr learned my addr 172.21.15.6:0/2223563384 (peer_addr_for_me v2:172.21.15.6:0/0)
2024-03-22T06:06:26.491 INFO:teuthology.orchestra.run.smithi006.stdout:/usr/bin/ceph: stderr
2024-03-22T06:06:20.383+0000 7f5246ffd700 1 -- 172.21.15.6:0/2223563384 --> [v2:172.21.15.6:3300/0,v1:172.21.15.6:6789/0] -- mon_subscribe({config=0+,monmap=0+}) v3 -- 0x7f52481059b0 con 0x7f5248076bb0
2024-03-22T06:06:26.491 INFO:teuthology.orchestra.run.smithi006.stdout:/usr/bin/ceph: stderr
2024-03-22T06:06:20.383+0000 7f5246ffd700 1 --2- 172.21.15.6:0/2223563384 >> [v2:172.21.15.6:3300/0,v1:172.21.15.6:6789/0] conn(0x7f5248076bb0 0x7f5248105330 secure :-1 s=READY pgs=71 cs=0 l=1 rev1=1 crypto rx=0x7f52380098e0 tx=0x7f5238009250 comp rx=0 tx=0).ready entity=mon.0 client_cookie=4bb3bc2e5b418531 server_cookie=0 in_seq=0 out_seq=0
2024-03-22T06:06:26.492 INFO:teuthology.orchestra.run.smithi006.stdout:/usr/bin/ceph: stderr
2024-03-22T06:06:20.383+0000 7f5245ffb700 1 -- 172.21.15.6:0/2223563384 <== mon.0 v2:172.21.15.6:3300/0 1 ==== mon_map magic: 0 v1 ==== 229+0+0 (secure 0 0 0) 0x7f523800b860 con 0x7f5248076bb0
2024-03-22T06:06:26.492 INFO:teuthology.orchestra.run.smithi006.stdout:/usr/bin/ceph: stderr
2024-03-22T06:06:20.383+0000 7f5245ffb700 1 -- 172.21.15.6:0/2223563384 <== mon.0 v2:172.21.15.6:3300/0 2 ==== config(27 keys) v1 ==== 1109+0+0 (secure 0 0 0) 0x7f523800be90 con 0x7f5248076bb0
2024-03-22T06:06:26.492 INFO:teuthology.orchestra.run.smithi006.stdout:/usr/bin/ceph: stderr
2024-03-22T06:06:20.383+0000 7f5245ffb700 1 -- 172.21.15.6:0/2223563384 <== mon.0 v2:172.21.15.6:3300/0 3 ==== mon_map magic: 0 v1 ==== 229+0+0 (secure 0 0 0) 0x7f52380103c0 con 0x7f5248076bb0
2024-03-22T06:06:26.492 INFO:teuthology.orchestra.run.smithi006.stdout:/usr/bin/ceph: stderr
2024-03-22T06:06:20.384+0000 7f524d298700 1 -- 172.21.15.6:0/2223563384 >> [v2:172.21.15.6:3300/0,v1:172.21.15.6:6789/0] conn(0x7f5248076bb0 msgr2=0x7f5248105330 secure :-1 s=STATE_CONNECTION_ESTABLISHED l=1).mark_down
2024-03-22T06:06:26.492 INFO:teuthology.orchestra.run.smithi006.stdout:/usr/bin/ceph: stderr
2024-03-22T06:06:20.384+0000 7f524d298700 1 --2- 172.21.15.6:0/2223563384 >> [v2:172.21.15.6:3300/0,v1:172.21.15.6:6789/0] conn(0x7f5248076bb0 0x7f5248105330 secure :-1 s=READY pgs=71 cs=0 l=1 rev1=1 crypto rx=0x7f52380098e0 tx=0x7f5238009250 comp rx=0 tx=0).stop
2024-03-22T06:06:26.492 INFO:teuthology.orchestra.run.smithi006.stdout:/usr/bin/ceph: stderr
2024-03-22T06:06:20.384+0000 7f524d298700 1 -- 172.21.15.6:0/2223563384 shutdown_connections
2024-03-22T06:06:26.492 INFO:teuthology.orchestra.run.smithi006.stdout:/usr/bin/ceph: stderr
2024-03-22T06:06:20.384+0000 7f524d298700 1 --2- 172.21.15.6:0/2223563384 >> [v2:172.21.15.6:3300/0,v1:172.21.15.6:6789/0] conn(0x7f5248076bb0 0x7f5248105330 unknown :-1 s=CLOSED pgs=71 cs=0 l=1 rev1=1 crypto rx=0 tx=0 comp rx=0 tx=0).stop
2024-03-22T06:06:26.492 INFO:teuthology.orchestra.run.smithi006.stdout:/usr/bin/ceph: stderr
2024-03-22T06:06:20.384+0000 7f524d298700 1 -- 172.21.15.6:0/2223563384 >> 172.21.15.6:0/2223563384 conn(0x7f52480fcde0 msgr2=0x7f52480ff1f0 unknown :-1 s=STATE_NONE l=0).mark_down
2024-03-22T06:06:26.492 INFO:teuthology.orchestra.run.smithi006.stdout:/usr/bin/ceph: stderr
2024-03-22T06:06:20.384+0000 7f524d298700 1 -- 172.21.15.6:0/2223563384 shutdown_connections
2024-03-22T06:06:26.492 INFO:teuthology.orchestra.run.smithi006.stdout:/usr/bin/ceph: stderr
2024-03-22T06:06:20.384+0000 7f524d298700 1 -- 172.21.15.6:0/2223563384 wait complete.
2024-03-22T06:06:26.492 INFO:teuthology.orchestra.run.smithi006.stdout:/usr/bin/ceph: stderr
2024-03-22T06:06:20.385+0000 7f524d298700 1 Processor -- start
2024-03-22T06:06:26.492 INFO:teuthology.orchestra.run.smithi006.stdout:/usr/bin/ceph: stderr
2024-03-22T06:06:20.385+0000 7f524d298700 1 -- start start
2024-03-22T06:06:26.492 INFO:teuthology.orchestra.run.smithi006.stdout:/usr/bin/ceph: stderr
2024-03-22T06:06:20.385+0000 7f524d298700 1 --2- >> [v2:172.21.15.6:3300/0,v1:172.21.15.6:6789/0] conn(0x7f5248076bb0 0x7f5248111580 unknown :-1 s=NONE pgs=0 cs=0 l=1 rev1=0 crypto rx=0 tx=0 comp rx=0 tx=0).connect
2024-03-22T06:06:26.492 INFO:teuthology.orchestra.run.smithi006.stdout:/usr/bin/ceph: stderr
2024-03-22T06:06:20.385+0000 7f524d298700 1 -- --> [v2:172.21.15.6:3300/0,v1:172.21.15.6:6789/0] -- mon_getmap magic: 0 v1 -- 0x7f5248111ac0 con 0x7f5248076bb0
2024-03-22T06:06:26.492 INFO:teuthology.orchestra.run.smithi006.stdout:/usr/bin/ceph: stderr
2024-03-22T06:06:20.385+0000 7f5246ffd700 1 --2- >> [v2:172.21.15.6:3300/0,v1:172.21.15.6:6789/0] conn(0x7f5248076bb0 0x7f5248111580 unknown :-1 s=BANNER_CONNECTING pgs=0 cs=0 l=1 rev1=0 crypto rx=0 tx=0 comp rx=0 tx=0)._handle_peer_banner_payload supported=3 required=0
2024-03-22T06:06:26.492 INFO:teuthology.orchestra.run.smithi006.stdout:/usr/bin/ceph: stderr
2024-03-22T06:06:20.385+0000 7f5246ffd700 1 --2- >> [v2:172.21.15.6:3300/0,v1:172.21.15.6:6789/0] conn(0x7f5248076bb0 0x7f5248111580 unknown :-1 s=HELLO_CONNECTING pgs=0 cs=0 l=1 rev1=1 crypto rx=0 tx=0 comp rx=0 tx=0).handle_hello peer v2:172.21.15.6:3300/0 says I am v2:172.21.15.6:37380/0 (socket says 172.21.15.6:37380)
2024-03-22T06:06:26.493 INFO:teuthology.orchestra.run.smithi006.stdout:/usr/bin/ceph: stderr
2024-03-22T06:06:20.385+0000 7f5246ffd700 1 -- 172.21.15.6:0/1406100262 learned_addr learned my addr 172.21.15.6:0/1406100262 (peer_addr_for_me v2:172.21.15.6:0/0)
2024-03-22T06:06:26.493 INFO:teuthology.orchestra.run.smithi006.stdout:/usr/bin/ceph: stderr
2024-03-22T06:06:20.385+0000 7f5246ffd700 1 -- 172.21.15.6:0/1406100262 --> [v2:172.21.15.6:3300/0,v1:172.21.15.6:6789/0] -- mon_subscribe({config=0+,monmap=0+}) v3 -- 0x7f52380094f0 con 0x7f5248076bb0
2024-03-22T06:06:26.493 INFO:teuthology.orchestra.run.smithi006.stdout:/usr/bin/ceph: stderr
2024-03-22T06:06:20.386+0000 7f5246ffd700 1 --2- 172.21.15.6:0/1406100262 >> [v2:172.21.15.6:3300/0,v1:172.21.15.6:6789/0] conn(0x7f5248076bb0 0x7f5248111580 secure :-1 s=READY pgs=72 cs=0 l=1 rev1=1 crypto rx=0x7f52380094c0 tx=0x7f5238009250 comp rx=0 tx=0).ready entity=mon.0 client_cookie=0 server_cookie=0 in_seq=0 out_seq=0
2024-03-22T06:06:26.493 INFO:teuthology.orchestra.run.smithi006.stdout:/usr/bin/ceph: stderr
2024-03-22T06:06:20.386+0000 7f522f7fe700 1 -- 172.21.15.6:0/1406100262 <== mon.0 v2:172.21.15.6:3300/0 1 ==== mon_map magic: 0 v1 ==== 229+0+0 (secure 0 0 0) 0x7f5238010890 con 0x7f5248076bb0
2024-03-22T06:06:26.493 INFO:teuthology.orchestra.run.smithi006.stdout:/usr/bin/ceph: stderr
2024-03-22T06:06:20.386+0000 7f522f7fe700 1 -- 172.21.15.6:0/1406100262 <== mon.0 v2:172.21.15.6:3300/0 2 ==== config(27 keys) v1 ==== 1109+0+0 (secure 0 0 0) 0x7f5238010ec0 con 0x7f5248076bb0
2024-03-22T06:06:26.493 INFO:teuthology.orchestra.run.smithi006.stdout:/usr/bin/ceph: stderr
2024-03-22T06:06:20.386+0000 7f524d298700 1 -- 172.21.15.6:0/1406100262 --> [v2:172.21.15.6:3300/0,v1:172.21.15.6:6789/0] -- mon_subscribe({mgrmap=0+}) v3 -- 0x7f5248111cc0 con 0x7f5248076bb0
2024-03-22T06:06:26.493 INFO:teuthology.orchestra.run.smithi006.stdout:/usr/bin/ceph: stderr
2024-03-22T06:06:20.386+0000 7f522f7fe700 1 -- 172.21.15.6:0/1406100262 <== mon.0 v2:172.21.15.6:3300/0 3 ==== mon_map magic: 0 v1 ==== 229+0+0 (secure 0 0 0) 0x7f52380243f0 con 0x7f5248076bb0
2024-03-22T06:06:26.493 INFO:teuthology.orchestra.run.smithi006.stdout:/usr/bin/ceph: stderr
2024-03-22T06:06:20.386+0000 7f524d298700 1 -- 172.21.15.6:0/1406100262 --> [v2:172.21.15.6:3300/0,v1:172.21.15.6:6789/0] -- mon_subscribe({osdmap=0}) v3 -- 0x7f5248112830 con 0x7f5248076bb0
2024-03-22T06:06:26.493 INFO:teuthology.orchestra.run.smithi006.stdout:/usr/bin/ceph: stderr
2024-03-22T06:06:20.387+0000 7f522f7fe700 1 -- 172.21.15.6:0/1406100262 <== mon.0 v2:172.21.15.6:3300/0 4 ==== mgrmap(e 9) v1 ==== 43381+0+0 (secure 0 0 0) 0x7f523802d3f0 con 0x7f5248076bb0
2024-03-22T06:06:26.493 INFO:teuthology.orchestra.run.smithi006.stdout:/usr/bin/ceph: stderr
2024-03-22T06:06:20.387+0000 7f522f7fe700 1 --2- 172.21.15.6:0/1406100262 >> [v2:172.21.15.6:6800/3903206979,v1:172.21.15.6:6801/3903206979] conn(0x7f52300367e0 0x7f5230038c90 unknown :-1 s=NONE pgs=0 cs=0 l=1 rev1=0 crypto rx=0 tx=0 comp rx=0 tx=0).connect
2024-03-22T06:06:26.493 INFO:teuthology.orchestra.run.smithi006.stdout:/usr/bin/ceph: stderr
2024-03-22T06:06:20.387+0000 7f522f7fe700 1 -- 172.21.15.6:0/1406100262 --> [v2:172.21.15.6:6800/3903206979,v1:172.21.15.6:6801/3903206979] -- command(tid 0: {"prefix": "get_command_descriptions"}) v1 -- 0x7f52300393a0 con 0x7f52300367e0
2024-03-22T06:06:26.493 INFO:teuthology.orchestra.run.smithi006.stdout:/usr/bin/ceph: stderr
2024-03-22T06:06:20.387+0000 7f522f7fe700 1 -- 172.21.15.6:0/1406100262 <== mon.0 v2:172.21.15.6:3300/0 5 ==== osd_map(2..2 src has 1..2) v4 ==== 936+0+0 (secure 0 0 0) 0x7f523804a330 con 0x7f5248076bb0
2024-03-22T06:06:26.493 INFO:teuthology.orchestra.run.smithi006.stdout:/usr/bin/ceph: stderr
2024-03-22T06:06:20.387+0000 7f52467fc700 1 -- 172.21.15.6:0/1406100262 >> [v2:172.21.15.6:6800/3903206979,v1:172.21.15.6:6801/3903206979] conn(0x7f52300367e0 msgr2=0x7f5230038c90 unknown :-1 s=STATE_CONNECTING_RE l=1).process reconnect failed to v2:172.21.15.6:6800/3903206979
2024-03-22T06:06:26.493 INFO:teuthology.orchestra.run.smithi006.stdout:/usr/bin/ceph: stderr
2024-03-22T06:06:20.387+0000 7f52467fc700 1 --2- 172.21.15.6:0/1406100262 >> [v2:172.21.15.6:6800/3903206979,v1:172.21.15.6:6801/3903206979] conn(0x7f52300367e0 0x7f5230038c90 unknown :-1 s=START_CONNECT pgs=0 cs=0 l=1 rev1=0 crypto rx=0 tx=0 comp rx=0 tx=0)._fault waiting 0.200000
2024-03-22T06:06:26.493 INFO:teuthology.orchestra.run.smithi006.stdout:/usr/bin/ceph: stderr
2024-03-22T06:06:20.588+0000 7f52467fc700 1 -- 172.21.15.6:0/1406100262 >> [v2:172.21.15.6:6800/3903206979,v1:172.21.15.6:6801/3903206979] conn(0x7f52300367e0 msgr2=0x7f5230038c90 unknown :-1 s=STATE_CONNECTING_RE l=1).process reconnect failed to v2:172.21.15.6:6800/3903206979
2024-03-22T06:06:26.494 INFO:teuthology.orchestra.run.smithi006.stdout:/usr/bin/ceph: stderr
2024-03-22T06:06:20.588+0000 7f52467fc700 1 --2- 172.21.15.6:0/1406100262 >> [v2:172.21.15.6:6800/3903206979,v1:172.21.15.6:6801/3903206979] conn(0x7f52300367e0 0x7f5230038c90 unknown :-1 s=START_CONNECT pgs=0 cs=0 l=1 rev1=0 crypto rx=0 tx=0 comp rx=0 tx=0)._fault waiting 0.400000
2024-03-22T06:06:26.494 INFO:teuthology.orchestra.run.smithi006.stdout:/usr/bin/ceph: stderr
2024-03-22T06:06:20.989+0000 7f52467fc700 1 -- 172.21.15.6:0/1406100262 >> [v2:172.21.15.6:6800/3903206979,v1:172.21.15.6:6801/3903206979] conn(0x7f52300367e0 msgr2=0x7f5230038c90 unknown :-1 s=STATE_CONNECTING_RE l=1).process reconnect failed to v2:172.21.15.6:6800/3903206979
2024-03-22T06:06:26.494 INFO:teuthology.orchestra.run.smithi006.stdout:/usr/bin/ceph: stderr
2024-03-22T06:06:20.989+0000 7f52467fc700 1 --2- 172.21.15.6:0/1406100262 >> [v2:172.21.15.6:6800/3903206979,v1:172.21.15.6:6801/3903206979] conn(0x7f52300367e0 0x7f5230038c90 unknown :-1 s=START_CONNECT pgs=0 cs=0 l=1 rev1=0 crypto rx=0 tx=0 comp rx=0 tx=0)._fault waiting 0.800000
2024-03-22T06:06:26.494 INFO:teuthology.orchestra.run.smithi006.stdout:/usr/bin/ceph: stderr
2024-03-22T06:06:21.790+0000 7f52467fc700 1 -- 172.21.15.6:0/1406100262 >> [v2:172.21.15.6:6800/3903206979,v1:172.21.15.6:6801/3903206979] conn(0x7f52300367e0 msgr2=0x7f5230038c90 unknown :-1 s=STATE_CONNECTING_RE l=1).process reconnect failed to v2:172.21.15.6:6800/3903206979
2024-03-22T06:06:26.494 INFO:teuthology.orchestra.run.smithi006.stdout:/usr/bin/ceph: stderr
2024-03-22T06:06:21.790+0000 7f52467fc700 1 --2- 172.21.15.6:0/1406100262 >> [v2:172.21.15.6:6800/3903206979,v1:172.21.15.6:6801/3903206979] conn(0x7f52300367e0 0x7f5230038c90 unknown :-1 s=START_CONNECT pgs=0 cs=0 l=1 rev1=0 crypto rx=0 tx=0 comp rx=0 tx=0)._fault waiting 1.600000
2024-03-22T06:06:26.494 INFO:teuthology.orchestra.run.smithi006.stdout:/usr/bin/ceph: stderr
2024-03-22T06:06:23.391+0000 7f52467fc700 1 -- 172.21.15.6:0/1406100262 >> [v2:172.21.15.6:6800/3903206979,v1:172.21.15.6:6801/3903206979] conn(0x7f52300367e0 msgr2=0x7f5230038c90 unknown :-1 s=STATE_CONNECTING_RE l=1).process reconnect failed to v2:172.21.15.6:6800/3903206979
2024-03-22T06:06:26.494 INFO:teuthology.orchestra.run.smithi006.stdout:/usr/bin/ceph: stderr
2024-03-22T06:06:23.391+0000 7f52467fc700 1 --2- 172.21.15.6:0/1406100262 >> [v2:172.21.15.6:6800/3903206979,v1:172.21.15.6:6801/3903206979] conn(0x7f52300367e0 0x7f5230038c90 unknown :-1 s=START_CONNECT pgs=0 cs=0 l=1 rev1=0 crypto rx=0 tx=0 comp rx=0 tx=0)._fault waiting 3.200000
2024-03-22T06:06:26.494 INFO:teuthology.orchestra.run.smithi006.stdout:/usr/bin/ceph: stderr
2024-03-22T06:06:24.833+0000 7f522f7fe700 1 -- 172.21.15.6:0/1406100262 <== mon.0 v2:172.21.15.6:3300/0 6 ==== mgrmap(e 10) v1 ==== 43148+0+0 (secure 0 0 0) 0x7f523802d740 con 0x7f5248076bb0
2024-03-22T06:06:26.494 INFO:teuthology.orchestra.run.smithi006.stdout:/usr/bin/ceph: stderr
2024-03-22T06:06:24.833+0000 7f522f7fe700 1 -- 172.21.15.6:0/1406100262 >> [v2:172.21.15.6:6800/3903206979,v1:172.21.15.6:6801/3903206979] conn(0x7f52300367e0 msgr2=0x7f5230038c90 unknown :-1 s=STATE_CONNECTING l=1).mark_down
2024-03-22T06:06:26.494 INFO:teuthology.orchestra.run.smithi006.stdout:/usr/bin/ceph: stderr
2024-03-22T06:06:24.833+0000 7f522f7fe700 1 --2- 172.21.15.6:0/1406100262 >> [v2:172.21.15.6:6800/3903206979,v1:172.21.15.6:6801/3903206979] conn(0x7f52300367e0 0x7f5230038c90 unknown :-1 s=START_CONNECT pgs=0 cs=0 l=1 rev1=0 crypto rx=0 tx=0 comp rx=0 tx=0).stop
2024-03-22T06:06:26.494 INFO:teuthology.orchestra.run.smithi006.stdout:/usr/bin/ceph: stderr
2024-03-22T06:06:25.834+0000 7f522f7fe700 1 -- 172.21.15.6:0/1406100262 <== mon.0 v2:172.21.15.6:3300/0 7 ==== mgrmap(e 11) v1 ==== 43275+0+0 (secure 0 0 0) 0x7f523801a7e0 con 0x7f5248076bb0
2024-03-22T06:06:26.494 INFO:teuthology.orchestra.run.smithi006.stdout:/usr/bin/ceph: stderr
2024-03-22T06:06:25.834+0000 7f522f7fe700 1 --2- 172.21.15.6:0/1406100262 >> [v2:172.21.15.6:6800/358732355,v1:172.21.15.6:6801/358732355] conn(0x7f523003a070 0x7f523003c450 unknown :-1 s=NONE pgs=0 cs=0 l=1 rev1=0 crypto rx=0 tx=0 comp rx=0 tx=0).connect
2024-03-22T06:06:26.494 INFO:teuthology.orchestra.run.smithi006.stdout:/usr/bin/ceph: stderr
2024-03-22T06:06:25.834+0000 7f522f7fe700 1 -- 172.21.15.6:0/1406100262 --> [v2:172.21.15.6:6800/358732355,v1:172.21.15.6:6801/358732355] -- command(tid 0: {"prefix": "get_command_descriptions"}) v1 -- 0x7f52300393a0 con 0x7f523003a070
2024-03-22T06:06:26.494 INFO:teuthology.orchestra.run.smithi006.stdout:/usr/bin/ceph: stderr
2024-03-22T06:06:25.834+0000 7f52467fc700 1 --2- 172.21.15.6:0/1406100262 >> [v2:172.21.15.6:6800/358732355,v1:172.21.15.6:6801/358732355] conn(0x7f523003a070 0x7f523003c450 unknown :-1 s=BANNER_CONNECTING pgs=0 cs=0 l=1 rev1=0 crypto rx=0 tx=0 comp rx=0 tx=0)._handle_peer_banner_payload supported=3 required=0
2024-03-22T06:06:26.494 INFO:teuthology.orchestra.run.smithi006.stdout:/usr/bin/ceph: stderr
2024-03-22T06:06:25.835+0000 7f52467fc700 1 --2- 172.21.15.6:0/1406100262 >> [v2:172.21.15.6:6800/358732355,v1:172.21.15.6:6801/358732355] conn(0x7f523003a070 0x7f523003c450 secure :-1 s=READY pgs=2 cs=0 l=1 rev1=1 crypto rx=0x7f523c0039d0 tx=0x7f523c0092f0 comp rx=0 tx=0).ready entity=mgr.14162 client_cookie=0 server_cookie=0 in_seq=0 out_seq=0
2024-03-22T06:06:26.494 INFO:teuthology.orchestra.run.smithi006.stdout:/usr/bin/ceph: stderr
2024-03-22T06:06:25.836+0000 7f522f7fe700 1 -- 172.21.15.6:0/1406100262 <== mgr.14162 v2:172.21.15.6:6800/358732355 1 ==== command_reply(tid 0: 0 ) v1 ==== 8+0+6549 (secure 0 0 0) 0x7f52300393a0 con 0x7f523003a070
2024-03-22T06:06:26.495 INFO:teuthology.orchestra.run.smithi006.stdout:/usr/bin/ceph: stderr
2024-03-22T06:06:25.846+0000 7f524d298700 1 -- 172.21.15.6:0/1406100262 --> [v2:172.21.15.6:6800/358732355,v1:172.21.15.6:6801/358732355] -- command(tid 1: {"prefix": "mgr_status"}) v1 -- 0x7f5248112150 con 0x7f523003a070
2024-03-22T06:06:26.495 INFO:teuthology.orchestra.run.smithi006.stdout:/usr/bin/ceph: stderr
2024-03-22T06:06:25.846+0000 7f522f7fe700 1 -- 172.21.15.6:0/1406100262 <== mgr.14162 v2:172.21.15.6:6800/358732355 2 ==== command_reply(tid 1: 0 ) v1 ==== 8+0+52 (secure 0 0 0) 0x7f5248112150 con 0x7f523003a070
2024-03-22T06:06:26.495 INFO:teuthology.orchestra.run.smithi006.stdout:/usr/bin/ceph: stderr
2024-03-22T06:06:25.847+0000 7f524d298700 1 -- 172.21.15.6:0/1406100262 >> [v2:172.21.15.6:6800/358732355,v1:172.21.15.6:6801/358732355] conn(0x7f523003a070 msgr2=0x7f523003c450 secure :-1 s=STATE_CONNECTION_ESTABLISHED l=1).mark_down
2024-03-22T06:06:26.495 INFO:teuthology.orchestra.run.smithi006.stdout:/usr/bin/ceph: stderr
2024-03-22T06:06:25.847+0000 7f524d298700 1 --2- 172.21.15.6:0/1406100262 >> [v2:172.21.15.6:6800/358732355,v1:172.21.15.6:6801/358732355] conn(0x7f523003a070 0x7f523003c450 secure :-1 s=READY pgs=2 cs=0 l=1 rev1=1 crypto rx=0x7f523c0039d0 tx=0x7f523c0092f0 comp rx=0 tx=0).stop
2024-03-22T06:06:26.495 INFO:teuthology.orchestra.run.smithi006.stdout:/usr/bin/ceph: stderr
2024-03-22T06:06:25.847+0000 7f524d298700 1 -- 172.21.15.6:0/1406100262 >> [v2:172.21.15.6:3300/0,v1:172.21.15.6:6789/0] conn(0x7f5248076bb0 msgr2=0x7f5248111580 secure :-1 s=STATE_CONNECTION_ESTABLISHED l=1).mark_down
2024-03-22T06:06:26.495 INFO:teuthology.orchestra.run.smithi006.stdout:/usr/bin/ceph: stderr
2024-03-22T06:06:25.847+0000 7f524d298700 1 --2- 172.21.15.6:0/1406100262 >> [v2:172.21.15.6:3300/0,v1:172.21.15.6:6789/0] conn(0x7f5248076bb0 0x7f5248111580 secure :-1 s=READY pgs=72 cs=0 l=1 rev1=1 crypto rx=0x7f52380094c0 tx=0x7f5238009250 comp rx=0 tx=0).stop
2024-03-22T06:06:26.495 INFO:teuthology.orchestra.run.smithi006.stdout:/usr/bin/ceph: stderr
2024-03-22T06:06:25.847+0000 7f524d298700 1 -- 172.21.15.6:0/1406100262 shutdown_connections
2024-03-22T06:06:26.495 INFO:teuthology.orchestra.run.smithi006.stdout:/usr/bin/ceph: stderr
2024-03-22T06:06:25.847+0000 7f524d298700 1 --2- 172.21.15.6:0/1406100262 >> [v2:172.21.15.6:6800/358732355,v1:172.21.15.6:6801/358732355] conn(0x7f523003a070 0x7f523003c450 unknown :-1 s=CLOSED pgs=2 cs=0 l=1 rev1=1 crypto rx=0 tx=0 comp rx=0 tx=0).stop
2024-03-22T06:06:26.495 INFO:teuthology.orchestra.run.smithi006.stdout:/usr/bin/ceph: stderr
2024-03-22T06:06:25.847+0000 7f524d298700 1 --2- 172.21.15.6:0/1406100262 >> [v2:172.21.15.6:3300/0,v1:172.21.15.6:6789/0] conn(0x7f5248076bb0 0x7f5248111580 unknown :-1 s=CLOSED pgs=72 cs=0 l=1 rev1=1 crypto rx=0 tx=0 comp rx=0 tx=0).stop
2024-03-22T06:06:26.495 INFO:teuthology.orchestra.run.smithi006.stdout:/usr/bin/ceph: stderr
2024-03-22T06:06:25.847+0000 7f524d298700 1 --2- 172.21.15.6:0/1406100262 >> [v2:172.21.15.6:6800/3903206979,v1:172.21.15.6:6801/3903206979] conn(0x7f52300367e0 0x7f5230038c90 unknown :-1 s=CLOSED pgs=0 cs=0 l=1 rev1=0 crypto rx=0 tx=0 comp rx=0 tx=0).stop
2024-03-22T06:06:26.495 INFO:teuthology.orchestra.run.smithi006.stdout:/usr/bin/ceph: stderr
2024-03-22T06:06:25.847+0000 7f524d298700 1 -- 172.21.15.6:0/1406100262 >> 172.21.15.6:0/1406100262 conn(0x7f52480fcde0 msgr2=0x7f52480fd930 unknown :-1 s=STATE_NONE l=0).mark_down
2024-03-22T06:06:26.495 INFO:teuthology.orchestra.run.smithi006.stdout:/usr/bin/ceph: stderr
2024-03-22T06:06:25.847+0000 7f524d298700 1 -- 172.21.15.6:0/1406100262 shutdown_connections
2024-03-22T06:06:26.495 INFO:teuthology.orchestra.run.smithi006.stdout:/usr/bin/ceph: stderr
2024-03-22T06:06:25.847+0000 7f524d298700 1 -- 172.21.15.6:0/1406100262 wait complete.
2024-03-22T06:06:26.495 INFO:teuthology.orchestra.run.smithi006.stdout:mgr epoch 9 is available
2024-03-22T06:06:26.495 INFO:teuthology.orchestra.run.smithi006.stdout:Generating a dashboard self-signed certificate...
2024-03-22T06:06:27.125 INFO:journalctl@ceph.mon.smithi006.smithi006.stdout:Mar 22 06:06:26 smithi006 ceph-mon[29301]: from='client.14166 -' entity='client.admin' cmd=[{"prefix": "get_command_descriptions"}]: dispatch
2024-03-22T06:06:27.125 INFO:journalctl@ceph.mon.smithi006.smithi006.stdout:Mar 22 06:06:26 smithi006 ceph-mon[29301]: from='client.14166 -' entity='client.admin' cmd=[{"prefix": "mgr_status"}]: dispatch
2024-03-22T06:06:27.125 INFO:journalctl@ceph.mon.smithi006.smithi006.stdout:Mar 22 06:06:26 smithi006 ceph-mon[29301]: from='mgr.14162 172.21.15.6:0/158535407' entity='mgr.smithi006.sfpxdy'
2024-03-22T06:06:27.789 INFO:teuthology.orchestra.run.smithi006.stdout:/usr/bin/ceph: stdout Self-signed certificate created
2024-03-22T06:06:27.789 INFO:teuthology.orchestra.run.smithi006.stdout:/usr/bin/ceph: stderr
2024-03-22T06:06:26.909+0000 7fda2320f700 1 Processor -- start
2024-03-22T06:06:27.789 INFO:teuthology.orchestra.run.smithi006.stdout:/usr/bin/ceph: stderr
2024-03-22T06:06:26.909+0000 7fda2320f700 1 -- start start
2024-03-22T06:06:27.789 INFO:teuthology.orchestra.run.smithi006.stdout:/usr/bin/ceph: stderr
2024-03-22T06:06:26.909+0000 7fda2320f700 1 --2- >> [v2:172.21.15.6:3300/0,v1:172.21.15.6:6789/0] conn(0x7fda1c1016e0 0x7fda1c101af0 unknown :-1 s=NONE pgs=0 cs=0 l=0 rev1=0 crypto rx=0 tx=0 comp rx=0 tx=0).connect
2024-03-22T06:06:27.789 INFO:teuthology.orchestra.run.smithi006.stdout:/usr/bin/ceph: stderr
2024-03-22T06:06:26.909+0000 7fda2320f700 1 -- --> [v2:172.21.15.6:3300/0,v1:172.21.15.6:6789/0] -- mon_getmap magic: 0 v1 -- 0x7fda1c102030 con 0x7fda1c1016e0
2024-03-22T06:06:27.789 INFO:teuthology.orchestra.run.smithi006.stdout:/usr/bin/ceph: stderr
2024-03-22T06:06:26.909+0000 7fda20fab700 1 --2- >> [v2:172.21.15.6:3300/0,v1:172.21.15.6:6789/0] conn(0x7fda1c1016e0 0x7fda1c101af0 unknown :-1 s=BANNER_CONNECTING pgs=0 cs=0 l=0 rev1=0 crypto rx=0 tx=0 comp rx=0 tx=0)._handle_peer_banner_payload supported=3 required=0
2024-03-22T06:06:27.789 INFO:teuthology.orchestra.run.smithi006.stdout:/usr/bin/ceph: stderr
2024-03-22T06:06:26.909+0000 7fda20fab700 1 --2- >> [v2:172.21.15.6:3300/0,v1:172.21.15.6:6789/0] conn(0x7fda1c1016e0 0x7fda1c101af0 unknown :-1 s=HELLO_CONNECTING pgs=0 cs=0 l=0 rev1=1 crypto rx=0 tx=0 comp rx=0 tx=0).handle_hello peer v2:172.21.15.6:3300/0 says I am v2:172.21.15.6:41330/0 (socket says 172.21.15.6:41330)
2024-03-22T06:06:27.789 INFO:teuthology.orchestra.run.smithi006.stdout:/usr/bin/ceph: stderr
2024-03-22T06:06:26.909+0000 7fda20fab700 1 -- 172.21.15.6:0/549074573 learned_addr learned my addr 172.21.15.6:0/549074573 (peer_addr_for_me v2:172.21.15.6:0/0)
2024-03-22T06:06:27.789 INFO:teuthology.orchestra.run.smithi006.stdout:/usr/bin/ceph: stderr
2024-03-22T06:06:26.910+0000 7fda20fab700 1 -- 172.21.15.6:0/549074573 --> [v2:172.21.15.6:3300/0,v1:172.21.15.6:6789/0] -- mon_subscribe({config=0+,monmap=0+}) v3 -- 0x7fda1c102170 con 0x7fda1c1016e0
2024-03-22T06:06:27.789 INFO:teuthology.orchestra.run.smithi006.stdout:/usr/bin/ceph: stderr
2024-03-22T06:06:26.910+0000 7fda20fab700 1 --2- 172.21.15.6:0/549074573 >> [v2:172.21.15.6:3300/0,v1:172.21.15.6:6789/0] conn(0x7fda1c1016e0 0x7fda1c101af0 secure :-1 s=READY pgs=80 cs=0 l=1 rev1=1 crypto rx=0x7fda1000bb80 tx=0x7fda1000b4f0 comp rx=0 tx=0).ready entity=mon.0 client_cookie=e3577f927d96932e server_cookie=0 in_seq=0 out_seq=0
2024-03-22T06:06:27.789 INFO:teuthology.orchestra.run.smithi006.stdout:/usr/bin/ceph: stderr
2024-03-22T06:06:26.910+0000 7fda1b7fe700 1 -- 172.21.15.6:0/549074573 <== mon.0 v2:172.21.15.6:3300/0 1 ==== mon_map magic: 0 v1 ==== 229+0+0 (secure 0 0 0) 0x7fda1000dd00 con 0x7fda1c1016e0
2024-03-22T06:06:27.789 INFO:teuthology.orchestra.run.smithi006.stdout:/usr/bin/ceph: stderr
2024-03-22T06:06:26.910+0000 7fda1b7fe700 1 -- 172.21.15.6:0/549074573 <== mon.0 v2:172.21.15.6:3300/0 2 ==== config(27 keys) v1 ==== 1109+0+0 (secure 0 0 0) 0x7fda1000de60 con 0x7fda1c1016e0
2024-03-22T06:06:27.789 INFO:teuthology.orchestra.run.smithi006.stdout:/usr/bin/ceph: stderr
2024-03-22T06:06:26.910+0000 7fda1b7fe700 1 -- 172.21.15.6:0/549074573 <== mon.0 v2:172.21.15.6:3300/0 3 ==== mon_map magic: 0 v1 ==== 229+0+0 (secure 0 0 0) 0x7fda10018920 con 0x7fda1c1016e0
2024-03-22T06:06:27.790 INFO:teuthology.orchestra.run.smithi006.stdout:/usr/bin/ceph: stderr
2024-03-22T06:06:26.911+0000 7fda2320f700 1 -- 172.21.15.6:0/549074573 >> [v2:172.21.15.6:3300/0,v1:172.21.15.6:6789/0] conn(0x7fda1c1016e0 msgr2=0x7fda1c101af0 secure :-1 s=STATE_CONNECTION_ESTABLISHED l=1).mark_down
2024-03-22T06:06:27.790 INFO:teuthology.orchestra.run.smithi006.stdout:/usr/bin/ceph: stderr
2024-03-22T06:06:26.911+0000 7fda2320f700 1 --2- 172.21.15.6:0/549074573 >> [v2:172.21.15.6:3300/0,v1:172.21.15.6:6789/0] conn(0x7fda1c1016e0 0x7fda1c101af0 secure :-1 s=READY pgs=80 cs=0 l=1 rev1=1 crypto rx=0x7fda1000bb80 tx=0x7fda1000b4f0 comp rx=0 tx=0).stop
2024-03-22T06:06:27.790 INFO:teuthology.orchestra.run.smithi006.stdout:/usr/bin/ceph: stderr
2024-03-22T06:06:26.911+0000 7fda2320f700 1 -- 172.21.15.6:0/549074573 shutdown_connections
2024-03-22T06:06:27.790 INFO:teuthology.orchestra.run.smithi006.stdout:/usr/bin/ceph: stderr
2024-03-22T06:06:26.911+0000 7fda2320f700 1 --2- 172.21.15.6:0/549074573 >> [v2:172.21.15.6:3300/0,v1:172.21.15.6:6789/0] conn(0x7fda1c1016e0 0x7fda1c101af0 unknown :-1 s=CLOSED pgs=80 cs=0 l=1 rev1=1 crypto rx=0 tx=0 comp rx=0 tx=0).stop
2024-03-22T06:06:27.790 INFO:teuthology.orchestra.run.smithi006.stdout:/usr/bin/ceph: stderr
2024-03-22T06:06:26.911+0000 7fda2320f700 1 -- 172.21.15.6:0/549074573 >> 172.21.15.6:0/549074573 conn(0x7fda1c0fce40 msgr2=0x7fda1c0ff270 unknown :-1 s=STATE_NONE l=0).mark_down
2024-03-22T06:06:27.790 INFO:teuthology.orchestra.run.smithi006.stdout:/usr/bin/ceph: stderr
2024-03-22T06:06:26.911+0000 7fda2320f700 1 -- 172.21.15.6:0/549074573 shutdown_connections
2024-03-22T06:06:27.790 INFO:teuthology.orchestra.run.smithi006.stdout:/usr/bin/ceph: stderr
2024-03-22T06:06:26.911+0000 7fda2320f700 1 -- 172.21.15.6:0/549074573 wait complete.
2024-03-22T06:06:27.790 INFO:teuthology.orchestra.run.smithi006.stdout:/usr/bin/ceph: stderr
2024-03-22T06:06:26.911+0000 7fda2320f700 1 Processor -- start
2024-03-22T06:06:27.790 INFO:teuthology.orchestra.run.smithi006.stdout:/usr/bin/ceph: stderr
2024-03-22T06:06:26.912+0000 7fda2320f700 1 -- start start
2024-03-22T06:06:27.790 INFO:teuthology.orchestra.run.smithi006.stdout:/usr/bin/ceph: stderr
2024-03-22T06:06:26.912+0000 7fda2320f700 1 --2- >> [v2:172.21.15.6:3300/0,v1:172.21.15.6:6789/0] conn(0x7fda1c1016e0 0x7fda1c10f350 unknown :-1 s=NONE pgs=0 cs=0 l=1 rev1=0 crypto rx=0 tx=0 comp rx=0 tx=0).connect
2024-03-22T06:06:27.790 INFO:teuthology.orchestra.run.smithi006.stdout:/usr/bin/ceph: stderr
2024-03-22T06:06:26.912+0000 7fda2320f700 1 -- --> [v2:172.21.15.6:3300/0,v1:172.21.15.6:6789/0] -- mon_getmap magic: 0 v1 -- 0x7fda1c10f890 con 0x7fda1c1016e0
2024-03-22T06:06:27.790 INFO:teuthology.orchestra.run.smithi006.stdout:/usr/bin/ceph: stderr
2024-03-22T06:06:26.912+0000 7fda20fab700 1 --2- >> [v2:172.21.15.6:3300/0,v1:172.21.15.6:6789/0] conn(0x7fda1c1016e0 0x7fda1c10f350 unknown :-1 s=BANNER_CONNECTING pgs=0 cs=0 l=1 rev1=0 crypto rx=0 tx=0 comp rx=0 tx=0)._handle_peer_banner_payload supported=3 required=0
2024-03-22T06:06:27.790 INFO:teuthology.orchestra.run.smithi006.stdout:/usr/bin/ceph: stderr
2024-03-22T06:06:26.912+0000 7fda20fab700 1 --2- >> [v2:172.21.15.6:3300/0,v1:172.21.15.6:6789/0] conn(0x7fda1c1016e0 0x7fda1c10f350 unknown :-1 s=HELLO_CONNECTING pgs=0 cs=0 l=1 rev1=1 crypto rx=0 tx=0 comp rx=0 tx=0).handle_hello peer v2:172.21.15.6:3300/0 says I am v2:172.21.15.6:41342/0 (socket says 172.21.15.6:41342)
2024-03-22T06:06:27.790 INFO:teuthology.orchestra.run.smithi006.stdout:/usr/bin/ceph: stderr
2024-03-22T06:06:26.912+0000 7fda20fab700 1 -- 172.21.15.6:0/706751369 learned_addr learned my addr 172.21.15.6:0/706751369 (peer_addr_for_me v2:172.21.15.6:0/0)
2024-03-22T06:06:27.791 INFO:teuthology.orchestra.run.smithi006.stdout:/usr/bin/ceph: stderr
2024-03-22T06:06:26.912+0000 7fda20fab700 1 -- 172.21.15.6:0/706751369 --> [v2:172.21.15.6:3300/0,v1:172.21.15.6:6789/0] -- mon_subscribe({config=0+,monmap=0+}) v3 -- 0x7fda1000b790 con 0x7fda1c1016e0
2024-03-22T06:06:27.791 INFO:teuthology.orchestra.run.smithi006.stdout:/usr/bin/ceph: stderr
2024-03-22T06:06:26.912+0000 7fda20fab700 1 --2- 172.21.15.6:0/706751369 >> [v2:172.21.15.6:3300/0,v1:172.21.15.6:6789/0] conn(0x7fda1c1016e0 0x7fda1c10f350 secure :-1 s=READY pgs=81 cs=0 l=1 rev1=1 crypto rx=0x7fda100106a0 tx=0x7fda1000b4f0 comp rx=0 tx=0).ready entity=mon.0 client_cookie=0 server_cookie=0 in_seq=0 out_seq=0
2024-03-22T06:06:27.791 INFO:teuthology.orchestra.run.smithi006.stdout:/usr/bin/ceph: stderr
2024-03-22T06:06:26.912+0000 7fda197fa700 1 -- 172.21.15.6:0/706751369 <== mon.0 v2:172.21.15.6:3300/0 1 ==== mon_map magic: 0 v1 ==== 229+0+0 (secure 0 0 0) 0x7fda10010c30 con 0x7fda1c1016e0
2024-03-22T06:06:27.791 INFO:teuthology.orchestra.run.smithi006.stdout:/usr/bin/ceph: stderr
2024-03-22T06:06:26.913+0000 7fda197fa700 1 -- 172.21.15.6:0/706751369 <== mon.0 v2:172.21.15.6:3300/0 2 ==== config(27 keys) v1 ==== 1109+0+0 (secure 0 0 0) 0x7fda1001d050 con 0x7fda1c1016e0
2024-03-22T06:06:27.791 INFO:teuthology.orchestra.run.smithi006.stdout:/usr/bin/ceph: stderr
2024-03-22T06:06:26.913+0000 7fda2320f700 1 -- 172.21.15.6:0/706751369 --> [v2:172.21.15.6:3300/0,v1:172.21.15.6:6789/0] -- mon_subscribe({mgrmap=0+}) v3 -- 0x7fda1c10fa90 con 0x7fda1c1016e0
2024-03-22T06:06:27.791 INFO:teuthology.orchestra.run.smithi006.stdout:/usr/bin/ceph: stderr
2024-03-22T06:06:26.913+0000 7fda197fa700 1 -- 172.21.15.6:0/706751369 <== mon.0 v2:172.21.15.6:3300/0 3 ==== mon_map magic: 0 v1 ==== 229+0+0 (secure 0 0 0) 0x7fda10022590 con 0x7fda1c1016e0
2024-03-22T06:06:27.791 INFO:teuthology.orchestra.run.smithi006.stdout:/usr/bin/ceph: stderr
2024-03-22T06:06:26.913+0000 7fda2320f700 1 -- 172.21.15.6:0/706751369 --> [v2:172.21.15.6:3300/0,v1:172.21.15.6:6789/0] -- mon_subscribe({osdmap=0}) v3 -- 0x7fda1c110600 con 0x7fda1c1016e0
2024-03-22T06:06:27.791 INFO:teuthology.orchestra.run.smithi006.stdout:/usr/bin/ceph: stderr
2024-03-22T06:06:26.914+0000 7fda2320f700 1 -- 172.21.15.6:0/706751369 --> [v2:172.21.15.6:3300/0,v1:172.21.15.6:6789/0] -- mon_command({"prefix": "get_command_descriptions"} v 0) v1 -- 0x7fda1c05f5f0 con 0x7fda1c1016e0
2024-03-22T06:06:27.791 INFO:teuthology.orchestra.run.smithi006.stdout:/usr/bin/ceph: stderr
2024-03-22T06:06:26.914+0000 7fda197fa700 1 -- 172.21.15.6:0/706751369 <== mon.0 v2:172.21.15.6:3300/0 4 ==== mgrmap(e 11) v1 ==== 43275+0+0 (secure 0 0 0) 0x7fda10023a40 con 0x7fda1c1016e0
2024-03-22T06:06:27.791 INFO:teuthology.orchestra.run.smithi006.stdout:/usr/bin/ceph: stderr
2024-03-22T06:06:26.914+0000 7fda197fa700 1 --2- 172.21.15.6:0/706751369 >> [v2:172.21.15.6:6800/358732355,v1:172.21.15.6:6801/358732355] conn(0x7fda0c0366b0 0x7fda0c038b60 unknown :-1 s=NONE pgs=0 cs=0 l=1 rev1=0 crypto rx=0 tx=0 comp rx=0 tx=0).connect
2024-03-22T06:06:27.791 INFO:teuthology.orchestra.run.smithi006.stdout:/usr/bin/ceph: stderr
2024-03-22T06:06:26.914+0000 7fda197fa700 1 -- 172.21.15.6:0/706751369 <== mon.0 v2:172.21.15.6:3300/0 5 ==== osd_map(3..3 src has 1..3) v4 ==== 1151+0+0 (secure 0 0 0) 0x7fda10014070 con 0x7fda1c1016e0
2024-03-22T06:06:27.791 INFO:teuthology.orchestra.run.smithi006.stdout:/usr/bin/ceph: stderr
2024-03-22T06:06:26.914+0000 7fda1bfff700 1 --2- 172.21.15.6:0/706751369 >> [v2:172.21.15.6:6800/358732355,v1:172.21.15.6:6801/358732355] conn(0x7fda0c0366b0 0x7fda0c038b60 unknown :-1 s=BANNER_CONNECTING pgs=0 cs=0 l=1 rev1=0 crypto rx=0 tx=0 comp rx=0 tx=0)._handle_peer_banner_payload supported=3 required=0
2024-03-22T06:06:27.791 INFO:teuthology.orchestra.run.smithi006.stdout:/usr/bin/ceph: stderr
