2024-04-26T16:07:37.764416+0000 mon.a (mon.0) 48 : audit [INF] from='mgr.14120 172.21.15.50:0/122528113' entity='mgr.y'
2024-04-26T16:07:39.132 INFO:journalctl@ceph.mon.a.smithi050.stdout:Apr 26 16:07:38 smithi050 bash[21463]: audit
2024-04-26T16:07:37.764416+0000 mon.a (mon.0) 48 : audit [INF] from='mgr.14120 172.21.15.50:0/122528113' entity='mgr.y'
2024-04-26T16:07:39.132 INFO:journalctl@ceph.mon.a.smithi050.stdout:Apr 26 16:07:38 smithi050 bash[21463]: audit
2024-04-26T16:07:37.769444+0000 mon.a (mon.0) 49 : audit [DBG] from='mgr.14120 172.21.15.50:0/122528113' entity='mgr.y' cmd=[{"prefix": "config dump", "format": "json"}]: dispatch
2024-04-26T16:07:39.132 INFO:journalctl@ceph.mon.a.smithi050.stdout:Apr 26 16:07:38 smithi050 bash[21463]: audit
2024-04-26T16:07:37.769444+0000 mon.a (mon.0) 49 : audit [DBG] from='mgr.14120 172.21.15.50:0/122528113' entity='mgr.y' cmd=[{"prefix": "config dump", "format": "json"}]: dispatch
2024-04-26T16:07:39.132 INFO:journalctl@ceph.mon.a.smithi050.stdout:Apr 26 16:07:38 smithi050 bash[21463]: audit
2024-04-26T16:07:37.772743+0000 mon.a (mon.0) 50 : audit [DBG] from='mgr.14120 172.21.15.50:0/122528113' entity='mgr.y' cmd=[{"prefix": "config dump", "format": "json"}]: dispatch
2024-04-26T16:07:39.133 INFO:journalctl@ceph.mon.a.smithi050.stdout:Apr 26 16:07:38 smithi050 bash[21463]: audit
2024-04-26T16:07:37.772743+0000 mon.a (mon.0) 50 : audit [DBG] from='mgr.14120 172.21.15.50:0/122528113' entity='mgr.y' cmd=[{"prefix": "config dump", "format": "json"}]: dispatch
2024-04-26T16:07:39.133 INFO:journalctl@ceph.mon.a.smithi050.stdout:Apr 26 16:07:38 smithi050 bash[21463]: audit
2024-04-26T16:07:37.783057+0000 mon.a (mon.0) 51 : audit [INF] from='mgr.14120 172.21.15.50:0/122528113' entity='mgr.y' cmd=[{"prefix":"config rm","who":"mgr","name":"mgr/rbd_support/y/mirror_snapshot_schedule"}]: dispatch
2024-04-26T16:07:39.133 INFO:journalctl@ceph.mon.a.smithi050.stdout:Apr 26 16:07:38 smithi050 bash[21463]: audit
2024-04-26T16:07:37.783057+0000 mon.a (mon.0) 51 : audit [INF] from='mgr.14120 172.21.15.50:0/122528113' entity='mgr.y' cmd=[{"prefix":"config rm","who":"mgr","name":"mgr/rbd_support/y/mirror_snapshot_schedule"}]: dispatch
2024-04-26T16:07:39.133 INFO:journalctl@ceph.mon.a.smithi050.stdout:Apr 26 16:07:38 smithi050 bash[21463]: audit
2024-04-26T16:07:37.785785+0000 mon.a (mon.0) 52 : audit [INF] from='mgr.14120 172.21.15.50:0/122528113' entity='mgr.y' cmd=[{"prefix":"config rm","who":"mgr","name":"mgr/rbd_support/y/trash_purge_schedule"}]: dispatch
2024-04-26T16:07:39.133 INFO:journalctl@ceph.mon.a.smithi050.stdout:Apr 26 16:07:38 smithi050 bash[21463]: audit
2024-04-26T16:07:37.785785+0000 mon.a (mon.0) 52 : audit [INF] from='mgr.14120 172.21.15.50:0/122528113' entity='mgr.y' cmd=[{"prefix":"config rm","who":"mgr","name":"mgr/rbd_support/y/trash_purge_schedule"}]: dispatch
2024-04-26T16:07:39.133 INFO:journalctl@ceph.mon.a.smithi050.stdout:Apr 26 16:07:38 smithi050 bash[21463]: audit
2024-04-26T16:07:38.188022+0000 mon.a (mon.0) 53 : audit [INF] from='mgr.14120 172.21.15.50:0/122528113' entity='mgr.y'
2024-04-26T16:07:39.133 INFO:journalctl@ceph.mon.a.smithi050.stdout:Apr 26 16:07:38 smithi050 bash[21463]: audit
2024-04-26T16:07:38.188022+0000 mon.a (mon.0) 53 : audit [INF] from='mgr.14120 172.21.15.50:0/122528113' entity='mgr.y'
2024-04-26T16:07:39.133 INFO:journalctl@ceph.mon.a.smithi050.stdout:Apr 26 16:07:38 smithi050 bash[21463]: audit
2024-04-26T16:07:38.191503+0000 mon.a (mon.0) 54 : audit [INF] from='mgr.14120 172.21.15.50:0/122528113' entity='mgr.y'
2024-04-26T16:07:39.133 INFO:journalctl@ceph.mon.a.smithi050.stdout:Apr 26 16:07:38 smithi050 bash[21463]: audit
2024-04-26T16:07:38.191503+0000 mon.a (mon.0) 54 : audit [INF] from='mgr.14120 172.21.15.50:0/122528113' entity='mgr.y'
2024-04-26T16:07:39.133 INFO:journalctl@ceph.mon.a.smithi050.stdout:Apr 26 16:07:38 smithi050 bash[21463]: cluster
2024-04-26T16:07:38.717793+0000 mon.a (mon.0) 55 : cluster [DBG] mgrmap e7: y(active, since 1.01229s)
2024-04-26T16:07:39.133 INFO:journalctl@ceph.mon.a.smithi050.stdout:Apr 26 16:07:38 smithi050 bash[21463]: cluster
2024-04-26T16:07:38.717793+0000 mon.a (mon.0) 55 : cluster [DBG] mgrmap e7: y(active, since 1.01229s)
2024-04-26T16:07:39.394 INFO:teuthology.orchestra.run.smithi050.stdout:/usr/bin/ceph: stdout {
2024-04-26T16:07:39.394 INFO:teuthology.orchestra.run.smithi050.stdout:/usr/bin/ceph: stdout "mgrmap_epoch": 7,
2024-04-26T16:07:39.394 INFO:teuthology.orchestra.run.smithi050.stdout:/usr/bin/ceph: stdout "initialized": true
2024-04-26T16:07:39.394 INFO:teuthology.orchestra.run.smithi050.stdout:/usr/bin/ceph: stdout }
2024-04-26T16:07:39.395 INFO:teuthology.orchestra.run.smithi050.stdout:/usr/bin/ceph: stderr
2024-04-26T16:07:32.402+0000 7f17f2749700 1 Processor -- start
2024-04-26T16:07:39.395 INFO:teuthology.orchestra.run.smithi050.stdout:/usr/bin/ceph: stderr
2024-04-26T16:07:32.402+0000 7f17f2749700 1 -- start start
2024-04-26T16:07:39.395 INFO:teuthology.orchestra.run.smithi050.stdout:/usr/bin/ceph: stderr
2024-04-26T16:07:32.402+0000 7f17f2749700 1 --2- >> [v2:172.21.15.50:3300/0,v1:172.21.15.50:6789/0] conn(0x7f17ec107d10 0x7f17ec108130 unknown :-1 s=NONE pgs=0 cs=0 l=0 rev1=0 crypto rx=0 tx=0 comp rx=0 tx=0).connect
2024-04-26T16:07:39.395 INFO:teuthology.orchestra.run.smithi050.stdout:/usr/bin/ceph: stderr
2024-04-26T16:07:32.402+0000 7f17f2749700 1 -- --> [v2:172.21.15.50:3300/0,v1:172.21.15.50:6789/0] -- mon_getmap magic: 0 -- 0x7f17ec108700 con 0x7f17ec107d10
2024-04-26T16:07:39.395 INFO:teuthology.orchestra.run.smithi050.stdout:/usr/bin/ceph: stderr
2024-04-26T16:07:32.402+0000 7f17ebfff700 1 --2- >> [v2:172.21.15.50:3300/0,v1:172.21.15.50:6789/0] conn(0x7f17ec107d10 0x7f17ec108130 unknown :-1 s=BANNER_CONNECTING pgs=0 cs=0 l=0 rev1=0 crypto rx=0 tx=0 comp rx=0 tx=0)._handle_peer_banner_payload supported=3 required=0
2024-04-26T16:07:39.395 INFO:teuthology.orchestra.run.smithi050.stdout:/usr/bin/ceph: stderr
2024-04-26T16:07:32.402+0000 7f17ebfff700 1 --2- >> [v2:172.21.15.50:3300/0,v1:172.21.15.50:6789/0] conn(0x7f17ec107d10 0x7f17ec108130 unknown :-1 s=HELLO_CONNECTING pgs=0 cs=0 l=0 rev1=1 crypto rx=0 tx=0 comp rx=0 tx=0).handle_hello peer v2:172.21.15.50:3300/0 says I am v2:172.21.15.50:58656/0 (socket says 172.21.15.50:58656)
2024-04-26T16:07:39.396 INFO:teuthology.orchestra.run.smithi050.stdout:/usr/bin/ceph: stderr
2024-04-26T16:07:32.402+0000 7f17ebfff700 1 -- 172.21.15.50:0/2104932908 learned_addr learned my addr 172.21.15.50:0/2104932908 (peer_addr_for_me v2:172.21.15.50:0/0)
2024-04-26T16:07:39.396 INFO:teuthology.orchestra.run.smithi050.stdout:/usr/bin/ceph: stderr
2024-04-26T16:07:32.402+0000 7f17ebfff700 1 -- 172.21.15.50:0/2104932908 --> [v2:172.21.15.50:3300/0,v1:172.21.15.50:6789/0] -- mon_subscribe({config=0+,monmap=0+}) -- 0x7f17ec106920 con 0x7f17ec107d10
2024-04-26T16:07:39.396 INFO:teuthology.orchestra.run.smithi050.stdout:/usr/bin/ceph: stderr
2024-04-26T16:07:32.402+0000 7f17ebfff700 1 --2- 172.21.15.50:0/2104932908 >> [v2:172.21.15.50:3300/0,v1:172.21.15.50:6789/0] conn(0x7f17ec107d10 0x7f17ec108130 secure :-1 s=READY pgs=28 cs=0 l=1 rev1=1 crypto rx=0x7f17dc0098a0 tx=0x7f17dc009bb0 comp rx=0 tx=0).ready entity=mon.0 client_cookie=dc1e5e412b0635b6 server_cookie=0 in_seq=0 out_seq=0
2024-04-26T16:07:39.397 INFO:teuthology.orchestra.run.smithi050.stdout:/usr/bin/ceph: stderr
2024-04-26T16:07:32.402+0000 7f17eaffd700 1 -- 172.21.15.50:0/2104932908 <== mon.0 v2:172.21.15.50:3300/0 1 ==== mon_map magic: 0 ==== 205+0+0 (secure 0 0 0) 0x7f17dc004160 con 0x7f17ec107d10
2024-04-26T16:07:39.397 INFO:teuthology.orchestra.run.smithi050.stdout:/usr/bin/ceph: stderr
2024-04-26T16:07:32.402+0000 7f17eaffd700 1 -- 172.21.15.50:0/2104932908 <== mon.0 v2:172.21.15.50:3300/0 2 ==== config(24 keys) ==== 985+0+0 (secure 0 0 0) 0x7f17dc004300 con 0x7f17ec107d10
2024-04-26T16:07:39.397 INFO:teuthology.orchestra.run.smithi050.stdout:/usr/bin/ceph: stderr
2024-04-26T16:07:32.402+0000 7f17eaffd700 1 -- 172.21.15.50:0/2104932908 <== mon.0 v2:172.21.15.50:3300/0 3 ==== mon_map magic: 0 ==== 205+0+0 (secure 0 0 0) 0x7f17dc0118c0 con 0x7f17ec107d10
2024-04-26T16:07:39.397 INFO:teuthology.orchestra.run.smithi050.stdout:/usr/bin/ceph: stderr
2024-04-26T16:07:32.402+0000 7f17f2749700 1 -- 172.21.15.50:0/2104932908 >> [v2:172.21.15.50:3300/0,v1:172.21.15.50:6789/0] conn(0x7f17ec107d10 msgr2=0x7f17ec108130 secure :-1 s=STATE_CONNECTION_ESTABLISHED l=1).mark_down
2024-04-26T16:07:39.397 INFO:teuthology.orchestra.run.smithi050.stdout:/usr/bin/ceph: stderr
2024-04-26T16:07:32.402+0000 7f17f2749700 1 --2- 172.21.15.50:0/2104932908 >> [v2:172.21.15.50:3300/0,v1:172.21.15.50:6789/0] conn(0x7f17ec107d10 0x7f17ec108130 secure :-1 s=READY pgs=28 cs=0 l=1 rev1=1 crypto rx=0x7f17dc0098a0 tx=0x7f17dc009bb0 comp rx=0 tx=0).stop
2024-04-26T16:07:39.397 INFO:teuthology.orchestra.run.smithi050.stdout:/usr/bin/ceph: stderr
2024-04-26T16:07:32.402+0000 7f17f2749700 1 -- 172.21.15.50:0/2104932908 shutdown_connections
2024-04-26T16:07:39.398 INFO:teuthology.orchestra.run.smithi050.stdout:/usr/bin/ceph: stderr
2024-04-26T16:07:32.402+0000 7f17f2749700 1 --2- 172.21.15.50:0/2104932908 >> [v2:172.21.15.50:3300/0,v1:172.21.15.50:6789/0] conn(0x7f17ec107d10 0x7f17ec108130 unknown :-1 s=CLOSED pgs=28 cs=0 l=1 rev1=1 crypto rx=0 tx=0 comp rx=0 tx=0).stop
2024-04-26T16:07:39.398 INFO:teuthology.orchestra.run.smithi050.stdout:/usr/bin/ceph: stderr
2024-04-26T16:07:32.402+0000 7f17f2749700 1 -- 172.21.15.50:0/2104932908 >> 172.21.15.50:0/2104932908 conn(0x7f17ec101450 msgr2=0x7f17ec103890 unknown :-1 s=STATE_NONE l=0).mark_down
2024-04-26T16:07:39.398 INFO:teuthology.orchestra.run.smithi050.stdout:/usr/bin/ceph: stderr
2024-04-26T16:07:32.402+0000 7f17f2749700 1 -- 172.21.15.50:0/2104932908 shutdown_connections
2024-04-26T16:07:39.398 INFO:teuthology.orchestra.run.smithi050.stdout:/usr/bin/ceph: stderr
2024-04-26T16:07:32.402+0000 7f17f2749700 1 -- 172.21.15.50:0/2104932908 wait complete.
2024-04-26T16:07:39.398 INFO:teuthology.orchestra.run.smithi050.stdout:/usr/bin/ceph: stderr
2024-04-26T16:07:32.406+0000 7f17f2749700 1 librados: starting msgr at
2024-04-26T16:07:39.398 INFO:teuthology.orchestra.run.smithi050.stdout:/usr/bin/ceph: stderr
2024-04-26T16:07:32.406+0000 7f17f2749700 1 librados: starting objecter
2024-04-26T16:07:39.400 INFO:teuthology.orchestra.run.smithi050.stdout:/usr/bin/ceph: stderr
2024-04-26T16:07:32.406+0000 7f17f2749700 1 Processor -- start
2024-04-26T16:07:39.400 INFO:teuthology.orchestra.run.smithi050.stdout:/usr/bin/ceph: stderr
2024-04-26T16:07:32.406+0000 7f17f2749700 1 -- start start
2024-04-26T16:07:39.400 INFO:teuthology.orchestra.run.smithi050.stdout:/usr/bin/ceph: stderr
2024-04-26T16:07:32.406+0000 7f17f2749700 1 librados: setting wanted keys
2024-04-26T16:07:39.400 INFO:teuthology.orchestra.run.smithi050.stdout:/usr/bin/ceph: stderr
2024-04-26T16:07:32.406+0000 7f17f2749700 1 librados: calling monclient init
2024-04-26T16:07:39.400 INFO:teuthology.orchestra.run.smithi050.stdout:/usr/bin/ceph: stderr
2024-04-26T16:07:32.406+0000 7f17f2749700 1 --2- >> [v2:172.21.15.50:3300/0,v1:172.21.15.50:6789/0] conn(0x7f17ec107d10 0x7f17ec10c5f0 unknown :-1 s=NONE pgs=0 cs=0 l=1 rev1=0 crypto rx=0 tx=0 comp rx=0 tx=0).connect
2024-04-26T16:07:39.400 INFO:teuthology.orchestra.run.smithi050.stdout:/usr/bin/ceph: stderr
2024-04-26T16:07:32.406+0000 7f17f2749700 1 -- --> [v2:172.21.15.50:3300/0,v1:172.21.15.50:6789/0] -- mon_getmap magic: 0 -- 0x7f17ec107760 con 0x7f17ec107d10
2024-04-26T16:07:39.400 INFO:teuthology.orchestra.run.smithi050.stdout:/usr/bin/ceph: stderr
2024-04-26T16:07:32.406+0000 7f17ebfff700 1 --2- >> [v2:172.21.15.50:3300/0,v1:172.21.15.50:6789/0] conn(0x7f17ec107d10 0x7f17ec10c5f0 unknown :-1 s=BANNER_CONNECTING pgs=0 cs=0 l=1 rev1=0 crypto rx=0 tx=0 comp rx=0 tx=0)._handle_peer_banner_payload supported=3 required=0
2024-04-26T16:07:39.400 INFO:teuthology.orchestra.run.smithi050.stdout:/usr/bin/ceph: stderr
2024-04-26T16:07:32.406+0000 7f17ebfff700 1 --2- >> [v2:172.21.15.50:3300/0,v1:172.21.15.50:6789/0] conn(0x7f17ec107d10 0x7f17ec10c5f0 unknown :-1 s=HELLO_CONNECTING pgs=0 cs=0 l=1 rev1=1 crypto rx=0 tx=0 comp rx=0 tx=0).handle_hello peer v2:172.21.15.50:3300/0 says I am v2:172.21.15.50:58666/0 (socket says 172.21.15.50:58666)
2024-04-26T16:07:39.400 INFO:teuthology.orchestra.run.smithi050.stdout:/usr/bin/ceph: stderr
2024-04-26T16:07:32.406+0000 7f17ebfff700 1 -- 172.21.15.50:0/1892904340 learned_addr learned my addr 172.21.15.50:0/1892904340 (peer_addr_for_me v2:172.21.15.50:0/0)
2024-04-26T16:07:39.400 INFO:teuthology.orchestra.run.smithi050.stdout:/usr/bin/ceph: stderr
2024-04-26T16:07:32.406+0000 7f17ebfff700 1 -- 172.21.15.50:0/1892904340 --> [v2:172.21.15.50:3300/0,v1:172.21.15.50:6789/0] -- mon_subscribe({config=0+,monmap=0+}) -- 0x7f17ec10cb30 con 0x7f17ec107d10
2024-04-26T16:07:39.400 INFO:teuthology.orchestra.run.smithi050.stdout:/usr/bin/ceph: stderr
2024-04-26T16:07:32.406+0000 7f17ebfff700 1 --2- 172.21.15.50:0/1892904340 >> [v2:172.21.15.50:3300/0,v1:172.21.15.50:6789/0] conn(0x7f17ec107d10 0x7f17ec10c5f0 secure :-1 s=READY pgs=29 cs=0 l=1 rev1=1 crypto rx=0x7f17dc011e10 tx=0x7f17dc011ef0 comp rx=0 tx=0).ready entity=mon.0 client_cookie=0 server_cookie=0 in_seq=0 out_seq=0
2024-04-26T16:07:39.400 INFO:teuthology.orchestra.run.smithi050.stdout:/usr/bin/ceph: stderr
2024-04-26T16:07:32.406+0000 7f17e97fa700 10 client.?.objecter ms_handle_connect 0x7f17ec107d10
2024-04-26T16:07:39.401 INFO:teuthology.orchestra.run.smithi050.stdout:/usr/bin/ceph: stderr
2024-04-26T16:07:32.406+0000 7f17e97fa700 10 client.?.objecter resend_mon_ops
2024-04-26T16:07:39.401 INFO:teuthology.orchestra.run.smithi050.stdout:/usr/bin/ceph: stderr
2024-04-26T16:07:32.406+0000 7f17e97fa700 1 -- 172.21.15.50:0/1892904340 <== mon.0 v2:172.21.15.50:3300/0 1 ==== mon_map magic: 0 ==== 205+0+0 (secure 0 0 0) 0x7f17dc0036a0 con 0x7f17ec107d10
2024-04-26T16:07:39.401 INFO:teuthology.orchestra.run.smithi050.stdout:/usr/bin/ceph: stderr
2024-04-26T16:07:32.406+0000 7f17f2749700 1 -- 172.21.15.50:0/1892904340 --> [v2:172.21.15.50:3300/0,v1:172.21.15.50:6789/0] -- mon_subscribe({mgrmap=0+}) -- 0x7f17ec10ad20 con 0x7f17ec107d10
2024-04-26T16:07:39.403 INFO:teuthology.orchestra.run.smithi050.stdout:/usr/bin/ceph: stderr
2024-04-26T16:07:32.406+0000 7f17e97fa700 1 -- 172.21.15.50:0/1892904340 <== mon.0 v2:172.21.15.50:3300/0 2 ==== config(24 keys) ==== 985+0+0 (secure 0 0 0) 0x7f17dc01a430 con 0x7f17ec107d10
2024-04-26T16:07:39.403 INFO:teuthology.orchestra.run.smithi050.stdout:/usr/bin/ceph: stderr
2024-04-26T16:07:32.406+0000 7f17f2749700 10 client.14124.objecter _maybe_request_map subscribing (onetime) to next osd map
2024-04-26T16:07:39.403 INFO:teuthology.orchestra.run.smithi050.stdout:/usr/bin/ceph: stderr
2024-04-26T16:07:32.406+0000 7f17e97fa700 1 -- 172.21.15.50:0/1892904340 <== mon.0 v2:172.21.15.50:3300/0 3 ==== mon_map magic: 0 ==== 205+0+0 (secure 0 0 0) 0x7f17dc0193c0 con 0x7f17ec107d10
2024-04-26T16:07:39.403 INFO:teuthology.orchestra.run.smithi050.stdout:/usr/bin/ceph: stderr
2024-04-26T16:07:32.406+0000 7f17f2749700 1 -- 172.21.15.50:0/1892904340 --> [v2:172.21.15.50:3300/0,v1:172.21.15.50:6789/0] -- mon_subscribe({osdmap=0}) -- 0x7f17ec10b260 con 0x7f17ec107d10
2024-04-26T16:07:39.403 INFO:teuthology.orchestra.run.smithi050.stdout:/usr/bin/ceph: stderr
2024-04-26T16:07:32.406+0000 7f17f2749700 1 librados: init done
2024-04-26T16:07:39.403 INFO:teuthology.orchestra.run.smithi050.stdout:/usr/bin/ceph: stderr
2024-04-26T16:07:32.406+0000 7f17e97fa700 1 -- 172.21.15.50:0/1892904340 <== mon.0 v2:172.21.15.50:3300/0 4 ==== mgrmap(e 5) ==== 47177+0+0 (secure 0 0 0) 0x7f17dc019670 con 0x7f17ec107d10
2024-04-26T16:07:39.403 INFO:teuthology.orchestra.run.smithi050.stdout:/usr/bin/ceph: stderr
2024-04-26T16:07:32.406+0000 7f17e97fa700 1 --2- 172.21.15.50:0/1892904340 >> [v2:172.21.15.50:6800/127073210,v1:172.21.15.50:6801/127073210] conn(0x7f17d803b950 0x7f17d803de10 unknown :-1 s=NONE pgs=0 cs=0 l=1 rev1=0 crypto rx=0 tx=0 comp rx=0 tx=0).connect
2024-04-26T16:07:39.404 INFO:teuthology.orchestra.run.smithi050.stdout:/usr/bin/ceph: stderr
2024-04-26T16:07:32.406+0000 7f17e97fa700 1 -- 172.21.15.50:0/1892904340 <== mon.0 v2:172.21.15.50:3300/0 5 ==== osd_map(1..1 src has 1..1) ==== 725+0+0 (secure 0 0 0) 0x7f17dc052500 con 0x7f17ec107d10
2024-04-26T16:07:39.404 INFO:teuthology.orchestra.run.smithi050.stdout:/usr/bin/ceph: stderr
2024-04-26T16:07:32.406+0000 7f17e97fa700 10 client.14124.objecter ms_dispatch 0x7f17ec001550 osd_map(1..1 src has 1..1)
2024-04-26T16:07:39.404 INFO:teuthology.orchestra.run.smithi050.stdout:/usr/bin/ceph: stderr
2024-04-26T16:07:32.406+0000 7f17e97fa700 3 client.14124.objecter handle_osd_map got epochs [1,1] > 0
2024-04-26T16:07:39.404 INFO:teuthology.orchestra.run.smithi050.stdout:/usr/bin/ceph: stderr
2024-04-26T16:07:32.406+0000 7f17e97fa700 3 client.14124.objecter handle_osd_map decoding full epoch 1
2024-04-26T16:07:39.404 INFO:teuthology.orchestra.run.smithi050.stdout:/usr/bin/ceph: stderr
2024-04-26T16:07:32.406+0000 7f17eb7fe700 1 -- 172.21.15.50:0/1892904340 >> [v2:172.21.15.50:6800/127073210,v1:172.21.15.50:6801/127073210] conn(0x7f17d803b950 msgr2=0x7f17d803de10 unknown :-1 s=STATE_CONNECTING_RE l=1).process reconnect failed to v2:172.21.15.50:6800/127073210
2024-04-26T16:07:39.404 INFO:teuthology.orchestra.run.smithi050.stdout:/usr/bin/ceph: stderr
2024-04-26T16:07:32.406+0000 7f17eb7fe700 1 --2- 172.21.15.50:0/1892904340 >> [v2:172.21.15.50:6800/127073210,v1:172.21.15.50:6801/127073210] conn(0x7f17d803b950 0x7f17d803de10 unknown :-1 s=START_CONNECT pgs=0 cs=0 l=1 rev1=0 crypto rx=0 tx=0 comp rx=0 tx=0)._fault waiting 0.200000
2024-04-26T16:07:39.404 INFO:teuthology.orchestra.run.smithi050.stdout:/usr/bin/ceph: stderr
2024-04-26T16:07:32.406+0000 7f17e97fa700 20 client.14124.objecter dump_active .. 0 homeless
2024-04-26T16:07:39.404 INFO:teuthology.orchestra.run.smithi050.stdout:/usr/bin/ceph: stderr
2024-04-26T16:07:32.406+0000 7f17f2749700 1 -- 172.21.15.50:0/1892904340 --> [v2:172.21.15.50:6800/127073210,v1:172.21.15.50:6801/127073210] -- command(tid 0: {"prefix": "get_command_descriptions"}) -- 0x7f17ec064a80 con 0x7f17d803b950
2024-04-26T16:07:39.404 INFO:teuthology.orchestra.run.smithi050.stdout:/usr/bin/ceph: stderr
2024-04-26T16:07:32.610+0000 7f17eb7fe700 1 -- 172.21.15.50:0/1892904340 >> [v2:172.21.15.50:6800/127073210,v1:172.21.15.50:6801/127073210] conn(0x7f17d803b950 msgr2=0x7f17d803de10 unknown :-1 s=STATE_CONNECTING_RE l=1).process reconnect failed to v2:172.21.15.50:6800/127073210
2024-04-26T16:07:39.404 INFO:teuthology.orchestra.run.smithi050.stdout:/usr/bin/ceph: stderr
2024-04-26T16:07:32.610+0000 7f17eb7fe700 1 --2- 172.21.15.50:0/1892904340 >> [v2:172.21.15.50:6800/127073210,v1:172.21.15.50:6801/127073210] conn(0x7f17d803b950 0x7f17d803de10 unknown :-1 s=START_CONNECT pgs=0 cs=0 l=1 rev1=0 crypto rx=0 tx=0 comp rx=0 tx=0)._fault waiting 0.400000
2024-04-26T16:07:39.404 INFO:teuthology.orchestra.run.smithi050.stdout:/usr/bin/ceph: stderr
2024-04-26T16:07:33.014+0000 7f17eb7fe700 1 -- 172.21.15.50:0/1892904340 >> [v2:172.21.15.50:6800/127073210,v1:172.21.15.50:6801/127073210] conn(0x7f17d803b950 msgr2=0x7f17d803de10 unknown :-1 s=STATE_CONNECTING_RE l=1).process reconnect failed to v2:172.21.15.50:6800/127073210
2024-04-26T16:07:39.404 INFO:teuthology.orchestra.run.smithi050.stdout:/usr/bin/ceph: stderr
2024-04-26T16:07:33.014+0000 7f17eb7fe700 1 --2- 172.21.15.50:0/1892904340 >> [v2:172.21.15.50:6800/127073210,v1:172.21.15.50:6801/127073210] conn(0x7f17d803b950 0x7f17d803de10 unknown :-1 s=START_CONNECT pgs=0 cs=0 l=1 rev1=0 crypto rx=0 tx=0 comp rx=0 tx=0)._fault waiting 0.800000
2024-04-26T16:07:39.404 INFO:teuthology.orchestra.run.smithi050.stdout:/usr/bin/ceph: stderr
2024-04-26T16:07:33.818+0000 7f17eb7fe700 1 -- 172.21.15.50:0/1892904340 >> [v2:172.21.15.50:6800/127073210,v1:172.21.15.50:6801/127073210] conn(0x7f17d803b950 msgr2=0x7f17d803de10 unknown :-1 s=STATE_CONNECTING_RE l=1).process reconnect failed to v2:172.21.15.50:6800/127073210
2024-04-26T16:07:39.407 INFO:teuthology.orchestra.run.smithi050.stdout:/usr/bin/ceph: stderr
2024-04-26T16:07:33.818+0000 7f17eb7fe700 1 --2- 172.21.15.50:0/1892904340 >> [v2:172.21.15.50:6800/127073210,v1:172.21.15.50:6801/127073210] conn(0x7f17d803b950 0x7f17d803de10 unknown :-1 s=START_CONNECT pgs=0 cs=0 l=1 rev1=0 crypto rx=0 tx=0 comp rx=0 tx=0)._fault waiting 1.600000
2024-04-26T16:07:39.407 INFO:teuthology.orchestra.run.smithi050.stdout:/usr/bin/ceph: stderr
2024-04-26T16:07:35.422+0000 7f17eb7fe700 1 -- 172.21.15.50:0/1892904340 >> [v2:172.21.15.50:6800/127073210,v1:172.21.15.50:6801/127073210] conn(0x7f17d803b950 msgr2=0x7f17d803de10 unknown :-1 s=STATE_CONNECTING_RE l=1).process reconnect failed to v2:172.21.15.50:6800/127073210
2024-04-26T16:07:39.407 INFO:teuthology.orchestra.run.smithi050.stdout:/usr/bin/ceph: stderr
2024-04-26T16:07:35.422+0000 7f17eb7fe700 1 --2- 172.21.15.50:0/1892904340 >> [v2:172.21.15.50:6800/127073210,v1:172.21.15.50:6801/127073210] conn(0x7f17d803b950 0x7f17d803de10 unknown :-1 s=START_CONNECT pgs=0 cs=0 l=1 rev1=0 crypto rx=0 tx=0 comp rx=0 tx=0)._fault waiting 3.200000
2024-04-26T16:07:39.407 INFO:teuthology.orchestra.run.smithi050.stdout:/usr/bin/ceph: stderr
2024-04-26T16:07:37.410+0000 7f17f1f48700 10 client.14124.objecter tick
2024-04-26T16:07:39.408 INFO:teuthology.orchestra.run.smithi050.stdout:/usr/bin/ceph: stderr
2024-04-26T16:07:37.706+0000 7f17e97fa700 1 -- 172.21.15.50:0/1892904340 <== mon.0 v2:172.21.15.50:3300/0 6 ==== mgrmap(e 6) ==== 46944+0+0 (secure 0 0 0) 0x7f17dc01a5e0 con 0x7f17ec107d10
2024-04-26T16:07:39.408 INFO:teuthology.orchestra.run.smithi050.stdout:/usr/bin/ceph: stderr
2024-04-26T16:07:37.706+0000 7f17e97fa700 1 -- 172.21.15.50:0/1892904340 >> [v2:172.21.15.50:6800/127073210,v1:172.21.15.50:6801/127073210] conn(0x7f17d803b950 msgr2=0x7f17d803de10 unknown :-1 s=STATE_CONNECTING l=1).mark_down
2024-04-26T16:07:39.408 INFO:teuthology.orchestra.run.smithi050.stdout:/usr/bin/ceph: stderr
2024-04-26T16:07:37.706+0000 7f17e97fa700 1 --2- 172.21.15.50:0/1892904340 >> [v2:172.21.15.50:6800/127073210,v1:172.21.15.50:6801/127073210] conn(0x7f17d803b950 0x7f17d803de10 unknown :-1 s=START_CONNECT pgs=0 cs=0 l=1 rev1=0 crypto rx=0 tx=0 comp rx=0 tx=0).stop
2024-04-26T16:07:39.408 INFO:teuthology.orchestra.run.smithi050.stdout:/usr/bin/ceph: stderr
2024-04-26T16:07:38.710+0000 7f17e97fa700 1 -- 172.21.15.50:0/1892904340 <== mon.0 v2:172.21.15.50:3300/0 7 ==== mgrmap(e 7) ==== 47071+0+0 (secure 0 0 0) 0x7f17dc039c30 con 0x7f17ec107d10
2024-04-26T16:07:39.408 INFO:teuthology.orchestra.run.smithi050.stdout:/usr/bin/ceph: stderr
2024-04-26T16:07:38.710+0000 7f17e97fa700 1 --2- 172.21.15.50:0/1892904340 >> [v2:172.21.15.50:6800/685732569,v1:172.21.15.50:6801/685732569] conn(0x7f17d803efc0 0x7f17d80413b0 unknown :-1 s=NONE pgs=0 cs=0 l=1 rev1=0 crypto rx=0 tx=0 comp rx=0 tx=0).connect
2024-04-26T16:07:39.408 INFO:teuthology.orchestra.run.smithi050.stdout:/usr/bin/ceph: stderr
2024-04-26T16:07:38.710+0000 7f17e97fa700 1 -- 172.21.15.50:0/1892904340 --> [v2:172.21.15.50:6800/685732569,v1:172.21.15.50:6801/685732569] -- command(tid 0: {"prefix": "get_command_descriptions"}) -- 0x7f17ec064a80 con 0x7f17d803efc0
2024-04-26T16:07:39.408 INFO:teuthology.orchestra.run.smithi050.stdout:/usr/bin/ceph: stderr
2024-04-26T16:07:38.710+0000 7f17eb7fe700 1 --2- 172.21.15.50:0/1892904340 >> [v2:172.21.15.50:6800/685732569,v1:172.21.15.50:6801/685732569] conn(0x7f17d803efc0 0x7f17d80413b0 unknown :-1 s=BANNER_CONNECTING pgs=0 cs=0 l=1 rev1=0 crypto rx=0 tx=0 comp rx=0 tx=0)._handle_peer_banner_payload supported=3 required=0
2024-04-26T16:07:39.408 INFO:teuthology.orchestra.run.smithi050.stdout:/usr/bin/ceph: stderr
2024-04-26T16:07:38.714+0000 7f17e97fa700 10 client.14124.objecter ms_handle_connect 0x7f17d803efc0
2024-04-26T16:07:39.408 INFO:teuthology.orchestra.run.smithi050.stdout:/usr/bin/ceph: stderr
2024-04-26T16:07:38.714+0000 7f17eb7fe700 1 --2- 172.21.15.50:0/1892904340 >> [v2:172.21.15.50:6800/685732569,v1:172.21.15.50:6801/685732569] conn(0x7f17d803efc0 0x7f17d80413b0 secure :-1 s=READY pgs=3 cs=0 l=1 rev1=1 crypto rx=0x7f17d4003a10 tx=0x7f17d40092b0 comp rx=0 tx=0).ready entity=mgr.14120 client_cookie=0 server_cookie=0 in_seq=0 out_seq=0
2024-04-26T16:07:39.409 INFO:teuthology.orchestra.run.smithi050.stdout:/usr/bin/ceph: stderr
2024-04-26T16:07:38.714+0000 7f17e97fa700 1 -- 172.21.15.50:0/1892904340 <== mgr.14120 v2:172.21.15.50:6800/685732569 1 ==== command_reply(tid 0: 0 ) ==== 8+0+9564 (secure 0 0 0) 0x7f17ec064a80 con 0x7f17d803efc0
2024-04-26T16:07:39.409 INFO:teuthology.orchestra.run.smithi050.stdout:/usr/bin/ceph: stderr
2024-04-26T16:07:38.730+0000 7f17f2749700 1 -- 172.21.15.50:0/1892904340 --> [v2:172.21.15.50:6800/685732569,v1:172.21.15.50:6801/685732569] -- command(tid 1: {"prefix": "mgr_status"}) -- 0x7f17ec10b4e0 con 0x7f17d803efc0
2024-04-26T16:07:39.409 INFO:teuthology.orchestra.run.smithi050.stdout:/usr/bin/ceph: stderr
2024-04-26T16:07:38.730+0000 7f17e97fa700 1 -- 172.21.15.50:0/1892904340 <== mgr.14120 v2:172.21.15.50:6800/685732569 2 ==== command_reply(tid 1: 0 ) ==== 8+0+51 (secure 0 0 0) 0x7f17ec10b4e0 con 0x7f17d803efc0
2024-04-26T16:07:39.409 INFO:teuthology.orchestra.run.smithi050.stdout:/usr/bin/ceph: stderr
2024-04-26T16:07:38.730+0000 7f17f2749700 10 librados: watch_flush enter
2024-04-26T16:07:39.409 INFO:teuthology.orchestra.run.smithi050.stdout:/usr/bin/ceph: stderr
2024-04-26T16:07:38.730+0000 7f17f2749700 10 librados: watch_flush exit
2024-04-26T16:07:39.409 INFO:teuthology.orchestra.run.smithi050.stdout:/usr/bin/ceph: stderr
2024-04-26T16:07:38.730+0000 7f17f2749700 20 client.14124.objecter shutdown clearing up homeless session...
2024-04-26T16:07:39.409 INFO:teuthology.orchestra.run.smithi050.stdout:/usr/bin/ceph: stderr
2024-04-26T16:07:38.730+0000 7f17f2749700 10 client.14124.objecter successfully canceled tick
2024-04-26T16:07:39.409 INFO:teuthology.orchestra.run.smithi050.stdout:/usr/bin/ceph: stderr
2024-04-26T16:07:38.730+0000 7f17f2749700 1 -- 172.21.15.50:0/1892904340 >> [v2:172.21.15.50:6800/685732569,v1:172.21.15.50:6801/685732569] conn(0x7f17d803efc0 msgr2=0x7f17d80413b0 secure :-1 s=STATE_CONNECTION_ESTABLISHED l=1).mark_down
2024-04-26T16:07:39.409 INFO:teuthology.orchestra.run.smithi050.stdout:/usr/bin/ceph: stderr
2024-04-26T16:07:38.730+0000 7f17f2749700 1 --2- 172.21.15.50:0/1892904340 >> [v2:172.21.15.50:6800/685732569,v1:172.21.15.50:6801/685732569] conn(0x7f17d803efc0 0x7f17d80413b0 secure :-1 s=READY pgs=3 cs=0 l=1 rev1=1 crypto rx=0x7f17d4003a10 tx=0x7f17d40092b0 comp rx=0 tx=0).stop
2024-04-26T16:07:39.409 INFO:teuthology.orchestra.run.smithi050.stdout:/usr/bin/ceph: stderr
2024-04-26T16:07:38.730+0000 7f17f2749700 1 -- 172.21.15.50:0/1892904340 >> [v2:172.21.15.50:3300/0,v1:172.21.15.50:6789/0] conn(0x7f17ec107d10 msgr2=0x7f17ec10c5f0 secure :-1 s=STATE_CONNECTION_ESTABLISHED l=1).mark_down
2024-04-26T16:07:39.409 INFO:teuthology.orchestra.run.smithi050.stdout:/usr/bin/ceph: stderr
2024-04-26T16:07:38.730+0000 7f17f2749700 1 --2- 172.21.15.50:0/1892904340 >> [v2:172.21.15.50:3300/0,v1:172.21.15.50:6789/0] conn(0x7f17ec107d10 0x7f17ec10c5f0 secure :-1 s=READY pgs=29 cs=0 l=1 rev1=1 crypto rx=0x7f17dc011e10 tx=0x7f17dc011ef0 comp rx=0 tx=0).stop
2024-04-26T16:07:39.409 INFO:teuthology.orchestra.run.smithi050.stdout:/usr/bin/ceph: stderr
2024-04-26T16:07:38.730+0000 7f17f2749700 1 -- 172.21.15.50:0/1892904340 shutdown_connections
2024-04-26T16:07:39.410 INFO:teuthology.orchestra.run.smithi050.stdout:/usr/bin/ceph: stderr
2024-04-26T16:07:38.730+0000 7f17f2749700 1 --2- 172.21.15.50:0/1892904340 >> [v2:172.21.15.50:6800/685732569,v1:172.21.15.50:6801/685732569] conn(0x7f17d803efc0 0x7f17d80413b0 unknown :-1 s=CLOSED pgs=3 cs=0 l=1 rev1=1 crypto rx=0 tx=0 comp rx=0 tx=0).stop
2024-04-26T16:07:39.411 INFO:teuthology.orchestra.run.smithi050.stdout:/usr/bin/ceph: stderr
2024-04-26T16:07:38.730+0000 7f17f2749700 1 --2- 172.21.15.50:0/1892904340 >> [v2:172.21.15.50:3300/0,v1:172.21.15.50:6789/0] conn(0x7f17ec107d10 0x7f17ec10c5f0 unknown :-1 s=CLOSED pgs=29 cs=0 l=1 rev1=1 crypto rx=0 tx=0 comp rx=0 tx=0).stop
2024-04-26T16:07:39.411 INFO:teuthology.orchestra.run.smithi050.stdout:/usr/bin/ceph: stderr
2024-04-26T16:07:38.730+0000 7f17f2749700 1 --2- 172.21.15.50:0/1892904340 >> [v2:172.21.15.50:6800/127073210,v1:172.21.15.50:6801/127073210] conn(0x7f17d803b950 0x7f17d803de10 unknown :-1 s=CLOSED pgs=0 cs=0 l=1 rev1=0 crypto rx=0 tx=0 comp rx=0 tx=0).stop
2024-04-26T16:07:39.411 INFO:teuthology.orchestra.run.smithi050.stdout:/usr/bin/ceph: stderr
2024-04-26T16:07:38.730+0000 7f17f2749700 1 -- 172.21.15.50:0/1892904340 >> 172.21.15.50:0/1892904340 conn(0x7f17ec101450 msgr2=0x7f17ec101fe0 unknown :-1 s=STATE_NONE l=0).mark_down
2024-04-26T16:07:39.411 INFO:teuthology.orchestra.run.smithi050.stdout:/usr/bin/ceph: stderr
2024-04-26T16:07:38.730+0000 7f17f2749700 1 -- 172.21.15.50:0/1892904340 shutdown_connections
2024-04-26T16:07:39.411 INFO:teuthology.orchestra.run.smithi050.stdout:/usr/bin/ceph: stderr
2024-04-26T16:07:38.730+0000 7f17f2749700 1 -- 172.21.15.50:0/1892904340 wait complete.
2024-04-26T16:07:39.411 INFO:teuthology.orchestra.run.smithi050.stdout:/usr/bin/ceph: stderr
2024-04-26T16:07:38.730+0000 7f17f2749700 1 librados: shutdown
2024-04-26T16:07:39.411 INFO:teuthology.orchestra.run.smithi050.stdout:mgr epoch 5 is available
2024-04-26T16:07:39.411 INFO:teuthology.orchestra.run.smithi050.stdout:Setting orchestrator backend to cephadm...
2024-04-26T16:07:40.072 INFO:journalctl@ceph.mon.a.smithi050.stdout:Apr 26 16:07:39 smithi050 bash[21463]: audit
2024-04-26T16:07:38.716978+0000 mgr.y (mgr.14120) 2 : audit [DBG] from='client.14124 -' entity='client.admin' cmd=[{"prefix": "get_command_descriptions"}]: dispatch
2024-04-26T16:07:40.072 INFO:journalctl@ceph.mon.a.smithi050.stdout:Apr 26 16:07:39 smithi050 bash[21463]: audit
2024-04-26T16:07:38.716978+0000 mgr.y (mgr.14120) 2 : audit [DBG] from='client.14124 -' entity='client.admin' cmd=[{"prefix": "get_command_descriptions"}]: dispatch
2024-04-26T16:07:40.072 INFO:journalctl@ceph.mon.a.smithi050.stdout:Apr 26 16:07:39 smithi050 bash[21463]: audit
2024-04-26T16:07:38.732945+0000 mgr.y (mgr.14120) 3 : audit [DBG] from='client.14124 -' entity='client.admin' cmd=[{"prefix": "mgr_status"}]: dispatch
2024-04-26T16:07:40.072 INFO:journalctl@ceph.mon.a.smithi050.stdout:Apr 26 16:07:39 smithi050 bash[21463]: audit
2024-04-26T16:07:38.732945+0000 mgr.y (mgr.14120) 3 : audit [DBG] from='client.14124 -' entity='client.admin' cmd=[{"prefix": "mgr_status"}]: dispatch
2024-04-26T16:07:40.072 INFO:journalctl@ceph.mon.a.smithi050.stdout:Apr 26 16:07:39 smithi050 bash[21463]: cephadm
2024-04-26T16:07:38.743723+0000 mgr.y (mgr.14120) 4 : cephadm [INF] [26/Apr/2024:16:07:38] ENGINE Bus STARTING
2024-04-26T16:07:40.072 INFO:journalctl@ceph.mon.a.smithi050.stdout:Apr 26 16:07:39 smithi050 bash[21463]: cephadm
2024-04-26T16:07:38.743723+0000 mgr.y (mgr.14120) 4 : cephadm [INF] [26/Apr/2024:16:07:38] ENGINE Bus STARTING
2024-04-26T16:07:40.072 INFO:journalctl@ceph.mon.a.smithi050.stdout:Apr 26 16:07:39 smithi050 bash[21463]: cephadm
2024-04-26T16:07:38.862783+0000 mgr.y (mgr.14120) 5 : cephadm [INF] [26/Apr/2024:16:07:38] ENGINE Serving on https://172.21.15.50:7150
2024-04-26T16:07:40.073 INFO:journalctl@ceph.mon.a.smithi050.stdout:Apr 26 16:07:39 smithi050 bash[21463]: cephadm
2024-04-26T16:07:38.862783+0000 mgr.y (mgr.14120) 5 : cephadm [INF] [26/Apr/2024:16:07:38] ENGINE Serving on https://172.21.15.50:7150
2024-04-26T16:07:40.073 INFO:journalctl@ceph.mon.a.smithi050.stdout:Apr 26 16:07:39 smithi050 bash[21463]: cephadm
2024-04-26T16:07:38.964241+0000 mgr.y (mgr.14120) 6 : cephadm [INF] [26/Apr/2024:16:07:38] ENGINE Serving on http://172.21.15.50:8765
2024-04-26T16:07:40.073 INFO:journalctl@ceph.mon.a.smithi050.stdout:Apr 26 16:07:39 smithi050 bash[21463]: cephadm
2024-04-26T16:07:38.964241+0000 mgr.y (mgr.14120) 6 : cephadm [INF] [26/Apr/2024:16:07:38] ENGINE Serving on http://172.21.15.50:8765
2024-04-26T16:07:40.073 INFO:journalctl@ceph.mon.a.smithi050.stdout:Apr 26 16:07:39 smithi050 bash[21463]: cephadm
2024-04-26T16:07:38.964848+0000 mgr.y (mgr.14120) 7 : cephadm [INF] [26/Apr/2024:16:07:38] ENGINE Bus STARTED
2024-04-26T16:07:40.073 INFO:journalctl@ceph.mon.a.smithi050.stdout:Apr 26 16:07:39 smithi050 bash[21463]: cephadm
2024-04-26T16:07:38.964848+0000 mgr.y (mgr.14120) 7 : cephadm [INF] [26/Apr/2024:16:07:38] ENGINE Bus STARTED
2024-04-26T16:07:40.073 INFO:journalctl@ceph.mon.a.smithi050.stdout:Apr 26 16:07:39 smithi050 bash[21463]: audit
2024-04-26T16:07:38.991990+0000 mon.a (mon.0) 56 : audit [DBG] from='mgr.14120 172.21.15.50:0/122528113' entity='mgr.y' cmd=[{"prefix": "config dump", "format": "json"}]: dispatch
2024-04-26T16:07:40.073 INFO:journalctl@ceph.mon.a.smithi050.stdout:Apr 26 16:07:39 smithi050 bash[21463]: audit
2024-04-26T16:07:38.991990+0000 mon.a (mon.0) 56 : audit [DBG] from='mgr.14120 172.21.15.50:0/122528113' entity='mgr.y' cmd=[{"prefix": "config dump", "format": "json"}]: dispatch
2024-04-26T16:07:41.131 INFO:journalctl@ceph.mon.a.smithi050.stdout:Apr 26 16:07:40 smithi050 bash[21463]: cluster
2024-04-26T16:07:39.775490+0000 mon.a (mon.0) 57 : cluster [DBG] mgrmap e8: y(active, since 2s)
2024-04-26T16:07:41.132 INFO:journalctl@ceph.mon.a.smithi050.stdout:Apr 26 16:07:40 smithi050 bash[21463]: cluster
2024-04-26T16:07:39.775490+0000 mon.a (mon.0) 57 : cluster [DBG] mgrmap e8: y(active, since 2s)
2024-04-26T16:07:41.132 INFO:journalctl@ceph.mon.a.smithi050.stdout:Apr 26 16:07:40 smithi050 bash[21463]: audit
2024-04-26T16:07:40.729500+0000 mon.a (mon.0) 58 : audit [INF] from='mgr.14120 172.21.15.50:0/122528113' entity='mgr.y'
2024-04-26T16:07:41.132 INFO:journalctl@ceph.mon.a.smithi050.stdout:Apr 26 16:07:40 smithi050 bash[21463]: audit
2024-04-26T16:07:40.729500+0000 mon.a (mon.0) 58 : audit [INF] from='mgr.14120 172.21.15.50:0/122528113' entity='mgr.y'
2024-04-26T16:07:41.132 INFO:journalctl@ceph.mon.a.smithi050.stdout:Apr 26 16:07:40 smithi050 bash[21463]: audit
2024-04-26T16:07:40.763546+0000 mon.a (mon.0) 59 : audit [DBG] from='mgr.14120 172.21.15.50:0/122528113' entity='mgr.y' cmd=[{"prefix": "config dump", "format": "json"}]: dispatch
2024-04-26T16:07:41.132 INFO:journalctl@ceph.mon.a.smithi050.stdout:Apr 26 16:07:40 smithi050 bash[21463]: audit
2024-04-26T16:07:40.763546+0000 mon.a (mon.0) 59 : audit [DBG] from='mgr.14120 172.21.15.50:0/122528113' entity='mgr.y' cmd=[{"prefix": "config dump", "format": "json"}]: dispatch
2024-04-26T16:07:41.341 INFO:teuthology.orchestra.run.smithi050.stdout:/usr/bin/ceph: stderr
2024-04-26T16:07:40.282+0000 7fb25511b700 1 Processor -- start
2024-04-26T16:07:41.341 INFO:teuthology.orchestra.run.smithi050.stdout:/usr/bin/ceph: stderr
2024-04-26T16:07:40.282+0000 7fb25511b700 1 -- start start
2024-04-26T16:07:41.341 INFO:teuthology.orchestra.run.smithi050.stdout:/usr/bin/ceph: stderr
2024-04-26T16:07:40.282+0000 7fb25511b700 1 --2- >> [v2:172.21.15.50:3300/0,v1:172.21.15.50:6789/0] conn(0x7fb25007d6d0 0x7fb25007bb30 unknown :-1 s=NONE pgs=0 cs=0 l=0 rev1=0 crypto rx=0 tx=0 comp rx=0 tx=0).connect
2024-04-26T16:07:41.341 INFO:teuthology.orchestra.run.smithi050.stdout:/usr/bin/ceph: stderr
2024-04-26T16:07:40.282+0000 7fb25511b700 1 -- --> [v2:172.21.15.50:3300/0,v1:172.21.15.50:6789/0] -- mon_getmap magic: 0 -- 0x7fb25007c100 con 0x7fb25007d6d0
2024-04-26T16:07:41.341 INFO:teuthology.orchestra.run.smithi050.stdout:/usr/bin/ceph: stderr
2024-04-26T16:07:40.282+0000 7fb24ed9d700 1 --2- >> [v2:172.21.15.50:3300/0,v1:172.21.15.50:6789/0] conn(0x7fb25007d6d0 0x7fb25007bb30 unknown :-1 s=BANNER_CONNECTING pgs=0 cs=0 l=0 rev1=0 crypto rx=0 tx=0 comp rx=0 tx=0)._handle_peer_banner_payload supported=3 required=0
2024-04-26T16:07:41.341 INFO:teuthology.orchestra.run.smithi050.stdout:/usr/bin/ceph: stderr
2024-04-26T16:07:40.282+0000 7fb24ed9d700 1 --2- >> [v2:172.21.15.50:3300/0,v1:172.21.15.50:6789/0] conn(0x7fb25007d6d0 0x7fb25007bb30 unknown :-1 s=HELLO_CONNECTING pgs=0 cs=0 l=0 rev1=1 crypto rx=0 tx=0 comp rx=0 tx=0).handle_hello peer v2:172.21.15.50:3300/0 says I am v2:172.21.15.50:35518/0 (socket says 172.21.15.50:35518)
2024-04-26T16:07:41.341 INFO:teuthology.orchestra.run.smithi050.stdout:/usr/bin/ceph: stderr
2024-04-26T16:07:40.282+0000 7fb24ed9d700 1 -- 172.21.15.50:0/1361829743 learned_addr learned my addr 172.21.15.50:0/1361829743 (peer_addr_for_me v2:172.21.15.50:0/0)
2024-04-26T16:07:41.341 INFO:teuthology.orchestra.run.smithi050.stdout:/usr/bin/ceph: stderr
2024-04-26T16:07:40.286+0000 7fb24ed9d700 1 -- 172.21.15.50:0/1361829743 --> [v2:172.21.15.50:3300/0,v1:172.21.15.50:6789/0] -- mon_subscribe({config=0+,monmap=0+}) -- 0x7fb25007c280 con 0x7fb25007d6d0
2024-04-26T16:07:41.342 INFO:teuthology.orchestra.run.smithi050.stdout:/usr/bin/ceph: stderr
2024-04-26T16:07:40.286+0000 7fb24ed9d700 1 --2- 172.21.15.50:0/1361829743 >> [v2:172.21.15.50:3300/0,v1:172.21.15.50:6789/0] conn(0x7fb25007d6d0 0x7fb25007bb30 secure :-1 s=READY pgs=37 cs=0 l=1 rev1=1 crypto rx=0x7fb2400098a0 tx=0x7fb240009bb0 comp rx=0 tx=0).ready entity=mon.0 client_cookie=d849cce9c93467fd server_cookie=0 in_seq=0 out_seq=0
2024-04-26T16:07:41.342 INFO:teuthology.orchestra.run.smithi050.stdout:/usr/bin/ceph: stderr
2024-04-26T16:07:40.286+0000 7fb24dd9b700 1 -- 172.21.15.50:0/1361829743 <== mon.0 v2:172.21.15.50:3300/0 1 ==== mon_map magic: 0 ==== 205+0+0 (secure 0 0 0) 0x7fb240004160 con 0x7fb25007d6d0
2024-04-26T16:07:41.342 INFO:teuthology.orchestra.run.smithi050.stdout:/usr/bin/ceph: stderr
2024-04-26T16:07:40.286+0000 7fb24dd9b700 1 -- 172.21.15.50:0/1361829743 <== mon.0 v2:172.21.15.50:3300/0 2 ==== config(24 keys) ==== 985+0+0 (secure 0 0 0) 0x7fb240004300 con 0x7fb25007d6d0
2024-04-26T16:07:41.342 INFO:teuthology.orchestra.run.smithi050.stdout:/usr/bin/ceph: stderr
2024-04-26T16:07:40.286+0000 7fb24dd9b700 1 -- 172.21.15.50:0/1361829743 <== mon.0 v2:172.21.15.50:3300/0 3 ==== mon_map magic: 0 ==== 205+0+0 (secure 0 0 0) 0x7fb2400118c0 con 0x7fb25007d6d0
2024-04-26T16:07:41.342 INFO:teuthology.orchestra.run.smithi050.stdout:/usr/bin/ceph: stderr
2024-04-26T16:07:40.286+0000 7fb25511b700 1 -- 172.21.15.50:0/1361829743 >> [v2:172.21.15.50:3300/0,v1:172.21.15.50:6789/0] conn(0x7fb25007d6d0 msgr2=0x7fb25007bb30 secure :-1 s=STATE_CONNECTION_ESTABLISHED l=1).mark_down
2024-04-26T16:07:41.342 INFO:teuthology.orchestra.run.smithi050.stdout:/usr/bin/ceph: stderr
2024-04-26T16:07:40.286+0000 7fb25511b700 1 --2- 172.21.15.50:0/1361829743 >> [v2:172.21.15.50:3300/0,v1:172.21.15.50:6789/0] conn(0x7fb25007d6d0 0x7fb25007bb30 secure :-1 s=READY pgs=37 cs=0 l=1 rev1=1 crypto rx=0x7fb2400098a0 tx=0x7fb240009bb0 comp rx=0 tx=0).stop
2024-04-26T16:07:41.342 INFO:teuthology.orchestra.run.smithi050.stdout:/usr/bin/ceph: stderr
2024-04-26T16:07:40.286+0000 7fb25511b700 1 -- 172.21.15.50:0/1361829743 shutdown_connections
2024-04-26T16:07:41.342 INFO:teuthology.orchestra.run.smithi050.stdout:/usr/bin/ceph: stderr
2024-04-26T16:07:40.286+0000 7fb25511b700 1 --2- 172.21.15.50:0/1361829743 >> [v2:172.21.15.50:3300/0,v1:172.21.15.50:6789/0] conn(0x7fb25007d6d0 0x7fb25007bb30 unknown :-1 s=CLOSED pgs=37 cs=0 l=1 rev1=1 crypto rx=0 tx=0 comp rx=0 tx=0).stop
2024-04-26T16:07:41.342 INFO:teuthology.orchestra.run.smithi050.stdout:/usr/bin/ceph: stderr
2024-04-26T16:07:40.286+0000 7fb25511b700 1 -- 172.21.15.50:0/1361829743 >> 172.21.15.50:0/1361829743 conn(0x7fb250102e60 msgr2=0x7fb2501052e0 unknown :-1 s=STATE_NONE l=0).mark_down
2024-04-26T16:07:41.342 INFO:teuthology.orchestra.run.smithi050.stdout:/usr/bin/ceph: stderr
2024-04-26T16:07:40.286+0000 7fb25511b700 1 -- 172.21.15.50:0/1361829743 shutdown_connections
2024-04-26T16:07:41.342 INFO:teuthology.orchestra.run.smithi050.stdout:/usr/bin/ceph: stderr
2024-04-26T16:07:40.286+0000 7fb25511b700 1 -- 172.21.15.50:0/1361829743 wait complete.
2024-04-26T16:07:41.342 INFO:teuthology.orchestra.run.smithi050.stdout:/usr/bin/ceph: stderr
2024-04-26T16:07:40.286+0000 7fb25511b700 1 librados: starting msgr at
2024-04-26T16:07:41.342 INFO:teuthology.orchestra.run.smithi050.stdout:/usr/bin/ceph: stderr
2024-04-26T16:07:40.286+0000 7fb25511b700 1 librados: starting objecter
2024-04-26T16:07:41.343 INFO:teuthology.orchestra.run.smithi050.stdout:/usr/bin/ceph: stderr
2024-04-26T16:07:40.286+0000 7fb25511b700 1 Processor -- start
2024-04-26T16:07:41.343 INFO:teuthology.orchestra.run.smithi050.stdout:/usr/bin/ceph: stderr
2024-04-26T16:07:40.286+0000 7fb25511b700 1 -- start start
2024-04-26T16:07:41.343 INFO:teuthology.orchestra.run.smithi050.stdout:/usr/bin/ceph: stderr
2024-04-26T16:07:40.286+0000 7fb25511b700 1 librados: setting wanted keys
2024-04-26T16:07:41.343 INFO:teuthology.orchestra.run.smithi050.stdout:/usr/bin/ceph: stderr
2024-04-26T16:07:40.286+0000 7fb25511b700 1 librados: calling monclient init
2024-04-26T16:07:41.343 INFO:teuthology.orchestra.run.smithi050.stdout:/usr/bin/ceph: stderr
2024-04-26T16:07:40.286+0000 7fb25511b700 1 --2- >> [v2:172.21.15.50:3300/0,v1:172.21.15.50:6789/0] conn(0x7fb25007d6d0 0x7fb25019d870 unknown :-1 s=NONE pgs=0 cs=0 l=1 rev1=0 crypto rx=0 tx=0 comp rx=0 tx=0).connect
2024-04-26T16:07:41.343 INFO:teuthology.orchestra.run.smithi050.stdout:/usr/bin/ceph: stderr
2024-04-26T16:07:40.286+0000 7fb25511b700 1 -- --> [v2:172.21.15.50:3300/0,v1:172.21.15.50:6789/0] -- mon_getmap magic: 0 -- 0x7fb25010dd00 con 0x7fb25007d6d0
2024-04-26T16:07:41.343 INFO:teuthology.orchestra.run.smithi050.stdout:/usr/bin/ceph: stderr
2024-04-26T16:07:40.286+0000 7fb24ed9d700 1 --2- >> [v2:172.21.15.50:3300/0,v1:172.21.15.50:6789/0] conn(0x7fb25007d6d0 0x7fb25019d870 unknown :-1 s=BANNER_CONNECTING pgs=0 cs=0 l=1 rev1=0 crypto rx=0 tx=0 comp rx=0 tx=0)._handle_peer_banner_payload supported=3 required=0
2024-04-26T16:07:41.343 INFO:teuthology.orchestra.run.smithi050.stdout:/usr/bin/ceph: stderr
2024-04-26T16:07:40.286+0000 7fb24ed9d700 1 --2- >> [v2:172.21.15.50:3300/0,v1:172.21.15.50:6789/0] conn(0x7fb25007d6d0 0x7fb25019d870 unknown :-1 s=HELLO_CONNECTING pgs=0 cs=0 l=1 rev1=1 crypto rx=0 tx=0 comp rx=0 tx=0).handle_hello peer v2:172.21.15.50:3300/0 says I am v2:172.21.15.50:35532/0 (socket says 172.21.15.50:35532)
2024-04-26T16:07:41.343 INFO:teuthology.orchestra.run.smithi050.stdout:/usr/bin/ceph: stderr
2024-04-26T16:07:40.286+0000 7fb24ed9d700 1 -- 172.21.15.50:0/1957270528 learned_addr learned my addr 172.21.15.50:0/1957270528 (peer_addr_for_me v2:172.21.15.50:0/0)
2024-04-26T16:07:41.343 INFO:teuthology.orchestra.run.smithi050.stdout:/usr/bin/ceph: stderr
2024-04-26T16:07:40.286+0000 7fb24ed9d700 1 -- 172.21.15.50:0/1957270528 --> [v2:172.21.15.50:3300/0,v1:172.21.15.50:6789/0] -- mon_subscribe({config=0+,monmap=0+}) -- 0x7fb25019ddb0 con 0x7fb25007d6d0
2024-04-26T16:07:41.343 INFO:teuthology.orchestra.run.smithi050.stdout:/usr/bin/ceph: stderr
2024-04-26T16:07:40.286+0000 7fb24ed9d700 1 --2- 172.21.15.50:0/1957270528 >> [v2:172.21.15.50:3300/0,v1:172.21.15.50:6789/0] conn(0x7fb25007d6d0 0x7fb25019d870 secure :-1 s=READY pgs=38 cs=0 l=1 rev1=1 crypto rx=0x7fb240006af0 tx=0x7fb240011f10 comp rx=0 tx=0).ready entity=mon.0 client_cookie=0 server_cookie=0 in_seq=0 out_seq=0
2024-04-26T16:07:41.343 INFO:teuthology.orchestra.run.smithi050.stdout:/usr/bin/ceph: stderr
2024-04-26T16:07:40.286+0000 7fb237fff700 10 client.?.objecter ms_handle_connect 0x7fb25007d6d0
2024-04-26T16:07:41.343 INFO:teuthology.orchestra.run.smithi050.stdout:/usr/bin/ceph: stderr
2024-04-26T16:07:40.286+0000 7fb237fff700 10 client.?.objecter resend_mon_ops
2024-04-26T16:07:41.343 INFO:teuthology.orchestra.run.smithi050.stdout:/usr/bin/ceph: stderr
2024-04-26T16:07:40.286+0000 7fb237fff700 1 -- 172.21.15.50:0/1957270528 <== mon.0 v2:172.21.15.50:3300/0 1 ==== mon_map magic: 0 ==== 205+0+0 (secure 0 0 0) 0x7fb2400036a0 con 0x7fb25007d6d0
2024-04-26T16:07:41.343 INFO:teuthology.orchestra.run.smithi050.stdout:/usr/bin/ceph: stderr
2024-04-26T16:07:40.286+0000 7fb237fff700 1 -- 172.21.15.50:0/1957270528 <== mon.0 v2:172.21.15.50:3300/0 2 ==== config(24 keys) ==== 985+0+0 (secure 0 0 0) 0x7fb24001a430 con 0x7fb25007d6d0
2024-04-26T16:07:41.344 INFO:teuthology.orchestra.run.smithi050.stdout:/usr/bin/ceph: stderr
2024-04-26T16:07:40.286+0000 7fb25511b700 1 -- 172.21.15.50:0/1957270528 --> [v2:172.21.15.50:3300/0,v1:172.21.15.50:6789/0] -- mon_subscribe({mgrmap=0+}) -- 0x7fb25019e040 con 0x7fb25007d6d0
2024-04-26T16:07:41.344 INFO:teuthology.orchestra.run.smithi050.stdout:/usr/bin/ceph: stderr
2024-04-26T16:07:40.286+0000 7fb25511b700 10 client.14132.objecter _maybe_request_map subscribing (onetime) to next osd map
2024-04-26T16:07:41.344 INFO:teuthology.orchestra.run.smithi050.stdout:/usr/bin/ceph: stderr
2024-04-26T16:07:40.286+0000 7fb25511b700 1 -- 172.21.15.50:0/1957270528 --> [v2:172.21.15.50:3300/0,v1:172.21.15.50:6789/0] -- mon_subscribe({osdmap=0}) -- 0x7fb2501a0d30 con 0x7fb25007d6d0
2024-04-26T16:07:41.344 INFO:teuthology.orchestra.run.smithi050.stdout:/usr/bin/ceph: stderr
2024-04-26T16:07:40.286+0000 7fb25511b700 1 librados: init done
2024-04-26T16:07:41.344 INFO:teuthology.orchestra.run.smithi050.stdout:/usr/bin/ceph: stderr
2024-04-26T16:07:40.286+0000 7fb237fff700 1 -- 172.21.15.50:0/1957270528 <== mon.0 v2:172.21.15.50:3300/0 3 ==== mon_map magic: 0 ==== 205+0+0 (secure 0 0 0) 0x7fb2400193c0 con 0x7fb25007d6d0
2024-04-26T16:07:41.344 INFO:teuthology.orchestra.run.smithi050.stdout:/usr/bin/ceph: stderr
2024-04-26T16:07:40.286+0000 7fb237fff700 1 -- 172.21.15.50:0/1957270528 <== mon.0 v2:172.21.15.50:3300/0 4 ==== mgrmap(e 8) ==== 47177+0+0 (secure 0 0 0) 0x7fb240019680 con 0x7fb25007d6d0
2024-04-26T16:07:41.344 INFO:teuthology.orchestra.run.smithi050.stdout:/usr/bin/ceph: stderr
2024-04-26T16:07:40.290+0000 7fb237fff700 1 --2- 172.21.15.50:0/1957270528 >> [v2:172.21.15.50:6800/685732569,v1:172.21.15.50:6801/685732569] conn(0x7fb23803bc20 0x7fb23803e0e0 unknown :-1 s=NONE pgs=0 cs=0 l=1 rev1=0 crypto rx=0 tx=0 comp rx=0 tx=0).connect
2024-04-26T16:07:41.344 INFO:teuthology.orchestra.run.smithi050.stdout:/usr/bin/ceph: stderr
2024-04-26T16:07:40.290+0000 7fb25511b700 1 -- 172.21.15.50:0/1957270528 --> [v2:172.21.15.50:3300/0,v1:172.21.15.50:6789/0] -- mon_command({"prefix": "get_command_descriptions"} v 0) -- 0x7fb250064a80 con 0x7fb25007d6d0
2024-04-26T16:07:41.344 INFO:teuthology.orchestra.run.smithi050.stdout:/usr/bin/ceph: stderr
2024-04-26T16:07:40.290+0000 7fb237fff700 1 -- 172.21.15.50:0/1957270528 <== mon.0 v2:172.21.15.50:3300/0 5 ==== osd_map(2..2 src has 1..2) ==== 940+0+0 (secure 0 0 0) 0x7fb24004e6d0 con 0x7fb25007d6d0
2024-04-26T16:07:41.344 INFO:teuthology.orchestra.run.smithi050.stdout:/usr/bin/ceph: stderr
2024-04-26T16:07:40.290+0000 7fb237fff700 10 client.14132.objecter ms_dispatch 0x7fb250001550 osd_map(2..2 src has 1..2)
2024-04-26T16:07:41.344 INFO:teuthology.orchestra.run.smithi050.stdout:/usr/bin/ceph: stderr
2024-04-26T16:07:40.290+0000 7fb237fff700 3 client.14132.objecter handle_osd_map got epochs [2,2] > 0
2024-04-26T16:07:41.344 INFO:teuthology.orchestra.run.smithi050.stdout:/usr/bin/ceph: stderr
2024-04-26T16:07:40.290+0000 7fb237fff700 3 client.14132.objecter handle_osd_map decoding full epoch 2
2024-04-26T16:07:41.344 INFO:teuthology.orchestra.run.smithi050.stdout:/usr/bin/ceph: stderr
2024-04-26T16:07:40.290+0000 7fb237fff700 20 client.14132.objecter dump_active .. 0 homeless
2024-04-26T16:07:41.345 INFO:teuthology.orchestra.run.smithi050.stdout:/usr/bin/ceph: stderr
2024-04-26T16:07:40.294+0000 7fb24e59c700 1 --2- 172.21.15.50:0/1957270528 >> [v2:172.21.15.50:6800/685732569,v1:172.21.15.50:6801/685732569] conn(0x7fb23803bc20 0x7fb23803e0e0 unknown :-1 s=BANNER_CONNECTING pgs=0 cs=0 l=1 rev1=0 crypto rx=0 tx=0 comp rx=0 tx=0)._handle_peer_banner_payload supported=3 required=0
2024-04-26T16:07:41.345 INFO:teuthology.orchestra.run.smithi050.stdout:/usr/bin/ceph: stderr
2024-04-26T16:07:40.294+0000 7fb24e59c700 1 --2- 172.21.15.50:0/1957270528 >> [v2:172.21.15.50:6800/685732569,v1:172.21.15.50:6801/685732569] conn(0x7fb23803bc20 0x7fb23803e0e0 secure :-1 s=READY pgs=7 cs=0 l=1 rev1=1 crypto rx=0x7fb24400ad30 tx=0x7fb2440093f0 comp rx=0 tx=0).ready entity=mgr.14120 client_cookie=0 server_cookie=0 in_seq=0 out_seq=0
2024-04-26T16:07:41.345 INFO:teuthology.orchestra.run.smithi050.stdout:/usr/bin/ceph: stderr
2024-04-26T16:07:40.294+0000 7fb237fff700 10 client.14132.objecter ms_handle_connect 0x7fb23803bc20
2024-04-26T16:07:41.345 INFO:teuthology.orchestra.run.smithi050.stdout:/usr/bin/ceph: stderr
2024-04-26T16:07:40.294+0000 7fb237fff700 1 -- 172.21.15.50:0/1957270528 <== mon.0 v2:172.21.15.50:3300/0 6 ==== mon_command_ack([{"prefix": "get_command_descriptions"}]=0 v0) ==== 72+0+191733 (secure 0 0 0) 0x7fb240016260 con 0x7fb25007d6d0
2024-04-26T16:07:41.345 INFO:teuthology.orchestra.run.smithi050.stdout:/usr/bin/ceph: stderr
2024-04-26T16:07:40.718+0000 7fb25511b700 1 -- 172.21.15.50:0/1957270528 --> [v2:172.21.15.50:6800/685732569,v1:172.21.15.50:6801/685732569] -- mgr_command(tid 0: {"prefix": "orch set backend", "module_name": "cephadm", "target": ["mon-mgr", ""]}) -- 0x7fb2501040f0 con 0x7fb23803bc20
2024-04-26T16:07:41.345 INFO:teuthology.orchestra.run.smithi050.stdout:/usr/bin/ceph: stderr
2024-04-26T16:07:40.726+0000 7fb237fff700 1 -- 172.21.15.50:0/1957270528 <== mgr.14120 v2:172.21.15.50:6800/685732569 1 ==== mgr_command_reply(tid 0: 0 ) ==== 8+0+0 (secure 0 0 0) 0x7fb2501040f0 con 0x7fb23803bc20
2024-04-26T16:07:41.345 INFO:teuthology.orchestra.run.smithi050.stdout:/usr/bin/ceph: stderr
2024-04-26T16:07:40.730+0000 7fb25511b700 10 librados: watch_flush enter
2024-04-26T16:07:41.345 INFO:teuthology.orchestra.run.smithi050.stdout:/usr/bin/ceph: stderr
2024-04-26T16:07:40.730+0000 7fb25511b700 10 librados: watch_flush exit
