2024-04-26T16:06:56.575+0000 7f75c7815700 1 --2- 172.21.15.45:0/1177168688 >> [v2:172.21.15.45:6800/3598142736,v1:172.21.15.45:6801/3598142736] conn(0x7f75a80382e0 0x7f75a803a7a0 secure :-1 s=READY pgs=17 cs=0 l=1 rev1=1 crypto rx=0x7f75b4006fd0 tx=0x7f75b4006e40 comp rx=0 tx=0).stop
2024-04-26T16:06:57.275 INFO:teuthology.orchestra.run.smithi045.stdout:/usr/bin/ceph: stderr
2024-04-26T16:06:56.575+0000 7f75c7815700 1 -- 172.21.15.45:0/1177168688 >> [v2:172.21.15.45:3300/0,v1:172.21.15.45:6789/0] conn(0x7f75c0106560 msgr2=0x7f75c019c410 secure :-1 s=STATE_CONNECTION_ESTABLISHED l=1).mark_down
2024-04-26T16:06:57.275 INFO:teuthology.orchestra.run.smithi045.stdout:/usr/bin/ceph: stderr
2024-04-26T16:06:56.575+0000 7f75c7815700 1 --2- 172.21.15.45:0/1177168688 >> [v2:172.21.15.45:3300/0,v1:172.21.15.45:6789/0] conn(0x7f75c0106560 0x7f75c019c410 secure :-1 s=READY pgs=56 cs=0 l=1 rev1=1 crypto rx=0x7f75b0009e50 tx=0x7f75b00049f0 comp rx=0 tx=0).stop
2024-04-26T16:06:57.275 INFO:teuthology.orchestra.run.smithi045.stdout:/usr/bin/ceph: stderr
2024-04-26T16:06:56.575+0000 7f75c7815700 1 -- 172.21.15.45:0/1177168688 shutdown_connections
2024-04-26T16:06:57.275 INFO:teuthology.orchestra.run.smithi045.stdout:/usr/bin/ceph: stderr
2024-04-26T16:06:56.575+0000 7f75c7815700 1 --2- 172.21.15.45:0/1177168688 >> [v2:172.21.15.45:6800/3598142736,v1:172.21.15.45:6801/3598142736] conn(0x7f75a80382e0 0x7f75a803a7a0 unknown :-1 s=CLOSED pgs=17 cs=0 l=1 rev1=1 crypto rx=0 tx=0 comp rx=0 tx=0).stop
2024-04-26T16:06:57.275 INFO:teuthology.orchestra.run.smithi045.stdout:/usr/bin/ceph: stderr
2024-04-26T16:06:56.576+0000 7f75c7815700 1 --2- 172.21.15.45:0/1177168688 >> [v2:172.21.15.45:3300/0,v1:172.21.15.45:6789/0] conn(0x7f75c0106560 0x7f75c019c410 unknown :-1 s=CLOSED pgs=56 cs=0 l=1 rev1=1 crypto rx=0 tx=0 comp rx=0 tx=0).stop
2024-04-26T16:06:57.275 INFO:teuthology.orchestra.run.smithi045.stdout:/usr/bin/ceph: stderr
2024-04-26T16:06:56.576+0000 7f75c7815700 1 -- 172.21.15.45:0/1177168688 >> 172.21.15.45:0/1177168688 conn(0x7f75c0101b40 msgr2=0x7f75c01028a0 unknown :-1 s=STATE_NONE l=0).mark_down
2024-04-26T16:06:57.276 INFO:teuthology.orchestra.run.smithi045.stdout:/usr/bin/ceph: stderr
2024-04-26T16:06:56.576+0000 7f75c7815700 1 -- 172.21.15.45:0/1177168688 shutdown_connections
2024-04-26T16:06:57.276 INFO:teuthology.orchestra.run.smithi045.stdout:/usr/bin/ceph: stderr
2024-04-26T16:06:56.576+0000 7f75c7815700 1 -- 172.21.15.45:0/1177168688 wait complete.
2024-04-26T16:06:57.276 INFO:teuthology.orchestra.run.smithi045.stdout:Deploying node-exporter service with default placement...
2024-04-26T16:06:57.789 INFO:journalctl@ceph.mon.smithi045.smithi045.stdout:Apr 26 16:06:57 smithi045 ceph-mon[26721]: from='client.14150 -' entity='client.admin' cmd=[{"prefix": "orch apply", "service_type": "grafana", "target": ["mon-mgr", ""]}]: dispatch
2024-04-26T16:06:57.789 INFO:journalctl@ceph.mon.smithi045.smithi045.stdout:Apr 26 16:06:57 smithi045 ceph-mon[26721]: Saving service grafana spec with placement count:1
2024-04-26T16:06:57.789 INFO:journalctl@ceph.mon.smithi045.smithi045.stdout:Apr 26 16:06:57 smithi045 ceph-mon[26721]: from='mgr.14118 172.21.15.45:0/2428963497' entity='mgr.smithi045.qsyfmu'
2024-04-26T16:06:57.790 INFO:journalctl@ceph.mon.smithi045.smithi045.stdout:Apr 26 16:06:57 smithi045 ceph-mon[26721]: pgmap v3: 0 pgs: ; 0 B data, 0 B used, 0 B / 0 B avail
2024-04-26T16:06:58.566 INFO:teuthology.orchestra.run.smithi045.stdout:/usr/bin/ceph: stdout Scheduled node-exporter update...
2024-04-26T16:06:58.566 INFO:teuthology.orchestra.run.smithi045.stdout:/usr/bin/ceph: stderr
2024-04-26T16:06:57.759+0000 7f97c3e4f700 1 Processor -- start
2024-04-26T16:06:58.567 INFO:teuthology.orchestra.run.smithi045.stdout:/usr/bin/ceph: stderr
2024-04-26T16:06:57.759+0000 7f97c3e4f700 1 -- start start
2024-04-26T16:06:58.567 INFO:teuthology.orchestra.run.smithi045.stdout:/usr/bin/ceph: stderr
2024-04-26T16:06:57.760+0000 7f97c3e4f700 1 --2- >> [v2:172.21.15.45:3300/0,v1:172.21.15.45:6789/0] conn(0x7f97bc107020 0x7f97bc109410 unknown :-1 s=NONE pgs=0 cs=0 l=0 rev1=0 crypto rx=0 tx=0 comp rx=0 tx=0).connect
2024-04-26T16:06:58.567 INFO:teuthology.orchestra.run.smithi045.stdout:/usr/bin/ceph: stderr
2024-04-26T16:06:57.760+0000 7f97c3e4f700 1 -- --> [v2:172.21.15.45:3300/0,v1:172.21.15.45:6789/0] -- mon_getmap magic: 0 v1 -- 0x7f97bc074640 con 0x7f97bc107020
2024-04-26T16:06:58.567 INFO:teuthology.orchestra.run.smithi045.stdout:/usr/bin/ceph: stderr
2024-04-26T16:06:57.760+0000 7f97c1beb700 1 --2- >> [v2:172.21.15.45:3300/0,v1:172.21.15.45:6789/0] conn(0x7f97bc107020 0x7f97bc109410 unknown :-1 s=BANNER_CONNECTING pgs=0 cs=0 l=0 rev1=0 crypto rx=0 tx=0 comp rx=0 tx=0)._handle_peer_banner_payload supported=3 required=0
2024-04-26T16:06:58.567 INFO:teuthology.orchestra.run.smithi045.stdout:/usr/bin/ceph: stderr
2024-04-26T16:06:57.760+0000 7f97c1beb700 1 --2- >> [v2:172.21.15.45:3300/0,v1:172.21.15.45:6789/0] conn(0x7f97bc107020 0x7f97bc109410 unknown :-1 s=HELLO_CONNECTING pgs=0 cs=0 l=0 rev1=1 crypto rx=0 tx=0 comp rx=0 tx=0).handle_hello peer v2:172.21.15.45:3300/0 says I am v2:172.21.15.45:50660/0 (socket says 172.21.15.45:50660)
2024-04-26T16:06:58.567 INFO:teuthology.orchestra.run.smithi045.stdout:/usr/bin/ceph: stderr
2024-04-26T16:06:57.760+0000 7f97c1beb700 1 -- 172.21.15.45:0/432665834 learned_addr learned my addr 172.21.15.45:0/432665834 (peer_addr_for_me v2:172.21.15.45:0/0)
2024-04-26T16:06:58.568 INFO:teuthology.orchestra.run.smithi045.stdout:/usr/bin/ceph: stderr
2024-04-26T16:06:57.760+0000 7f97c1beb700 1 -- 172.21.15.45:0/432665834 --> [v2:172.21.15.45:3300/0,v1:172.21.15.45:6789/0] -- mon_subscribe({config=0+,monmap=0+}) v3 -- 0x7f97bc109950 con 0x7f97bc107020
2024-04-26T16:06:58.568 INFO:teuthology.orchestra.run.smithi045.stdout:/usr/bin/ceph: stderr
2024-04-26T16:06:57.760+0000 7f97c1beb700 1 --2- 172.21.15.45:0/432665834 >> [v2:172.21.15.45:3300/0,v1:172.21.15.45:6789/0] conn(0x7f97bc107020 0x7f97bc109410 secure :-1 s=READY pgs=57 cs=0 l=1 rev1=1 crypto rx=0x7f97ac0098a0 tx=0x7f97ac009bb0 comp rx=0 tx=0).ready entity=mon.0 client_cookie=5afdfcfd45e23db6 server_cookie=0 in_seq=0 out_seq=0
2024-04-26T16:06:58.568 INFO:teuthology.orchestra.run.smithi045.stdout:/usr/bin/ceph: stderr
2024-04-26T16:06:57.760+0000 7f97c0be9700 1 -- 172.21.15.45:0/432665834 <== mon.0 v2:172.21.15.45:3300/0 1 ==== mon_map magic: 0 v1 ==== 229+0+0 (secure 0 0 0) 0x7f97ac004180 con 0x7f97bc107020
2024-04-26T16:06:58.568 INFO:teuthology.orchestra.run.smithi045.stdout:/usr/bin/ceph: stderr
2024-04-26T16:06:57.760+0000 7f97c0be9700 1 -- 172.21.15.45:0/432665834 <== mon.0 v2:172.21.15.45:3300/0 2 ==== config(27 keys) v1 ==== 1101+0+0 (secure 0 0 0) 0x7f97ac0042e0 con 0x7f97bc107020
2024-04-26T16:06:58.568 INFO:teuthology.orchestra.run.smithi045.stdout:/usr/bin/ceph: stderr
2024-04-26T16:06:57.760+0000 7f97c0be9700 1 -- 172.21.15.45:0/432665834 <== mon.0 v2:172.21.15.45:3300/0 3 ==== mon_map magic: 0 v1 ==== 229+0+0 (secure 0 0 0) 0x7f97ac011af0 con 0x7f97bc107020
2024-04-26T16:06:58.568 INFO:teuthology.orchestra.run.smithi045.stdout:/usr/bin/ceph: stderr
2024-04-26T16:06:57.761+0000 7f97c3e4f700 1 -- 172.21.15.45:0/432665834 >> [v2:172.21.15.45:3300/0,v1:172.21.15.45:6789/0] conn(0x7f97bc107020 msgr2=0x7f97bc109410 secure :-1 s=STATE_CONNECTION_ESTABLISHED l=1).mark_down
2024-04-26T16:06:58.569 INFO:teuthology.orchestra.run.smithi045.stdout:/usr/bin/ceph: stderr
2024-04-26T16:06:57.761+0000 7f97c3e4f700 1 --2- 172.21.15.45:0/432665834 >> [v2:172.21.15.45:3300/0,v1:172.21.15.45:6789/0] conn(0x7f97bc107020 0x7f97bc109410 secure :-1 s=READY pgs=57 cs=0 l=1 rev1=1 crypto rx=0x7f97ac0098a0 tx=0x7f97ac009bb0 comp rx=0 tx=0).stop
2024-04-26T16:06:58.569 INFO:teuthology.orchestra.run.smithi045.stdout:/usr/bin/ceph: stderr
2024-04-26T16:06:57.761+0000 7f97c3e4f700 1 -- 172.21.15.45:0/432665834 shutdown_connections
2024-04-26T16:06:58.569 INFO:teuthology.orchestra.run.smithi045.stdout:/usr/bin/ceph: stderr
2024-04-26T16:06:57.761+0000 7f97c3e4f700 1 --2- 172.21.15.45:0/432665834 >> [v2:172.21.15.45:3300/0,v1:172.21.15.45:6789/0] conn(0x7f97bc107020 0x7f97bc109410 unknown :-1 s=CLOSED pgs=57 cs=0 l=1 rev1=1 crypto rx=0 tx=0 comp rx=0 tx=0).stop
2024-04-26T16:06:58.569 INFO:teuthology.orchestra.run.smithi045.stdout:/usr/bin/ceph: stderr
2024-04-26T16:06:57.761+0000 7f97c3e4f700 1 -- 172.21.15.45:0/432665834 >> 172.21.15.45:0/432665834 conn(0x7f97bc1009f0 msgr2=0x7f97bc102e50 unknown :-1 s=STATE_NONE l=0).mark_down
2024-04-26T16:06:58.569 INFO:teuthology.orchestra.run.smithi045.stdout:/usr/bin/ceph: stderr
2024-04-26T16:06:57.761+0000 7f97c3e4f700 1 -- 172.21.15.45:0/432665834 shutdown_connections
2024-04-26T16:06:58.569 INFO:teuthology.orchestra.run.smithi045.stdout:/usr/bin/ceph: stderr
2024-04-26T16:06:57.761+0000 7f97c3e4f700 1 -- 172.21.15.45:0/432665834 wait complete.
2024-04-26T16:06:58.569 INFO:teuthology.orchestra.run.smithi045.stdout:/usr/bin/ceph: stderr
2024-04-26T16:06:57.762+0000 7f97c3e4f700 1 Processor -- start
2024-04-26T16:06:58.569 INFO:teuthology.orchestra.run.smithi045.stdout:/usr/bin/ceph: stderr
2024-04-26T16:06:57.762+0000 7f97c3e4f700 1 -- start start
2024-04-26T16:06:58.570 INFO:teuthology.orchestra.run.smithi045.stdout:/usr/bin/ceph: stderr
2024-04-26T16:06:57.762+0000 7f97c3e4f700 1 --2- >> [v2:172.21.15.45:3300/0,v1:172.21.15.45:6789/0] conn(0x7f97bc107020 0x7f97bc106980 unknown :-1 s=NONE pgs=0 cs=0 l=1 rev1=0 crypto rx=0 tx=0 comp rx=0 tx=0).connect
2024-04-26T16:06:58.570 INFO:teuthology.orchestra.run.smithi045.stdout:/usr/bin/ceph: stderr
2024-04-26T16:06:57.762+0000 7f97c3e4f700 1 -- --> [v2:172.21.15.45:3300/0,v1:172.21.15.45:6789/0] -- mon_getmap magic: 0 v1 -- 0x7f97bc106ec0 con 0x7f97bc107020
2024-04-26T16:06:58.570 INFO:teuthology.orchestra.run.smithi045.stdout:/usr/bin/ceph: stderr
2024-04-26T16:06:57.762+0000 7f97c1beb700 1 --2- >> [v2:172.21.15.45:3300/0,v1:172.21.15.45:6789/0] conn(0x7f97bc107020 0x7f97bc106980 unknown :-1 s=BANNER_CONNECTING pgs=0 cs=0 l=1 rev1=0 crypto rx=0 tx=0 comp rx=0 tx=0)._handle_peer_banner_payload supported=3 required=0
2024-04-26T16:06:58.570 INFO:teuthology.orchestra.run.smithi045.stdout:/usr/bin/ceph: stderr
2024-04-26T16:06:57.762+0000 7f97c1beb700 1 --2- >> [v2:172.21.15.45:3300/0,v1:172.21.15.45:6789/0] conn(0x7f97bc107020 0x7f97bc106980 unknown :-1 s=HELLO_CONNECTING pgs=0 cs=0 l=1 rev1=1 crypto rx=0 tx=0 comp rx=0 tx=0).handle_hello peer v2:172.21.15.45:3300/0 says I am v2:172.21.15.45:50674/0 (socket says 172.21.15.45:50674)
2024-04-26T16:06:58.570 INFO:teuthology.orchestra.run.smithi045.stdout:/usr/bin/ceph: stderr
2024-04-26T16:06:57.762+0000 7f97c1beb700 1 -- 172.21.15.45:0/2527240605 learned_addr learned my addr 172.21.15.45:0/2527240605 (peer_addr_for_me v2:172.21.15.45:0/0)
2024-04-26T16:06:58.570 INFO:teuthology.orchestra.run.smithi045.stdout:/usr/bin/ceph: stderr
2024-04-26T16:06:57.762+0000 7f97c1beb700 1 -- 172.21.15.45:0/2527240605 --> [v2:172.21.15.45:3300/0,v1:172.21.15.45:6789/0] -- mon_subscribe({config=0+,monmap=0+}) v3 -- 0x7f97ac009550 con 0x7f97bc107020
2024-04-26T16:06:58.570 INFO:teuthology.orchestra.run.smithi045.stdout:/usr/bin/ceph: stderr
2024-04-26T16:06:57.763+0000 7f97c1beb700 1 --2- 172.21.15.45:0/2527240605 >> [v2:172.21.15.45:3300/0,v1:172.21.15.45:6789/0] conn(0x7f97bc107020 0x7f97bc106980 secure :-1 s=READY pgs=58 cs=0 l=1 rev1=1 crypto rx=0x7f97ac006ba0 tx=0x7f97ac011b50 comp rx=0 tx=0).ready entity=mon.0 client_cookie=0 server_cookie=0 in_seq=0 out_seq=0
2024-04-26T16:06:58.570 INFO:teuthology.orchestra.run.smithi045.stdout:/usr/bin/ceph: stderr
2024-04-26T16:06:57.763+0000 7f97b2ffd700 1 -- 172.21.15.45:0/2527240605 <== mon.0 v2:172.21.15.45:3300/0 1 ==== mon_map magic: 0 v1 ==== 229+0+0 (secure 0 0 0) 0x7f97ac003b00 con 0x7f97bc107020
2024-04-26T16:06:58.571 INFO:teuthology.orchestra.run.smithi045.stdout:/usr/bin/ceph: stderr
2024-04-26T16:06:57.763+0000 7f97b2ffd700 1 -- 172.21.15.45:0/2527240605 <== mon.0 v2:172.21.15.45:3300/0 2 ==== config(27 keys) v1 ==== 1101+0+0 (secure 0 0 0) 0x7f97ac01a8e0 con 0x7f97bc107020
2024-04-26T16:06:58.571 INFO:teuthology.orchestra.run.smithi045.stdout:/usr/bin/ceph: stderr
2024-04-26T16:06:57.763+0000 7f97c3e4f700 1 -- 172.21.15.45:0/2527240605 --> [v2:172.21.15.45:3300/0,v1:172.21.15.45:6789/0] -- mon_subscribe({mgrmap=0+}) v3 -- 0x7f97bc104fd0 con 0x7f97bc107020
2024-04-26T16:06:58.571 INFO:teuthology.orchestra.run.smithi045.stdout:/usr/bin/ceph: stderr
2024-04-26T16:06:57.763+0000 7f97b2ffd700 1 -- 172.21.15.45:0/2527240605 <== mon.0 v2:172.21.15.45:3300/0 3 ==== mon_map magic: 0 v1 ==== 229+0+0 (secure 0 0 0) 0x7f97ac0199c0 con 0x7f97bc107020
2024-04-26T16:06:58.571 INFO:teuthology.orchestra.run.smithi045.stdout:/usr/bin/ceph: stderr
2024-04-26T16:06:57.763+0000 7f97c3e4f700 1 -- 172.21.15.45:0/2527240605 --> [v2:172.21.15.45:3300/0,v1:172.21.15.45:6789/0] -- mon_subscribe({osdmap=0}) v3 -- 0x7f97bc105470 con 0x7f97bc107020
2024-04-26T16:06:58.571 INFO:teuthology.orchestra.run.smithi045.stdout:/usr/bin/ceph: stderr
2024-04-26T16:06:57.764+0000 7f97b2ffd700 1 -- 172.21.15.45:0/2527240605 <== mon.0 v2:172.21.15.45:3300/0 4 ==== mgrmap(e 8) v1 ==== 45283+0+0 (secure 0 0 0) 0x7f97ac019c30 con 0x7f97bc107020
2024-04-26T16:06:58.571 INFO:teuthology.orchestra.run.smithi045.stdout:/usr/bin/ceph: stderr
2024-04-26T16:06:57.764+0000 7f97b2ffd700 1 --2- 172.21.15.45:0/2527240605 >> [v2:172.21.15.45:6800/3598142736,v1:172.21.15.45:6801/3598142736] conn(0x7f97a8038320 0x7f97a803a7e0 unknown :-1 s=NONE pgs=0 cs=0 l=1 rev1=0 crypto rx=0 tx=0 comp rx=0 tx=0).connect
2024-04-26T16:06:58.571 INFO:teuthology.orchestra.run.smithi045.stdout:/usr/bin/ceph: stderr
2024-04-26T16:06:57.764+0000 7f97c3e4f700 1 -- 172.21.15.45:0/2527240605 --> [v2:172.21.15.45:3300/0,v1:172.21.15.45:6789/0] -- mon_command({"prefix": "get_command_descriptions"} v 0) v1 -- 0x7f97bc10a6e0 con 0x7f97bc107020
2024-04-26T16:06:58.571 INFO:teuthology.orchestra.run.smithi045.stdout:/usr/bin/ceph: stderr
2024-04-26T16:06:57.764+0000 7f97b2ffd700 1 -- 172.21.15.45:0/2527240605 <== mon.0 v2:172.21.15.45:3300/0 5 ==== osd_map(2..2 src has 1..2) v4 ==== 940+0+0 (secure 0 0 0) 0x7f97ac04c530 con 0x7f97bc107020
2024-04-26T16:06:58.572 INFO:teuthology.orchestra.run.smithi045.stdout:/usr/bin/ceph: stderr
2024-04-26T16:06:57.764+0000 7f97c13ea700 1 --2- 172.21.15.45:0/2527240605 >> [v2:172.21.15.45:6800/3598142736,v1:172.21.15.45:6801/3598142736] conn(0x7f97a8038320 0x7f97a803a7e0 unknown :-1 s=BANNER_CONNECTING pgs=0 cs=0 l=1 rev1=0 crypto rx=0 tx=0 comp rx=0 tx=0)._handle_peer_banner_payload supported=3 required=0
2024-04-26T16:06:58.572 INFO:teuthology.orchestra.run.smithi045.stdout:/usr/bin/ceph: stderr
2024-04-26T16:06:57.764+0000 7f97c13ea700 1 --2- 172.21.15.45:0/2527240605 >> [v2:172.21.15.45:6800/3598142736,v1:172.21.15.45:6801/3598142736] conn(0x7f97a8038320 0x7f97a803a7e0 secure :-1 s=READY pgs=18 cs=0 l=1 rev1=1 crypto rx=0x7f97b8006fd0 tx=0x7f97b8006e40 comp rx=0 tx=0).ready entity=mgr.14118 client_cookie=0 server_cookie=0 in_seq=0 out_seq=0
2024-04-26T16:06:58.572 INFO:teuthology.orchestra.run.smithi045.stdout:/usr/bin/ceph: stderr
2024-04-26T16:06:57.769+0000 7f97b2ffd700 1 -- 172.21.15.45:0/2527240605 <== mon.0 v2:172.21.15.45:3300/0 6 ==== mon_command_ack([{"prefix": "get_command_descriptions"}]=0 v0) v1 ==== 72+0+180422 (secure 0 0 0) 0x7f97ac018b40 con 0x7f97bc107020
2024-04-26T16:06:58.572 INFO:teuthology.orchestra.run.smithi045.stdout:/usr/bin/ceph: stderr
2024-04-26T16:06:57.980+0000 7f97c3e4f700 1 -- 172.21.15.45:0/2527240605 --> [v2:172.21.15.45:6800/3598142736,v1:172.21.15.45:6801/3598142736] -- mgr_command(tid 0: {"prefix": "orch apply", "service_type": "node-exporter", "target": ["mon-mgr", ""]}) v1 -- 0x7f97bc101e50 con 0x7f97a8038320
2024-04-26T16:06:58.572 INFO:teuthology.orchestra.run.smithi045.stdout:/usr/bin/ceph: stderr
2024-04-26T16:06:57.984+0000 7f97b2ffd700 1 -- 172.21.15.45:0/2527240605 <== mgr.14118 v2:172.21.15.45:6800/3598142736 1 ==== mgr_command_reply(tid 0: 0 ) v1 ==== 8+0+34 (secure 0 0 0) 0x7f97bc101e50 con 0x7f97a8038320
2024-04-26T16:06:58.572 INFO:teuthology.orchestra.run.smithi045.stdout:/usr/bin/ceph: stderr
2024-04-26T16:06:57.986+0000 7f97c3e4f700 1 -- 172.21.15.45:0/2527240605 >> [v2:172.21.15.45:6800/3598142736,v1:172.21.15.45:6801/3598142736] conn(0x7f97a8038320 msgr2=0x7f97a803a7e0 secure :-1 s=STATE_CONNECTION_ESTABLISHED l=1).mark_down
2024-04-26T16:06:58.572 INFO:teuthology.orchestra.run.smithi045.stdout:/usr/bin/ceph: stderr
2024-04-26T16:06:57.986+0000 7f97c3e4f700 1 --2- 172.21.15.45:0/2527240605 >> [v2:172.21.15.45:6800/3598142736,v1:172.21.15.45:6801/3598142736] conn(0x7f97a8038320 0x7f97a803a7e0 secure :-1 s=READY pgs=18 cs=0 l=1 rev1=1 crypto rx=0x7f97b8006fd0 tx=0x7f97b8006e40 comp rx=0 tx=0).stop
2024-04-26T16:06:58.572 INFO:teuthology.orchestra.run.smithi045.stdout:/usr/bin/ceph: stderr
2024-04-26T16:06:57.986+0000 7f97c3e4f700 1 -- 172.21.15.45:0/2527240605 >> [v2:172.21.15.45:3300/0,v1:172.21.15.45:6789/0] conn(0x7f97bc107020 msgr2=0x7f97bc106980 secure :-1 s=STATE_CONNECTION_ESTABLISHED l=1).mark_down
2024-04-26T16:06:58.573 INFO:teuthology.orchestra.run.smithi045.stdout:/usr/bin/ceph: stderr
2024-04-26T16:06:57.986+0000 7f97c3e4f700 1 --2- 172.21.15.45:0/2527240605 >> [v2:172.21.15.45:3300/0,v1:172.21.15.45:6789/0] conn(0x7f97bc107020 0x7f97bc106980 secure :-1 s=READY pgs=58 cs=0 l=1 rev1=1 crypto rx=0x7f97ac006ba0 tx=0x7f97ac011b50 comp rx=0 tx=0).stop
2024-04-26T16:06:58.573 INFO:teuthology.orchestra.run.smithi045.stdout:/usr/bin/ceph: stderr
2024-04-26T16:06:57.986+0000 7f97c3e4f700 1 -- 172.21.15.45:0/2527240605 shutdown_connections
2024-04-26T16:06:58.573 INFO:teuthology.orchestra.run.smithi045.stdout:/usr/bin/ceph: stderr
2024-04-26T16:06:57.986+0000 7f97c3e4f700 1 --2- 172.21.15.45:0/2527240605 >> [v2:172.21.15.45:6800/3598142736,v1:172.21.15.45:6801/3598142736] conn(0x7f97a8038320 0x7f97a803a7e0 unknown :-1 s=CLOSED pgs=18 cs=0 l=1 rev1=1 crypto rx=0 tx=0 comp rx=0 tx=0).stop
2024-04-26T16:06:58.573 INFO:teuthology.orchestra.run.smithi045.stdout:/usr/bin/ceph: stderr
2024-04-26T16:06:57.986+0000 7f97c3e4f700 1 --2- 172.21.15.45:0/2527240605 >> [v2:172.21.15.45:3300/0,v1:172.21.15.45:6789/0] conn(0x7f97bc107020 0x7f97bc106980 unknown :-1 s=CLOSED pgs=58 cs=0 l=1 rev1=1 crypto rx=0 tx=0 comp rx=0 tx=0).stop
2024-04-26T16:06:58.573 INFO:teuthology.orchestra.run.smithi045.stdout:/usr/bin/ceph: stderr
2024-04-26T16:06:57.986+0000 7f97c3e4f700 1 -- 172.21.15.45:0/2527240605 >> 172.21.15.45:0/2527240605 conn(0x7f97bc1009f0 msgr2=0x7f97bc101740 unknown :-1 s=STATE_NONE l=0).mark_down
2024-04-26T16:06:58.573 INFO:teuthology.orchestra.run.smithi045.stdout:/usr/bin/ceph: stderr
2024-04-26T16:06:57.986+0000 7f97c3e4f700 1 -- 172.21.15.45:0/2527240605 shutdown_connections
2024-04-26T16:06:58.574 INFO:teuthology.orchestra.run.smithi045.stdout:/usr/bin/ceph: stderr
2024-04-26T16:06:57.986+0000 7f97c3e4f700 1 -- 172.21.15.45:0/2527240605 wait complete.
2024-04-26T16:06:58.574 INFO:teuthology.orchestra.run.smithi045.stdout:Deploying alertmanager service with default placement...
2024-04-26T16:06:59.231 INFO:journalctl@ceph.mon.smithi045.smithi045.stdout:Apr 26 16:06:58 smithi045 ceph-mon[26721]: from='client.14152 -' entity='client.admin' cmd=[{"prefix": "orch apply", "service_type": "node-exporter", "target": ["mon-mgr", ""]}]: dispatch
2024-04-26T16:06:59.231 INFO:journalctl@ceph.mon.smithi045.smithi045.stdout:Apr 26 16:06:58 smithi045 ceph-mon[26721]: Saving service node-exporter spec with placement *
2024-04-26T16:06:59.231 INFO:journalctl@ceph.mon.smithi045.smithi045.stdout:Apr 26 16:06:58 smithi045 ceph-mon[26721]: from='mgr.14118 172.21.15.45:0/2428963497' entity='mgr.smithi045.qsyfmu'
2024-04-26T16:06:59.835 INFO:teuthology.orchestra.run.smithi045.stdout:/usr/bin/ceph: stdout Scheduled alertmanager update...
2024-04-26T16:06:59.835 INFO:teuthology.orchestra.run.smithi045.stdout:/usr/bin/ceph: stderr
2024-04-26T16:06:59.014+0000 7fb8409e5700 1 Processor -- start
2024-04-26T16:06:59.835 INFO:teuthology.orchestra.run.smithi045.stdout:/usr/bin/ceph: stderr
2024-04-26T16:06:59.014+0000 7fb8409e5700 1 -- start start
2024-04-26T16:06:59.835 INFO:teuthology.orchestra.run.smithi045.stdout:/usr/bin/ceph: stderr
2024-04-26T16:06:59.014+0000 7fb8409e5700 1 --2- >> [v2:172.21.15.45:3300/0,v1:172.21.15.45:6789/0] conn(0x7fb83c106560 0x7fb83c106980 unknown :-1 s=NONE pgs=0 cs=0 l=0 rev1=0 crypto rx=0 tx=0 comp rx=0 tx=0).connect
2024-04-26T16:06:59.835 INFO:teuthology.orchestra.run.smithi045.stdout:/usr/bin/ceph: stderr
2024-04-26T16:06:59.014+0000 7fb8409e5700 1 -- --> [v2:172.21.15.45:3300/0,v1:172.21.15.45:6789/0] -- mon_getmap magic: 0 v1 -- 0x7fb83c106f50 con 0x7fb83c106560
2024-04-26T16:06:59.836 INFO:teuthology.orchestra.run.smithi045.stdout:/usr/bin/ceph: stderr
2024-04-26T16:06:59.014+0000 7fb83a59c700 1 --2- >> [v2:172.21.15.45:3300/0,v1:172.21.15.45:6789/0] conn(0x7fb83c106560 0x7fb83c106980 unknown :-1 s=BANNER_CONNECTING pgs=0 cs=0 l=0 rev1=0 crypto rx=0 tx=0 comp rx=0 tx=0)._handle_peer_banner_payload supported=3 required=0
2024-04-26T16:06:59.836 INFO:teuthology.orchestra.run.smithi045.stdout:/usr/bin/ceph: stderr
2024-04-26T16:06:59.014+0000 7fb83a59c700 1 --2- >> [v2:172.21.15.45:3300/0,v1:172.21.15.45:6789/0] conn(0x7fb83c106560 0x7fb83c106980 unknown :-1 s=HELLO_CONNECTING pgs=0 cs=0 l=0 rev1=1 crypto rx=0 tx=0 comp rx=0 tx=0).handle_hello peer v2:172.21.15.45:3300/0 says I am v2:172.21.15.45:39954/0 (socket says 172.21.15.45:39954)
2024-04-26T16:06:59.836 INFO:teuthology.orchestra.run.smithi045.stdout:/usr/bin/ceph: stderr
2024-04-26T16:06:59.014+0000 7fb83a59c700 1 -- 172.21.15.45:0/261008749 learned_addr learned my addr 172.21.15.45:0/261008749 (peer_addr_for_me v2:172.21.15.45:0/0)
2024-04-26T16:06:59.836 INFO:teuthology.orchestra.run.smithi045.stdout:/usr/bin/ceph: stderr
2024-04-26T16:06:59.014+0000 7fb83a59c700 1 -- 172.21.15.45:0/261008749 --> [v2:172.21.15.45:3300/0,v1:172.21.15.45:6789/0] -- mon_subscribe({config=0+,monmap=0+}) v3 -- 0x7fb83c107760 con 0x7fb83c106560
2024-04-26T16:06:59.836 INFO:teuthology.orchestra.run.smithi045.stdout:/usr/bin/ceph: stderr
2024-04-26T16:06:59.015+0000 7fb83a59c700 1 --2- 172.21.15.45:0/261008749 >> [v2:172.21.15.45:3300/0,v1:172.21.15.45:6789/0] conn(0x7fb83c106560 0x7fb83c106980 secure :-1 s=READY pgs=59 cs=0 l=1 rev1=1 crypto rx=0x7fb82c0098a0 tx=0x7fb82c009bb0 comp rx=0 tx=0).ready entity=mon.0 client_cookie=4d841d7483447749 server_cookie=0 in_seq=0 out_seq=0
2024-04-26T16:06:59.836 INFO:teuthology.orchestra.run.smithi045.stdout:/usr/bin/ceph: stderr
2024-04-26T16:06:59.015+0000 7fb83959a700 1 -- 172.21.15.45:0/261008749 <== mon.0 v2:172.21.15.45:3300/0 1 ==== mon_map magic: 0 v1 ==== 229+0+0 (secure 0 0 0) 0x7fb82c004180 con 0x7fb83c106560
2024-04-26T16:06:59.836 INFO:teuthology.orchestra.run.smithi045.stdout:/usr/bin/ceph: stderr
2024-04-26T16:06:59.015+0000 7fb83959a700 1 -- 172.21.15.45:0/261008749 <== mon.0 v2:172.21.15.45:3300/0 2 ==== config(27 keys) v1 ==== 1101+0+0 (secure 0 0 0) 0x7fb82c0042e0 con 0x7fb83c106560
2024-04-26T16:06:59.836 INFO:teuthology.orchestra.run.smithi045.stdout:/usr/bin/ceph: stderr
2024-04-26T16:06:59.015+0000 7fb83959a700 1 -- 172.21.15.45:0/261008749 <== mon.0 v2:172.21.15.45:3300/0 3 ==== mon_map magic: 0 v1 ==== 229+0+0 (secure 0 0 0) 0x7fb82c011af0 con 0x7fb83c106560
2024-04-26T16:06:59.836 INFO:teuthology.orchestra.run.smithi045.stdout:/usr/bin/ceph: stderr
2024-04-26T16:06:59.015+0000 7fb8409e5700 1 -- 172.21.15.45:0/261008749 >> [v2:172.21.15.45:3300/0,v1:172.21.15.45:6789/0] conn(0x7fb83c106560 msgr2=0x7fb83c106980 secure :-1 s=STATE_CONNECTION_ESTABLISHED l=1).mark_down
2024-04-26T16:06:59.836 INFO:teuthology.orchestra.run.smithi045.stdout:/usr/bin/ceph: stderr
2024-04-26T16:06:59.015+0000 7fb8409e5700 1 --2- 172.21.15.45:0/261008749 >> [v2:172.21.15.45:3300/0,v1:172.21.15.45:6789/0] conn(0x7fb83c106560 0x7fb83c106980 secure :-1 s=READY pgs=59 cs=0 l=1 rev1=1 crypto rx=0x7fb82c0098a0 tx=0x7fb82c009bb0 comp rx=0 tx=0).stop
2024-04-26T16:06:59.836 INFO:teuthology.orchestra.run.smithi045.stdout:/usr/bin/ceph: stderr
2024-04-26T16:06:59.015+0000 7fb8409e5700 1 -- 172.21.15.45:0/261008749 shutdown_connections
2024-04-26T16:06:59.836 INFO:teuthology.orchestra.run.smithi045.stdout:/usr/bin/ceph: stderr
2024-04-26T16:06:59.015+0000 7fb8409e5700 1 --2- 172.21.15.45:0/261008749 >> [v2:172.21.15.45:3300/0,v1:172.21.15.45:6789/0] conn(0x7fb83c106560 0x7fb83c106980 unknown :-1 s=CLOSED pgs=59 cs=0 l=1 rev1=1 crypto rx=0 tx=0 comp rx=0 tx=0).stop
2024-04-26T16:06:59.837 INFO:teuthology.orchestra.run.smithi045.stdout:/usr/bin/ceph: stderr
2024-04-26T16:06:59.015+0000 7fb8409e5700 1 -- 172.21.15.45:0/261008749 >> 172.21.15.45:0/261008749 conn(0x7fb83c101b40 msgr2=0x7fb83c103f60 unknown :-1 s=STATE_NONE l=0).mark_down
2024-04-26T16:06:59.837 INFO:teuthology.orchestra.run.smithi045.stdout:/usr/bin/ceph: stderr
2024-04-26T16:06:59.015+0000 7fb8409e5700 1 -- 172.21.15.45:0/261008749 shutdown_connections
2024-04-26T16:06:59.837 INFO:teuthology.orchestra.run.smithi045.stdout:/usr/bin/ceph: stderr
2024-04-26T16:06:59.016+0000 7fb8409e5700 1 -- 172.21.15.45:0/261008749 wait complete.
2024-04-26T16:06:59.837 INFO:teuthology.orchestra.run.smithi045.stdout:/usr/bin/ceph: stderr
2024-04-26T16:06:59.016+0000 7fb8409e5700 1 Processor -- start
2024-04-26T16:06:59.837 INFO:teuthology.orchestra.run.smithi045.stdout:/usr/bin/ceph: stderr
2024-04-26T16:06:59.016+0000 7fb8409e5700 1 -- start start
2024-04-26T16:06:59.837 INFO:teuthology.orchestra.run.smithi045.stdout:/usr/bin/ceph: stderr
2024-04-26T16:06:59.017+0000 7fb8409e5700 1 --2- >> [v2:172.21.15.45:3300/0,v1:172.21.15.45:6789/0] conn(0x7fb83c106560 0x7fb83c19a240 unknown :-1 s=NONE pgs=0 cs=0 l=1 rev1=0 crypto rx=0 tx=0 comp rx=0 tx=0).connect
2024-04-26T16:06:59.837 INFO:teuthology.orchestra.run.smithi045.stdout:/usr/bin/ceph: stderr
2024-04-26T16:06:59.017+0000 7fb8409e5700 1 -- --> [v2:172.21.15.45:3300/0,v1:172.21.15.45:6789/0] -- mon_getmap magic: 0 v1 -- 0x7fb83c19a780 con 0x7fb83c106560
2024-04-26T16:06:59.837 INFO:teuthology.orchestra.run.smithi045.stdout:/usr/bin/ceph: stderr
2024-04-26T16:06:59.017+0000 7fb83a59c700 1 --2- >> [v2:172.21.15.45:3300/0,v1:172.21.15.45:6789/0] conn(0x7fb83c106560 0x7fb83c19a240 unknown :-1 s=BANNER_CONNECTING pgs=0 cs=0 l=1 rev1=0 crypto rx=0 tx=0 comp rx=0 tx=0)._handle_peer_banner_payload supported=3 required=0
2024-04-26T16:06:59.837 INFO:teuthology.orchestra.run.smithi045.stdout:/usr/bin/ceph: stderr
2024-04-26T16:06:59.017+0000 7fb83a59c700 1 --2- >> [v2:172.21.15.45:3300/0,v1:172.21.15.45:6789/0] conn(0x7fb83c106560 0x7fb83c19a240 unknown :-1 s=HELLO_CONNECTING pgs=0 cs=0 l=1 rev1=1 crypto rx=0 tx=0 comp rx=0 tx=0).handle_hello peer v2:172.21.15.45:3300/0 says I am v2:172.21.15.45:39962/0 (socket says 172.21.15.45:39962)
2024-04-26T16:06:59.837 INFO:teuthology.orchestra.run.smithi045.stdout:/usr/bin/ceph: stderr
2024-04-26T16:06:59.017+0000 7fb83a59c700 1 -- 172.21.15.45:0/2947758287 learned_addr learned my addr 172.21.15.45:0/2947758287 (peer_addr_for_me v2:172.21.15.45:0/0)
2024-04-26T16:06:59.837 INFO:teuthology.orchestra.run.smithi045.stdout:/usr/bin/ceph: stderr
2024-04-26T16:06:59.017+0000 7fb83a59c700 1 -- 172.21.15.45:0/2947758287 --> [v2:172.21.15.45:3300/0,v1:172.21.15.45:6789/0] -- mon_subscribe({config=0+,monmap=0+}) v3 -- 0x7fb82c009550 con 0x7fb83c106560
2024-04-26T16:06:59.837 INFO:teuthology.orchestra.run.smithi045.stdout:/usr/bin/ceph: stderr
2024-04-26T16:06:59.017+0000 7fb83a59c700 1 --2- 172.21.15.45:0/2947758287 >> [v2:172.21.15.45:3300/0,v1:172.21.15.45:6789/0] conn(0x7fb83c106560 0x7fb83c19a240 secure :-1 s=READY pgs=60 cs=0 l=1 rev1=1 crypto rx=0x7fb82c011670 tx=0x7fb82c011b50 comp rx=0 tx=0).ready entity=mon.0 client_cookie=0 server_cookie=0 in_seq=0 out_seq=0
2024-04-26T16:06:59.837 INFO:teuthology.orchestra.run.smithi045.stdout:/usr/bin/ceph: stderr
2024-04-26T16:06:59.017+0000 7fb8337fe700 1 -- 172.21.15.45:0/2947758287 <== mon.0 v2:172.21.15.45:3300/0 1 ==== mon_map magic: 0 v1 ==== 229+0+0 (secure 0 0 0) 0x7fb82c0039f0 con 0x7fb83c106560
2024-04-26T16:06:59.837 INFO:teuthology.orchestra.run.smithi045.stdout:/usr/bin/ceph: stderr
2024-04-26T16:06:59.017+0000 7fb8337fe700 1 -- 172.21.15.45:0/2947758287 <== mon.0 v2:172.21.15.45:3300/0 2 ==== config(27 keys) v1 ==== 1101+0+0 (secure 0 0 0) 0x7fb82c003b50 con 0x7fb83c106560
2024-04-26T16:06:59.838 INFO:teuthology.orchestra.run.smithi045.stdout:/usr/bin/ceph: stderr
2024-04-26T16:06:59.017+0000 7fb8409e5700 1 -- 172.21.15.45:0/2947758287 --> [v2:172.21.15.45:3300/0,v1:172.21.15.45:6789/0] -- mon_subscribe({mgrmap=0+}) v3 -- 0x7fb83c19a980 con 0x7fb83c106560
2024-04-26T16:06:59.838 INFO:teuthology.orchestra.run.smithi045.stdout:/usr/bin/ceph: stderr
2024-04-26T16:06:59.017+0000 7fb8337fe700 1 -- 172.21.15.45:0/2947758287 <== mon.0 v2:172.21.15.45:3300/0 3 ==== mon_map magic: 0 v1 ==== 229+0+0 (secure 0 0 0) 0x7fb82c0247c0 con 0x7fb83c106560
2024-04-26T16:06:59.838 INFO:teuthology.orchestra.run.smithi045.stdout:/usr/bin/ceph: stderr
2024-04-26T16:06:59.017+0000 7fb8409e5700 1 -- 172.21.15.45:0/2947758287 --> [v2:172.21.15.45:3300/0,v1:172.21.15.45:6789/0] -- mon_subscribe({osdmap=0}) v3 -- 0x7fb83c19ae20 con 0x7fb83c106560
2024-04-26T16:06:59.838 INFO:teuthology.orchestra.run.smithi045.stdout:/usr/bin/ceph: stderr
2024-04-26T16:06:59.018+0000 7fb8337fe700 1 -- 172.21.15.45:0/2947758287 <== mon.0 v2:172.21.15.45:3300/0 4 ==== mgrmap(e 8) v1 ==== 45283+0+0 (secure 0 0 0) 0x7fb82c02d3f0 con 0x7fb83c106560
2024-04-26T16:06:59.838 INFO:teuthology.orchestra.run.smithi045.stdout:/usr/bin/ceph: stderr
2024-04-26T16:06:59.018+0000 7fb8409e5700 1 -- 172.21.15.45:0/2947758287 --> [v2:172.21.15.45:3300/0,v1:172.21.15.45:6789/0] -- mon_command({"prefix": "get_command_descriptions"} v 0) v1 -- 0x7fb83c0623c0 con 0x7fb83c106560
2024-04-26T16:06:59.838 INFO:teuthology.orchestra.run.smithi045.stdout:/usr/bin/ceph: stderr
2024-04-26T16:06:59.018+0000 7fb8337fe700 1 --2- 172.21.15.45:0/2947758287 >> [v2:172.21.15.45:6800/3598142736,v1:172.21.15.45:6801/3598142736] conn(0x7fb828038320 0x7fb82803a7e0 unknown :-1 s=NONE pgs=0 cs=0 l=1 rev1=0 crypto rx=0 tx=0 comp rx=0 tx=0).connect
2024-04-26T16:06:59.838 INFO:teuthology.orchestra.run.smithi045.stdout:/usr/bin/ceph: stderr
2024-04-26T16:06:59.018+0000 7fb8337fe700 1 -- 172.21.15.45:0/2947758287 <== mon.0 v2:172.21.15.45:3300/0 5 ==== osd_map(2..2 src has 1..2) v4 ==== 940+0+0 (secure 0 0 0) 0x7fb82c04c540 con 0x7fb83c106560
2024-04-26T16:06:59.838 INFO:teuthology.orchestra.run.smithi045.stdout:/usr/bin/ceph: stderr
2024-04-26T16:06:59.019+0000 7fb839d9b700 1 --2- 172.21.15.45:0/2947758287 >> [v2:172.21.15.45:6800/3598142736,v1:172.21.15.45:6801/3598142736] conn(0x7fb828038320 0x7fb82803a7e0 unknown :-1 s=BANNER_CONNECTING pgs=0 cs=0 l=1 rev1=0 crypto rx=0 tx=0 comp rx=0 tx=0)._handle_peer_banner_payload supported=3 required=0
2024-04-26T16:06:59.838 INFO:teuthology.orchestra.run.smithi045.stdout:/usr/bin/ceph: stderr
2024-04-26T16:06:59.019+0000 7fb839d9b700 1 --2- 172.21.15.45:0/2947758287 >> [v2:172.21.15.45:6800/3598142736,v1:172.21.15.45:6801/3598142736] conn(0x7fb828038320 0x7fb82803a7e0 secure :-1 s=READY pgs=19 cs=0 l=1 rev1=1 crypto rx=0x7fb824006fd0 tx=0x7fb824006e40 comp rx=0 tx=0).ready entity=mgr.14118 client_cookie=0 server_cookie=0 in_seq=0 out_seq=0
2024-04-26T16:06:59.839 INFO:teuthology.orchestra.run.smithi045.stdout:/usr/bin/ceph: stderr
2024-04-26T16:06:59.023+0000 7fb8337fe700 1 -- 172.21.15.45:0/2947758287 <== mon.0 v2:172.21.15.45:3300/0 6 ==== mon_command_ack([{"prefix": "get_command_descriptions"}]=0 v0) v1 ==== 72+0+180422 (secure 0 0 0) 0x7fb82c010970 con 0x7fb83c106560
2024-04-26T16:06:59.839 INFO:teuthology.orchestra.run.smithi045.stdout:/usr/bin/ceph: stderr
2024-04-26T16:06:59.231+0000 7fb8409e5700 1 -- 172.21.15.45:0/2947758287 --> [v2:172.21.15.45:6800/3598142736,v1:172.21.15.45:6801/3598142736] -- mgr_command(tid 0: {"prefix": "orch apply", "service_type": "alertmanager", "target": ["mon-mgr", ""]}) v1 -- 0x7fb83c10a960 con 0x7fb828038320
2024-04-26T16:06:59.839 INFO:teuthology.orchestra.run.smithi045.stdout:/usr/bin/ceph: stderr
2024-04-26T16:06:59.236+0000 7fb8337fe700 1 -- 172.21.15.45:0/2947758287 <== mgr.14118 v2:172.21.15.45:6800/3598142736 1 ==== mgr_command_reply(tid 0: 0 ) v1 ==== 8+0+33 (secure 0 0 0) 0x7fb83c10a960 con 0x7fb828038320
2024-04-26T16:06:59.839 INFO:teuthology.orchestra.run.smithi045.stdout:/usr/bin/ceph: stderr
2024-04-26T16:06:59.238+0000 7fb8409e5700 1 -- 172.21.15.45:0/2947758287 >> [v2:172.21.15.45:6800/3598142736,v1:172.21.15.45:6801/3598142736] conn(0x7fb828038320 msgr2=0x7fb82803a7e0 secure :-1 s=STATE_CONNECTION_ESTABLISHED l=1).mark_down
2024-04-26T16:06:59.839 INFO:teuthology.orchestra.run.smithi045.stdout:/usr/bin/ceph: stderr
2024-04-26T16:06:59.238+0000 7fb8409e5700 1 --2- 172.21.15.45:0/2947758287 >> [v2:172.21.15.45:6800/3598142736,v1:172.21.15.45:6801/3598142736] conn(0x7fb828038320 0x7fb82803a7e0 secure :-1 s=READY pgs=19 cs=0 l=1 rev1=1 crypto rx=0x7fb824006fd0 tx=0x7fb824006e40 comp rx=0 tx=0).stop
2024-04-26T16:06:59.839 INFO:teuthology.orchestra.run.smithi045.stdout:/usr/bin/ceph: stderr
2024-04-26T16:06:59.238+0000 7fb8409e5700 1 -- 172.21.15.45:0/2947758287 >> [v2:172.21.15.45:3300/0,v1:172.21.15.45:6789/0] conn(0x7fb83c106560 msgr2=0x7fb83c19a240 secure :-1 s=STATE_CONNECTION_ESTABLISHED l=1).mark_down
2024-04-26T16:06:59.839 INFO:teuthology.orchestra.run.smithi045.stdout:/usr/bin/ceph: stderr
2024-04-26T16:06:59.238+0000 7fb8409e5700 1 --2- 172.21.15.45:0/2947758287 >> [v2:172.21.15.45:3300/0,v1:172.21.15.45:6789/0] conn(0x7fb83c106560 0x7fb83c19a240 secure :-1 s=READY pgs=60 cs=0 l=1 rev1=1 crypto rx=0x7fb82c011670 tx=0x7fb82c011b50 comp rx=0 tx=0).stop
2024-04-26T16:06:59.839 INFO:teuthology.orchestra.run.smithi045.stdout:/usr/bin/ceph: stderr
2024-04-26T16:06:59.238+0000 7fb8409e5700 1 -- 172.21.15.45:0/2947758287 shutdown_connections
2024-04-26T16:06:59.839 INFO:teuthology.orchestra.run.smithi045.stdout:/usr/bin/ceph: stderr
2024-04-26T16:06:59.238+0000 7fb8409e5700 1 --2- 172.21.15.45:0/2947758287 >> [v2:172.21.15.45:6800/3598142736,v1:172.21.15.45:6801/3598142736] conn(0x7fb828038320 0x7fb82803a7e0 unknown :-1 s=CLOSED pgs=19 cs=0 l=1 rev1=1 crypto rx=0 tx=0 comp rx=0 tx=0).stop
2024-04-26T16:06:59.839 INFO:teuthology.orchestra.run.smithi045.stdout:/usr/bin/ceph: stderr
2024-04-26T16:06:59.238+0000 7fb8409e5700 1 --2- 172.21.15.45:0/2947758287 >> [v2:172.21.15.45:3300/0,v1:172.21.15.45:6789/0] conn(0x7fb83c106560 0x7fb83c19a240 unknown :-1 s=CLOSED pgs=60 cs=0 l=1 rev1=1 crypto rx=0 tx=0 comp rx=0 tx=0).stop
2024-04-26T16:06:59.839 INFO:teuthology.orchestra.run.smithi045.stdout:/usr/bin/ceph: stderr
2024-04-26T16:06:59.238+0000 7fb8409e5700 1 -- 172.21.15.45:0/2947758287 >> 172.21.15.45:0/2947758287 conn(0x7fb83c101b40 msgr2=0x7fb83c102920 unknown :-1 s=STATE_NONE l=0).mark_down
2024-04-26T16:06:59.839 INFO:teuthology.orchestra.run.smithi045.stdout:/usr/bin/ceph: stderr
2024-04-26T16:06:59.238+0000 7fb8409e5700 1 -- 172.21.15.45:0/2947758287 shutdown_connections
2024-04-26T16:06:59.839 INFO:teuthology.orchestra.run.smithi045.stdout:/usr/bin/ceph: stderr
2024-04-26T16:06:59.238+0000 7fb8409e5700 1 -- 172.21.15.45:0/2947758287 wait complete.
2024-04-26T16:07:00.484 INFO:journalctl@ceph.mon.smithi045.smithi045.stdout:Apr 26 16:07:00 smithi045 ceph-mon[26721]: from='client.14154 -' entity='client.admin' cmd=[{"prefix": "orch apply", "service_type": "alertmanager", "target": ["mon-mgr", ""]}]: dispatch
2024-04-26T16:07:00.484 INFO:journalctl@ceph.mon.smithi045.smithi045.stdout:Apr 26 16:07:00 smithi045 ceph-mon[26721]: Saving service alertmanager spec with placement count:1
2024-04-26T16:07:00.484 INFO:journalctl@ceph.mon.smithi045.smithi045.stdout:Apr 26 16:07:00 smithi045 ceph-mon[26721]: from='mgr.14118 172.21.15.45:0/2428963497' entity='mgr.smithi045.qsyfmu'
2024-04-26T16:07:00.484 INFO:journalctl@ceph.mon.smithi045.smithi045.stdout:Apr 26 16:07:00 smithi045 ceph-mon[26721]: pgmap v4: 0 pgs: ; 0 B data, 0 B used, 0 B / 0 B avail
2024-04-26T16:07:01.040 INFO:teuthology.orchestra.run.smithi045.stdout:/usr/bin/ceph: stderr
2024-04-26T16:07:00.278+0000 7f72c4b6e700 1 Processor -- start
2024-04-26T16:07:01.041 INFO:teuthology.orchestra.run.smithi045.stdout:/usr/bin/ceph: stderr
2024-04-26T16:07:00.278+0000 7f72c4b6e700 1 -- start start
2024-04-26T16:07:01.041 INFO:teuthology.orchestra.run.smithi045.stdout:/usr/bin/ceph: stderr
2024-04-26T16:07:00.278+0000 7f72c4b6e700 1 --2- >> [v2:172.21.15.45:3300/0,v1:172.21.15.45:6789/0] conn(0x7f72c0106560 0x7f72c0106980 unknown :-1 s=NONE pgs=0 cs=0 l=0 rev1=0 crypto rx=0 tx=0 comp rx=0 tx=0).connect
2024-04-26T16:07:01.041 INFO:teuthology.orchestra.run.smithi045.stdout:/usr/bin/ceph: stderr
2024-04-26T16:07:00.278+0000 7f72c4b6e700 1 -- --> [v2:172.21.15.45:3300/0,v1:172.21.15.45:6789/0] -- mon_getmap magic: 0 v1 -- 0x7f72c0106f50 con 0x7f72c0106560
2024-04-26T16:07:01.041 INFO:teuthology.orchestra.run.smithi045.stdout:/usr/bin/ceph: stderr
2024-04-26T16:07:00.278+0000 7f72be59c700 1 --2- >> [v2:172.21.15.45:3300/0,v1:172.21.15.45:6789/0] conn(0x7f72c0106560 0x7f72c0106980 unknown :-1 s=BANNER_CONNECTING pgs=0 cs=0 l=0 rev1=0 crypto rx=0 tx=0 comp rx=0 tx=0)._handle_peer_banner_payload supported=3 required=0
2024-04-26T16:07:01.041 INFO:teuthology.orchestra.run.smithi045.stdout:/usr/bin/ceph: stderr
2024-04-26T16:07:00.278+0000 7f72be59c700 1 --2- >> [v2:172.21.15.45:3300/0,v1:172.21.15.45:6789/0] conn(0x7f72c0106560 0x7f72c0106980 unknown :-1 s=HELLO_CONNECTING pgs=0 cs=0 l=0 rev1=1 crypto rx=0 tx=0 comp rx=0 tx=0).handle_hello peer v2:172.21.15.45:3300/0 says I am v2:172.21.15.45:39976/0 (socket says 172.21.15.45:39976)
2024-04-26T16:07:01.041 INFO:teuthology.orchestra.run.smithi045.stdout:/usr/bin/ceph: stderr
2024-04-26T16:07:00.278+0000 7f72be59c700 1 -- 172.21.15.45:0/972928168 learned_addr learned my addr 172.21.15.45:0/972928168 (peer_addr_for_me v2:172.21.15.45:0/0)
2024-04-26T16:07:01.041 INFO:teuthology.orchestra.run.smithi045.stdout:/usr/bin/ceph: stderr
2024-04-26T16:07:00.278+0000 7f72be59c700 1 -- 172.21.15.45:0/972928168 --> [v2:172.21.15.45:3300/0,v1:172.21.15.45:6789/0] -- mon_subscribe({config=0+,monmap=0+}) v3 -- 0x7f72c0107760 con 0x7f72c0106560
2024-04-26T16:07:01.041 INFO:teuthology.orchestra.run.smithi045.stdout:/usr/bin/ceph: stderr
2024-04-26T16:07:00.279+0000 7f72be59c700 1 --2- 172.21.15.45:0/972928168 >> [v2:172.21.15.45:3300/0,v1:172.21.15.45:6789/0] conn(0x7f72c0106560 0x7f72c0106980 secure :-1 s=READY pgs=61 cs=0 l=1 rev1=1 crypto rx=0x7f72b00098a0 tx=0x7f72b0009bb0 comp rx=0 tx=0).ready entity=mon.0 client_cookie=2672a2a6c65ee25d server_cookie=0 in_seq=0 out_seq=0
2024-04-26T16:07:01.042 INFO:teuthology.orchestra.run.smithi045.stdout:/usr/bin/ceph: stderr
2024-04-26T16:07:00.279+0000 7f72bdd9b700 1 -- 172.21.15.45:0/972928168 <== mon.0 v2:172.21.15.45:3300/0 1 ==== mon_map magic: 0 v1 ==== 229+0+0 (secure 0 0 0) 0x7f72b0004180 con 0x7f72c0106560
2024-04-26T16:07:01.042 INFO:teuthology.orchestra.run.smithi045.stdout:/usr/bin/ceph: stderr
2024-04-26T16:07:00.279+0000 7f72bdd9b700 1 -- 172.21.15.45:0/972928168 <== mon.0 v2:172.21.15.45:3300/0 2 ==== config(27 keys) v1 ==== 1101+0+0 (secure 0 0 0) 0x7f72b00042e0 con 0x7f72c0106560
2024-04-26T16:07:01.042 INFO:teuthology.orchestra.run.smithi045.stdout:/usr/bin/ceph: stderr
2024-04-26T16:07:00.279+0000 7f72bdd9b700 1 -- 172.21.15.45:0/972928168 <== mon.0 v2:172.21.15.45:3300/0 3 ==== mon_map magic: 0 v1 ==== 229+0+0 (secure 0 0 0) 0x7f72b0011af0 con 0x7f72c0106560
2024-04-26T16:07:01.042 INFO:teuthology.orchestra.run.smithi045.stdout:/usr/bin/ceph: stderr
2024-04-26T16:07:00.279+0000 7f72c4b6e700 1 -- 172.21.15.45:0/972928168 >> [v2:172.21.15.45:3300/0,v1:172.21.15.45:6789/0] conn(0x7f72c0106560 msgr2=0x7f72c0106980 secure :-1 s=STATE_CONNECTION_ESTABLISHED l=1).mark_down
2024-04-26T16:07:01.042 INFO:teuthology.orchestra.run.smithi045.stdout:/usr/bin/ceph: stderr
2024-04-26T16:07:00.279+0000 7f72c4b6e700 1 --2- 172.21.15.45:0/972928168 >> [v2:172.21.15.45:3300/0,v1:172.21.15.45:6789/0] conn(0x7f72c0106560 0x7f72c0106980 secure :-1 s=READY pgs=61 cs=0 l=1 rev1=1 crypto rx=0x7f72b00098a0 tx=0x7f72b0009bb0 comp rx=0 tx=0).stop
2024-04-26T16:07:01.042 INFO:teuthology.orchestra.run.smithi045.stdout:/usr/bin/ceph: stderr
2024-04-26T16:07:00.279+0000 7f72c4b6e700 1 -- 172.21.15.45:0/972928168 shutdown_connections
2024-04-26T16:07:01.042 INFO:teuthology.orchestra.run.smithi045.stdout:/usr/bin/ceph: stderr
2024-04-26T16:07:00.279+0000 7f72c4b6e700 1 --2- 172.21.15.45:0/972928168 >> [v2:172.21.15.45:3300/0,v1:172.21.15.45:6789/0] conn(0x7f72c0106560 0x7f72c0106980 unknown :-1 s=CLOSED pgs=61 cs=0 l=1 rev1=1 crypto rx=0 tx=0 comp rx=0 tx=0).stop
2024-04-26T16:07:01.042 INFO:teuthology.orchestra.run.smithi045.stdout:/usr/bin/ceph: stderr
2024-04-26T16:07:00.279+0000 7f72c4b6e700 1 -- 172.21.15.45:0/972928168 >> 172.21.15.45:0/972928168 conn(0x7f72c0101b40 msgr2=0x7f72c0103f60 unknown :-1 s=STATE_NONE l=0).mark_down
2024-04-26T16:07:01.042 INFO:teuthology.orchestra.run.smithi045.stdout:/usr/bin/ceph: stderr
2024-04-26T16:07:00.279+0000 7f72c4b6e700 1 -- 172.21.15.45:0/972928168 shutdown_connections
2024-04-26T16:07:01.043 INFO:teuthology.orchestra.run.smithi045.stdout:/usr/bin/ceph: stderr
2024-04-26T16:07:00.280+0000 7f72c4b6e700 1 -- 172.21.15.45:0/972928168 wait complete.
2024-04-26T16:07:01.043 INFO:teuthology.orchestra.run.smithi045.stdout:/usr/bin/ceph: stderr
2024-04-26T16:07:00.280+0000 7f72c4b6e700 1 Processor -- start
2024-04-26T16:07:01.043 INFO:teuthology.orchestra.run.smithi045.stdout:/usr/bin/ceph: stderr
2024-04-26T16:07:00.280+0000 7f72c4b6e700 1 -- start start
2024-04-26T16:07:01.043 INFO:teuthology.orchestra.run.smithi045.stdout:/usr/bin/ceph: stderr
2024-04-26T16:07:00.280+0000 7f72c4b6e700 1 --2- >> [v2:172.21.15.45:3300/0,v1:172.21.15.45:6789/0] conn(0x7f72c0106560 0x7f72c007bc30 unknown :-1 s=NONE pgs=0 cs=0 l=1 rev1=0 crypto rx=0 tx=0 comp rx=0 tx=0).connect
2024-04-26T16:07:01.043 INFO:teuthology.orchestra.run.smithi045.stdout:/usr/bin/ceph: stderr
2024-04-26T16:07:00.280+0000 7f72c4b6e700 1 -- --> [v2:172.21.15.45:3300/0,v1:172.21.15.45:6789/0] -- mon_getmap magic: 0 v1 -- 0x7f72c007c170 con 0x7f72c0106560
2024-04-26T16:07:01.043 INFO:teuthology.orchestra.run.smithi045.stdout:/usr/bin/ceph: stderr
2024-04-26T16:07:00.281+0000 7f72be59c700 1 --2- >> [v2:172.21.15.45:3300/0,v1:172.21.15.45:6789/0] conn(0x7f72c0106560 0x7f72c007bc30 unknown :-1 s=BANNER_CONNECTING pgs=0 cs=0 l=1 rev1=0 crypto rx=0 tx=0 comp rx=0 tx=0)._handle_peer_banner_payload supported=3 required=0
2024-04-26T16:07:01.043 INFO:teuthology.orchestra.run.smithi045.stdout:/usr/bin/ceph: stderr
2024-04-26T16:07:00.281+0000 7f72be59c700 1 --2- >> [v2:172.21.15.45:3300/0,v1:172.21.15.45:6789/0] conn(0x7f72c0106560 0x7f72c007bc30 unknown :-1 s=HELLO_CONNECTING pgs=0 cs=0 l=1 rev1=1 crypto rx=0 tx=0 comp rx=0 tx=0).handle_hello peer v2:172.21.15.45:3300/0 says I am v2:172.21.15.45:39992/0 (socket says 172.21.15.45:39992)
2024-04-26T16:07:01.043 INFO:teuthology.orchestra.run.smithi045.stdout:/usr/bin/ceph: stderr
2024-04-26T16:07:00.281+0000 7f72be59c700 1 -- 172.21.15.45:0/2836034529 learned_addr learned my addr 172.21.15.45:0/2836034529 (peer_addr_for_me v2:172.21.15.45:0/0)
2024-04-26T16:07:01.043 INFO:teuthology.orchestra.run.smithi045.stdout:/usr/bin/ceph: stderr
2024-04-26T16:07:00.281+0000 7f72be59c700 1 -- 172.21.15.45:0/2836034529 --> [v2:172.21.15.45:3300/0,v1:172.21.15.45:6789/0] -- mon_subscribe({config=0+,monmap=0+}) v3 -- 0x7f72b0009550 con 0x7f72c0106560
2024-04-26T16:07:01.043 INFO:teuthology.orchestra.run.smithi045.stdout:/usr/bin/ceph: stderr
2024-04-26T16:07:00.281+0000 7f72be59c700 1 --2- 172.21.15.45:0/2836034529 >> [v2:172.21.15.45:3300/0,v1:172.21.15.45:6789/0] conn(0x7f72c0106560 0x7f72c007bc30 secure :-1 s=READY pgs=62 cs=0 l=1 rev1=1 crypto rx=0x7f72b0011670 tx=0x7f72b0011aa0 comp rx=0 tx=0).ready entity=mon.0 client_cookie=0 server_cookie=0 in_seq=0 out_seq=0
2024-04-26T16:07:01.043 INFO:teuthology.orchestra.run.smithi045.stdout:/usr/bin/ceph: stderr
2024-04-26T16:07:00.281+0000 7f72b77fe700 1 -- 172.21.15.45:0/2836034529 <== mon.0 v2:172.21.15.45:3300/0 1 ==== mon_map magic: 0 v1 ==== 229+0+0 (secure 0 0 0) 0x7f72b00039c0 con 0x7f72c0106560
2024-04-26T16:07:01.043 INFO:teuthology.orchestra.run.smithi045.stdout:/usr/bin/ceph: stderr
2024-04-26T16:07:00.281+0000 7f72c4b6e700 1 -- 172.21.15.45:0/2836034529 --> [v2:172.21.15.45:3300/0,v1:172.21.15.45:6789/0] -- mon_subscribe({mgrmap=0+}) v3 -- 0x7f72c007a280 con 0x7f72c0106560
2024-04-26T16:07:01.044 INFO:teuthology.orchestra.run.smithi045.stdout:/usr/bin/ceph: stderr
2024-04-26T16:07:00.281+0000 7f72b77fe700 1 -- 172.21.15.45:0/2836034529 <== mon.0 v2:172.21.15.45:3300/0 2 ==== config(27 keys) v1 ==== 1101+0+0 (secure 0 0 0) 0x7f72b0003b20 con 0x7f72c0106560
2024-04-26T16:07:01.044 INFO:teuthology.orchestra.run.smithi045.stdout:/usr/bin/ceph: stderr
2024-04-26T16:07:00.281+0000 7f72b77fe700 1 -- 172.21.15.45:0/2836034529 <== mon.0 v2:172.21.15.45:3300/0 3 ==== mon_map magic: 0 v1 ==== 229+0+0 (secure 0 0 0) 0x7f72b00247f0 con 0x7f72c0106560
2024-04-26T16:07:01.044 INFO:teuthology.orchestra.run.smithi045.stdout:/usr/bin/ceph: stderr
2024-04-26T16:07:00.281+0000 7f72c4b6e700 1 -- 172.21.15.45:0/2836034529 --> [v2:172.21.15.45:3300/0,v1:172.21.15.45:6789/0] -- mon_subscribe({osdmap=0}) v3 -- 0x7f72c007a720 con 0x7f72c0106560
2024-04-26T16:07:01.044 INFO:teuthology.orchestra.run.smithi045.stdout:/usr/bin/ceph: stderr
2024-04-26T16:07:00.282+0000 7f72b77fe700 1 -- 172.21.15.45:0/2836034529 <== mon.0 v2:172.21.15.45:3300/0 4 ==== mgrmap(e 8) v1 ==== 45283+0+0 (secure 0 0 0) 0x7f72b001a430 con 0x7f72c0106560
2024-04-26T16:07:01.044 INFO:teuthology.orchestra.run.smithi045.stdout:/usr/bin/ceph: stderr
2024-04-26T16:07:00.282+0000 7f72c4b6e700 1 -- 172.21.15.45:0/2836034529 --> [v2:172.21.15.45:3300/0,v1:172.21.15.45:6789/0] -- mon_command({"prefix": "get_command_descriptions"} v 0) v1 -- 0x7f72c00623c0 con 0x7f72c0106560
2024-04-26T16:07:01.044 INFO:teuthology.orchestra.run.smithi045.stdout:/usr/bin/ceph: stderr
2024-04-26T16:07:00.282+0000 7f72b77fe700 1 --2- 172.21.15.45:0/2836034529 >> [v2:172.21.15.45:6800/3598142736,v1:172.21.15.45:6801/3598142736] conn(0x7f72ac0382e0 0x7f72ac03a7a0 unknown :-1 s=NONE pgs=0 cs=0 l=1 rev1=0 crypto rx=0 tx=0 comp rx=0 tx=0).connect
2024-04-26T16:07:01.044 INFO:teuthology.orchestra.run.smithi045.stdout:/usr/bin/ceph: stderr
2024-04-26T16:07:00.282+0000 7f72b77fe700 1 -- 172.21.15.45:0/2836034529 <== mon.0 v2:172.21.15.45:3300/0 5 ==== osd_map(2..2 src has 1..2) v4 ==== 940+0+0 (secure 0 0 0) 0x7f72b004c2e0 con 0x7f72c0106560
2024-04-26T16:07:01.044 INFO:teuthology.orchestra.run.smithi045.stdout:/usr/bin/ceph: stderr
2024-04-26T16:07:00.282+0000 7f72b7fff700 1 --2- 172.21.15.45:0/2836034529 >> [v2:172.21.15.45:6800/3598142736,v1:172.21.15.45:6801/3598142736] conn(0x7f72ac0382e0 0x7f72ac03a7a0 unknown :-1 s=BANNER_CONNECTING pgs=0 cs=0 l=1 rev1=0 crypto rx=0 tx=0 comp rx=0 tx=0)._handle_peer_banner_payload supported=3 required=0
2024-04-26T16:07:01.044 INFO:teuthology.orchestra.run.smithi045.stdout:/usr/bin/ceph: stderr
2024-04-26T16:07:00.283+0000 7f72b7fff700 1 --2- 172.21.15.45:0/2836034529 >> [v2:172.21.15.45:6800/3598142736,v1:172.21.15.45:6801/3598142736] conn(0x7f72ac0382e0 0x7f72ac03a7a0 secure :-1 s=READY pgs=20 cs=0 l=1 rev1=1 crypto rx=0x7f72a8006fd0 tx=0x7f72a8006e40 comp rx=0 tx=0).ready entity=mgr.14118 client_cookie=0 server_cookie=0 in_seq=0 out_seq=0
2024-04-26T16:07:01.044 INFO:teuthology.orchestra.run.smithi045.stdout:/usr/bin/ceph: stderr
2024-04-26T16:07:00.287+0000 7f72b77fe700 1 -- 172.21.15.45:0/2836034529 <== mon.0 v2:172.21.15.45:3300/0 6 ==== mon_command_ack([{"prefix": "get_command_descriptions"}]=0 v0) v1 ==== 72+0+180422 (secure 0 0 0) 0x7f72b0018530 con 0x7f72c0106560
2024-04-26T16:07:01.045 INFO:teuthology.orchestra.run.smithi045.stdout:/usr/bin/ceph: stderr
2024-04-26T16:07:00.484+0000 7f72c4b6e700 1 -- 172.21.15.45:0/2836034529 --> [v2:172.21.15.45:3300/0,v1:172.21.15.45:6789/0] -- mon_command([{prefix=config set, name=mgr/cephadm/container_init}] v 0) v1 -- 0x7f72c010a9e0 con 0x7f72c0106560
2024-04-26T16:07:01.045 INFO:teuthology.orchestra.run.smithi045.stdout:/usr/bin/ceph: stderr
2024-04-26T16:07:00.487+0000 7f72b77fe700 1 -- 172.21.15.45:0/2836034529 <== mon.0 v2:172.21.15.45:3300/0 7 ==== mon_command_ack([{prefix=config set, name=mgr/cephadm/container_init}]=0 v7)=0 v7) v1 ==== 142+0+0 (secure 0 0 0) 0x7f72b00172b0 con 0x7f72c0106560
2024-04-26T16:07:01.045 INFO:teuthology.orchestra.run.smithi045.stdout:/usr/bin/ceph: stderr
2024-04-26T16:07:00.489+0000 7f72c4b6e700 1 -- 172.21.15.45:0/2836034529 >> [v2:172.21.15.45:6800/3598142736,v1:172.21.15.45:6801/3598142736] conn(0x7f72ac0382e0 msgr2=0x7f72ac03a7a0 secure :-1 s=STATE_CONNECTION_ESTABLISHED l=1).mark_down
2024-04-26T16:07:01.045 INFO:teuthology.orchestra.run.smithi045.stdout:/usr/bin/ceph: stderr
2024-04-26T16:07:00.489+0000 7f72c4b6e700 1 --2- 172.21.15.45:0/2836034529 >> [v2:172.21.15.45:6800/3598142736,v1:172.21.15.45:6801/3598142736] conn(0x7f72ac0382e0 0x7f72ac03a7a0 secure :-1 s=READY pgs=20 cs=0 l=1 rev1=1 crypto rx=0x7f72a8006fd0 tx=0x7f72a8006e40 comp rx=0 tx=0).stop
2024-04-26T16:07:01.045 INFO:teuthology.orchestra.run.smithi045.stdout:/usr/bin/ceph: stderr
2024-04-26T16:07:00.489+0000 7f72c4b6e700 1 -- 172.21.15.45:0/2836034529 >> [v2:172.21.15.45:3300/0,v1:172.21.15.45:6789/0] conn(0x7f72c0106560 msgr2=0x7f72c007bc30 secure :-1 s=STATE_CONNECTION_ESTABLISHED l=1).mark_down
2024-04-26T16:07:01.045 INFO:teuthology.orchestra.run.smithi045.stdout:/usr/bin/ceph: stderr
