2024-04-26T16:26:04.789+0000 7f15bce2b700 1 --2- >> [v2:172.21.15.49:3300/0,v1:172.21.15.49:6789/0] conn(0x7f15b8107010 0x7f15b8109400 unknown :-1 s=HELLO_CONNECTING pgs=0 cs=0 l=0 rev1=1 crypto rx=0 tx=0 comp rx=0 tx=0).handle_hello peer v2:172.21.15.49:3300/0 says I am v2:172.21.15.49:40550/0 (socket says 172.21.15.49:40550)
2024-04-26T16:26:06.326 INFO:teuthology.orchestra.run.smithi049.stdout:/usr/bin/ceph: stderr
2024-04-26T16:26:04.789+0000 7f15bce2b700 1 -- 172.21.15.49:0/602587045 learned_addr learned my addr 172.21.15.49:0/602587045 (peer_addr_for_me v2:172.21.15.49:0/0)
2024-04-26T16:26:06.326 INFO:teuthology.orchestra.run.smithi049.stdout:/usr/bin/ceph: stderr
2024-04-26T16:26:04.790+0000 7f15bce2b700 1 -- 172.21.15.49:0/602587045 --> [v2:172.21.15.49:3300/0,v1:172.21.15.49:6789/0] -- mon_subscribe({config=0+,monmap=0+}) v3 -- 0x7f15b8109940 con 0x7f15b8107010
2024-04-26T16:26:06.326 INFO:teuthology.orchestra.run.smithi049.stdout:/usr/bin/ceph: stderr
2024-04-26T16:26:04.790+0000 7f15bce2b700 1 --2- 172.21.15.49:0/602587045 >> [v2:172.21.15.49:3300/0,v1:172.21.15.49:6789/0] conn(0x7f15b8107010 0x7f15b8109400 secure :-1 s=READY pgs=82 cs=0 l=1 rev1=1 crypto rx=0x7f15ac0098a0 tx=0x7f15ac009bb0 comp rx=0 tx=0).ready entity=mon.0 client_cookie=1be3c08d9b5f765 server_cookie=0 in_seq=0 out_seq=0
2024-04-26T16:26:06.326 INFO:teuthology.orchestra.run.smithi049.stdout:/usr/bin/ceph: stderr
2024-04-26T16:26:04.790+0000 7f15b77fe700 1 -- 172.21.15.49:0/602587045 <== mon.0 v2:172.21.15.49:3300/0 1 ==== mon_map magic: 0 v1 ==== 229+0+0 (secure 0 0 0) 0x7f15ac004180 con 0x7f15b8107010
2024-04-26T16:26:06.326 INFO:teuthology.orchestra.run.smithi049.stdout:/usr/bin/ceph: stderr
2024-04-26T16:26:04.790+0000 7f15b77fe700 1 -- 172.21.15.49:0/602587045 <== mon.0 v2:172.21.15.49:3300/0 2 ==== config(27 keys) v1 ==== 1101+0+0 (secure 0 0 0) 0x7f15ac0042e0 con 0x7f15b8107010
2024-04-26T16:26:06.326 INFO:teuthology.orchestra.run.smithi049.stdout:/usr/bin/ceph: stderr
2024-04-26T16:26:04.790+0000 7f15b77fe700 1 -- 172.21.15.49:0/602587045 <== mon.0 v2:172.21.15.49:3300/0 3 ==== mon_map magic: 0 v1 ==== 229+0+0 (secure 0 0 0) 0x7f15ac011af0 con 0x7f15b8107010
2024-04-26T16:26:06.327 INFO:teuthology.orchestra.run.smithi049.stdout:/usr/bin/ceph: stderr
2024-04-26T16:26:04.791+0000 7f15bf08f700 1 -- 172.21.15.49:0/602587045 >> [v2:172.21.15.49:3300/0,v1:172.21.15.49:6789/0] conn(0x7f15b8107010 msgr2=0x7f15b8109400 secure :-1 s=STATE_CONNECTION_ESTABLISHED l=1).mark_down
2024-04-26T16:26:06.327 INFO:teuthology.orchestra.run.smithi049.stdout:/usr/bin/ceph: stderr
2024-04-26T16:26:04.791+0000 7f15bf08f700 1 --2- 172.21.15.49:0/602587045 >> [v2:172.21.15.49:3300/0,v1:172.21.15.49:6789/0] conn(0x7f15b8107010 0x7f15b8109400 secure :-1 s=READY pgs=82 cs=0 l=1 rev1=1 crypto rx=0x7f15ac0098a0 tx=0x7f15ac009bb0 comp rx=0 tx=0).stop
2024-04-26T16:26:06.327 INFO:teuthology.orchestra.run.smithi049.stdout:/usr/bin/ceph: stderr
2024-04-26T16:26:04.791+0000 7f15bf08f700 1 -- 172.21.15.49:0/602587045 shutdown_connections
2024-04-26T16:26:06.327 INFO:teuthology.orchestra.run.smithi049.stdout:/usr/bin/ceph: stderr
2024-04-26T16:26:04.791+0000 7f15bf08f700 1 --2- 172.21.15.49:0/602587045 >> [v2:172.21.15.49:3300/0,v1:172.21.15.49:6789/0] conn(0x7f15b8107010 0x7f15b8109400 unknown :-1 s=CLOSED pgs=82 cs=0 l=1 rev1=1 crypto rx=0 tx=0 comp rx=0 tx=0).stop
2024-04-26T16:26:06.327 INFO:teuthology.orchestra.run.smithi049.stdout:/usr/bin/ceph: stderr
2024-04-26T16:26:04.791+0000 7f15bf08f700 1 -- 172.21.15.49:0/602587045 >> 172.21.15.49:0/602587045 conn(0x7f15b8100a20 msgr2=0x7f15b8102e40 unknown :-1 s=STATE_NONE l=0).mark_down
2024-04-26T16:26:06.327 INFO:teuthology.orchestra.run.smithi049.stdout:/usr/bin/ceph: stderr
2024-04-26T16:26:04.791+0000 7f15bf08f700 1 -- 172.21.15.49:0/602587045 shutdown_connections
2024-04-26T16:26:06.327 INFO:teuthology.orchestra.run.smithi049.stdout:/usr/bin/ceph: stderr
2024-04-26T16:26:04.791+0000 7f15bf08f700 1 -- 172.21.15.49:0/602587045 wait complete.
2024-04-26T16:26:06.327 INFO:teuthology.orchestra.run.smithi049.stdout:/usr/bin/ceph: stderr
2024-04-26T16:26:04.791+0000 7f15bf08f700 1 Processor -- start
2024-04-26T16:26:06.327 INFO:teuthology.orchestra.run.smithi049.stdout:/usr/bin/ceph: stderr
2024-04-26T16:26:04.791+0000 7f15bf08f700 1 -- start start
2024-04-26T16:26:06.327 INFO:teuthology.orchestra.run.smithi049.stdout:/usr/bin/ceph: stderr
2024-04-26T16:26:04.791+0000 7f15bf08f700 1 --2- >> [v2:172.21.15.49:3300/0,v1:172.21.15.49:6789/0] conn(0x7f15b8107010 0x7f15b8106970 unknown :-1 s=NONE pgs=0 cs=0 l=1 rev1=0 crypto rx=0 tx=0 comp rx=0 tx=0).connect
2024-04-26T16:26:06.327 INFO:teuthology.orchestra.run.smithi049.stdout:/usr/bin/ceph: stderr
2024-04-26T16:26:04.791+0000 7f15bf08f700 1 -- --> [v2:172.21.15.49:3300/0,v1:172.21.15.49:6789/0] -- mon_getmap magic: 0 v1 -- 0x7f15b8106eb0 con 0x7f15b8107010
2024-04-26T16:26:06.327 INFO:teuthology.orchestra.run.smithi049.stdout:/usr/bin/ceph: stderr
2024-04-26T16:26:04.792+0000 7f15bce2b700 1 --2- >> [v2:172.21.15.49:3300/0,v1:172.21.15.49:6789/0] conn(0x7f15b8107010 0x7f15b8106970 unknown :-1 s=BANNER_CONNECTING pgs=0 cs=0 l=1 rev1=0 crypto rx=0 tx=0 comp rx=0 tx=0)._handle_peer_banner_payload supported=3 required=0
2024-04-26T16:26:06.327 INFO:teuthology.orchestra.run.smithi049.stdout:/usr/bin/ceph: stderr
2024-04-26T16:26:04.792+0000 7f15bce2b700 1 --2- >> [v2:172.21.15.49:3300/0,v1:172.21.15.49:6789/0] conn(0x7f15b8107010 0x7f15b8106970 unknown :-1 s=HELLO_CONNECTING pgs=0 cs=0 l=1 rev1=1 crypto rx=0 tx=0 comp rx=0 tx=0).handle_hello peer v2:172.21.15.49:3300/0 says I am v2:172.21.15.49:40554/0 (socket says 172.21.15.49:40554)
2024-04-26T16:26:06.327 INFO:teuthology.orchestra.run.smithi049.stdout:/usr/bin/ceph: stderr
2024-04-26T16:26:04.792+0000 7f15bce2b700 1 -- 172.21.15.49:0/3145867690 learned_addr learned my addr 172.21.15.49:0/3145867690 (peer_addr_for_me v2:172.21.15.49:0/0)
2024-04-26T16:26:06.328 INFO:teuthology.orchestra.run.smithi049.stdout:/usr/bin/ceph: stderr
2024-04-26T16:26:04.792+0000 7f15bce2b700 1 -- 172.21.15.49:0/3145867690 --> [v2:172.21.15.49:3300/0,v1:172.21.15.49:6789/0] -- mon_subscribe({config=0+,monmap=0+}) v3 -- 0x7f15ac009550 con 0x7f15b8107010
2024-04-26T16:26:06.328 INFO:teuthology.orchestra.run.smithi049.stdout:/usr/bin/ceph: stderr
2024-04-26T16:26:04.792+0000 7f15bce2b700 1 --2- 172.21.15.49:0/3145867690 >> [v2:172.21.15.49:3300/0,v1:172.21.15.49:6789/0] conn(0x7f15b8107010 0x7f15b8106970 secure :-1 s=READY pgs=83 cs=0 l=1 rev1=1 crypto rx=0x7f15ac011670 tx=0x7f15ac011b50 comp rx=0 tx=0).ready entity=mon.0 client_cookie=0 server_cookie=0 in_seq=0 out_seq=0
2024-04-26T16:26:06.328 INFO:teuthology.orchestra.run.smithi049.stdout:/usr/bin/ceph: stderr
2024-04-26T16:26:04.792+0000 7f15b5ffb700 1 -- 172.21.15.49:0/3145867690 <== mon.0 v2:172.21.15.49:3300/0 1 ==== mon_map magic: 0 v1 ==== 229+0+0 (secure 0 0 0) 0x7f15ac003a40 con 0x7f15b8107010
2024-04-26T16:26:06.328 INFO:teuthology.orchestra.run.smithi049.stdout:/usr/bin/ceph: stderr
2024-04-26T16:26:04.792+0000 7f15b5ffb700 1 -- 172.21.15.49:0/3145867690 <== mon.0 v2:172.21.15.49:3300/0 2 ==== config(27 keys) v1 ==== 1101+0+0 (secure 0 0 0) 0x7f15ac003ba0 con 0x7f15b8107010
2024-04-26T16:26:06.328 INFO:teuthology.orchestra.run.smithi049.stdout:/usr/bin/ceph: stderr
2024-04-26T16:26:04.792+0000 7f15bf08f700 1 -- 172.21.15.49:0/3145867690 --> [v2:172.21.15.49:3300/0,v1:172.21.15.49:6789/0] -- mon_subscribe({mgrmap=0+}) v3 -- 0x7f15b8104fc0 con 0x7f15b8107010
2024-04-26T16:26:06.328 INFO:teuthology.orchestra.run.smithi049.stdout:/usr/bin/ceph: stderr
2024-04-26T16:26:04.792+0000 7f15b5ffb700 1 -- 172.21.15.49:0/3145867690 <== mon.0 v2:172.21.15.49:3300/0 3 ==== mon_map magic: 0 v1 ==== 229+0+0 (secure 0 0 0) 0x7f15ac024790 con 0x7f15b8107010
2024-04-26T16:26:06.328 INFO:teuthology.orchestra.run.smithi049.stdout:/usr/bin/ceph: stderr
2024-04-26T16:26:04.793+0000 7f15bf08f700 1 -- 172.21.15.49:0/3145867690 --> [v2:172.21.15.49:3300/0,v1:172.21.15.49:6789/0] -- mon_subscribe({osdmap=0}) v3 -- 0x7f15b8105460 con 0x7f15b8107010
2024-04-26T16:26:06.328 INFO:teuthology.orchestra.run.smithi049.stdout:/usr/bin/ceph: stderr
2024-04-26T16:26:04.793+0000 7f15b5ffb700 1 -- 172.21.15.49:0/3145867690 <== mon.0 v2:172.21.15.49:3300/0 4 ==== mgrmap(e 11) v1 ==== 45190+0+0 (secure 0 0 0) 0x7f15ac01a430 con 0x7f15b8107010
2024-04-26T16:26:06.328 INFO:teuthology.orchestra.run.smithi049.stdout:/usr/bin/ceph: stderr
2024-04-26T16:26:04.793+0000 7f15bf08f700 1 -- 172.21.15.49:0/3145867690 --> [v2:172.21.15.49:3300/0,v1:172.21.15.49:6789/0] -- mon_command({"prefix": "get_command_descriptions"} v 0) v1 -- 0x7f15b810a6d0 con 0x7f15b8107010
2024-04-26T16:26:06.328 INFO:teuthology.orchestra.run.smithi049.stdout:/usr/bin/ceph: stderr
2024-04-26T16:26:04.793+0000 7f15b5ffb700 1 --2- 172.21.15.49:0/3145867690 >> [v2:172.21.15.49:6800/2244834699,v1:172.21.15.49:6801/2244834699] conn(0x7f15a80382a0 0x7f15a803a760 unknown :-1 s=NONE pgs=0 cs=0 l=1 rev1=0 crypto rx=0 tx=0 comp rx=0 tx=0).connect
2024-04-26T16:26:06.328 INFO:teuthology.orchestra.run.smithi049.stdout:/usr/bin/ceph: stderr
2024-04-26T16:26:04.794+0000 7f15b5ffb700 1 -- 172.21.15.49:0/3145867690 <== mon.0 v2:172.21.15.49:3300/0 5 ==== osd_map(3..3 src has 1..3) v4 ==== 1155+0+0 (secure 0 0 0) 0x7f15ac04c3c0 con 0x7f15b8107010
2024-04-26T16:26:06.328 INFO:teuthology.orchestra.run.smithi049.stdout:/usr/bin/ceph: stderr
2024-04-26T16:26:04.794+0000 7f15b7fff700 1 --2- 172.21.15.49:0/3145867690 >> [v2:172.21.15.49:6800/2244834699,v1:172.21.15.49:6801/2244834699] conn(0x7f15a80382a0 0x7f15a803a760 unknown :-1 s=BANNER_CONNECTING pgs=0 cs=0 l=1 rev1=0 crypto rx=0 tx=0 comp rx=0 tx=0)._handle_peer_banner_payload supported=3 required=0
2024-04-26T16:26:06.328 INFO:teuthology.orchestra.run.smithi049.stdout:/usr/bin/ceph: stderr
2024-04-26T16:26:04.794+0000 7f15b7fff700 1 --2- 172.21.15.49:0/3145867690 >> [v2:172.21.15.49:6800/2244834699,v1:172.21.15.49:6801/2244834699] conn(0x7f15a80382a0 0x7f15a803a760 secure :-1 s=READY pgs=7 cs=0 l=1 rev1=1 crypto rx=0x7f15a4006fd0 tx=0x7f15a4006e40 comp rx=0 tx=0).ready entity=mgr.14164 client_cookie=0 server_cookie=0 in_seq=0 out_seq=0
2024-04-26T16:26:06.328 INFO:teuthology.orchestra.run.smithi049.stdout:/usr/bin/ceph: stderr
2024-04-26T16:26:04.799+0000 7f15b5ffb700 1 -- 172.21.15.49:0/3145867690 <== mon.0 v2:172.21.15.49:3300/0 6 ==== mon_command_ack([{"prefix": "get_command_descriptions"}]=0 v0) v1 ==== 72+0+180422 (secure 0 0 0) 0x7f15ac01ac50 con 0x7f15b8107010
2024-04-26T16:26:06.329 INFO:teuthology.orchestra.run.smithi049.stdout:/usr/bin/ceph: stderr
2024-04-26T16:26:04.928+0000 7f15b5ffb700 1 -- 172.21.15.49:0/3145867690 <== mon.0 v2:172.21.15.49:3300/0 7 ==== mgrmap(e 12) v1 ==== 45296+0+0 (secure 0 0 0) 0x7f15ac02d910 con 0x7f15b8107010
2024-04-26T16:26:06.329 INFO:teuthology.orchestra.run.smithi049.stdout:/usr/bin/ceph: stderr
2024-04-26T16:26:05.027+0000 7f15bf08f700 1 -- 172.21.15.49:0/3145867690 --> [v2:172.21.15.49:6800/2244834699,v1:172.21.15.49:6801/2244834699] -- mgr_command(tid 0: {"prefix": "dashboard create-self-signed-cert", "target": ["mon-mgr", ""]}) v1 -- 0x7f15b8101ee0 con 0x7f15a80382a0
2024-04-26T16:26:06.329 INFO:teuthology.orchestra.run.smithi049.stdout:/usr/bin/ceph: stderr
2024-04-26T16:26:05.283+0000 7f15b5ffb700 1 -- 172.21.15.49:0/3145867690 <== mgr.14164 v2:172.21.15.49:6800/2244834699 1 ==== mgr_command_reply(tid 0: 0 ) v1 ==== 8+0+32 (secure 0 0 0) 0x7f15b8101ee0 con 0x7f15a80382a0
2024-04-26T16:26:06.329 INFO:teuthology.orchestra.run.smithi049.stdout:/usr/bin/ceph: stderr
2024-04-26T16:26:05.285+0000 7f15bf08f700 1 -- 172.21.15.49:0/3145867690 >> [v2:172.21.15.49:6800/2244834699,v1:172.21.15.49:6801/2244834699] conn(0x7f15a80382a0 msgr2=0x7f15a803a760 secure :-1 s=STATE_CONNECTION_ESTABLISHED l=1).mark_down
2024-04-26T16:26:06.329 INFO:teuthology.orchestra.run.smithi049.stdout:/usr/bin/ceph: stderr
2024-04-26T16:26:05.285+0000 7f15bf08f700 1 --2- 172.21.15.49:0/3145867690 >> [v2:172.21.15.49:6800/2244834699,v1:172.21.15.49:6801/2244834699] conn(0x7f15a80382a0 0x7f15a803a760 secure :-1 s=READY pgs=7 cs=0 l=1 rev1=1 crypto rx=0x7f15a4006fd0 tx=0x7f15a4006e40 comp rx=0 tx=0).stop
2024-04-26T16:26:06.329 INFO:teuthology.orchestra.run.smithi049.stdout:/usr/bin/ceph: stderr
2024-04-26T16:26:05.285+0000 7f15bf08f700 1 -- 172.21.15.49:0/3145867690 >> [v2:172.21.15.49:3300/0,v1:172.21.15.49:6789/0] conn(0x7f15b8107010 msgr2=0x7f15b8106970 secure :-1 s=STATE_CONNECTION_ESTABLISHED l=1).mark_down
2024-04-26T16:26:06.329 INFO:teuthology.orchestra.run.smithi049.stdout:/usr/bin/ceph: stderr
2024-04-26T16:26:05.285+0000 7f15bf08f700 1 --2- 172.21.15.49:0/3145867690 >> [v2:172.21.15.49:3300/0,v1:172.21.15.49:6789/0] conn(0x7f15b8107010 0x7f15b8106970 secure :-1 s=READY pgs=83 cs=0 l=1 rev1=1 crypto rx=0x7f15ac011670 tx=0x7f15ac011b50 comp rx=0 tx=0).stop
2024-04-26T16:26:06.329 INFO:teuthology.orchestra.run.smithi049.stdout:/usr/bin/ceph: stderr
2024-04-26T16:26:05.285+0000 7f15bf08f700 1 -- 172.21.15.49:0/3145867690 shutdown_connections
2024-04-26T16:26:06.329 INFO:teuthology.orchestra.run.smithi049.stdout:/usr/bin/ceph: stderr
2024-04-26T16:26:05.285+0000 7f15bf08f700 1 --2- 172.21.15.49:0/3145867690 >> [v2:172.21.15.49:6800/2244834699,v1:172.21.15.49:6801/2244834699] conn(0x7f15a80382a0 0x7f15a803a760 unknown :-1 s=CLOSED pgs=7 cs=0 l=1 rev1=1 crypto rx=0 tx=0 comp rx=0 tx=0).stop
2024-04-26T16:26:06.329 INFO:teuthology.orchestra.run.smithi049.stdout:/usr/bin/ceph: stderr
2024-04-26T16:26:05.285+0000 7f15bf08f700 1 --2- 172.21.15.49:0/3145867690 >> [v2:172.21.15.49:3300/0,v1:172.21.15.49:6789/0] conn(0x7f15b8107010 0x7f15b8106970 unknown :-1 s=CLOSED pgs=83 cs=0 l=1 rev1=1 crypto rx=0 tx=0 comp rx=0 tx=0).stop
2024-04-26T16:26:06.329 INFO:teuthology.orchestra.run.smithi049.stdout:/usr/bin/ceph: stderr
2024-04-26T16:26:05.285+0000 7f15bf08f700 1 -- 172.21.15.49:0/3145867690 >> 172.21.15.49:0/3145867690 conn(0x7f15b8100a20 msgr2=0x7f15b81017d0 unknown :-1 s=STATE_NONE l=0).mark_down
2024-04-26T16:26:06.329 INFO:teuthology.orchestra.run.smithi049.stdout:/usr/bin/ceph: stderr
2024-04-26T16:26:05.285+0000 7f15bf08f700 1 -- 172.21.15.49:0/3145867690 shutdown_connections
2024-04-26T16:26:06.329 INFO:teuthology.orchestra.run.smithi049.stdout:/usr/bin/ceph: stderr
2024-04-26T16:26:05.285+0000 7f15bf08f700 1 -- 172.21.15.49:0/3145867690 wait complete.
2024-04-26T16:26:06.329 INFO:teuthology.orchestra.run.smithi049.stdout:Creating initial admin user...
2024-04-26T16:26:06.719 INFO:journalctl@ceph.mon.smithi049.smithi049.stdout:Apr 26 16:26:06 smithi049 ceph-mon[26943]: from='client.14176 -' entity='client.admin' cmd=[{"prefix": "dashboard create-self-signed-cert", "target": ["mon-mgr", ""]}]: dispatch
2024-04-26T16:26:08.084 INFO:teuthology.orchestra.run.smithi049.stdout:/usr/bin/ceph: stdout {"username": "admin", "password": "$2b$12$udpnsFeoFMT0hv2h6OChguE/TBOAegU3hFWfIzWdzqc6QxY6F/Jja", "roles": ["administrator"], "name": null, "email": null, "lastUpdate": 1714148767, "enabled": true, "pwdExpirationDate": null, "pwdUpdateRequired": true}
2024-04-26T16:26:08.084 INFO:teuthology.orchestra.run.smithi049.stdout:/usr/bin/ceph: stderr
2024-04-26T16:26:06.916+0000 7fa968e2d700 1 Processor -- start
2024-04-26T16:26:08.084 INFO:teuthology.orchestra.run.smithi049.stdout:/usr/bin/ceph: stderr
2024-04-26T16:26:06.916+0000 7fa968e2d700 1 -- start start
2024-04-26T16:26:08.084 INFO:teuthology.orchestra.run.smithi049.stdout:/usr/bin/ceph: stderr
2024-04-26T16:26:06.917+0000 7fa968e2d700 1 --2- >> [v2:172.21.15.49:3300/0,v1:172.21.15.49:6789/0] conn(0x7fa964104e10 0x7fa964105230 unknown :-1 s=NONE pgs=0 cs=0 l=0 rev1=0 crypto rx=0 tx=0 comp rx=0 tx=0).connect
2024-04-26T16:26:08.084 INFO:teuthology.orchestra.run.smithi049.stdout:/usr/bin/ceph: stderr
2024-04-26T16:26:06.917+0000 7fa968e2d700 1 -- --> [v2:172.21.15.49:3300/0,v1:172.21.15.49:6789/0] -- mon_getmap magic: 0 v1 -- 0x7fa964074640 con 0x7fa964104e10
2024-04-26T16:26:08.085 INFO:teuthology.orchestra.run.smithi049.stdout:/usr/bin/ceph: stderr
2024-04-26T16:26:06.917+0000 7fa96259c700 1 --2- >> [v2:172.21.15.49:3300/0,v1:172.21.15.49:6789/0] conn(0x7fa964104e10 0x7fa964105230 unknown :-1 s=BANNER_CONNECTING pgs=0 cs=0 l=0 rev1=0 crypto rx=0 tx=0 comp rx=0 tx=0)._handle_peer_banner_payload supported=3 required=0
2024-04-26T16:26:08.085 INFO:teuthology.orchestra.run.smithi049.stdout:/usr/bin/ceph: stderr
2024-04-26T16:26:06.917+0000 7fa96259c700 1 --2- >> [v2:172.21.15.49:3300/0,v1:172.21.15.49:6789/0] conn(0x7fa964104e10 0x7fa964105230 unknown :-1 s=HELLO_CONNECTING pgs=0 cs=0 l=0 rev1=1 crypto rx=0 tx=0 comp rx=0 tx=0).handle_hello peer v2:172.21.15.49:3300/0 says I am v2:172.21.15.49:40568/0 (socket says 172.21.15.49:40568)
2024-04-26T16:26:08.085 INFO:teuthology.orchestra.run.smithi049.stdout:/usr/bin/ceph: stderr
2024-04-26T16:26:06.917+0000 7fa96259c700 1 -- 172.21.15.49:0/198986877 learned_addr learned my addr 172.21.15.49:0/198986877 (peer_addr_for_me v2:172.21.15.49:0/0)
2024-04-26T16:26:08.085 INFO:teuthology.orchestra.run.smithi049.stdout:/usr/bin/ceph: stderr
2024-04-26T16:26:06.917+0000 7fa96259c700 1 -- 172.21.15.49:0/198986877 --> [v2:172.21.15.49:3300/0,v1:172.21.15.49:6789/0] -- mon_subscribe({config=0+,monmap=0+}) v3 -- 0x7fa964105770 con 0x7fa964104e10
2024-04-26T16:26:08.085 INFO:teuthology.orchestra.run.smithi049.stdout:/usr/bin/ceph: stderr
2024-04-26T16:26:06.917+0000 7fa96259c700 1 --2- 172.21.15.49:0/198986877 >> [v2:172.21.15.49:3300/0,v1:172.21.15.49:6789/0] conn(0x7fa964104e10 0x7fa964105230 secure :-1 s=READY pgs=84 cs=0 l=1 rev1=1 crypto rx=0x7fa9540098a0 tx=0x7fa954009bb0 comp rx=0 tx=0).ready entity=mon.0 client_cookie=92d06c9117cff70d server_cookie=0 in_seq=0 out_seq=0
2024-04-26T16:26:08.085 INFO:teuthology.orchestra.run.smithi049.stdout:/usr/bin/ceph: stderr
2024-04-26T16:26:06.917+0000 7fa96159a700 1 -- 172.21.15.49:0/198986877 <== mon.0 v2:172.21.15.49:3300/0 1 ==== mon_map magic: 0 v1 ==== 229+0+0 (secure 0 0 0) 0x7fa954004180 con 0x7fa964104e10
2024-04-26T16:26:08.085 INFO:teuthology.orchestra.run.smithi049.stdout:/usr/bin/ceph: stderr
2024-04-26T16:26:06.917+0000 7fa96159a700 1 -- 172.21.15.49:0/198986877 <== mon.0 v2:172.21.15.49:3300/0 2 ==== config(27 keys) v1 ==== 1101+0+0 (secure 0 0 0) 0x7fa9540042e0 con 0x7fa964104e10
2024-04-26T16:26:08.085 INFO:teuthology.orchestra.run.smithi049.stdout:/usr/bin/ceph: stderr
2024-04-26T16:26:06.917+0000 7fa96159a700 1 -- 172.21.15.49:0/198986877 <== mon.0 v2:172.21.15.49:3300/0 3 ==== mon_map magic: 0 v1 ==== 229+0+0 (secure 0 0 0) 0x7fa954011af0 con 0x7fa964104e10
2024-04-26T16:26:08.085 INFO:teuthology.orchestra.run.smithi049.stdout:/usr/bin/ceph: stderr
2024-04-26T16:26:06.918+0000 7fa968e2d700 1 -- 172.21.15.49:0/198986877 >> [v2:172.21.15.49:3300/0,v1:172.21.15.49:6789/0] conn(0x7fa964104e10 msgr2=0x7fa964105230 secure :-1 s=STATE_CONNECTION_ESTABLISHED l=1).mark_down
2024-04-26T16:26:08.085 INFO:teuthology.orchestra.run.smithi049.stdout:/usr/bin/ceph: stderr
2024-04-26T16:26:06.918+0000 7fa968e2d700 1 --2- 172.21.15.49:0/198986877 >> [v2:172.21.15.49:3300/0,v1:172.21.15.49:6789/0] conn(0x7fa964104e10 0x7fa964105230 secure :-1 s=READY pgs=84 cs=0 l=1 rev1=1 crypto rx=0x7fa9540098a0 tx=0x7fa954009bb0 comp rx=0 tx=0).stop
2024-04-26T16:26:08.085 INFO:teuthology.orchestra.run.smithi049.stdout:/usr/bin/ceph: stderr
2024-04-26T16:26:06.918+0000 7fa968e2d700 1 -- 172.21.15.49:0/198986877 shutdown_connections
2024-04-26T16:26:08.085 INFO:teuthology.orchestra.run.smithi049.stdout:/usr/bin/ceph: stderr
2024-04-26T16:26:06.918+0000 7fa968e2d700 1 --2- 172.21.15.49:0/198986877 >> [v2:172.21.15.49:3300/0,v1:172.21.15.49:6789/0] conn(0x7fa964104e10 0x7fa964105230 unknown :-1 s=CLOSED pgs=84 cs=0 l=1 rev1=1 crypto rx=0 tx=0 comp rx=0 tx=0).stop
2024-04-26T16:26:08.085 INFO:teuthology.orchestra.run.smithi049.stdout:/usr/bin/ceph: stderr
2024-04-26T16:26:06.918+0000 7fa968e2d700 1 -- 172.21.15.49:0/198986877 >> 172.21.15.49:0/198986877 conn(0x7fa9641009f0 msgr2=0x7fa964102e50 unknown :-1 s=STATE_NONE l=0).mark_down
2024-04-26T16:26:08.085 INFO:teuthology.orchestra.run.smithi049.stdout:/usr/bin/ceph: stderr
2024-04-26T16:26:06.918+0000 7fa968e2d700 1 -- 172.21.15.49:0/198986877 shutdown_connections
2024-04-26T16:26:08.085 INFO:teuthology.orchestra.run.smithi049.stdout:/usr/bin/ceph: stderr
2024-04-26T16:26:06.918+0000 7fa968e2d700 1 -- 172.21.15.49:0/198986877 wait complete.
2024-04-26T16:26:08.086 INFO:teuthology.orchestra.run.smithi049.stdout:/usr/bin/ceph: stderr
2024-04-26T16:26:06.919+0000 7fa968e2d700 1 Processor -- start
2024-04-26T16:26:08.086 INFO:teuthology.orchestra.run.smithi049.stdout:/usr/bin/ceph: stderr
2024-04-26T16:26:06.919+0000 7fa968e2d700 1 -- start start
2024-04-26T16:26:08.086 INFO:teuthology.orchestra.run.smithi049.stdout:/usr/bin/ceph: stderr
2024-04-26T16:26:06.919+0000 7fa968e2d700 1 --2- >> [v2:172.21.15.49:3300/0,v1:172.21.15.49:6789/0] conn(0x7fa964104e10 0x7fa96419c390 unknown :-1 s=NONE pgs=0 cs=0 l=1 rev1=0 crypto rx=0 tx=0 comp rx=0 tx=0).connect
2024-04-26T16:26:08.086 INFO:teuthology.orchestra.run.smithi049.stdout:/usr/bin/ceph: stderr
2024-04-26T16:26:06.919+0000 7fa968e2d700 1 -- --> [v2:172.21.15.49:3300/0,v1:172.21.15.49:6789/0] -- mon_getmap magic: 0 v1 -- 0x7fa96419c8d0 con 0x7fa964104e10
2024-04-26T16:26:08.086 INFO:teuthology.orchestra.run.smithi049.stdout:/usr/bin/ceph: stderr
2024-04-26T16:26:06.919+0000 7fa96259c700 1 --2- >> [v2:172.21.15.49:3300/0,v1:172.21.15.49:6789/0] conn(0x7fa964104e10 0x7fa96419c390 unknown :-1 s=BANNER_CONNECTING pgs=0 cs=0 l=1 rev1=0 crypto rx=0 tx=0 comp rx=0 tx=0)._handle_peer_banner_payload supported=3 required=0
2024-04-26T16:26:08.086 INFO:teuthology.orchestra.run.smithi049.stdout:/usr/bin/ceph: stderr
2024-04-26T16:26:06.919+0000 7fa96259c700 1 --2- >> [v2:172.21.15.49:3300/0,v1:172.21.15.49:6789/0] conn(0x7fa964104e10 0x7fa96419c390 unknown :-1 s=HELLO_CONNECTING pgs=0 cs=0 l=1 rev1=1 crypto rx=0 tx=0 comp rx=0 tx=0).handle_hello peer v2:172.21.15.49:3300/0 says I am v2:172.21.15.49:40576/0 (socket says 172.21.15.49:40576)
2024-04-26T16:26:08.086 INFO:teuthology.orchestra.run.smithi049.stdout:/usr/bin/ceph: stderr
2024-04-26T16:26:06.919+0000 7fa96259c700 1 -- 172.21.15.49:0/1090321577 learned_addr learned my addr 172.21.15.49:0/1090321577 (peer_addr_for_me v2:172.21.15.49:0/0)
2024-04-26T16:26:08.086 INFO:teuthology.orchestra.run.smithi049.stdout:/usr/bin/ceph: stderr
2024-04-26T16:26:06.920+0000 7fa96259c700 1 -- 172.21.15.49:0/1090321577 --> [v2:172.21.15.49:3300/0,v1:172.21.15.49:6789/0] -- mon_subscribe({config=0+,monmap=0+}) v3 -- 0x7fa954009550 con 0x7fa964104e10
2024-04-26T16:26:08.086 INFO:teuthology.orchestra.run.smithi049.stdout:/usr/bin/ceph: stderr
2024-04-26T16:26:06.920+0000 7fa96259c700 1 --2- 172.21.15.49:0/1090321577 >> [v2:172.21.15.49:3300/0,v1:172.21.15.49:6789/0] conn(0x7fa964104e10 0x7fa96419c390 secure :-1 s=READY pgs=85 cs=0 l=1 rev1=1 crypto rx=0x7fa954006ba0 tx=0x7fa954011b50 comp rx=0 tx=0).ready entity=mon.0 client_cookie=0 server_cookie=0 in_seq=0 out_seq=0
2024-04-26T16:26:08.086 INFO:teuthology.orchestra.run.smithi049.stdout:/usr/bin/ceph: stderr
2024-04-26T16:26:06.920+0000 7fa9537fe700 1 -- 172.21.15.49:0/1090321577 <== mon.0 v2:172.21.15.49:3300/0 1 ==== mon_map magic: 0 v1 ==== 229+0+0 (secure 0 0 0) 0x7fa954003b00 con 0x7fa964104e10
2024-04-26T16:26:08.086 INFO:teuthology.orchestra.run.smithi049.stdout:/usr/bin/ceph: stderr
2024-04-26T16:26:06.920+0000 7fa9537fe700 1 -- 172.21.15.49:0/1090321577 <== mon.0 v2:172.21.15.49:3300/0 2 ==== config(27 keys) v1 ==== 1101+0+0 (secure 0 0 0) 0x7fa95401a8e0 con 0x7fa964104e10
2024-04-26T16:26:08.086 INFO:teuthology.orchestra.run.smithi049.stdout:/usr/bin/ceph: stderr
2024-04-26T16:26:06.920+0000 7fa968e2d700 1 -- 172.21.15.49:0/1090321577 --> [v2:172.21.15.49:3300/0,v1:172.21.15.49:6789/0] -- mon_subscribe({mgrmap=0+}) v3 -- 0x7fa96419cad0 con 0x7fa964104e10
2024-04-26T16:26:08.086 INFO:teuthology.orchestra.run.smithi049.stdout:/usr/bin/ceph: stderr
2024-04-26T16:26:06.920+0000 7fa9537fe700 1 -- 172.21.15.49:0/1090321577 <== mon.0 v2:172.21.15.49:3300/0 3 ==== mon_map magic: 0 v1 ==== 229+0+0 (secure 0 0 0) 0x7fa9540199c0 con 0x7fa964104e10
2024-04-26T16:26:08.086 INFO:teuthology.orchestra.run.smithi049.stdout:/usr/bin/ceph: stderr
2024-04-26T16:26:06.920+0000 7fa968e2d700 1 -- 172.21.15.49:0/1090321577 --> [v2:172.21.15.49:3300/0,v1:172.21.15.49:6789/0] -- mon_subscribe({osdmap=0}) v3 -- 0x7fa96419cf70 con 0x7fa964104e10
2024-04-26T16:26:08.086 INFO:teuthology.orchestra.run.smithi049.stdout:/usr/bin/ceph: stderr
2024-04-26T16:26:06.921+0000 7fa9537fe700 1 -- 172.21.15.49:0/1090321577 <== mon.0 v2:172.21.15.49:3300/0 4 ==== mgrmap(e 12) v1 ==== 45296+0+0 (secure 0 0 0) 0x7fa954019c80 con 0x7fa964104e10
2024-04-26T16:26:08.087 INFO:teuthology.orchestra.run.smithi049.stdout:/usr/bin/ceph: stderr
2024-04-26T16:26:06.921+0000 7fa9537fe700 1 --2- 172.21.15.49:0/1090321577 >> [v2:172.21.15.49:6800/2244834699,v1:172.21.15.49:6801/2244834699] conn(0x7fa94c038320 0x7fa94c03a7e0 unknown :-1 s=NONE pgs=0 cs=0 l=1 rev1=0 crypto rx=0 tx=0 comp rx=0 tx=0).connect
2024-04-26T16:26:08.087 INFO:teuthology.orchestra.run.smithi049.stdout:/usr/bin/ceph: stderr
2024-04-26T16:26:06.921+0000 7fa968e2d700 1 -- 172.21.15.49:0/1090321577 --> [v2:172.21.15.49:3300/0,v1:172.21.15.49:6789/0] -- mon_command({"prefix": "get_command_descriptions"} v 0) v1 -- 0x7fa964195c70 con 0x7fa964104e10
2024-04-26T16:26:08.087 INFO:teuthology.orchestra.run.smithi049.stdout:/usr/bin/ceph: stderr
2024-04-26T16:26:06.921+0000 7fa9537fe700 1 -- 172.21.15.49:0/1090321577 <== mon.0 v2:172.21.15.49:3300/0 5 ==== osd_map(3..3 src has 1..3) v4 ==== 1155+0+0 (secure 0 0 0) 0x7fa95404c950 con 0x7fa964104e10
2024-04-26T16:26:08.087 INFO:teuthology.orchestra.run.smithi049.stdout:/usr/bin/ceph: stderr
2024-04-26T16:26:06.921+0000 7fa961d9b700 1 --2- 172.21.15.49:0/1090321577 >> [v2:172.21.15.49:6800/2244834699,v1:172.21.15.49:6801/2244834699] conn(0x7fa94c038320 0x7fa94c03a7e0 unknown :-1 s=BANNER_CONNECTING pgs=0 cs=0 l=1 rev1=0 crypto rx=0 tx=0 comp rx=0 tx=0)._handle_peer_banner_payload supported=3 required=0
2024-04-26T16:26:08.087 INFO:teuthology.orchestra.run.smithi049.stdout:/usr/bin/ceph: stderr
2024-04-26T16:26:06.922+0000 7fa961d9b700 1 --2- 172.21.15.49:0/1090321577 >> [v2:172.21.15.49:6800/2244834699,v1:172.21.15.49:6801/2244834699] conn(0x7fa94c038320 0x7fa94c03a7e0 secure :-1 s=READY pgs=8 cs=0 l=1 rev1=1 crypto rx=0x7fa958006fd0 tx=0x7fa958006e40 comp rx=0 tx=0).ready entity=mgr.14164 client_cookie=0 server_cookie=0 in_seq=0 out_seq=0
2024-04-26T16:26:08.087 INFO:teuthology.orchestra.run.smithi049.stdout:/usr/bin/ceph: stderr
2024-04-26T16:26:06.926+0000 7fa9537fe700 1 -- 172.21.15.49:0/1090321577 <== mon.0 v2:172.21.15.49:3300/0 6 ==== mon_command_ack([{"prefix": "get_command_descriptions"}]=0 v0) v1 ==== 72+0+180422 (secure 0 0 0) 0x7fa95402b910 con 0x7fa964104e10
2024-04-26T16:26:08.087 INFO:teuthology.orchestra.run.smithi049.stdout:/usr/bin/ceph: stderr
2024-04-26T16:26:07.142+0000 7fa968e2d700 1 -- 172.21.15.49:0/1090321577 --> [v2:172.21.15.49:6800/2244834699,v1:172.21.15.49:6801/2244834699] -- mgr_command(tid 0: {"prefix": "dashboard ac-user-create", "username": "admin", "rolename": "administrator", "force_password": true, "pwd_update_required": true, "target": ["mon-mgr", ""]}) v1 -- 0x7fa96402cb00 con 0x7fa94c038320
2024-04-26T16:26:08.087 INFO:teuthology.orchestra.run.smithi049.stdout:/usr/bin/ceph: stderr
2024-04-26T16:26:07.388+0000 7fa9537fe700 1 -- 172.21.15.49:0/1090321577 <== mgr.14164 v2:172.21.15.49:6800/2244834699 1 ==== mgr_command_reply(tid 0: 0 ) v1 ==== 8+0+252 (secure 0 0 0) 0x7fa96402cb00 con 0x7fa94c038320
2024-04-26T16:26:08.087 INFO:teuthology.orchestra.run.smithi049.stdout:/usr/bin/ceph: stderr
2024-04-26T16:26:07.391+0000 7fa968e2d700 1 -- 172.21.15.49:0/1090321577 >> [v2:172.21.15.49:6800/2244834699,v1:172.21.15.49:6801/2244834699] conn(0x7fa94c038320 msgr2=0x7fa94c03a7e0 secure :-1 s=STATE_CONNECTION_ESTABLISHED l=1).mark_down
2024-04-26T16:26:08.087 INFO:teuthology.orchestra.run.smithi049.stdout:/usr/bin/ceph: stderr
2024-04-26T16:26:07.391+0000 7fa968e2d700 1 --2- 172.21.15.49:0/1090321577 >> [v2:172.21.15.49:6800/2244834699,v1:172.21.15.49:6801/2244834699] conn(0x7fa94c038320 0x7fa94c03a7e0 secure :-1 s=READY pgs=8 cs=0 l=1 rev1=1 crypto rx=0x7fa958006fd0 tx=0x7fa958006e40 comp rx=0 tx=0).stop
2024-04-26T16:26:08.087 INFO:teuthology.orchestra.run.smithi049.stdout:/usr/bin/ceph: stderr
2024-04-26T16:26:07.391+0000 7fa968e2d700 1 -- 172.21.15.49:0/1090321577 >> [v2:172.21.15.49:3300/0,v1:172.21.15.49:6789/0] conn(0x7fa964104e10 msgr2=0x7fa96419c390 secure :-1 s=STATE_CONNECTION_ESTABLISHED l=1).mark_down
2024-04-26T16:26:08.087 INFO:teuthology.orchestra.run.smithi049.stdout:/usr/bin/ceph: stderr
2024-04-26T16:26:07.391+0000 7fa968e2d700 1 --2- 172.21.15.49:0/1090321577 >> [v2:172.21.15.49:3300/0,v1:172.21.15.49:6789/0] conn(0x7fa964104e10 0x7fa96419c390 secure :-1 s=READY pgs=85 cs=0 l=1 rev1=1 crypto rx=0x7fa954006ba0 tx=0x7fa954011b50 comp rx=0 tx=0).stop
2024-04-26T16:26:08.087 INFO:teuthology.orchestra.run.smithi049.stdout:/usr/bin/ceph: stderr
2024-04-26T16:26:07.391+0000 7fa968e2d700 1 -- 172.21.15.49:0/1090321577 shutdown_connections
2024-04-26T16:26:08.087 INFO:teuthology.orchestra.run.smithi049.stdout:/usr/bin/ceph: stderr
2024-04-26T16:26:07.391+0000 7fa968e2d700 1 --2- 172.21.15.49:0/1090321577 >> [v2:172.21.15.49:6800/2244834699,v1:172.21.15.49:6801/2244834699] conn(0x7fa94c038320 0x7fa94c03a7e0 unknown :-1 s=CLOSED pgs=8 cs=0 l=1 rev1=1 crypto rx=0 tx=0 comp rx=0 tx=0).stop
2024-04-26T16:26:08.088 INFO:teuthology.orchestra.run.smithi049.stdout:/usr/bin/ceph: stderr
2024-04-26T16:26:07.391+0000 7fa968e2d700 1 --2- 172.21.15.49:0/1090321577 >> [v2:172.21.15.49:3300/0,v1:172.21.15.49:6789/0] conn(0x7fa964104e10 0x7fa96419c390 unknown :-1 s=CLOSED pgs=85 cs=0 l=1 rev1=1 crypto rx=0 tx=0 comp rx=0 tx=0).stop
2024-04-26T16:26:08.088 INFO:teuthology.orchestra.run.smithi049.stdout:/usr/bin/ceph: stderr
2024-04-26T16:26:07.391+0000 7fa968e2d700 1 -- 172.21.15.49:0/1090321577 >> 172.21.15.49:0/1090321577 conn(0x7fa9641009f0 msgr2=0x7fa9641909d0 unknown :-1 s=STATE_NONE l=0).mark_down
2024-04-26T16:26:08.088 INFO:teuthology.orchestra.run.smithi049.stdout:/usr/bin/ceph: stderr
2024-04-26T16:26:07.391+0000 7fa968e2d700 1 -- 172.21.15.49:0/1090321577 shutdown_connections
2024-04-26T16:26:08.088 INFO:teuthology.orchestra.run.smithi049.stdout:/usr/bin/ceph: stderr
2024-04-26T16:26:07.391+0000 7fa968e2d700 1 -- 172.21.15.49:0/1090321577 wait complete.
2024-04-26T16:26:08.088 INFO:teuthology.orchestra.run.smithi049.stdout:Fetching dashboard port number...
2024-04-26T16:26:08.692 INFO:journalctl@ceph.mon.smithi049.smithi049.stdout:Apr 26 16:26:08 smithi049 ceph-mon[26943]: from='client.14178 -' entity='client.admin' cmd=[{"prefix": "dashboard ac-user-create", "username": "admin", "rolename": "administrator", "force_password": true, "pwd_update_required": true, "target": ["mon-mgr", ""]}]: dispatch
2024-04-26T16:26:08.692 INFO:journalctl@ceph.mon.smithi049.smithi049.stdout:Apr 26 16:26:08 smithi049 ceph-mon[26943]: from='mgr.14164 172.21.15.49:0/3858754201' entity='mgr.smithi049.jxiovg'
2024-04-26T16:26:09.241 INFO:teuthology.orchestra.run.smithi049.stdout:/usr/bin/ceph: stdout 8443
2024-04-26T16:26:09.241 INFO:teuthology.orchestra.run.smithi049.stdout:/usr/bin/ceph: stderr
2024-04-26T16:26:08.482+0000 7f10ef398700 1 Processor -- start
2024-04-26T16:26:09.241 INFO:teuthology.orchestra.run.smithi049.stdout:/usr/bin/ceph: stderr
2024-04-26T16:26:08.482+0000 7f10ef398700 1 -- start start
2024-04-26T16:26:09.241 INFO:teuthology.orchestra.run.smithi049.stdout:/usr/bin/ceph: stderr
2024-04-26T16:26:08.482+0000 7f10ef398700 1 --2- >> [v2:172.21.15.49:3300/0,v1:172.21.15.49:6789/0] conn(0x7f10e8104e50 0x7f10e8105270 unknown :-1 s=NONE pgs=0 cs=0 l=0 rev1=0 crypto rx=0 tx=0 comp rx=0 tx=0).connect
2024-04-26T16:26:09.241 INFO:teuthology.orchestra.run.smithi049.stdout:/usr/bin/ceph: stderr
2024-04-26T16:26:08.482+0000 7f10ef398700 1 -- --> [v2:172.21.15.49:3300/0,v1:172.21.15.49:6789/0] -- mon_getmap magic: 0 v1 -- 0x7f10e8074600 con 0x7f10e8104e50
2024-04-26T16:26:09.241 INFO:teuthology.orchestra.run.smithi049.stdout:/usr/bin/ceph: stderr
2024-04-26T16:26:08.483+0000 7f10ed134700 1 --2- >> [v2:172.21.15.49:3300/0,v1:172.21.15.49:6789/0] conn(0x7f10e8104e50 0x7f10e8105270 unknown :-1 s=BANNER_CONNECTING pgs=0 cs=0 l=0 rev1=0 crypto rx=0 tx=0 comp rx=0 tx=0)._handle_peer_banner_payload supported=3 required=0
2024-04-26T16:26:09.241 INFO:teuthology.orchestra.run.smithi049.stdout:/usr/bin/ceph: stderr
2024-04-26T16:26:08.483+0000 7f10ed134700 1 --2- >> [v2:172.21.15.49:3300/0,v1:172.21.15.49:6789/0] conn(0x7f10e8104e50 0x7f10e8105270 unknown :-1 s=HELLO_CONNECTING pgs=0 cs=0 l=0 rev1=1 crypto rx=0 tx=0 comp rx=0 tx=0).handle_hello peer v2:172.21.15.49:3300/0 says I am v2:172.21.15.49:40590/0 (socket says 172.21.15.49:40590)
2024-04-26T16:26:09.241 INFO:teuthology.orchestra.run.smithi049.stdout:/usr/bin/ceph: stderr
2024-04-26T16:26:08.483+0000 7f10ed134700 1 -- 172.21.15.49:0/1295246724 learned_addr learned my addr 172.21.15.49:0/1295246724 (peer_addr_for_me v2:172.21.15.49:0/0)
2024-04-26T16:26:09.241 INFO:teuthology.orchestra.run.smithi049.stdout:/usr/bin/ceph: stderr
2024-04-26T16:26:08.483+0000 7f10ed134700 1 -- 172.21.15.49:0/1295246724 --> [v2:172.21.15.49:3300/0,v1:172.21.15.49:6789/0] -- mon_subscribe({config=0+,monmap=0+}) v3 -- 0x7f10e81057b0 con 0x7f10e8104e50
2024-04-26T16:26:09.242 INFO:teuthology.orchestra.run.smithi049.stdout:/usr/bin/ceph: stderr
2024-04-26T16:26:08.483+0000 7f10ed134700 1 --2- 172.21.15.49:0/1295246724 >> [v2:172.21.15.49:3300/0,v1:172.21.15.49:6789/0] conn(0x7f10e8104e50 0x7f10e8105270 secure :-1 s=READY pgs=86 cs=0 l=1 rev1=1 crypto rx=0x7f10e40098a0 tx=0x7f10e4009bb0 comp rx=0 tx=0).ready entity=mon.0 client_cookie=1d5fe1988e2c368 server_cookie=0 in_seq=0 out_seq=0
2024-04-26T16:26:09.242 INFO:teuthology.orchestra.run.smithi049.stdout:/usr/bin/ceph: stderr
2024-04-26T16:26:08.483+0000 7f10dffff700 1 -- 172.21.15.49:0/1295246724 <== mon.0 v2:172.21.15.49:3300/0 1 ==== mon_map magic: 0 v1 ==== 229+0+0 (secure 0 0 0) 0x7f10e4004180 con 0x7f10e8104e50
2024-04-26T16:26:09.242 INFO:teuthology.orchestra.run.smithi049.stdout:/usr/bin/ceph: stderr
2024-04-26T16:26:08.483+0000 7f10dffff700 1 -- 172.21.15.49:0/1295246724 <== mon.0 v2:172.21.15.49:3300/0 2 ==== config(27 keys) v1 ==== 1101+0+0 (secure 0 0 0) 0x7f10e40042e0 con 0x7f10e8104e50
2024-04-26T16:26:09.242 INFO:teuthology.orchestra.run.smithi049.stdout:/usr/bin/ceph: stderr
2024-04-26T16:26:08.483+0000 7f10dffff700 1 -- 172.21.15.49:0/1295246724 <== mon.0 v2:172.21.15.49:3300/0 3 ==== mon_map magic: 0 v1 ==== 229+0+0 (secure 0 0 0) 0x7f10e4011af0 con 0x7f10e8104e50
2024-04-26T16:26:09.242 INFO:teuthology.orchestra.run.smithi049.stdout:/usr/bin/ceph: stderr
2024-04-26T16:26:08.484+0000 7f10ef398700 1 -- 172.21.15.49:0/1295246724 >> [v2:172.21.15.49:3300/0,v1:172.21.15.49:6789/0] conn(0x7f10e8104e50 msgr2=0x7f10e8105270 secure :-1 s=STATE_CONNECTION_ESTABLISHED l=1).mark_down
2024-04-26T16:26:09.242 INFO:teuthology.orchestra.run.smithi049.stdout:/usr/bin/ceph: stderr
2024-04-26T16:26:08.484+0000 7f10ef398700 1 --2- 172.21.15.49:0/1295246724 >> [v2:172.21.15.49:3300/0,v1:172.21.15.49:6789/0] conn(0x7f10e8104e50 0x7f10e8105270 secure :-1 s=READY pgs=86 cs=0 l=1 rev1=1 crypto rx=0x7f10e40098a0 tx=0x7f10e4009bb0 comp rx=0 tx=0).stop
2024-04-26T16:26:09.242 INFO:teuthology.orchestra.run.smithi049.stdout:/usr/bin/ceph: stderr
2024-04-26T16:26:08.484+0000 7f10ef398700 1 -- 172.21.15.49:0/1295246724 shutdown_connections
2024-04-26T16:26:09.242 INFO:teuthology.orchestra.run.smithi049.stdout:/usr/bin/ceph: stderr
2024-04-26T16:26:08.484+0000 7f10ef398700 1 --2- 172.21.15.49:0/1295246724 >> [v2:172.21.15.49:3300/0,v1:172.21.15.49:6789/0] conn(0x7f10e8104e50 0x7f10e8105270 unknown :-1 s=CLOSED pgs=86 cs=0 l=1 rev1=1 crypto rx=0 tx=0 comp rx=0 tx=0).stop
2024-04-26T16:26:09.242 INFO:teuthology.orchestra.run.smithi049.stdout:/usr/bin/ceph: stderr
2024-04-26T16:26:08.484+0000 7f10ef398700 1 -- 172.21.15.49:0/1295246724 >> 172.21.15.49:0/1295246724 conn(0x7f10e81009f0 msgr2=0x7f10e8102e50 unknown :-1 s=STATE_NONE l=0).mark_down
2024-04-26T16:26:09.242 INFO:teuthology.orchestra.run.smithi049.stdout:/usr/bin/ceph: stderr
2024-04-26T16:26:08.484+0000 7f10ef398700 1 -- 172.21.15.49:0/1295246724 shutdown_connections
2024-04-26T16:26:09.242 INFO:teuthology.orchestra.run.smithi049.stdout:/usr/bin/ceph: stderr
2024-04-26T16:26:08.484+0000 7f10ef398700 1 -- 172.21.15.49:0/1295246724 wait complete.
2024-04-26T16:26:09.242 INFO:teuthology.orchestra.run.smithi049.stdout:/usr/bin/ceph: stderr
2024-04-26T16:26:08.484+0000 7f10ef398700 1 Processor -- start
2024-04-26T16:26:09.242 INFO:teuthology.orchestra.run.smithi049.stdout:/usr/bin/ceph: stderr
2024-04-26T16:26:08.485+0000 7f10ef398700 1 -- start start
2024-04-26T16:26:09.243 INFO:teuthology.orchestra.run.smithi049.stdout:/usr/bin/ceph: stderr
2024-04-26T16:26:08.485+0000 7f10ef398700 1 --2- >> [v2:172.21.15.49:3300/0,v1:172.21.15.49:6789/0] conn(0x7f10e8104e50 0x7f10e819c3a0 unknown :-1 s=NONE pgs=0 cs=0 l=1 rev1=0 crypto rx=0 tx=0 comp rx=0 tx=0).connect
2024-04-26T16:26:09.243 INFO:teuthology.orchestra.run.smithi049.stdout:/usr/bin/ceph: stderr
2024-04-26T16:26:08.485+0000 7f10ef398700 1 -- --> [v2:172.21.15.49:3300/0,v1:172.21.15.49:6789/0] -- mon_getmap magic: 0 v1 -- 0x7f10e819c8e0 con 0x7f10e8104e50
2024-04-26T16:26:09.243 INFO:teuthology.orchestra.run.smithi049.stdout:/usr/bin/ceph: stderr
2024-04-26T16:26:08.485+0000 7f10ed134700 1 --2- >> [v2:172.21.15.49:3300/0,v1:172.21.15.49:6789/0] conn(0x7f10e8104e50 0x7f10e819c3a0 unknown :-1 s=BANNER_CONNECTING pgs=0 cs=0 l=1 rev1=0 crypto rx=0 tx=0 comp rx=0 tx=0)._handle_peer_banner_payload supported=3 required=0
2024-04-26T16:26:09.243 INFO:teuthology.orchestra.run.smithi049.stdout:/usr/bin/ceph: stderr
2024-04-26T16:26:08.485+0000 7f10ed134700 1 --2- >> [v2:172.21.15.49:3300/0,v1:172.21.15.49:6789/0] conn(0x7f10e8104e50 0x7f10e819c3a0 unknown :-1 s=HELLO_CONNECTING pgs=0 cs=0 l=1 rev1=1 crypto rx=0 tx=0 comp rx=0 tx=0).handle_hello peer v2:172.21.15.49:3300/0 says I am v2:172.21.15.49:40604/0 (socket says 172.21.15.49:40604)
2024-04-26T16:26:09.243 INFO:teuthology.orchestra.run.smithi049.stdout:/usr/bin/ceph: stderr
2024-04-26T16:26:08.485+0000 7f10ed134700 1 -- 172.21.15.49:0/1977497487 learned_addr learned my addr 172.21.15.49:0/1977497487 (peer_addr_for_me v2:172.21.15.49:0/0)
2024-04-26T16:26:09.243 INFO:teuthology.orchestra.run.smithi049.stdout:/usr/bin/ceph: stderr
2024-04-26T16:26:08.485+0000 7f10ed134700 1 -- 172.21.15.49:0/1977497487 --> [v2:172.21.15.49:3300/0,v1:172.21.15.49:6789/0] -- mon_subscribe({config=0+,monmap=0+}) v3 -- 0x7f10e4009550 con 0x7f10e8104e50
2024-04-26T16:26:09.243 INFO:teuthology.orchestra.run.smithi049.stdout:/usr/bin/ceph: stderr
2024-04-26T16:26:08.485+0000 7f10ed134700 1 --2- 172.21.15.49:0/1977497487 >> [v2:172.21.15.49:3300/0,v1:172.21.15.49:6789/0] conn(0x7f10e8104e50 0x7f10e819c3a0 secure :-1 s=READY pgs=87 cs=0 l=1 rev1=1 crypto rx=0x7f10e4011ad0 tx=0x7f10e4011bb0 comp rx=0 tx=0).ready entity=mon.0 client_cookie=0 server_cookie=0 in_seq=0 out_seq=0
2024-04-26T16:26:09.243 INFO:teuthology.orchestra.run.smithi049.stdout:/usr/bin/ceph: stderr
2024-04-26T16:26:08.485+0000 7f10de7fc700 1 -- 172.21.15.49:0/1977497487 <== mon.0 v2:172.21.15.49:3300/0 1 ==== mon_map magic: 0 v1 ==== 229+0+0 (secure 0 0 0) 0x7f10e4003ab0 con 0x7f10e8104e50
2024-04-26T16:26:09.243 INFO:teuthology.orchestra.run.smithi049.stdout:/usr/bin/ceph: stderr
2024-04-26T16:26:08.485+0000 7f10de7fc700 1 -- 172.21.15.49:0/1977497487 <== mon.0 v2:172.21.15.49:3300/0 2 ==== config(27 keys) v1 ==== 1101+0+0 (secure 0 0 0) 0x7f10e4003c10 con 0x7f10e8104e50
2024-04-26T16:26:09.243 INFO:teuthology.orchestra.run.smithi049.stdout:/usr/bin/ceph: stderr
2024-04-26T16:26:08.485+0000 7f10de7fc700 1 -- 172.21.15.49:0/1977497487 <== mon.0 v2:172.21.15.49:3300/0 3 ==== mon_map magic: 0 v1 ==== 229+0+0 (secure 0 0 0) 0x7f10e40198e0 con 0x7f10e8104e50
2024-04-26T16:26:09.243 INFO:teuthology.orchestra.run.smithi049.stdout:/usr/bin/ceph: stderr
2024-04-26T16:26:08.485+0000 7f10ef398700 1 -- 172.21.15.49:0/1977497487 --> [v2:172.21.15.49:3300/0,v1:172.21.15.49:6789/0] -- mon_subscribe({mgrmap=0+}) v3 -- 0x7f10e819cae0 con 0x7f10e8104e50
2024-04-26T16:26:09.243 INFO:teuthology.orchestra.run.smithi049.stdout:/usr/bin/ceph: stderr
2024-04-26T16:26:08.485+0000 7f10ef398700 1 -- 172.21.15.49:0/1977497487 --> [v2:172.21.15.49:3300/0,v1:172.21.15.49:6789/0] -- mon_subscribe({osdmap=0}) v3 -- 0x7f10e819cf80 con 0x7f10e8104e50
2024-04-26T16:26:09.243 INFO:teuthology.orchestra.run.smithi049.stdout:/usr/bin/ceph: stderr
2024-04-26T16:26:08.486+0000 7f10de7fc700 1 -- 172.21.15.49:0/1977497487 <== mon.0 v2:172.21.15.49:3300/0 4 ==== mgrmap(e 12) v1 ==== 45296+0+0 (secure 0 0 0) 0x7f10e4019b50 con 0x7f10e8104e50
2024-04-26T16:26:09.243 INFO:teuthology.orchestra.run.smithi049.stdout:/usr/bin/ceph: stderr
2024-04-26T16:26:08.486+0000 7f10ef398700 1 -- 172.21.15.49:0/1977497487 --> [v2:172.21.15.49:3300/0,v1:172.21.15.49:6789/0] -- mon_command({"prefix": "get_command_descriptions"} v 0) v1 -- 0x7f10e8195c50 con 0x7f10e8104e50
2024-04-26T16:26:09.243 INFO:teuthology.orchestra.run.smithi049.stdout:/usr/bin/ceph: stderr
2024-04-26T16:26:08.487+0000 7f10de7fc700 1 --2- 172.21.15.49:0/1977497487 >> [v2:172.21.15.49:6800/2244834699,v1:172.21.15.49:6801/2244834699] conn(0x7f10d40383c0 0x7f10d403a880 unknown :-1 s=NONE pgs=0 cs=0 l=1 rev1=0 crypto rx=0 tx=0 comp rx=0 tx=0).connect
2024-04-26T16:26:09.244 INFO:teuthology.orchestra.run.smithi049.stdout:/usr/bin/ceph: stderr
2024-04-26T16:26:08.487+0000 7f10de7fc700 1 -- 172.21.15.49:0/1977497487 <== mon.0 v2:172.21.15.49:3300/0 5 ==== osd_map(3..3 src has 1..3) v4 ==== 1155+0+0 (secure 0 0 0) 0x7f10e404c230 con 0x7f10e8104e50
2024-04-26T16:26:09.244 INFO:teuthology.orchestra.run.smithi049.stdout:/usr/bin/ceph: stderr
2024-04-26T16:26:08.487+0000 7f10ec933700 1 --2- 172.21.15.49:0/1977497487 >> [v2:172.21.15.49:6800/2244834699,v1:172.21.15.49:6801/2244834699] conn(0x7f10d40383c0 0x7f10d403a880 unknown :-1 s=BANNER_CONNECTING pgs=0 cs=0 l=1 rev1=0 crypto rx=0 tx=0 comp rx=0 tx=0)._handle_peer_banner_payload supported=3 required=0
2024-04-26T16:26:09.244 INFO:teuthology.orchestra.run.smithi049.stdout:/usr/bin/ceph: stderr
2024-04-26T16:26:08.487+0000 7f10ec933700 1 --2- 172.21.15.49:0/1977497487 >> [v2:172.21.15.49:6800/2244834699,v1:172.21.15.49:6801/2244834699] conn(0x7f10d40383c0 0x7f10d403a880 secure :-1 s=READY pgs=9 cs=0 l=1 rev1=1 crypto rx=0x7f10d8006fd0 tx=0x7f10d8006e40 comp rx=0 tx=0).ready entity=mgr.14164 client_cookie=0 server_cookie=0 in_seq=0 out_seq=0
2024-04-26T16:26:09.244 INFO:teuthology.orchestra.run.smithi049.stdout:/usr/bin/ceph: stderr
2024-04-26T16:26:08.491+0000 7f10de7fc700 1 -- 172.21.15.49:0/1977497487 <== mon.0 v2:172.21.15.49:3300/0 6 ==== mon_command_ack([{"prefix": "get_command_descriptions"}]=0 v0) v1 ==== 72+0+180422 (secure 0 0 0) 0x7f10e401a430 con 0x7f10e8104e50
2024-04-26T16:26:09.244 INFO:teuthology.orchestra.run.smithi049.stdout:/usr/bin/ceph: stderr
2024-04-26T16:26:08.691+0000 7f10ef398700 1 -- 172.21.15.49:0/1977497487 --> [v2:172.21.15.49:3300/0,v1:172.21.15.49:6789/0] -- mon_command({"prefix": "config get", "who": "mgr", "key": "mgr/dashboard/ssl_server_port"} v 0) v1 -- 0x7f10e802cc70 con 0x7f10e8104e50
2024-04-26T16:26:09.244 INFO:teuthology.orchestra.run.smithi049.stdout:/usr/bin/ceph: stderr
2024-04-26T16:26:08.692+0000 7f10de7fc700 1 -- 172.21.15.49:0/1977497487 <== mon.0 v2:172.21.15.49:3300/0 7 ==== mon_command_ack([{"prefix": "config get", "who": "mgr", "key": "mgr/dashboard/ssl_server_port"}]=0 v8) v1 ==== 112+0+5 (secure 0 0 0) 0x7f10e4010380 con 0x7f10e8104e50
2024-04-26T16:26:09.244 INFO:teuthology.orchestra.run.smithi049.stdout:/usr/bin/ceph: stderr
2024-04-26T16:26:08.694+0000 7f10ef398700 1 -- 172.21.15.49:0/1977497487 >> [v2:172.21.15.49:6800/2244834699,v1:172.21.15.49:6801/2244834699] conn(0x7f10d40383c0 msgr2=0x7f10d403a880 secure :-1 s=STATE_CONNECTION_ESTABLISHED l=1).mark_down
2024-04-26T16:26:09.244 INFO:teuthology.orchestra.run.smithi049.stdout:/usr/bin/ceph: stderr
2024-04-26T16:26:08.694+0000 7f10ef398700 1 --2- 172.21.15.49:0/1977497487 >> [v2:172.21.15.49:6800/2244834699,v1:172.21.15.49:6801/2244834699] conn(0x7f10d40383c0 0x7f10d403a880 secure :-1 s=READY pgs=9 cs=0 l=1 rev1=1 crypto rx=0x7f10d8006fd0 tx=0x7f10d8006e40 comp rx=0 tx=0).stop
2024-04-26T16:26:09.244 INFO:teuthology.orchestra.run.smithi049.stdout:/usr/bin/ceph: stderr
2024-04-26T16:26:08.694+0000 7f10ef398700 1 -- 172.21.15.49:0/1977497487 >> [v2:172.21.15.49:3300/0,v1:172.21.15.49:6789/0] conn(0x7f10e8104e50 msgr2=0x7f10e819c3a0 secure :-1 s=STATE_CONNECTION_ESTABLISHED l=1).mark_down
2024-04-26T16:26:09.244 INFO:teuthology.orchestra.run.smithi049.stdout:/usr/bin/ceph: stderr
2024-04-26T16:26:08.694+0000 7f10ef398700 1 --2- 172.21.15.49:0/1977497487 >> [v2:172.21.15.49:3300/0,v1:172.21.15.49:6789/0] conn(0x7f10e8104e50 0x7f10e819c3a0 secure :-1 s=READY pgs=87 cs=0 l=1 rev1=1 crypto rx=0x7f10e4011ad0 tx=0x7f10e4011bb0 comp rx=0 tx=0).stop
2024-04-26T16:26:09.244 INFO:teuthology.orchestra.run.smithi049.stdout:/usr/bin/ceph: stderr
2024-04-26T16:26:08.694+0000 7f10ef398700 1 -- 172.21.15.49:0/1977497487 shutdown_connections
2024-04-26T16:26:09.244 INFO:teuthology.orchestra.run.smithi049.stdout:/usr/bin/ceph: stderr
2024-04-26T16:26:08.694+0000 7f10ef398700 1 --2- 172.21.15.49:0/1977497487 >> [v2:172.21.15.49:6800/2244834699,v1:172.21.15.49:6801/2244834699] conn(0x7f10d40383c0 0x7f10d403a880 unknown :-1 s=CLOSED pgs=9 cs=0 l=1 rev1=1 crypto rx=0 tx=0 comp rx=0 tx=0).stop
2024-04-26T16:26:09.244 INFO:teuthology.orchestra.run.smithi049.stdout:/usr/bin/ceph: stderr
2024-04-26T16:26:08.694+0000 7f10ef398700 1 --2- 172.21.15.49:0/1977497487 >> [v2:172.21.15.49:3300/0,v1:172.21.15.49:6789/0] conn(0x7f10e8104e50 0x7f10e819c3a0 unknown :-1 s=CLOSED pgs=87 cs=0 l=1 rev1=1 crypto rx=0 tx=0 comp rx=0 tx=0).stop
2024-04-26T16:26:09.244 INFO:teuthology.orchestra.run.smithi049.stdout:/usr/bin/ceph: stderr
2024-04-26T16:26:08.694+0000 7f10ef398700 1 -- 172.21.15.49:0/1977497487 >> 172.21.15.49:0/1977497487 conn(0x7f10e81009f0 msgr2=0x7f10e8190a10 unknown :-1 s=STATE_NONE l=0).mark_down
2024-04-26T16:26:09.245 INFO:teuthology.orchestra.run.smithi049.stdout:/usr/bin/ceph: stderr
2024-04-26T16:26:08.694+0000 7f10ef398700 1 -- 172.21.15.49:0/1977497487 shutdown_connections
2024-04-26T16:26:09.245 INFO:teuthology.orchestra.run.smithi049.stdout:/usr/bin/ceph: stderr
2024-04-26T16:26:08.694+0000 7f10ef398700 1 -- 172.21.15.49:0/1977497487 wait complete.
2024-04-26T16:26:09.247 INFO:teuthology.orchestra.run.smithi049.stdout:Non-zero exit code 1 from systemctl is-enabled firewalld.service
2024-04-26T16:26:09.248 INFO:teuthology.orchestra.run.smithi049.stdout:systemctl: stdout disabled
2024-04-26T16:26:09.254 INFO:teuthology.orchestra.run.smithi049.stdout:Non-zero exit code 3 from systemctl is-active firewalld.service
2024-04-26T16:26:09.255 INFO:teuthology.orchestra.run.smithi049.stdout:systemctl: stdout inactive
2024-04-26T16:26:09.255 INFO:teuthology.orchestra.run.smithi049.stdout:firewalld.service is not enabled
2024-04-26T16:26:09.255 INFO:teuthology.orchestra.run.smithi049.stdout:Not possible to open ports <[8443]>. firewalld.service is not available
2024-04-26T16:26:09.256 INFO:teuthology.orchestra.run.smithi049.stdout:Ceph Dashboard is now available at:
2024-04-26T16:26:09.256 INFO:teuthology.orchestra.run.smithi049.stdout:
2024-04-26T16:26:09.256 INFO:teuthology.orchestra.run.smithi049.stdout: URL: https://smithi049:8443/
2024-04-26T16:26:09.256 INFO:teuthology.orchestra.run.smithi049.stdout: User: admin
2024-04-26T16:26:09.256 INFO:teuthology.orchestra.run.smithi049.stdout: Password: c57zqxockc
2024-04-26T16:26:09.257 INFO:teuthology.orchestra.run.smithi049.stdout:
2024-04-26T16:26:09.257 INFO:teuthology.orchestra.run.smithi049.stdout:Saving cluster configuration to /var/lib/ceph/70bc356a-03e9-11ef-bc93-c7b262605968/config directory
2024-04-26T16:26:09.257 INFO:teuthology.orchestra.run.smithi049.stdout:Enabling autotune for osd_memory_target
2024-04-26T16:26:09.644 INFO:journalctl@ceph.mon.smithi049.smithi049.stdout:Apr 26 16:26:09 smithi049 ceph-mon[26943]: from='client.? 172.21.15.49:0/1977497487' entity='client.admin' cmd=[{"prefix": "config get", "who": "mgr", "key": "mgr/dashboard/ssl_server_port"}]: dispatch
2024-04-26T16:26:10.480 INFO:teuthology.orchestra.run.smithi049.stdout:/usr/bin/ceph: stderr
2024-04-26T16:26:09.747+0000 7f57d565f700 1 Processor -- start
2024-04-26T16:26:10.480 INFO:teuthology.orchestra.run.smithi049.stdout:/usr/bin/ceph: stderr
2024-04-26T16:26:09.747+0000 7f57d565f700 1 -- start start
2024-04-26T16:26:10.481 INFO:teuthology.orchestra.run.smithi049.stdout:/usr/bin/ceph: stderr
2024-04-26T16:26:09.747+0000 7f57d565f700 1 --2- >> [v2:172.21.15.49:3300/0,v1:172.21.15.49:6789/0] conn(0x7f57d0106540 0x7f57d0106960 unknown :-1 s=NONE pgs=0 cs=0 l=0 rev1=0 crypto rx=0 tx=0 comp rx=0 tx=0).connect
2024-04-26T16:26:10.481 INFO:teuthology.orchestra.run.smithi049.stdout:/usr/bin/ceph: stderr
2024-04-26T16:26:09.747+0000 7f57d565f700 1 -- --> [v2:172.21.15.49:3300/0,v1:172.21.15.49:6789/0] -- mon_getmap magic: 0 v1 -- 0x7f57d0106f30 con 0x7f57d0106540
2024-04-26T16:26:10.481 INFO:teuthology.orchestra.run.smithi049.stdout:/usr/bin/ceph: stderr
