2024-04-26T16:25:24.422 INFO:teuthology.orchestra.run.smithi049.stdout:/usr/bin/ceph: stderr
2024-04-26T16:25:23.586+0000 7f8ecaffd700 1 -- 172.21.15.49:0/991862361 <== mon.0 v2:172.21.15.49:3300/0 2 ==== config(27 keys) v1 ==== 1037+0+0 (secure 0 0 0) 0x7f8ebc0044a0 con 0x7f8ecc105470
2024-04-26T16:25:24.422 INFO:teuthology.orchestra.run.smithi049.stdout:/usr/bin/ceph: stderr
2024-04-26T16:25:23.586+0000 7f8ecaffd700 1 -- 172.21.15.49:0/991862361 <== mon.0 v2:172.21.15.49:3300/0 3 ==== mon_map magic: 0 v1 ==== 229+0+0 (secure 0 0 0) 0x7f8ebc010470 con 0x7f8ecc105470
2024-04-26T16:25:24.422 INFO:teuthology.orchestra.run.smithi049.stdout:/usr/bin/ceph: stderr
2024-04-26T16:25:23.587+0000 7f8ed22c1700 1 -- 172.21.15.49:0/991862361 >> [v2:172.21.15.49:3300/0,v1:172.21.15.49:6789/0] conn(0x7f8ecc105470 msgr2=0x7f8ecc105890 secure :-1 s=STATE_CONNECTION_ESTABLISHED l=1).mark_down
2024-04-26T16:25:24.422 INFO:teuthology.orchestra.run.smithi049.stdout:/usr/bin/ceph: stderr
2024-04-26T16:25:23.587+0000 7f8ed22c1700 1 --2- 172.21.15.49:0/991862361 >> [v2:172.21.15.49:3300/0,v1:172.21.15.49:6789/0] conn(0x7f8ecc105470 0x7f8ecc105890 secure :-1 s=READY pgs=26 cs=0 l=1 rev1=1 crypto rx=0x7f8ebc00bb40 tx=0x7f8ebc00be50 comp rx=0 tx=0).stop
2024-04-26T16:25:24.422 INFO:teuthology.orchestra.run.smithi049.stdout:/usr/bin/ceph: stderr
2024-04-26T16:25:23.587+0000 7f8ed22c1700 1 -- 172.21.15.49:0/991862361 shutdown_connections
2024-04-26T16:25:24.422 INFO:teuthology.orchestra.run.smithi049.stdout:/usr/bin/ceph: stderr
2024-04-26T16:25:23.587+0000 7f8ed22c1700 1 --2- 172.21.15.49:0/991862361 >> [v2:172.21.15.49:3300/0,v1:172.21.15.49:6789/0] conn(0x7f8ecc105470 0x7f8ecc105890 unknown :-1 s=CLOSED pgs=26 cs=0 l=1 rev1=1 crypto rx=0 tx=0 comp rx=0 tx=0).stop
2024-04-26T16:25:24.422 INFO:teuthology.orchestra.run.smithi049.stdout:/usr/bin/ceph: stderr
2024-04-26T16:25:23.587+0000 7f8ed22c1700 1 -- 172.21.15.49:0/991862361 >> 172.21.15.49:0/991862361 conn(0x7f8ecc1009f0 msgr2=0x7f8ecc102e50 unknown :-1 s=STATE_NONE l=0).mark_down
2024-04-26T16:25:24.422 INFO:teuthology.orchestra.run.smithi049.stdout:/usr/bin/ceph: stderr
2024-04-26T16:25:23.587+0000 7f8ed22c1700 1 -- 172.21.15.49:0/991862361 shutdown_connections
2024-04-26T16:25:24.422 INFO:teuthology.orchestra.run.smithi049.stdout:/usr/bin/ceph: stderr
2024-04-26T16:25:23.587+0000 7f8ed22c1700 1 -- 172.21.15.49:0/991862361 wait complete.
2024-04-26T16:25:24.423 INFO:teuthology.orchestra.run.smithi049.stdout:/usr/bin/ceph: stderr
2024-04-26T16:25:23.588+0000 7f8ed22c1700 1 Processor -- start
2024-04-26T16:25:24.423 INFO:teuthology.orchestra.run.smithi049.stdout:/usr/bin/ceph: stderr
2024-04-26T16:25:23.588+0000 7f8ed22c1700 1 -- start start
2024-04-26T16:25:24.423 INFO:teuthology.orchestra.run.smithi049.stdout:/usr/bin/ceph: stderr
2024-04-26T16:25:23.588+0000 7f8ed22c1700 1 --2- >> [v2:172.21.15.49:3300/0,v1:172.21.15.49:6789/0] conn(0x7f8ecc105470 0x7f8ecc197fa0 unknown :-1 s=NONE pgs=0 cs=0 l=1 rev1=0 crypto rx=0 tx=0 comp rx=0 tx=0).connect
2024-04-26T16:25:24.423 INFO:teuthology.orchestra.run.smithi049.stdout:/usr/bin/ceph: stderr
2024-04-26T16:25:23.588+0000 7f8ed22c1700 1 -- --> [v2:172.21.15.49:3300/0,v1:172.21.15.49:6789/0] -- mon_getmap magic: 0 v1 -- 0x7f8ecc1984e0 con 0x7f8ecc105470
2024-04-26T16:25:24.423 INFO:teuthology.orchestra.run.smithi049.stdout:/usr/bin/ceph: stderr
2024-04-26T16:25:23.588+0000 7f8ecbfff700 1 --2- >> [v2:172.21.15.49:3300/0,v1:172.21.15.49:6789/0] conn(0x7f8ecc105470 0x7f8ecc197fa0 unknown :-1 s=BANNER_CONNECTING pgs=0 cs=0 l=1 rev1=0 crypto rx=0 tx=0 comp rx=0 tx=0)._handle_peer_banner_payload supported=3 required=0
2024-04-26T16:25:24.423 INFO:teuthology.orchestra.run.smithi049.stdout:/usr/bin/ceph: stderr
2024-04-26T16:25:23.588+0000 7f8ecbfff700 1 --2- >> [v2:172.21.15.49:3300/0,v1:172.21.15.49:6789/0] conn(0x7f8ecc105470 0x7f8ecc197fa0 unknown :-1 s=HELLO_CONNECTING pgs=0 cs=0 l=1 rev1=1 crypto rx=0 tx=0 comp rx=0 tx=0).handle_hello peer v2:172.21.15.49:3300/0 says I am v2:172.21.15.49:53784/0 (socket says 172.21.15.49:53784)
2024-04-26T16:25:24.423 INFO:teuthology.orchestra.run.smithi049.stdout:/usr/bin/ceph: stderr
2024-04-26T16:25:23.588+0000 7f8ecbfff700 1 -- 172.21.15.49:0/3269439759 learned_addr learned my addr 172.21.15.49:0/3269439759 (peer_addr_for_me v2:172.21.15.49:0/0)
2024-04-26T16:25:24.423 INFO:teuthology.orchestra.run.smithi049.stdout:/usr/bin/ceph: stderr
2024-04-26T16:25:23.589+0000 7f8ecbfff700 1 -- 172.21.15.49:0/3269439759 --> [v2:172.21.15.49:3300/0,v1:172.21.15.49:6789/0] -- mon_subscribe({config=0+,monmap=0+}) v3 -- 0x7f8ebc00b7f0 con 0x7f8ecc105470
2024-04-26T16:25:24.423 INFO:teuthology.orchestra.run.smithi049.stdout:/usr/bin/ceph: stderr
2024-04-26T16:25:23.589+0000 7f8ecbfff700 1 --2- 172.21.15.49:0/3269439759 >> [v2:172.21.15.49:3300/0,v1:172.21.15.49:6789/0] conn(0x7f8ecc105470 0x7f8ecc197fa0 secure :-1 s=READY pgs=27 cs=0 l=1 rev1=1 crypto rx=0x7f8ebc00b340 tx=0x7f8ebc003fa0 comp rx=0 tx=0).ready entity=mon.0 client_cookie=0 server_cookie=0 in_seq=0 out_seq=0
2024-04-26T16:25:24.423 INFO:teuthology.orchestra.run.smithi049.stdout:/usr/bin/ceph: stderr
2024-04-26T16:25:23.589+0000 7f8ec97fa700 1 -- 172.21.15.49:0/3269439759 <== mon.0 v2:172.21.15.49:3300/0 1 ==== mon_map magic: 0 v1 ==== 229+0+0 (secure 0 0 0) 0x7f8ebc01e070 con 0x7f8ecc105470
2024-04-26T16:25:24.423 INFO:teuthology.orchestra.run.smithi049.stdout:/usr/bin/ceph: stderr
2024-04-26T16:25:23.589+0000 7f8ec97fa700 1 -- 172.21.15.49:0/3269439759 <== mon.0 v2:172.21.15.49:3300/0 2 ==== config(27 keys) v1 ==== 1037+0+0 (secure 0 0 0) 0x7f8ebc0104e0 con 0x7f8ecc105470
2024-04-26T16:25:24.423 INFO:teuthology.orchestra.run.smithi049.stdout:/usr/bin/ceph: stderr
2024-04-26T16:25:23.589+0000 7f8ec97fa700 1 -- 172.21.15.49:0/3269439759 <== mon.0 v2:172.21.15.49:3300/0 3 ==== mon_map magic: 0 v1 ==== 229+0+0 (secure 0 0 0) 0x7f8ebc0229a0 con 0x7f8ecc105470
2024-04-26T16:25:24.423 INFO:teuthology.orchestra.run.smithi049.stdout:/usr/bin/ceph: stderr
2024-04-26T16:25:23.589+0000 7f8ed22c1700 1 -- 172.21.15.49:0/3269439759 --> [v2:172.21.15.49:3300/0,v1:172.21.15.49:6789/0] -- mon_subscribe({mgrmap=0+}) v3 -- 0x7f8ecc1986e0 con 0x7f8ecc105470
2024-04-26T16:25:24.423 INFO:teuthology.orchestra.run.smithi049.stdout:/usr/bin/ceph: stderr
2024-04-26T16:25:23.589+0000 7f8ed22c1700 1 -- 172.21.15.49:0/3269439759 --> [v2:172.21.15.49:3300/0,v1:172.21.15.49:6789/0] -- mon_subscribe({osdmap=0}) v3 -- 0x7f8ecc198b80 con 0x7f8ecc105470
2024-04-26T16:25:24.424 INFO:teuthology.orchestra.run.smithi049.stdout:/usr/bin/ceph: stderr
2024-04-26T16:25:23.590+0000 7f8ec97fa700 1 -- 172.21.15.49:0/3269439759 <== mon.0 v2:172.21.15.49:3300/0 4 ==== mgrmap(e 5) v1 ==== 45283+0+0 (secure 0 0 0) 0x7f8ebc02c440 con 0x7f8ecc105470
2024-04-26T16:25:24.424 INFO:teuthology.orchestra.run.smithi049.stdout:/usr/bin/ceph: stderr
2024-04-26T16:25:23.590+0000 7f8ec97fa700 1 --2- 172.21.15.49:0/3269439759 >> [v2:172.21.15.49:6800/441649967,v1:172.21.15.49:6801/441649967] conn(0x7f8eb4038320 0x7f8eb403a7e0 unknown :-1 s=NONE pgs=0 cs=0 l=1 rev1=0 crypto rx=0 tx=0 comp rx=0 tx=0).connect
2024-04-26T16:25:24.424 INFO:teuthology.orchestra.run.smithi049.stdout:/usr/bin/ceph: stderr
2024-04-26T16:25:23.590+0000 7f8ed22c1700 1 -- 172.21.15.49:0/3269439759 --> [v2:172.21.15.49:3300/0,v1:172.21.15.49:6789/0] -- mon_command({"prefix": "get_command_descriptions"} v 0) v1 -- 0x7f8ecc191d00 con 0x7f8ecc105470
2024-04-26T16:25:24.424 INFO:teuthology.orchestra.run.smithi049.stdout:/usr/bin/ceph: stderr
2024-04-26T16:25:23.590+0000 7f8ecb7fe700 1 -- 172.21.15.49:0/3269439759 >> [v2:172.21.15.49:6800/441649967,v1:172.21.15.49:6801/441649967] conn(0x7f8eb4038320 msgr2=0x7f8eb403a7e0 unknown :-1 s=STATE_CONNECTING_RE l=1).process reconnect failed to v2:172.21.15.49:6800/441649967
2024-04-26T16:25:24.424 INFO:teuthology.orchestra.run.smithi049.stdout:/usr/bin/ceph: stderr
2024-04-26T16:25:23.590+0000 7f8ec97fa700 1 -- 172.21.15.49:0/3269439759 <== mon.0 v2:172.21.15.49:3300/0 5 ==== osd_map(1..1 src has 1..1) v4 ==== 725+0+0 (secure 0 0 0) 0x7f8ebc04e230 con 0x7f8ecc105470
2024-04-26T16:25:24.424 INFO:teuthology.orchestra.run.smithi049.stdout:/usr/bin/ceph: stderr
2024-04-26T16:25:23.590+0000 7f8ecb7fe700 1 --2- 172.21.15.49:0/3269439759 >> [v2:172.21.15.49:6800/441649967,v1:172.21.15.49:6801/441649967] conn(0x7f8eb4038320 0x7f8eb403a7e0 unknown :-1 s=START_CONNECT pgs=0 cs=0 l=1 rev1=0 crypto rx=0 tx=0 comp rx=0 tx=0)._fault waiting 0.200000
2024-04-26T16:25:24.424 INFO:teuthology.orchestra.run.smithi049.stdout:/usr/bin/ceph: stderr
2024-04-26T16:25:23.598+0000 7f8ec97fa700 1 -- 172.21.15.49:0/3269439759 <== mon.0 v2:172.21.15.49:3300/0 6 ==== mon_command_ack([{"prefix": "get_command_descriptions"}]=0 v0) v1 ==== 72+0+180422 (secure 0 0 0) 0x7f8ebc02a720 con 0x7f8ecc105470
2024-04-26T16:25:24.424 INFO:teuthology.orchestra.run.smithi049.stdout:/usr/bin/ceph: stderr
2024-04-26T16:25:23.791+0000 7f8ecb7fe700 1 -- 172.21.15.49:0/3269439759 >> [v2:172.21.15.49:6800/441649967,v1:172.21.15.49:6801/441649967] conn(0x7f8eb4038320 msgr2=0x7f8eb403a7e0 unknown :-1 s=STATE_CONNECTING_RE l=1).process reconnect failed to v2:172.21.15.49:6800/441649967
2024-04-26T16:25:24.424 INFO:teuthology.orchestra.run.smithi049.stdout:/usr/bin/ceph: stderr
2024-04-26T16:25:23.791+0000 7f8ecb7fe700 1 --2- 172.21.15.49:0/3269439759 >> [v2:172.21.15.49:6800/441649967,v1:172.21.15.49:6801/441649967] conn(0x7f8eb4038320 0x7f8eb403a7e0 unknown :-1 s=START_CONNECT pgs=0 cs=0 l=1 rev1=0 crypto rx=0 tx=0 comp rx=0 tx=0)._fault waiting 0.400000
2024-04-26T16:25:24.424 INFO:teuthology.orchestra.run.smithi049.stdout:/usr/bin/ceph: stderr
2024-04-26T16:25:23.899+0000 7f8ed22c1700 1 -- 172.21.15.49:0/3269439759 --> [v2:172.21.15.49:3300/0,v1:172.21.15.49:6789/0] -- mon_command({"prefix": "mgr stat"} v 0) v1 -- 0x7f8ecc02d090 con 0x7f8ecc105470
2024-04-26T16:25:24.424 INFO:teuthology.orchestra.run.smithi049.stdout:/usr/bin/ceph: stderr
2024-04-26T16:25:23.899+0000 7f8ec97fa700 1 -- 172.21.15.49:0/3269439759 <== mon.0 v2:172.21.15.49:3300/0 7 ==== mon_command_ack([{"prefix": "mgr stat"}]=0 v5) v1 ==== 56+0+103 (secure 0 0 0) 0x7f8ebc015250 con 0x7f8ecc105470
2024-04-26T16:25:24.424 INFO:teuthology.orchestra.run.smithi049.stdout:/usr/bin/ceph: stderr
2024-04-26T16:25:23.901+0000 7f8ed22c1700 1 -- 172.21.15.49:0/3269439759 >> [v2:172.21.15.49:6800/441649967,v1:172.21.15.49:6801/441649967] conn(0x7f8eb4038320 msgr2=0x7f8eb403a7e0 unknown :-1 s=STATE_CONNECTING l=1).mark_down
2024-04-26T16:25:24.424 INFO:teuthology.orchestra.run.smithi049.stdout:/usr/bin/ceph: stderr
2024-04-26T16:25:23.901+0000 7f8ed22c1700 1 --2- 172.21.15.49:0/3269439759 >> [v2:172.21.15.49:6800/441649967,v1:172.21.15.49:6801/441649967] conn(0x7f8eb4038320 0x7f8eb403a7e0 unknown :-1 s=START_CONNECT pgs=0 cs=0 l=1 rev1=0 crypto rx=0 tx=0 comp rx=0 tx=0).stop
2024-04-26T16:25:24.424 INFO:teuthology.orchestra.run.smithi049.stdout:/usr/bin/ceph: stderr
2024-04-26T16:25:23.901+0000 7f8ed22c1700 1 -- 172.21.15.49:0/3269439759 >> [v2:172.21.15.49:3300/0,v1:172.21.15.49:6789/0] conn(0x7f8ecc105470 msgr2=0x7f8ecc197fa0 secure :-1 s=STATE_CONNECTION_ESTABLISHED l=1).mark_down
2024-04-26T16:25:24.424 INFO:teuthology.orchestra.run.smithi049.stdout:/usr/bin/ceph: stderr
2024-04-26T16:25:23.901+0000 7f8ed22c1700 1 --2- 172.21.15.49:0/3269439759 >> [v2:172.21.15.49:3300/0,v1:172.21.15.49:6789/0] conn(0x7f8ecc105470 0x7f8ecc197fa0 secure :-1 s=READY pgs=27 cs=0 l=1 rev1=1 crypto rx=0x7f8ebc00b340 tx=0x7f8ebc003fa0 comp rx=0 tx=0).stop
2024-04-26T16:25:24.425 INFO:teuthology.orchestra.run.smithi049.stdout:/usr/bin/ceph: stderr
2024-04-26T16:25:23.901+0000 7f8ed22c1700 1 -- 172.21.15.49:0/3269439759 shutdown_connections
2024-04-26T16:25:24.425 INFO:teuthology.orchestra.run.smithi049.stdout:/usr/bin/ceph: stderr
2024-04-26T16:25:23.901+0000 7f8ed22c1700 1 --2- 172.21.15.49:0/3269439759 >> [v2:172.21.15.49:6800/441649967,v1:172.21.15.49:6801/441649967] conn(0x7f8eb4038320 0x7f8eb403a7e0 unknown :-1 s=CLOSED pgs=0 cs=0 l=1 rev1=0 crypto rx=0 tx=0 comp rx=0 tx=0).stop
2024-04-26T16:25:24.425 INFO:teuthology.orchestra.run.smithi049.stdout:/usr/bin/ceph: stderr
2024-04-26T16:25:23.901+0000 7f8ed22c1700 1 --2- 172.21.15.49:0/3269439759 >> [v2:172.21.15.49:3300/0,v1:172.21.15.49:6789/0] conn(0x7f8ecc105470 0x7f8ecc197fa0 unknown :-1 s=CLOSED pgs=27 cs=0 l=1 rev1=1 crypto rx=0 tx=0 comp rx=0 tx=0).stop
2024-04-26T16:25:24.425 INFO:teuthology.orchestra.run.smithi049.stdout:/usr/bin/ceph: stderr
2024-04-26T16:25:23.901+0000 7f8ed22c1700 1 -- 172.21.15.49:0/3269439759 >> 172.21.15.49:0/3269439759 conn(0x7f8ecc1009f0 msgr2=0x7f8ecc18ee40 unknown :-1 s=STATE_NONE l=0).mark_down
2024-04-26T16:25:24.425 INFO:teuthology.orchestra.run.smithi049.stdout:/usr/bin/ceph: stderr
2024-04-26T16:25:23.902+0000 7f8ed22c1700 1 -- 172.21.15.49:0/3269439759 shutdown_connections
2024-04-26T16:25:24.425 INFO:teuthology.orchestra.run.smithi049.stdout:/usr/bin/ceph: stderr
2024-04-26T16:25:23.902+0000 7f8ed22c1700 1 -- 172.21.15.49:0/3269439759 wait complete.
2024-04-26T16:25:24.425 INFO:teuthology.orchestra.run.smithi049.stdout:Waiting for the mgr to restart...
2024-04-26T16:25:24.425 INFO:teuthology.orchestra.run.smithi049.stdout:Waiting for mgr epoch 5...
2024-04-26T16:25:24.838 INFO:journalctl@ceph.mon.smithi049.smithi049.stdout:Apr 26 16:25:24 smithi049 ceph-mon[26943]: from='client.? 172.21.15.49:0/3269439759' entity='client.admin' cmd=[{"prefix": "mgr stat"}]: dispatch
2024-04-26T16:25:29.969 INFO:journalctl@ceph.mon.smithi049.smithi049.stdout:Apr 26 16:25:29 smithi049 ceph-mon[26943]: Active manager daemon smithi049.jxiovg restarted
2024-04-26T16:25:29.969 INFO:journalctl@ceph.mon.smithi049.smithi049.stdout:Apr 26 16:25:29 smithi049 ceph-mon[26943]: Activating manager daemon smithi049.jxiovg
2024-04-26T16:25:29.969 INFO:journalctl@ceph.mon.smithi049.smithi049.stdout:Apr 26 16:25:29 smithi049 ceph-mon[26943]: osdmap e2: 0 total, 0 up, 0 in
2024-04-26T16:25:29.969 INFO:journalctl@ceph.mon.smithi049.smithi049.stdout:Apr 26 16:25:29 smithi049 ceph-mon[26943]: mgrmap e6: smithi049.jxiovg(active, starting, since 0.00361439s)
2024-04-26T16:25:29.969 INFO:journalctl@ceph.mon.smithi049.smithi049.stdout:Apr 26 16:25:29 smithi049 ceph-mon[26943]: from='mgr.14120 172.21.15.49:0/4222628015' entity='mgr.smithi049.jxiovg' cmd=[{"prefix": "mon metadata", "id": "smithi049"}]: dispatch
2024-04-26T16:25:29.969 INFO:journalctl@ceph.mon.smithi049.smithi049.stdout:Apr 26 16:25:29 smithi049 ceph-mon[26943]: from='mgr.14120 172.21.15.49:0/4222628015' entity='mgr.smithi049.jxiovg' cmd=[{"prefix": "mgr metadata", "who": "smithi049.jxiovg", "id": "smithi049.jxiovg"}]: dispatch
2024-04-26T16:25:29.969 INFO:journalctl@ceph.mon.smithi049.smithi049.stdout:Apr 26 16:25:29 smithi049 ceph-mon[26943]: from='mgr.14120 172.21.15.49:0/4222628015' entity='mgr.smithi049.jxiovg' cmd=[{"prefix": "mds metadata"}]: dispatch
2024-04-26T16:25:29.969 INFO:journalctl@ceph.mon.smithi049.smithi049.stdout:Apr 26 16:25:29 smithi049 ceph-mon[26943]: from='mgr.14120 172.21.15.49:0/4222628015' entity='mgr.smithi049.jxiovg' cmd=[{"prefix": "osd metadata"}]: dispatch
2024-04-26T16:25:29.970 INFO:journalctl@ceph.mon.smithi049.smithi049.stdout:Apr 26 16:25:29 smithi049 ceph-mon[26943]: from='mgr.14120 172.21.15.49:0/4222628015' entity='mgr.smithi049.jxiovg' cmd=[{"prefix": "mon metadata"}]: dispatch
2024-04-26T16:25:29.970 INFO:journalctl@ceph.mon.smithi049.smithi049.stdout:Apr 26 16:25:29 smithi049 ceph-mon[26943]: Manager daemon smithi049.jxiovg is now available
2024-04-26T16:25:29.970 INFO:journalctl@ceph.mon.smithi049.smithi049.stdout:Apr 26 16:25:29 smithi049 ceph-mon[26943]: from='mgr.14120 172.21.15.49:0/4222628015' entity='mgr.smithi049.jxiovg'
2024-04-26T16:25:29.970 INFO:journalctl@ceph.mon.smithi049.smithi049.stdout:Apr 26 16:25:29 smithi049 ceph-mon[26943]: from='mgr.14120 172.21.15.49:0/4222628015' entity='mgr.smithi049.jxiovg'
2024-04-26T16:25:29.970 INFO:journalctl@ceph.mon.smithi049.smithi049.stdout:Apr 26 16:25:29 smithi049 ceph-mon[26943]: from='mgr.14120 172.21.15.49:0/4222628015' entity='mgr.smithi049.jxiovg' cmd=[{"prefix": "config dump", "format": "json"}]: dispatch
2024-04-26T16:25:29.970 INFO:journalctl@ceph.mon.smithi049.smithi049.stdout:Apr 26 16:25:29 smithi049 ceph-mon[26943]: from='mgr.14120 172.21.15.49:0/4222628015' entity='mgr.smithi049.jxiovg' cmd=[{"prefix": "config dump", "format": "json"}]: dispatch
2024-04-26T16:25:29.970 INFO:journalctl@ceph.mon.smithi049.smithi049.stdout:Apr 26 16:25:29 smithi049 ceph-mon[26943]: from='mgr.14120 172.21.15.49:0/4222628015' entity='mgr.smithi049.jxiovg' cmd=[{"prefix": "config dump", "format": "json"}]: dispatch
2024-04-26T16:25:29.970 INFO:journalctl@ceph.mon.smithi049.smithi049.stdout:Apr 26 16:25:29 smithi049 ceph-mon[26943]: from='mgr.14120 172.21.15.49:0/4222628015' entity='mgr.smithi049.jxiovg' cmd=[{"prefix":"config rm","who":"mgr","name":"mgr/rbd_support/smithi049.jxiovg/mirror_snapshot_schedule"}]: dispatch
2024-04-26T16:25:29.970 INFO:journalctl@ceph.mon.smithi049.smithi049.stdout:Apr 26 16:25:29 smithi049 ceph-mon[26943]: from='mgr.14120 172.21.15.49:0/4222628015' entity='mgr.smithi049.jxiovg' cmd=[{"prefix":"config rm","who":"mgr","name":"mgr/rbd_support/smithi049.jxiovg/trash_purge_schedule"}]: dispatch
2024-04-26T16:25:30.791 INFO:journalctl@ceph.mon.smithi049.smithi049.stdout:Apr 26 16:25:30 smithi049 ceph-mon[26943]: Found migration_current of "None". Setting to last migration.
2024-04-26T16:25:30.791 INFO:journalctl@ceph.mon.smithi049.smithi049.stdout:Apr 26 16:25:30 smithi049 ceph-mon[26943]: from='mgr.14120 172.21.15.49:0/4222628015' entity='mgr.smithi049.jxiovg'
2024-04-26T16:25:30.791 INFO:journalctl@ceph.mon.smithi049.smithi049.stdout:Apr 26 16:25:30 smithi049 ceph-mon[26943]: from='mgr.14120 172.21.15.49:0/4222628015' entity='mgr.smithi049.jxiovg'
2024-04-26T16:25:30.792 INFO:journalctl@ceph.mon.smithi049.smithi049.stdout:Apr 26 16:25:30 smithi049 ceph-mon[26943]: mgrmap e7: smithi049.jxiovg(active, since 1.0055s)
2024-04-26T16:25:31.062 INFO:teuthology.orchestra.run.smithi049.stdout:/usr/bin/ceph: stdout {
2024-04-26T16:25:31.070 INFO:teuthology.orchestra.run.smithi049.stdout:/usr/bin/ceph: stdout "mgrmap_epoch": 7,
2024-04-26T16:25:31.070 INFO:teuthology.orchestra.run.smithi049.stdout:/usr/bin/ceph: stdout "initialized": true
2024-04-26T16:25:31.070 INFO:teuthology.orchestra.run.smithi049.stdout:/usr/bin/ceph: stdout }
2024-04-26T16:25:31.070 INFO:teuthology.orchestra.run.smithi049.stdout:/usr/bin/ceph: stderr
2024-04-26T16:25:24.874+0000 7f2dc0f0b700 1 Processor -- start
2024-04-26T16:25:31.070 INFO:teuthology.orchestra.run.smithi049.stdout:/usr/bin/ceph: stderr
2024-04-26T16:25:24.874+0000 7f2dc0f0b700 1 -- start start
2024-04-26T16:25:31.070 INFO:teuthology.orchestra.run.smithi049.stdout:/usr/bin/ceph: stderr
2024-04-26T16:25:24.874+0000 7f2dc0f0b700 1 --2- >> [v2:172.21.15.49:3300/0,v1:172.21.15.49:6789/0] conn(0x7f2dbc104860 0x7f2dbc104c80 unknown :-1 s=NONE pgs=0 cs=0 l=0 rev1=0 crypto rx=0 tx=0 comp rx=0 tx=0).connect
2024-04-26T16:25:31.070 INFO:teuthology.orchestra.run.smithi049.stdout:/usr/bin/ceph: stderr
2024-04-26T16:25:24.874+0000 7f2dc0f0b700 1 -- --> [v2:172.21.15.49:3300/0,v1:172.21.15.49:6789/0] -- mon_getmap magic: 0 v1 -- 0x7f2dbc105250 con 0x7f2dbc104860
2024-04-26T16:25:31.070 INFO:teuthology.orchestra.run.smithi049.stdout:/usr/bin/ceph: stderr
2024-04-26T16:25:24.874+0000 7f2dba59c700 1 --2- >> [v2:172.21.15.49:3300/0,v1:172.21.15.49:6789/0] conn(0x7f2dbc104860 0x7f2dbc104c80 unknown :-1 s=BANNER_CONNECTING pgs=0 cs=0 l=0 rev1=0 crypto rx=0 tx=0 comp rx=0 tx=0)._handle_peer_banner_payload supported=3 required=0
2024-04-26T16:25:31.070 INFO:teuthology.orchestra.run.smithi049.stdout:/usr/bin/ceph: stderr
2024-04-26T16:25:24.874+0000 7f2dba59c700 1 --2- >> [v2:172.21.15.49:3300/0,v1:172.21.15.49:6789/0] conn(0x7f2dbc104860 0x7f2dbc104c80 unknown :-1 s=HELLO_CONNECTING pgs=0 cs=0 l=0 rev1=1 crypto rx=0 tx=0 comp rx=0 tx=0).handle_hello peer v2:172.21.15.49:3300/0 says I am v2:172.21.15.49:46288/0 (socket says 172.21.15.49:46288)
2024-04-26T16:25:31.070 INFO:teuthology.orchestra.run.smithi049.stdout:/usr/bin/ceph: stderr
2024-04-26T16:25:24.874+0000 7f2dba59c700 1 -- 172.21.15.49:0/1846919799 learned_addr learned my addr 172.21.15.49:0/1846919799 (peer_addr_for_me v2:172.21.15.49:0/0)
2024-04-26T16:25:31.071 INFO:teuthology.orchestra.run.smithi049.stdout:/usr/bin/ceph: stderr
2024-04-26T16:25:24.875+0000 7f2dba59c700 1 -- 172.21.15.49:0/1846919799 --> [v2:172.21.15.49:3300/0,v1:172.21.15.49:6789/0] -- mon_subscribe({config=0+,monmap=0+}) v3 -- 0x7f2dbc1077f0 con 0x7f2dbc104860
2024-04-26T16:25:31.071 INFO:teuthology.orchestra.run.smithi049.stdout:/usr/bin/ceph: stderr
2024-04-26T16:25:24.875+0000 7f2dba59c700 1 --2- 172.21.15.49:0/1846919799 >> [v2:172.21.15.49:3300/0,v1:172.21.15.49:6789/0] conn(0x7f2dbc104860 0x7f2dbc104c80 secure :-1 s=READY pgs=28 cs=0 l=1 rev1=1 crypto rx=0x7f2da40098a0 tx=0x7f2da4009bb0 comp rx=0 tx=0).ready entity=mon.0 client_cookie=57a904c5d44e13c0 server_cookie=0 in_seq=0 out_seq=0
2024-04-26T16:25:31.071 INFO:teuthology.orchestra.run.smithi049.stdout:/usr/bin/ceph: stderr
2024-04-26T16:25:24.875+0000 7f2db959a700 1 -- 172.21.15.49:0/1846919799 <== mon.0 v2:172.21.15.49:3300/0 1 ==== mon_map magic: 0 v1 ==== 229+0+0 (secure 0 0 0) 0x7f2da4004180 con 0x7f2dbc104860
2024-04-26T16:25:31.071 INFO:teuthology.orchestra.run.smithi049.stdout:/usr/bin/ceph: stderr
2024-04-26T16:25:24.875+0000 7f2db959a700 1 -- 172.21.15.49:0/1846919799 <== mon.0 v2:172.21.15.49:3300/0 2 ==== config(27 keys) v1 ==== 1037+0+0 (secure 0 0 0) 0x7f2da40042e0 con 0x7f2dbc104860
2024-04-26T16:25:31.071 INFO:teuthology.orchestra.run.smithi049.stdout:/usr/bin/ceph: stderr
2024-04-26T16:25:24.875+0000 7f2db959a700 1 -- 172.21.15.49:0/1846919799 <== mon.0 v2:172.21.15.49:3300/0 3 ==== mon_map magic: 0 v1 ==== 229+0+0 (secure 0 0 0) 0x7f2da4011a50 con 0x7f2dbc104860
2024-04-26T16:25:31.071 INFO:teuthology.orchestra.run.smithi049.stdout:/usr/bin/ceph: stderr
2024-04-26T16:25:24.875+0000 7f2dc0f0b700 1 -- 172.21.15.49:0/1846919799 >> [v2:172.21.15.49:3300/0,v1:172.21.15.49:6789/0] conn(0x7f2dbc104860 msgr2=0x7f2dbc104c80 secure :-1 s=STATE_CONNECTION_ESTABLISHED l=1).mark_down
2024-04-26T16:25:31.071 INFO:teuthology.orchestra.run.smithi049.stdout:/usr/bin/ceph: stderr
2024-04-26T16:25:24.875+0000 7f2dc0f0b700 1 --2- 172.21.15.49:0/1846919799 >> [v2:172.21.15.49:3300/0,v1:172.21.15.49:6789/0] conn(0x7f2dbc104860 0x7f2dbc104c80 secure :-1 s=READY pgs=28 cs=0 l=1 rev1=1 crypto rx=0x7f2da40098a0 tx=0x7f2da4009bb0 comp rx=0 tx=0).stop
2024-04-26T16:25:31.071 INFO:teuthology.orchestra.run.smithi049.stdout:/usr/bin/ceph: stderr
2024-04-26T16:25:24.876+0000 7f2dc0f0b700 1 -- 172.21.15.49:0/1846919799 shutdown_connections
2024-04-26T16:25:31.071 INFO:teuthology.orchestra.run.smithi049.stdout:/usr/bin/ceph: stderr
2024-04-26T16:25:24.876+0000 7f2dc0f0b700 1 --2- 172.21.15.49:0/1846919799 >> [v2:172.21.15.49:3300/0,v1:172.21.15.49:6789/0] conn(0x7f2dbc104860 0x7f2dbc104c80 unknown :-1 s=CLOSED pgs=28 cs=0 l=1 rev1=1 crypto rx=0 tx=0 comp rx=0 tx=0).stop
2024-04-26T16:25:31.071 INFO:teuthology.orchestra.run.smithi049.stdout:/usr/bin/ceph: stderr
2024-04-26T16:25:24.876+0000 7f2dc0f0b700 1 -- 172.21.15.49:0/1846919799 >> 172.21.15.49:0/1846919799 conn(0x7f2dbc100190 msgr2=0x7f2dbc1025d0 unknown :-1 s=STATE_NONE l=0).mark_down
2024-04-26T16:25:31.071 INFO:teuthology.orchestra.run.smithi049.stdout:/usr/bin/ceph: stderr
2024-04-26T16:25:24.876+0000 7f2dc0f0b700 1 -- 172.21.15.49:0/1846919799 shutdown_connections
2024-04-26T16:25:31.071 INFO:teuthology.orchestra.run.smithi049.stdout:/usr/bin/ceph: stderr
2024-04-26T16:25:24.876+0000 7f2dc0f0b700 1 -- 172.21.15.49:0/1846919799 wait complete.
2024-04-26T16:25:31.071 INFO:teuthology.orchestra.run.smithi049.stdout:/usr/bin/ceph: stderr
2024-04-26T16:25:24.876+0000 7f2dc0f0b700 1 Processor -- start
2024-04-26T16:25:31.071 INFO:teuthology.orchestra.run.smithi049.stdout:/usr/bin/ceph: stderr
2024-04-26T16:25:24.877+0000 7f2dc0f0b700 1 -- start start
2024-04-26T16:25:31.072 INFO:teuthology.orchestra.run.smithi049.stdout:/usr/bin/ceph: stderr
2024-04-26T16:25:24.877+0000 7f2dc0f0b700 1 --2- >> [v2:172.21.15.49:3300/0,v1:172.21.15.49:6789/0] conn(0x7f2dbc104860 0x7f2dbc19a1e0 unknown :-1 s=NONE pgs=0 cs=0 l=1 rev1=0 crypto rx=0 tx=0 comp rx=0 tx=0).connect
2024-04-26T16:25:31.072 INFO:teuthology.orchestra.run.smithi049.stdout:/usr/bin/ceph: stderr
2024-04-26T16:25:24.877+0000 7f2dc0f0b700 1 -- --> [v2:172.21.15.49:3300/0,v1:172.21.15.49:6789/0] -- mon_getmap magic: 0 v1 -- 0x7f2dbc19a720 con 0x7f2dbc104860
2024-04-26T16:25:31.072 INFO:teuthology.orchestra.run.smithi049.stdout:/usr/bin/ceph: stderr
2024-04-26T16:25:24.877+0000 7f2dba59c700 1 --2- >> [v2:172.21.15.49:3300/0,v1:172.21.15.49:6789/0] conn(0x7f2dbc104860 0x7f2dbc19a1e0 unknown :-1 s=BANNER_CONNECTING pgs=0 cs=0 l=1 rev1=0 crypto rx=0 tx=0 comp rx=0 tx=0)._handle_peer_banner_payload supported=3 required=0
2024-04-26T16:25:31.072 INFO:teuthology.orchestra.run.smithi049.stdout:/usr/bin/ceph: stderr
2024-04-26T16:25:24.877+0000 7f2dba59c700 1 --2- >> [v2:172.21.15.49:3300/0,v1:172.21.15.49:6789/0] conn(0x7f2dbc104860 0x7f2dbc19a1e0 unknown :-1 s=HELLO_CONNECTING pgs=0 cs=0 l=1 rev1=1 crypto rx=0 tx=0 comp rx=0 tx=0).handle_hello peer v2:172.21.15.49:3300/0 says I am v2:172.21.15.49:46302/0 (socket says 172.21.15.49:46302)
2024-04-26T16:25:31.072 INFO:teuthology.orchestra.run.smithi049.stdout:/usr/bin/ceph: stderr
2024-04-26T16:25:24.877+0000 7f2dba59c700 1 -- 172.21.15.49:0/554370928 learned_addr learned my addr 172.21.15.49:0/554370928 (peer_addr_for_me v2:172.21.15.49:0/0)
2024-04-26T16:25:31.072 INFO:teuthology.orchestra.run.smithi049.stdout:/usr/bin/ceph: stderr
2024-04-26T16:25:24.877+0000 7f2dba59c700 1 -- 172.21.15.49:0/554370928 --> [v2:172.21.15.49:3300/0,v1:172.21.15.49:6789/0] -- mon_subscribe({config=0+,monmap=0+}) v3 -- 0x7f2da4009550 con 0x7f2dbc104860
2024-04-26T16:25:31.072 INFO:teuthology.orchestra.run.smithi049.stdout:/usr/bin/ceph: stderr
2024-04-26T16:25:24.877+0000 7f2dba59c700 1 --2- 172.21.15.49:0/554370928 >> [v2:172.21.15.49:3300/0,v1:172.21.15.49:6789/0] conn(0x7f2dbc104860 0x7f2dbc19a1e0 secure :-1 s=READY pgs=29 cs=0 l=1 rev1=1 crypto rx=0x7f2da4000c00 tx=0x7f2da4011ab0 comp rx=0 tx=0).ready entity=mon.0 client_cookie=0 server_cookie=0 in_seq=0 out_seq=0
2024-04-26T16:25:31.072 INFO:teuthology.orchestra.run.smithi049.stdout:/usr/bin/ceph: stderr
2024-04-26T16:25:24.877+0000 7f2db37fe700 1 -- 172.21.15.49:0/554370928 <== mon.0 v2:172.21.15.49:3300/0 1 ==== mon_map magic: 0 v1 ==== 229+0+0 (secure 0 0 0) 0x7f2da4003b90 con 0x7f2dbc104860
2024-04-26T16:25:31.072 INFO:teuthology.orchestra.run.smithi049.stdout:/usr/bin/ceph: stderr
2024-04-26T16:25:24.877+0000 7f2dc0f0b700 1 -- 172.21.15.49:0/554370928 --> [v2:172.21.15.49:3300/0,v1:172.21.15.49:6789/0] -- mon_subscribe({mgrmap=0+}) v3 -- 0x7f2dbc19a920 con 0x7f2dbc104860
2024-04-26T16:25:31.072 INFO:teuthology.orchestra.run.smithi049.stdout:/usr/bin/ceph: stderr
2024-04-26T16:25:24.877+0000 7f2db37fe700 1 -- 172.21.15.49:0/554370928 <== mon.0 v2:172.21.15.49:3300/0 2 ==== config(27 keys) v1 ==== 1037+0+0 (secure 0 0 0) 0x7f2da40248b0 con 0x7f2dbc104860
2024-04-26T16:25:31.072 INFO:teuthology.orchestra.run.smithi049.stdout:/usr/bin/ceph: stderr
2024-04-26T16:25:24.878+0000 7f2db37fe700 1 -- 172.21.15.49:0/554370928 <== mon.0 v2:172.21.15.49:3300/0 3 ==== mon_map magic: 0 v1 ==== 229+0+0 (secure 0 0 0) 0x7f2da401a8e0 con 0x7f2dbc104860
2024-04-26T16:25:31.072 INFO:teuthology.orchestra.run.smithi049.stdout:/usr/bin/ceph: stderr
2024-04-26T16:25:24.878+0000 7f2dc0f0b700 1 -- 172.21.15.49:0/554370928 --> [v2:172.21.15.49:3300/0,v1:172.21.15.49:6789/0] -- mon_subscribe({osdmap=0}) v3 -- 0x7f2dbc19adc0 con 0x7f2dbc104860
2024-04-26T16:25:31.072 INFO:teuthology.orchestra.run.smithi049.stdout:/usr/bin/ceph: stderr
2024-04-26T16:25:24.878+0000 7f2db37fe700 1 -- 172.21.15.49:0/554370928 <== mon.0 v2:172.21.15.49:3300/0 4 ==== mgrmap(e 5) v1 ==== 45283+0+0 (secure 0 0 0) 0x7f2da401aba0 con 0x7f2dbc104860
2024-04-26T16:25:31.072 INFO:teuthology.orchestra.run.smithi049.stdout:/usr/bin/ceph: stderr
2024-04-26T16:25:24.879+0000 7f2db37fe700 1 --2- 172.21.15.49:0/554370928 >> [v2:172.21.15.49:6800/441649967,v1:172.21.15.49:6801/441649967] conn(0x7f2da8038320 0x7f2da803a7e0 unknown :-1 s=NONE pgs=0 cs=0 l=1 rev1=0 crypto rx=0 tx=0 comp rx=0 tx=0).connect
2024-04-26T16:25:31.072 INFO:teuthology.orchestra.run.smithi049.stdout:/usr/bin/ceph: stderr
2024-04-26T16:25:24.879+0000 7f2db37fe700 1 -- 172.21.15.49:0/554370928 --> [v2:172.21.15.49:6800/441649967,v1:172.21.15.49:6801/441649967] -- command(tid 0: {"prefix": "get_command_descriptions"}) v1 -- 0x7f2da803aef0 con 0x7f2da8038320
2024-04-26T16:25:31.073 INFO:teuthology.orchestra.run.smithi049.stdout:/usr/bin/ceph: stderr
2024-04-26T16:25:24.879+0000 7f2db37fe700 1 -- 172.21.15.49:0/554370928 <== mon.0 v2:172.21.15.49:3300/0 5 ==== osd_map(1..1 src has 1..1) v4 ==== 725+0+0 (secure 0 0 0) 0x7f2da404c0c0 con 0x7f2dbc104860
2024-04-26T16:25:31.073 INFO:teuthology.orchestra.run.smithi049.stdout:/usr/bin/ceph: stderr
2024-04-26T16:25:24.879+0000 7f2db9d9b700 1 -- 172.21.15.49:0/554370928 >> [v2:172.21.15.49:6800/441649967,v1:172.21.15.49:6801/441649967] conn(0x7f2da8038320 msgr2=0x7f2da803a7e0 unknown :-1 s=STATE_CONNECTING_RE l=1).process reconnect failed to v2:172.21.15.49:6800/441649967
2024-04-26T16:25:31.073 INFO:teuthology.orchestra.run.smithi049.stdout:/usr/bin/ceph: stderr
2024-04-26T16:25:24.879+0000 7f2db9d9b700 1 --2- 172.21.15.49:0/554370928 >> [v2:172.21.15.49:6800/441649967,v1:172.21.15.49:6801/441649967] conn(0x7f2da8038320 0x7f2da803a7e0 unknown :-1 s=START_CONNECT pgs=0 cs=0 l=1 rev1=0 crypto rx=0 tx=0 comp rx=0 tx=0)._fault waiting 0.200000
2024-04-26T16:25:31.073 INFO:teuthology.orchestra.run.smithi049.stdout:/usr/bin/ceph: stderr
2024-04-26T16:25:25.080+0000 7f2db9d9b700 1 -- 172.21.15.49:0/554370928 >> [v2:172.21.15.49:6800/441649967,v1:172.21.15.49:6801/441649967] conn(0x7f2da8038320 msgr2=0x7f2da803a7e0 unknown :-1 s=STATE_CONNECTING_RE l=1).process reconnect failed to v2:172.21.15.49:6800/441649967
2024-04-26T16:25:31.073 INFO:teuthology.orchestra.run.smithi049.stdout:/usr/bin/ceph: stderr
2024-04-26T16:25:25.080+0000 7f2db9d9b700 1 --2- 172.21.15.49:0/554370928 >> [v2:172.21.15.49:6800/441649967,v1:172.21.15.49:6801/441649967] conn(0x7f2da8038320 0x7f2da803a7e0 unknown :-1 s=START_CONNECT pgs=0 cs=0 l=1 rev1=0 crypto rx=0 tx=0 comp rx=0 tx=0)._fault waiting 0.400000
2024-04-26T16:25:31.073 INFO:teuthology.orchestra.run.smithi049.stdout:/usr/bin/ceph: stderr
2024-04-26T16:25:25.481+0000 7f2db9d9b700 1 -- 172.21.15.49:0/554370928 >> [v2:172.21.15.49:6800/441649967,v1:172.21.15.49:6801/441649967] conn(0x7f2da8038320 msgr2=0x7f2da803a7e0 unknown :-1 s=STATE_CONNECTING_RE l=1).process reconnect failed to v2:172.21.15.49:6800/441649967
2024-04-26T16:25:31.073 INFO:teuthology.orchestra.run.smithi049.stdout:/usr/bin/ceph: stderr
2024-04-26T16:25:25.481+0000 7f2db9d9b700 1 --2- 172.21.15.49:0/554370928 >> [v2:172.21.15.49:6800/441649967,v1:172.21.15.49:6801/441649967] conn(0x7f2da8038320 0x7f2da803a7e0 unknown :-1 s=START_CONNECT pgs=0 cs=0 l=1 rev1=0 crypto rx=0 tx=0 comp rx=0 tx=0)._fault waiting 0.800000
2024-04-26T16:25:31.073 INFO:teuthology.orchestra.run.smithi049.stdout:/usr/bin/ceph: stderr
2024-04-26T16:25:26.282+0000 7f2db9d9b700 1 -- 172.21.15.49:0/554370928 >> [v2:172.21.15.49:6800/441649967,v1:172.21.15.49:6801/441649967] conn(0x7f2da8038320 msgr2=0x7f2da803a7e0 unknown :-1 s=STATE_CONNECTING_RE l=1).process reconnect failed to v2:172.21.15.49:6800/441649967
2024-04-26T16:25:31.073 INFO:teuthology.orchestra.run.smithi049.stdout:/usr/bin/ceph: stderr
2024-04-26T16:25:26.282+0000 7f2db9d9b700 1 --2- 172.21.15.49:0/554370928 >> [v2:172.21.15.49:6800/441649967,v1:172.21.15.49:6801/441649967] conn(0x7f2da8038320 0x7f2da803a7e0 unknown :-1 s=START_CONNECT pgs=0 cs=0 l=1 rev1=0 crypto rx=0 tx=0 comp rx=0 tx=0)._fault waiting 1.600000
2024-04-26T16:25:31.073 INFO:teuthology.orchestra.run.smithi049.stdout:/usr/bin/ceph: stderr
2024-04-26T16:25:27.882+0000 7f2db9d9b700 1 -- 172.21.15.49:0/554370928 >> [v2:172.21.15.49:6800/441649967,v1:172.21.15.49:6801/441649967] conn(0x7f2da8038320 msgr2=0x7f2da803a7e0 unknown :-1 s=STATE_CONNECTING_RE l=1).process reconnect failed to v2:172.21.15.49:6800/441649967
2024-04-26T16:25:31.073 INFO:teuthology.orchestra.run.smithi049.stdout:/usr/bin/ceph: stderr
2024-04-26T16:25:27.882+0000 7f2db9d9b700 1 --2- 172.21.15.49:0/554370928 >> [v2:172.21.15.49:6800/441649967,v1:172.21.15.49:6801/441649967] conn(0x7f2da8038320 0x7f2da803a7e0 unknown :-1 s=START_CONNECT pgs=0 cs=0 l=1 rev1=0 crypto rx=0 tx=0 comp rx=0 tx=0)._fault waiting 3.200000
2024-04-26T16:25:31.073 INFO:teuthology.orchestra.run.smithi049.stdout:/usr/bin/ceph: stderr
2024-04-26T16:25:29.484+0000 7f2db37fe700 1 -- 172.21.15.49:0/554370928 <== mon.0 v2:172.21.15.49:3300/0 6 ==== mgrmap(e 6) v1 ==== 45050+0+0 (secure 0 0 0) 0x7f2da402d3f0 con 0x7f2dbc104860
2024-04-26T16:25:31.073 INFO:teuthology.orchestra.run.smithi049.stdout:/usr/bin/ceph: stderr
2024-04-26T16:25:29.485+0000 7f2db37fe700 1 -- 172.21.15.49:0/554370928 >> [v2:172.21.15.49:6800/441649967,v1:172.21.15.49:6801/441649967] conn(0x7f2da8038320 msgr2=0x7f2da803a7e0 unknown :-1 s=STATE_CONNECTING l=1).mark_down
2024-04-26T16:25:31.074 INFO:teuthology.orchestra.run.smithi049.stdout:/usr/bin/ceph: stderr
2024-04-26T16:25:29.485+0000 7f2db37fe700 1 --2- 172.21.15.49:0/554370928 >> [v2:172.21.15.49:6800/441649967,v1:172.21.15.49:6801/441649967] conn(0x7f2da8038320 0x7f2da803a7e0 unknown :-1 s=START_CONNECT pgs=0 cs=0 l=1 rev1=0 crypto rx=0 tx=0 comp rx=0 tx=0).stop
2024-04-26T16:25:31.074 INFO:teuthology.orchestra.run.smithi049.stdout:/usr/bin/ceph: stderr
2024-04-26T16:25:30.486+0000 7f2db37fe700 1 -- 172.21.15.49:0/554370928 <== mon.0 v2:172.21.15.49:3300/0 7 ==== mgrmap(e 7) v1 ==== 45177+0+0 (secure 0 0 0) 0x7f2da4017d90 con 0x7f2dbc104860
2024-04-26T16:25:31.074 INFO:teuthology.orchestra.run.smithi049.stdout:/usr/bin/ceph: stderr
2024-04-26T16:25:30.486+0000 7f2db37fe700 1 --2- 172.21.15.49:0/554370928 >> [v2:172.21.15.49:6800/655331035,v1:172.21.15.49:6801/655331035] conn(0x7f2da803bc00 0x7f2da803dff0 unknown :-1 s=NONE pgs=0 cs=0 l=1 rev1=0 crypto rx=0 tx=0 comp rx=0 tx=0).connect
2024-04-26T16:25:31.074 INFO:teuthology.orchestra.run.smithi049.stdout:/usr/bin/ceph: stderr
2024-04-26T16:25:30.486+0000 7f2db37fe700 1 -- 172.21.15.49:0/554370928 --> [v2:172.21.15.49:6800/655331035,v1:172.21.15.49:6801/655331035] -- command(tid 0: {"prefix": "get_command_descriptions"}) v1 -- 0x7f2da803aef0 con 0x7f2da803bc00
2024-04-26T16:25:31.074 INFO:teuthology.orchestra.run.smithi049.stdout:/usr/bin/ceph: stderr
2024-04-26T16:25:30.486+0000 7f2db9d9b700 1 --2- 172.21.15.49:0/554370928 >> [v2:172.21.15.49:6800/655331035,v1:172.21.15.49:6801/655331035] conn(0x7f2da803bc00 0x7f2da803dff0 unknown :-1 s=BANNER_CONNECTING pgs=0 cs=0 l=1 rev1=0 crypto rx=0 tx=0 comp rx=0 tx=0)._handle_peer_banner_payload supported=3 required=0
2024-04-26T16:25:31.074 INFO:teuthology.orchestra.run.smithi049.stdout:/usr/bin/ceph: stderr
2024-04-26T16:25:30.487+0000 7f2db9d9b700 1 --2- 172.21.15.49:0/554370928 >> [v2:172.21.15.49:6800/655331035,v1:172.21.15.49:6801/655331035] conn(0x7f2da803bc00 0x7f2da803dff0 secure :-1 s=READY pgs=1 cs=0 l=1 rev1=1 crypto rx=0x7f2dac003a10 tx=0x7f2dac009290 comp rx=0 tx=0).ready entity=mgr.14120 client_cookie=0 server_cookie=0 in_seq=0 out_seq=0
2024-04-26T16:25:31.074 INFO:teuthology.orchestra.run.smithi049.stdout:/usr/bin/ceph: stderr
2024-04-26T16:25:30.487+0000 7f2db37fe700 1 -- 172.21.15.49:0/554370928 <== mgr.14120 v2:172.21.15.49:6800/655331035 1 ==== command_reply(tid 0: 0 ) v1 ==== 8+0+6910 (secure 0 0 0) 0x7f2da803aef0 con 0x7f2da803bc00
2024-04-26T16:25:31.074 INFO:teuthology.orchestra.run.smithi049.stdout:/usr/bin/ceph: stderr
2024-04-26T16:25:30.494+0000 7f2dc0f0b700 1 -- 172.21.15.49:0/554370928 --> [v2:172.21.15.49:6800/655331035,v1:172.21.15.49:6801/655331035] -- command(tid 1: {"prefix": "mgr_status"}) v1 -- 0x7f2dbc19b520 con 0x7f2da803bc00
2024-04-26T16:25:31.074 INFO:teuthology.orchestra.run.smithi049.stdout:/usr/bin/ceph: stderr
2024-04-26T16:25:30.494+0000 7f2db37fe700 1 -- 172.21.15.49:0/554370928 <== mgr.14120 v2:172.21.15.49:6800/655331035 2 ==== command_reply(tid 1: 0 ) v1 ==== 8+0+51 (secure 0 0 0) 0x7f2dbc19b520 con 0x7f2da803bc00
2024-04-26T16:25:31.074 INFO:teuthology.orchestra.run.smithi049.stdout:/usr/bin/ceph: stderr
2024-04-26T16:25:30.494+0000 7f2dc0f0b700 1 -- 172.21.15.49:0/554370928 >> [v2:172.21.15.49:6800/655331035,v1:172.21.15.49:6801/655331035] conn(0x7f2da803bc00 msgr2=0x7f2da803dff0 secure :-1 s=STATE_CONNECTION_ESTABLISHED l=1).mark_down
2024-04-26T16:25:31.074 INFO:teuthology.orchestra.run.smithi049.stdout:/usr/bin/ceph: stderr
2024-04-26T16:25:30.494+0000 7f2dc0f0b700 1 --2- 172.21.15.49:0/554370928 >> [v2:172.21.15.49:6800/655331035,v1:172.21.15.49:6801/655331035] conn(0x7f2da803bc00 0x7f2da803dff0 secure :-1 s=READY pgs=1 cs=0 l=1 rev1=1 crypto rx=0x7f2dac003a10 tx=0x7f2dac009290 comp rx=0 tx=0).stop
2024-04-26T16:25:31.074 INFO:teuthology.orchestra.run.smithi049.stdout:/usr/bin/ceph: stderr
2024-04-26T16:25:30.494+0000 7f2dc0f0b700 1 -- 172.21.15.49:0/554370928 >> [v2:172.21.15.49:3300/0,v1:172.21.15.49:6789/0] conn(0x7f2dbc104860 msgr2=0x7f2dbc19a1e0 secure :-1 s=STATE_CONNECTION_ESTABLISHED l=1).mark_down
2024-04-26T16:25:31.074 INFO:teuthology.orchestra.run.smithi049.stdout:/usr/bin/ceph: stderr
2024-04-26T16:25:30.494+0000 7f2dc0f0b700 1 --2- 172.21.15.49:0/554370928 >> [v2:172.21.15.49:3300/0,v1:172.21.15.49:6789/0] conn(0x7f2dbc104860 0x7f2dbc19a1e0 secure :-1 s=READY pgs=29 cs=0 l=1 rev1=1 crypto rx=0x7f2da4000c00 tx=0x7f2da4011ab0 comp rx=0 tx=0).stop
2024-04-26T16:25:31.074 INFO:teuthology.orchestra.run.smithi049.stdout:/usr/bin/ceph: stderr
2024-04-26T16:25:30.494+0000 7f2dc0f0b700 1 -- 172.21.15.49:0/554370928 shutdown_connections
2024-04-26T16:25:31.075 INFO:teuthology.orchestra.run.smithi049.stdout:/usr/bin/ceph: stderr
2024-04-26T16:25:30.494+0000 7f2dc0f0b700 1 --2- 172.21.15.49:0/554370928 >> [v2:172.21.15.49:6800/655331035,v1:172.21.15.49:6801/655331035] conn(0x7f2da803bc00 0x7f2da803dff0 unknown :-1 s=CLOSED pgs=1 cs=0 l=1 rev1=1 crypto rx=0 tx=0 comp rx=0 tx=0).stop
2024-04-26T16:25:31.075 INFO:teuthology.orchestra.run.smithi049.stdout:/usr/bin/ceph: stderr
2024-04-26T16:25:30.494+0000 7f2dc0f0b700 1 --2- 172.21.15.49:0/554370928 >> [v2:172.21.15.49:3300/0,v1:172.21.15.49:6789/0] conn(0x7f2dbc104860 0x7f2dbc19a1e0 unknown :-1 s=CLOSED pgs=29 cs=0 l=1 rev1=1 crypto rx=0 tx=0 comp rx=0 tx=0).stop
2024-04-26T16:25:31.075 INFO:teuthology.orchestra.run.smithi049.stdout:/usr/bin/ceph: stderr
2024-04-26T16:25:30.494+0000 7f2dc0f0b700 1 --2- 172.21.15.49:0/554370928 >> [v2:172.21.15.49:6800/441649967,v1:172.21.15.49:6801/441649967] conn(0x7f2da8038320 0x7f2da803a7e0 unknown :-1 s=CLOSED pgs=0 cs=0 l=1 rev1=0 crypto rx=0 tx=0 comp rx=0 tx=0).stop
2024-04-26T16:25:31.075 INFO:teuthology.orchestra.run.smithi049.stdout:/usr/bin/ceph: stderr
2024-04-26T16:25:30.494+0000 7f2dc0f0b700 1 -- 172.21.15.49:0/554370928 >> 172.21.15.49:0/554370928 conn(0x7f2dbc100190 msgr2=0x7f2dbc100f40 unknown :-1 s=STATE_NONE l=0).mark_down
2024-04-26T16:25:31.075 INFO:teuthology.orchestra.run.smithi049.stdout:/usr/bin/ceph: stderr
2024-04-26T16:25:30.494+0000 7f2dc0f0b700 1 -- 172.21.15.49:0/554370928 shutdown_connections
2024-04-26T16:25:31.075 INFO:teuthology.orchestra.run.smithi049.stdout:/usr/bin/ceph: stderr
2024-04-26T16:25:30.494+0000 7f2dc0f0b700 1 -- 172.21.15.49:0/554370928 wait complete.
2024-04-26T16:25:31.075 INFO:teuthology.orchestra.run.smithi049.stdout:mgr epoch 5 is available
2024-04-26T16:25:31.075 INFO:teuthology.orchestra.run.smithi049.stdout:Setting orchestrator backend to cephadm...
2024-04-26T16:25:31.719 INFO:journalctl@ceph.mon.smithi049.smithi049.stdout:Apr 26 16:25:31 smithi049 ceph-mon[26943]: [26/Apr/2024:16:25:30] ENGINE Bus STARTING
2024-04-26T16:25:31.719 INFO:journalctl@ceph.mon.smithi049.smithi049.stdout:Apr 26 16:25:31 smithi049 ceph-mon[26943]: [26/Apr/2024:16:25:30] ENGINE Serving on http://172.21.15.49:8765
2024-04-26T16:25:31.719 INFO:journalctl@ceph.mon.smithi049.smithi049.stdout:Apr 26 16:25:31 smithi049 ceph-mon[26943]: from='client.14124 -' entity='client.admin' cmd=[{"prefix": "get_command_descriptions"}]: dispatch
2024-04-26T16:25:31.719 INFO:journalctl@ceph.mon.smithi049.smithi049.stdout:Apr 26 16:25:31 smithi049 ceph-mon[26943]: from='client.14124 -' entity='client.admin' cmd=[{"prefix": "mgr_status"}]: dispatch
2024-04-26T16:25:31.719 INFO:journalctl@ceph.mon.smithi049.smithi049.stdout:Apr 26 16:25:31 smithi049 ceph-mon[26943]: [26/Apr/2024:16:25:30] ENGINE Serving on https://172.21.15.49:7150
2024-04-26T16:25:31.719 INFO:journalctl@ceph.mon.smithi049.smithi049.stdout:Apr 26 16:25:31 smithi049 ceph-mon[26943]: [26/Apr/2024:16:25:30] ENGINE Bus STARTED
2024-04-26T16:25:31.719 INFO:journalctl@ceph.mon.smithi049.smithi049.stdout:Apr 26 16:25:31 smithi049 ceph-mon[26943]: from='mgr.14120 172.21.15.49:0/4222628015' entity='mgr.smithi049.jxiovg' cmd=[{"prefix": "config dump", "format": "json"}]: dispatch
2024-04-26T16:25:32.273 INFO:teuthology.orchestra.run.smithi049.stdout:/usr/bin/ceph: stderr
2024-04-26T16:25:31.512+0000 7fa6ea6c0700 1 Processor -- start
2024-04-26T16:25:32.273 INFO:teuthology.orchestra.run.smithi049.stdout:/usr/bin/ceph: stderr
2024-04-26T16:25:31.512+0000 7fa6ea6c0700 1 -- start start
2024-04-26T16:25:32.273 INFO:teuthology.orchestra.run.smithi049.stdout:/usr/bin/ceph: stderr
2024-04-26T16:25:31.512+0000 7fa6ea6c0700 1 --2- >> [v2:172.21.15.49:3300/0,v1:172.21.15.49:6789/0] conn(0x7fa6e4106560 0x7fa6e4106980 unknown :-1 s=NONE pgs=0 cs=0 l=0 rev1=0 crypto rx=0 tx=0 comp rx=0 tx=0).connect
2024-04-26T16:25:32.273 INFO:teuthology.orchestra.run.smithi049.stdout:/usr/bin/ceph: stderr
2024-04-26T16:25:31.512+0000 7fa6ea6c0700 1 -- --> [v2:172.21.15.49:3300/0,v1:172.21.15.49:6789/0] -- mon_getmap magic: 0 v1 -- 0x7fa6e4106f50 con 0x7fa6e4106560
2024-04-26T16:25:32.273 INFO:teuthology.orchestra.run.smithi049.stdout:/usr/bin/ceph: stderr
2024-04-26T16:25:31.512+0000 7fa6e3fff700 1 --2- >> [v2:172.21.15.49:3300/0,v1:172.21.15.49:6789/0] conn(0x7fa6e4106560 0x7fa6e4106980 unknown :-1 s=BANNER_CONNECTING pgs=0 cs=0 l=0 rev1=0 crypto rx=0 tx=0 comp rx=0 tx=0)._handle_peer_banner_payload supported=3 required=0
2024-04-26T16:25:32.273 INFO:teuthology.orchestra.run.smithi049.stdout:/usr/bin/ceph: stderr
2024-04-26T16:25:31.512+0000 7fa6e3fff700 1 --2- >> [v2:172.21.15.49:3300/0,v1:172.21.15.49:6789/0] conn(0x7fa6e4106560 0x7fa6e4106980 unknown :-1 s=HELLO_CONNECTING pgs=0 cs=0 l=0 rev1=1 crypto rx=0 tx=0 comp rx=0 tx=0).handle_hello peer v2:172.21.15.49:3300/0 says I am v2:172.21.15.49:46402/0 (socket says 172.21.15.49:46402)
2024-04-26T16:25:32.274 INFO:teuthology.orchestra.run.smithi049.stdout:/usr/bin/ceph: stderr
2024-04-26T16:25:31.512+0000 7fa6e3fff700 1 -- 172.21.15.49:0/3281799173 learned_addr learned my addr 172.21.15.49:0/3281799173 (peer_addr_for_me v2:172.21.15.49:0/0)
2024-04-26T16:25:32.274 INFO:teuthology.orchestra.run.smithi049.stdout:/usr/bin/ceph: stderr
2024-04-26T16:25:31.513+0000 7fa6e3fff700 1 -- 172.21.15.49:0/3281799173 --> [v2:172.21.15.49:3300/0,v1:172.21.15.49:6789/0] -- mon_subscribe({config=0+,monmap=0+}) v3 -- 0x7fa6e4107760 con 0x7fa6e4106560
2024-04-26T16:25:32.274 INFO:teuthology.orchestra.run.smithi049.stdout:/usr/bin/ceph: stderr
2024-04-26T16:25:31.513+0000 7fa6e3fff700 1 --2- 172.21.15.49:0/3281799173 >> [v2:172.21.15.49:3300/0,v1:172.21.15.49:6789/0] conn(0x7fa6e4106560 0x7fa6e4106980 secure :-1 s=READY pgs=37 cs=0 l=1 rev1=1 crypto rx=0x7fa6d40098a0 tx=0x7fa6d4009bb0 comp rx=0 tx=0).ready entity=mon.0 client_cookie=2cbdff522896057 server_cookie=0 in_seq=0 out_seq=0
2024-04-26T16:25:32.274 INFO:teuthology.orchestra.run.smithi049.stdout:/usr/bin/ceph: stderr
2024-04-26T16:25:31.513+0000 7fa6e2ffd700 1 -- 172.21.15.49:0/3281799173 <== mon.0 v2:172.21.15.49:3300/0 1 ==== mon_map magic: 0 v1 ==== 229+0+0 (secure 0 0 0) 0x7fa6d4004180 con 0x7fa6e4106560
2024-04-26T16:25:32.274 INFO:teuthology.orchestra.run.smithi049.stdout:/usr/bin/ceph: stderr
2024-04-26T16:25:31.513+0000 7fa6e2ffd700 1 -- 172.21.15.49:0/3281799173 <== mon.0 v2:172.21.15.49:3300/0 2 ==== config(27 keys) v1 ==== 1037+0+0 (secure 0 0 0) 0x7fa6d40042e0 con 0x7fa6e4106560
2024-04-26T16:25:32.274 INFO:teuthology.orchestra.run.smithi049.stdout:/usr/bin/ceph: stderr
2024-04-26T16:25:31.513+0000 7fa6e2ffd700 1 -- 172.21.15.49:0/3281799173 <== mon.0 v2:172.21.15.49:3300/0 3 ==== mon_map magic: 0 v1 ==== 229+0+0 (secure 0 0 0) 0x7fa6d4011a50 con 0x7fa6e4106560
2024-04-26T16:25:32.274 INFO:teuthology.orchestra.run.smithi049.stdout:/usr/bin/ceph: stderr
2024-04-26T16:25:31.513+0000 7fa6ea6c0700 1 -- 172.21.15.49:0/3281799173 >> [v2:172.21.15.49:3300/0,v1:172.21.15.49:6789/0] conn(0x7fa6e4106560 msgr2=0x7fa6e4106980 secure :-1 s=STATE_CONNECTION_ESTABLISHED l=1).mark_down
2024-04-26T16:25:32.274 INFO:teuthology.orchestra.run.smithi049.stdout:/usr/bin/ceph: stderr
2024-04-26T16:25:31.513+0000 7fa6ea6c0700 1 --2- 172.21.15.49:0/3281799173 >> [v2:172.21.15.49:3300/0,v1:172.21.15.49:6789/0] conn(0x7fa6e4106560 0x7fa6e4106980 secure :-1 s=READY pgs=37 cs=0 l=1 rev1=1 crypto rx=0x7fa6d40098a0 tx=0x7fa6d4009bb0 comp rx=0 tx=0).stop
2024-04-26T16:25:32.274 INFO:teuthology.orchestra.run.smithi049.stdout:/usr/bin/ceph: stderr
2024-04-26T16:25:31.513+0000 7fa6ea6c0700 1 -- 172.21.15.49:0/3281799173 shutdown_connections
2024-04-26T16:25:32.274 INFO:teuthology.orchestra.run.smithi049.stdout:/usr/bin/ceph: stderr
2024-04-26T16:25:31.513+0000 7fa6ea6c0700 1 --2- 172.21.15.49:0/3281799173 >> [v2:172.21.15.49:3300/0,v1:172.21.15.49:6789/0] conn(0x7fa6e4106560 0x7fa6e4106980 unknown :-1 s=CLOSED pgs=37 cs=0 l=1 rev1=1 crypto rx=0 tx=0 comp rx=0 tx=0).stop
2024-04-26T16:25:32.274 INFO:teuthology.orchestra.run.smithi049.stdout:/usr/bin/ceph: stderr
2024-04-26T16:25:31.513+0000 7fa6ea6c0700 1 -- 172.21.15.49:0/3281799173 >> 172.21.15.49:0/3281799173 conn(0x7fa6e4101b40 msgr2=0x7fa6e4103f60 unknown :-1 s=STATE_NONE l=0).mark_down
2024-04-26T16:25:32.274 INFO:teuthology.orchestra.run.smithi049.stdout:/usr/bin/ceph: stderr
2024-04-26T16:25:31.514+0000 7fa6ea6c0700 1 -- 172.21.15.49:0/3281799173 shutdown_connections
2024-04-26T16:25:32.274 INFO:teuthology.orchestra.run.smithi049.stdout:/usr/bin/ceph: stderr
2024-04-26T16:25:31.514+0000 7fa6ea6c0700 1 -- 172.21.15.49:0/3281799173 wait complete.
2024-04-26T16:25:32.274 INFO:teuthology.orchestra.run.smithi049.stdout:/usr/bin/ceph: stderr
2024-04-26T16:25:31.514+0000 7fa6ea6c0700 1 Processor -- start
2024-04-26T16:25:32.275 INFO:teuthology.orchestra.run.smithi049.stdout:/usr/bin/ceph: stderr
2024-04-26T16:25:31.514+0000 7fa6ea6c0700 1 -- start start
2024-04-26T16:25:32.275 INFO:teuthology.orchestra.run.smithi049.stdout:/usr/bin/ceph: stderr
2024-04-26T16:25:31.514+0000 7fa6ea6c0700 1 --2- >> [v2:172.21.15.49:3300/0,v1:172.21.15.49:6789/0] conn(0x7fa6e4106560 0x7fa6e419a1f0 unknown :-1 s=NONE pgs=0 cs=0 l=1 rev1=0 crypto rx=0 tx=0 comp rx=0 tx=0).connect
2024-04-26T16:25:32.275 INFO:teuthology.orchestra.run.smithi049.stdout:/usr/bin/ceph: stderr
2024-04-26T16:25:31.514+0000 7fa6ea6c0700 1 -- --> [v2:172.21.15.49:3300/0,v1:172.21.15.49:6789/0] -- mon_getmap magic: 0 v1 -- 0x7fa6e419a730 con 0x7fa6e4106560
2024-04-26T16:25:32.275 INFO:teuthology.orchestra.run.smithi049.stdout:/usr/bin/ceph: stderr
2024-04-26T16:25:31.515+0000 7fa6e3fff700 1 --2- >> [v2:172.21.15.49:3300/0,v1:172.21.15.49:6789/0] conn(0x7fa6e4106560 0x7fa6e419a1f0 unknown :-1 s=BANNER_CONNECTING pgs=0 cs=0 l=1 rev1=0 crypto rx=0 tx=0 comp rx=0 tx=0)._handle_peer_banner_payload supported=3 required=0
2024-04-26T16:25:32.275 INFO:teuthology.orchestra.run.smithi049.stdout:/usr/bin/ceph: stderr
2024-04-26T16:25:31.515+0000 7fa6e3fff700 1 --2- >> [v2:172.21.15.49:3300/0,v1:172.21.15.49:6789/0] conn(0x7fa6e4106560 0x7fa6e419a1f0 unknown :-1 s=HELLO_CONNECTING pgs=0 cs=0 l=1 rev1=1 crypto rx=0 tx=0 comp rx=0 tx=0).handle_hello peer v2:172.21.15.49:3300/0 says I am v2:172.21.15.49:46412/0 (socket says 172.21.15.49:46412)
2024-04-26T16:25:32.275 INFO:teuthology.orchestra.run.smithi049.stdout:/usr/bin/ceph: stderr
2024-04-26T16:25:31.515+0000 7fa6e3fff700 1 -- 172.21.15.49:0/2062500554 learned_addr learned my addr 172.21.15.49:0/2062500554 (peer_addr_for_me v2:172.21.15.49:0/0)
2024-04-26T16:25:32.275 INFO:teuthology.orchestra.run.smithi049.stdout:/usr/bin/ceph: stderr
2024-04-26T16:25:31.515+0000 7fa6e3fff700 1 -- 172.21.15.49:0/2062500554 --> [v2:172.21.15.49:3300/0,v1:172.21.15.49:6789/0] -- mon_subscribe({config=0+,monmap=0+}) v3 -- 0x7fa6d4009550 con 0x7fa6e4106560
2024-04-26T16:25:32.275 INFO:teuthology.orchestra.run.smithi049.stdout:/usr/bin/ceph: stderr
2024-04-26T16:25:31.515+0000 7fa6e3fff700 1 --2- 172.21.15.49:0/2062500554 >> [v2:172.21.15.49:3300/0,v1:172.21.15.49:6789/0] conn(0x7fa6e4106560 0x7fa6e419a1f0 secure :-1 s=READY pgs=38 cs=0 l=1 rev1=1 crypto rx=0x7fa6d4009520 tx=0x7fa6d4011ab0 comp rx=0 tx=0).ready entity=mon.0 client_cookie=0 server_cookie=0 in_seq=0 out_seq=0
2024-04-26T16:25:32.275 INFO:teuthology.orchestra.run.smithi049.stdout:/usr/bin/ceph: stderr
2024-04-26T16:25:31.515+0000 7fa6e17fa700 1 -- 172.21.15.49:0/2062500554 <== mon.0 v2:172.21.15.49:3300/0 1 ==== mon_map magic: 0 v1 ==== 229+0+0 (secure 0 0 0) 0x7fa6d4003a80 con 0x7fa6e4106560
2024-04-26T16:25:32.275 INFO:teuthology.orchestra.run.smithi049.stdout:/usr/bin/ceph: stderr
