2024-04-26T16:26:09.748+0000 7f57ceffd700 1 --2- >> [v2:172.21.15.49:3300/0,v1:172.21.15.49:6789/0] conn(0x7f57d0106540 0x7f57d0106960 unknown :-1 s=BANNER_CONNECTING pgs=0 cs=0 l=0 rev1=0 crypto rx=0 tx=0 comp rx=0 tx=0)._handle_peer_banner_payload supported=3 required=0
2024-04-26T16:26:10.481 INFO:teuthology.orchestra.run.smithi049.stdout:/usr/bin/ceph: stderr
2024-04-26T16:26:09.748+0000 7f57ceffd700 1 --2- >> [v2:172.21.15.49:3300/0,v1:172.21.15.49:6789/0] conn(0x7f57d0106540 0x7f57d0106960 unknown :-1 s=HELLO_CONNECTING pgs=0 cs=0 l=0 rev1=1 crypto rx=0 tx=0 comp rx=0 tx=0).handle_hello peer v2:172.21.15.49:3300/0 says I am v2:172.21.15.49:40616/0 (socket says 172.21.15.49:40616)
2024-04-26T16:26:10.481 INFO:teuthology.orchestra.run.smithi049.stdout:/usr/bin/ceph: stderr
2024-04-26T16:26:09.748+0000 7f57ceffd700 1 -- 172.21.15.49:0/3955539846 learned_addr learned my addr 172.21.15.49:0/3955539846 (peer_addr_for_me v2:172.21.15.49:0/0)
2024-04-26T16:26:10.481 INFO:teuthology.orchestra.run.smithi049.stdout:/usr/bin/ceph: stderr
2024-04-26T16:26:09.748+0000 7f57ceffd700 1 -- 172.21.15.49:0/3955539846 --> [v2:172.21.15.49:3300/0,v1:172.21.15.49:6789/0] -- mon_subscribe({config=0+,monmap=0+}) v3 -- 0x7f57d0107740 con 0x7f57d0106540
2024-04-26T16:26:10.481 INFO:teuthology.orchestra.run.smithi049.stdout:/usr/bin/ceph: stderr
2024-04-26T16:26:09.748+0000 7f57ceffd700 1 --2- 172.21.15.49:0/3955539846 >> [v2:172.21.15.49:3300/0,v1:172.21.15.49:6789/0] conn(0x7f57d0106540 0x7f57d0106960 secure :-1 s=READY pgs=88 cs=0 l=1 rev1=1 crypto rx=0x7f57c8009e80 tx=0x7f57c800b330 comp rx=0 tx=0).ready entity=mon.0 client_cookie=7290044b4fd59e15 server_cookie=0 in_seq=0 out_seq=0
2024-04-26T16:26:10.481 INFO:teuthology.orchestra.run.smithi049.stdout:/usr/bin/ceph: stderr
2024-04-26T16:26:09.748+0000 7f57cdffb700 1 -- 172.21.15.49:0/3955539846 <== mon.0 v2:172.21.15.49:3300/0 1 ==== mon_map magic: 0 v1 ==== 229+0+0 (secure 0 0 0) 0x7f57c800e070 con 0x7f57d0106540
2024-04-26T16:26:10.481 INFO:teuthology.orchestra.run.smithi049.stdout:/usr/bin/ceph: stderr
2024-04-26T16:26:09.748+0000 7f57cdffb700 1 -- 172.21.15.49:0/3955539846 <== mon.0 v2:172.21.15.49:3300/0 2 ==== config(27 keys) v1 ==== 1101+0+0 (secure 0 0 0) 0x7f57c800b8c0 con 0x7f57d0106540
2024-04-26T16:26:10.481 INFO:teuthology.orchestra.run.smithi049.stdout:/usr/bin/ceph: stderr
2024-04-26T16:26:09.748+0000 7f57cdffb700 1 -- 172.21.15.49:0/3955539846 <== mon.0 v2:172.21.15.49:3300/0 3 ==== mon_map magic: 0 v1 ==== 229+0+0 (secure 0 0 0) 0x7f57c80044d0 con 0x7f57d0106540
2024-04-26T16:26:10.481 INFO:teuthology.orchestra.run.smithi049.stdout:/usr/bin/ceph: stderr
2024-04-26T16:26:09.749+0000 7f57d565f700 1 -- 172.21.15.49:0/3955539846 >> [v2:172.21.15.49:3300/0,v1:172.21.15.49:6789/0] conn(0x7f57d0106540 msgr2=0x7f57d0106960 secure :-1 s=STATE_CONNECTION_ESTABLISHED l=1).mark_down
2024-04-26T16:26:10.481 INFO:teuthology.orchestra.run.smithi049.stdout:/usr/bin/ceph: stderr
2024-04-26T16:26:09.749+0000 7f57d565f700 1 --2- 172.21.15.49:0/3955539846 >> [v2:172.21.15.49:3300/0,v1:172.21.15.49:6789/0] conn(0x7f57d0106540 0x7f57d0106960 secure :-1 s=READY pgs=88 cs=0 l=1 rev1=1 crypto rx=0x7f57c8009e80 tx=0x7f57c800b330 comp rx=0 tx=0).stop
2024-04-26T16:26:10.481 INFO:teuthology.orchestra.run.smithi049.stdout:/usr/bin/ceph: stderr
2024-04-26T16:26:09.749+0000 7f57d565f700 1 -- 172.21.15.49:0/3955539846 shutdown_connections
2024-04-26T16:26:10.481 INFO:teuthology.orchestra.run.smithi049.stdout:/usr/bin/ceph: stderr
2024-04-26T16:26:09.749+0000 7f57d565f700 1 --2- 172.21.15.49:0/3955539846 >> [v2:172.21.15.49:3300/0,v1:172.21.15.49:6789/0] conn(0x7f57d0106540 0x7f57d0106960 unknown :-1 s=CLOSED pgs=88 cs=0 l=1 rev1=1 crypto rx=0 tx=0 comp rx=0 tx=0).stop
2024-04-26T16:26:10.482 INFO:teuthology.orchestra.run.smithi049.stdout:/usr/bin/ceph: stderr
2024-04-26T16:26:09.749+0000 7f57d565f700 1 -- 172.21.15.49:0/3955539846 >> 172.21.15.49:0/3955539846 conn(0x7f57d0101b20 msgr2=0x7f57d0103f40 unknown :-1 s=STATE_NONE l=0).mark_down
2024-04-26T16:26:10.482 INFO:teuthology.orchestra.run.smithi049.stdout:/usr/bin/ceph: stderr
2024-04-26T16:26:09.749+0000 7f57d565f700 1 -- 172.21.15.49:0/3955539846 shutdown_connections
2024-04-26T16:26:10.482 INFO:teuthology.orchestra.run.smithi049.stdout:/usr/bin/ceph: stderr
2024-04-26T16:26:09.749+0000 7f57d565f700 1 -- 172.21.15.49:0/3955539846 wait complete.
2024-04-26T16:26:10.482 INFO:teuthology.orchestra.run.smithi049.stdout:/usr/bin/ceph: stderr
2024-04-26T16:26:09.750+0000 7f57d565f700 1 Processor -- start
2024-04-26T16:26:10.482 INFO:teuthology.orchestra.run.smithi049.stdout:/usr/bin/ceph: stderr
2024-04-26T16:26:09.750+0000 7f57d565f700 1 -- start start
2024-04-26T16:26:10.482 INFO:teuthology.orchestra.run.smithi049.stdout:/usr/bin/ceph: stderr
2024-04-26T16:26:09.750+0000 7f57d565f700 1 --2- >> [v2:172.21.15.49:3300/0,v1:172.21.15.49:6789/0] conn(0x7f57d0106540 0x7f57d019c380 unknown :-1 s=NONE pgs=0 cs=0 l=1 rev1=0 crypto rx=0 tx=0 comp rx=0 tx=0).connect
2024-04-26T16:26:10.482 INFO:teuthology.orchestra.run.smithi049.stdout:/usr/bin/ceph: stderr
2024-04-26T16:26:09.750+0000 7f57d565f700 1 -- --> [v2:172.21.15.49:3300/0,v1:172.21.15.49:6789/0] -- mon_getmap magic: 0 v1 -- 0x7f57d019c8c0 con 0x7f57d0106540
2024-04-26T16:26:10.482 INFO:teuthology.orchestra.run.smithi049.stdout:/usr/bin/ceph: stderr
2024-04-26T16:26:09.750+0000 7f57ceffd700 1 --2- >> [v2:172.21.15.49:3300/0,v1:172.21.15.49:6789/0] conn(0x7f57d0106540 0x7f57d019c380 unknown :-1 s=BANNER_CONNECTING pgs=0 cs=0 l=1 rev1=0 crypto rx=0 tx=0 comp rx=0 tx=0)._handle_peer_banner_payload supported=3 required=0
2024-04-26T16:26:10.482 INFO:teuthology.orchestra.run.smithi049.stdout:/usr/bin/ceph: stderr
2024-04-26T16:26:09.750+0000 7f57ceffd700 1 --2- >> [v2:172.21.15.49:3300/0,v1:172.21.15.49:6789/0] conn(0x7f57d0106540 0x7f57d019c380 unknown :-1 s=HELLO_CONNECTING pgs=0 cs=0 l=1 rev1=1 crypto rx=0 tx=0 comp rx=0 tx=0).handle_hello peer v2:172.21.15.49:3300/0 says I am v2:172.21.15.49:40620/0 (socket says 172.21.15.49:40620)
2024-04-26T16:26:10.482 INFO:teuthology.orchestra.run.smithi049.stdout:/usr/bin/ceph: stderr
2024-04-26T16:26:09.750+0000 7f57ceffd700 1 -- 172.21.15.49:0/1079937014 learned_addr learned my addr 172.21.15.49:0/1079937014 (peer_addr_for_me v2:172.21.15.49:0/0)
2024-04-26T16:26:10.482 INFO:teuthology.orchestra.run.smithi049.stdout:/usr/bin/ceph: stderr
2024-04-26T16:26:09.750+0000 7f57ceffd700 1 -- 172.21.15.49:0/1079937014 --> [v2:172.21.15.49:3300/0,v1:172.21.15.49:6789/0] -- mon_subscribe({config=0+,monmap=0+}) v3 -- 0x7f57c8009b30 con 0x7f57d0106540
2024-04-26T16:26:10.482 INFO:teuthology.orchestra.run.smithi049.stdout:/usr/bin/ceph: stderr
2024-04-26T16:26:09.750+0000 7f57ceffd700 1 --2- 172.21.15.49:0/1079937014 >> [v2:172.21.15.49:3300/0,v1:172.21.15.49:6789/0] conn(0x7f57d0106540 0x7f57d019c380 secure :-1 s=READY pgs=89 cs=0 l=1 rev1=1 crypto rx=0x7f57c80072a0 tx=0x7f57c80049f0 comp rx=0 tx=0).ready entity=mon.0 client_cookie=0 server_cookie=0 in_seq=0 out_seq=0
2024-04-26T16:26:10.482 INFO:teuthology.orchestra.run.smithi049.stdout:/usr/bin/ceph: stderr
2024-04-26T16:26:09.751+0000 7f57c7fff700 1 -- 172.21.15.49:0/1079937014 <== mon.0 v2:172.21.15.49:3300/0 1 ==== mon_map magic: 0 v1 ==== 229+0+0 (secure 0 0 0) 0x7f57c800e040 con 0x7f57d0106540
2024-04-26T16:26:10.482 INFO:teuthology.orchestra.run.smithi049.stdout:/usr/bin/ceph: stderr
2024-04-26T16:26:09.751+0000 7f57c7fff700 1 -- 172.21.15.49:0/1079937014 <== mon.0 v2:172.21.15.49:3300/0 2 ==== config(27 keys) v1 ==== 1101+0+0 (secure 0 0 0) 0x7f57c800bd80 con 0x7f57d0106540
2024-04-26T16:26:10.483 INFO:teuthology.orchestra.run.smithi049.stdout:/usr/bin/ceph: stderr
2024-04-26T16:26:09.751+0000 7f57d565f700 1 -- 172.21.15.49:0/1079937014 --> [v2:172.21.15.49:3300/0,v1:172.21.15.49:6789/0] -- mon_subscribe({mgrmap=0+}) v3 -- 0x7f57d019cac0 con 0x7f57d0106540
2024-04-26T16:26:10.483 INFO:teuthology.orchestra.run.smithi049.stdout:/usr/bin/ceph: stderr
2024-04-26T16:26:09.751+0000 7f57c7fff700 1 -- 172.21.15.49:0/1079937014 <== mon.0 v2:172.21.15.49:3300/0 3 ==== mon_map magic: 0 v1 ==== 229+0+0 (secure 0 0 0) 0x7f57c80126c0 con 0x7f57d0106540
2024-04-26T16:26:10.483 INFO:teuthology.orchestra.run.smithi049.stdout:/usr/bin/ceph: stderr
2024-04-26T16:26:09.751+0000 7f57d565f700 1 -- 172.21.15.49:0/1079937014 --> [v2:172.21.15.49:3300/0,v1:172.21.15.49:6789/0] -- mon_subscribe({osdmap=0}) v3 -- 0x7f57d019cfc0 con 0x7f57d0106540
2024-04-26T16:26:10.483 INFO:teuthology.orchestra.run.smithi049.stdout:/usr/bin/ceph: stderr
2024-04-26T16:26:09.751+0000 7f57c7fff700 1 -- 172.21.15.49:0/1079937014 <== mon.0 v2:172.21.15.49:3300/0 4 ==== mgrmap(e 13) v1 ==== 45339+0+0 (secure 0 0 0) 0x7f57c8019040 con 0x7f57d0106540
2024-04-26T16:26:10.483 INFO:teuthology.orchestra.run.smithi049.stdout:/usr/bin/ceph: stderr
2024-04-26T16:26:09.752+0000 7f57d565f700 1 -- 172.21.15.49:0/1079937014 --> [v2:172.21.15.49:3300/0,v1:172.21.15.49:6789/0] -- mon_command({"prefix": "get_command_descriptions"} v 0) v1 -- 0x7f57d00623c0 con 0x7f57d0106540
2024-04-26T16:26:10.483 INFO:teuthology.orchestra.run.smithi049.stdout:/usr/bin/ceph: stderr
2024-04-26T16:26:09.752+0000 7f57c7fff700 1 --2- 172.21.15.49:0/1079937014 >> [v2:172.21.15.49:6800/2244834699,v1:172.21.15.49:6801/2244834699] conn(0x7f57bc038420 0x7f57bc03a8e0 unknown :-1 s=NONE pgs=0 cs=0 l=1 rev1=0 crypto rx=0 tx=0 comp rx=0 tx=0).connect
2024-04-26T16:26:10.483 INFO:teuthology.orchestra.run.smithi049.stdout:/usr/bin/ceph: stderr
2024-04-26T16:26:09.752+0000 7f57c7fff700 1 -- 172.21.15.49:0/1079937014 <== mon.0 v2:172.21.15.49:3300/0 5 ==== osd_map(3..3 src has 1..3) v4 ==== 1155+0+0 (secure 0 0 0) 0x7f57c804c010 con 0x7f57d0106540
2024-04-26T16:26:10.483 INFO:teuthology.orchestra.run.smithi049.stdout:/usr/bin/ceph: stderr
2024-04-26T16:26:09.752+0000 7f57ce7fc700 1 --2- 172.21.15.49:0/1079937014 >> [v2:172.21.15.49:6800/2244834699,v1:172.21.15.49:6801/2244834699] conn(0x7f57bc038420 0x7f57bc03a8e0 unknown :-1 s=BANNER_CONNECTING pgs=0 cs=0 l=1 rev1=0 crypto rx=0 tx=0 comp rx=0 tx=0)._handle_peer_banner_payload supported=3 required=0
2024-04-26T16:26:10.483 INFO:teuthology.orchestra.run.smithi049.stdout:/usr/bin/ceph: stderr
2024-04-26T16:26:09.752+0000 7f57ce7fc700 1 --2- 172.21.15.49:0/1079937014 >> [v2:172.21.15.49:6800/2244834699,v1:172.21.15.49:6801/2244834699] conn(0x7f57bc038420 0x7f57bc03a8e0 secure :-1 s=READY pgs=10 cs=0 l=1 rev1=1 crypto rx=0x7f57b8006fd0 tx=0x7f57b8006e40 comp rx=0 tx=0).ready entity=mgr.14164 client_cookie=0 server_cookie=0 in_seq=0 out_seq=0
2024-04-26T16:26:10.483 INFO:teuthology.orchestra.run.smithi049.stdout:/usr/bin/ceph: stderr
2024-04-26T16:26:09.756+0000 7f57c7fff700 1 -- 172.21.15.49:0/1079937014 <== mon.0 v2:172.21.15.49:3300/0 6 ==== mon_command_ack([{"prefix": "get_command_descriptions"}]=0 v0) v1 ==== 72+0+180422 (secure 0 0 0) 0x7f57c807f0e0 con 0x7f57d0106540
2024-04-26T16:26:10.483 INFO:teuthology.orchestra.run.smithi049.stdout:/usr/bin/ceph: stderr
2024-04-26T16:26:09.953+0000 7f57d565f700 1 -- 172.21.15.49:0/1079937014 --> [v2:172.21.15.49:3300/0,v1:172.21.15.49:6789/0] -- mon_command([{prefix=config set, name=osd_memory_target_autotune}] v 0) v1 -- 0x7f57d010a970 con 0x7f57d0106540
2024-04-26T16:26:10.484 INFO:teuthology.orchestra.run.smithi049.stdout:/usr/bin/ceph: stderr
2024-04-26T16:26:09.953+0000 7f57c7fff700 1 -- 172.21.15.49:0/1079937014 <== mon.0 v2:172.21.15.49:3300/0 7 ==== mon_command_ack([{prefix=config set, name=osd_memory_target_autotune}]=0 v8)=0 v8) v1 ==== 127+0+0 (secure 0 0 0) 0x7f57c801f020 con 0x7f57d0106540
2024-04-26T16:26:10.484 INFO:teuthology.orchestra.run.smithi049.stdout:/usr/bin/ceph: stderr
2024-04-26T16:26:09.955+0000 7f57d565f700 1 -- 172.21.15.49:0/1079937014 >> [v2:172.21.15.49:6800/2244834699,v1:172.21.15.49:6801/2244834699] conn(0x7f57bc038420 msgr2=0x7f57bc03a8e0 secure :-1 s=STATE_CONNECTION_ESTABLISHED l=1).mark_down
2024-04-26T16:26:10.484 INFO:teuthology.orchestra.run.smithi049.stdout:/usr/bin/ceph: stderr
2024-04-26T16:26:09.955+0000 7f57d565f700 1 --2- 172.21.15.49:0/1079937014 >> [v2:172.21.15.49:6800/2244834699,v1:172.21.15.49:6801/2244834699] conn(0x7f57bc038420 0x7f57bc03a8e0 secure :-1 s=READY pgs=10 cs=0 l=1 rev1=1 crypto rx=0x7f57b8006fd0 tx=0x7f57b8006e40 comp rx=0 tx=0).stop
2024-04-26T16:26:10.484 INFO:teuthology.orchestra.run.smithi049.stdout:/usr/bin/ceph: stderr
2024-04-26T16:26:09.955+0000 7f57d565f700 1 -- 172.21.15.49:0/1079937014 >> [v2:172.21.15.49:3300/0,v1:172.21.15.49:6789/0] conn(0x7f57d0106540 msgr2=0x7f57d019c380 secure :-1 s=STATE_CONNECTION_ESTABLISHED l=1).mark_down
2024-04-26T16:26:10.484 INFO:teuthology.orchestra.run.smithi049.stdout:/usr/bin/ceph: stderr
2024-04-26T16:26:09.955+0000 7f57d565f700 1 --2- 172.21.15.49:0/1079937014 >> [v2:172.21.15.49:3300/0,v1:172.21.15.49:6789/0] conn(0x7f57d0106540 0x7f57d019c380 secure :-1 s=READY pgs=89 cs=0 l=1 rev1=1 crypto rx=0x7f57c80072a0 tx=0x7f57c80049f0 comp rx=0 tx=0).stop
2024-04-26T16:26:10.484 INFO:teuthology.orchestra.run.smithi049.stdout:/usr/bin/ceph: stderr
2024-04-26T16:26:09.955+0000 7f57d565f700 1 -- 172.21.15.49:0/1079937014 shutdown_connections
2024-04-26T16:26:10.484 INFO:teuthology.orchestra.run.smithi049.stdout:/usr/bin/ceph: stderr
2024-04-26T16:26:09.955+0000 7f57d565f700 1 --2- 172.21.15.49:0/1079937014 >> [v2:172.21.15.49:6800/2244834699,v1:172.21.15.49:6801/2244834699] conn(0x7f57bc038420 0x7f57bc03a8e0 unknown :-1 s=CLOSED pgs=10 cs=0 l=1 rev1=1 crypto rx=0 tx=0 comp rx=0 tx=0).stop
2024-04-26T16:26:10.484 INFO:teuthology.orchestra.run.smithi049.stdout:/usr/bin/ceph: stderr
2024-04-26T16:26:09.955+0000 7f57d565f700 1 --2- 172.21.15.49:0/1079937014 >> [v2:172.21.15.49:3300/0,v1:172.21.15.49:6789/0] conn(0x7f57d0106540 0x7f57d019c380 unknown :-1 s=CLOSED pgs=89 cs=0 l=1 rev1=1 crypto rx=0 tx=0 comp rx=0 tx=0).stop
2024-04-26T16:26:10.484 INFO:teuthology.orchestra.run.smithi049.stdout:/usr/bin/ceph: stderr
2024-04-26T16:26:09.955+0000 7f57d565f700 1 -- 172.21.15.49:0/1079937014 >> 172.21.15.49:0/1079937014 conn(0x7f57d0101b20 msgr2=0x7f57d0102820 unknown :-1 s=STATE_NONE l=0).mark_down
2024-04-26T16:26:10.484 INFO:teuthology.orchestra.run.smithi049.stdout:/usr/bin/ceph: stderr
2024-04-26T16:26:09.955+0000 7f57d565f700 1 -- 172.21.15.49:0/1079937014 shutdown_connections
2024-04-26T16:26:10.484 INFO:teuthology.orchestra.run.smithi049.stdout:/usr/bin/ceph: stderr
2024-04-26T16:26:09.955+0000 7f57d565f700 1 -- 172.21.15.49:0/1079937014 wait complete.
2024-04-26T16:26:10.601 INFO:journalctl@ceph.mon.smithi049.smithi049.stdout:Apr 26 16:26:10 smithi049 ceph-mon[26943]: mgrmap e13: smithi049.jxiovg(active, since 6s)
2024-04-26T16:26:11.771 INFO:teuthology.orchestra.run.smithi049.stdout:/usr/bin/ceph: stderr
2024-04-26T16:26:10.905+0000 7f188f587700 1 Processor -- start
2024-04-26T16:26:11.771 INFO:teuthology.orchestra.run.smithi049.stdout:/usr/bin/ceph: stderr
2024-04-26T16:26:10.905+0000 7f188f587700 1 -- start start
2024-04-26T16:26:11.771 INFO:teuthology.orchestra.run.smithi049.stdout:/usr/bin/ceph: stderr
2024-04-26T16:26:10.905+0000 7f188f587700 1 --2- >> [v2:172.21.15.49:3300/0,v1:172.21.15.49:6789/0] conn(0x7f1888107000 0x7f18881093f0 unknown :-1 s=NONE pgs=0 cs=0 l=0 rev1=0 crypto rx=0 tx=0 comp rx=0 tx=0).connect
2024-04-26T16:26:11.771 INFO:teuthology.orchestra.run.smithi049.stdout:/usr/bin/ceph: stderr
2024-04-26T16:26:10.905+0000 7f188f587700 1 -- --> [v2:172.21.15.49:3300/0,v1:172.21.15.49:6789/0] -- mon_getmap magic: 0 v1 -- 0x7f1888079e50 con 0x7f1888107000
2024-04-26T16:26:11.771 INFO:teuthology.orchestra.run.smithi049.stdout:/usr/bin/ceph: stderr
2024-04-26T16:26:10.905+0000 7f188d323700 1 --2- >> [v2:172.21.15.49:3300/0,v1:172.21.15.49:6789/0] conn(0x7f1888107000 0x7f18881093f0 unknown :-1 s=BANNER_CONNECTING pgs=0 cs=0 l=0 rev1=0 crypto rx=0 tx=0 comp rx=0 tx=0)._handle_peer_banner_payload supported=3 required=0
2024-04-26T16:26:11.771 INFO:teuthology.orchestra.run.smithi049.stdout:/usr/bin/ceph: stderr
2024-04-26T16:26:10.905+0000 7f188d323700 1 --2- >> [v2:172.21.15.49:3300/0,v1:172.21.15.49:6789/0] conn(0x7f1888107000 0x7f18881093f0 unknown :-1 s=HELLO_CONNECTING pgs=0 cs=0 l=0 rev1=1 crypto rx=0 tx=0 comp rx=0 tx=0).handle_hello peer v2:172.21.15.49:3300/0 says I am v2:172.21.15.49:40632/0 (socket says 172.21.15.49:40632)
2024-04-26T16:26:11.772 INFO:teuthology.orchestra.run.smithi049.stdout:/usr/bin/ceph: stderr
2024-04-26T16:26:10.905+0000 7f188d323700 1 -- 172.21.15.49:0/4033094248 learned_addr learned my addr 172.21.15.49:0/4033094248 (peer_addr_for_me v2:172.21.15.49:0/0)
2024-04-26T16:26:11.772 INFO:teuthology.orchestra.run.smithi049.stdout:/usr/bin/ceph: stderr
2024-04-26T16:26:10.906+0000 7f188d323700 1 -- 172.21.15.49:0/4033094248 --> [v2:172.21.15.49:3300/0,v1:172.21.15.49:6789/0] -- mon_subscribe({config=0+,monmap=0+}) v3 -- 0x7f1888109930 con 0x7f1888107000
2024-04-26T16:26:11.772 INFO:teuthology.orchestra.run.smithi049.stdout:/usr/bin/ceph: stderr
2024-04-26T16:26:10.906+0000 7f188d323700 1 --2- 172.21.15.49:0/4033094248 >> [v2:172.21.15.49:3300/0,v1:172.21.15.49:6789/0] conn(0x7f1888107000 0x7f18881093f0 secure :-1 s=READY pgs=90 cs=0 l=1 rev1=1 crypto rx=0x7f18840098a0 tx=0x7f1884009bb0 comp rx=0 tx=0).ready entity=mon.0 client_cookie=b5b314bca9637d34 server_cookie=0 in_seq=0 out_seq=0
2024-04-26T16:26:11.772 INFO:teuthology.orchestra.run.smithi049.stdout:/usr/bin/ceph: stderr
2024-04-26T16:26:10.906+0000 7f187ffff700 1 -- 172.21.15.49:0/4033094248 <== mon.0 v2:172.21.15.49:3300/0 1 ==== mon_map magic: 0 v1 ==== 229+0+0 (secure 0 0 0) 0x7f1884004180 con 0x7f1888107000
2024-04-26T16:26:11.772 INFO:teuthology.orchestra.run.smithi049.stdout:/usr/bin/ceph: stderr
2024-04-26T16:26:10.906+0000 7f187ffff700 1 -- 172.21.15.49:0/4033094248 <== mon.0 v2:172.21.15.49:3300/0 2 ==== config(27 keys) v1 ==== 1101+0+0 (secure 0 0 0) 0x7f18840042e0 con 0x7f1888107000
2024-04-26T16:26:11.772 INFO:teuthology.orchestra.run.smithi049.stdout:/usr/bin/ceph: stderr
2024-04-26T16:26:10.906+0000 7f187ffff700 1 -- 172.21.15.49:0/4033094248 <== mon.0 v2:172.21.15.49:3300/0 3 ==== mon_map magic: 0 v1 ==== 229+0+0 (secure 0 0 0) 0x7f1884011af0 con 0x7f1888107000
2024-04-26T16:26:11.772 INFO:teuthology.orchestra.run.smithi049.stdout:/usr/bin/ceph: stderr
2024-04-26T16:26:10.906+0000 7f188f587700 1 -- 172.21.15.49:0/4033094248 >> [v2:172.21.15.49:3300/0,v1:172.21.15.49:6789/0] conn(0x7f1888107000 msgr2=0x7f18881093f0 secure :-1 s=STATE_CONNECTION_ESTABLISHED l=1).mark_down
2024-04-26T16:26:11.772 INFO:teuthology.orchestra.run.smithi049.stdout:/usr/bin/ceph: stderr
2024-04-26T16:26:10.906+0000 7f188f587700 1 --2- 172.21.15.49:0/4033094248 >> [v2:172.21.15.49:3300/0,v1:172.21.15.49:6789/0] conn(0x7f1888107000 0x7f18881093f0 secure :-1 s=READY pgs=90 cs=0 l=1 rev1=1 crypto rx=0x7f18840098a0 tx=0x7f1884009bb0 comp rx=0 tx=0).stop
2024-04-26T16:26:11.772 INFO:teuthology.orchestra.run.smithi049.stdout:/usr/bin/ceph: stderr
2024-04-26T16:26:10.906+0000 7f188f587700 1 -- 172.21.15.49:0/4033094248 shutdown_connections
2024-04-26T16:26:11.772 INFO:teuthology.orchestra.run.smithi049.stdout:/usr/bin/ceph: stderr
2024-04-26T16:26:10.906+0000 7f188f587700 1 --2- 172.21.15.49:0/4033094248 >> [v2:172.21.15.49:3300/0,v1:172.21.15.49:6789/0] conn(0x7f1888107000 0x7f18881093f0 unknown :-1 s=CLOSED pgs=90 cs=0 l=1 rev1=1 crypto rx=0 tx=0 comp rx=0 tx=0).stop
2024-04-26T16:26:11.772 INFO:teuthology.orchestra.run.smithi049.stdout:/usr/bin/ceph: stderr
2024-04-26T16:26:10.906+0000 7f188f587700 1 -- 172.21.15.49:0/4033094248 >> 172.21.15.49:0/4033094248 conn(0x7f18881009f0 msgr2=0x7f1888102e30 unknown :-1 s=STATE_NONE l=0).mark_down
2024-04-26T16:26:11.772 INFO:teuthology.orchestra.run.smithi049.stdout:/usr/bin/ceph: stderr
2024-04-26T16:26:10.907+0000 7f188f587700 1 -- 172.21.15.49:0/4033094248 shutdown_connections
2024-04-26T16:26:11.772 INFO:teuthology.orchestra.run.smithi049.stdout:/usr/bin/ceph: stderr
2024-04-26T16:26:10.907+0000 7f188f587700 1 -- 172.21.15.49:0/4033094248 wait complete.
2024-04-26T16:26:11.772 INFO:teuthology.orchestra.run.smithi049.stdout:/usr/bin/ceph: stderr
2024-04-26T16:26:10.907+0000 7f188f587700 1 Processor -- start
2024-04-26T16:26:11.773 INFO:teuthology.orchestra.run.smithi049.stdout:/usr/bin/ceph: stderr
2024-04-26T16:26:10.907+0000 7f188f587700 1 -- start start
2024-04-26T16:26:11.773 INFO:teuthology.orchestra.run.smithi049.stdout:/usr/bin/ceph: stderr
2024-04-26T16:26:10.907+0000 7f188f587700 1 --2- >> [v2:172.21.15.49:3300/0,v1:172.21.15.49:6789/0] conn(0x7f1888107000 0x7f188819a210 unknown :-1 s=NONE pgs=0 cs=0 l=1 rev1=0 crypto rx=0 tx=0 comp rx=0 tx=0).connect
2024-04-26T16:26:11.773 INFO:teuthology.orchestra.run.smithi049.stdout:/usr/bin/ceph: stderr
2024-04-26T16:26:10.907+0000 7f188f587700 1 -- --> [v2:172.21.15.49:3300/0,v1:172.21.15.49:6789/0] -- mon_getmap magic: 0 v1 -- 0x7f188819a750 con 0x7f1888107000
2024-04-26T16:26:11.773 INFO:teuthology.orchestra.run.smithi049.stdout:/usr/bin/ceph: stderr
2024-04-26T16:26:10.907+0000 7f188d323700 1 --2- >> [v2:172.21.15.49:3300/0,v1:172.21.15.49:6789/0] conn(0x7f1888107000 0x7f188819a210 unknown :-1 s=BANNER_CONNECTING pgs=0 cs=0 l=1 rev1=0 crypto rx=0 tx=0 comp rx=0 tx=0)._handle_peer_banner_payload supported=3 required=0
2024-04-26T16:26:11.773 INFO:teuthology.orchestra.run.smithi049.stdout:/usr/bin/ceph: stderr
2024-04-26T16:26:10.908+0000 7f188d323700 1 --2- >> [v2:172.21.15.49:3300/0,v1:172.21.15.49:6789/0] conn(0x7f1888107000 0x7f188819a210 unknown :-1 s=HELLO_CONNECTING pgs=0 cs=0 l=1 rev1=1 crypto rx=0 tx=0 comp rx=0 tx=0).handle_hello peer v2:172.21.15.49:3300/0 says I am v2:172.21.15.49:40648/0 (socket says 172.21.15.49:40648)
2024-04-26T16:26:11.773 INFO:teuthology.orchestra.run.smithi049.stdout:/usr/bin/ceph: stderr
2024-04-26T16:26:10.908+0000 7f188d323700 1 -- 172.21.15.49:0/1461478489 learned_addr learned my addr 172.21.15.49:0/1461478489 (peer_addr_for_me v2:172.21.15.49:0/0)
2024-04-26T16:26:11.773 INFO:teuthology.orchestra.run.smithi049.stdout:/usr/bin/ceph: stderr
2024-04-26T16:26:10.908+0000 7f188d323700 1 -- 172.21.15.49:0/1461478489 --> [v2:172.21.15.49:3300/0,v1:172.21.15.49:6789/0] -- mon_subscribe({config=0+,monmap=0+}) v3 -- 0x7f1884009550 con 0x7f1888107000
2024-04-26T16:26:11.773 INFO:teuthology.orchestra.run.smithi049.stdout:/usr/bin/ceph: stderr
2024-04-26T16:26:10.908+0000 7f188d323700 1 --2- 172.21.15.49:0/1461478489 >> [v2:172.21.15.49:3300/0,v1:172.21.15.49:6789/0] conn(0x7f1888107000 0x7f188819a210 secure :-1 s=READY pgs=91 cs=0 l=1 rev1=1 crypto rx=0x7f1884011670 tx=0x7f1884011b50 comp rx=0 tx=0).ready entity=mon.0 client_cookie=0 server_cookie=0 in_seq=0 out_seq=0
2024-04-26T16:26:11.773 INFO:teuthology.orchestra.run.smithi049.stdout:/usr/bin/ceph: stderr
2024-04-26T16:26:10.908+0000 7f187e7fc700 1 -- 172.21.15.49:0/1461478489 <== mon.0 v2:172.21.15.49:3300/0 1 ==== mon_map magic: 0 v1 ==== 229+0+0 (secure 0 0 0) 0x7f1884003a40 con 0x7f1888107000
2024-04-26T16:26:11.773 INFO:teuthology.orchestra.run.smithi049.stdout:/usr/bin/ceph: stderr
2024-04-26T16:26:10.908+0000 7f187e7fc700 1 -- 172.21.15.49:0/1461478489 <== mon.0 v2:172.21.15.49:3300/0 2 ==== config(27 keys) v1 ==== 1101+0+0 (secure 0 0 0) 0x7f1884003ba0 con 0x7f1888107000
2024-04-26T16:26:11.774 INFO:teuthology.orchestra.run.smithi049.stdout:/usr/bin/ceph: stderr
2024-04-26T16:26:10.908+0000 7f188f587700 1 -- 172.21.15.49:0/1461478489 --> [v2:172.21.15.49:3300/0,v1:172.21.15.49:6789/0] -- mon_subscribe({mgrmap=0+}) v3 -- 0x7f188819a950 con 0x7f1888107000
2024-04-26T16:26:11.774 INFO:teuthology.orchestra.run.smithi049.stdout:/usr/bin/ceph: stderr
2024-04-26T16:26:10.908+0000 7f187e7fc700 1 -- 172.21.15.49:0/1461478489 <== mon.0 v2:172.21.15.49:3300/0 3 ==== mon_map magic: 0 v1 ==== 229+0+0 (secure 0 0 0) 0x7f1884024790 con 0x7f1888107000
2024-04-26T16:26:11.774 INFO:teuthology.orchestra.run.smithi049.stdout:/usr/bin/ceph: stderr
2024-04-26T16:26:10.908+0000 7f188f587700 1 -- 172.21.15.49:0/1461478489 --> [v2:172.21.15.49:3300/0,v1:172.21.15.49:6789/0] -- mon_subscribe({osdmap=0}) v3 -- 0x7f188819adf0 con 0x7f1888107000
2024-04-26T16:26:11.774 INFO:teuthology.orchestra.run.smithi049.stdout:/usr/bin/ceph: stderr
2024-04-26T16:26:10.909+0000 7f187e7fc700 1 -- 172.21.15.49:0/1461478489 <== mon.0 v2:172.21.15.49:3300/0 4 ==== mgrmap(e 13) v1 ==== 45339+0+0 (secure 0 0 0) 0x7f188401a430 con 0x7f1888107000
2024-04-26T16:26:11.774 INFO:teuthology.orchestra.run.smithi049.stdout:/usr/bin/ceph: stderr
2024-04-26T16:26:10.909+0000 7f188f587700 1 -- 172.21.15.49:0/1461478489 --> [v2:172.21.15.49:3300/0,v1:172.21.15.49:6789/0] -- mon_command({"prefix": "get_command_descriptions"} v 0) v1 -- 0x7f188810a6c0 con 0x7f1888107000
2024-04-26T16:26:11.774 INFO:teuthology.orchestra.run.smithi049.stdout:/usr/bin/ceph: stderr
2024-04-26T16:26:10.909+0000 7f187e7fc700 1 --2- 172.21.15.49:0/1461478489 >> [v2:172.21.15.49:6800/2244834699,v1:172.21.15.49:6801/2244834699] conn(0x7f1874038410 0x7f187403a8d0 unknown :-1 s=NONE pgs=0 cs=0 l=1 rev1=0 crypto rx=0 tx=0 comp rx=0 tx=0).connect
2024-04-26T16:26:11.774 INFO:teuthology.orchestra.run.smithi049.stdout:/usr/bin/ceph: stderr
2024-04-26T16:26:10.909+0000 7f187e7fc700 1 -- 172.21.15.49:0/1461478489 <== mon.0 v2:172.21.15.49:3300/0 5 ==== osd_map(3..3 src has 1..3) v4 ==== 1155+0+0 (secure 0 0 0) 0x7f188404c750 con 0x7f1888107000
2024-04-26T16:26:11.774 INFO:teuthology.orchestra.run.smithi049.stdout:/usr/bin/ceph: stderr
2024-04-26T16:26:10.910+0000 7f188cb22700 1 --2- 172.21.15.49:0/1461478489 >> [v2:172.21.15.49:6800/2244834699,v1:172.21.15.49:6801/2244834699] conn(0x7f1874038410 0x7f187403a8d0 unknown :-1 s=BANNER_CONNECTING pgs=0 cs=0 l=1 rev1=0 crypto rx=0 tx=0 comp rx=0 tx=0)._handle_peer_banner_payload supported=3 required=0
2024-04-26T16:26:11.774 INFO:teuthology.orchestra.run.smithi049.stdout:/usr/bin/ceph: stderr
2024-04-26T16:26:10.910+0000 7f188cb22700 1 --2- 172.21.15.49:0/1461478489 >> [v2:172.21.15.49:6800/2244834699,v1:172.21.15.49:6801/2244834699] conn(0x7f1874038410 0x7f187403a8d0 secure :-1 s=READY pgs=11 cs=0 l=1 rev1=1 crypto rx=0x7f1878006fd0 tx=0x7f1878006e40 comp rx=0 tx=0).ready entity=mgr.14164 client_cookie=0 server_cookie=0 in_seq=0 out_seq=0
2024-04-26T16:26:11.774 INFO:teuthology.orchestra.run.smithi049.stdout:/usr/bin/ceph: stderr
2024-04-26T16:26:10.914+0000 7f187e7fc700 1 -- 172.21.15.49:0/1461478489 <== mon.0 v2:172.21.15.49:3300/0 6 ==== mon_command_ack([{"prefix": "get_command_descriptions"}]=0 v0) v1 ==== 72+0+180422 (secure 0 0 0) 0x7f1884018b40 con 0x7f1888107000
2024-04-26T16:26:11.774 INFO:teuthology.orchestra.run.smithi049.stdout:/usr/bin/ceph: stderr
2024-04-26T16:26:11.220+0000 7f188f587700 1 -- 172.21.15.49:0/1461478489 --> [v2:172.21.15.49:3300/0,v1:172.21.15.49:6789/0] -- mon_command([{prefix=config-key set, key=mgr/dashboard/cluster/status}] v 0) v1 -- 0x7f188810a8e0 con 0x7f1888107000
2024-04-26T16:26:11.774 INFO:teuthology.orchestra.run.smithi049.stdout:/usr/bin/ceph: stderr
2024-04-26T16:26:11.222+0000 7f187e7fc700 1 -- 172.21.15.49:0/1461478489 <== mon.0 v2:172.21.15.49:3300/0 7 ==== mon_command_ack([{prefix=config-key set, key=mgr/dashboard/cluster/status}]=0 set mgr/dashboard/cluster/status v34)=0 set mgr/dashboard/cluster/status v34) v1 ==== 153+0+0 (secure 0 0 0) 0x7f188404bfe0 con 0x7f1888107000
2024-04-26T16:26:11.774 INFO:teuthology.orchestra.run.smithi049.stdout:/usr/bin/ceph: stderr
2024-04-26T16:26:11.224+0000 7f188f587700 1 -- 172.21.15.49:0/1461478489 >> [v2:172.21.15.49:6800/2244834699,v1:172.21.15.49:6801/2244834699] conn(0x7f1874038410 msgr2=0x7f187403a8d0 secure :-1 s=STATE_CONNECTION_ESTABLISHED l=1).mark_down
2024-04-26T16:26:11.774 INFO:teuthology.orchestra.run.smithi049.stdout:/usr/bin/ceph: stderr
2024-04-26T16:26:11.224+0000 7f188f587700 1 --2- 172.21.15.49:0/1461478489 >> [v2:172.21.15.49:6800/2244834699,v1:172.21.15.49:6801/2244834699] conn(0x7f1874038410 0x7f187403a8d0 secure :-1 s=READY pgs=11 cs=0 l=1 rev1=1 crypto rx=0x7f1878006fd0 tx=0x7f1878006e40 comp rx=0 tx=0).stop
2024-04-26T16:26:11.775 INFO:teuthology.orchestra.run.smithi049.stdout:/usr/bin/ceph: stderr
2024-04-26T16:26:11.224+0000 7f188f587700 1 -- 172.21.15.49:0/1461478489 >> [v2:172.21.15.49:3300/0,v1:172.21.15.49:6789/0] conn(0x7f1888107000 msgr2=0x7f188819a210 secure :-1 s=STATE_CONNECTION_ESTABLISHED l=1).mark_down
2024-04-26T16:26:11.775 INFO:teuthology.orchestra.run.smithi049.stdout:/usr/bin/ceph: stderr
2024-04-26T16:26:11.224+0000 7f188f587700 1 --2- 172.21.15.49:0/1461478489 >> [v2:172.21.15.49:3300/0,v1:172.21.15.49:6789/0] conn(0x7f1888107000 0x7f188819a210 secure :-1 s=READY pgs=91 cs=0 l=1 rev1=1 crypto rx=0x7f1884011670 tx=0x7f1884011b50 comp rx=0 tx=0).stop
2024-04-26T16:26:11.775 INFO:teuthology.orchestra.run.smithi049.stdout:/usr/bin/ceph: stderr
2024-04-26T16:26:11.224+0000 7f188f587700 1 -- 172.21.15.49:0/1461478489 shutdown_connections
2024-04-26T16:26:11.775 INFO:teuthology.orchestra.run.smithi049.stdout:/usr/bin/ceph: stderr
2024-04-26T16:26:11.224+0000 7f188f587700 1 --2- 172.21.15.49:0/1461478489 >> [v2:172.21.15.49:6800/2244834699,v1:172.21.15.49:6801/2244834699] conn(0x7f1874038410 0x7f187403a8d0 unknown :-1 s=CLOSED pgs=11 cs=0 l=1 rev1=1 crypto rx=0 tx=0 comp rx=0 tx=0).stop
2024-04-26T16:26:11.775 INFO:teuthology.orchestra.run.smithi049.stdout:/usr/bin/ceph: stderr
2024-04-26T16:26:11.224+0000 7f188f587700 1 --2- 172.21.15.49:0/1461478489 >> [v2:172.21.15.49:3300/0,v1:172.21.15.49:6789/0] conn(0x7f1888107000 0x7f188819a210 unknown :-1 s=CLOSED pgs=91 cs=0 l=1 rev1=1 crypto rx=0 tx=0 comp rx=0 tx=0).stop
2024-04-26T16:26:11.775 INFO:teuthology.orchestra.run.smithi049.stdout:/usr/bin/ceph: stderr
2024-04-26T16:26:11.224+0000 7f188f587700 1 -- 172.21.15.49:0/1461478489 >> 172.21.15.49:0/1461478489 conn(0x7f18881009f0 msgr2=0x7f18881017c0 unknown :-1 s=STATE_NONE l=0).mark_down
2024-04-26T16:26:11.775 INFO:teuthology.orchestra.run.smithi049.stdout:/usr/bin/ceph: stderr
2024-04-26T16:26:11.224+0000 7f188f587700 1 -- 172.21.15.49:0/1461478489 shutdown_connections
2024-04-26T16:26:11.775 INFO:teuthology.orchestra.run.smithi049.stdout:/usr/bin/ceph: stderr
2024-04-26T16:26:11.224+0000 7f188f587700 1 -- 172.21.15.49:0/1461478489 wait complete.
2024-04-26T16:26:11.775 INFO:teuthology.orchestra.run.smithi049.stdout:/usr/bin/ceph: stderr set mgr/dashboard/cluster/status
2024-04-26T16:26:11.775 INFO:teuthology.orchestra.run.smithi049.stdout:You can access the Ceph CLI as following in case of multi-cluster or non-default config:
2024-04-26T16:26:11.775 INFO:teuthology.orchestra.run.smithi049.stdout:
2024-04-26T16:26:11.775 INFO:teuthology.orchestra.run.smithi049.stdout: sudo /home/ubuntu/cephtest/cephadm shell --fsid 70bc356a-03e9-11ef-bc93-c7b262605968 -c /etc/ceph/ceph.conf -k /etc/ceph/ceph.client.admin.keyring
2024-04-26T16:26:11.775 INFO:teuthology.orchestra.run.smithi049.stdout:
2024-04-26T16:26:11.775 INFO:teuthology.orchestra.run.smithi049.stdout:Or, if you are only running a single cluster on this host:
2024-04-26T16:26:11.775 INFO:teuthology.orchestra.run.smithi049.stdout:
2024-04-26T16:26:11.775 INFO:teuthology.orchestra.run.smithi049.stdout: sudo /home/ubuntu/cephtest/cephadm shell
2024-04-26T16:26:11.776 INFO:teuthology.orchestra.run.smithi049.stdout:
2024-04-26T16:26:11.776 INFO:teuthology.orchestra.run.smithi049.stdout:Please consider enabling telemetry to help improve Ceph:
2024-04-26T16:26:11.776 INFO:teuthology.orchestra.run.smithi049.stdout:
2024-04-26T16:26:11.776 INFO:teuthology.orchestra.run.smithi049.stdout: ceph telemetry on
2024-04-26T16:26:11.776 INFO:teuthology.orchestra.run.smithi049.stdout:
2024-04-26T16:26:11.776 INFO:teuthology.orchestra.run.smithi049.stdout:For more information see:
2024-04-26T16:26:11.776 INFO:teuthology.orchestra.run.smithi049.stdout:
2024-04-26T16:26:11.776 INFO:teuthology.orchestra.run.smithi049.stdout: https://docs.ceph.com/en/latest/mgr/telemetry/
2024-04-26T16:26:11.776 INFO:teuthology.orchestra.run.smithi049.stdout:
2024-04-26T16:26:11.776 INFO:teuthology.orchestra.run.smithi049.stdout:Bootstrap complete.
2024-04-26T16:26:11.802 INFO:tasks.cephadm:Fetching config...
2024-04-26T16:26:11.803 DEBUG:teuthology.orchestra.run.smithi049:> set -ex
2024-04-26T16:26:11.803 DEBUG:teuthology.orchestra.run.smithi049:> dd if=/etc/ceph/ceph.conf of=/dev/stdout
2024-04-26T16:26:11.819 INFO:tasks.cephadm:Fetching client.admin keyring...
2024-04-26T16:26:11.819 DEBUG:teuthology.orchestra.run.smithi049:> set -ex
2024-04-26T16:26:11.819 DEBUG:teuthology.orchestra.run.smithi049:> dd if=/etc/ceph/ceph.client.admin.keyring of=/dev/stdout
2024-04-26T16:26:11.875 INFO:tasks.cephadm:Fetching mon keyring...
2024-04-26T16:26:11.876 DEBUG:teuthology.orchestra.run.smithi049:> set -ex
2024-04-26T16:26:11.876 DEBUG:teuthology.orchestra.run.smithi049:> sudo dd if=/var/lib/ceph/70bc356a-03e9-11ef-bc93-c7b262605968/mon.smithi049/keyring of=/dev/stdout
2024-04-26T16:26:11.940 INFO:tasks.cephadm:Fetching pub ssh key...
2024-04-26T16:26:11.940 DEBUG:teuthology.orchestra.run.smithi049:> set -ex
2024-04-26T16:26:11.940 DEBUG:teuthology.orchestra.run.smithi049:> dd if=/home/ubuntu/cephtest/ceph.pub of=/dev/stdout
2024-04-26T16:26:11.995 INFO:tasks.cephadm:Installing pub ssh key for root users...
2024-04-26T16:26:11.996 DEBUG:teuthology.orchestra.run.smithi049:> sudo install -d -m 0700 /root/.ssh && echo 'ssh-rsa AAAAB3NzaC1yc2EAAAADAQABAAABgQDFJJI/z9jHqvszNg4kgFTzi90zXkLjCdlB+5YH7HFysDJU2gGck1NKNCvOKg1QTckL9bBazgipQeMnzsNJMLCXJwfUb56mPLurL/TeMm8r+/Fw1wpJf8/J3/dfmESFippn9WMns0PIyoCqx1wwe0jOp8rLa29LD8Y9X3SoZgkNNsIYy2UcuT/vBcw90pcJdgJTAM1F9QvrcB+gmcc8uo+NMiTkSQYVN/uL7IQiPAKIddyJIwxcj4atRABG6O4bcCQlxLX2qgFZtfSSw/+ea17MTjQS9YhzxWadqzYZm31HYPEvJiy9LLS49jXEDPORCaomrpK0GeVk2xRkNyZpcyFJT+HyOC1DCSdx/NIDEeFPjnfekCKOXJ5i4sTSO+ApT2UGIS7m0CLNQ0GL9KnIPTvDtepxc9vN+4yPlol7F+cQs+5FljANRJ5vUP97AgofhHZN6ZGFU2IQecdIvzr4MwHPB6lUYbST63x2kpFOzUUEY9EX37qq0e7KEQx0yCfgMOs= ceph-70bc356a-03e9-11ef-bc93-c7b262605968' | sudo tee -a /root/.ssh/authorized_keys && sudo chmod 0600 /root/.ssh/authorized_keys
2024-04-26T16:26:12.068 INFO:teuthology.orchestra.run.smithi049.stdout:ssh-rsa AAAAB3NzaC1yc2EAAAADAQABAAABgQDFJJI/z9jHqvszNg4kgFTzi90zXkLjCdlB+5YH7HFysDJU2gGck1NKNCvOKg1QTckL9bBazgipQeMnzsNJMLCXJwfUb56mPLurL/TeMm8r+/Fw1wpJf8/J3/dfmESFippn9WMns0PIyoCqx1wwe0jOp8rLa29LD8Y9X3SoZgkNNsIYy2UcuT/vBcw90pcJdgJTAM1F9QvrcB+gmcc8uo+NMiTkSQYVN/uL7IQiPAKIddyJIwxcj4atRABG6O4bcCQlxLX2qgFZtfSSw/+ea17MTjQS9YhzxWadqzYZm31HYPEvJiy9LLS49jXEDPORCaomrpK0GeVk2xRkNyZpcyFJT+HyOC1DCSdx/NIDEeFPjnfekCKOXJ5i4sTSO+ApT2UGIS7m0CLNQ0GL9KnIPTvDtepxc9vN+4yPlol7F+cQs+5FljANRJ5vUP97AgofhHZN6ZGFU2IQecdIvzr4MwHPB6lUYbST63x2kpFOzUUEY9EX37qq0e7KEQx0yCfgMOs= ceph-70bc356a-03e9-11ef-bc93-c7b262605968
2024-04-26T16:26:12.082 DEBUG:teuthology.orchestra.run.smithi087:> sudo install -d -m 0700 /root/.ssh && echo 'ssh-rsa AAAAB3NzaC1yc2EAAAADAQABAAABgQDFJJI/z9jHqvszNg4kgFTzi90zXkLjCdlB+5YH7HFysDJU2gGck1NKNCvOKg1QTckL9bBazgipQeMnzsNJMLCXJwfUb56mPLurL/TeMm8r+/Fw1wpJf8/J3/dfmESFippn9WMns0PIyoCqx1wwe0jOp8rLa29LD8Y9X3SoZgkNNsIYy2UcuT/vBcw90pcJdgJTAM1F9QvrcB+gmcc8uo+NMiTkSQYVN/uL7IQiPAKIddyJIwxcj4atRABG6O4bcCQlxLX2qgFZtfSSw/+ea17MTjQS9YhzxWadqzYZm31HYPEvJiy9LLS49jXEDPORCaomrpK0GeVk2xRkNyZpcyFJT+HyOC1DCSdx/NIDEeFPjnfekCKOXJ5i4sTSO+ApT2UGIS7m0CLNQ0GL9KnIPTvDtepxc9vN+4yPlol7F+cQs+5FljANRJ5vUP97AgofhHZN6ZGFU2IQecdIvzr4MwHPB6lUYbST63x2kpFOzUUEY9EX37qq0e7KEQx0yCfgMOs= ceph-70bc356a-03e9-11ef-bc93-c7b262605968' | sudo tee -a /root/.ssh/authorized_keys && sudo chmod 0600 /root/.ssh/authorized_keys
2024-04-26T16:26:12.122 INFO:teuthology.orchestra.run.smithi087.stdout:ssh-rsa AAAAB3NzaC1yc2EAAAADAQABAAABgQDFJJI/z9jHqvszNg4kgFTzi90zXkLjCdlB+5YH7HFysDJU2gGck1NKNCvOKg1QTckL9bBazgipQeMnzsNJMLCXJwfUb56mPLurL/TeMm8r+/Fw1wpJf8/J3/dfmESFippn9WMns0PIyoCqx1wwe0jOp8rLa29LD8Y9X3SoZgkNNsIYy2UcuT/vBcw90pcJdgJTAM1F9QvrcB+gmcc8uo+NMiTkSQYVN/uL7IQiPAKIddyJIwxcj4atRABG6O4bcCQlxLX2qgFZtfSSw/+ea17MTjQS9YhzxWadqzYZm31HYPEvJiy9LLS49jXEDPORCaomrpK0GeVk2xRkNyZpcyFJT+HyOC1DCSdx/NIDEeFPjnfekCKOXJ5i4sTSO+ApT2UGIS7m0CLNQ0GL9KnIPTvDtepxc9vN+4yPlol7F+cQs+5FljANRJ5vUP97AgofhHZN6ZGFU2IQecdIvzr4MwHPB6lUYbST63x2kpFOzUUEY9EX37qq0e7KEQx0yCfgMOs= ceph-70bc356a-03e9-11ef-bc93-c7b262605968
2024-04-26T16:26:12.134 DEBUG:teuthology.orchestra.run.smithi049:> sudo /home/ubuntu/cephtest/cephadm --image quay.io/ceph/ceph:v18.2.1 shell -c /etc/ceph/ceph.conf -k /etc/ceph/ceph.client.admin.keyring --fsid 70bc356a-03e9-11ef-bc93-c7b262605968 -- ceph config set mgr mgr/cephadm/allow_ptrace true
2024-04-26T16:26:12.357 INFO:teuthology.orchestra.run.smithi049.stderr:Inferring config /var/lib/ceph/70bc356a-03e9-11ef-bc93-c7b262605968/mon.smithi049/config
2024-04-26T16:26:12.469 INFO:journalctl@ceph.mon.smithi049.smithi049.stdout:Apr 26 16:26:12 smithi049 ceph-mon[26943]: from='client.? 172.21.15.49:0/1461478489' entity='client.admin'
2024-04-26T16:26:14.523 INFO:teuthology.orchestra.run.smithi049.stderr:2024-04-26T16:26:14.520+0000 7f34d0263700 1 -- 172.21.15.49:0/1487982062 >> [v2:172.21.15.49:3300/0,v1:172.21.15.49:6789/0] conn(0x7f34c80ff780 msgr2=0x7f34c80ffba0 secure :-1 s=STATE_CONNECTION_ESTABLISHED l=1).mark_down
2024-04-26T16:26:14.523 INFO:teuthology.orchestra.run.smithi049.stderr:2024-04-26T16:26:14.520+0000 7f34d0263700 1 --2- 172.21.15.49:0/1487982062 >> [v2:172.21.15.49:3300/0,v1:172.21.15.49:6789/0] conn(0x7f34c80ff780 0x7f34c80ffba0 secure :-1 s=READY pgs=92 cs=0 l=1 rev1=1 crypto rx=0x7f34b8009910 tx=0x7f34b8009c20 comp rx=0 tx=0).stop
2024-04-26T16:26:14.523 INFO:teuthology.orchestra.run.smithi049.stderr:2024-04-26T16:26:14.520+0000 7f34d0263700 1 -- 172.21.15.49:0/1487982062 shutdown_connections
2024-04-26T16:26:14.523 INFO:teuthology.orchestra.run.smithi049.stderr:2024-04-26T16:26:14.520+0000 7f34d0263700 1 --2- 172.21.15.49:0/1487982062 >> [v2:172.21.15.49:3300/0,v1:172.21.15.49:6789/0] conn(0x7f34c80ff780 0x7f34c80ffba0 unknown :-1 s=CLOSED pgs=92 cs=0 l=1 rev1=1 crypto rx=0 tx=0 comp rx=0 tx=0).stop
2024-04-26T16:26:14.523 INFO:teuthology.orchestra.run.smithi049.stderr:2024-04-26T16:26:14.520+0000 7f34d0263700 1 -- 172.21.15.49:0/1487982062 >> 172.21.15.49:0/1487982062 conn(0x7f34c80fad20 msgr2=0x7f34c80fd160 unknown :-1 s=STATE_NONE l=0).mark_down
2024-04-26T16:26:14.523 INFO:teuthology.orchestra.run.smithi049.stderr:2024-04-26T16:26:14.520+0000 7f34d0263700 1 -- 172.21.15.49:0/1487982062 shutdown_connections
2024-04-26T16:26:14.523 INFO:teuthology.orchestra.run.smithi049.stderr:2024-04-26T16:26:14.520+0000 7f34d0263700 1 -- 172.21.15.49:0/1487982062 wait complete.
2024-04-26T16:26:14.524 INFO:teuthology.orchestra.run.smithi049.stderr:2024-04-26T16:26:14.521+0000 7f34d0263700 1 Processor -- start
2024-04-26T16:26:14.524 INFO:teuthology.orchestra.run.smithi049.stderr:2024-04-26T16:26:14.521+0000 7f34d0263700 1 -- start start
2024-04-26T16:26:14.524 INFO:teuthology.orchestra.run.smithi049.stderr:2024-04-26T16:26:14.521+0000 7f34d0263700 1 --2- >> [v2:172.21.15.49:3300/0,v1:172.21.15.49:6789/0] conn(0x7f34c80ff780 0x7f34c8068b10 unknown :-1 s=NONE pgs=0 cs=0 l=1 rev1=0 crypto rx=0 tx=0 comp rx=0 tx=0).connect
2024-04-26T16:26:14.524 INFO:teuthology.orchestra.run.smithi049.stderr:2024-04-26T16:26:14.521+0000 7f34d0263700 1 -- --> [v2:172.21.15.49:3300/0,v1:172.21.15.49:6789/0] -- mon_getmap magic: 0 v1 -- 0x7f34c81986d0 con 0x7f34c80ff780
2024-04-26T16:26:14.524 INFO:teuthology.orchestra.run.smithi049.stderr:2024-04-26T16:26:14.521+0000 7f34cdfff700 1 --2- >> [v2:172.21.15.49:3300/0,v1:172.21.15.49:6789/0] conn(0x7f34c80ff780 0x7f34c8068b10 unknown :-1 s=BANNER_CONNECTING pgs=0 cs=0 l=1 rev1=0 crypto rx=0 tx=0 comp rx=0 tx=0)._handle_peer_banner_payload supported=3 required=0
2024-04-26T16:26:14.524 INFO:teuthology.orchestra.run.smithi049.stderr:2024-04-26T16:26:14.521+0000 7f34cdfff700 1 --2- >> [v2:172.21.15.49:3300/0,v1:172.21.15.49:6789/0] conn(0x7f34c80ff780 0x7f34c8068b10 unknown :-1 s=HELLO_CONNECTING pgs=0 cs=0 l=1 rev1=1 crypto rx=0 tx=0 comp rx=0 tx=0).handle_hello peer v2:172.21.15.49:3300/0 says I am v2:172.21.15.49:40670/0 (socket says 172.21.15.49:40670)
2024-04-26T16:26:14.524 INFO:teuthology.orchestra.run.smithi049.stderr:2024-04-26T16:26:14.521+0000 7f34cdfff700 1 -- 172.21.15.49:0/1861286920 learned_addr learned my addr 172.21.15.49:0/1861286920 (peer_addr_for_me v2:172.21.15.49:0/0)
2024-04-26T16:26:14.524 INFO:teuthology.orchestra.run.smithi049.stderr:2024-04-26T16:26:14.522+0000 7f34cdfff700 1 -- 172.21.15.49:0/1861286920 --> [v2:172.21.15.49:3300/0,v1:172.21.15.49:6789/0] -- mon_subscribe({config=0+,monmap=0+}) v3 -- 0x7f34b80095f0 con 0x7f34c80ff780
2024-04-26T16:26:14.524 INFO:teuthology.orchestra.run.smithi049.stderr:2024-04-26T16:26:14.522+0000 7f34cdfff700 1 --2- 172.21.15.49:0/1861286920 >> [v2:172.21.15.49:3300/0,v1:172.21.15.49:6789/0] conn(0x7f34c80ff780 0x7f34c8068b10 secure :-1 s=READY pgs=93 cs=0 l=1 rev1=1 crypto rx=0x7f34b8005b40 tx=0x7f34b8004740 comp rx=0 tx=0).ready entity=mon.0 client_cookie=0 server_cookie=0 in_seq=0 out_seq=0
2024-04-26T16:26:14.524 INFO:teuthology.orchestra.run.smithi049.stderr:2024-04-26T16:26:14.522+0000 7f34beffd700 1 -- 172.21.15.49:0/1861286920 <== mon.0 v2:172.21.15.49:3300/0 1 ==== mon_map magic: 0 v1 ==== 229+0+0 (secure 0 0 0) 0x7f34b801d070 con 0x7f34c80ff780
2024-04-26T16:26:14.524 INFO:teuthology.orchestra.run.smithi049.stderr:2024-04-26T16:26:14.522+0000 7f34d0263700 1 -- 172.21.15.49:0/1861286920 --> [v2:172.21.15.49:3300/0,v1:172.21.15.49:6789/0] -- mon_subscribe({mgrmap=0+}) v3 -- 0x7f34c8198810 con 0x7f34c80ff780
2024-04-26T16:26:14.524 INFO:teuthology.orchestra.run.smithi049.stderr:2024-04-26T16:26:14.522+0000 7f34beffd700 1 -- 172.21.15.49:0/1861286920 <== mon.0 v2:172.21.15.49:3300/0 2 ==== config(27 keys) v1 ==== 1101+0+0 (secure 0 0 0) 0x7f34b800be10 con 0x7f34c80ff780
2024-04-26T16:26:14.524 INFO:teuthology.orchestra.run.smithi049.stderr:2024-04-26T16:26:14.522+0000 7f34beffd700 1 -- 172.21.15.49:0/1861286920 <== mon.0 v2:172.21.15.49:3300/0 3 ==== mon_map magic: 0 v1 ==== 229+0+0 (secure 0 0 0) 0x7f34b800f460 con 0x7f34c80ff780
2024-04-26T16:26:14.524 INFO:teuthology.orchestra.run.smithi049.stderr:2024-04-26T16:26:14.522+0000 7f34d0263700 1 -- 172.21.15.49:0/1861286920 --> [v2:172.21.15.49:3300/0,v1:172.21.15.49:6789/0] -- mon_subscribe({osdmap=0}) v3 -- 0x7f34c8198cb0 con 0x7f34c80ff780
2024-04-26T16:26:14.525 INFO:teuthology.orchestra.run.smithi049.stderr:2024-04-26T16:26:14.523+0000 7f34beffd700 1 -- 172.21.15.49:0/1861286920 <== mon.0 v2:172.21.15.49:3300/0 4 ==== mgrmap(e 13) v1 ==== 45339+0+0 (secure 0 0 0) 0x7f34b800f6d0 con 0x7f34c80ff780
2024-04-26T16:26:14.525 INFO:teuthology.orchestra.run.smithi049.stderr:2024-04-26T16:26:14.523+0000 7f34d0263700 1 -- 172.21.15.49:0/1861286920 --> [v2:172.21.15.49:3300/0,v1:172.21.15.49:6789/0] -- mon_command({"prefix": "get_command_descriptions"} v 0) v1 -- 0x7f34c8062430 con 0x7f34c80ff780
2024-04-26T16:26:14.525 INFO:teuthology.orchestra.run.smithi049.stderr:2024-04-26T16:26:14.523+0000 7f34beffd700 1 --2- 172.21.15.49:0/1861286920 >> [v2:172.21.15.49:6800/2244834699,v1:172.21.15.49:6801/2244834699] conn(0x7f34b40383c0 0x7f34b403a880 unknown :-1 s=NONE pgs=0 cs=0 l=1 rev1=0 crypto rx=0 tx=0 comp rx=0 tx=0).connect
2024-04-26T16:26:14.526 INFO:teuthology.orchestra.run.smithi049.stderr:2024-04-26T16:26:14.523+0000 7f34beffd700 1 -- 172.21.15.49:0/1861286920 <== mon.0 v2:172.21.15.49:3300/0 5 ==== osd_map(3..3 src has 1..3) v4 ==== 1155+0+0 (secure 0 0 0) 0x7f34b804c4f0 con 0x7f34c80ff780
2024-04-26T16:26:14.526 INFO:teuthology.orchestra.run.smithi049.stderr:2024-04-26T16:26:14.523+0000 7f34cd7fe700 1 --2- 172.21.15.49:0/1861286920 >> [v2:172.21.15.49:6800/2244834699,v1:172.21.15.49:6801/2244834699] conn(0x7f34b40383c0 0x7f34b403a880 unknown :-1 s=BANNER_CONNECTING pgs=0 cs=0 l=1 rev1=0 crypto rx=0 tx=0 comp rx=0 tx=0)._handle_peer_banner_payload supported=3 required=0
2024-04-26T16:26:14.526 INFO:teuthology.orchestra.run.smithi049.stderr:2024-04-26T16:26:14.524+0000 7f34cd7fe700 1 --2- 172.21.15.49:0/1861286920 >> [v2:172.21.15.49:6800/2244834699,v1:172.21.15.49:6801/2244834699] conn(0x7f34b40383c0 0x7f34b403a880 secure :-1 s=READY pgs=12 cs=0 l=1 rev1=1 crypto rx=0x7f34c4006fd0 tx=0x7f34c4006e40 comp rx=0 tx=0).ready entity=mgr.14164 client_cookie=0 server_cookie=0 in_seq=0 out_seq=0
2024-04-26T16:26:14.533 INFO:teuthology.orchestra.run.smithi049.stderr:2024-04-26T16:26:14.532+0000 7f34beffd700 1 -- 172.21.15.49:0/1861286920 <== mon.0 v2:172.21.15.49:3300/0 6 ==== mon_command_ack([{"prefix": "get_command_descriptions"}]=0 v0) v1 ==== 72+0+180422 (secure 0 0 0) 0x7f34c8062430 con 0x7f34c80ff780
2024-04-26T16:26:14.745 INFO:teuthology.orchestra.run.smithi049.stderr:2024-04-26T16:26:14.745+0000 7f34d0263700 1 -- 172.21.15.49:0/1861286920 --> [v2:172.21.15.49:3300/0,v1:172.21.15.49:6789/0] -- mon_command([{prefix=config set, name=mgr/cephadm/allow_ptrace}] v 0) v1 -- 0x7f34c802cff0 con 0x7f34c80ff780
2024-04-26T16:26:14.748 INFO:teuthology.orchestra.run.smithi049.stderr:2024-04-26T16:26:14.748+0000 7f34beffd700 1 -- 172.21.15.49:0/1861286920 <== mon.0 v2:172.21.15.49:3300/0 7 ==== mon_command_ack([{prefix=config set, name=mgr/cephadm/allow_ptrace}]=0 v9)=0 v9) v1 ==== 125+0+0 (secure 0 0 0) 0x7f34b8027070 con 0x7f34c80ff780
2024-04-26T16:26:14.751 INFO:teuthology.orchestra.run.smithi049.stderr:2024-04-26T16:26:14.750+0000 7f34d0263700 1 -- 172.21.15.49:0/1861286920 >> [v2:172.21.15.49:6800/2244834699,v1:172.21.15.49:6801/2244834699] conn(0x7f34b40383c0 msgr2=0x7f34b403a880 secure :-1 s=STATE_CONNECTION_ESTABLISHED l=1).mark_down
2024-04-26T16:26:14.751 INFO:teuthology.orchestra.run.smithi049.stderr:2024-04-26T16:26:14.750+0000 7f34d0263700 1 --2- 172.21.15.49:0/1861286920 >> [v2:172.21.15.49:6800/2244834699,v1:172.21.15.49:6801/2244834699] conn(0x7f34b40383c0 0x7f34b403a880 secure :-1 s=READY pgs=12 cs=0 l=1 rev1=1 crypto rx=0x7f34c4006fd0 tx=0x7f34c4006e40 comp rx=0 tx=0).stop
2024-04-26T16:26:14.751 INFO:teuthology.orchestra.run.smithi049.stderr:2024-04-26T16:26:14.750+0000 7f34d0263700 1 -- 172.21.15.49:0/1861286920 >> [v2:172.21.15.49:3300/0,v1:172.21.15.49:6789/0] conn(0x7f34c80ff780 msgr2=0x7f34c8068b10 secure :-1 s=STATE_CONNECTION_ESTABLISHED l=1).mark_down
2024-04-26T16:26:14.751 INFO:teuthology.orchestra.run.smithi049.stderr:2024-04-26T16:26:14.750+0000 7f34d0263700 1 --2- 172.21.15.49:0/1861286920 >> [v2:172.21.15.49:3300/0,v1:172.21.15.49:6789/0] conn(0x7f34c80ff780 0x7f34c8068b10 secure :-1 s=READY pgs=93 cs=0 l=1 rev1=1 crypto rx=0x7f34b8005b40 tx=0x7f34b8004740 comp rx=0 tx=0).stop
2024-04-26T16:26:14.751 INFO:teuthology.orchestra.run.smithi049.stderr:2024-04-26T16:26:14.750+0000 7f34d0263700 1 -- 172.21.15.49:0/1861286920 shutdown_connections
2024-04-26T16:26:14.751 INFO:teuthology.orchestra.run.smithi049.stderr:2024-04-26T16:26:14.750+0000 7f34d0263700 1 --2- 172.21.15.49:0/1861286920 >> [v2:172.21.15.49:6800/2244834699,v1:172.21.15.49:6801/2244834699] conn(0x7f34b40383c0 0x7f34b403a880 unknown :-1 s=CLOSED pgs=12 cs=0 l=1 rev1=1 crypto rx=0 tx=0 comp rx=0 tx=0).stop
2024-04-26T16:26:14.751 INFO:teuthology.orchestra.run.smithi049.stderr:2024-04-26T16:26:14.750+0000 7f34d0263700 1 --2- 172.21.15.49:0/1861286920 >> [v2:172.21.15.49:3300/0,v1:172.21.15.49:6789/0] conn(0x7f34c80ff780 0x7f34c8068b10 unknown :-1 s=CLOSED pgs=93 cs=0 l=1 rev1=1 crypto rx=0 tx=0 comp rx=0 tx=0).stop
2024-04-26T16:26:14.751 INFO:teuthology.orchestra.run.smithi049.stderr:2024-04-26T16:26:14.750+0000 7f34d0263700 1 -- 172.21.15.49:0/1861286920 >> 172.21.15.49:0/1861286920 conn(0x7f34c80fad20 msgr2=0x7f34c80fba00 unknown :-1 s=STATE_NONE l=0).mark_down
2024-04-26T16:26:14.751 INFO:teuthology.orchestra.run.smithi049.stderr:2024-04-26T16:26:14.750+0000 7f34d0263700 1 -- 172.21.15.49:0/1861286920 shutdown_connections
2024-04-26T16:26:14.751 INFO:teuthology.orchestra.run.smithi049.stderr:2024-04-26T16:26:14.750+0000 7f34d0263700 1 -- 172.21.15.49:0/1861286920 wait complete.
2024-04-26T16:26:14.904 INFO:journalctl@ceph.mon.smithi049.smithi049.stdout:Apr 26 16:26:14 smithi049 ceph-mon[26943]: from='mgr.14164 172.21.15.49:0/3858754201' entity='mgr.smithi049.jxiovg'
2024-04-26T16:26:14.904 INFO:journalctl@ceph.mon.smithi049.smithi049.stdout:Apr 26 16:26:14 smithi049 ceph-mon[26943]: from='mgr.14164 172.21.15.49:0/3858754201' entity='mgr.smithi049.jxiovg'
2024-04-26T16:26:14.904 INFO:journalctl@ceph.mon.smithi049.smithi049.stdout:Apr 26 16:26:14 smithi049 ceph-mon[26943]: from='mgr.14164 172.21.15.49:0/3858754201' entity='mgr.smithi049.jxiovg' cmd=[{"prefix": "config rm", "who": "osd/host:smithi049", "name": "osd_memory_target"}]: dispatch
2024-04-26T16:26:14.904 INFO:journalctl@ceph.mon.smithi049.smithi049.stdout:Apr 26 16:26:14 smithi049 ceph-mon[26943]: from='mgr.14164 172.21.15.49:0/3858754201' entity='mgr.smithi049.jxiovg'
2024-04-26T16:26:14.904 INFO:journalctl@ceph.mon.smithi049.smithi049.stdout:Apr 26 16:26:14 smithi049 ceph-mon[26943]: from='mgr.14164 172.21.15.49:0/3858754201' entity='mgr.smithi049.jxiovg' cmd=[{"prefix": "auth get-or-create", "entity": "client.ceph-exporter.smithi049", "caps": ["mon", "profile ceph-exporter", "mon", "allow r", "mgr", "allow r", "osd", "allow r"]}]: dispatch
2024-04-26T16:26:14.905 INFO:journalctl@ceph.mon.smithi049.smithi049.stdout:Apr 26 16:26:14 smithi049 ceph-mon[26943]: from='mgr.14164 172.21.15.49:0/3858754201' entity='mgr.smithi049.jxiovg' cmd='[{"prefix": "auth get-or-create", "entity": "client.ceph-exporter.smithi049", "caps": ["mon", "profile ceph-exporter", "mon", "allow r", "mgr", "allow r", "osd", "allow r"]}]': finished
2024-04-26T16:26:14.905 INFO:journalctl@ceph.mon.smithi049.smithi049.stdout:Apr 26 16:26:14 smithi049 ceph-mon[26943]: from='mgr.14164 172.21.15.49:0/3858754201' entity='mgr.smithi049.jxiovg' cmd=[{"prefix": "config generate-minimal-conf"}]: dispatch
2024-04-26T16:26:14.905 INFO:journalctl@ceph.mon.smithi049.smithi049.stdout:Apr 26 16:26:14 smithi049 ceph-mon[26943]: Deploying daemon ceph-exporter.smithi049 on smithi049
