2024-04-26T16:31:45.293 INFO:teuthology.orchestra.run.smithi022.stdout:Wrote public SSH key to /home/ubuntu/cephtest/ceph.pub
2024-04-26T16:31:45.293 INFO:teuthology.orchestra.run.smithi022.stdout:Adding key to root@localhost authorized_keys...
2024-04-26T16:31:45.294 INFO:teuthology.orchestra.run.smithi022.stdout:Adding host smithi022...
2024-04-26T16:31:45.916 INFO:journalctl@ceph.mon.smithi022.smithi022.stdout:Apr 26 16:31:45 smithi022 ceph-mon[26607]: from='client.14138 -' entity='client.admin' cmd=[{"prefix": "cephadm get-pub-key", "target": ["mon-mgr", ""]}]: dispatch
2024-04-26T16:31:47.083 INFO:journalctl@ceph.mon.smithi022.smithi022.stdout:Apr 26 16:31:46 smithi022 ceph-mon[26607]: from='client.14140 -' entity='client.admin' cmd=[{"prefix": "orch host add", "hostname": "smithi022", "addr": "172.21.15.22", "target": ["mon-mgr", ""]}]: dispatch
2024-04-26T16:31:47.083 INFO:journalctl@ceph.mon.smithi022.smithi022.stdout:Apr 26 16:31:46 smithi022 ceph-mon[26607]: Deploying cephadm binary to smithi022
2024-04-26T16:31:48.362 INFO:teuthology.orchestra.run.smithi022.stdout:/usr/bin/ceph: stdout Added host 'smithi022' with addr '172.21.15.22'
2024-04-26T16:31:48.362 INFO:teuthology.orchestra.run.smithi022.stdout:/usr/bin/ceph: stderr
2024-04-26T16:31:45.705+0000 7ffbc6945700 1 Processor -- start
2024-04-26T16:31:48.362 INFO:teuthology.orchestra.run.smithi022.stdout:/usr/bin/ceph: stderr
2024-04-26T16:31:45.705+0000 7ffbc6945700 1 -- start start
2024-04-26T16:31:48.362 INFO:teuthology.orchestra.run.smithi022.stdout:/usr/bin/ceph: stderr
2024-04-26T16:31:45.705+0000 7ffbc6945700 1 --2- >> [v2:172.21.15.22:3300/0,v1:172.21.15.22:6789/0] conn(0x7ffbc0101730 0x7ffbc0101b40 unknown :-1 s=NONE pgs=0 cs=0 l=0 rev1=0 crypto rx=0 tx=0 comp rx=0 tx=0).connect
2024-04-26T16:31:48.362 INFO:teuthology.orchestra.run.smithi022.stdout:/usr/bin/ceph: stderr
2024-04-26T16:31:45.705+0000 7ffbc6945700 1 -- --> [v2:172.21.15.22:3300/0,v1:172.21.15.22:6789/0] -- mon_getmap magic: 0 v1 -- 0x7ffbc0102080 con 0x7ffbc0101730
2024-04-26T16:31:48.362 INFO:teuthology.orchestra.run.smithi022.stdout:/usr/bin/ceph: stderr
2024-04-26T16:31:45.705+0000 7ffbbffff700 1 --2- >> [v2:172.21.15.22:3300/0,v1:172.21.15.22:6789/0] conn(0x7ffbc0101730 0x7ffbc0101b40 unknown :-1 s=BANNER_CONNECTING pgs=0 cs=0 l=0 rev1=0 crypto rx=0 tx=0 comp rx=0 tx=0)._handle_peer_banner_payload supported=3 required=0
2024-04-26T16:31:48.363 INFO:teuthology.orchestra.run.smithi022.stdout:/usr/bin/ceph: stderr
2024-04-26T16:31:45.705+0000 7ffbbffff700 1 --2- >> [v2:172.21.15.22:3300/0,v1:172.21.15.22:6789/0] conn(0x7ffbc0101730 0x7ffbc0101b40 unknown :-1 s=HELLO_CONNECTING pgs=0 cs=0 l=0 rev1=1 crypto rx=0 tx=0 comp rx=0 tx=0).handle_hello peer v2:172.21.15.22:3300/0 says I am v2:172.21.15.22:37484/0 (socket says 172.21.15.22:37484)
2024-04-26T16:31:48.363 INFO:teuthology.orchestra.run.smithi022.stdout:/usr/bin/ceph: stderr
2024-04-26T16:31:45.705+0000 7ffbbffff700 1 -- 172.21.15.22:0/3791953951 learned_addr learned my addr 172.21.15.22:0/3791953951 (peer_addr_for_me v2:172.21.15.22:0/0)
2024-04-26T16:31:48.363 INFO:teuthology.orchestra.run.smithi022.stdout:/usr/bin/ceph: stderr
2024-04-26T16:31:45.706+0000 7ffbbffff700 1 -- 172.21.15.22:0/3791953951 --> [v2:172.21.15.22:3300/0,v1:172.21.15.22:6789/0] -- mon_subscribe({config=0+,monmap=0+}) v3 -- 0x7ffbc01021c0 con 0x7ffbc0101730
2024-04-26T16:31:48.363 INFO:teuthology.orchestra.run.smithi022.stdout:/usr/bin/ceph: stderr
2024-04-26T16:31:45.706+0000 7ffbbffff700 1 --2- 172.21.15.22:0/3791953951 >> [v2:172.21.15.22:3300/0,v1:172.21.15.22:6789/0] conn(0x7ffbc0101730 0x7ffbc0101b40 secure :-1 s=READY pgs=45 cs=0 l=1 rev1=1 crypto rx=0x7ffbb00098e0 tx=0x7ffbb0009250 comp rx=0 tx=0).ready entity=mon.0 client_cookie=d4e8935c0ea61779 server_cookie=0 in_seq=0 out_seq=0
2024-04-26T16:31:48.363 INFO:teuthology.orchestra.run.smithi022.stdout:/usr/bin/ceph: stderr
2024-04-26T16:31:45.706+0000 7ffbbeffd700 1 -- 172.21.15.22:0/3791953951 <== mon.0 v2:172.21.15.22:3300/0 1 ==== mon_map magic: 0 v1 ==== 229+0+0 (secure 0 0 0) 0x7ffbb000b860 con 0x7ffbc0101730
2024-04-26T16:31:48.363 INFO:teuthology.orchestra.run.smithi022.stdout:/usr/bin/ceph: stderr
2024-04-26T16:31:45.706+0000 7ffbbeffd700 1 -- 172.21.15.22:0/3791953951 <== mon.0 v2:172.21.15.22:3300/0 2 ==== config(27 keys) v1 ==== 1044+0+0 (secure 0 0 0) 0x7ffbb000be50 con 0x7ffbc0101730
2024-04-26T16:31:48.363 INFO:teuthology.orchestra.run.smithi022.stdout:/usr/bin/ceph: stderr
2024-04-26T16:31:45.706+0000 7ffbbeffd700 1 -- 172.21.15.22:0/3791953951 <== mon.0 v2:172.21.15.22:3300/0 3 ==== mon_map magic: 0 v1 ==== 229+0+0 (secure 0 0 0) 0x7ffbb0010380 con 0x7ffbc0101730
2024-04-26T16:31:48.363 INFO:teuthology.orchestra.run.smithi022.stdout:/usr/bin/ceph: stderr
2024-04-26T16:31:45.707+0000 7ffbc6945700 1 -- 172.21.15.22:0/3791953951 >> [v2:172.21.15.22:3300/0,v1:172.21.15.22:6789/0] conn(0x7ffbc0101730 msgr2=0x7ffbc0101b40 secure :-1 s=STATE_CONNECTION_ESTABLISHED l=1).mark_down
2024-04-26T16:31:48.363 INFO:teuthology.orchestra.run.smithi022.stdout:/usr/bin/ceph: stderr
2024-04-26T16:31:45.707+0000 7ffbc6945700 1 --2- 172.21.15.22:0/3791953951 >> [v2:172.21.15.22:3300/0,v1:172.21.15.22:6789/0] conn(0x7ffbc0101730 0x7ffbc0101b40 secure :-1 s=READY pgs=45 cs=0 l=1 rev1=1 crypto rx=0x7ffbb00098e0 tx=0x7ffbb0009250 comp rx=0 tx=0).stop
2024-04-26T16:31:48.363 INFO:teuthology.orchestra.run.smithi022.stdout:/usr/bin/ceph: stderr
2024-04-26T16:31:45.707+0000 7ffbc6945700 1 -- 172.21.15.22:0/3791953951 shutdown_connections
2024-04-26T16:31:48.363 INFO:teuthology.orchestra.run.smithi022.stdout:/usr/bin/ceph: stderr
2024-04-26T16:31:45.707+0000 7ffbc6945700 1 --2- 172.21.15.22:0/3791953951 >> [v2:172.21.15.22:3300/0,v1:172.21.15.22:6789/0] conn(0x7ffbc0101730 0x7ffbc0101b40 unknown :-1 s=CLOSED pgs=45 cs=0 l=1 rev1=1 crypto rx=0 tx=0 comp rx=0 tx=0).stop
2024-04-26T16:31:48.363 INFO:teuthology.orchestra.run.smithi022.stdout:/usr/bin/ceph: stderr
2024-04-26T16:31:45.707+0000 7ffbc6945700 1 -- 172.21.15.22:0/3791953951 >> 172.21.15.22:0/3791953951 conn(0x7ffbc00fcef0 msgr2=0x7ffbc00ff300 unknown :-1 s=STATE_NONE l=0).mark_down
2024-04-26T16:31:48.363 INFO:teuthology.orchestra.run.smithi022.stdout:/usr/bin/ceph: stderr
2024-04-26T16:31:45.707+0000 7ffbc6945700 1 -- 172.21.15.22:0/3791953951 shutdown_connections
2024-04-26T16:31:48.363 INFO:teuthology.orchestra.run.smithi022.stdout:/usr/bin/ceph: stderr
2024-04-26T16:31:45.707+0000 7ffbc6945700 1 -- 172.21.15.22:0/3791953951 wait complete.
2024-04-26T16:31:48.364 INFO:teuthology.orchestra.run.smithi022.stdout:/usr/bin/ceph: stderr
2024-04-26T16:31:45.707+0000 7ffbc6945700 1 Processor -- start
2024-04-26T16:31:48.364 INFO:teuthology.orchestra.run.smithi022.stdout:/usr/bin/ceph: stderr
2024-04-26T16:31:45.708+0000 7ffbc6945700 1 -- start start
2024-04-26T16:31:48.364 INFO:teuthology.orchestra.run.smithi022.stdout:/usr/bin/ceph: stderr
2024-04-26T16:31:45.708+0000 7ffbc6945700 1 --2- >> [v2:172.21.15.22:3300/0,v1:172.21.15.22:6789/0] conn(0x7ffbc0101730 0x7ffbc0076b20 unknown :-1 s=NONE pgs=0 cs=0 l=1 rev1=0 crypto rx=0 tx=0 comp rx=0 tx=0).connect
2024-04-26T16:31:48.364 INFO:teuthology.orchestra.run.smithi022.stdout:/usr/bin/ceph: stderr
2024-04-26T16:31:45.708+0000 7ffbc6945700 1 -- --> [v2:172.21.15.22:3300/0,v1:172.21.15.22:6789/0] -- mon_getmap magic: 0 v1 -- 0x7ffbc01142d0 con 0x7ffbc0101730
2024-04-26T16:31:48.364 INFO:teuthology.orchestra.run.smithi022.stdout:/usr/bin/ceph: stderr
2024-04-26T16:31:45.708+0000 7ffbbffff700 1 --2- >> [v2:172.21.15.22:3300/0,v1:172.21.15.22:6789/0] conn(0x7ffbc0101730 0x7ffbc0076b20 unknown :-1 s=BANNER_CONNECTING pgs=0 cs=0 l=1 rev1=0 crypto rx=0 tx=0 comp rx=0 tx=0)._handle_peer_banner_payload supported=3 required=0
2024-04-26T16:31:48.364 INFO:teuthology.orchestra.run.smithi022.stdout:/usr/bin/ceph: stderr
2024-04-26T16:31:45.708+0000 7ffbbffff700 1 --2- >> [v2:172.21.15.22:3300/0,v1:172.21.15.22:6789/0] conn(0x7ffbc0101730 0x7ffbc0076b20 unknown :-1 s=HELLO_CONNECTING pgs=0 cs=0 l=1 rev1=1 crypto rx=0 tx=0 comp rx=0 tx=0).handle_hello peer v2:172.21.15.22:3300/0 says I am v2:172.21.15.22:37490/0 (socket says 172.21.15.22:37490)
2024-04-26T16:31:48.364 INFO:teuthology.orchestra.run.smithi022.stdout:/usr/bin/ceph: stderr
2024-04-26T16:31:45.708+0000 7ffbbffff700 1 -- 172.21.15.22:0/3350083966 learned_addr learned my addr 172.21.15.22:0/3350083966 (peer_addr_for_me v2:172.21.15.22:0/0)
2024-04-26T16:31:48.364 INFO:teuthology.orchestra.run.smithi022.stdout:/usr/bin/ceph: stderr
2024-04-26T16:31:45.708+0000 7ffbbffff700 1 -- 172.21.15.22:0/3350083966 --> [v2:172.21.15.22:3300/0,v1:172.21.15.22:6789/0] -- mon_subscribe({config=0+,monmap=0+}) v3 -- 0x7ffbb00094f0 con 0x7ffbc0101730
2024-04-26T16:31:48.364 INFO:teuthology.orchestra.run.smithi022.stdout:/usr/bin/ceph: stderr
2024-04-26T16:31:45.708+0000 7ffbbffff700 1 --2- 172.21.15.22:0/3350083966 >> [v2:172.21.15.22:3300/0,v1:172.21.15.22:6789/0] conn(0x7ffbc0101730 0x7ffbc0076b20 secure :-1 s=READY pgs=46 cs=0 l=1 rev1=1 crypto rx=0x7ffbb0000c00 tx=0x7ffbb0009250 comp rx=0 tx=0).ready entity=mon.0 client_cookie=0 server_cookie=0 in_seq=0 out_seq=0
2024-04-26T16:31:48.364 INFO:teuthology.orchestra.run.smithi022.stdout:/usr/bin/ceph: stderr
2024-04-26T16:31:45.708+0000 7ffbbcff9700 1 -- 172.21.15.22:0/3350083966 <== mon.0 v2:172.21.15.22:3300/0 1 ==== mon_map magic: 0 v1 ==== 229+0+0 (secure 0 0 0) 0x7ffbb00107c0 con 0x7ffbc0101730
2024-04-26T16:31:48.364 INFO:teuthology.orchestra.run.smithi022.stdout:/usr/bin/ceph: stderr
2024-04-26T16:31:45.709+0000 7ffbc6945700 1 -- 172.21.15.22:0/3350083966 --> [v2:172.21.15.22:3300/0,v1:172.21.15.22:6789/0] -- mon_subscribe({mgrmap=0+}) v3 -- 0x7ffbc0114410 con 0x7ffbc0101730
2024-04-26T16:31:48.364 INFO:teuthology.orchestra.run.smithi022.stdout:/usr/bin/ceph: stderr
2024-04-26T16:31:45.709+0000 7ffbbcff9700 1 -- 172.21.15.22:0/3350083966 <== mon.0 v2:172.21.15.22:3300/0 2 ==== config(27 keys) v1 ==== 1044+0+0 (secure 0 0 0) 0x7ffbb0010db0 con 0x7ffbc0101730
2024-04-26T16:31:48.364 INFO:teuthology.orchestra.run.smithi022.stdout:/usr/bin/ceph: stderr
2024-04-26T16:31:45.709+0000 7ffbbcff9700 1 -- 172.21.15.22:0/3350083966 <== mon.0 v2:172.21.15.22:3300/0 3 ==== mon_map magic: 0 v1 ==== 229+0+0 (secure 0 0 0) 0x7ffbb001ad00 con 0x7ffbc0101730
2024-04-26T16:31:48.364 INFO:teuthology.orchestra.run.smithi022.stdout:/usr/bin/ceph: stderr
2024-04-26T16:31:45.709+0000 7ffbc6945700 1 -- 172.21.15.22:0/3350083966 --> [v2:172.21.15.22:3300/0,v1:172.21.15.22:6789/0] -- mon_subscribe({osdmap=0}) v3 -- 0x7ffbc01148a0 con 0x7ffbc0101730
2024-04-26T16:31:48.364 INFO:teuthology.orchestra.run.smithi022.stdout:/usr/bin/ceph: stderr
2024-04-26T16:31:45.709+0000 7ffbbcff9700 1 -- 172.21.15.22:0/3350083966 <== mon.0 v2:172.21.15.22:3300/0 4 ==== mgrmap(e 8) v1 ==== 43376+0+0 (secure 0 0 0) 0x7ffbb00193c0 con 0x7ffbc0101730
2024-04-26T16:31:48.365 INFO:teuthology.orchestra.run.smithi022.stdout:/usr/bin/ceph: stderr
2024-04-26T16:31:45.710+0000 7ffbc6945700 1 -- 172.21.15.22:0/3350083966 --> [v2:172.21.15.22:3300/0,v1:172.21.15.22:6789/0] -- mon_command({"prefix": "get_command_descriptions"} v 0) v1 -- 0x7ffbc004bed0 con 0x7ffbc0101730
2024-04-26T16:31:48.365 INFO:teuthology.orchestra.run.smithi022.stdout:/usr/bin/ceph: stderr
2024-04-26T16:31:45.710+0000 7ffbbcff9700 1 --2- 172.21.15.22:0/3350083966 >> [v2:172.21.15.22:6800/2209392397,v1:172.21.15.22:6801/2209392397] conn(0x7ffba8036850 0x7ffba8038d00 unknown :-1 s=NONE pgs=0 cs=0 l=1 rev1=0 crypto rx=0 tx=0 comp rx=0 tx=0).connect
2024-04-26T16:31:48.365 INFO:teuthology.orchestra.run.smithi022.stdout:/usr/bin/ceph: stderr
2024-04-26T16:31:45.710+0000 7ffbbcff9700 1 -- 172.21.15.22:0/3350083966 <== mon.0 v2:172.21.15.22:3300/0 5 ==== osd_map(2..2 src has 1..2) v4 ==== 936+0+0 (secure 0 0 0) 0x7ffbb004a720 con 0x7ffbc0101730
2024-04-26T16:31:48.365 INFO:teuthology.orchestra.run.smithi022.stdout:/usr/bin/ceph: stderr
2024-04-26T16:31:45.710+0000 7ffbbf7fe700 1 --2- 172.21.15.22:0/3350083966 >> [v2:172.21.15.22:6800/2209392397,v1:172.21.15.22:6801/2209392397] conn(0x7ffba8036850 0x7ffba8038d00 unknown :-1 s=BANNER_CONNECTING pgs=0 cs=0 l=1 rev1=0 crypto rx=0 tx=0 comp rx=0 tx=0)._handle_peer_banner_payload supported=3 required=0
2024-04-26T16:31:48.365 INFO:teuthology.orchestra.run.smithi022.stdout:/usr/bin/ceph: stderr
2024-04-26T16:31:45.710+0000 7ffbbf7fe700 1 --2- 172.21.15.22:0/3350083966 >> [v2:172.21.15.22:6800/2209392397,v1:172.21.15.22:6801/2209392397] conn(0x7ffba8036850 0x7ffba8038d00 secure :-1 s=READY pgs=11 cs=0 l=1 rev1=1 crypto rx=0x7ffbb4009990 tx=0x7ffbb4006e40 comp rx=0 tx=0).ready entity=mgr.14120 client_cookie=0 server_cookie=0 in_seq=0 out_seq=0
2024-04-26T16:31:48.365 INFO:teuthology.orchestra.run.smithi022.stdout:/usr/bin/ceph: stderr
2024-04-26T16:31:45.714+0000 7ffbbcff9700 1 -- 172.21.15.22:0/3350083966 <== mon.0 v2:172.21.15.22:3300/0 6 ==== mon_command_ack([{"prefix": "get_command_descriptions"}]=0 v0) v1 ==== 72+0+176702 (secure 0 0 0) 0x7ffbb0022930 con 0x7ffbc0101730
2024-04-26T16:31:48.365 INFO:teuthology.orchestra.run.smithi022.stdout:/usr/bin/ceph: stderr
2024-04-26T16:31:45.915+0000 7ffbc6945700 1 -- 172.21.15.22:0/3350083966 --> [v2:172.21.15.22:6800/2209392397,v1:172.21.15.22:6801/2209392397] -- mgr_command(tid 0: {"prefix": "orch host add", "hostname": "smithi022", "addr": "172.21.15.22", "target": ["mon-mgr", ""]}) v1 -- 0x7ffbc00fe0e0 con 0x7ffba8036850
2024-04-26T16:31:48.365 INFO:teuthology.orchestra.run.smithi022.stdout:/usr/bin/ceph: stderr
2024-04-26T16:31:47.759+0000 7ffbbcff9700 1 -- 172.21.15.22:0/3350083966 <== mgr.14120 v2:172.21.15.22:6800/2209392397 1 ==== mgr_command_reply(tid 0: 0 ) v1 ==== 8+0+48 (secure 0 0 0) 0x7ffbc00fe0e0 con 0x7ffba8036850
2024-04-26T16:31:48.365 INFO:teuthology.orchestra.run.smithi022.stdout:/usr/bin/ceph: stderr
2024-04-26T16:31:47.762+0000 7ffbc6945700 1 -- 172.21.15.22:0/3350083966 >> [v2:172.21.15.22:6800/2209392397,v1:172.21.15.22:6801/2209392397] conn(0x7ffba8036850 msgr2=0x7ffba8038d00 secure :-1 s=STATE_CONNECTION_ESTABLISHED l=1).mark_down
2024-04-26T16:31:48.365 INFO:teuthology.orchestra.run.smithi022.stdout:/usr/bin/ceph: stderr
2024-04-26T16:31:47.762+0000 7ffbc6945700 1 --2- 172.21.15.22:0/3350083966 >> [v2:172.21.15.22:6800/2209392397,v1:172.21.15.22:6801/2209392397] conn(0x7ffba8036850 0x7ffba8038d00 secure :-1 s=READY pgs=11 cs=0 l=1 rev1=1 crypto rx=0x7ffbb4009990 tx=0x7ffbb4006e40 comp rx=0 tx=0).stop
2024-04-26T16:31:48.365 INFO:teuthology.orchestra.run.smithi022.stdout:/usr/bin/ceph: stderr
2024-04-26T16:31:47.762+0000 7ffbc6945700 1 -- 172.21.15.22:0/3350083966 >> [v2:172.21.15.22:3300/0,v1:172.21.15.22:6789/0] conn(0x7ffbc0101730 msgr2=0x7ffbc0076b20 secure :-1 s=STATE_CONNECTION_ESTABLISHED l=1).mark_down
2024-04-26T16:31:48.365 INFO:teuthology.orchestra.run.smithi022.stdout:/usr/bin/ceph: stderr
2024-04-26T16:31:47.762+0000 7ffbc6945700 1 --2- 172.21.15.22:0/3350083966 >> [v2:172.21.15.22:3300/0,v1:172.21.15.22:6789/0] conn(0x7ffbc0101730 0x7ffbc0076b20 secure :-1 s=READY pgs=46 cs=0 l=1 rev1=1 crypto rx=0x7ffbb0000c00 tx=0x7ffbb0009250 comp rx=0 tx=0).stop
2024-04-26T16:31:48.365 INFO:teuthology.orchestra.run.smithi022.stdout:/usr/bin/ceph: stderr
2024-04-26T16:31:47.762+0000 7ffbc6945700 1 -- 172.21.15.22:0/3350083966 shutdown_connections
2024-04-26T16:31:48.365 INFO:teuthology.orchestra.run.smithi022.stdout:/usr/bin/ceph: stderr
2024-04-26T16:31:47.762+0000 7ffbc6945700 1 --2- 172.21.15.22:0/3350083966 >> [v2:172.21.15.22:6800/2209392397,v1:172.21.15.22:6801/2209392397] conn(0x7ffba8036850 0x7ffba8038d00 unknown :-1 s=CLOSED pgs=11 cs=0 l=1 rev1=1 crypto rx=0 tx=0 comp rx=0 tx=0).stop
2024-04-26T16:31:48.366 INFO:teuthology.orchestra.run.smithi022.stdout:/usr/bin/ceph: stderr
2024-04-26T16:31:47.762+0000 7ffbc6945700 1 --2- 172.21.15.22:0/3350083966 >> [v2:172.21.15.22:3300/0,v1:172.21.15.22:6789/0] conn(0x7ffbc0101730 0x7ffbc0076b20 unknown :-1 s=CLOSED pgs=46 cs=0 l=1 rev1=1 crypto rx=0 tx=0 comp rx=0 tx=0).stop
2024-04-26T16:31:48.366 INFO:teuthology.orchestra.run.smithi022.stdout:/usr/bin/ceph: stderr
2024-04-26T16:31:47.762+0000 7ffbc6945700 1 -- 172.21.15.22:0/3350083966 >> 172.21.15.22:0/3350083966 conn(0x7ffbc00fcef0 msgr2=0x7ffbc00fd9d0 unknown :-1 s=STATE_NONE l=0).mark_down
2024-04-26T16:31:48.366 INFO:teuthology.orchestra.run.smithi022.stdout:/usr/bin/ceph: stderr
2024-04-26T16:31:47.762+0000 7ffbc6945700 1 -- 172.21.15.22:0/3350083966 shutdown_connections
2024-04-26T16:31:48.366 INFO:teuthology.orchestra.run.smithi022.stdout:/usr/bin/ceph: stderr
2024-04-26T16:31:47.762+0000 7ffbc6945700 1 -- 172.21.15.22:0/3350083966 wait complete.
2024-04-26T16:31:48.366 INFO:teuthology.orchestra.run.smithi022.stdout:Deploying mon service with default placement...
2024-04-26T16:31:49.069 INFO:journalctl@ceph.mon.smithi022.smithi022.stdout:Apr 26 16:31:48 smithi022 ceph-mon[26607]: from='mgr.14120 172.21.15.22:0/2154396265' entity='mgr.smithi022.fxzhqg'
2024-04-26T16:31:49.070 INFO:journalctl@ceph.mon.smithi022.smithi022.stdout:Apr 26 16:31:48 smithi022 ceph-mon[26607]: Added host smithi022
2024-04-26T16:31:49.070 INFO:journalctl@ceph.mon.smithi022.smithi022.stdout:Apr 26 16:31:48 smithi022 ceph-mon[26607]: from='mgr.14120 172.21.15.22:0/2154396265' entity='mgr.smithi022.fxzhqg' cmd=[{"prefix": "config dump", "format": "json"}]: dispatch
2024-04-26T16:31:50.333 INFO:journalctl@ceph.mon.smithi022.smithi022.stdout:Apr 26 16:31:50 smithi022 ceph-mon[26607]: from='client.14142 -' entity='client.admin' cmd=[{"prefix": "orch apply", "service_type": "mon", "target": ["mon-mgr", ""]}]: dispatch
2024-04-26T16:31:50.333 INFO:journalctl@ceph.mon.smithi022.smithi022.stdout:Apr 26 16:31:50 smithi022 ceph-mon[26607]: Saving service mon spec with placement count:5
2024-04-26T16:31:50.333 INFO:journalctl@ceph.mon.smithi022.smithi022.stdout:Apr 26 16:31:50 smithi022 ceph-mon[26607]: from='mgr.14120 172.21.15.22:0/2154396265' entity='mgr.smithi022.fxzhqg'
2024-04-26T16:31:50.774 INFO:teuthology.orchestra.run.smithi022.stdout:/usr/bin/ceph: stdout Scheduled mon update...
2024-04-26T16:31:50.774 INFO:teuthology.orchestra.run.smithi022.stdout:/usr/bin/ceph: stderr
2024-04-26T16:31:48.910+0000 7fdb1f854700 1 Processor -- start
2024-04-26T16:31:50.774 INFO:teuthology.orchestra.run.smithi022.stdout:/usr/bin/ceph: stderr
2024-04-26T16:31:48.910+0000 7fdb1f854700 1 -- start start
2024-04-26T16:31:50.774 INFO:teuthology.orchestra.run.smithi022.stdout:/usr/bin/ceph: stderr
2024-04-26T16:31:48.911+0000 7fdb1f854700 1 --2- >> [v2:172.21.15.22:3300/0,v1:172.21.15.22:6789/0] conn(0x7fdb18078c60 0x7fdb18077210 unknown :-1 s=NONE pgs=0 cs=0 l=0 rev1=0 crypto rx=0 tx=0 comp rx=0 tx=0).connect
2024-04-26T16:31:50.774 INFO:teuthology.orchestra.run.smithi022.stdout:/usr/bin/ceph: stderr
2024-04-26T16:31:48.911+0000 7fdb1f854700 1 -- --> [v2:172.21.15.22:3300/0,v1:172.21.15.22:6789/0] -- mon_getmap magic: 0 v1 -- 0x7fdb18079070 con 0x7fdb18078c60
2024-04-26T16:31:50.774 INFO:teuthology.orchestra.run.smithi022.stdout:/usr/bin/ceph: stderr
2024-04-26T16:31:48.911+0000 7fdb1d5f0700 1 --2- >> [v2:172.21.15.22:3300/0,v1:172.21.15.22:6789/0] conn(0x7fdb18078c60 0x7fdb18077210 unknown :-1 s=BANNER_CONNECTING pgs=0 cs=0 l=0 rev1=0 crypto rx=0 tx=0 comp rx=0 tx=0)._handle_peer_banner_payload supported=3 required=0
2024-04-26T16:31:50.774 INFO:teuthology.orchestra.run.smithi022.stdout:/usr/bin/ceph: stderr
2024-04-26T16:31:48.911+0000 7fdb1d5f0700 1 --2- >> [v2:172.21.15.22:3300/0,v1:172.21.15.22:6789/0] conn(0x7fdb18078c60 0x7fdb18077210 unknown :-1 s=HELLO_CONNECTING pgs=0 cs=0 l=0 rev1=1 crypto rx=0 tx=0 comp rx=0 tx=0).handle_hello peer v2:172.21.15.22:3300/0 says I am v2:172.21.15.22:37494/0 (socket says 172.21.15.22:37494)
2024-04-26T16:31:50.774 INFO:teuthology.orchestra.run.smithi022.stdout:/usr/bin/ceph: stderr
2024-04-26T16:31:48.911+0000 7fdb1d5f0700 1 -- 172.21.15.22:0/1356491371 learned_addr learned my addr 172.21.15.22:0/1356491371 (peer_addr_for_me v2:172.21.15.22:0/0)
2024-04-26T16:31:50.779 INFO:teuthology.orchestra.run.smithi022.stdout:/usr/bin/ceph: stderr
2024-04-26T16:31:48.911+0000 7fdb1d5f0700 1 -- 172.21.15.22:0/1356491371 --> [v2:172.21.15.22:3300/0,v1:172.21.15.22:6789/0] -- mon_subscribe({config=0+,monmap=0+}) v3 -- 0x7fdb18077750 con 0x7fdb18078c60
2024-04-26T16:31:50.779 INFO:teuthology.orchestra.run.smithi022.stdout:/usr/bin/ceph: stderr
2024-04-26T16:31:48.911+0000 7fdb1d5f0700 1 --2- 172.21.15.22:0/1356491371 >> [v2:172.21.15.22:3300/0,v1:172.21.15.22:6789/0] conn(0x7fdb18078c60 0x7fdb18077210 secure :-1 s=READY pgs=47 cs=0 l=1 rev1=1 crypto rx=0x7fdb140098e0 tx=0x7fdb14009250 comp rx=0 tx=0).ready entity=mon.0 client_cookie=7274bf9e53cf3cf7 server_cookie=0 in_seq=0 out_seq=0
2024-04-26T16:31:50.779 INFO:teuthology.orchestra.run.smithi022.stdout:/usr/bin/ceph: stderr
2024-04-26T16:31:48.911+0000 7fdb0ffff700 1 -- 172.21.15.22:0/1356491371 <== mon.0 v2:172.21.15.22:3300/0 1 ==== mon_map magic: 0 v1 ==== 229+0+0 (secure 0 0 0) 0x7fdb1400b860 con 0x7fdb18078c60
2024-04-26T16:31:50.779 INFO:teuthology.orchestra.run.smithi022.stdout:/usr/bin/ceph: stderr
2024-04-26T16:31:48.911+0000 7fdb0ffff700 1 -- 172.21.15.22:0/1356491371 <== mon.0 v2:172.21.15.22:3300/0 2 ==== config(27 keys) v1 ==== 1044+0+0 (secure 0 0 0) 0x7fdb1400be50 con 0x7fdb18078c60
2024-04-26T16:31:50.779 INFO:teuthology.orchestra.run.smithi022.stdout:/usr/bin/ceph: stderr
2024-04-26T16:31:48.911+0000 7fdb0ffff700 1 -- 172.21.15.22:0/1356491371 <== mon.0 v2:172.21.15.22:3300/0 3 ==== mon_map magic: 0 v1 ==== 229+0+0 (secure 0 0 0) 0x7fdb14010380 con 0x7fdb18078c60
2024-04-26T16:31:50.779 INFO:teuthology.orchestra.run.smithi022.stdout:/usr/bin/ceph: stderr
2024-04-26T16:31:48.912+0000 7fdb1f854700 1 -- 172.21.15.22:0/1356491371 >> [v2:172.21.15.22:3300/0,v1:172.21.15.22:6789/0] conn(0x7fdb18078c60 msgr2=0x7fdb18077210 secure :-1 s=STATE_CONNECTION_ESTABLISHED l=1).mark_down
2024-04-26T16:31:50.779 INFO:teuthology.orchestra.run.smithi022.stdout:/usr/bin/ceph: stderr
2024-04-26T16:31:48.912+0000 7fdb1f854700 1 --2- 172.21.15.22:0/1356491371 >> [v2:172.21.15.22:3300/0,v1:172.21.15.22:6789/0] conn(0x7fdb18078c60 0x7fdb18077210 secure :-1 s=READY pgs=47 cs=0 l=1 rev1=1 crypto rx=0x7fdb140098e0 tx=0x7fdb14009250 comp rx=0 tx=0).stop
2024-04-26T16:31:50.779 INFO:teuthology.orchestra.run.smithi022.stdout:/usr/bin/ceph: stderr
2024-04-26T16:31:48.912+0000 7fdb1f854700 1 -- 172.21.15.22:0/1356491371 shutdown_connections
2024-04-26T16:31:50.780 INFO:teuthology.orchestra.run.smithi022.stdout:/usr/bin/ceph: stderr
2024-04-26T16:31:48.912+0000 7fdb1f854700 1 --2- 172.21.15.22:0/1356491371 >> [v2:172.21.15.22:3300/0,v1:172.21.15.22:6789/0] conn(0x7fdb18078c60 0x7fdb18077210 unknown :-1 s=CLOSED pgs=47 cs=0 l=1 rev1=1 crypto rx=0 tx=0 comp rx=0 tx=0).stop
2024-04-26T16:31:50.780 INFO:teuthology.orchestra.run.smithi022.stdout:/usr/bin/ceph: stderr
2024-04-26T16:31:48.912+0000 7fdb1f854700 1 -- 172.21.15.22:0/1356491371 >> 172.21.15.22:0/1356491371 conn(0x7fdb180fe070 msgr2=0x7fdb18100480 unknown :-1 s=STATE_NONE l=0).mark_down
2024-04-26T16:31:50.780 INFO:teuthology.orchestra.run.smithi022.stdout:/usr/bin/ceph: stderr
2024-04-26T16:31:48.912+0000 7fdb1f854700 1 -- 172.21.15.22:0/1356491371 shutdown_connections
2024-04-26T16:31:50.780 INFO:teuthology.orchestra.run.smithi022.stdout:/usr/bin/ceph: stderr
2024-04-26T16:31:48.912+0000 7fdb1f854700 1 -- 172.21.15.22:0/1356491371 wait complete.
2024-04-26T16:31:50.780 INFO:teuthology.orchestra.run.smithi022.stdout:/usr/bin/ceph: stderr
2024-04-26T16:31:48.913+0000 7fdb1f854700 1 Processor -- start
2024-04-26T16:31:50.780 INFO:teuthology.orchestra.run.smithi022.stdout:/usr/bin/ceph: stderr
2024-04-26T16:31:48.913+0000 7fdb1f854700 1 -- start start
2024-04-26T16:31:50.780 INFO:teuthology.orchestra.run.smithi022.stdout:/usr/bin/ceph: stderr
2024-04-26T16:31:48.913+0000 7fdb1f854700 1 --2- >> [v2:172.21.15.22:3300/0,v1:172.21.15.22:6789/0] conn(0x7fdb18078c60 0x7fdb18113840 unknown :-1 s=NONE pgs=0 cs=0 l=1 rev1=0 crypto rx=0 tx=0 comp rx=0 tx=0).connect
2024-04-26T16:31:50.780 INFO:teuthology.orchestra.run.smithi022.stdout:/usr/bin/ceph: stderr
2024-04-26T16:31:48.913+0000 7fdb1f854700 1 -- --> [v2:172.21.15.22:3300/0,v1:172.21.15.22:6789/0] -- mon_getmap magic: 0 v1 -- 0x7fdb18113d80 con 0x7fdb18078c60
2024-04-26T16:31:50.780 INFO:teuthology.orchestra.run.smithi022.stdout:/usr/bin/ceph: stderr
2024-04-26T16:31:48.913+0000 7fdb1d5f0700 1 --2- >> [v2:172.21.15.22:3300/0,v1:172.21.15.22:6789/0] conn(0x7fdb18078c60 0x7fdb18113840 unknown :-1 s=BANNER_CONNECTING pgs=0 cs=0 l=1 rev1=0 crypto rx=0 tx=0 comp rx=0 tx=0)._handle_peer_banner_payload supported=3 required=0
2024-04-26T16:31:50.780 INFO:teuthology.orchestra.run.smithi022.stdout:/usr/bin/ceph: stderr
2024-04-26T16:31:48.913+0000 7fdb1d5f0700 1 --2- >> [v2:172.21.15.22:3300/0,v1:172.21.15.22:6789/0] conn(0x7fdb18078c60 0x7fdb18113840 unknown :-1 s=HELLO_CONNECTING pgs=0 cs=0 l=1 rev1=1 crypto rx=0 tx=0 comp rx=0 tx=0).handle_hello peer v2:172.21.15.22:3300/0 says I am v2:172.21.15.22:37496/0 (socket says 172.21.15.22:37496)
2024-04-26T16:31:50.780 INFO:teuthology.orchestra.run.smithi022.stdout:/usr/bin/ceph: stderr
2024-04-26T16:31:48.913+0000 7fdb1d5f0700 1 -- 172.21.15.22:0/4044107134 learned_addr learned my addr 172.21.15.22:0/4044107134 (peer_addr_for_me v2:172.21.15.22:0/0)
2024-04-26T16:31:50.780 INFO:teuthology.orchestra.run.smithi022.stdout:/usr/bin/ceph: stderr
2024-04-26T16:31:48.913+0000 7fdb1d5f0700 1 -- 172.21.15.22:0/4044107134 --> [v2:172.21.15.22:3300/0,v1:172.21.15.22:6789/0] -- mon_subscribe({config=0+,monmap=0+}) v3 -- 0x7fdb140094f0 con 0x7fdb18078c60
2024-04-26T16:31:50.780 INFO:teuthology.orchestra.run.smithi022.stdout:/usr/bin/ceph: stderr
2024-04-26T16:31:48.913+0000 7fdb1d5f0700 1 --2- 172.21.15.22:0/4044107134 >> [v2:172.21.15.22:3300/0,v1:172.21.15.22:6789/0] conn(0x7fdb18078c60 0x7fdb18113840 secure :-1 s=READY pgs=48 cs=0 l=1 rev1=1 crypto rx=0x7fdb1400b440 tx=0x7fdb14009250 comp rx=0 tx=0).ready entity=mon.0 client_cookie=0 server_cookie=0 in_seq=0 out_seq=0
2024-04-26T16:31:50.780 INFO:teuthology.orchestra.run.smithi022.stdout:/usr/bin/ceph: stderr
2024-04-26T16:31:48.913+0000 7fdb0dffb700 1 -- 172.21.15.22:0/4044107134 <== mon.0 v2:172.21.15.22:3300/0 1 ==== mon_map magic: 0 v1 ==== 229+0+0 (secure 0 0 0) 0x7fdb14010760 con 0x7fdb18078c60
2024-04-26T16:31:50.781 INFO:teuthology.orchestra.run.smithi022.stdout:/usr/bin/ceph: stderr
2024-04-26T16:31:48.913+0000 7fdb0dffb700 1 -- 172.21.15.22:0/4044107134 <== mon.0 v2:172.21.15.22:3300/0 2 ==== config(27 keys) v1 ==== 1044+0+0 (secure 0 0 0) 0x7fdb14010d50 con 0x7fdb18078c60
2024-04-26T16:31:50.781 INFO:teuthology.orchestra.run.smithi022.stdout:/usr/bin/ceph: stderr
2024-04-26T16:31:48.913+0000 7fdb1f854700 1 -- 172.21.15.22:0/4044107134 --> [v2:172.21.15.22:3300/0,v1:172.21.15.22:6789/0] -- mon_subscribe({mgrmap=0+}) v3 -- 0x7fdb18113f80 con 0x7fdb18078c60
2024-04-26T16:31:50.781 INFO:teuthology.orchestra.run.smithi022.stdout:/usr/bin/ceph: stderr
2024-04-26T16:31:48.913+0000 7fdb0dffb700 1 -- 172.21.15.22:0/4044107134 <== mon.0 v2:172.21.15.22:3300/0 3 ==== mon_map magic: 0 v1 ==== 229+0+0 (secure 0 0 0) 0x7fdb1401adc0 con 0x7fdb18078c60
2024-04-26T16:31:50.781 INFO:teuthology.orchestra.run.smithi022.stdout:/usr/bin/ceph: stderr
2024-04-26T16:31:48.914+0000 7fdb1f854700 1 -- 172.21.15.22:0/4044107134 --> [v2:172.21.15.22:3300/0,v1:172.21.15.22:6789/0] -- mon_subscribe({osdmap=0}) v3 -- 0x7fdb18114af0 con 0x7fdb18078c60
2024-04-26T16:31:50.781 INFO:teuthology.orchestra.run.smithi022.stdout:/usr/bin/ceph: stderr
2024-04-26T16:31:48.914+0000 7fdb0dffb700 1 -- 172.21.15.22:0/4044107134 <== mon.0 v2:172.21.15.22:3300/0 4 ==== mgrmap(e 8) v1 ==== 43376+0+0 (secure 0 0 0) 0x7fdb140108c0 con 0x7fdb18078c60
2024-04-26T16:31:50.781 INFO:teuthology.orchestra.run.smithi022.stdout:/usr/bin/ceph: stderr
2024-04-26T16:31:48.915+0000 7fdb0dffb700 1 --2- 172.21.15.22:0/4044107134 >> [v2:172.21.15.22:6800/2209392397,v1:172.21.15.22:6801/2209392397] conn(0x7fdb040368a0 0x7fdb04038d50 unknown :-1 s=NONE pgs=0 cs=0 l=1 rev1=0 crypto rx=0 tx=0 comp rx=0 tx=0).connect
2024-04-26T16:31:50.781 INFO:teuthology.orchestra.run.smithi022.stdout:/usr/bin/ceph: stderr
2024-04-26T16:31:48.915+0000 7fdb1f854700 1 -- 172.21.15.22:0/4044107134 --> [v2:172.21.15.22:3300/0,v1:172.21.15.22:6789/0] -- mon_command({"prefix": "get_command_descriptions"} v 0) v1 -- 0x7fdb1805f5c0 con 0x7fdb18078c60
2024-04-26T16:31:50.781 INFO:teuthology.orchestra.run.smithi022.stdout:/usr/bin/ceph: stderr
2024-04-26T16:31:48.915+0000 7fdb0dffb700 1 -- 172.21.15.22:0/4044107134 <== mon.0 v2:172.21.15.22:3300/0 5 ==== osd_map(2..2 src has 1..2) v4 ==== 936+0+0 (secure 0 0 0) 0x7fdb14049fb0 con 0x7fdb18078c60
2024-04-26T16:31:50.781 INFO:teuthology.orchestra.run.smithi022.stdout:/usr/bin/ceph: stderr
2024-04-26T16:31:48.915+0000 7fdb1cdef700 1 --2- 172.21.15.22:0/4044107134 >> [v2:172.21.15.22:6800/2209392397,v1:172.21.15.22:6801/2209392397] conn(0x7fdb040368a0 0x7fdb04038d50 unknown :-1 s=BANNER_CONNECTING pgs=0 cs=0 l=1 rev1=0 crypto rx=0 tx=0 comp rx=0 tx=0)._handle_peer_banner_payload supported=3 required=0
2024-04-26T16:31:50.781 INFO:teuthology.orchestra.run.smithi022.stdout:/usr/bin/ceph: stderr
2024-04-26T16:31:48.915+0000 7fdb1cdef700 1 --2- 172.21.15.22:0/4044107134 >> [v2:172.21.15.22:6800/2209392397,v1:172.21.15.22:6801/2209392397] conn(0x7fdb040368a0 0x7fdb04038d50 secure :-1 s=READY pgs=12 cs=0 l=1 rev1=1 crypto rx=0x7fdb08009990 tx=0x7fdb08006e40 comp rx=0 tx=0).ready entity=mgr.14120 client_cookie=0 server_cookie=0 in_seq=0 out_seq=0
2024-04-26T16:31:50.781 INFO:teuthology.orchestra.run.smithi022.stdout:/usr/bin/ceph: stderr
2024-04-26T16:31:48.919+0000 7fdb0dffb700 1 -- 172.21.15.22:0/4044107134 <== mon.0 v2:172.21.15.22:3300/0 6 ==== mon_command_ack([{"prefix": "get_command_descriptions"}]=0 v0) v1 ==== 72+0+176702 (secure 0 0 0) 0x7fdb14022300 con 0x7fdb18078c60
2024-04-26T16:31:50.781 INFO:teuthology.orchestra.run.smithi022.stdout:/usr/bin/ceph: stderr
2024-04-26T16:31:49.132+0000 7fdb1f854700 1 -- 172.21.15.22:0/4044107134 --> [v2:172.21.15.22:6800/2209392397,v1:172.21.15.22:6801/2209392397] -- mgr_command(tid 0: {"prefix": "orch apply", "service_type": "mon", "target": ["mon-mgr", ""]}) v1 -- 0x7fdb180ff260 con 0x7fdb040368a0
2024-04-26T16:31:50.781 INFO:teuthology.orchestra.run.smithi022.stdout:/usr/bin/ceph: stderr
2024-04-26T16:31:49.137+0000 7fdb0dffb700 1 -- 172.21.15.22:0/4044107134 <== mgr.14120 v2:172.21.15.22:6800/2209392397 1 ==== mgr_command_reply(tid 0: 0 ) v1 ==== 8+0+24 (secure 0 0 0) 0x7fdb180ff260 con 0x7fdb040368a0
2024-04-26T16:31:50.781 INFO:teuthology.orchestra.run.smithi022.stdout:/usr/bin/ceph: stderr
2024-04-26T16:31:49.139+0000 7fdb1f854700 1 -- 172.21.15.22:0/4044107134 >> [v2:172.21.15.22:6800/2209392397,v1:172.21.15.22:6801/2209392397] conn(0x7fdb040368a0 msgr2=0x7fdb04038d50 secure :-1 s=STATE_CONNECTION_ESTABLISHED l=1).mark_down
2024-04-26T16:31:50.782 INFO:teuthology.orchestra.run.smithi022.stdout:/usr/bin/ceph: stderr
2024-04-26T16:31:49.139+0000 7fdb1f854700 1 --2- 172.21.15.22:0/4044107134 >> [v2:172.21.15.22:6800/2209392397,v1:172.21.15.22:6801/2209392397] conn(0x7fdb040368a0 0x7fdb04038d50 secure :-1 s=READY pgs=12 cs=0 l=1 rev1=1 crypto rx=0x7fdb08009990 tx=0x7fdb08006e40 comp rx=0 tx=0).stop
2024-04-26T16:31:50.782 INFO:teuthology.orchestra.run.smithi022.stdout:/usr/bin/ceph: stderr
2024-04-26T16:31:49.139+0000 7fdb1f854700 1 -- 172.21.15.22:0/4044107134 >> [v2:172.21.15.22:3300/0,v1:172.21.15.22:6789/0] conn(0x7fdb18078c60 msgr2=0x7fdb18113840 secure :-1 s=STATE_CONNECTION_ESTABLISHED l=1).mark_down
2024-04-26T16:31:50.782 INFO:teuthology.orchestra.run.smithi022.stdout:/usr/bin/ceph: stderr
2024-04-26T16:31:49.139+0000 7fdb1f854700 1 --2- 172.21.15.22:0/4044107134 >> [v2:172.21.15.22:3300/0,v1:172.21.15.22:6789/0] conn(0x7fdb18078c60 0x7fdb18113840 secure :-1 s=READY pgs=48 cs=0 l=1 rev1=1 crypto rx=0x7fdb1400b440 tx=0x7fdb14009250 comp rx=0 tx=0).stop
2024-04-26T16:31:50.782 INFO:teuthology.orchestra.run.smithi022.stdout:/usr/bin/ceph: stderr
2024-04-26T16:31:49.139+0000 7fdb1f854700 1 -- 172.21.15.22:0/4044107134 shutdown_connections
2024-04-26T16:31:50.782 INFO:teuthology.orchestra.run.smithi022.stdout:/usr/bin/ceph: stderr
2024-04-26T16:31:49.139+0000 7fdb1f854700 1 --2- 172.21.15.22:0/4044107134 >> [v2:172.21.15.22:6800/2209392397,v1:172.21.15.22:6801/2209392397] conn(0x7fdb040368a0 0x7fdb04038d50 unknown :-1 s=CLOSED pgs=12 cs=0 l=1 rev1=1 crypto rx=0 tx=0 comp rx=0 tx=0).stop
2024-04-26T16:31:50.782 INFO:teuthology.orchestra.run.smithi022.stdout:/usr/bin/ceph: stderr
2024-04-26T16:31:49.139+0000 7fdb1f854700 1 --2- 172.21.15.22:0/4044107134 >> [v2:172.21.15.22:3300/0,v1:172.21.15.22:6789/0] conn(0x7fdb18078c60 0x7fdb18113840 unknown :-1 s=CLOSED pgs=48 cs=0 l=1 rev1=1 crypto rx=0 tx=0 comp rx=0 tx=0).stop
2024-04-26T16:31:50.782 INFO:teuthology.orchestra.run.smithi022.stdout:/usr/bin/ceph: stderr
2024-04-26T16:31:49.139+0000 7fdb1f854700 1 -- 172.21.15.22:0/4044107134 >> 172.21.15.22:0/4044107134 conn(0x7fdb180fe070 msgr2=0x7fdb180feb50 unknown :-1 s=STATE_NONE l=0).mark_down
2024-04-26T16:31:50.782 INFO:teuthology.orchestra.run.smithi022.stdout:/usr/bin/ceph: stderr
2024-04-26T16:31:49.139+0000 7fdb1f854700 1 -- 172.21.15.22:0/4044107134 shutdown_connections
2024-04-26T16:31:50.782 INFO:teuthology.orchestra.run.smithi022.stdout:/usr/bin/ceph: stderr
2024-04-26T16:31:49.139+0000 7fdb1f854700 1 -- 172.21.15.22:0/4044107134 wait complete.
2024-04-26T16:31:50.782 INFO:teuthology.orchestra.run.smithi022.stdout:Deploying mgr service with default placement...
2024-04-26T16:31:51.533 INFO:journalctl@ceph.mon.smithi022.smithi022.stdout:Apr 26 16:31:51 smithi022 ceph-mon[26607]: from='mgr.14120 172.21.15.22:0/2154396265' entity='mgr.smithi022.fxzhqg'
2024-04-26T16:31:51.533 INFO:journalctl@ceph.mon.smithi022.smithi022.stdout:Apr 26 16:31:51 smithi022 ceph-mon[26607]: from='mgr.14120 172.21.15.22:0/2154396265' entity='mgr.smithi022.fxzhqg'
2024-04-26T16:31:52.263 INFO:teuthology.orchestra.run.smithi022.stdout:/usr/bin/ceph: stdout Scheduled mgr update...
2024-04-26T16:31:52.263 INFO:teuthology.orchestra.run.smithi022.stdout:/usr/bin/ceph: stderr
2024-04-26T16:31:51.268+0000 7fa8de546700 1 Processor -- start
2024-04-26T16:31:52.263 INFO:teuthology.orchestra.run.smithi022.stdout:/usr/bin/ceph: stderr
2024-04-26T16:31:51.268+0000 7fa8de546700 1 -- start start
2024-04-26T16:31:52.263 INFO:teuthology.orchestra.run.smithi022.stdout:/usr/bin/ceph: stderr
2024-04-26T16:31:51.268+0000 7fa8de546700 1 --2- >> [v2:172.21.15.22:3300/0,v1:172.21.15.22:6789/0] conn(0x7fa8d8102ea0 0x7fa8d81032b0 unknown :-1 s=NONE pgs=0 cs=0 l=0 rev1=0 crypto rx=0 tx=0 comp rx=0 tx=0).connect
2024-04-26T16:31:52.263 INFO:teuthology.orchestra.run.smithi022.stdout:/usr/bin/ceph: stderr
2024-04-26T16:31:51.268+0000 7fa8de546700 1 -- --> [v2:172.21.15.22:3300/0,v1:172.21.15.22:6789/0] -- mon_getmap magic: 0 v1 -- 0x7fa8d8063cc0 con 0x7fa8d8102ea0
2024-04-26T16:31:52.263 INFO:teuthology.orchestra.run.smithi022.stdout:/usr/bin/ceph: stderr
2024-04-26T16:31:51.268+0000 7fa8d7fff700 1 --2- >> [v2:172.21.15.22:3300/0,v1:172.21.15.22:6789/0] conn(0x7fa8d8102ea0 0x7fa8d81032b0 unknown :-1 s=BANNER_CONNECTING pgs=0 cs=0 l=0 rev1=0 crypto rx=0 tx=0 comp rx=0 tx=0)._handle_peer_banner_payload supported=3 required=0
2024-04-26T16:31:52.263 INFO:teuthology.orchestra.run.smithi022.stdout:/usr/bin/ceph: stderr
2024-04-26T16:31:51.268+0000 7fa8d7fff700 1 --2- >> [v2:172.21.15.22:3300/0,v1:172.21.15.22:6789/0] conn(0x7fa8d8102ea0 0x7fa8d81032b0 unknown :-1 s=HELLO_CONNECTING pgs=0 cs=0 l=0 rev1=1 crypto rx=0 tx=0 comp rx=0 tx=0).handle_hello peer v2:172.21.15.22:3300/0 says I am v2:172.21.15.22:37508/0 (socket says 172.21.15.22:37508)
2024-04-26T16:31:52.263 INFO:teuthology.orchestra.run.smithi022.stdout:/usr/bin/ceph: stderr
2024-04-26T16:31:51.268+0000 7fa8d7fff700 1 -- 172.21.15.22:0/1402622014 learned_addr learned my addr 172.21.15.22:0/1402622014 (peer_addr_for_me v2:172.21.15.22:0/0)
2024-04-26T16:31:52.264 INFO:teuthology.orchestra.run.smithi022.stdout:/usr/bin/ceph: stderr
2024-04-26T16:31:51.269+0000 7fa8d7fff700 1 -- 172.21.15.22:0/1402622014 --> [v2:172.21.15.22:3300/0,v1:172.21.15.22:6789/0] -- mon_subscribe({config=0+,monmap=0+}) v3 -- 0x7fa8d81037f0 con 0x7fa8d8102ea0
2024-04-26T16:31:52.264 INFO:teuthology.orchestra.run.smithi022.stdout:/usr/bin/ceph: stderr
2024-04-26T16:31:51.269+0000 7fa8d7fff700 1 --2- 172.21.15.22:0/1402622014 >> [v2:172.21.15.22:3300/0,v1:172.21.15.22:6789/0] conn(0x7fa8d8102ea0 0x7fa8d81032b0 secure :-1 s=READY pgs=49 cs=0 l=1 rev1=1 crypto rx=0x7fa8c80098e0 tx=0x7fa8c8009250 comp rx=0 tx=0).ready entity=mon.0 client_cookie=a0037eba8adec2bc server_cookie=0 in_seq=0 out_seq=0
2024-04-26T16:31:52.264 INFO:teuthology.orchestra.run.smithi022.stdout:/usr/bin/ceph: stderr
2024-04-26T16:31:51.269+0000 7fa8d6ffd700 1 -- 172.21.15.22:0/1402622014 <== mon.0 v2:172.21.15.22:3300/0 1 ==== mon_map magic: 0 v1 ==== 229+0+0 (secure 0 0 0) 0x7fa8c800b860 con 0x7fa8d8102ea0
2024-04-26T16:31:52.264 INFO:teuthology.orchestra.run.smithi022.stdout:/usr/bin/ceph: stderr
2024-04-26T16:31:51.269+0000 7fa8d6ffd700 1 -- 172.21.15.22:0/1402622014 <== mon.0 v2:172.21.15.22:3300/0 2 ==== config(27 keys) v1 ==== 1109+0+0 (secure 0 0 0) 0x7fa8c800be90 con 0x7fa8d8102ea0
2024-04-26T16:31:52.264 INFO:teuthology.orchestra.run.smithi022.stdout:/usr/bin/ceph: stderr
2024-04-26T16:31:51.269+0000 7fa8d6ffd700 1 -- 172.21.15.22:0/1402622014 <== mon.0 v2:172.21.15.22:3300/0 3 ==== mon_map magic: 0 v1 ==== 229+0+0 (secure 0 0 0) 0x7fa8c80103c0 con 0x7fa8d8102ea0
2024-04-26T16:31:52.264 INFO:teuthology.orchestra.run.smithi022.stdout:/usr/bin/ceph: stderr
2024-04-26T16:31:51.270+0000 7fa8de546700 1 -- 172.21.15.22:0/1402622014 >> [v2:172.21.15.22:3300/0,v1:172.21.15.22:6789/0] conn(0x7fa8d8102ea0 msgr2=0x7fa8d81032b0 secure :-1 s=STATE_CONNECTION_ESTABLISHED l=1).mark_down
2024-04-26T16:31:52.264 INFO:teuthology.orchestra.run.smithi022.stdout:/usr/bin/ceph: stderr
2024-04-26T16:31:51.270+0000 7fa8de546700 1 --2- 172.21.15.22:0/1402622014 >> [v2:172.21.15.22:3300/0,v1:172.21.15.22:6789/0] conn(0x7fa8d8102ea0 0x7fa8d81032b0 secure :-1 s=READY pgs=49 cs=0 l=1 rev1=1 crypto rx=0x7fa8c80098e0 tx=0x7fa8c8009250 comp rx=0 tx=0).stop
2024-04-26T16:31:52.264 INFO:teuthology.orchestra.run.smithi022.stdout:/usr/bin/ceph: stderr
2024-04-26T16:31:51.270+0000 7fa8de546700 1 -- 172.21.15.22:0/1402622014 shutdown_connections
2024-04-26T16:31:52.264 INFO:teuthology.orchestra.run.smithi022.stdout:/usr/bin/ceph: stderr
2024-04-26T16:31:51.270+0000 7fa8de546700 1 --2- 172.21.15.22:0/1402622014 >> [v2:172.21.15.22:3300/0,v1:172.21.15.22:6789/0] conn(0x7fa8d8102ea0 0x7fa8d81032b0 unknown :-1 s=CLOSED pgs=49 cs=0 l=1 rev1=1 crypto rx=0 tx=0 comp rx=0 tx=0).stop
2024-04-26T16:31:52.264 INFO:teuthology.orchestra.run.smithi022.stdout:/usr/bin/ceph: stderr
2024-04-26T16:31:51.270+0000 7fa8de546700 1 -- 172.21.15.22:0/1402622014 >> 172.21.15.22:0/1402622014 conn(0x7fa8d80fc690 msgr2=0x7fa8d80feac0 unknown :-1 s=STATE_NONE l=0).mark_down
2024-04-26T16:31:52.264 INFO:teuthology.orchestra.run.smithi022.stdout:/usr/bin/ceph: stderr
2024-04-26T16:31:51.270+0000 7fa8de546700 1 -- 172.21.15.22:0/1402622014 shutdown_connections
2024-04-26T16:31:52.264 INFO:teuthology.orchestra.run.smithi022.stdout:/usr/bin/ceph: stderr
2024-04-26T16:31:51.271+0000 7fa8de546700 1 -- 172.21.15.22:0/1402622014 wait complete.
2024-04-26T16:31:52.264 INFO:teuthology.orchestra.run.smithi022.stdout:/usr/bin/ceph: stderr
2024-04-26T16:31:51.271+0000 7fa8de546700 1 Processor -- start
2024-04-26T16:31:52.265 INFO:teuthology.orchestra.run.smithi022.stdout:/usr/bin/ceph: stderr
2024-04-26T16:31:51.272+0000 7fa8de546700 1 -- start start
2024-04-26T16:31:52.265 INFO:teuthology.orchestra.run.smithi022.stdout:/usr/bin/ceph: stderr
2024-04-26T16:31:51.272+0000 7fa8de546700 1 --2- >> [v2:172.21.15.22:3300/0,v1:172.21.15.22:6789/0] conn(0x7fa8d8102ea0 0x7fa8d81040d0 unknown :-1 s=NONE pgs=0 cs=0 l=1 rev1=0 crypto rx=0 tx=0 comp rx=0 tx=0).connect
2024-04-26T16:31:52.265 INFO:teuthology.orchestra.run.smithi022.stdout:/usr/bin/ceph: stderr
2024-04-26T16:31:51.272+0000 7fa8de546700 1 -- --> [v2:172.21.15.22:3300/0,v1:172.21.15.22:6789/0] -- mon_getmap magic: 0 v1 -- 0x7fa8d8104610 con 0x7fa8d8102ea0
2024-04-26T16:31:52.265 INFO:teuthology.orchestra.run.smithi022.stdout:/usr/bin/ceph: stderr
2024-04-26T16:31:51.272+0000 7fa8d7fff700 1 --2- >> [v2:172.21.15.22:3300/0,v1:172.21.15.22:6789/0] conn(0x7fa8d8102ea0 0x7fa8d81040d0 unknown :-1 s=BANNER_CONNECTING pgs=0 cs=0 l=1 rev1=0 crypto rx=0 tx=0 comp rx=0 tx=0)._handle_peer_banner_payload supported=3 required=0
2024-04-26T16:31:52.265 INFO:teuthology.orchestra.run.smithi022.stdout:/usr/bin/ceph: stderr
2024-04-26T16:31:51.272+0000 7fa8d7fff700 1 --2- >> [v2:172.21.15.22:3300/0,v1:172.21.15.22:6789/0] conn(0x7fa8d8102ea0 0x7fa8d81040d0 unknown :-1 s=HELLO_CONNECTING pgs=0 cs=0 l=1 rev1=1 crypto rx=0 tx=0 comp rx=0 tx=0).handle_hello peer v2:172.21.15.22:3300/0 says I am v2:172.21.15.22:37520/0 (socket says 172.21.15.22:37520)
2024-04-26T16:31:52.265 INFO:teuthology.orchestra.run.smithi022.stdout:/usr/bin/ceph: stderr
2024-04-26T16:31:51.272+0000 7fa8d7fff700 1 -- 172.21.15.22:0/2684919754 learned_addr learned my addr 172.21.15.22:0/2684919754 (peer_addr_for_me v2:172.21.15.22:0/0)
2024-04-26T16:31:52.265 INFO:teuthology.orchestra.run.smithi022.stdout:/usr/bin/ceph: stderr
2024-04-26T16:31:51.272+0000 7fa8d7fff700 1 -- 172.21.15.22:0/2684919754 --> [v2:172.21.15.22:3300/0,v1:172.21.15.22:6789/0] -- mon_subscribe({config=0+,monmap=0+}) v3 -- 0x7fa8c80094f0 con 0x7fa8d8102ea0
2024-04-26T16:31:52.265 INFO:teuthology.orchestra.run.smithi022.stdout:/usr/bin/ceph: stderr
2024-04-26T16:31:51.273+0000 7fa8d7fff700 1 --2- 172.21.15.22:0/2684919754 >> [v2:172.21.15.22:3300/0,v1:172.21.15.22:6789/0] conn(0x7fa8d8102ea0 0x7fa8d81040d0 secure :-1 s=READY pgs=50 cs=0 l=1 rev1=1 crypto rx=0x7fa8c80090b0 tx=0x7fa8c8009250 comp rx=0 tx=0).ready entity=mon.0 client_cookie=0 server_cookie=0 in_seq=0 out_seq=0
2024-04-26T16:31:52.265 INFO:teuthology.orchestra.run.smithi022.stdout:/usr/bin/ceph: stderr
2024-04-26T16:31:51.273+0000 7fa8d4ff9700 1 -- 172.21.15.22:0/2684919754 <== mon.0 v2:172.21.15.22:3300/0 1 ==== mon_map magic: 0 v1 ==== 229+0+0 (secure 0 0 0) 0x7fa8c8010840 con 0x7fa8d8102ea0
2024-04-26T16:31:52.265 INFO:teuthology.orchestra.run.smithi022.stdout:/usr/bin/ceph: stderr
2024-04-26T16:31:51.273+0000 7fa8de546700 1 -- 172.21.15.22:0/2684919754 --> [v2:172.21.15.22:3300/0,v1:172.21.15.22:6789/0] -- mon_subscribe({mgrmap=0+}) v3 -- 0x7fa8d8104810 con 0x7fa8d8102ea0
2024-04-26T16:31:52.265 INFO:teuthology.orchestra.run.smithi022.stdout:/usr/bin/ceph: stderr
2024-04-26T16:31:51.273+0000 7fa8d4ff9700 1 -- 172.21.15.22:0/2684919754 <== mon.0 v2:172.21.15.22:3300/0 2 ==== config(27 keys) v1 ==== 1109+0+0 (secure 0 0 0) 0x7fa8c8010e70 con 0x7fa8d8102ea0
2024-04-26T16:31:52.265 INFO:teuthology.orchestra.run.smithi022.stdout:/usr/bin/ceph: stderr
2024-04-26T16:31:51.273+0000 7fa8de546700 1 -- 172.21.15.22:0/2684919754 --> [v2:172.21.15.22:3300/0,v1:172.21.15.22:6789/0] -- mon_subscribe({osdmap=0}) v3 -- 0x7fa8d8104be0 con 0x7fa8d8102ea0
2024-04-26T16:31:52.265 INFO:teuthology.orchestra.run.smithi022.stdout:/usr/bin/ceph: stderr
2024-04-26T16:31:51.273+0000 7fa8d4ff9700 1 -- 172.21.15.22:0/2684919754 <== mon.0 v2:172.21.15.22:3300/0 3 ==== mon_map magic: 0 v1 ==== 229+0+0 (secure 0 0 0) 0x7fa8c801ae90 con 0x7fa8d8102ea0
2024-04-26T16:31:52.265 INFO:teuthology.orchestra.run.smithi022.stdout:/usr/bin/ceph: stderr
2024-04-26T16:31:51.274+0000 7fa8d4ff9700 1 -- 172.21.15.22:0/2684919754 <== mon.0 v2:172.21.15.22:3300/0 4 ==== mgrmap(e 8) v1 ==== 43376+0+0 (secure 0 0 0) 0x7fa8c802d3f0 con 0x7fa8d8102ea0
2024-04-26T16:31:52.266 INFO:teuthology.orchestra.run.smithi022.stdout:/usr/bin/ceph: stderr
2024-04-26T16:31:51.274+0000 7fa8d4ff9700 1 --2- 172.21.15.22:0/2684919754 >> [v2:172.21.15.22:6800/2209392397,v1:172.21.15.22:6801/2209392397] conn(0x7fa8c0036850 0x7fa8c0038d00 unknown :-1 s=NONE pgs=0 cs=0 l=1 rev1=0 crypto rx=0 tx=0 comp rx=0 tx=0).connect
2024-04-26T16:31:52.266 INFO:teuthology.orchestra.run.smithi022.stdout:/usr/bin/ceph: stderr
2024-04-26T16:31:51.274+0000 7fa8d4ff9700 1 -- 172.21.15.22:0/2684919754 <== mon.0 v2:172.21.15.22:3300/0 5 ==== osd_map(2..2 src has 1..2) v4 ==== 936+0+0 (secure 0 0 0) 0x7fa8c804a520 con 0x7fa8d8102ea0
2024-04-26T16:31:52.266 INFO:teuthology.orchestra.run.smithi022.stdout:/usr/bin/ceph: stderr
2024-04-26T16:31:51.274+0000 7fa8d77fe700 1 --2- 172.21.15.22:0/2684919754 >> [v2:172.21.15.22:6800/2209392397,v1:172.21.15.22:6801/2209392397] conn(0x7fa8c0036850 0x7fa8c0038d00 unknown :-1 s=BANNER_CONNECTING pgs=0 cs=0 l=1 rev1=0 crypto rx=0 tx=0 comp rx=0 tx=0)._handle_peer_banner_payload supported=3 required=0
2024-04-26T16:31:52.266 INFO:teuthology.orchestra.run.smithi022.stdout:/usr/bin/ceph: stderr
2024-04-26T16:31:51.274+0000 7fa8de546700 1 -- 172.21.15.22:0/2684919754 --> [v2:172.21.15.22:3300/0,v1:172.21.15.22:6789/0] -- mon_command({"prefix": "get_command_descriptions"} v 0) v1 -- 0x7fa8d804bed0 con 0x7fa8d8102ea0
2024-04-26T16:31:52.266 INFO:teuthology.orchestra.run.smithi022.stdout:/usr/bin/ceph: stderr
2024-04-26T16:31:51.275+0000 7fa8d77fe700 1 --2- 172.21.15.22:0/2684919754 >> [v2:172.21.15.22:6800/2209392397,v1:172.21.15.22:6801/2209392397] conn(0x7fa8c0036850 0x7fa8c0038d00 secure :-1 s=READY pgs=13 cs=0 l=1 rev1=1 crypto rx=0x7fa8cc009990 tx=0x7fa8cc006e40 comp rx=0 tx=0).ready entity=mgr.14120 client_cookie=0 server_cookie=0 in_seq=0 out_seq=0
2024-04-26T16:31:52.266 INFO:teuthology.orchestra.run.smithi022.stdout:/usr/bin/ceph: stderr
2024-04-26T16:31:51.280+0000 7fa8d4ff9700 1 -- 172.21.15.22:0/2684919754 <== mon.0 v2:172.21.15.22:3300/0 6 ==== mon_command_ack([{"prefix": "get_command_descriptions"}]=0 v0) v1 ==== 72+0+176702 (secure 0 0 0) 0x7fa8c8029070 con 0x7fa8d8102ea0
2024-04-26T16:31:52.266 INFO:teuthology.orchestra.run.smithi022.stdout:/usr/bin/ceph: stderr
2024-04-26T16:31:51.532+0000 7fa8de546700 1 -- 172.21.15.22:0/2684919754 --> [v2:172.21.15.22:6800/2209392397,v1:172.21.15.22:6801/2209392397] -- mgr_command(tid 0: {"prefix": "orch apply", "service_type": "mgr", "target": ["mon-mgr", ""]}) v1 -- 0x7fa8d80fd8a0 con 0x7fa8c0036850
2024-04-26T16:31:52.266 INFO:teuthology.orchestra.run.smithi022.stdout:/usr/bin/ceph: stderr
2024-04-26T16:31:51.537+0000 7fa8d4ff9700 1 -- 172.21.15.22:0/2684919754 <== mgr.14120 v2:172.21.15.22:6800/2209392397 1 ==== mgr_command_reply(tid 0: 0 ) v1 ==== 8+0+24 (secure 0 0 0) 0x7fa8d80fd8a0 con 0x7fa8c0036850
2024-04-26T16:31:52.266 INFO:teuthology.orchestra.run.smithi022.stdout:/usr/bin/ceph: stderr
2024-04-26T16:31:51.539+0000 7fa8de546700 1 -- 172.21.15.22:0/2684919754 >> [v2:172.21.15.22:6800/2209392397,v1:172.21.15.22:6801/2209392397] conn(0x7fa8c0036850 msgr2=0x7fa8c0038d00 secure :-1 s=STATE_CONNECTION_ESTABLISHED l=1).mark_down
2024-04-26T16:31:52.266 INFO:teuthology.orchestra.run.smithi022.stdout:/usr/bin/ceph: stderr
2024-04-26T16:31:51.539+0000 7fa8de546700 1 --2- 172.21.15.22:0/2684919754 >> [v2:172.21.15.22:6800/2209392397,v1:172.21.15.22:6801/2209392397] conn(0x7fa8c0036850 0x7fa8c0038d00 secure :-1 s=READY pgs=13 cs=0 l=1 rev1=1 crypto rx=0x7fa8cc009990 tx=0x7fa8cc006e40 comp rx=0 tx=0).stop
2024-04-26T16:31:52.266 INFO:teuthology.orchestra.run.smithi022.stdout:/usr/bin/ceph: stderr
2024-04-26T16:31:51.539+0000 7fa8de546700 1 -- 172.21.15.22:0/2684919754 >> [v2:172.21.15.22:3300/0,v1:172.21.15.22:6789/0] conn(0x7fa8d8102ea0 msgr2=0x7fa8d81040d0 secure :-1 s=STATE_CONNECTION_ESTABLISHED l=1).mark_down
2024-04-26T16:31:52.266 INFO:teuthology.orchestra.run.smithi022.stdout:/usr/bin/ceph: stderr
2024-04-26T16:31:51.539+0000 7fa8de546700 1 --2- 172.21.15.22:0/2684919754 >> [v2:172.21.15.22:3300/0,v1:172.21.15.22:6789/0] conn(0x7fa8d8102ea0 0x7fa8d81040d0 secure :-1 s=READY pgs=50 cs=0 l=1 rev1=1 crypto rx=0x7fa8c80090b0 tx=0x7fa8c8009250 comp rx=0 tx=0).stop
2024-04-26T16:31:52.266 INFO:teuthology.orchestra.run.smithi022.stdout:/usr/bin/ceph: stderr
2024-04-26T16:31:51.539+0000 7fa8de546700 1 -- 172.21.15.22:0/2684919754 shutdown_connections
2024-04-26T16:31:52.267 INFO:teuthology.orchestra.run.smithi022.stdout:/usr/bin/ceph: stderr
2024-04-26T16:31:51.539+0000 7fa8de546700 1 --2- 172.21.15.22:0/2684919754 >> [v2:172.21.15.22:6800/2209392397,v1:172.21.15.22:6801/2209392397] conn(0x7fa8c0036850 0x7fa8c0038d00 unknown :-1 s=CLOSED pgs=13 cs=0 l=1 rev1=1 crypto rx=0 tx=0 comp rx=0 tx=0).stop
2024-04-26T16:31:52.267 INFO:teuthology.orchestra.run.smithi022.stdout:/usr/bin/ceph: stderr
2024-04-26T16:31:51.539+0000 7fa8de546700 1 --2- 172.21.15.22:0/2684919754 >> [v2:172.21.15.22:3300/0,v1:172.21.15.22:6789/0] conn(0x7fa8d8102ea0 0x7fa8d81040d0 unknown :-1 s=CLOSED pgs=50 cs=0 l=1 rev1=1 crypto rx=0 tx=0 comp rx=0 tx=0).stop
2024-04-26T16:31:52.267 INFO:teuthology.orchestra.run.smithi022.stdout:/usr/bin/ceph: stderr
2024-04-26T16:31:51.539+0000 7fa8de546700 1 -- 172.21.15.22:0/2684919754 >> 172.21.15.22:0/2684919754 conn(0x7fa8d80fc690 msgr2=0x7fa8d80fd190 unknown :-1 s=STATE_NONE l=0).mark_down
2024-04-26T16:31:52.267 INFO:teuthology.orchestra.run.smithi022.stdout:/usr/bin/ceph: stderr
2024-04-26T16:31:51.540+0000 7fa8de546700 1 -- 172.21.15.22:0/2684919754 shutdown_connections
2024-04-26T16:31:52.267 INFO:teuthology.orchestra.run.smithi022.stdout:/usr/bin/ceph: stderr
2024-04-26T16:31:51.540+0000 7fa8de546700 1 -- 172.21.15.22:0/2684919754 wait complete.
2024-04-26T16:31:52.267 INFO:teuthology.orchestra.run.smithi022.stdout:Deploying crash service with default placement...
