2024-04-26T16:32:01.134+0000 7fa846ffd700 1 --2- >> [v2:172.21.15.22:3300/0,v1:172.21.15.22:6789/0] conn(0x7fa848078c40 0x7fa8480771f0 unknown :-1 s=BANNER_CONNECTING pgs=0 cs=0 l=0 rev1=0 crypto rx=0 tx=0 comp rx=0 tx=0)._handle_peer_banner_payload supported=3 required=0
2024-04-26T16:32:01.918 INFO:teuthology.orchestra.run.smithi022.stdout:/usr/bin/ceph: stderr
2024-04-26T16:32:01.134+0000 7fa846ffd700 1 --2- >> [v2:172.21.15.22:3300/0,v1:172.21.15.22:6789/0] conn(0x7fa848078c40 0x7fa8480771f0 unknown :-1 s=HELLO_CONNECTING pgs=0 cs=0 l=0 rev1=1 crypto rx=0 tx=0 comp rx=0 tx=0).handle_hello peer v2:172.21.15.22:3300/0 says I am v2:172.21.15.22:46554/0 (socket says 172.21.15.22:46554)
2024-04-26T16:32:01.918 INFO:teuthology.orchestra.run.smithi022.stdout:/usr/bin/ceph: stderr
2024-04-26T16:32:01.134+0000 7fa846ffd700 1 -- 172.21.15.22:0/3929768624 learned_addr learned my addr 172.21.15.22:0/3929768624 (peer_addr_for_me v2:172.21.15.22:0/0)
2024-04-26T16:32:01.918 INFO:teuthology.orchestra.run.smithi022.stdout:/usr/bin/ceph: stderr
2024-04-26T16:32:01.134+0000 7fa846ffd700 1 -- 172.21.15.22:0/3929768624 --> [v2:172.21.15.22:3300/0,v1:172.21.15.22:6789/0] -- mon_subscribe({config=0+,monmap=0+}) v3 -- 0x7fa848077730 con 0x7fa848078c40
2024-04-26T16:32:01.918 INFO:teuthology.orchestra.run.smithi022.stdout:/usr/bin/ceph: stderr
2024-04-26T16:32:01.135+0000 7fa846ffd700 1 --2- 172.21.15.22:0/3929768624 >> [v2:172.21.15.22:3300/0,v1:172.21.15.22:6789/0] conn(0x7fa848078c40 0x7fa8480771f0 secure :-1 s=READY pgs=63 cs=0 l=1 rev1=1 crypto rx=0x7fa8380098e0 tx=0x7fa838009250 comp rx=0 tx=0).ready entity=mon.0 client_cookie=917f51b3359e9787 server_cookie=0 in_seq=0 out_seq=0
2024-04-26T16:32:01.919 INFO:teuthology.orchestra.run.smithi022.stdout:/usr/bin/ceph: stderr
2024-04-26T16:32:01.135+0000 7fa845ffb700 1 -- 172.21.15.22:0/3929768624 <== mon.0 v2:172.21.15.22:3300/0 1 ==== mon_map magic: 0 v1 ==== 229+0+0 (secure 0 0 0) 0x7fa83800b860 con 0x7fa848078c40
2024-04-26T16:32:01.919 INFO:teuthology.orchestra.run.smithi022.stdout:/usr/bin/ceph: stderr
2024-04-26T16:32:01.135+0000 7fa845ffb700 1 -- 172.21.15.22:0/3929768624 <== mon.0 v2:172.21.15.22:3300/0 2 ==== config(27 keys) v1 ==== 1109+0+0 (secure 0 0 0) 0x7fa83800be90 con 0x7fa848078c40
2024-04-26T16:32:01.919 INFO:teuthology.orchestra.run.smithi022.stdout:/usr/bin/ceph: stderr
2024-04-26T16:32:01.135+0000 7fa845ffb700 1 -- 172.21.15.22:0/3929768624 <== mon.0 v2:172.21.15.22:3300/0 3 ==== mon_map magic: 0 v1 ==== 229+0+0 (secure 0 0 0) 0x7fa8380103c0 con 0x7fa848078c40
2024-04-26T16:32:01.919 INFO:teuthology.orchestra.run.smithi022.stdout:/usr/bin/ceph: stderr
2024-04-26T16:32:01.135+0000 7fa84d670700 1 -- 172.21.15.22:0/3929768624 >> [v2:172.21.15.22:3300/0,v1:172.21.15.22:6789/0] conn(0x7fa848078c40 msgr2=0x7fa8480771f0 secure :-1 s=STATE_CONNECTION_ESTABLISHED l=1).mark_down
2024-04-26T16:32:01.919 INFO:teuthology.orchestra.run.smithi022.stdout:/usr/bin/ceph: stderr
2024-04-26T16:32:01.135+0000 7fa84d670700 1 --2- 172.21.15.22:0/3929768624 >> [v2:172.21.15.22:3300/0,v1:172.21.15.22:6789/0] conn(0x7fa848078c40 0x7fa8480771f0 secure :-1 s=READY pgs=63 cs=0 l=1 rev1=1 crypto rx=0x7fa8380098e0 tx=0x7fa838009250 comp rx=0 tx=0).stop
2024-04-26T16:32:01.919 INFO:teuthology.orchestra.run.smithi022.stdout:/usr/bin/ceph: stderr
2024-04-26T16:32:01.135+0000 7fa84d670700 1 -- 172.21.15.22:0/3929768624 shutdown_connections
2024-04-26T16:32:01.919 INFO:teuthology.orchestra.run.smithi022.stdout:/usr/bin/ceph: stderr
2024-04-26T16:32:01.135+0000 7fa84d670700 1 --2- 172.21.15.22:0/3929768624 >> [v2:172.21.15.22:3300/0,v1:172.21.15.22:6789/0] conn(0x7fa848078c40 0x7fa8480771f0 unknown :-1 s=CLOSED pgs=63 cs=0 l=1 rev1=1 crypto rx=0 tx=0 comp rx=0 tx=0).stop
2024-04-26T16:32:01.919 INFO:teuthology.orchestra.run.smithi022.stdout:/usr/bin/ceph: stderr
2024-04-26T16:32:01.135+0000 7fa84d670700 1 -- 172.21.15.22:0/3929768624 >> 172.21.15.22:0/3929768624 conn(0x7fa8480fe060 msgr2=0x7fa848100470 unknown :-1 s=STATE_NONE l=0).mark_down
2024-04-26T16:32:01.919 INFO:teuthology.orchestra.run.smithi022.stdout:/usr/bin/ceph: stderr
2024-04-26T16:32:01.135+0000 7fa84d670700 1 -- 172.21.15.22:0/3929768624 shutdown_connections
2024-04-26T16:32:01.919 INFO:teuthology.orchestra.run.smithi022.stdout:/usr/bin/ceph: stderr
2024-04-26T16:32:01.135+0000 7fa84d670700 1 -- 172.21.15.22:0/3929768624 wait complete.
2024-04-26T16:32:01.919 INFO:teuthology.orchestra.run.smithi022.stdout:/usr/bin/ceph: stderr
2024-04-26T16:32:01.136+0000 7fa84d670700 1 Processor -- start
2024-04-26T16:32:01.919 INFO:teuthology.orchestra.run.smithi022.stdout:/usr/bin/ceph: stderr
2024-04-26T16:32:01.136+0000 7fa84d670700 1 -- start start
2024-04-26T16:32:01.919 INFO:teuthology.orchestra.run.smithi022.stdout:/usr/bin/ceph: stderr
2024-04-26T16:32:01.136+0000 7fa84d670700 1 --2- >> [v2:172.21.15.22:3300/0,v1:172.21.15.22:6789/0] conn(0x7fa848078c40 0x7fa848113860 unknown :-1 s=NONE pgs=0 cs=0 l=1 rev1=0 crypto rx=0 tx=0 comp rx=0 tx=0).connect
2024-04-26T16:32:01.919 INFO:teuthology.orchestra.run.smithi022.stdout:/usr/bin/ceph: stderr
2024-04-26T16:32:01.136+0000 7fa84d670700 1 -- --> [v2:172.21.15.22:3300/0,v1:172.21.15.22:6789/0] -- mon_getmap magic: 0 v1 -- 0x7fa848113da0 con 0x7fa848078c40
2024-04-26T16:32:01.919 INFO:teuthology.orchestra.run.smithi022.stdout:/usr/bin/ceph: stderr
2024-04-26T16:32:01.136+0000 7fa846ffd700 1 --2- >> [v2:172.21.15.22:3300/0,v1:172.21.15.22:6789/0] conn(0x7fa848078c40 0x7fa848113860 unknown :-1 s=BANNER_CONNECTING pgs=0 cs=0 l=1 rev1=0 crypto rx=0 tx=0 comp rx=0 tx=0)._handle_peer_banner_payload supported=3 required=0
2024-04-26T16:32:01.920 INFO:teuthology.orchestra.run.smithi022.stdout:/usr/bin/ceph: stderr
2024-04-26T16:32:01.137+0000 7fa846ffd700 1 --2- >> [v2:172.21.15.22:3300/0,v1:172.21.15.22:6789/0] conn(0x7fa848078c40 0x7fa848113860 unknown :-1 s=HELLO_CONNECTING pgs=0 cs=0 l=1 rev1=1 crypto rx=0 tx=0 comp rx=0 tx=0).handle_hello peer v2:172.21.15.22:3300/0 says I am v2:172.21.15.22:46566/0 (socket says 172.21.15.22:46566)
2024-04-26T16:32:01.920 INFO:teuthology.orchestra.run.smithi022.stdout:/usr/bin/ceph: stderr
2024-04-26T16:32:01.137+0000 7fa846ffd700 1 -- 172.21.15.22:0/2576480517 learned_addr learned my addr 172.21.15.22:0/2576480517 (peer_addr_for_me v2:172.21.15.22:0/0)
2024-04-26T16:32:01.920 INFO:teuthology.orchestra.run.smithi022.stdout:/usr/bin/ceph: stderr
2024-04-26T16:32:01.137+0000 7fa846ffd700 1 -- 172.21.15.22:0/2576480517 --> [v2:172.21.15.22:3300/0,v1:172.21.15.22:6789/0] -- mon_subscribe({config=0+,monmap=0+}) v3 -- 0x7fa8380094f0 con 0x7fa848078c40
2024-04-26T16:32:01.920 INFO:teuthology.orchestra.run.smithi022.stdout:/usr/bin/ceph: stderr
2024-04-26T16:32:01.137+0000 7fa846ffd700 1 --2- 172.21.15.22:0/2576480517 >> [v2:172.21.15.22:3300/0,v1:172.21.15.22:6789/0] conn(0x7fa848078c40 0x7fa848113860 secure :-1 s=READY pgs=64 cs=0 l=1 rev1=1 crypto rx=0x7fa838006d40 tx=0x7fa838009250 comp rx=0 tx=0).ready entity=mon.0 client_cookie=0 server_cookie=0 in_seq=0 out_seq=0
2024-04-26T16:32:01.920 INFO:teuthology.orchestra.run.smithi022.stdout:/usr/bin/ceph: stderr
2024-04-26T16:32:01.137+0000 7fa82f7fe700 1 -- 172.21.15.22:0/2576480517 <== mon.0 v2:172.21.15.22:3300/0 1 ==== mon_map magic: 0 v1 ==== 229+0+0 (secure 0 0 0) 0x7fa838010840 con 0x7fa848078c40
2024-04-26T16:32:01.920 INFO:teuthology.orchestra.run.smithi022.stdout:/usr/bin/ceph: stderr
2024-04-26T16:32:01.137+0000 7fa82f7fe700 1 -- 172.21.15.22:0/2576480517 <== mon.0 v2:172.21.15.22:3300/0 2 ==== config(27 keys) v1 ==== 1109+0+0 (secure 0 0 0) 0x7fa838010e70 con 0x7fa848078c40
2024-04-26T16:32:01.920 INFO:teuthology.orchestra.run.smithi022.stdout:/usr/bin/ceph: stderr
2024-04-26T16:32:01.137+0000 7fa82f7fe700 1 -- 172.21.15.22:0/2576480517 <== mon.0 v2:172.21.15.22:3300/0 3 ==== mon_map magic: 0 v1 ==== 229+0+0 (secure 0 0 0) 0x7fa838024ea0 con 0x7fa848078c40
2024-04-26T16:32:01.920 INFO:teuthology.orchestra.run.smithi022.stdout:/usr/bin/ceph: stderr
2024-04-26T16:32:01.137+0000 7fa84d670700 1 -- 172.21.15.22:0/2576480517 --> [v2:172.21.15.22:3300/0,v1:172.21.15.22:6789/0] -- mon_subscribe({mgrmap=0+}) v3 -- 0x7fa848113fa0 con 0x7fa848078c40
2024-04-26T16:32:01.920 INFO:teuthology.orchestra.run.smithi022.stdout:/usr/bin/ceph: stderr
2024-04-26T16:32:01.137+0000 7fa84d670700 1 -- 172.21.15.22:0/2576480517 --> [v2:172.21.15.22:3300/0,v1:172.21.15.22:6789/0] -- mon_subscribe({osdmap=0}) v3 -- 0x7fa848114b10 con 0x7fa848078c40
2024-04-26T16:32:01.920 INFO:teuthology.orchestra.run.smithi022.stdout:/usr/bin/ceph: stderr
2024-04-26T16:32:01.138+0000 7fa82f7fe700 1 -- 172.21.15.22:0/2576480517 <== mon.0 v2:172.21.15.22:3300/0 4 ==== mgrmap(e 8) v1 ==== 43376+0+0 (secure 0 0 0) 0x7fa8380109a0 con 0x7fa848078c40
2024-04-26T16:32:01.920 INFO:teuthology.orchestra.run.smithi022.stdout:/usr/bin/ceph: stderr
2024-04-26T16:32:01.138+0000 7fa84d670700 1 -- 172.21.15.22:0/2576480517 --> [v2:172.21.15.22:3300/0,v1:172.21.15.22:6789/0] -- mon_command({"prefix": "get_command_descriptions"} v 0) v1 -- 0x7fa84805f5c0 con 0x7fa848078c40
2024-04-26T16:32:01.920 INFO:teuthology.orchestra.run.smithi022.stdout:/usr/bin/ceph: stderr
2024-04-26T16:32:01.138+0000 7fa82f7fe700 1 --2- 172.21.15.22:0/2576480517 >> [v2:172.21.15.22:6800/2209392397,v1:172.21.15.22:6801/2209392397] conn(0x7fa830036850 0x7fa830038d00 unknown :-1 s=NONE pgs=0 cs=0 l=1 rev1=0 crypto rx=0 tx=0 comp rx=0 tx=0).connect
2024-04-26T16:32:01.920 INFO:teuthology.orchestra.run.smithi022.stdout:/usr/bin/ceph: stderr
2024-04-26T16:32:01.138+0000 7fa82f7fe700 1 -- 172.21.15.22:0/2576480517 <== mon.0 v2:172.21.15.22:3300/0 5 ==== osd_map(2..2 src has 1..2) v4 ==== 936+0+0 (secure 0 0 0) 0x7fa83804a660 con 0x7fa848078c40
2024-04-26T16:32:01.920 INFO:teuthology.orchestra.run.smithi022.stdout:/usr/bin/ceph: stderr
2024-04-26T16:32:01.138+0000 7fa8467fc700 1 --2- 172.21.15.22:0/2576480517 >> [v2:172.21.15.22:6800/2209392397,v1:172.21.15.22:6801/2209392397] conn(0x7fa830036850 0x7fa830038d00 unknown :-1 s=BANNER_CONNECTING pgs=0 cs=0 l=1 rev1=0 crypto rx=0 tx=0 comp rx=0 tx=0)._handle_peer_banner_payload supported=3 required=0
2024-04-26T16:32:01.920 INFO:teuthology.orchestra.run.smithi022.stdout:/usr/bin/ceph: stderr
2024-04-26T16:32:01.139+0000 7fa8467fc700 1 --2- 172.21.15.22:0/2576480517 >> [v2:172.21.15.22:6800/2209392397,v1:172.21.15.22:6801/2209392397] conn(0x7fa830036850 0x7fa830038d00 secure :-1 s=READY pgs=20 cs=0 l=1 rev1=1 crypto rx=0x7fa83c009990 tx=0x7fa83c006e40 comp rx=0 tx=0).ready entity=mgr.14120 client_cookie=0 server_cookie=0 in_seq=0 out_seq=0
2024-04-26T16:32:01.921 INFO:teuthology.orchestra.run.smithi022.stdout:/usr/bin/ceph: stderr
2024-04-26T16:32:01.143+0000 7fa82f7fe700 1 -- 172.21.15.22:0/2576480517 <== mon.0 v2:172.21.15.22:3300/0 6 ==== mon_command_ack([{"prefix": "get_command_descriptions"}]=0 v0) v1 ==== 72+0+176702 (secure 0 0 0) 0x7fa83802c910 con 0x7fa848078c40
2024-04-26T16:32:01.921 INFO:teuthology.orchestra.run.smithi022.stdout:/usr/bin/ceph: stderr
2024-04-26T16:32:01.339+0000 7fa84d670700 1 -- 172.21.15.22:0/2576480517 --> [v2:172.21.15.22:3300/0,v1:172.21.15.22:6789/0] -- mon_command([{prefix=config set, name=mgr/dashboard/ssl_server_port}] v 0) v1 -- 0x7fa84804bed0 con 0x7fa848078c40
2024-04-26T16:32:01.921 INFO:teuthology.orchestra.run.smithi022.stdout:/usr/bin/ceph: stderr
2024-04-26T16:32:01.342+0000 7fa82f7fe700 1 -- 172.21.15.22:0/2576480517 <== mon.0 v2:172.21.15.22:3300/0 7 ==== mon_command_ack([{prefix=config set, name=mgr/dashboard/ssl_server_port}]=0 v8)=0 v8) v1 ==== 130+0+0 (secure 0 0 0) 0x7fa83802c340 con 0x7fa848078c40
2024-04-26T16:32:01.921 INFO:teuthology.orchestra.run.smithi022.stdout:/usr/bin/ceph: stderr
2024-04-26T16:32:01.344+0000 7fa84d670700 1 -- 172.21.15.22:0/2576480517 >> [v2:172.21.15.22:6800/2209392397,v1:172.21.15.22:6801/2209392397] conn(0x7fa830036850 msgr2=0x7fa830038d00 secure :-1 s=STATE_CONNECTION_ESTABLISHED l=1).mark_down
2024-04-26T16:32:01.921 INFO:teuthology.orchestra.run.smithi022.stdout:/usr/bin/ceph: stderr
2024-04-26T16:32:01.344+0000 7fa84d670700 1 --2- 172.21.15.22:0/2576480517 >> [v2:172.21.15.22:6800/2209392397,v1:172.21.15.22:6801/2209392397] conn(0x7fa830036850 0x7fa830038d00 secure :-1 s=READY pgs=20 cs=0 l=1 rev1=1 crypto rx=0x7fa83c009990 tx=0x7fa83c006e40 comp rx=0 tx=0).stop
2024-04-26T16:32:01.921 INFO:teuthology.orchestra.run.smithi022.stdout:/usr/bin/ceph: stderr
2024-04-26T16:32:01.344+0000 7fa84d670700 1 -- 172.21.15.22:0/2576480517 >> [v2:172.21.15.22:3300/0,v1:172.21.15.22:6789/0] conn(0x7fa848078c40 msgr2=0x7fa848113860 secure :-1 s=STATE_CONNECTION_ESTABLISHED l=1).mark_down
2024-04-26T16:32:01.921 INFO:teuthology.orchestra.run.smithi022.stdout:/usr/bin/ceph: stderr
2024-04-26T16:32:01.344+0000 7fa84d670700 1 --2- 172.21.15.22:0/2576480517 >> [v2:172.21.15.22:3300/0,v1:172.21.15.22:6789/0] conn(0x7fa848078c40 0x7fa848113860 secure :-1 s=READY pgs=64 cs=0 l=1 rev1=1 crypto rx=0x7fa838006d40 tx=0x7fa838009250 comp rx=0 tx=0).stop
2024-04-26T16:32:01.921 INFO:teuthology.orchestra.run.smithi022.stdout:/usr/bin/ceph: stderr
2024-04-26T16:32:01.344+0000 7fa84d670700 1 -- 172.21.15.22:0/2576480517 shutdown_connections
2024-04-26T16:32:01.921 INFO:teuthology.orchestra.run.smithi022.stdout:/usr/bin/ceph: stderr
2024-04-26T16:32:01.344+0000 7fa84d670700 1 --2- 172.21.15.22:0/2576480517 >> [v2:172.21.15.22:6800/2209392397,v1:172.21.15.22:6801/2209392397] conn(0x7fa830036850 0x7fa830038d00 unknown :-1 s=CLOSED pgs=20 cs=0 l=1 rev1=1 crypto rx=0 tx=0 comp rx=0 tx=0).stop
2024-04-26T16:32:01.921 INFO:teuthology.orchestra.run.smithi022.stdout:/usr/bin/ceph: stderr
2024-04-26T16:32:01.344+0000 7fa84d670700 1 --2- 172.21.15.22:0/2576480517 >> [v2:172.21.15.22:3300/0,v1:172.21.15.22:6789/0] conn(0x7fa848078c40 0x7fa848113860 unknown :-1 s=CLOSED pgs=64 cs=0 l=1 rev1=1 crypto rx=0 tx=0 comp rx=0 tx=0).stop
2024-04-26T16:32:01.921 INFO:teuthology.orchestra.run.smithi022.stdout:/usr/bin/ceph: stderr
2024-04-26T16:32:01.344+0000 7fa84d670700 1 -- 172.21.15.22:0/2576480517 >> 172.21.15.22:0/2576480517 conn(0x7fa8480fe060 msgr2=0x7fa8480febe0 unknown :-1 s=STATE_NONE l=0).mark_down
2024-04-26T16:32:01.921 INFO:teuthology.orchestra.run.smithi022.stdout:/usr/bin/ceph: stderr
2024-04-26T16:32:01.344+0000 7fa84d670700 1 -- 172.21.15.22:0/2576480517 shutdown_connections
2024-04-26T16:32:01.921 INFO:teuthology.orchestra.run.smithi022.stdout:/usr/bin/ceph: stderr
2024-04-26T16:32:01.344+0000 7fa84d670700 1 -- 172.21.15.22:0/2576480517 wait complete.
2024-04-26T16:32:01.921 INFO:teuthology.orchestra.run.smithi022.stdout:Enabling the dashboard module...
2024-04-26T16:32:02.953 INFO:journalctl@ceph.mon.smithi022.smithi022.stdout:Apr 26 16:32:02 smithi022 ceph-mon[26607]: from='client.? 172.21.15.22:0/3185574493' entity='client.admin' cmd=[{"prefix": "mgr module enable", "module": "dashboard"}]: dispatch
2024-04-26T16:32:03.338 INFO:teuthology.orchestra.run.smithi022.stdout:/usr/bin/ceph: stderr
2024-04-26T16:32:02.335+0000 7f4a6c5ab700 1 Processor -- start
2024-04-26T16:32:03.338 INFO:teuthology.orchestra.run.smithi022.stdout:/usr/bin/ceph: stderr
2024-04-26T16:32:02.335+0000 7f4a6c5ab700 1 -- start start
2024-04-26T16:32:03.338 INFO:teuthology.orchestra.run.smithi022.stdout:/usr/bin/ceph: stderr
2024-04-26T16:32:02.335+0000 7f4a6c5ab700 1 --2- >> [v2:172.21.15.22:3300/0,v1:172.21.15.22:6789/0] conn(0x7f4a64077b30 0x7f4a640760e0 unknown :-1 s=NONE pgs=0 cs=0 l=0 rev1=0 crypto rx=0 tx=0 comp rx=0 tx=0).connect
2024-04-26T16:32:03.338 INFO:teuthology.orchestra.run.smithi022.stdout:/usr/bin/ceph: stderr
2024-04-26T16:32:02.335+0000 7f4a6c5ab700 1 -- --> [v2:172.21.15.22:3300/0,v1:172.21.15.22:6789/0] -- mon_getmap magic: 0 v1 -- 0x7f4a64077f40 con 0x7f4a64077b30
2024-04-26T16:32:03.338 INFO:teuthology.orchestra.run.smithi022.stdout:/usr/bin/ceph: stderr
2024-04-26T16:32:02.335+0000 7f4a6a347700 1 --2- >> [v2:172.21.15.22:3300/0,v1:172.21.15.22:6789/0] conn(0x7f4a64077b30 0x7f4a640760e0 unknown :-1 s=BANNER_CONNECTING pgs=0 cs=0 l=0 rev1=0 crypto rx=0 tx=0 comp rx=0 tx=0)._handle_peer_banner_payload supported=3 required=0
2024-04-26T16:32:03.338 INFO:teuthology.orchestra.run.smithi022.stdout:/usr/bin/ceph: stderr
2024-04-26T16:32:02.336+0000 7f4a6a347700 1 --2- >> [v2:172.21.15.22:3300/0,v1:172.21.15.22:6789/0] conn(0x7f4a64077b30 0x7f4a640760e0 unknown :-1 s=HELLO_CONNECTING pgs=0 cs=0 l=0 rev1=1 crypto rx=0 tx=0 comp rx=0 tx=0).handle_hello peer v2:172.21.15.22:3300/0 says I am v2:172.21.15.22:46578/0 (socket says 172.21.15.22:46578)
2024-04-26T16:32:03.338 INFO:teuthology.orchestra.run.smithi022.stdout:/usr/bin/ceph: stderr
2024-04-26T16:32:02.336+0000 7f4a6a347700 1 -- 172.21.15.22:0/549880079 learned_addr learned my addr 172.21.15.22:0/549880079 (peer_addr_for_me v2:172.21.15.22:0/0)
2024-04-26T16:32:03.338 INFO:teuthology.orchestra.run.smithi022.stdout:/usr/bin/ceph: stderr
2024-04-26T16:32:02.336+0000 7f4a6a347700 1 -- 172.21.15.22:0/549880079 --> [v2:172.21.15.22:3300/0,v1:172.21.15.22:6789/0] -- mon_subscribe({config=0+,monmap=0+}) v3 -- 0x7f4a64076620 con 0x7f4a64077b30
2024-04-26T16:32:03.339 INFO:teuthology.orchestra.run.smithi022.stdout:/usr/bin/ceph: stderr
2024-04-26T16:32:02.336+0000 7f4a6a347700 1 --2- 172.21.15.22:0/549880079 >> [v2:172.21.15.22:3300/0,v1:172.21.15.22:6789/0] conn(0x7f4a64077b30 0x7f4a640760e0 secure :-1 s=READY pgs=65 cs=0 l=1 rev1=1 crypto rx=0x7f4a540098e0 tx=0x7f4a54009250 comp rx=0 tx=0).ready entity=mon.0 client_cookie=b56916bcb70610e8 server_cookie=0 in_seq=0 out_seq=0
2024-04-26T16:32:03.339 INFO:teuthology.orchestra.run.smithi022.stdout:/usr/bin/ceph: stderr
2024-04-26T16:32:02.336+0000 7f4a69345700 1 -- 172.21.15.22:0/549880079 <== mon.0 v2:172.21.15.22:3300/0 1 ==== mon_map magic: 0 v1 ==== 229+0+0 (secure 0 0 0) 0x7f4a5400b860 con 0x7f4a64077b30
2024-04-26T16:32:03.339 INFO:teuthology.orchestra.run.smithi022.stdout:/usr/bin/ceph: stderr
2024-04-26T16:32:02.336+0000 7f4a69345700 1 -- 172.21.15.22:0/549880079 <== mon.0 v2:172.21.15.22:3300/0 2 ==== config(27 keys) v1 ==== 1109+0+0 (secure 0 0 0) 0x7f4a5400be90 con 0x7f4a64077b30
2024-04-26T16:32:03.339 INFO:teuthology.orchestra.run.smithi022.stdout:/usr/bin/ceph: stderr
2024-04-26T16:32:02.336+0000 7f4a69345700 1 -- 172.21.15.22:0/549880079 <== mon.0 v2:172.21.15.22:3300/0 3 ==== mon_map magic: 0 v1 ==== 229+0+0 (secure 0 0 0) 0x7f4a540103c0 con 0x7f4a64077b30
2024-04-26T16:32:03.339 INFO:teuthology.orchestra.run.smithi022.stdout:/usr/bin/ceph: stderr
2024-04-26T16:32:02.337+0000 7f4a6c5ab700 1 -- 172.21.15.22:0/549880079 >> [v2:172.21.15.22:3300/0,v1:172.21.15.22:6789/0] conn(0x7f4a64077b30 msgr2=0x7f4a640760e0 secure :-1 s=STATE_CONNECTION_ESTABLISHED l=1).mark_down
2024-04-26T16:32:03.339 INFO:teuthology.orchestra.run.smithi022.stdout:/usr/bin/ceph: stderr
2024-04-26T16:32:02.337+0000 7f4a6c5ab700 1 --2- 172.21.15.22:0/549880079 >> [v2:172.21.15.22:3300/0,v1:172.21.15.22:6789/0] conn(0x7f4a64077b30 0x7f4a640760e0 secure :-1 s=READY pgs=65 cs=0 l=1 rev1=1 crypto rx=0x7f4a540098e0 tx=0x7f4a54009250 comp rx=0 tx=0).stop
2024-04-26T16:32:03.339 INFO:teuthology.orchestra.run.smithi022.stdout:/usr/bin/ceph: stderr
2024-04-26T16:32:02.337+0000 7f4a6c5ab700 1 -- 172.21.15.22:0/549880079 shutdown_connections
2024-04-26T16:32:03.339 INFO:teuthology.orchestra.run.smithi022.stdout:/usr/bin/ceph: stderr
2024-04-26T16:32:02.337+0000 7f4a6c5ab700 1 --2- 172.21.15.22:0/549880079 >> [v2:172.21.15.22:3300/0,v1:172.21.15.22:6789/0] conn(0x7f4a64077b30 0x7f4a640760e0 unknown :-1 s=CLOSED pgs=65 cs=0 l=1 rev1=1 crypto rx=0 tx=0 comp rx=0 tx=0).stop
2024-04-26T16:32:03.339 INFO:teuthology.orchestra.run.smithi022.stdout:/usr/bin/ceph: stderr
2024-04-26T16:32:02.337+0000 7f4a6c5ab700 1 -- 172.21.15.22:0/549880079 >> 172.21.15.22:0/549880079 conn(0x7f4a640fdf90 msgr2=0x7f4a64100400 unknown :-1 s=STATE_NONE l=0).mark_down
2024-04-26T16:32:03.339 INFO:teuthology.orchestra.run.smithi022.stdout:/usr/bin/ceph: stderr
2024-04-26T16:32:02.337+0000 7f4a6c5ab700 1 -- 172.21.15.22:0/549880079 shutdown_connections
2024-04-26T16:32:03.339 INFO:teuthology.orchestra.run.smithi022.stdout:/usr/bin/ceph: stderr
2024-04-26T16:32:02.337+0000 7f4a6c5ab700 1 -- 172.21.15.22:0/549880079 wait complete.
2024-04-26T16:32:03.339 INFO:teuthology.orchestra.run.smithi022.stdout:/usr/bin/ceph: stderr
2024-04-26T16:32:02.338+0000 7f4a6c5ab700 1 Processor -- start
2024-04-26T16:32:03.339 INFO:teuthology.orchestra.run.smithi022.stdout:/usr/bin/ceph: stderr
2024-04-26T16:32:02.338+0000 7f4a6c5ab700 1 -- start start
2024-04-26T16:32:03.339 INFO:teuthology.orchestra.run.smithi022.stdout:/usr/bin/ceph: stderr
2024-04-26T16:32:02.338+0000 7f4a6c5ab700 1 --2- >> [v2:172.21.15.22:3300/0,v1:172.21.15.22:6789/0] conn(0x7f4a64077b30 0x7f4a64113830 unknown :-1 s=NONE pgs=0 cs=0 l=1 rev1=0 crypto rx=0 tx=0 comp rx=0 tx=0).connect
2024-04-26T16:32:03.340 INFO:teuthology.orchestra.run.smithi022.stdout:/usr/bin/ceph: stderr
2024-04-26T16:32:02.338+0000 7f4a6c5ab700 1 -- --> [v2:172.21.15.22:3300/0,v1:172.21.15.22:6789/0] -- mon_getmap magic: 0 v1 -- 0x7f4a64113d70 con 0x7f4a64077b30
2024-04-26T16:32:03.340 INFO:teuthology.orchestra.run.smithi022.stdout:/usr/bin/ceph: stderr
2024-04-26T16:32:02.338+0000 7f4a6a347700 1 --2- >> [v2:172.21.15.22:3300/0,v1:172.21.15.22:6789/0] conn(0x7f4a64077b30 0x7f4a64113830 unknown :-1 s=BANNER_CONNECTING pgs=0 cs=0 l=1 rev1=0 crypto rx=0 tx=0 comp rx=0 tx=0)._handle_peer_banner_payload supported=3 required=0
2024-04-26T16:32:03.340 INFO:teuthology.orchestra.run.smithi022.stdout:/usr/bin/ceph: stderr
2024-04-26T16:32:02.338+0000 7f4a6a347700 1 --2- >> [v2:172.21.15.22:3300/0,v1:172.21.15.22:6789/0] conn(0x7f4a64077b30 0x7f4a64113830 unknown :-1 s=HELLO_CONNECTING pgs=0 cs=0 l=1 rev1=1 crypto rx=0 tx=0 comp rx=0 tx=0).handle_hello peer v2:172.21.15.22:3300/0 says I am v2:172.21.15.22:46582/0 (socket says 172.21.15.22:46582)
2024-04-26T16:32:03.340 INFO:teuthology.orchestra.run.smithi022.stdout:/usr/bin/ceph: stderr
2024-04-26T16:32:02.338+0000 7f4a6a347700 1 -- 172.21.15.22:0/3185574493 learned_addr learned my addr 172.21.15.22:0/3185574493 (peer_addr_for_me v2:172.21.15.22:0/0)
2024-04-26T16:32:03.340 INFO:teuthology.orchestra.run.smithi022.stdout:/usr/bin/ceph: stderr
2024-04-26T16:32:02.338+0000 7f4a6a347700 1 -- 172.21.15.22:0/3185574493 --> [v2:172.21.15.22:3300/0,v1:172.21.15.22:6789/0] -- mon_subscribe({config=0+,monmap=0+}) v3 -- 0x7f4a540094f0 con 0x7f4a64077b30
2024-04-26T16:32:03.340 INFO:teuthology.orchestra.run.smithi022.stdout:/usr/bin/ceph: stderr
2024-04-26T16:32:02.338+0000 7f4a6a347700 1 --2- 172.21.15.22:0/3185574493 >> [v2:172.21.15.22:3300/0,v1:172.21.15.22:6789/0] conn(0x7f4a64077b30 0x7f4a64113830 secure :-1 s=READY pgs=66 cs=0 l=1 rev1=1 crypto rx=0x7f4a540094c0 tx=0x7f4a54009250 comp rx=0 tx=0).ready entity=mon.0 client_cookie=0 server_cookie=0 in_seq=0 out_seq=0
2024-04-26T16:32:03.340 INFO:teuthology.orchestra.run.smithi022.stdout:/usr/bin/ceph: stderr
2024-04-26T16:32:02.339+0000 7f4a5affd700 1 -- 172.21.15.22:0/3185574493 <== mon.0 v2:172.21.15.22:3300/0 1 ==== mon_map magic: 0 v1 ==== 229+0+0 (secure 0 0 0) 0x7f4a54010890 con 0x7f4a64077b30
2024-04-26T16:32:03.340 INFO:teuthology.orchestra.run.smithi022.stdout:/usr/bin/ceph: stderr
2024-04-26T16:32:02.339+0000 7f4a5affd700 1 -- 172.21.15.22:0/3185574493 <== mon.0 v2:172.21.15.22:3300/0 2 ==== config(27 keys) v1 ==== 1109+0+0 (secure 0 0 0) 0x7f4a54010ec0 con 0x7f4a64077b30
2024-04-26T16:32:03.340 INFO:teuthology.orchestra.run.smithi022.stdout:/usr/bin/ceph: stderr
2024-04-26T16:32:02.339+0000 7f4a6c5ab700 1 -- 172.21.15.22:0/3185574493 --> [v2:172.21.15.22:3300/0,v1:172.21.15.22:6789/0] -- mon_subscribe({mgrmap=0+}) v3 -- 0x7f4a64113f70 con 0x7f4a64077b30
2024-04-26T16:32:03.340 INFO:teuthology.orchestra.run.smithi022.stdout:/usr/bin/ceph: stderr
2024-04-26T16:32:02.339+0000 7f4a5affd700 1 -- 172.21.15.22:0/3185574493 <== mon.0 v2:172.21.15.22:3300/0 3 ==== mon_map magic: 0 v1 ==== 229+0+0 (secure 0 0 0) 0x7f4a540243f0 con 0x7f4a64077b30
2024-04-26T16:32:03.340 INFO:teuthology.orchestra.run.smithi022.stdout:/usr/bin/ceph: stderr
2024-04-26T16:32:02.339+0000 7f4a6c5ab700 1 -- 172.21.15.22:0/3185574493 --> [v2:172.21.15.22:3300/0,v1:172.21.15.22:6789/0] -- mon_subscribe({osdmap=0}) v3 -- 0x7f4a64114ae0 con 0x7f4a64077b30
2024-04-26T16:32:03.340 INFO:teuthology.orchestra.run.smithi022.stdout:/usr/bin/ceph: stderr
2024-04-26T16:32:02.340+0000 7f4a5affd700 1 -- 172.21.15.22:0/3185574493 <== mon.0 v2:172.21.15.22:3300/0 4 ==== mgrmap(e 8) v1 ==== 43376+0+0 (secure 0 0 0) 0x7f4a5402d3f0 con 0x7f4a64077b30
2024-04-26T16:32:03.340 INFO:teuthology.orchestra.run.smithi022.stdout:/usr/bin/ceph: stderr
2024-04-26T16:32:02.340+0000 7f4a6c5ab700 1 -- 172.21.15.22:0/3185574493 --> [v2:172.21.15.22:3300/0,v1:172.21.15.22:6789/0] -- mon_command({"prefix": "get_command_descriptions"} v 0) v1 -- 0x7f4a6405f5c0 con 0x7f4a64077b30
2024-04-26T16:32:03.340 INFO:teuthology.orchestra.run.smithi022.stdout:/usr/bin/ceph: stderr
2024-04-26T16:32:02.340+0000 7f4a5affd700 1 --2- 172.21.15.22:0/3185574493 >> [v2:172.21.15.22:6800/2209392397,v1:172.21.15.22:6801/2209392397] conn(0x7f4a500368a0 0x7f4a50038d50 unknown :-1 s=NONE pgs=0 cs=0 l=1 rev1=0 crypto rx=0 tx=0 comp rx=0 tx=0).connect
2024-04-26T16:32:03.340 INFO:teuthology.orchestra.run.smithi022.stdout:/usr/bin/ceph: stderr
2024-04-26T16:32:02.340+0000 7f4a5affd700 1 -- 172.21.15.22:0/3185574493 <== mon.0 v2:172.21.15.22:3300/0 5 ==== osd_map(2..2 src has 1..2) v4 ==== 936+0+0 (secure 0 0 0) 0x7f4a5404a210 con 0x7f4a64077b30
2024-04-26T16:32:03.341 INFO:teuthology.orchestra.run.smithi022.stdout:/usr/bin/ceph: stderr
2024-04-26T16:32:02.340+0000 7f4a69b46700 1 --2- 172.21.15.22:0/3185574493 >> [v2:172.21.15.22:6800/2209392397,v1:172.21.15.22:6801/2209392397] conn(0x7f4a500368a0 0x7f4a50038d50 unknown :-1 s=BANNER_CONNECTING pgs=0 cs=0 l=1 rev1=0 crypto rx=0 tx=0 comp rx=0 tx=0)._handle_peer_banner_payload supported=3 required=0
2024-04-26T16:32:03.341 INFO:teuthology.orchestra.run.smithi022.stdout:/usr/bin/ceph: stderr
2024-04-26T16:32:02.341+0000 7f4a69b46700 1 --2- 172.21.15.22:0/3185574493 >> [v2:172.21.15.22:6800/2209392397,v1:172.21.15.22:6801/2209392397] conn(0x7f4a500368a0 0x7f4a50038d50 secure :-1 s=READY pgs=21 cs=0 l=1 rev1=1 crypto rx=0x7f4a60009990 tx=0x7f4a60006e40 comp rx=0 tx=0).ready entity=mgr.14120 client_cookie=0 server_cookie=0 in_seq=0 out_seq=0
2024-04-26T16:32:03.341 INFO:teuthology.orchestra.run.smithi022.stdout:/usr/bin/ceph: stderr
2024-04-26T16:32:02.345+0000 7f4a5affd700 1 -- 172.21.15.22:0/3185574493 <== mon.0 v2:172.21.15.22:3300/0 6 ==== mon_command_ack([{"prefix": "get_command_descriptions"}]=0 v0) v1 ==== 72+0+176702 (secure 0 0 0) 0x7f4a5402b8e0 con 0x7f4a64077b30
2024-04-26T16:32:03.341 INFO:teuthology.orchestra.run.smithi022.stdout:/usr/bin/ceph: stderr
2024-04-26T16:32:02.596+0000 7f4a6c5ab700 1 -- 172.21.15.22:0/3185574493 --> [v2:172.21.15.22:3300/0,v1:172.21.15.22:6789/0] -- mon_command({"prefix": "mgr module enable", "module": "dashboard"} v 0) v1 -- 0x7f4a6404bed0 con 0x7f4a64077b30
2024-04-26T16:32:03.341 INFO:teuthology.orchestra.run.smithi022.stdout:/usr/bin/ceph: stderr
2024-04-26T16:32:02.779+0000 7f4a5affd700 1 -- 172.21.15.22:0/3185574493 <== mon.0 v2:172.21.15.22:3300/0 7 ==== mgrmap(e 9) v1 ==== 43389+0+0 (secure 0 0 0) 0x7f4a5401a7e0 con 0x7f4a64077b30
2024-04-26T16:32:03.341 INFO:teuthology.orchestra.run.smithi022.stdout:/usr/bin/ceph: stderr
2024-04-26T16:32:02.781+0000 7f4a5affd700 1 -- 172.21.15.22:0/3185574493 <== mon.0 v2:172.21.15.22:3300/0 8 ==== mon_command_ack([{"prefix": "mgr module enable", "module": "dashboard"}]=0 v9) v1 ==== 88+0+0 (secure 0 0 0) 0x7f4a54049de0 con 0x7f4a64077b30
2024-04-26T16:32:03.341 INFO:teuthology.orchestra.run.smithi022.stdout:/usr/bin/ceph: stderr
2024-04-26T16:32:02.783+0000 7f4a6c5ab700 1 -- 172.21.15.22:0/3185574493 >> [v2:172.21.15.22:6800/2209392397,v1:172.21.15.22:6801/2209392397] conn(0x7f4a500368a0 msgr2=0x7f4a50038d50 secure :-1 s=STATE_CONNECTION_ESTABLISHED l=1).mark_down
2024-04-26T16:32:03.341 INFO:teuthology.orchestra.run.smithi022.stdout:/usr/bin/ceph: stderr
2024-04-26T16:32:02.783+0000 7f4a6c5ab700 1 --2- 172.21.15.22:0/3185574493 >> [v2:172.21.15.22:6800/2209392397,v1:172.21.15.22:6801/2209392397] conn(0x7f4a500368a0 0x7f4a50038d50 secure :-1 s=READY pgs=21 cs=0 l=1 rev1=1 crypto rx=0x7f4a60009990 tx=0x7f4a60006e40 comp rx=0 tx=0).stop
2024-04-26T16:32:03.341 INFO:teuthology.orchestra.run.smithi022.stdout:/usr/bin/ceph: stderr
2024-04-26T16:32:02.783+0000 7f4a6c5ab700 1 -- 172.21.15.22:0/3185574493 >> [v2:172.21.15.22:3300/0,v1:172.21.15.22:6789/0] conn(0x7f4a64077b30 msgr2=0x7f4a64113830 secure :-1 s=STATE_CONNECTION_ESTABLISHED l=1).mark_down
2024-04-26T16:32:03.342 INFO:teuthology.orchestra.run.smithi022.stdout:/usr/bin/ceph: stderr
2024-04-26T16:32:02.783+0000 7f4a6c5ab700 1 --2- 172.21.15.22:0/3185574493 >> [v2:172.21.15.22:3300/0,v1:172.21.15.22:6789/0] conn(0x7f4a64077b30 0x7f4a64113830 secure :-1 s=READY pgs=66 cs=0 l=1 rev1=1 crypto rx=0x7f4a540094c0 tx=0x7f4a54009250 comp rx=0 tx=0).stop
2024-04-26T16:32:03.342 INFO:teuthology.orchestra.run.smithi022.stdout:/usr/bin/ceph: stderr
2024-04-26T16:32:02.783+0000 7f4a6c5ab700 1 -- 172.21.15.22:0/3185574493 shutdown_connections
2024-04-26T16:32:03.342 INFO:teuthology.orchestra.run.smithi022.stdout:/usr/bin/ceph: stderr
2024-04-26T16:32:02.783+0000 7f4a6c5ab700 1 --2- 172.21.15.22:0/3185574493 >> [v2:172.21.15.22:6800/2209392397,v1:172.21.15.22:6801/2209392397] conn(0x7f4a500368a0 0x7f4a50038d50 unknown :-1 s=CLOSED pgs=21 cs=0 l=1 rev1=1 crypto rx=0 tx=0 comp rx=0 tx=0).stop
2024-04-26T16:32:03.342 INFO:teuthology.orchestra.run.smithi022.stdout:/usr/bin/ceph: stderr
2024-04-26T16:32:02.783+0000 7f4a6c5ab700 1 --2- 172.21.15.22:0/3185574493 >> [v2:172.21.15.22:3300/0,v1:172.21.15.22:6789/0] conn(0x7f4a64077b30 0x7f4a64113830 unknown :-1 s=CLOSED pgs=66 cs=0 l=1 rev1=1 crypto rx=0 tx=0 comp rx=0 tx=0).stop
2024-04-26T16:32:03.342 INFO:teuthology.orchestra.run.smithi022.stdout:/usr/bin/ceph: stderr
2024-04-26T16:32:02.783+0000 7f4a6c5ab700 1 -- 172.21.15.22:0/3185574493 >> 172.21.15.22:0/3185574493 conn(0x7f4a640fdf90 msgr2=0x7f4a640feae0 unknown :-1 s=STATE_NONE l=0).mark_down
2024-04-26T16:32:03.342 INFO:teuthology.orchestra.run.smithi022.stdout:/usr/bin/ceph: stderr
2024-04-26T16:32:02.783+0000 7f4a6c5ab700 1 -- 172.21.15.22:0/3185574493 shutdown_connections
2024-04-26T16:32:03.342 INFO:teuthology.orchestra.run.smithi022.stdout:/usr/bin/ceph: stderr
2024-04-26T16:32:02.783+0000 7f4a6c5ab700 1 -- 172.21.15.22:0/3185574493 wait complete.
2024-04-26T16:32:03.833 INFO:journalctl@ceph.mon.smithi022.smithi022.stdout:Apr 26 16:32:03 smithi022 ceph-mon[26607]: from='client.? 172.21.15.22:0/3185574493' entity='client.admin' cmd='[{"prefix": "mgr module enable", "module": "dashboard"}]': finished
2024-04-26T16:32:03.833 INFO:journalctl@ceph.mon.smithi022.smithi022.stdout:Apr 26 16:32:03 smithi022 ceph-mon[26607]: mgrmap e9: smithi022.fxzhqg(active, since 24s)
2024-04-26T16:32:04.665 INFO:teuthology.orchestra.run.smithi022.stdout:/usr/bin/ceph: stdout {
2024-04-26T16:32:04.665 INFO:teuthology.orchestra.run.smithi022.stdout:/usr/bin/ceph: stdout "epoch": 9,
2024-04-26T16:32:04.665 INFO:teuthology.orchestra.run.smithi022.stdout:/usr/bin/ceph: stdout "available": true,
2024-04-26T16:32:04.665 INFO:teuthology.orchestra.run.smithi022.stdout:/usr/bin/ceph: stdout "active_name": "smithi022.fxzhqg",
2024-04-26T16:32:04.665 INFO:teuthology.orchestra.run.smithi022.stdout:/usr/bin/ceph: stdout "num_standby": 0
2024-04-26T16:32:04.665 INFO:teuthology.orchestra.run.smithi022.stdout:/usr/bin/ceph: stdout }
2024-04-26T16:32:04.665 INFO:teuthology.orchestra.run.smithi022.stdout:/usr/bin/ceph: stderr
2024-04-26T16:32:03.777+0000 7f67a4040700 1 Processor -- start
2024-04-26T16:32:04.666 INFO:teuthology.orchestra.run.smithi022.stdout:/usr/bin/ceph: stderr
2024-04-26T16:32:03.777+0000 7f67a4040700 1 -- start start
2024-04-26T16:32:04.666 INFO:teuthology.orchestra.run.smithi022.stdout:/usr/bin/ceph: stderr
2024-04-26T16:32:03.777+0000 7f67a4040700 1 --2- >> [v2:172.21.15.22:3300/0,v1:172.21.15.22:6789/0] conn(0x7f679c077b90 0x7f679c076140 unknown :-1 s=NONE pgs=0 cs=0 l=0 rev1=0 crypto rx=0 tx=0 comp rx=0 tx=0).connect
2024-04-26T16:32:04.666 INFO:teuthology.orchestra.run.smithi022.stdout:/usr/bin/ceph: stderr
2024-04-26T16:32:03.777+0000 7f67a4040700 1 -- --> [v2:172.21.15.22:3300/0,v1:172.21.15.22:6789/0] -- mon_getmap magic: 0 v1 -- 0x7f679c077fa0 con 0x7f679c077b90
2024-04-26T16:32:04.666 INFO:teuthology.orchestra.run.smithi022.stdout:/usr/bin/ceph: stderr
2024-04-26T16:32:03.778+0000 7f67a1ddc700 1 --2- >> [v2:172.21.15.22:3300/0,v1:172.21.15.22:6789/0] conn(0x7f679c077b90 0x7f679c076140 unknown :-1 s=BANNER_CONNECTING pgs=0 cs=0 l=0 rev1=0 crypto rx=0 tx=0 comp rx=0 tx=0)._handle_peer_banner_payload supported=3 required=0
2024-04-26T16:32:04.666 INFO:teuthology.orchestra.run.smithi022.stdout:/usr/bin/ceph: stderr
2024-04-26T16:32:03.778+0000 7f67a1ddc700 1 --2- >> [v2:172.21.15.22:3300/0,v1:172.21.15.22:6789/0] conn(0x7f679c077b90 0x7f679c076140 unknown :-1 s=HELLO_CONNECTING pgs=0 cs=0 l=0 rev1=1 crypto rx=0 tx=0 comp rx=0 tx=0).handle_hello peer v2:172.21.15.22:3300/0 says I am v2:172.21.15.22:46612/0 (socket says 172.21.15.22:46612)
2024-04-26T16:32:04.666 INFO:teuthology.orchestra.run.smithi022.stdout:/usr/bin/ceph: stderr
2024-04-26T16:32:03.778+0000 7f67a1ddc700 1 -- 172.21.15.22:0/1674453925 learned_addr learned my addr 172.21.15.22:0/1674453925 (peer_addr_for_me v2:172.21.15.22:0/0)
2024-04-26T16:32:04.666 INFO:teuthology.orchestra.run.smithi022.stdout:/usr/bin/ceph: stderr
2024-04-26T16:32:03.778+0000 7f67a1ddc700 1 -- 172.21.15.22:0/1674453925 --> [v2:172.21.15.22:3300/0,v1:172.21.15.22:6789/0] -- mon_subscribe({config=0+,monmap=0+}) v3 -- 0x7f679c076680 con 0x7f679c077b90
2024-04-26T16:32:04.666 INFO:teuthology.orchestra.run.smithi022.stdout:/usr/bin/ceph: stderr
2024-04-26T16:32:03.778+0000 7f67a1ddc700 1 --2- 172.21.15.22:0/1674453925 >> [v2:172.21.15.22:3300/0,v1:172.21.15.22:6789/0] conn(0x7f679c077b90 0x7f679c076140 secure :-1 s=READY pgs=69 cs=0 l=1 rev1=1 crypto rx=0x7f67980098e0 tx=0x7f6798009250 comp rx=0 tx=0).ready entity=mon.0 client_cookie=e4aa6f2f502ced46 server_cookie=0 in_seq=0 out_seq=0
2024-04-26T16:32:04.666 INFO:teuthology.orchestra.run.smithi022.stdout:/usr/bin/ceph: stderr
2024-04-26T16:32:03.778+0000 7f67a0dda700 1 -- 172.21.15.22:0/1674453925 <== mon.0 v2:172.21.15.22:3300/0 1 ==== mon_map magic: 0 v1 ==== 229+0+0 (secure 0 0 0) 0x7f679800b860 con 0x7f679c077b90
2024-04-26T16:32:04.666 INFO:teuthology.orchestra.run.smithi022.stdout:/usr/bin/ceph: stderr
2024-04-26T16:32:03.778+0000 7f67a0dda700 1 -- 172.21.15.22:0/1674453925 <== mon.0 v2:172.21.15.22:3300/0 2 ==== config(27 keys) v1 ==== 1109+0+0 (secure 0 0 0) 0x7f679800be90 con 0x7f679c077b90
2024-04-26T16:32:04.666 INFO:teuthology.orchestra.run.smithi022.stdout:/usr/bin/ceph: stderr
2024-04-26T16:32:03.778+0000 7f67a0dda700 1 -- 172.21.15.22:0/1674453925 <== mon.0 v2:172.21.15.22:3300/0 3 ==== mon_map magic: 0 v1 ==== 229+0+0 (secure 0 0 0) 0x7f67980103c0 con 0x7f679c077b90
2024-04-26T16:32:04.666 INFO:teuthology.orchestra.run.smithi022.stdout:/usr/bin/ceph: stderr
2024-04-26T16:32:03.779+0000 7f67a4040700 1 -- 172.21.15.22:0/1674453925 >> [v2:172.21.15.22:3300/0,v1:172.21.15.22:6789/0] conn(0x7f679c077b90 msgr2=0x7f679c076140 secure :-1 s=STATE_CONNECTION_ESTABLISHED l=1).mark_down
2024-04-26T16:32:04.666 INFO:teuthology.orchestra.run.smithi022.stdout:/usr/bin/ceph: stderr
2024-04-26T16:32:03.779+0000 7f67a4040700 1 --2- 172.21.15.22:0/1674453925 >> [v2:172.21.15.22:3300/0,v1:172.21.15.22:6789/0] conn(0x7f679c077b90 0x7f679c076140 secure :-1 s=READY pgs=69 cs=0 l=1 rev1=1 crypto rx=0x7f67980098e0 tx=0x7f6798009250 comp rx=0 tx=0).stop
2024-04-26T16:32:04.667 INFO:teuthology.orchestra.run.smithi022.stdout:/usr/bin/ceph: stderr
2024-04-26T16:32:03.779+0000 7f67a4040700 1 -- 172.21.15.22:0/1674453925 shutdown_connections
2024-04-26T16:32:04.667 INFO:teuthology.orchestra.run.smithi022.stdout:/usr/bin/ceph: stderr
2024-04-26T16:32:03.779+0000 7f67a4040700 1 --2- 172.21.15.22:0/1674453925 >> [v2:172.21.15.22:3300/0,v1:172.21.15.22:6789/0] conn(0x7f679c077b90 0x7f679c076140 unknown :-1 s=CLOSED pgs=69 cs=0 l=1 rev1=1 crypto rx=0 tx=0 comp rx=0 tx=0).stop
2024-04-26T16:32:04.667 INFO:teuthology.orchestra.run.smithi022.stdout:/usr/bin/ceph: stderr
2024-04-26T16:32:03.779+0000 7f67a4040700 1 -- 172.21.15.22:0/1674453925 >> 172.21.15.22:0/1674453925 conn(0x7f679c0fdf90 msgr2=0x7f679c100400 unknown :-1 s=STATE_NONE l=0).mark_down
2024-04-26T16:32:04.667 INFO:teuthology.orchestra.run.smithi022.stdout:/usr/bin/ceph: stderr
2024-04-26T16:32:03.779+0000 7f67a4040700 1 -- 172.21.15.22:0/1674453925 shutdown_connections
2024-04-26T16:32:04.667 INFO:teuthology.orchestra.run.smithi022.stdout:/usr/bin/ceph: stderr
2024-04-26T16:32:03.779+0000 7f67a4040700 1 -- 172.21.15.22:0/1674453925 wait complete.
2024-04-26T16:32:04.667 INFO:teuthology.orchestra.run.smithi022.stdout:/usr/bin/ceph: stderr
2024-04-26T16:32:03.780+0000 7f67a4040700 1 Processor -- start
2024-04-26T16:32:04.667 INFO:teuthology.orchestra.run.smithi022.stdout:/usr/bin/ceph: stderr
2024-04-26T16:32:03.780+0000 7f67a4040700 1 -- start start
2024-04-26T16:32:04.667 INFO:teuthology.orchestra.run.smithi022.stdout:/usr/bin/ceph: stderr
2024-04-26T16:32:03.780+0000 7f67a4040700 1 --2- >> [v2:172.21.15.22:3300/0,v1:172.21.15.22:6789/0] conn(0x7f679c077b90 0x7f679c113840 unknown :-1 s=NONE pgs=0 cs=0 l=1 rev1=0 crypto rx=0 tx=0 comp rx=0 tx=0).connect
2024-04-26T16:32:04.667 INFO:teuthology.orchestra.run.smithi022.stdout:/usr/bin/ceph: stderr
2024-04-26T16:32:03.780+0000 7f67a4040700 1 -- --> [v2:172.21.15.22:3300/0,v1:172.21.15.22:6789/0] -- mon_getmap magic: 0 v1 -- 0x7f679c113d80 con 0x7f679c077b90
2024-04-26T16:32:04.667 INFO:teuthology.orchestra.run.smithi022.stdout:/usr/bin/ceph: stderr
2024-04-26T16:32:03.781+0000 7f67a1ddc700 1 --2- >> [v2:172.21.15.22:3300/0,v1:172.21.15.22:6789/0] conn(0x7f679c077b90 0x7f679c113840 unknown :-1 s=BANNER_CONNECTING pgs=0 cs=0 l=1 rev1=0 crypto rx=0 tx=0 comp rx=0 tx=0)._handle_peer_banner_payload supported=3 required=0
2024-04-26T16:32:04.667 INFO:teuthology.orchestra.run.smithi022.stdout:/usr/bin/ceph: stderr
2024-04-26T16:32:03.781+0000 7f67a1ddc700 1 --2- >> [v2:172.21.15.22:3300/0,v1:172.21.15.22:6789/0] conn(0x7f679c077b90 0x7f679c113840 unknown :-1 s=HELLO_CONNECTING pgs=0 cs=0 l=1 rev1=1 crypto rx=0 tx=0 comp rx=0 tx=0).handle_hello peer v2:172.21.15.22:3300/0 says I am v2:172.21.15.22:46628/0 (socket says 172.21.15.22:46628)
2024-04-26T16:32:04.667 INFO:teuthology.orchestra.run.smithi022.stdout:/usr/bin/ceph: stderr
2024-04-26T16:32:03.781+0000 7f67a1ddc700 1 -- 172.21.15.22:0/4271672168 learned_addr learned my addr 172.21.15.22:0/4271672168 (peer_addr_for_me v2:172.21.15.22:0/0)
2024-04-26T16:32:04.667 INFO:teuthology.orchestra.run.smithi022.stdout:/usr/bin/ceph: stderr
2024-04-26T16:32:03.781+0000 7f67a1ddc700 1 -- 172.21.15.22:0/4271672168 --> [v2:172.21.15.22:3300/0,v1:172.21.15.22:6789/0] -- mon_subscribe({config=0+,monmap=0+}) v3 -- 0x7f67980094f0 con 0x7f679c077b90
2024-04-26T16:32:04.667 INFO:teuthology.orchestra.run.smithi022.stdout:/usr/bin/ceph: stderr
2024-04-26T16:32:03.781+0000 7f67a1ddc700 1 --2- 172.21.15.22:0/4271672168 >> [v2:172.21.15.22:3300/0,v1:172.21.15.22:6789/0] conn(0x7f679c077b90 0x7f679c113840 secure :-1 s=READY pgs=70 cs=0 l=1 rev1=1 crypto rx=0x7f6798006d40 tx=0x7f6798009250 comp rx=0 tx=0).ready entity=mon.0 client_cookie=0 server_cookie=0 in_seq=0 out_seq=0
2024-04-26T16:32:04.668 INFO:teuthology.orchestra.run.smithi022.stdout:/usr/bin/ceph: stderr
2024-04-26T16:32:03.781+0000 7f67927fc700 1 -- 172.21.15.22:0/4271672168 <== mon.0 v2:172.21.15.22:3300/0 1 ==== mon_map magic: 0 v1 ==== 229+0+0 (secure 0 0 0) 0x7f6798010840 con 0x7f679c077b90
2024-04-26T16:32:04.668 INFO:teuthology.orchestra.run.smithi022.stdout:/usr/bin/ceph: stderr
2024-04-26T16:32:03.781+0000 7f67927fc700 1 -- 172.21.15.22:0/4271672168 <== mon.0 v2:172.21.15.22:3300/0 2 ==== config(27 keys) v1 ==== 1109+0+0 (secure 0 0 0) 0x7f6798010e70 con 0x7f679c077b90
2024-04-26T16:32:04.668 INFO:teuthology.orchestra.run.smithi022.stdout:/usr/bin/ceph: stderr
2024-04-26T16:32:03.781+0000 7f67a4040700 1 -- 172.21.15.22:0/4271672168 --> [v2:172.21.15.22:3300/0,v1:172.21.15.22:6789/0] -- mon_subscribe({mgrmap=0+}) v3 -- 0x7f679c113f80 con 0x7f679c077b90
2024-04-26T16:32:04.668 INFO:teuthology.orchestra.run.smithi022.stdout:/usr/bin/ceph: stderr
2024-04-26T16:32:03.781+0000 7f67927fc700 1 -- 172.21.15.22:0/4271672168 <== mon.0 v2:172.21.15.22:3300/0 3 ==== mon_map magic: 0 v1 ==== 229+0+0 (secure 0 0 0) 0x7f6798024ea0 con 0x7f679c077b90
2024-04-26T16:32:04.668 INFO:teuthology.orchestra.run.smithi022.stdout:/usr/bin/ceph: stderr
2024-04-26T16:32:03.781+0000 7f67a4040700 1 -- 172.21.15.22:0/4271672168 --> [v2:172.21.15.22:3300/0,v1:172.21.15.22:6789/0] -- mon_subscribe({osdmap=0}) v3 -- 0x7f679c114af0 con 0x7f679c077b90
2024-04-26T16:32:04.668 INFO:teuthology.orchestra.run.smithi022.stdout:/usr/bin/ceph: stderr
2024-04-26T16:32:03.782+0000 7f67927fc700 1 -- 172.21.15.22:0/4271672168 <== mon.0 v2:172.21.15.22:3300/0 4 ==== mgrmap(e 9) v1 ==== 43389+0+0 (secure 0 0 0) 0x7f679801a590 con 0x7f679c077b90
2024-04-26T16:32:04.668 INFO:teuthology.orchestra.run.smithi022.stdout:/usr/bin/ceph: stderr
2024-04-26T16:32:03.782+0000 7f67927fc700 1 --2- 172.21.15.22:0/4271672168 >> [v2:172.21.15.22:6800/2209392397,v1:172.21.15.22:6801/2209392397] conn(0x7f6788036850 0x7f6788038d00 unknown :-1 s=NONE pgs=0 cs=0 l=1 rev1=0 crypto rx=0 tx=0 comp rx=0 tx=0).connect
2024-04-26T16:32:04.668 INFO:teuthology.orchestra.run.smithi022.stdout:/usr/bin/ceph: stderr
2024-04-26T16:32:03.782+0000 7f67927fc700 1 -- 172.21.15.22:0/4271672168 <== mon.0 v2:172.21.15.22:3300/0 5 ==== osd_map(2..2 src has 1..2) v4 ==== 936+0+0 (secure 0 0 0) 0x7f6798024780 con 0x7f679c077b90
2024-04-26T16:32:04.668 INFO:teuthology.orchestra.run.smithi022.stdout:/usr/bin/ceph: stderr
2024-04-26T16:32:03.782+0000 7f67a15db700 1 -- 172.21.15.22:0/4271672168 >> [v2:172.21.15.22:6800/2209392397,v1:172.21.15.22:6801/2209392397] conn(0x7f6788036850 msgr2=0x7f6788038d00 unknown :-1 s=STATE_CONNECTING_RE l=1).process reconnect failed to v2:172.21.15.22:6800/2209392397
2024-04-26T16:32:04.668 INFO:teuthology.orchestra.run.smithi022.stdout:/usr/bin/ceph: stderr
2024-04-26T16:32:03.782+0000 7f67a15db700 1 --2- 172.21.15.22:0/4271672168 >> [v2:172.21.15.22:6800/2209392397,v1:172.21.15.22:6801/2209392397] conn(0x7f6788036850 0x7f6788038d00 unknown :-1 s=START_CONNECT pgs=0 cs=0 l=1 rev1=0 crypto rx=0 tx=0 comp rx=0 tx=0)._fault waiting 0.200000
2024-04-26T16:32:04.669 INFO:teuthology.orchestra.run.smithi022.stdout:/usr/bin/ceph: stderr
2024-04-26T16:32:03.783+0000 7f67a4040700 1 -- 172.21.15.22:0/4271672168 --> [v2:172.21.15.22:3300/0,v1:172.21.15.22:6789/0] -- mon_command({"prefix": "get_command_descriptions"} v 0) v1 -- 0x7f679c05f5c0 con 0x7f679c077b90
2024-04-26T16:32:04.669 INFO:teuthology.orchestra.run.smithi022.stdout:/usr/bin/ceph: stderr
2024-04-26T16:32:03.787+0000 7f67927fc700 1 -- 172.21.15.22:0/4271672168 <== mon.0 v2:172.21.15.22:3300/0 6 ==== mon_command_ack([{"prefix": "get_command_descriptions"}]=0 v0) v1 ==== 72+0+176702 (secure 0 0 0) 0x7f6798018940 con 0x7f679c077b90
2024-04-26T16:32:04.669 INFO:teuthology.orchestra.run.smithi022.stdout:/usr/bin/ceph: stderr
2024-04-26T16:32:03.983+0000 7f67a15db700 1 -- 172.21.15.22:0/4271672168 >> [v2:172.21.15.22:6800/2209392397,v1:172.21.15.22:6801/2209392397] conn(0x7f6788036850 msgr2=0x7f6788038d00 unknown :-1 s=STATE_CONNECTING_RE l=1).process reconnect failed to v2:172.21.15.22:6800/2209392397
2024-04-26T16:32:04.669 INFO:teuthology.orchestra.run.smithi022.stdout:/usr/bin/ceph: stderr
2024-04-26T16:32:03.983+0000 7f67a15db700 1 --2- 172.21.15.22:0/4271672168 >> [v2:172.21.15.22:6800/2209392397,v1:172.21.15.22:6801/2209392397] conn(0x7f6788036850 0x7f6788038d00 unknown :-1 s=START_CONNECT pgs=0 cs=0 l=1 rev1=0 crypto rx=0 tx=0 comp rx=0 tx=0)._fault waiting 0.400000
2024-04-26T16:32:04.669 INFO:teuthology.orchestra.run.smithi022.stdout:/usr/bin/ceph: stderr
2024-04-26T16:32:04.103+0000 7f67a4040700 1 -- 172.21.15.22:0/4271672168 --> [v2:172.21.15.22:3300/0,v1:172.21.15.22:6789/0] -- mon_command({"prefix": "mgr stat"} v 0) v1 -- 0x7f679c114d30 con 0x7f679c077b90
2024-04-26T16:32:04.669 INFO:teuthology.orchestra.run.smithi022.stdout:/usr/bin/ceph: stderr
2024-04-26T16:32:04.104+0000 7f67927fc700 1 -- 172.21.15.22:0/4271672168 <== mon.0 v2:172.21.15.22:3300/0 7 ==== mon_command_ack([{"prefix": "mgr stat"}]=0 v9) v1 ==== 56+0+103 (secure 0 0 0) 0x7f6798049030 con 0x7f679c077b90
2024-04-26T16:32:04.669 INFO:teuthology.orchestra.run.smithi022.stdout:/usr/bin/ceph: stderr
2024-04-26T16:32:04.106+0000 7f67a4040700 1 -- 172.21.15.22:0/4271672168 >> [v2:172.21.15.22:6800/2209392397,v1:172.21.15.22:6801/2209392397] conn(0x7f6788036850 msgr2=0x7f6788038d00 unknown :-1 s=STATE_CONNECTING l=1).mark_down
2024-04-26T16:32:04.669 INFO:teuthology.orchestra.run.smithi022.stdout:/usr/bin/ceph: stderr
2024-04-26T16:32:04.106+0000 7f67a4040700 1 --2- 172.21.15.22:0/4271672168 >> [v2:172.21.15.22:6800/2209392397,v1:172.21.15.22:6801/2209392397] conn(0x7f6788036850 0x7f6788038d00 unknown :-1 s=START_CONNECT pgs=0 cs=0 l=1 rev1=0 crypto rx=0 tx=0 comp rx=0 tx=0).stop
2024-04-26T16:32:04.669 INFO:teuthology.orchestra.run.smithi022.stdout:/usr/bin/ceph: stderr
2024-04-26T16:32:04.106+0000 7f67a4040700 1 -- 172.21.15.22:0/4271672168 >> [v2:172.21.15.22:3300/0,v1:172.21.15.22:6789/0] conn(0x7f679c077b90 msgr2=0x7f679c113840 secure :-1 s=STATE_CONNECTION_ESTABLISHED l=1).mark_down
2024-04-26T16:32:04.669 INFO:teuthology.orchestra.run.smithi022.stdout:/usr/bin/ceph: stderr
2024-04-26T16:32:04.106+0000 7f67a4040700 1 --2- 172.21.15.22:0/4271672168 >> [v2:172.21.15.22:3300/0,v1:172.21.15.22:6789/0] conn(0x7f679c077b90 0x7f679c113840 secure :-1 s=READY pgs=70 cs=0 l=1 rev1=1 crypto rx=0x7f6798006d40 tx=0x7f6798009250 comp rx=0 tx=0).stop
2024-04-26T16:32:04.669 INFO:teuthology.orchestra.run.smithi022.stdout:/usr/bin/ceph: stderr
2024-04-26T16:32:04.106+0000 7f67a4040700 1 -- 172.21.15.22:0/4271672168 shutdown_connections
2024-04-26T16:32:04.670 INFO:teuthology.orchestra.run.smithi022.stdout:/usr/bin/ceph: stderr
2024-04-26T16:32:04.106+0000 7f67a4040700 1 --2- 172.21.15.22:0/4271672168 >> [v2:172.21.15.22:6800/2209392397,v1:172.21.15.22:6801/2209392397] conn(0x7f6788036850 0x7f6788038d00 unknown :-1 s=CLOSED pgs=0 cs=0 l=1 rev1=0 crypto rx=0 tx=0 comp rx=0 tx=0).stop
2024-04-26T16:32:04.670 INFO:teuthology.orchestra.run.smithi022.stdout:/usr/bin/ceph: stderr
2024-04-26T16:32:04.106+0000 7f67a4040700 1 --2- 172.21.15.22:0/4271672168 >> [v2:172.21.15.22:3300/0,v1:172.21.15.22:6789/0] conn(0x7f679c077b90 0x7f679c113840 unknown :-1 s=CLOSED pgs=70 cs=0 l=1 rev1=1 crypto rx=0 tx=0 comp rx=0 tx=0).stop
2024-04-26T16:32:04.670 INFO:teuthology.orchestra.run.smithi022.stdout:/usr/bin/ceph: stderr
2024-04-26T16:32:04.106+0000 7f67a4040700 1 -- 172.21.15.22:0/4271672168 >> 172.21.15.22:0/4271672168 conn(0x7f679c0fdf90 msgr2=0x7f679c0feb00 unknown :-1 s=STATE_NONE l=0).mark_down
2024-04-26T16:32:04.670 INFO:teuthology.orchestra.run.smithi022.stdout:/usr/bin/ceph: stderr
2024-04-26T16:32:04.106+0000 7f67a4040700 1 -- 172.21.15.22:0/4271672168 shutdown_connections
2024-04-26T16:32:04.670 INFO:teuthology.orchestra.run.smithi022.stdout:/usr/bin/ceph: stderr
2024-04-26T16:32:04.106+0000 7f67a4040700 1 -- 172.21.15.22:0/4271672168 wait complete.
2024-04-26T16:32:04.670 INFO:teuthology.orchestra.run.smithi022.stdout:Waiting for the mgr to restart...
2024-04-26T16:32:04.670 INFO:teuthology.orchestra.run.smithi022.stdout:Waiting for mgr epoch 9...
2024-04-26T16:32:05.038 INFO:journalctl@ceph.mon.smithi022.smithi022.stdout:Apr 26 16:32:04 smithi022 ceph-mon[26607]: from='client.? 172.21.15.22:0/4271672168' entity='client.admin' cmd=[{"prefix": "mgr stat"}]: dispatch
2024-04-26T16:32:10.083 INFO:journalctl@ceph.mon.smithi022.smithi022.stdout:Apr 26 16:32:09 smithi022 ceph-mon[26607]: Active manager daemon smithi022.fxzhqg restarted
2024-04-26T16:32:10.083 INFO:journalctl@ceph.mon.smithi022.smithi022.stdout:Apr 26 16:32:09 smithi022 ceph-mon[26607]: Activating manager daemon smithi022.fxzhqg
2024-04-26T16:32:10.084 INFO:journalctl@ceph.mon.smithi022.smithi022.stdout:Apr 26 16:32:09 smithi022 ceph-mon[26607]: osdmap e3: 0 total, 0 up, 0 in
2024-04-26T16:32:10.084 INFO:journalctl@ceph.mon.smithi022.smithi022.stdout:Apr 26 16:32:09 smithi022 ceph-mon[26607]: mgrmap e10: smithi022.fxzhqg(active, starting, since 0.00330935s)
2024-04-26T16:32:10.084 INFO:journalctl@ceph.mon.smithi022.smithi022.stdout:Apr 26 16:32:09 smithi022 ceph-mon[26607]: from='mgr.14162 172.21.15.22:0/9175948' entity='mgr.smithi022.fxzhqg' cmd=[{"prefix": "mon metadata", "id": "smithi022"}]: dispatch
2024-04-26T16:32:10.084 INFO:journalctl@ceph.mon.smithi022.smithi022.stdout:Apr 26 16:32:09 smithi022 ceph-mon[26607]: from='mgr.14162 172.21.15.22:0/9175948' entity='mgr.smithi022.fxzhqg' cmd=[{"prefix": "mgr metadata", "who": "smithi022.fxzhqg", "id": "smithi022.fxzhqg"}]: dispatch
2024-04-26T16:32:10.084 INFO:journalctl@ceph.mon.smithi022.smithi022.stdout:Apr 26 16:32:09 smithi022 ceph-mon[26607]: from='mgr.14162 172.21.15.22:0/9175948' entity='mgr.smithi022.fxzhqg' cmd=[{"prefix": "mds metadata"}]: dispatch
2024-04-26T16:32:10.084 INFO:journalctl@ceph.mon.smithi022.smithi022.stdout:Apr 26 16:32:09 smithi022 ceph-mon[26607]: from='mgr.14162 172.21.15.22:0/9175948' entity='mgr.smithi022.fxzhqg' cmd=[{"prefix": "osd metadata"}]: dispatch
