2024-04-26T16:31:33.866 INFO:teuthology.orchestra.run.smithi022.stdout:/usr/bin/ceph: stderr
2024-04-26T16:31:32.956+0000 7fb7c1877700 1 -- 172.21.15.22:0/1266889774 --> [v2:172.21.15.22:3300/0,v1:172.21.15.22:6789/0] -- mon_subscribe({osdmap=0}) v3 -- 0x7fb7bc1128a0 con 0x7fb7bc076b70
2024-04-26T16:31:33.867 INFO:teuthology.orchestra.run.smithi022.stdout:/usr/bin/ceph: stderr
2024-04-26T16:31:32.957+0000 7fb7a37fe700 1 -- 172.21.15.22:0/1266889774 <== mon.0 v2:172.21.15.22:3300/0 4 ==== mgrmap(e 5) v1 ==== 43376+0+0 (secure 0 0 0) 0x7fb7ac0193c0 con 0x7fb7bc076b70
2024-04-26T16:31:33.867 INFO:teuthology.orchestra.run.smithi022.stdout:/usr/bin/ceph: stderr
2024-04-26T16:31:32.957+0000 7fb7a37fe700 1 --2- 172.21.15.22:0/1266889774 >> [v2:172.21.15.22:6800/2502821366,v1:172.21.15.22:6801/2502821366] conn(0x7fb7a4036850 0x7fb7a4038d00 unknown :-1 s=NONE pgs=0 cs=0 l=1 rev1=0 crypto rx=0 tx=0 comp rx=0 tx=0).connect
2024-04-26T16:31:33.867 INFO:teuthology.orchestra.run.smithi022.stdout:/usr/bin/ceph: stderr
2024-04-26T16:31:32.957+0000 7fb7a37fe700 1 -- 172.21.15.22:0/1266889774 <== mon.0 v2:172.21.15.22:3300/0 5 ==== osd_map(1..1 src has 1..1) v4 ==== 721+0+0 (secure 0 0 0) 0x7fb7ac04a610 con 0x7fb7bc076b70
2024-04-26T16:31:33.867 INFO:teuthology.orchestra.run.smithi022.stdout:/usr/bin/ceph: stderr
2024-04-26T16:31:32.957+0000 7fb7ba7fc700 1 -- 172.21.15.22:0/1266889774 >> [v2:172.21.15.22:6800/2502821366,v1:172.21.15.22:6801/2502821366] conn(0x7fb7a4036850 msgr2=0x7fb7a4038d00 unknown :-1 s=STATE_CONNECTING_RE l=1).process reconnect failed to v2:172.21.15.22:6800/2502821366
2024-04-26T16:31:33.867 INFO:teuthology.orchestra.run.smithi022.stdout:/usr/bin/ceph: stderr
2024-04-26T16:31:32.957+0000 7fb7ba7fc700 1 --2- 172.21.15.22:0/1266889774 >> [v2:172.21.15.22:6800/2502821366,v1:172.21.15.22:6801/2502821366] conn(0x7fb7a4036850 0x7fb7a4038d00 unknown :-1 s=START_CONNECT pgs=0 cs=0 l=1 rev1=0 crypto rx=0 tx=0 comp rx=0 tx=0)._fault waiting 0.200000
2024-04-26T16:31:33.867 INFO:teuthology.orchestra.run.smithi022.stdout:/usr/bin/ceph: stderr
2024-04-26T16:31:32.957+0000 7fb7c1877700 1 -- 172.21.15.22:0/1266889774 --> [v2:172.21.15.22:3300/0,v1:172.21.15.22:6789/0] -- mon_command({"prefix": "get_command_descriptions"} v 0) v1 -- 0x7fb7bc05f5c0 con 0x7fb7bc076b70
2024-04-26T16:31:33.867 INFO:teuthology.orchestra.run.smithi022.stdout:/usr/bin/ceph: stderr
2024-04-26T16:31:32.962+0000 7fb7a37fe700 1 -- 172.21.15.22:0/1266889774 <== mon.0 v2:172.21.15.22:3300/0 6 ==== mon_command_ack([{"prefix": "get_command_descriptions"}]=0 v0) v1 ==== 72+0+176702 (secure 0 0 0) 0x7fb7ac0196c0 con 0x7fb7bc076b70
2024-04-26T16:31:33.867 INFO:teuthology.orchestra.run.smithi022.stdout:/usr/bin/ceph: stderr
2024-04-26T16:31:33.158+0000 7fb7ba7fc700 1 -- 172.21.15.22:0/1266889774 >> [v2:172.21.15.22:6800/2502821366,v1:172.21.15.22:6801/2502821366] conn(0x7fb7a4036850 msgr2=0x7fb7a4038d00 unknown :-1 s=STATE_CONNECTING_RE l=1).process reconnect failed to v2:172.21.15.22:6800/2502821366
2024-04-26T16:31:33.867 INFO:teuthology.orchestra.run.smithi022.stdout:/usr/bin/ceph: stderr
2024-04-26T16:31:33.158+0000 7fb7ba7fc700 1 --2- 172.21.15.22:0/1266889774 >> [v2:172.21.15.22:6800/2502821366,v1:172.21.15.22:6801/2502821366] conn(0x7fb7a4036850 0x7fb7a4038d00 unknown :-1 s=START_CONNECT pgs=0 cs=0 l=1 rev1=0 crypto rx=0 tx=0 comp rx=0 tx=0)._fault waiting 0.400000
2024-04-26T16:31:33.867 INFO:teuthology.orchestra.run.smithi022.stdout:/usr/bin/ceph: stderr
2024-04-26T16:31:33.275+0000 7fb7c1877700 1 -- 172.21.15.22:0/1266889774 --> [v2:172.21.15.22:3300/0,v1:172.21.15.22:6789/0] -- mon_command({"prefix": "mgr stat"} v 0) v1 -- 0x7fb7bc112ae0 con 0x7fb7bc076b70
2024-04-26T16:31:33.867 INFO:teuthology.orchestra.run.smithi022.stdout:/usr/bin/ceph: stderr
2024-04-26T16:31:33.276+0000 7fb7a37fe700 1 -- 172.21.15.22:0/1266889774 <== mon.0 v2:172.21.15.22:3300/0 7 ==== mon_command_ack([{"prefix": "mgr stat"}]=0 v5) v1 ==== 56+0+103 (secure 0 0 0) 0x7fb7ac022340 con 0x7fb7bc076b70
2024-04-26T16:31:33.867 INFO:teuthology.orchestra.run.smithi022.stdout:/usr/bin/ceph: stderr
2024-04-26T16:31:33.279+0000 7fb7c1877700 1 -- 172.21.15.22:0/1266889774 >> [v2:172.21.15.22:6800/2502821366,v1:172.21.15.22:6801/2502821366] conn(0x7fb7a4036850 msgr2=0x7fb7a4038d00 unknown :-1 s=STATE_CONNECTING l=1).mark_down
2024-04-26T16:31:33.867 INFO:teuthology.orchestra.run.smithi022.stdout:/usr/bin/ceph: stderr
2024-04-26T16:31:33.279+0000 7fb7c1877700 1 --2- 172.21.15.22:0/1266889774 >> [v2:172.21.15.22:6800/2502821366,v1:172.21.15.22:6801/2502821366] conn(0x7fb7a4036850 0x7fb7a4038d00 unknown :-1 s=START_CONNECT pgs=0 cs=0 l=1 rev1=0 crypto rx=0 tx=0 comp rx=0 tx=0).stop
2024-04-26T16:31:33.868 INFO:teuthology.orchestra.run.smithi022.stdout:/usr/bin/ceph: stderr
2024-04-26T16:31:33.279+0000 7fb7c1877700 1 -- 172.21.15.22:0/1266889774 >> [v2:172.21.15.22:3300/0,v1:172.21.15.22:6789/0] conn(0x7fb7bc076b70 msgr2=0x7fb7bc1115f0 secure :-1 s=STATE_CONNECTION_ESTABLISHED l=1).mark_down
2024-04-26T16:31:33.868 INFO:teuthology.orchestra.run.smithi022.stdout:/usr/bin/ceph: stderr
2024-04-26T16:31:33.279+0000 7fb7c1877700 1 --2- 172.21.15.22:0/1266889774 >> [v2:172.21.15.22:3300/0,v1:172.21.15.22:6789/0] conn(0x7fb7bc076b70 0x7fb7bc1115f0 secure :-1 s=READY pgs=27 cs=0 l=1 rev1=1 crypto rx=0x7fb7ac006b00 tx=0x7fb7ac009250 comp rx=0 tx=0).stop
2024-04-26T16:31:33.868 INFO:teuthology.orchestra.run.smithi022.stdout:/usr/bin/ceph: stderr
2024-04-26T16:31:33.279+0000 7fb7c1877700 1 -- 172.21.15.22:0/1266889774 shutdown_connections
2024-04-26T16:31:33.868 INFO:teuthology.orchestra.run.smithi022.stdout:/usr/bin/ceph: stderr
2024-04-26T16:31:33.279+0000 7fb7c1877700 1 --2- 172.21.15.22:0/1266889774 >> [v2:172.21.15.22:6800/2502821366,v1:172.21.15.22:6801/2502821366] conn(0x7fb7a4036850 0x7fb7a4038d00 unknown :-1 s=CLOSED pgs=0 cs=0 l=1 rev1=0 crypto rx=0 tx=0 comp rx=0 tx=0).stop
2024-04-26T16:31:33.868 INFO:teuthology.orchestra.run.smithi022.stdout:/usr/bin/ceph: stderr
2024-04-26T16:31:33.279+0000 7fb7c1877700 1 --2- 172.21.15.22:0/1266889774 >> [v2:172.21.15.22:3300/0,v1:172.21.15.22:6789/0] conn(0x7fb7bc076b70 0x7fb7bc1115f0 unknown :-1 s=CLOSED pgs=27 cs=0 l=1 rev1=1 crypto rx=0 tx=0 comp rx=0 tx=0).stop
2024-04-26T16:31:33.868 INFO:teuthology.orchestra.run.smithi022.stdout:/usr/bin/ceph: stderr
2024-04-26T16:31:33.279+0000 7fb7c1877700 1 -- 172.21.15.22:0/1266889774 >> 172.21.15.22:0/1266889774 conn(0x7fb7bc0fcef0 msgr2=0x7fb7bc0fd9d0 unknown :-1 s=STATE_NONE l=0).mark_down
2024-04-26T16:31:33.868 INFO:teuthology.orchestra.run.smithi022.stdout:/usr/bin/ceph: stderr
2024-04-26T16:31:33.279+0000 7fb7c1877700 1 -- 172.21.15.22:0/1266889774 shutdown_connections
2024-04-26T16:31:33.868 INFO:teuthology.orchestra.run.smithi022.stdout:/usr/bin/ceph: stderr
2024-04-26T16:31:33.279+0000 7fb7c1877700 1 -- 172.21.15.22:0/1266889774 wait complete.
2024-04-26T16:31:33.868 INFO:teuthology.orchestra.run.smithi022.stdout:Waiting for the mgr to restart...
2024-04-26T16:31:33.868 INFO:teuthology.orchestra.run.smithi022.stdout:Waiting for mgr epoch 5...
2024-04-26T16:31:34.118 INFO:journalctl@ceph.mon.smithi022.smithi022.stdout:Apr 26 16:31:33 smithi022 ceph-mon[26607]: from='client.? 172.21.15.22:0/1266889774' entity='client.admin' cmd=[{"prefix": "mgr stat"}]: dispatch
2024-04-26T16:31:38.833 INFO:journalctl@ceph.mon.smithi022.smithi022.stdout:Apr 26 16:31:38 smithi022 ceph-mon[26607]: Active manager daemon smithi022.fxzhqg restarted
2024-04-26T16:31:38.833 INFO:journalctl@ceph.mon.smithi022.smithi022.stdout:Apr 26 16:31:38 smithi022 ceph-mon[26607]: Activating manager daemon smithi022.fxzhqg
2024-04-26T16:31:38.833 INFO:journalctl@ceph.mon.smithi022.smithi022.stdout:Apr 26 16:31:38 smithi022 ceph-mon[26607]: osdmap e2: 0 total, 0 up, 0 in
2024-04-26T16:31:38.833 INFO:journalctl@ceph.mon.smithi022.smithi022.stdout:Apr 26 16:31:38 smithi022 ceph-mon[26607]: mgrmap e6: smithi022.fxzhqg(active, starting, since 0.00335813s)
2024-04-26T16:31:38.833 INFO:journalctl@ceph.mon.smithi022.smithi022.stdout:Apr 26 16:31:38 smithi022 ceph-mon[26607]: from='mgr.14120 172.21.15.22:0/2154396265' entity='mgr.smithi022.fxzhqg' cmd=[{"prefix": "mon metadata", "id": "smithi022"}]: dispatch
2024-04-26T16:31:38.834 INFO:journalctl@ceph.mon.smithi022.smithi022.stdout:Apr 26 16:31:38 smithi022 ceph-mon[26607]: from='mgr.14120 172.21.15.22:0/2154396265' entity='mgr.smithi022.fxzhqg' cmd=[{"prefix": "mgr metadata", "who": "smithi022.fxzhqg", "id": "smithi022.fxzhqg"}]: dispatch
2024-04-26T16:31:38.834 INFO:journalctl@ceph.mon.smithi022.smithi022.stdout:Apr 26 16:31:38 smithi022 ceph-mon[26607]: from='mgr.14120 172.21.15.22:0/2154396265' entity='mgr.smithi022.fxzhqg' cmd=[{"prefix": "mds metadata"}]: dispatch
2024-04-26T16:31:38.834 INFO:journalctl@ceph.mon.smithi022.smithi022.stdout:Apr 26 16:31:38 smithi022 ceph-mon[26607]: from='mgr.14120 172.21.15.22:0/2154396265' entity='mgr.smithi022.fxzhqg' cmd=[{"prefix": "osd metadata"}]: dispatch
2024-04-26T16:31:38.834 INFO:journalctl@ceph.mon.smithi022.smithi022.stdout:Apr 26 16:31:38 smithi022 ceph-mon[26607]: from='mgr.14120 172.21.15.22:0/2154396265' entity='mgr.smithi022.fxzhqg' cmd=[{"prefix": "mon metadata"}]: dispatch
2024-04-26T16:31:38.834 INFO:journalctl@ceph.mon.smithi022.smithi022.stdout:Apr 26 16:31:38 smithi022 ceph-mon[26607]: Manager daemon smithi022.fxzhqg is now available
2024-04-26T16:31:38.834 INFO:journalctl@ceph.mon.smithi022.smithi022.stdout:Apr 26 16:31:38 smithi022 ceph-mon[26607]: from='mgr.14120 172.21.15.22:0/2154396265' entity='mgr.smithi022.fxzhqg'
2024-04-26T16:31:38.834 INFO:journalctl@ceph.mon.smithi022.smithi022.stdout:Apr 26 16:31:38 smithi022 ceph-mon[26607]: from='mgr.14120 172.21.15.22:0/2154396265' entity='mgr.smithi022.fxzhqg'
2024-04-26T16:31:38.834 INFO:journalctl@ceph.mon.smithi022.smithi022.stdout:Apr 26 16:31:38 smithi022 ceph-mon[26607]: from='mgr.14120 172.21.15.22:0/2154396265' entity='mgr.smithi022.fxzhqg' cmd=[{"prefix": "config dump", "format": "json"}]: dispatch
2024-04-26T16:31:38.834 INFO:journalctl@ceph.mon.smithi022.smithi022.stdout:Apr 26 16:31:38 smithi022 ceph-mon[26607]: from='mgr.14120 172.21.15.22:0/2154396265' entity='mgr.smithi022.fxzhqg' cmd=[{"prefix": "config dump", "format": "json"}]: dispatch
2024-04-26T16:31:38.834 INFO:journalctl@ceph.mon.smithi022.smithi022.stdout:Apr 26 16:31:38 smithi022 ceph-mon[26607]: from='mgr.14120 172.21.15.22:0/2154396265' entity='mgr.smithi022.fxzhqg' cmd=[{"prefix": "config dump", "format": "json"}]: dispatch
2024-04-26T16:31:38.834 INFO:journalctl@ceph.mon.smithi022.smithi022.stdout:Apr 26 16:31:38 smithi022 ceph-mon[26607]: from='mgr.14120 172.21.15.22:0/2154396265' entity='mgr.smithi022.fxzhqg' cmd=[{"prefix":"config rm","who":"mgr","name":"mgr/rbd_support/smithi022.fxzhqg/mirror_snapshot_schedule"}]: dispatch
2024-04-26T16:31:38.834 INFO:journalctl@ceph.mon.smithi022.smithi022.stdout:Apr 26 16:31:38 smithi022 ceph-mon[26607]: from='mgr.14120 172.21.15.22:0/2154396265' entity='mgr.smithi022.fxzhqg' cmd=[{"prefix":"config rm","who":"mgr","name":"mgr/rbd_support/smithi022.fxzhqg/trash_purge_schedule"}]: dispatch
2024-04-26T16:31:39.894 INFO:journalctl@ceph.mon.smithi022.smithi022.stdout:Apr 26 16:31:39 smithi022 ceph-mon[26607]: Found migration_current of "None". Setting to last migration.
2024-04-26T16:31:39.894 INFO:journalctl@ceph.mon.smithi022.smithi022.stdout:Apr 26 16:31:39 smithi022 ceph-mon[26607]: mgrmap e7: smithi022.fxzhqg(active, since 1.00524s)
2024-04-26T16:31:40.129 INFO:teuthology.orchestra.run.smithi022.stdout:/usr/bin/ceph: stdout {
2024-04-26T16:31:40.130 INFO:teuthology.orchestra.run.smithi022.stdout:/usr/bin/ceph: stdout "mgrmap_epoch": 7,
2024-04-26T16:31:40.130 INFO:teuthology.orchestra.run.smithi022.stdout:/usr/bin/ceph: stdout "initialized": true
2024-04-26T16:31:40.130 INFO:teuthology.orchestra.run.smithi022.stdout:/usr/bin/ceph: stdout }
2024-04-26T16:31:40.130 INFO:teuthology.orchestra.run.smithi022.stdout:/usr/bin/ceph: stderr
2024-04-26T16:31:34.302+0000 7f5fe05ca700 1 Processor -- start
2024-04-26T16:31:40.130 INFO:teuthology.orchestra.run.smithi022.stdout:/usr/bin/ceph: stderr
2024-04-26T16:31:34.302+0000 7f5fe05ca700 1 -- start start
2024-04-26T16:31:40.130 INFO:teuthology.orchestra.run.smithi022.stdout:/usr/bin/ceph: stderr
2024-04-26T16:31:34.303+0000 7f5fe05ca700 1 --2- >> [v2:172.21.15.22:3300/0,v1:172.21.15.22:6789/0] conn(0x7f5fd80712d0 0x7f5fd8105470 unknown :-1 s=NONE pgs=0 cs=0 l=0 rev1=0 crypto rx=0 tx=0 comp rx=0 tx=0).connect
2024-04-26T16:31:40.130 INFO:teuthology.orchestra.run.smithi022.stdout:/usr/bin/ceph: stderr
2024-04-26T16:31:34.303+0000 7f5fe05ca700 1 -- --> [v2:172.21.15.22:3300/0,v1:172.21.15.22:6789/0] -- mon_getmap magic: 0 v1 -- 0x7f5fd81059b0 con 0x7f5fd80712d0
2024-04-26T16:31:40.131 INFO:teuthology.orchestra.run.smithi022.stdout:/usr/bin/ceph: stderr
2024-04-26T16:31:34.303+0000 7f5fde366700 1 --2- >> [v2:172.21.15.22:3300/0,v1:172.21.15.22:6789/0] conn(0x7f5fd80712d0 0x7f5fd8105470 unknown :-1 s=BANNER_CONNECTING pgs=0 cs=0 l=0 rev1=0 crypto rx=0 tx=0 comp rx=0 tx=0)._handle_peer_banner_payload supported=3 required=0
2024-04-26T16:31:40.131 INFO:teuthology.orchestra.run.smithi022.stdout:/usr/bin/ceph: stderr
2024-04-26T16:31:34.303+0000 7f5fde366700 1 --2- >> [v2:172.21.15.22:3300/0,v1:172.21.15.22:6789/0] conn(0x7f5fd80712d0 0x7f5fd8105470 unknown :-1 s=HELLO_CONNECTING pgs=0 cs=0 l=0 rev1=1 crypto rx=0 tx=0 comp rx=0 tx=0).handle_hello peer v2:172.21.15.22:3300/0 says I am v2:172.21.15.22:37790/0 (socket says 172.21.15.22:37790)
2024-04-26T16:31:40.131 INFO:teuthology.orchestra.run.smithi022.stdout:/usr/bin/ceph: stderr
2024-04-26T16:31:34.303+0000 7f5fde366700 1 -- 172.21.15.22:0/2311728351 learned_addr learned my addr 172.21.15.22:0/2311728351 (peer_addr_for_me v2:172.21.15.22:0/0)
2024-04-26T16:31:40.131 INFO:teuthology.orchestra.run.smithi022.stdout:/usr/bin/ceph: stderr
2024-04-26T16:31:34.303+0000 7f5fde366700 1 -- 172.21.15.22:0/2311728351 --> [v2:172.21.15.22:3300/0,v1:172.21.15.22:6789/0] -- mon_subscribe({config=0+,monmap=0+}) v3 -- 0x7f5fd8105af0 con 0x7f5fd80712d0
2024-04-26T16:31:40.131 INFO:teuthology.orchestra.run.smithi022.stdout:/usr/bin/ceph: stderr
2024-04-26T16:31:34.303+0000 7f5fde366700 1 --2- 172.21.15.22:0/2311728351 >> [v2:172.21.15.22:3300/0,v1:172.21.15.22:6789/0] conn(0x7f5fd80712d0 0x7f5fd8105470 secure :-1 s=READY pgs=28 cs=0 l=1 rev1=1 crypto rx=0x7f5fd40098e0 tx=0x7f5fd4009250 comp rx=0 tx=0).ready entity=mon.0 client_cookie=3a021ee6da6de293 server_cookie=0 in_seq=0 out_seq=0
2024-04-26T16:31:40.131 INFO:teuthology.orchestra.run.smithi022.stdout:/usr/bin/ceph: stderr
2024-04-26T16:31:34.304+0000 7f5fdd364700 1 -- 172.21.15.22:0/2311728351 <== mon.0 v2:172.21.15.22:3300/0 1 ==== mon_map magic: 0 v1 ==== 229+0+0 (secure 0 0 0) 0x7f5fd400b860 con 0x7f5fd80712d0
2024-04-26T16:31:40.131 INFO:teuthology.orchestra.run.smithi022.stdout:/usr/bin/ceph: stderr
2024-04-26T16:31:34.304+0000 7f5fdd364700 1 -- 172.21.15.22:0/2311728351 <== mon.0 v2:172.21.15.22:3300/0 2 ==== config(27 keys) v1 ==== 1044+0+0 (secure 0 0 0) 0x7f5fd400be50 con 0x7f5fd80712d0
2024-04-26T16:31:40.131 INFO:teuthology.orchestra.run.smithi022.stdout:/usr/bin/ceph: stderr
2024-04-26T16:31:34.304+0000 7f5fdd364700 1 -- 172.21.15.22:0/2311728351 <== mon.0 v2:172.21.15.22:3300/0 3 ==== mon_map magic: 0 v1 ==== 229+0+0 (secure 0 0 0) 0x7f5fd4010380 con 0x7f5fd80712d0
2024-04-26T16:31:40.131 INFO:teuthology.orchestra.run.smithi022.stdout:/usr/bin/ceph: stderr
2024-04-26T16:31:34.304+0000 7f5fe05ca700 1 -- 172.21.15.22:0/2311728351 >> [v2:172.21.15.22:3300/0,v1:172.21.15.22:6789/0] conn(0x7f5fd80712d0 msgr2=0x7f5fd8105470 secure :-1 s=STATE_CONNECTION_ESTABLISHED l=1).mark_down
2024-04-26T16:31:40.132 INFO:teuthology.orchestra.run.smithi022.stdout:/usr/bin/ceph: stderr
2024-04-26T16:31:34.304+0000 7f5fe05ca700 1 --2- 172.21.15.22:0/2311728351 >> [v2:172.21.15.22:3300/0,v1:172.21.15.22:6789/0] conn(0x7f5fd80712d0 0x7f5fd8105470 secure :-1 s=READY pgs=28 cs=0 l=1 rev1=1 crypto rx=0x7f5fd40098e0 tx=0x7f5fd4009250 comp rx=0 tx=0).stop
2024-04-26T16:31:40.132 INFO:teuthology.orchestra.run.smithi022.stdout:/usr/bin/ceph: stderr
2024-04-26T16:31:34.304+0000 7f5fe05ca700 1 -- 172.21.15.22:0/2311728351 shutdown_connections
2024-04-26T16:31:40.132 INFO:teuthology.orchestra.run.smithi022.stdout:/usr/bin/ceph: stderr
2024-04-26T16:31:34.304+0000 7f5fe05ca700 1 --2- 172.21.15.22:0/2311728351 >> [v2:172.21.15.22:3300/0,v1:172.21.15.22:6789/0] conn(0x7f5fd80712d0 0x7f5fd8105470 unknown :-1 s=CLOSED pgs=28 cs=0 l=1 rev1=1 crypto rx=0 tx=0 comp rx=0 tx=0).stop
2024-04-26T16:31:40.132 INFO:teuthology.orchestra.run.smithi022.stdout:/usr/bin/ceph: stderr
2024-04-26T16:31:34.304+0000 7f5fe05ca700 1 -- 172.21.15.22:0/2311728351 >> 172.21.15.22:0/2311728351 conn(0x7f5fd80fcea0 msgr2=0x7f5fd80ff2f0 unknown :-1 s=STATE_NONE l=0).mark_down
2024-04-26T16:31:40.132 INFO:teuthology.orchestra.run.smithi022.stdout:/usr/bin/ceph: stderr
2024-04-26T16:31:34.305+0000 7f5fe05ca700 1 -- 172.21.15.22:0/2311728351 shutdown_connections
2024-04-26T16:31:40.132 INFO:teuthology.orchestra.run.smithi022.stdout:/usr/bin/ceph: stderr
2024-04-26T16:31:34.305+0000 7f5fe05ca700 1 -- 172.21.15.22:0/2311728351 wait complete.
2024-04-26T16:31:40.132 INFO:teuthology.orchestra.run.smithi022.stdout:/usr/bin/ceph: stderr
2024-04-26T16:31:34.305+0000 7f5fe05ca700 1 Processor -- start
2024-04-26T16:31:40.132 INFO:teuthology.orchestra.run.smithi022.stdout:/usr/bin/ceph: stderr
2024-04-26T16:31:34.305+0000 7f5fe05ca700 1 -- start start
2024-04-26T16:31:40.132 INFO:teuthology.orchestra.run.smithi022.stdout:/usr/bin/ceph: stderr
2024-04-26T16:31:34.305+0000 7f5fe05ca700 1 --2- >> [v2:172.21.15.22:3300/0,v1:172.21.15.22:6789/0] conn(0x7f5fd80712d0 0x7f5fd8111600 unknown :-1 s=NONE pgs=0 cs=0 l=1 rev1=0 crypto rx=0 tx=0 comp rx=0 tx=0).connect
2024-04-26T16:31:40.133 INFO:teuthology.orchestra.run.smithi022.stdout:/usr/bin/ceph: stderr
2024-04-26T16:31:34.305+0000 7f5fe05ca700 1 -- --> [v2:172.21.15.22:3300/0,v1:172.21.15.22:6789/0] -- mon_getmap magic: 0 v1 -- 0x7f5fd8111b40 con 0x7f5fd80712d0
2024-04-26T16:31:40.133 INFO:teuthology.orchestra.run.smithi022.stdout:/usr/bin/ceph: stderr
2024-04-26T16:31:34.305+0000 7f5fde366700 1 --2- >> [v2:172.21.15.22:3300/0,v1:172.21.15.22:6789/0] conn(0x7f5fd80712d0 0x7f5fd8111600 unknown :-1 s=BANNER_CONNECTING pgs=0 cs=0 l=1 rev1=0 crypto rx=0 tx=0 comp rx=0 tx=0)._handle_peer_banner_payload supported=3 required=0
2024-04-26T16:31:40.133 INFO:teuthology.orchestra.run.smithi022.stdout:/usr/bin/ceph: stderr
2024-04-26T16:31:34.305+0000 7f5fde366700 1 --2- >> [v2:172.21.15.22:3300/0,v1:172.21.15.22:6789/0] conn(0x7f5fd80712d0 0x7f5fd8111600 unknown :-1 s=HELLO_CONNECTING pgs=0 cs=0 l=1 rev1=1 crypto rx=0 tx=0 comp rx=0 tx=0).handle_hello peer v2:172.21.15.22:3300/0 says I am v2:172.21.15.22:37800/0 (socket says 172.21.15.22:37800)
2024-04-26T16:31:40.133 INFO:teuthology.orchestra.run.smithi022.stdout:/usr/bin/ceph: stderr
2024-04-26T16:31:34.305+0000 7f5fde366700 1 -- 172.21.15.22:0/2471040792 learned_addr learned my addr 172.21.15.22:0/2471040792 (peer_addr_for_me v2:172.21.15.22:0/0)
2024-04-26T16:31:40.133 INFO:teuthology.orchestra.run.smithi022.stdout:/usr/bin/ceph: stderr
2024-04-26T16:31:34.306+0000 7f5fde366700 1 -- 172.21.15.22:0/2471040792 --> [v2:172.21.15.22:3300/0,v1:172.21.15.22:6789/0] -- mon_subscribe({config=0+,monmap=0+}) v3 -- 0x7f5fd40094f0 con 0x7f5fd80712d0
2024-04-26T16:31:40.133 INFO:teuthology.orchestra.run.smithi022.stdout:/usr/bin/ceph: stderr
2024-04-26T16:31:34.306+0000 7f5fde366700 1 --2- 172.21.15.22:0/2471040792 >> [v2:172.21.15.22:3300/0,v1:172.21.15.22:6789/0] conn(0x7f5fd80712d0 0x7f5fd8111600 secure :-1 s=READY pgs=29 cs=0 l=1 rev1=1 crypto rx=0x7f5fd4006b00 tx=0x7f5fd4009250 comp rx=0 tx=0).ready entity=mon.0 client_cookie=0 server_cookie=0 in_seq=0 out_seq=0
2024-04-26T16:31:40.133 INFO:teuthology.orchestra.run.smithi022.stdout:/usr/bin/ceph: stderr
2024-04-26T16:31:34.306+0000 7f5fcaffd700 1 -- 172.21.15.22:0/2471040792 <== mon.0 v2:172.21.15.22:3300/0 1 ==== mon_map magic: 0 v1 ==== 229+0+0 (secure 0 0 0) 0x7f5fd40107c0 con 0x7f5fd80712d0
2024-04-26T16:31:40.134 INFO:teuthology.orchestra.run.smithi022.stdout:/usr/bin/ceph: stderr
2024-04-26T16:31:34.306+0000 7f5fcaffd700 1 -- 172.21.15.22:0/2471040792 <== mon.0 v2:172.21.15.22:3300/0 2 ==== config(27 keys) v1 ==== 1044+0+0 (secure 0 0 0) 0x7f5fd4010db0 con 0x7f5fd80712d0
2024-04-26T16:31:40.134 INFO:teuthology.orchestra.run.smithi022.stdout:/usr/bin/ceph: stderr
2024-04-26T16:31:34.306+0000 7f5fe05ca700 1 -- 172.21.15.22:0/2471040792 --> [v2:172.21.15.22:3300/0,v1:172.21.15.22:6789/0] -- mon_subscribe({mgrmap=0+}) v3 -- 0x7f5fd8111d40 con 0x7f5fd80712d0
2024-04-26T16:31:40.134 INFO:teuthology.orchestra.run.smithi022.stdout:/usr/bin/ceph: stderr
2024-04-26T16:31:34.306+0000 7f5fcaffd700 1 -- 172.21.15.22:0/2471040792 <== mon.0 v2:172.21.15.22:3300/0 3 ==== mon_map magic: 0 v1 ==== 229+0+0 (secure 0 0 0) 0x7f5fd401acf0 con 0x7f5fd80712d0
2024-04-26T16:31:40.134 INFO:teuthology.orchestra.run.smithi022.stdout:/usr/bin/ceph: stderr
2024-04-26T16:31:34.306+0000 7f5fe05ca700 1 -- 172.21.15.22:0/2471040792 --> [v2:172.21.15.22:3300/0,v1:172.21.15.22:6789/0] -- mon_subscribe({osdmap=0}) v3 -- 0x7f5fd81128b0 con 0x7f5fd80712d0
2024-04-26T16:31:40.134 INFO:teuthology.orchestra.run.smithi022.stdout:/usr/bin/ceph: stderr
2024-04-26T16:31:34.307+0000 7f5fcaffd700 1 -- 172.21.15.22:0/2471040792 <== mon.0 v2:172.21.15.22:3300/0 4 ==== mgrmap(e 5) v1 ==== 43376+0+0 (secure 0 0 0) 0x7f5fd40193c0 con 0x7f5fd80712d0
2024-04-26T16:31:40.134 INFO:teuthology.orchestra.run.smithi022.stdout:/usr/bin/ceph: stderr
2024-04-26T16:31:34.307+0000 7f5fcaffd700 1 --2- 172.21.15.22:0/2471040792 >> [v2:172.21.15.22:6800/2502821366,v1:172.21.15.22:6801/2502821366] conn(0x7f5fc40368a0 0x7f5fc4038d50 unknown :-1 s=NONE pgs=0 cs=0 l=1 rev1=0 crypto rx=0 tx=0 comp rx=0 tx=0).connect
2024-04-26T16:31:40.134 INFO:teuthology.orchestra.run.smithi022.stdout:/usr/bin/ceph: stderr
2024-04-26T16:31:34.307+0000 7f5fcaffd700 1 -- 172.21.15.22:0/2471040792 --> [v2:172.21.15.22:6800/2502821366,v1:172.21.15.22:6801/2502821366] -- command(tid 0: {"prefix": "get_command_descriptions"}) v1 -- 0x7f5fc4039460 con 0x7f5fc40368a0
2024-04-26T16:31:40.134 INFO:teuthology.orchestra.run.smithi022.stdout:/usr/bin/ceph: stderr
2024-04-26T16:31:34.307+0000 7f5fddb65700 1 -- 172.21.15.22:0/2471040792 >> [v2:172.21.15.22:6800/2502821366,v1:172.21.15.22:6801/2502821366] conn(0x7f5fc40368a0 msgr2=0x7f5fc4038d50 unknown :-1 s=STATE_CONNECTING_RE l=1).process reconnect failed to v2:172.21.15.22:6800/2502821366
2024-04-26T16:31:40.134 INFO:teuthology.orchestra.run.smithi022.stdout:/usr/bin/ceph: stderr
2024-04-26T16:31:34.307+0000 7f5fcaffd700 1 -- 172.21.15.22:0/2471040792 <== mon.0 v2:172.21.15.22:3300/0 5 ==== osd_map(1..1 src has 1..1) v4 ==== 721+0+0 (secure 0 0 0) 0x7f5fd404a7d0 con 0x7f5fd80712d0
2024-04-26T16:31:40.134 INFO:teuthology.orchestra.run.smithi022.stdout:/usr/bin/ceph: stderr
2024-04-26T16:31:34.307+0000 7f5fddb65700 1 --2- 172.21.15.22:0/2471040792 >> [v2:172.21.15.22:6800/2502821366,v1:172.21.15.22:6801/2502821366] conn(0x7f5fc40368a0 0x7f5fc4038d50 unknown :-1 s=START_CONNECT pgs=0 cs=0 l=1 rev1=0 crypto rx=0 tx=0 comp rx=0 tx=0)._fault waiting 0.200000
2024-04-26T16:31:40.134 INFO:teuthology.orchestra.run.smithi022.stdout:/usr/bin/ceph: stderr
2024-04-26T16:31:34.508+0000 7f5fddb65700 1 -- 172.21.15.22:0/2471040792 >> [v2:172.21.15.22:6800/2502821366,v1:172.21.15.22:6801/2502821366] conn(0x7f5fc40368a0 msgr2=0x7f5fc4038d50 unknown :-1 s=STATE_CONNECTING_RE l=1).process reconnect failed to v2:172.21.15.22:6800/2502821366
2024-04-26T16:31:40.135 INFO:teuthology.orchestra.run.smithi022.stdout:/usr/bin/ceph: stderr
2024-04-26T16:31:34.508+0000 7f5fddb65700 1 --2- 172.21.15.22:0/2471040792 >> [v2:172.21.15.22:6800/2502821366,v1:172.21.15.22:6801/2502821366] conn(0x7f5fc40368a0 0x7f5fc4038d50 unknown :-1 s=START_CONNECT pgs=0 cs=0 l=1 rev1=0 crypto rx=0 tx=0 comp rx=0 tx=0)._fault waiting 0.400000
2024-04-26T16:31:40.135 INFO:teuthology.orchestra.run.smithi022.stdout:/usr/bin/ceph: stderr
2024-04-26T16:31:34.909+0000 7f5fddb65700 1 -- 172.21.15.22:0/2471040792 >> [v2:172.21.15.22:6800/2502821366,v1:172.21.15.22:6801/2502821366] conn(0x7f5fc40368a0 msgr2=0x7f5fc4038d50 unknown :-1 s=STATE_CONNECTING_RE l=1).process reconnect failed to v2:172.21.15.22:6800/2502821366
2024-04-26T16:31:40.135 INFO:teuthology.orchestra.run.smithi022.stdout:/usr/bin/ceph: stderr
2024-04-26T16:31:34.909+0000 7f5fddb65700 1 --2- 172.21.15.22:0/2471040792 >> [v2:172.21.15.22:6800/2502821366,v1:172.21.15.22:6801/2502821366] conn(0x7f5fc40368a0 0x7f5fc4038d50 unknown :-1 s=START_CONNECT pgs=0 cs=0 l=1 rev1=0 crypto rx=0 tx=0 comp rx=0 tx=0)._fault waiting 0.800000
2024-04-26T16:31:40.135 INFO:teuthology.orchestra.run.smithi022.stdout:/usr/bin/ceph: stderr
2024-04-26T16:31:35.710+0000 7f5fddb65700 1 -- 172.21.15.22:0/2471040792 >> [v2:172.21.15.22:6800/2502821366,v1:172.21.15.22:6801/2502821366] conn(0x7f5fc40368a0 msgr2=0x7f5fc4038d50 unknown :-1 s=STATE_CONNECTING_RE l=1).process reconnect failed to v2:172.21.15.22:6800/2502821366
2024-04-26T16:31:40.135 INFO:teuthology.orchestra.run.smithi022.stdout:/usr/bin/ceph: stderr
2024-04-26T16:31:35.710+0000 7f5fddb65700 1 --2- 172.21.15.22:0/2471040792 >> [v2:172.21.15.22:6800/2502821366,v1:172.21.15.22:6801/2502821366] conn(0x7f5fc40368a0 0x7f5fc4038d50 unknown :-1 s=START_CONNECT pgs=0 cs=0 l=1 rev1=0 crypto rx=0 tx=0 comp rx=0 tx=0)._fault waiting 1.600000
2024-04-26T16:31:40.135 INFO:teuthology.orchestra.run.smithi022.stdout:/usr/bin/ceph: stderr
2024-04-26T16:31:37.310+0000 7f5fddb65700 1 -- 172.21.15.22:0/2471040792 >> [v2:172.21.15.22:6800/2502821366,v1:172.21.15.22:6801/2502821366] conn(0x7f5fc40368a0 msgr2=0x7f5fc4038d50 unknown :-1 s=STATE_CONNECTING_RE l=1).process reconnect failed to v2:172.21.15.22:6800/2502821366
2024-04-26T16:31:40.135 INFO:teuthology.orchestra.run.smithi022.stdout:/usr/bin/ceph: stderr
2024-04-26T16:31:37.310+0000 7f5fddb65700 1 --2- 172.21.15.22:0/2471040792 >> [v2:172.21.15.22:6800/2502821366,v1:172.21.15.22:6801/2502821366] conn(0x7f5fc40368a0 0x7f5fc4038d50 unknown :-1 s=START_CONNECT pgs=0 cs=0 l=1 rev1=0 crypto rx=0 tx=0 comp rx=0 tx=0)._fault waiting 3.200000
2024-04-26T16:31:40.135 INFO:teuthology.orchestra.run.smithi022.stdout:/usr/bin/ceph: stderr
2024-04-26T16:31:38.586+0000 7f5fcaffd700 1 -- 172.21.15.22:0/2471040792 <== mon.0 v2:172.21.15.22:3300/0 6 ==== mgrmap(e 6) v1 ==== 43143+0+0 (secure 0 0 0) 0x7f5fd40198a0 con 0x7f5fd80712d0
2024-04-26T16:31:40.135 INFO:teuthology.orchestra.run.smithi022.stdout:/usr/bin/ceph: stderr
2024-04-26T16:31:38.586+0000 7f5fcaffd700 1 -- 172.21.15.22:0/2471040792 >> [v2:172.21.15.22:6800/2502821366,v1:172.21.15.22:6801/2502821366] conn(0x7f5fc40368a0 msgr2=0x7f5fc4038d50 unknown :-1 s=STATE_CONNECTING l=1).mark_down
2024-04-26T16:31:40.135 INFO:teuthology.orchestra.run.smithi022.stdout:/usr/bin/ceph: stderr
2024-04-26T16:31:38.586+0000 7f5fcaffd700 1 --2- 172.21.15.22:0/2471040792 >> [v2:172.21.15.22:6800/2502821366,v1:172.21.15.22:6801/2502821366] conn(0x7f5fc40368a0 0x7f5fc4038d50 unknown :-1 s=START_CONNECT pgs=0 cs=0 l=1 rev1=0 crypto rx=0 tx=0 comp rx=0 tx=0).stop
2024-04-26T16:31:40.135 INFO:teuthology.orchestra.run.smithi022.stdout:/usr/bin/ceph: stderr
2024-04-26T16:31:39.587+0000 7f5fcaffd700 1 -- 172.21.15.22:0/2471040792 <== mon.0 v2:172.21.15.22:3300/0 7 ==== mgrmap(e 7) v1 ==== 43270+0+0 (secure 0 0 0) 0x7f5fd4019c20 con 0x7f5fd80712d0
2024-04-26T16:31:40.135 INFO:teuthology.orchestra.run.smithi022.stdout:/usr/bin/ceph: stderr
2024-04-26T16:31:39.587+0000 7f5fcaffd700 1 --2- 172.21.15.22:0/2471040792 >> [v2:172.21.15.22:6800/2209392397,v1:172.21.15.22:6801/2209392397] conn(0x7f5fc4039ff0 0x7f5fc403c3d0 unknown :-1 s=NONE pgs=0 cs=0 l=1 rev1=0 crypto rx=0 tx=0 comp rx=0 tx=0).connect
2024-04-26T16:31:40.135 INFO:teuthology.orchestra.run.smithi022.stdout:/usr/bin/ceph: stderr
2024-04-26T16:31:39.587+0000 7f5fcaffd700 1 -- 172.21.15.22:0/2471040792 --> [v2:172.21.15.22:6800/2209392397,v1:172.21.15.22:6801/2209392397] -- command(tid 0: {"prefix": "get_command_descriptions"}) v1 -- 0x7f5fc4039460 con 0x7f5fc4039ff0
2024-04-26T16:31:40.135 INFO:teuthology.orchestra.run.smithi022.stdout:/usr/bin/ceph: stderr
2024-04-26T16:31:39.587+0000 7f5fddb65700 1 --2- 172.21.15.22:0/2471040792 >> [v2:172.21.15.22:6800/2209392397,v1:172.21.15.22:6801/2209392397] conn(0x7f5fc4039ff0 0x7f5fc403c3d0 unknown :-1 s=BANNER_CONNECTING pgs=0 cs=0 l=1 rev1=0 crypto rx=0 tx=0 comp rx=0 tx=0)._handle_peer_banner_payload supported=3 required=0
2024-04-26T16:31:40.135 INFO:teuthology.orchestra.run.smithi022.stdout:/usr/bin/ceph: stderr
2024-04-26T16:31:39.588+0000 7f5fddb65700 1 --2- 172.21.15.22:0/2471040792 >> [v2:172.21.15.22:6800/2209392397,v1:172.21.15.22:6801/2209392397] conn(0x7f5fc4039ff0 0x7f5fc403c3d0 secure :-1 s=READY pgs=1 cs=0 l=1 rev1=1 crypto rx=0x7f5fcc0039d0 tx=0x7f5fcc009350 comp rx=0 tx=0).ready entity=mgr.14120 client_cookie=0 server_cookie=0 in_seq=0 out_seq=0
2024-04-26T16:31:40.136 INFO:teuthology.orchestra.run.smithi022.stdout:/usr/bin/ceph: stderr
2024-04-26T16:31:39.589+0000 7f5fcaffd700 1 -- 172.21.15.22:0/2471040792 <== mgr.14120 v2:172.21.15.22:6800/2209392397 1 ==== command_reply(tid 0: 0 ) v1 ==== 8+0+6549 (secure 0 0 0) 0x7f5fc4039460 con 0x7f5fc4039ff0
2024-04-26T16:31:40.136 INFO:teuthology.orchestra.run.smithi022.stdout:/usr/bin/ceph: stderr
2024-04-26T16:31:39.595+0000 7f5fe05ca700 1 -- 172.21.15.22:0/2471040792 --> [v2:172.21.15.22:6800/2209392397,v1:172.21.15.22:6801/2209392397] -- command(tid 1: {"prefix": "mgr_status"}) v1 -- 0x7f5fd81121d0 con 0x7f5fc4039ff0
2024-04-26T16:31:40.136 INFO:teuthology.orchestra.run.smithi022.stdout:/usr/bin/ceph: stderr
2024-04-26T16:31:39.595+0000 7f5fcaffd700 1 -- 172.21.15.22:0/2471040792 <== mgr.14120 v2:172.21.15.22:6800/2209392397 2 ==== command_reply(tid 1: 0 ) v1 ==== 8+0+51 (secure 0 0 0) 0x7f5fd81121d0 con 0x7f5fc4039ff0
2024-04-26T16:31:40.136 INFO:teuthology.orchestra.run.smithi022.stdout:/usr/bin/ceph: stderr
2024-04-26T16:31:39.595+0000 7f5fe05ca700 1 -- 172.21.15.22:0/2471040792 >> [v2:172.21.15.22:6800/2209392397,v1:172.21.15.22:6801/2209392397] conn(0x7f5fc4039ff0 msgr2=0x7f5fc403c3d0 secure :-1 s=STATE_CONNECTION_ESTABLISHED l=1).mark_down
2024-04-26T16:31:40.136 INFO:teuthology.orchestra.run.smithi022.stdout:/usr/bin/ceph: stderr
2024-04-26T16:31:39.595+0000 7f5fe05ca700 1 --2- 172.21.15.22:0/2471040792 >> [v2:172.21.15.22:6800/2209392397,v1:172.21.15.22:6801/2209392397] conn(0x7f5fc4039ff0 0x7f5fc403c3d0 secure :-1 s=READY pgs=1 cs=0 l=1 rev1=1 crypto rx=0x7f5fcc0039d0 tx=0x7f5fcc009350 comp rx=0 tx=0).stop
2024-04-26T16:31:40.136 INFO:teuthology.orchestra.run.smithi022.stdout:/usr/bin/ceph: stderr
2024-04-26T16:31:39.595+0000 7f5fe05ca700 1 -- 172.21.15.22:0/2471040792 >> [v2:172.21.15.22:3300/0,v1:172.21.15.22:6789/0] conn(0x7f5fd80712d0 msgr2=0x7f5fd8111600 secure :-1 s=STATE_CONNECTION_ESTABLISHED l=1).mark_down
2024-04-26T16:31:40.136 INFO:teuthology.orchestra.run.smithi022.stdout:/usr/bin/ceph: stderr
2024-04-26T16:31:39.595+0000 7f5fe05ca700 1 --2- 172.21.15.22:0/2471040792 >> [v2:172.21.15.22:3300/0,v1:172.21.15.22:6789/0] conn(0x7f5fd80712d0 0x7f5fd8111600 secure :-1 s=READY pgs=29 cs=0 l=1 rev1=1 crypto rx=0x7f5fd4006b00 tx=0x7f5fd4009250 comp rx=0 tx=0).stop
2024-04-26T16:31:40.136 INFO:teuthology.orchestra.run.smithi022.stdout:/usr/bin/ceph: stderr
2024-04-26T16:31:39.595+0000 7f5fe05ca700 1 -- 172.21.15.22:0/2471040792 shutdown_connections
2024-04-26T16:31:40.136 INFO:teuthology.orchestra.run.smithi022.stdout:/usr/bin/ceph: stderr
2024-04-26T16:31:39.595+0000 7f5fe05ca700 1 --2- 172.21.15.22:0/2471040792 >> [v2:172.21.15.22:6800/2209392397,v1:172.21.15.22:6801/2209392397] conn(0x7f5fc4039ff0 0x7f5fc403c3d0 unknown :-1 s=CLOSED pgs=1 cs=0 l=1 rev1=1 crypto rx=0 tx=0 comp rx=0 tx=0).stop
2024-04-26T16:31:40.136 INFO:teuthology.orchestra.run.smithi022.stdout:/usr/bin/ceph: stderr
2024-04-26T16:31:39.595+0000 7f5fe05ca700 1 --2- 172.21.15.22:0/2471040792 >> [v2:172.21.15.22:3300/0,v1:172.21.15.22:6789/0] conn(0x7f5fd80712d0 0x7f5fd8111600 unknown :-1 s=CLOSED pgs=29 cs=0 l=1 rev1=1 crypto rx=0 tx=0 comp rx=0 tx=0).stop
2024-04-26T16:31:40.136 INFO:teuthology.orchestra.run.smithi022.stdout:/usr/bin/ceph: stderr
2024-04-26T16:31:39.595+0000 7f5fe05ca700 1 --2- 172.21.15.22:0/2471040792 >> [v2:172.21.15.22:6800/2502821366,v1:172.21.15.22:6801/2502821366] conn(0x7f5fc40368a0 0x7f5fc4038d50 unknown :-1 s=CLOSED pgs=0 cs=0 l=1 rev1=0 crypto rx=0 tx=0 comp rx=0 tx=0).stop
2024-04-26T16:31:40.136 INFO:teuthology.orchestra.run.smithi022.stdout:/usr/bin/ceph: stderr
2024-04-26T16:31:39.595+0000 7f5fe05ca700 1 -- 172.21.15.22:0/2471040792 >> 172.21.15.22:0/2471040792 conn(0x7f5fd80fcea0 msgr2=0x7f5fd80fda10 unknown :-1 s=STATE_NONE l=0).mark_down
2024-04-26T16:31:40.136 INFO:teuthology.orchestra.run.smithi022.stdout:/usr/bin/ceph: stderr
2024-04-26T16:31:39.595+0000 7f5fe05ca700 1 -- 172.21.15.22:0/2471040792 shutdown_connections
2024-04-26T16:31:40.136 INFO:teuthology.orchestra.run.smithi022.stdout:/usr/bin/ceph: stderr
2024-04-26T16:31:39.596+0000 7f5fe05ca700 1 -- 172.21.15.22:0/2471040792 wait complete.
2024-04-26T16:31:40.137 INFO:teuthology.orchestra.run.smithi022.stdout:mgr epoch 5 is available
2024-04-26T16:31:40.137 INFO:teuthology.orchestra.run.smithi022.stdout:Setting orchestrator backend to cephadm...
2024-04-26T16:31:40.792 INFO:journalctl@ceph.mon.smithi022.smithi022.stdout:Apr 26 16:31:40 smithi022 ceph-mon[26607]: from='client.14124 -' entity='client.admin' cmd=[{"prefix": "get_command_descriptions"}]: dispatch
2024-04-26T16:31:40.792 INFO:journalctl@ceph.mon.smithi022.smithi022.stdout:Apr 26 16:31:40 smithi022 ceph-mon[26607]: from='client.14124 -' entity='client.admin' cmd=[{"prefix": "mgr_status"}]: dispatch
2024-04-26T16:31:41.545 INFO:teuthology.orchestra.run.smithi022.stdout:/usr/bin/ceph: stderr
2024-04-26T16:31:40.563+0000 7f4a0bf4b700 1 Processor -- start
2024-04-26T16:31:41.546 INFO:teuthology.orchestra.run.smithi022.stdout:/usr/bin/ceph: stderr
2024-04-26T16:31:40.563+0000 7f4a0bf4b700 1 -- start start
2024-04-26T16:31:41.546 INFO:teuthology.orchestra.run.smithi022.stdout:/usr/bin/ceph: stderr
2024-04-26T16:31:40.563+0000 7f4a0bf4b700 1 --2- >> [v2:172.21.15.22:3300/0,v1:172.21.15.22:6789/0] conn(0x7f4a04076c20 0x7f4a04107840 unknown :-1 s=NONE pgs=0 cs=0 l=0 rev1=0 crypto rx=0 tx=0 comp rx=0 tx=0).connect
2024-04-26T16:31:41.546 INFO:teuthology.orchestra.run.smithi022.stdout:/usr/bin/ceph: stderr
2024-04-26T16:31:40.563+0000 7f4a0bf4b700 1 -- --> [v2:172.21.15.22:3300/0,v1:172.21.15.22:6789/0] -- mon_getmap magic: 0 v1 -- 0x7f4a04103230 con 0x7f4a04076c20
2024-04-26T16:31:41.546 INFO:teuthology.orchestra.run.smithi022.stdout:/usr/bin/ceph: stderr
2024-04-26T16:31:40.563+0000 7f4a09ce7700 1 --2- >> [v2:172.21.15.22:3300/0,v1:172.21.15.22:6789/0] conn(0x7f4a04076c20 0x7f4a04107840 unknown :-1 s=BANNER_CONNECTING pgs=0 cs=0 l=0 rev1=0 crypto rx=0 tx=0 comp rx=0 tx=0)._handle_peer_banner_payload supported=3 required=0
2024-04-26T16:31:41.546 INFO:teuthology.orchestra.run.smithi022.stdout:/usr/bin/ceph: stderr
2024-04-26T16:31:40.563+0000 7f4a09ce7700 1 --2- >> [v2:172.21.15.22:3300/0,v1:172.21.15.22:6789/0] conn(0x7f4a04076c20 0x7f4a04107840 unknown :-1 s=HELLO_CONNECTING pgs=0 cs=0 l=0 rev1=1 crypto rx=0 tx=0 comp rx=0 tx=0).handle_hello peer v2:172.21.15.22:3300/0 says I am v2:172.21.15.22:39260/0 (socket says 172.21.15.22:39260)
2024-04-26T16:31:41.546 INFO:teuthology.orchestra.run.smithi022.stdout:/usr/bin/ceph: stderr
2024-04-26T16:31:40.563+0000 7f4a09ce7700 1 -- 172.21.15.22:0/2272335349 learned_addr learned my addr 172.21.15.22:0/2272335349 (peer_addr_for_me v2:172.21.15.22:0/0)
2024-04-26T16:31:41.546 INFO:teuthology.orchestra.run.smithi022.stdout:/usr/bin/ceph: stderr
2024-04-26T16:31:40.563+0000 7f4a09ce7700 1 -- 172.21.15.22:0/2272335349 --> [v2:172.21.15.22:3300/0,v1:172.21.15.22:6789/0] -- mon_subscribe({config=0+,monmap=0+}) v3 -- 0x7f4a04107d80 con 0x7f4a04076c20
2024-04-26T16:31:41.546 INFO:teuthology.orchestra.run.smithi022.stdout:/usr/bin/ceph: stderr
2024-04-26T16:31:40.564+0000 7f4a09ce7700 1 --2- 172.21.15.22:0/2272335349 >> [v2:172.21.15.22:3300/0,v1:172.21.15.22:6789/0] conn(0x7f4a04076c20 0x7f4a04107840 secure :-1 s=READY pgs=37 cs=0 l=1 rev1=1 crypto rx=0x7f4a000098e0 tx=0x7f4a00009250 comp rx=0 tx=0).ready entity=mon.0 client_cookie=7b2c4e5a46e8bc40 server_cookie=0 in_seq=0 out_seq=0
2024-04-26T16:31:41.547 INFO:teuthology.orchestra.run.smithi022.stdout:/usr/bin/ceph: stderr
2024-04-26T16:31:40.564+0000 7f4a08ce5700 1 -- 172.21.15.22:0/2272335349 <== mon.0 v2:172.21.15.22:3300/0 1 ==== mon_map magic: 0 v1 ==== 229+0+0 (secure 0 0 0) 0x7f4a0000b860 con 0x7f4a04076c20
2024-04-26T16:31:41.547 INFO:teuthology.orchestra.run.smithi022.stdout:/usr/bin/ceph: stderr
2024-04-26T16:31:40.564+0000 7f4a08ce5700 1 -- 172.21.15.22:0/2272335349 <== mon.0 v2:172.21.15.22:3300/0 2 ==== config(27 keys) v1 ==== 1044+0+0 (secure 0 0 0) 0x7f4a0000be50 con 0x7f4a04076c20
2024-04-26T16:31:41.547 INFO:teuthology.orchestra.run.smithi022.stdout:/usr/bin/ceph: stderr
2024-04-26T16:31:40.564+0000 7f4a08ce5700 1 -- 172.21.15.22:0/2272335349 <== mon.0 v2:172.21.15.22:3300/0 3 ==== mon_map magic: 0 v1 ==== 229+0+0 (secure 0 0 0) 0x7f4a00010380 con 0x7f4a04076c20
2024-04-26T16:31:41.547 INFO:teuthology.orchestra.run.smithi022.stdout:/usr/bin/ceph: stderr
2024-04-26T16:31:40.564+0000 7f4a0bf4b700 1 -- 172.21.15.22:0/2272335349 >> [v2:172.21.15.22:3300/0,v1:172.21.15.22:6789/0] conn(0x7f4a04076c20 msgr2=0x7f4a04107840 secure :-1 s=STATE_CONNECTION_ESTABLISHED l=1).mark_down
2024-04-26T16:31:41.547 INFO:teuthology.orchestra.run.smithi022.stdout:/usr/bin/ceph: stderr
2024-04-26T16:31:40.564+0000 7f4a0bf4b700 1 --2- 172.21.15.22:0/2272335349 >> [v2:172.21.15.22:3300/0,v1:172.21.15.22:6789/0] conn(0x7f4a04076c20 0x7f4a04107840 secure :-1 s=READY pgs=37 cs=0 l=1 rev1=1 crypto rx=0x7f4a000098e0 tx=0x7f4a00009250 comp rx=0 tx=0).stop
2024-04-26T16:31:41.547 INFO:teuthology.orchestra.run.smithi022.stdout:/usr/bin/ceph: stderr
2024-04-26T16:31:40.564+0000 7f4a0bf4b700 1 -- 172.21.15.22:0/2272335349 shutdown_connections
2024-04-26T16:31:41.547 INFO:teuthology.orchestra.run.smithi022.stdout:/usr/bin/ceph: stderr
2024-04-26T16:31:40.564+0000 7f4a0bf4b700 1 --2- 172.21.15.22:0/2272335349 >> [v2:172.21.15.22:3300/0,v1:172.21.15.22:6789/0] conn(0x7f4a04076c20 0x7f4a04107840 unknown :-1 s=CLOSED pgs=37 cs=0 l=1 rev1=1 crypto rx=0 tx=0 comp rx=0 tx=0).stop
2024-04-26T16:31:41.547 INFO:teuthology.orchestra.run.smithi022.stdout:/usr/bin/ceph: stderr
2024-04-26T16:31:40.564+0000 7f4a0bf4b700 1 -- 172.21.15.22:0/2272335349 >> 172.21.15.22:0/2272335349 conn(0x7f4a040fced0 msgr2=0x7f4a040ff2e0 unknown :-1 s=STATE_NONE l=0).mark_down
2024-04-26T16:31:41.547 INFO:teuthology.orchestra.run.smithi022.stdout:/usr/bin/ceph: stderr
2024-04-26T16:31:40.565+0000 7f4a0bf4b700 1 -- 172.21.15.22:0/2272335349 shutdown_connections
2024-04-26T16:31:41.548 INFO:teuthology.orchestra.run.smithi022.stdout:/usr/bin/ceph: stderr
2024-04-26T16:31:40.565+0000 7f4a0bf4b700 1 -- 172.21.15.22:0/2272335349 wait complete.
2024-04-26T16:31:41.548 INFO:teuthology.orchestra.run.smithi022.stdout:/usr/bin/ceph: stderr
2024-04-26T16:31:40.565+0000 7f4a0bf4b700 1 Processor -- start
2024-04-26T16:31:41.548 INFO:teuthology.orchestra.run.smithi022.stdout:/usr/bin/ceph: stderr
2024-04-26T16:31:40.565+0000 7f4a0bf4b700 1 -- start start
2024-04-26T16:31:41.548 INFO:teuthology.orchestra.run.smithi022.stdout:/usr/bin/ceph: stderr
2024-04-26T16:31:40.565+0000 7f4a0bf4b700 1 --2- >> [v2:172.21.15.22:3300/0,v1:172.21.15.22:6789/0] conn(0x7f4a04076c20 0x7f4a041137d0 unknown :-1 s=NONE pgs=0 cs=0 l=1 rev1=0 crypto rx=0 tx=0 comp rx=0 tx=0).connect
2024-04-26T16:31:41.548 INFO:teuthology.orchestra.run.smithi022.stdout:/usr/bin/ceph: stderr
2024-04-26T16:31:40.565+0000 7f4a0bf4b700 1 -- --> [v2:172.21.15.22:3300/0,v1:172.21.15.22:6789/0] -- mon_getmap magic: 0 v1 -- 0x7f4a04113d10 con 0x7f4a04076c20
2024-04-26T16:31:41.548 INFO:teuthology.orchestra.run.smithi022.stdout:/usr/bin/ceph: stderr
2024-04-26T16:31:40.565+0000 7f4a09ce7700 1 --2- >> [v2:172.21.15.22:3300/0,v1:172.21.15.22:6789/0] conn(0x7f4a04076c20 0x7f4a041137d0 unknown :-1 s=BANNER_CONNECTING pgs=0 cs=0 l=1 rev1=0 crypto rx=0 tx=0 comp rx=0 tx=0)._handle_peer_banner_payload supported=3 required=0
2024-04-26T16:31:41.549 INFO:teuthology.orchestra.run.smithi022.stdout:/usr/bin/ceph: stderr
2024-04-26T16:31:40.565+0000 7f4a09ce7700 1 --2- >> [v2:172.21.15.22:3300/0,v1:172.21.15.22:6789/0] conn(0x7f4a04076c20 0x7f4a041137d0 unknown :-1 s=HELLO_CONNECTING pgs=0 cs=0 l=1 rev1=1 crypto rx=0 tx=0 comp rx=0 tx=0).handle_hello peer v2:172.21.15.22:3300/0 says I am v2:172.21.15.22:39270/0 (socket says 172.21.15.22:39270)
2024-04-26T16:31:41.549 INFO:teuthology.orchestra.run.smithi022.stdout:/usr/bin/ceph: stderr
2024-04-26T16:31:40.565+0000 7f4a09ce7700 1 -- 172.21.15.22:0/391332611 learned_addr learned my addr 172.21.15.22:0/391332611 (peer_addr_for_me v2:172.21.15.22:0/0)
2024-04-26T16:31:41.549 INFO:teuthology.orchestra.run.smithi022.stdout:/usr/bin/ceph: stderr
2024-04-26T16:31:40.566+0000 7f4a09ce7700 1 -- 172.21.15.22:0/391332611 --> [v2:172.21.15.22:3300/0,v1:172.21.15.22:6789/0] -- mon_subscribe({config=0+,monmap=0+}) v3 -- 0x7f4a000094f0 con 0x7f4a04076c20
2024-04-26T16:31:41.549 INFO:teuthology.orchestra.run.smithi022.stdout:/usr/bin/ceph: stderr
2024-04-26T16:31:40.566+0000 7f4a09ce7700 1 --2- 172.21.15.22:0/391332611 >> [v2:172.21.15.22:3300/0,v1:172.21.15.22:6789/0] conn(0x7f4a04076c20 0x7f4a041137d0 secure :-1 s=READY pgs=38 cs=0 l=1 rev1=1 crypto rx=0x7f4a00003050 tx=0x7f4a00009250 comp rx=0 tx=0).ready entity=mon.0 client_cookie=0 server_cookie=0 in_seq=0 out_seq=0
2024-04-26T16:31:41.549 INFO:teuthology.orchestra.run.smithi022.stdout:/usr/bin/ceph: stderr
2024-04-26T16:31:40.566+0000 7f49fa7fc700 1 -- 172.21.15.22:0/391332611 <== mon.0 v2:172.21.15.22:3300/0 1 ==== mon_map magic: 0 v1 ==== 229+0+0 (secure 0 0 0) 0x7f4a00010760 con 0x7f4a04076c20
2024-04-26T16:31:41.550 INFO:teuthology.orchestra.run.smithi022.stdout:/usr/bin/ceph: stderr
2024-04-26T16:31:40.566+0000 7f49fa7fc700 1 -- 172.21.15.22:0/391332611 <== mon.0 v2:172.21.15.22:3300/0 2 ==== config(27 keys) v1 ==== 1044+0+0 (secure 0 0 0) 0x7f4a00010d50 con 0x7f4a04076c20
2024-04-26T16:31:41.550 INFO:teuthology.orchestra.run.smithi022.stdout:/usr/bin/ceph: stderr
2024-04-26T16:31:40.566+0000 7f4a0bf4b700 1 -- 172.21.15.22:0/391332611 --> [v2:172.21.15.22:3300/0,v1:172.21.15.22:6789/0] -- mon_subscribe({mgrmap=0+}) v3 -- 0x7f4a04113f10 con 0x7f4a04076c20
2024-04-26T16:31:41.550 INFO:teuthology.orchestra.run.smithi022.stdout:/usr/bin/ceph: stderr
2024-04-26T16:31:40.566+0000 7f49fa7fc700 1 -- 172.21.15.22:0/391332611 <== mon.0 v2:172.21.15.22:3300/0 3 ==== mon_map magic: 0 v1 ==== 229+0+0 (secure 0 0 0) 0x7f4a0001ae20 con 0x7f4a04076c20
2024-04-26T16:31:41.550 INFO:teuthology.orchestra.run.smithi022.stdout:/usr/bin/ceph: stderr
2024-04-26T16:31:40.566+0000 7f4a0bf4b700 1 -- 172.21.15.22:0/391332611 --> [v2:172.21.15.22:3300/0,v1:172.21.15.22:6789/0] -- mon_subscribe({osdmap=0}) v3 -- 0x7f4a04114a80 con 0x7f4a04076c20
2024-04-26T16:31:41.550 INFO:teuthology.orchestra.run.smithi022.stdout:/usr/bin/ceph: stderr
2024-04-26T16:31:40.567+0000 7f49fa7fc700 1 -- 172.21.15.22:0/391332611 <== mon.0 v2:172.21.15.22:3300/0 4 ==== mgrmap(e 7) v1 ==== 43270+0+0 (secure 0 0 0) 0x7f4a000108c0 con 0x7f4a04076c20
2024-04-26T16:31:41.550 INFO:teuthology.orchestra.run.smithi022.stdout:/usr/bin/ceph: stderr
2024-04-26T16:31:40.567+0000 7f4a0bf4b700 1 -- 172.21.15.22:0/391332611 --> [v2:172.21.15.22:3300/0,v1:172.21.15.22:6789/0] -- mon_command({"prefix": "get_command_descriptions"} v 0) v1 -- 0x7f4a0405f5c0 con 0x7f4a04076c20
2024-04-26T16:31:41.550 INFO:teuthology.orchestra.run.smithi022.stdout:/usr/bin/ceph: stderr
2024-04-26T16:31:40.567+0000 7f49fa7fc700 1 --2- 172.21.15.22:0/391332611 >> [v2:172.21.15.22:6800/2209392397,v1:172.21.15.22:6801/2209392397] conn(0x7f49f0036770 0x7f49f0038c20 unknown :-1 s=NONE pgs=0 cs=0 l=1 rev1=0 crypto rx=0 tx=0 comp rx=0 tx=0).connect
2024-04-26T16:31:41.550 INFO:teuthology.orchestra.run.smithi022.stdout:/usr/bin/ceph: stderr
2024-04-26T16:31:40.567+0000 7f49fa7fc700 1 -- 172.21.15.22:0/391332611 <== mon.0 v2:172.21.15.22:3300/0 5 ==== osd_map(2..2 src has 1..2) v4 ==== 936+0+0 (secure 0 0 0) 0x7f4a0004a310 con 0x7f4a04076c20
2024-04-26T16:31:41.550 INFO:teuthology.orchestra.run.smithi022.stdout:/usr/bin/ceph: stderr
2024-04-26T16:31:40.567+0000 7f4a094e6700 1 --2- 172.21.15.22:0/391332611 >> [v2:172.21.15.22:6800/2209392397,v1:172.21.15.22:6801/2209392397] conn(0x7f49f0036770 0x7f49f0038c20 unknown :-1 s=BANNER_CONNECTING pgs=0 cs=0 l=1 rev1=0 crypto rx=0 tx=0 comp rx=0 tx=0)._handle_peer_banner_payload supported=3 required=0
2024-04-26T16:31:41.550 INFO:teuthology.orchestra.run.smithi022.stdout:/usr/bin/ceph: stderr
2024-04-26T16:31:40.568+0000 7f4a094e6700 1 --2- 172.21.15.22:0/391332611 >> [v2:172.21.15.22:6800/2209392397,v1:172.21.15.22:6801/2209392397] conn(0x7f49f0036770 0x7f49f0038c20 secure :-1 s=READY pgs=7 cs=0 l=1 rev1=1 crypto rx=0x7f49f4009990 tx=0x7f49f4006e40 comp rx=0 tx=0).ready entity=mgr.14120 client_cookie=0 server_cookie=0 in_seq=0 out_seq=0
2024-04-26T16:31:41.550 INFO:teuthology.orchestra.run.smithi022.stdout:/usr/bin/ceph: stderr
2024-04-26T16:31:40.572+0000 7f49fa7fc700 1 -- 172.21.15.22:0/391332611 <== mon.0 v2:172.21.15.22:3300/0 6 ==== mon_command_ack([{"prefix": "get_command_descriptions"}]=0 v0) v1 ==== 72+0+176702 (secure 0 0 0) 0x7f4a0001a6a0 con 0x7f4a04076c20
2024-04-26T16:31:41.551 INFO:teuthology.orchestra.run.smithi022.stdout:/usr/bin/ceph: stderr
2024-04-26T16:31:40.638+0000 7f49fa7fc700 1 -- 172.21.15.22:0/391332611 <== mon.0 v2:172.21.15.22:3300/0 7 ==== mgrmap(e 8) v1 ==== 43376+0+0 (secure 0 0 0) 0x7f4a0002e440 con 0x7f4a04076c20
2024-04-26T16:31:41.551 INFO:teuthology.orchestra.run.smithi022.stdout:/usr/bin/ceph: stderr
2024-04-26T16:31:40.781+0000 7f4a0bf4b700 1 -- 172.21.15.22:0/391332611 --> [v2:172.21.15.22:6800/2209392397,v1:172.21.15.22:6801/2209392397] -- mgr_command(tid 0: {"prefix": "orch set backend", "module_name": "cephadm", "target": ["mon-mgr", ""]}) v1 -- 0x7f4a040fe090 con 0x7f49f0036770
2024-04-26T16:31:41.551 INFO:teuthology.orchestra.run.smithi022.stdout:/usr/bin/ceph: stderr
2024-04-26T16:31:40.791+0000 7f49fa7fc700 1 -- 172.21.15.22:0/391332611 <== mgr.14120 v2:172.21.15.22:6800/2209392397 1 ==== mgr_command_reply(tid 0: 0 ) v1 ==== 8+0+0 (secure 0 0 0) 0x7f4a040fe090 con 0x7f49f0036770
2024-04-26T16:31:41.551 INFO:teuthology.orchestra.run.smithi022.stdout:/usr/bin/ceph: stderr
2024-04-26T16:31:40.794+0000 7f4a0bf4b700 1 -- 172.21.15.22:0/391332611 >> [v2:172.21.15.22:6800/2209392397,v1:172.21.15.22:6801/2209392397] conn(0x7f49f0036770 msgr2=0x7f49f0038c20 secure :-1 s=STATE_CONNECTION_ESTABLISHED l=1).mark_down
2024-04-26T16:31:41.551 INFO:teuthology.orchestra.run.smithi022.stdout:/usr/bin/ceph: stderr
2024-04-26T16:31:40.794+0000 7f4a0bf4b700 1 --2- 172.21.15.22:0/391332611 >> [v2:172.21.15.22:6800/2209392397,v1:172.21.15.22:6801/2209392397] conn(0x7f49f0036770 0x7f49f0038c20 secure :-1 s=READY pgs=7 cs=0 l=1 rev1=1 crypto rx=0x7f49f4009990 tx=0x7f49f4006e40 comp rx=0 tx=0).stop
2024-04-26T16:31:41.551 INFO:teuthology.orchestra.run.smithi022.stdout:/usr/bin/ceph: stderr
2024-04-26T16:31:40.794+0000 7f4a0bf4b700 1 -- 172.21.15.22:0/391332611 >> [v2:172.21.15.22:3300/0,v1:172.21.15.22:6789/0] conn(0x7f4a04076c20 msgr2=0x7f4a041137d0 secure :-1 s=STATE_CONNECTION_ESTABLISHED l=1).mark_down
2024-04-26T16:31:41.551 INFO:teuthology.orchestra.run.smithi022.stdout:/usr/bin/ceph: stderr
2024-04-26T16:31:40.794+0000 7f4a0bf4b700 1 --2- 172.21.15.22:0/391332611 >> [v2:172.21.15.22:3300/0,v1:172.21.15.22:6789/0] conn(0x7f4a04076c20 0x7f4a041137d0 secure :-1 s=READY pgs=38 cs=0 l=1 rev1=1 crypto rx=0x7f4a00003050 tx=0x7f4a00009250 comp rx=0 tx=0).stop
2024-04-26T16:31:41.551 INFO:teuthology.orchestra.run.smithi022.stdout:/usr/bin/ceph: stderr
2024-04-26T16:31:40.794+0000 7f4a0bf4b700 1 -- 172.21.15.22:0/391332611 shutdown_connections
2024-04-26T16:31:41.551 INFO:teuthology.orchestra.run.smithi022.stdout:/usr/bin/ceph: stderr
2024-04-26T16:31:40.794+0000 7f4a0bf4b700 1 --2- 172.21.15.22:0/391332611 >> [v2:172.21.15.22:6800/2209392397,v1:172.21.15.22:6801/2209392397] conn(0x7f49f0036770 0x7f49f0038c20 unknown :-1 s=CLOSED pgs=7 cs=0 l=1 rev1=1 crypto rx=0 tx=0 comp rx=0 tx=0).stop
2024-04-26T16:31:41.552 INFO:teuthology.orchestra.run.smithi022.stdout:/usr/bin/ceph: stderr
2024-04-26T16:31:40.794+0000 7f4a0bf4b700 1 --2- 172.21.15.22:0/391332611 >> [v2:172.21.15.22:3300/0,v1:172.21.15.22:6789/0] conn(0x7f4a04076c20 0x7f4a041137d0 unknown :-1 s=CLOSED pgs=38 cs=0 l=1 rev1=1 crypto rx=0 tx=0 comp rx=0 tx=0).stop
2024-04-26T16:31:41.552 INFO:teuthology.orchestra.run.smithi022.stdout:/usr/bin/ceph: stderr
2024-04-26T16:31:40.794+0000 7f4a0bf4b700 1 -- 172.21.15.22:0/391332611 >> 172.21.15.22:0/391332611 conn(0x7f4a040fced0 msgr2=0x7f4a040fd980 unknown :-1 s=STATE_NONE l=0).mark_down
2024-04-26T16:31:41.552 INFO:teuthology.orchestra.run.smithi022.stdout:/usr/bin/ceph: stderr
2024-04-26T16:31:40.794+0000 7f4a0bf4b700 1 -- 172.21.15.22:0/391332611 shutdown_connections
2024-04-26T16:31:41.552 INFO:teuthology.orchestra.run.smithi022.stdout:/usr/bin/ceph: stderr
2024-04-26T16:31:40.794+0000 7f4a0bf4b700 1 -- 172.21.15.22:0/391332611 wait complete.
2024-04-26T16:31:41.829 INFO:journalctl@ceph.mon.smithi022.smithi022.stdout:Apr 26 16:31:41 smithi022 ceph-mon[26607]: mgrmap e8: smithi022.fxzhqg(active, since 2s)
