2023-03-27T09:40:05.493+0000 7fd6f93cc700 1 -- 172.21.15.32:0/1739253635 --> [v2:172.21.15.32:3300/0,v1:172.21.15.32:6789/0] -- mon_subscribe({mgrmap=0+}) v3 -- 0x7fd6f41096f0 con 0x7fd6f4105f70
2023-03-27T09:40:06.235 INFO:teuthology.orchestra.run.smithi032.stdout:/usr/bin/ceph: stderr
2023-03-27T09:40:05.493+0000 7fd6dbfff700 1 -- 172.21.15.32:0/1739253635 <== mon.0 v2:172.21.15.32:3300/0 3 ==== mon_map magic: 0 v1 ==== 205+0+0 (secure 0 0 0) 0x7fd6e401a750 con 0x7fd6f4105f70
2023-03-27T09:40:06.236 INFO:teuthology.orchestra.run.smithi032.stdout:/usr/bin/ceph: stderr
2023-03-27T09:40:05.493+0000 7fd6f93cc700 1 -- 172.21.15.32:0/1739253635 --> [v2:172.21.15.32:3300/0,v1:172.21.15.32:6789/0] -- mon_subscribe({osdmap=0}) v3 -- 0x7fd6f4109560 con 0x7fd6f4105f70
2023-03-27T09:40:06.236 INFO:teuthology.orchestra.run.smithi032.stdout:/usr/bin/ceph: stderr
2023-03-27T09:40:05.494+0000 7fd6dbfff700 1 -- 172.21.15.32:0/1739253635 <== mon.0 v2:172.21.15.32:3300/0 4 ==== mgrmap(e 7) v1 ==== 43429+0+0 (secure 0 0 0) 0x7fd6e4017020 con 0x7fd6f4105f70
2023-03-27T09:40:06.236 INFO:teuthology.orchestra.run.smithi032.stdout:/usr/bin/ceph: stderr
2023-03-27T09:40:05.494+0000 7fd6dbfff700 1 --2- 172.21.15.32:0/1739253635 >> [v2:172.21.15.32:6800/902409405,v1:172.21.15.32:6801/902409405] conn(0x7fd6dc036730 0x7fd6dc038be0 unknown :-1 s=NONE pgs=0 cs=0 l=1 rev1=0 crypto rx=0 tx=0 comp rx=0 tx=0).connect
2023-03-27T09:40:06.236 INFO:teuthology.orchestra.run.smithi032.stdout:/usr/bin/ceph: stderr
2023-03-27T09:40:05.494+0000 7fd6dbfff700 1 -- 172.21.15.32:0/1739253635 <== mon.0 v2:172.21.15.32:3300/0 5 ==== osd_map(2..2 src has 1..2) v4 ==== 940+0+0 (secure 0 0 0) 0x7fd6e4049b40 con 0x7fd6f4105f70
2023-03-27T09:40:06.236 INFO:teuthology.orchestra.run.smithi032.stdout:/usr/bin/ceph: stderr
2023-03-27T09:40:05.494+0000 7fd6f93cc700 1 -- 172.21.15.32:0/1739253635 --> [v2:172.21.15.32:3300/0,v1:172.21.15.32:6789/0] -- mon_command({"prefix": "get_command_descriptions"} v 0) v1 -- 0x7fd6f4061e00 con 0x7fd6f4105f70
2023-03-27T09:40:06.236 INFO:teuthology.orchestra.run.smithi032.stdout:/usr/bin/ceph: stderr
2023-03-27T09:40:05.494+0000 7fd6f27fc700 1 --2- 172.21.15.32:0/1739253635 >> [v2:172.21.15.32:6800/902409405,v1:172.21.15.32:6801/902409405] conn(0x7fd6dc036730 0x7fd6dc038be0 unknown :-1 s=BANNER_CONNECTING pgs=0 cs=0 l=1 rev1=0 crypto rx=0 tx=0 comp rx=0 tx=0)._handle_peer_banner_payload supported=3 required=0
2023-03-27T09:40:06.237 INFO:teuthology.orchestra.run.smithi032.stdout:/usr/bin/ceph: stderr
2023-03-27T09:40:05.495+0000 7fd6f27fc700 1 --2- 172.21.15.32:0/1739253635 >> [v2:172.21.15.32:6800/902409405,v1:172.21.15.32:6801/902409405] conn(0x7fd6dc036730 0x7fd6dc038be0 secure :-1 s=READY pgs=7 cs=0 l=1 rev1=1 crypto rx=0x7fd6e8006fd0 tx=0x7fd6e8006e40 comp rx=0 tx=0).ready entity=mgr.14120 client_cookie=0 server_cookie=0 in_seq=0 out_seq=0
2023-03-27T09:40:06.237 INFO:teuthology.orchestra.run.smithi032.stdout:/usr/bin/ceph: stderr
2023-03-27T09:40:05.503+0000 7fd6dbfff700 1 -- 172.21.15.32:0/1739253635 <== mon.0 v2:172.21.15.32:3300/0 6 ==== mon_command_ack([{"prefix": "get_command_descriptions"}]=0 v0) v1 ==== 72+0+174404 (secure 0 0 0) 0x7fd6e4018530 con 0x7fd6f4105f70
2023-03-27T09:40:06.237 INFO:teuthology.orchestra.run.smithi032.stdout:/usr/bin/ceph: stderr
2023-03-27T09:40:05.881+0000 7fd6f93cc700 1 -- 172.21.15.32:0/1739253635 --> [v2:172.21.15.32:6800/902409405,v1:172.21.15.32:6801/902409405] -- mgr_command(tid 0: {"prefix": "orch set backend", "module_name": "cephadm", "target": ["mon-mgr", ""]}) v1 -- 0x7fd6f4100e50 con 0x7fd6dc036730
2023-03-27T09:40:06.237 INFO:teuthology.orchestra.run.smithi032.stdout:/usr/bin/ceph: stderr
2023-03-27T09:40:05.886+0000 7fd6dbfff700 1 -- 172.21.15.32:0/1739253635 <== mgr.14120 v2:172.21.15.32:6800/902409405 1 ==== mgr_command_reply(tid 0: 0 ) v1 ==== 8+0+0 (secure 0 0 0) 0x7fd6f4100e50 con 0x7fd6dc036730
2023-03-27T09:40:06.237 INFO:teuthology.orchestra.run.smithi032.stdout:/usr/bin/ceph: stderr
2023-03-27T09:40:05.889+0000 7fd6f93cc700 1 -- 172.21.15.32:0/1739253635 >> [v2:172.21.15.32:6800/902409405,v1:172.21.15.32:6801/902409405] conn(0x7fd6dc036730 msgr2=0x7fd6dc038be0 secure :-1 s=STATE_CONNECTION_ESTABLISHED l=1).mark_down
2023-03-27T09:40:06.238 INFO:teuthology.orchestra.run.smithi032.stdout:/usr/bin/ceph: stderr
2023-03-27T09:40:05.889+0000 7fd6f93cc700 1 --2- 172.21.15.32:0/1739253635 >> [v2:172.21.15.32:6800/902409405,v1:172.21.15.32:6801/902409405] conn(0x7fd6dc036730 0x7fd6dc038be0 secure :-1 s=READY pgs=7 cs=0 l=1 rev1=1 crypto rx=0x7fd6e8006fd0 tx=0x7fd6e8006e40 comp rx=0 tx=0).stop
2023-03-27T09:40:06.238 INFO:teuthology.orchestra.run.smithi032.stdout:/usr/bin/ceph: stderr
2023-03-27T09:40:05.889+0000 7fd6f93cc700 1 -- 172.21.15.32:0/1739253635 >> [v2:172.21.15.32:3300/0,v1:172.21.15.32:6789/0] conn(0x7fd6f4105f70 msgr2=0x7fd6f41058d0 secure :-1 s=STATE_CONNECTION_ESTABLISHED l=1).mark_down
2023-03-27T09:40:06.238 INFO:teuthology.orchestra.run.smithi032.stdout:/usr/bin/ceph: stderr
2023-03-27T09:40:05.889+0000 7fd6f93cc700 1 --2- 172.21.15.32:0/1739253635 >> [v2:172.21.15.32:3300/0,v1:172.21.15.32:6789/0] conn(0x7fd6f4105f70 0x7fd6f41058d0 secure :-1 s=READY pgs=38 cs=0 l=1 rev1=1 crypto rx=0x7fd6e4009fb0 tx=0x7fd6e4011ad0 comp rx=0 tx=0).stop
2023-03-27T09:40:06.238 INFO:teuthology.orchestra.run.smithi032.stdout:/usr/bin/ceph: stderr
2023-03-27T09:40:05.889+0000 7fd6f93cc700 1 -- 172.21.15.32:0/1739253635 shutdown_connections
2023-03-27T09:40:06.238 INFO:teuthology.orchestra.run.smithi032.stdout:/usr/bin/ceph: stderr
2023-03-27T09:40:05.889+0000 7fd6f93cc700 1 --2- 172.21.15.32:0/1739253635 >> [v2:172.21.15.32:6800/902409405,v1:172.21.15.32:6801/902409405] conn(0x7fd6dc036730 0x7fd6dc038be0 unknown :-1 s=CLOSED pgs=7 cs=0 l=1 rev1=1 crypto rx=0 tx=0 comp rx=0 tx=0).stop
2023-03-27T09:40:06.238 INFO:teuthology.orchestra.run.smithi032.stdout:/usr/bin/ceph: stderr
2023-03-27T09:40:05.889+0000 7fd6f93cc700 1 --2- 172.21.15.32:0/1739253635 >> [v2:172.21.15.32:3300/0,v1:172.21.15.32:6789/0] conn(0x7fd6f4105f70 0x7fd6f41058d0 unknown :-1 s=CLOSED pgs=38 cs=0 l=1 rev1=1 crypto rx=0 tx=0 comp rx=0 tx=0).stop
2023-03-27T09:40:06.239 INFO:teuthology.orchestra.run.smithi032.stdout:/usr/bin/ceph: stderr
2023-03-27T09:40:05.889+0000 7fd6f93cc700 1 -- 172.21.15.32:0/1739253635 >> 172.21.15.32:0/1739253635 conn(0x7fd6f40ff9d0 msgr2=0x7fd6f4100740 unknown :-1 s=STATE_NONE l=0).mark_down
2023-03-27T09:40:06.239 INFO:teuthology.orchestra.run.smithi032.stdout:/usr/bin/ceph: stderr
2023-03-27T09:40:05.889+0000 7fd6f93cc700 1 -- 172.21.15.32:0/1739253635 shutdown_connections
2023-03-27T09:40:06.239 INFO:teuthology.orchestra.run.smithi032.stdout:/usr/bin/ceph: stderr
2023-03-27T09:40:05.889+0000 7fd6f93cc700 1 -- 172.21.15.32:0/1739253635 wait complete.
2023-03-27T09:40:07.234 INFO:journalctl@ceph.mon.a.smithi032.stdout:Mar 27 09:40:06 smithi032 ceph-mon[92957]: from='client.14132 -' entity='client.admin' cmd=[{"prefix": "orch set backend", "module_name": "cephadm", "target": ["mon-mgr", ""]}]: dispatch
2023-03-27T09:40:07.235 INFO:journalctl@ceph.mon.a.smithi032.stdout:Mar 27 09:40:06 smithi032 ceph-mon[92957]: from='mgr.14120 172.21.15.32:0/3255619261' entity='mgr.x'
2023-03-27T09:40:07.235 INFO:journalctl@ceph.mon.a.smithi032.stdout:Mar 27 09:40:06 smithi032 ceph-mon[92957]: from='mgr.14120 172.21.15.32:0/3255619261' entity='mgr.x' cmd=[{"prefix": "config dump", "format": "json"}]: dispatch
2023-03-27T09:40:07.235 INFO:journalctl@ceph.mon.a.smithi032.stdout:Mar 27 09:40:06 smithi032 ceph-mon[92957]: mgrmap e8: x(active, since 2s)
2023-03-27T09:40:07.236 INFO:journalctl@ceph.mon.a.smithi032.stdout:Mar 27 09:40:06 smithi032 ceph-mon[92957]: from='mgr.14120 172.21.15.32:0/3255619261' entity='mgr.x' cmd=[{"prefix": "config dump", "format": "json"}]: dispatch
2023-03-27T09:40:07.472 INFO:teuthology.orchestra.run.smithi032.stdout:/usr/bin/ceph: stdout value unchanged
2023-03-27T09:40:07.472 INFO:teuthology.orchestra.run.smithi032.stdout:/usr/bin/ceph: stderr
2023-03-27T09:40:06.720+0000 7f7a5a3c4700 1 Processor -- start
2023-03-27T09:40:07.473 INFO:teuthology.orchestra.run.smithi032.stdout:/usr/bin/ceph: stderr
2023-03-27T09:40:06.720+0000 7f7a5a3c4700 1 -- start start
2023-03-27T09:40:07.473 INFO:teuthology.orchestra.run.smithi032.stdout:/usr/bin/ceph: stderr
2023-03-27T09:40:06.721+0000 7f7a5a3c4700 1 --2- >> [v2:172.21.15.32:3300/0,v1:172.21.15.32:6789/0] conn(0x7f7a5407be30 0x7f7a5407a330 unknown :-1 s=NONE pgs=0 cs=0 l=0 rev1=0 crypto rx=0 tx=0 comp rx=0 tx=0).connect
2023-03-27T09:40:07.474 INFO:teuthology.orchestra.run.smithi032.stdout:/usr/bin/ceph: stderr
2023-03-27T09:40:06.721+0000 7f7a5a3c4700 1 -- --> [v2:172.21.15.32:3300/0,v1:172.21.15.32:6789/0] -- mon_getmap magic: 0 v1 -- 0x7f7a5407a870 con 0x7f7a5407be30
2023-03-27T09:40:07.475 INFO:teuthology.orchestra.run.smithi032.stdout:/usr/bin/ceph: stderr
2023-03-27T09:40:06.721+0000 7f7a53fff700 1 --2- >> [v2:172.21.15.32:3300/0,v1:172.21.15.32:6789/0] conn(0x7f7a5407be30 0x7f7a5407a330 unknown :-1 s=BANNER_CONNECTING pgs=0 cs=0 l=0 rev1=0 crypto rx=0 tx=0 comp rx=0 tx=0)._handle_peer_banner_payload supported=3 required=0
2023-03-27T09:40:07.475 INFO:teuthology.orchestra.run.smithi032.stdout:/usr/bin/ceph: stderr
2023-03-27T09:40:06.721+0000 7f7a53fff700 1 --2- >> [v2:172.21.15.32:3300/0,v1:172.21.15.32:6789/0] conn(0x7f7a5407be30 0x7f7a5407a330 unknown :-1 s=HELLO_CONNECTING pgs=0 cs=0 l=0 rev1=1 crypto rx=0 tx=0 comp rx=0 tx=0).handle_hello peer v2:172.21.15.32:3300/0 says I am v2:172.21.15.32:60716/0 (socket says 172.21.15.32:60716)
2023-03-27T09:40:07.475 INFO:teuthology.orchestra.run.smithi032.stdout:/usr/bin/ceph: stderr
2023-03-27T09:40:06.721+0000 7f7a53fff700 1 -- 172.21.15.32:0/94983699 learned_addr learned my addr 172.21.15.32:0/94983699 (peer_addr_for_me v2:172.21.15.32:0/0)
2023-03-27T09:40:07.476 INFO:teuthology.orchestra.run.smithi032.stdout:/usr/bin/ceph: stderr
2023-03-27T09:40:06.721+0000 7f7a53fff700 1 -- 172.21.15.32:0/94983699 --> [v2:172.21.15.32:3300/0,v1:172.21.15.32:6789/0] -- mon_subscribe({config=0+,monmap=0+}) v3 -- 0x7f7a5407a9b0 con 0x7f7a5407be30
2023-03-27T09:40:07.476 INFO:teuthology.orchestra.run.smithi032.stdout:/usr/bin/ceph: stderr
2023-03-27T09:40:06.721+0000 7f7a53fff700 1 --2- 172.21.15.32:0/94983699 >> [v2:172.21.15.32:3300/0,v1:172.21.15.32:6789/0] conn(0x7f7a5407be30 0x7f7a5407a330 secure :-1 s=READY pgs=39 cs=0 l=1 rev1=1 crypto rx=0x7f7a440098a0 tx=0x7f7a44009bb0 comp rx=0 tx=0).ready entity=mon.0 client_cookie=2ad78a542e17a786 server_cookie=0 in_seq=0 out_seq=0
2023-03-27T09:40:07.476 INFO:teuthology.orchestra.run.smithi032.stdout:/usr/bin/ceph: stderr
2023-03-27T09:40:06.721+0000 7f7a52ffd700 1 -- 172.21.15.32:0/94983699 <== mon.0 v2:172.21.15.32:3300/0 1 ==== mon_map magic: 0 v1 ==== 205+0+0 (secure 0 0 0) 0x7f7a44004160 con 0x7f7a5407be30
2023-03-27T09:40:07.476 INFO:teuthology.orchestra.run.smithi032.stdout:/usr/bin/ceph: stderr
2023-03-27T09:40:06.721+0000 7f7a52ffd700 1 -- 172.21.15.32:0/94983699 <== mon.0 v2:172.21.15.32:3300/0 2 ==== config(26 keys) v1 ==== 1074+0+0 (secure 0 0 0) 0x7f7a440042c0 con 0x7f7a5407be30
2023-03-27T09:40:07.476 INFO:teuthology.orchestra.run.smithi032.stdout:/usr/bin/ceph: stderr
2023-03-27T09:40:06.721+0000 7f7a52ffd700 1 -- 172.21.15.32:0/94983699 <== mon.0 v2:172.21.15.32:3300/0 3 ==== mon_map magic: 0 v1 ==== 205+0+0 (secure 0 0 0) 0x7f7a44011a00 con 0x7f7a5407be30
2023-03-27T09:40:07.476 INFO:teuthology.orchestra.run.smithi032.stdout:/usr/bin/ceph: stderr
2023-03-27T09:40:06.722+0000 7f7a5a3c4700 1 -- 172.21.15.32:0/94983699 >> [v2:172.21.15.32:3300/0,v1:172.21.15.32:6789/0] conn(0x7f7a5407be30 msgr2=0x7f7a5407a330 secure :-1 s=STATE_CONNECTION_ESTABLISHED l=1).mark_down
2023-03-27T09:40:07.476 INFO:teuthology.orchestra.run.smithi032.stdout:/usr/bin/ceph: stderr
2023-03-27T09:40:06.722+0000 7f7a5a3c4700 1 --2- 172.21.15.32:0/94983699 >> [v2:172.21.15.32:3300/0,v1:172.21.15.32:6789/0] conn(0x7f7a5407be30 0x7f7a5407a330 secure :-1 s=READY pgs=39 cs=0 l=1 rev1=1 crypto rx=0x7f7a440098a0 tx=0x7f7a44009bb0 comp rx=0 tx=0).stop
2023-03-27T09:40:07.477 INFO:teuthology.orchestra.run.smithi032.stdout:/usr/bin/ceph: stderr
2023-03-27T09:40:06.722+0000 7f7a5a3c4700 1 -- 172.21.15.32:0/94983699 shutdown_connections
2023-03-27T09:40:07.477 INFO:teuthology.orchestra.run.smithi032.stdout:/usr/bin/ceph: stderr
2023-03-27T09:40:06.722+0000 7f7a5a3c4700 1 --2- 172.21.15.32:0/94983699 >> [v2:172.21.15.32:3300/0,v1:172.21.15.32:6789/0] conn(0x7f7a5407be30 0x7f7a5407a330 unknown :-1 s=CLOSED pgs=39 cs=0 l=1 rev1=1 crypto rx=0 tx=0 comp rx=0 tx=0).stop
2023-03-27T09:40:07.477 INFO:teuthology.orchestra.run.smithi032.stdout:/usr/bin/ceph: stderr
2023-03-27T09:40:06.722+0000 7f7a5a3c4700 1 -- 172.21.15.32:0/94983699 >> 172.21.15.32:0/94983699 conn(0x7f7a54100af0 msgr2=0x7f7a54102f00 unknown :-1 s=STATE_NONE l=0).mark_down
2023-03-27T09:40:07.477 INFO:teuthology.orchestra.run.smithi032.stdout:/usr/bin/ceph: stderr
2023-03-27T09:40:06.722+0000 7f7a5a3c4700 1 -- 172.21.15.32:0/94983699 shutdown_connections
2023-03-27T09:40:07.477 INFO:teuthology.orchestra.run.smithi032.stdout:/usr/bin/ceph: stderr
2023-03-27T09:40:06.722+0000 7f7a5a3c4700 1 -- 172.21.15.32:0/94983699 wait complete.
2023-03-27T09:40:07.477 INFO:teuthology.orchestra.run.smithi032.stdout:/usr/bin/ceph: stderr
2023-03-27T09:40:06.723+0000 7f7a5a3c4700 1 Processor -- start
2023-03-27T09:40:07.477 INFO:teuthology.orchestra.run.smithi032.stdout:/usr/bin/ceph: stderr
2023-03-27T09:40:06.723+0000 7f7a5a3c4700 1 -- start start
2023-03-27T09:40:07.478 INFO:teuthology.orchestra.run.smithi032.stdout:/usr/bin/ceph: stderr
2023-03-27T09:40:06.723+0000 7f7a5a3c4700 1 --2- >> [v2:172.21.15.32:3300/0,v1:172.21.15.32:6789/0] conn(0x7f7a5407be30 0x7f7a5419b360 unknown :-1 s=NONE pgs=0 cs=0 l=1 rev1=0 crypto rx=0 tx=0 comp rx=0 tx=0).connect
2023-03-27T09:40:07.478 INFO:teuthology.orchestra.run.smithi032.stdout:/usr/bin/ceph: stderr
2023-03-27T09:40:06.723+0000 7f7a5a3c4700 1 -- --> [v2:172.21.15.32:3300/0,v1:172.21.15.32:6789/0] -- mon_getmap magic: 0 v1 -- 0x7f7a5419b8a0 con 0x7f7a5407be30
2023-03-27T09:40:07.478 INFO:teuthology.orchestra.run.smithi032.stdout:/usr/bin/ceph: stderr
2023-03-27T09:40:06.724+0000 7f7a53fff700 1 --2- >> [v2:172.21.15.32:3300/0,v1:172.21.15.32:6789/0] conn(0x7f7a5407be30 0x7f7a5419b360 unknown :-1 s=BANNER_CONNECTING pgs=0 cs=0 l=1 rev1=0 crypto rx=0 tx=0 comp rx=0 tx=0)._handle_peer_banner_payload supported=3 required=0
2023-03-27T09:40:07.478 INFO:teuthology.orchestra.run.smithi032.stdout:/usr/bin/ceph: stderr
2023-03-27T09:40:06.724+0000 7f7a53fff700 1 --2- >> [v2:172.21.15.32:3300/0,v1:172.21.15.32:6789/0] conn(0x7f7a5407be30 0x7f7a5419b360 unknown :-1 s=HELLO_CONNECTING pgs=0 cs=0 l=1 rev1=1 crypto rx=0 tx=0 comp rx=0 tx=0).handle_hello peer v2:172.21.15.32:3300/0 says I am v2:172.21.15.32:60718/0 (socket says 172.21.15.32:60718)
2023-03-27T09:40:07.478 INFO:teuthology.orchestra.run.smithi032.stdout:/usr/bin/ceph: stderr
2023-03-27T09:40:06.724+0000 7f7a53fff700 1 -- 172.21.15.32:0/3716361628 learned_addr learned my addr 172.21.15.32:0/3716361628 (peer_addr_for_me v2:172.21.15.32:0/0)
2023-03-27T09:40:07.478 INFO:teuthology.orchestra.run.smithi032.stdout:/usr/bin/ceph: stderr
2023-03-27T09:40:06.724+0000 7f7a53fff700 1 -- 172.21.15.32:0/3716361628 --> [v2:172.21.15.32:3300/0,v1:172.21.15.32:6789/0] -- mon_subscribe({config=0+,monmap=0+}) v3 -- 0x7f7a44009550 con 0x7f7a5407be30
2023-03-27T09:40:07.478 INFO:teuthology.orchestra.run.smithi032.stdout:/usr/bin/ceph: stderr
2023-03-27T09:40:06.724+0000 7f7a53fff700 1 --2- 172.21.15.32:0/3716361628 >> [v2:172.21.15.32:3300/0,v1:172.21.15.32:6789/0] conn(0x7f7a5407be30 0x7f7a5419b360 secure :-1 s=READY pgs=40 cs=0 l=1 rev1=1 crypto rx=0x7f7a44009130 tx=0x7f7a44011ad0 comp rx=0 tx=0).ready entity=mon.0 client_cookie=0 server_cookie=0 in_seq=0 out_seq=0
2023-03-27T09:40:07.479 INFO:teuthology.orchestra.run.smithi032.stdout:/usr/bin/ceph: stderr
2023-03-27T09:40:06.724+0000 7f7a517fa700 1 -- 172.21.15.32:0/3716361628 <== mon.0 v2:172.21.15.32:3300/0 1 ==== mon_map magic: 0 v1 ==== 205+0+0 (secure 0 0 0) 0x7f7a44003ab0 con 0x7f7a5407be30
2023-03-27T09:40:07.479 INFO:teuthology.orchestra.run.smithi032.stdout:/usr/bin/ceph: stderr
2023-03-27T09:40:06.724+0000 7f7a517fa700 1 -- 172.21.15.32:0/3716361628 <== mon.0 v2:172.21.15.32:3300/0 2 ==== config(26 keys) v1 ==== 1074+0+0 (secure 0 0 0) 0x7f7a44003c10 con 0x7f7a5407be30
2023-03-27T09:40:07.479 INFO:teuthology.orchestra.run.smithi032.stdout:/usr/bin/ceph: stderr
2023-03-27T09:40:06.724+0000 7f7a517fa700 1 -- 172.21.15.32:0/3716361628 <== mon.0 v2:172.21.15.32:3300/0 3 ==== mon_map magic: 0 v1 ==== 205+0+0 (secure 0 0 0) 0x7f7a440247d0 con 0x7f7a5407be30
2023-03-27T09:40:07.479 INFO:teuthology.orchestra.run.smithi032.stdout:/usr/bin/ceph: stderr
2023-03-27T09:40:06.724+0000 7f7a5a3c4700 1 -- 172.21.15.32:0/3716361628 --> [v2:172.21.15.32:3300/0,v1:172.21.15.32:6789/0] -- mon_subscribe({mgrmap=0+}) v3 -- 0x7f7a5410b910 con 0x7f7a5407be30
2023-03-27T09:40:07.479 INFO:teuthology.orchestra.run.smithi032.stdout:/usr/bin/ceph: stderr
2023-03-27T09:40:06.724+0000 7f7a5a3c4700 1 -- 172.21.15.32:0/3716361628 --> [v2:172.21.15.32:3300/0,v1:172.21.15.32:6789/0] -- mon_subscribe({osdmap=0}) v3 -- 0x7f7a5410b780 con 0x7f7a5407be30
2023-03-27T09:40:07.479 INFO:teuthology.orchestra.run.smithi032.stdout:/usr/bin/ceph: stderr
2023-03-27T09:40:06.725+0000 7f7a517fa700 1 -- 172.21.15.32:0/3716361628 <== mon.0 v2:172.21.15.32:3300/0 4 ==== mgrmap(e 8) v1 ==== 43509+0+0 (secure 0 0 0) 0x7f7a44017020 con 0x7f7a5407be30
2023-03-27T09:40:07.479 INFO:teuthology.orchestra.run.smithi032.stdout:/usr/bin/ceph: stderr
2023-03-27T09:40:06.725+0000 7f7a517fa700 1 --2- 172.21.15.32:0/3716361628 >> [v2:172.21.15.32:6800/902409405,v1:172.21.15.32:6801/902409405] conn(0x7f7a3c036820 0x7f7a3c038cd0 unknown :-1 s=NONE pgs=0 cs=0 l=1 rev1=0 crypto rx=0 tx=0 comp rx=0 tx=0).connect
2023-03-27T09:40:07.479 INFO:teuthology.orchestra.run.smithi032.stdout:/usr/bin/ceph: stderr
2023-03-27T09:40:06.725+0000 7f7a517fa700 1 -- 172.21.15.32:0/3716361628 <== mon.0 v2:172.21.15.32:3300/0 5 ==== osd_map(2..2 src has 1..2) v4 ==== 940+0+0 (secure 0 0 0) 0x7f7a44049c70 con 0x7f7a5407be30
2023-03-27T09:40:07.480 INFO:teuthology.orchestra.run.smithi032.stdout:/usr/bin/ceph: stderr
2023-03-27T09:40:06.725+0000 7f7a537fe700 1 --2- 172.21.15.32:0/3716361628 >> [v2:172.21.15.32:6800/902409405,v1:172.21.15.32:6801/902409405] conn(0x7f7a3c036820 0x7f7a3c038cd0 unknown :-1 s=BANNER_CONNECTING pgs=0 cs=0 l=1 rev1=0 crypto rx=0 tx=0 comp rx=0 tx=0)._handle_peer_banner_payload supported=3 required=0
2023-03-27T09:40:07.480 INFO:teuthology.orchestra.run.smithi032.stdout:/usr/bin/ceph: stderr
2023-03-27T09:40:06.725+0000 7f7a5a3c4700 1 -- 172.21.15.32:0/3716361628 --> [v2:172.21.15.32:3300/0,v1:172.21.15.32:6789/0] -- mon_command({"prefix": "get_command_descriptions"} v 0) v1 -- 0x7f7a5410baa0 con 0x7f7a5407be30
2023-03-27T09:40:07.480 INFO:teuthology.orchestra.run.smithi032.stdout:/usr/bin/ceph: stderr
2023-03-27T09:40:06.726+0000 7f7a537fe700 1 --2- 172.21.15.32:0/3716361628 >> [v2:172.21.15.32:6800/902409405,v1:172.21.15.32:6801/902409405] conn(0x7f7a3c036820 0x7f7a3c038cd0 secure :-1 s=READY pgs=8 cs=0 l=1 rev1=1 crypto rx=0x7f7a48006fd0 tx=0x7f7a48006e40 comp rx=0 tx=0).ready entity=mgr.14120 client_cookie=0 server_cookie=0 in_seq=0 out_seq=0
2023-03-27T09:40:07.480 INFO:teuthology.orchestra.run.smithi032.stdout:/usr/bin/ceph: stderr
2023-03-27T09:40:06.730+0000 7f7a517fa700 1 -- 172.21.15.32:0/3716361628 <== mon.0 v2:172.21.15.32:3300/0 6 ==== mon_command_ack([{"prefix": "get_command_descriptions"}]=0 v0) v1 ==== 72+0+174404 (secure 0 0 0) 0x7f7a440193c0 con 0x7f7a5407be30
2023-03-27T09:40:07.480 INFO:teuthology.orchestra.run.smithi032.stdout:/usr/bin/ceph: stderr
2023-03-27T09:40:07.086+0000 7f7a5a3c4700 1 -- 172.21.15.32:0/3716361628 --> [v2:172.21.15.32:6800/902409405,v1:172.21.15.32:6801/902409405] -- mgr_command(tid 0: {"prefix": "cephadm set-user", "user": "root", "target": ["mon-mgr", ""]}) v1 -- 0x7f7a54101fb0 con 0x7f7a3c036820
2023-03-27T09:40:07.480 INFO:teuthology.orchestra.run.smithi032.stdout:/usr/bin/ceph: stderr
2023-03-27T09:40:07.086+0000 7f7a517fa700 1 -- 172.21.15.32:0/3716361628 <== mgr.14120 v2:172.21.15.32:6800/902409405 1 ==== mgr_command_reply(tid 0: 0 ) v1 ==== 8+0+16 (secure 0 0 0) 0x7f7a54101fb0 con 0x7f7a3c036820
2023-03-27T09:40:07.480 INFO:teuthology.orchestra.run.smithi032.stdout:/usr/bin/ceph: stderr
2023-03-27T09:40:07.088+0000 7f7a5a3c4700 1 -- 172.21.15.32:0/3716361628 >> [v2:172.21.15.32:6800/902409405,v1:172.21.15.32:6801/902409405] conn(0x7f7a3c036820 msgr2=0x7f7a3c038cd0 secure :-1 s=STATE_CONNECTION_ESTABLISHED l=1).mark_down
2023-03-27T09:40:07.481 INFO:teuthology.orchestra.run.smithi032.stdout:/usr/bin/ceph: stderr
2023-03-27T09:40:07.088+0000 7f7a5a3c4700 1 --2- 172.21.15.32:0/3716361628 >> [v2:172.21.15.32:6800/902409405,v1:172.21.15.32:6801/902409405] conn(0x7f7a3c036820 0x7f7a3c038cd0 secure :-1 s=READY pgs=8 cs=0 l=1 rev1=1 crypto rx=0x7f7a48006fd0 tx=0x7f7a48006e40 comp rx=0 tx=0).stop
2023-03-27T09:40:07.481 INFO:teuthology.orchestra.run.smithi032.stdout:/usr/bin/ceph: stderr
2023-03-27T09:40:07.088+0000 7f7a5a3c4700 1 -- 172.21.15.32:0/3716361628 >> [v2:172.21.15.32:3300/0,v1:172.21.15.32:6789/0] conn(0x7f7a5407be30 msgr2=0x7f7a5419b360 secure :-1 s=STATE_CONNECTION_ESTABLISHED l=1).mark_down
2023-03-27T09:40:07.481 INFO:teuthology.orchestra.run.smithi032.stdout:/usr/bin/ceph: stderr
2023-03-27T09:40:07.088+0000 7f7a5a3c4700 1 --2- 172.21.15.32:0/3716361628 >> [v2:172.21.15.32:3300/0,v1:172.21.15.32:6789/0] conn(0x7f7a5407be30 0x7f7a5419b360 secure :-1 s=READY pgs=40 cs=0 l=1 rev1=1 crypto rx=0x7f7a44009130 tx=0x7f7a44011ad0 comp rx=0 tx=0).stop
2023-03-27T09:40:07.481 INFO:teuthology.orchestra.run.smithi032.stdout:/usr/bin/ceph: stderr
2023-03-27T09:40:07.089+0000 7f7a5a3c4700 1 -- 172.21.15.32:0/3716361628 shutdown_connections
2023-03-27T09:40:07.481 INFO:teuthology.orchestra.run.smithi032.stdout:/usr/bin/ceph: stderr
2023-03-27T09:40:07.089+0000 7f7a5a3c4700 1 --2- 172.21.15.32:0/3716361628 >> [v2:172.21.15.32:6800/902409405,v1:172.21.15.32:6801/902409405] conn(0x7f7a3c036820 0x7f7a3c038cd0 unknown :-1 s=CLOSED pgs=8 cs=0 l=1 rev1=1 crypto rx=0 tx=0 comp rx=0 tx=0).stop
2023-03-27T09:40:07.481 INFO:teuthology.orchestra.run.smithi032.stdout:/usr/bin/ceph: stderr
2023-03-27T09:40:07.089+0000 7f7a5a3c4700 1 --2- 172.21.15.32:0/3716361628 >> [v2:172.21.15.32:3300/0,v1:172.21.15.32:6789/0] conn(0x7f7a5407be30 0x7f7a5419b360 unknown :-1 s=CLOSED pgs=40 cs=0 l=1 rev1=1 crypto rx=0 tx=0 comp rx=0 tx=0).stop
2023-03-27T09:40:07.481 INFO:teuthology.orchestra.run.smithi032.stdout:/usr/bin/ceph: stderr
2023-03-27T09:40:07.089+0000 7f7a5a3c4700 1 -- 172.21.15.32:0/3716361628 >> 172.21.15.32:0/3716361628 conn(0x7f7a54100af0 msgr2=0x7f7a541018a0 unknown :-1 s=STATE_NONE l=0).mark_down
2023-03-27T09:40:07.481 INFO:teuthology.orchestra.run.smithi032.stdout:/usr/bin/ceph: stderr
2023-03-27T09:40:07.089+0000 7f7a5a3c4700 1 -- 172.21.15.32:0/3716361628 shutdown_connections
2023-03-27T09:40:07.482 INFO:teuthology.orchestra.run.smithi032.stdout:/usr/bin/ceph: stderr
2023-03-27T09:40:07.089+0000 7f7a5a3c4700 1 -- 172.21.15.32:0/3716361628 wait complete.
2023-03-27T09:40:07.482 INFO:teuthology.orchestra.run.smithi032.stdout:Generating ssh key...
2023-03-27T09:40:08.075 INFO:journalctl@ceph.mon.a.smithi032.stdout:Mar 27 09:40:07 smithi032 ceph-mon[92957]: [27/Mar/2023:09:40:06] ENGINE Bus STARTING
2023-03-27T09:40:08.075 INFO:journalctl@ceph.mon.a.smithi032.stdout:Mar 27 09:40:07 smithi032 ceph-mon[92957]: [27/Mar/2023:09:40:06] ENGINE Serving on https://172.21.15.32:7150
2023-03-27T09:40:08.076 INFO:journalctl@ceph.mon.a.smithi032.stdout:Mar 27 09:40:07 smithi032 ceph-mon[92957]: [27/Mar/2023:09:40:06] ENGINE Serving on https://172.21.15.32:8765
2023-03-27T09:40:08.076 INFO:journalctl@ceph.mon.a.smithi032.stdout:Mar 27 09:40:07 smithi032 ceph-mon[92957]: [27/Mar/2023:09:40:06] ENGINE Bus STARTED
2023-03-27T09:40:08.884 INFO:journalctl@ceph.mgr.x.smithi032.stdout:Mar 27 09:40:08 smithi032 ceph-1e336fc8-cc83-11ed-9afe-001a4aab830c-mgr-x[93200]: Generating public/private rsa key pair.
2023-03-27T09:40:08.885 INFO:journalctl@ceph.mgr.x.smithi032.stdout:Mar 27 09:40:08 smithi032 ceph-1e336fc8-cc83-11ed-9afe-001a4aab830c-mgr-x[93200]: Your identification has been saved in /tmp/tmpd1eeqjzl/key.
2023-03-27T09:40:08.885 INFO:journalctl@ceph.mgr.x.smithi032.stdout:Mar 27 09:40:08 smithi032 ceph-1e336fc8-cc83-11ed-9afe-001a4aab830c-mgr-x[93200]: Your public key has been saved in /tmp/tmpd1eeqjzl/key.pub.
2023-03-27T09:40:08.885 INFO:journalctl@ceph.mgr.x.smithi032.stdout:Mar 27 09:40:08 smithi032 ceph-1e336fc8-cc83-11ed-9afe-001a4aab830c-mgr-x[93200]: The key fingerprint is:
2023-03-27T09:40:08.885 INFO:journalctl@ceph.mgr.x.smithi032.stdout:Mar 27 09:40:08 smithi032 ceph-1e336fc8-cc83-11ed-9afe-001a4aab830c-mgr-x[93200]: SHA256:x6Kq294beqnL20hjLgiLaEgGepKXeibPGO25k+9QT+k ceph-1e336fc8-cc83-11ed-9afe-001a4aab830c
2023-03-27T09:40:08.885 INFO:journalctl@ceph.mgr.x.smithi032.stdout:Mar 27 09:40:08 smithi032 ceph-1e336fc8-cc83-11ed-9afe-001a4aab830c-mgr-x[93200]: The key's randomart image is:
2023-03-27T09:40:08.886 INFO:journalctl@ceph.mgr.x.smithi032.stdout:Mar 27 09:40:08 smithi032 ceph-1e336fc8-cc83-11ed-9afe-001a4aab830c-mgr-x[93200]: +---[RSA 3072]----+
2023-03-27T09:40:08.886 INFO:journalctl@ceph.mgr.x.smithi032.stdout:Mar 27 09:40:08 smithi032 ceph-1e336fc8-cc83-11ed-9afe-001a4aab830c-mgr-x[93200]: | |
2023-03-27T09:40:08.886 INFO:journalctl@ceph.mgr.x.smithi032.stdout:Mar 27 09:40:08 smithi032 ceph-1e336fc8-cc83-11ed-9afe-001a4aab830c-mgr-x[93200]: | |
2023-03-27T09:40:08.886 INFO:journalctl@ceph.mgr.x.smithi032.stdout:Mar 27 09:40:08 smithi032 ceph-1e336fc8-cc83-11ed-9afe-001a4aab830c-mgr-x[93200]: | |
2023-03-27T09:40:08.887 INFO:journalctl@ceph.mgr.x.smithi032.stdout:Mar 27 09:40:08 smithi032 ceph-1e336fc8-cc83-11ed-9afe-001a4aab830c-mgr-x[93200]: |. . . |
2023-03-27T09:40:08.887 INFO:journalctl@ceph.mgr.x.smithi032.stdout:Mar 27 09:40:08 smithi032 ceph-1e336fc8-cc83-11ed-9afe-001a4aab830c-mgr-x[93200]: |o. .. o S o |
2023-03-27T09:40:08.887 INFO:journalctl@ceph.mgr.x.smithi032.stdout:Mar 27 09:40:08 smithi032 ceph-1e336fc8-cc83-11ed-9afe-001a4aab830c-mgr-x[93200]: |=++. + . o |
2023-03-27T09:40:08.887 INFO:journalctl@ceph.mgr.x.smithi032.stdout:Mar 27 09:40:08 smithi032 ceph-1e336fc8-cc83-11ed-9afe-001a4aab830c-mgr-x[93200]: |OBo.+ E. |
2023-03-27T09:40:08.887 INFO:journalctl@ceph.mgr.x.smithi032.stdout:Mar 27 09:40:08 smithi032 ceph-1e336fc8-cc83-11ed-9afe-001a4aab830c-mgr-x[93200]: |O**O Bo. |
2023-03-27T09:40:08.887 INFO:journalctl@ceph.mgr.x.smithi032.stdout:Mar 27 09:40:08 smithi032 ceph-1e336fc8-cc83-11ed-9afe-001a4aab830c-mgr-x[93200]: |o=OX#=+. |
2023-03-27T09:40:08.887 INFO:journalctl@ceph.mgr.x.smithi032.stdout:Mar 27 09:40:08 smithi032 ceph-1e336fc8-cc83-11ed-9afe-001a4aab830c-mgr-x[93200]: +----[SHA256]-----+
2023-03-27T09:40:09.014 INFO:teuthology.orchestra.run.smithi032.stdout:/usr/bin/ceph: stderr
2023-03-27T09:40:07.956+0000 7f3b83d3b700 1 Processor -- start
2023-03-27T09:40:09.015 INFO:teuthology.orchestra.run.smithi032.stdout:/usr/bin/ceph: stderr
2023-03-27T09:40:07.956+0000 7f3b83d3b700 1 -- start start
2023-03-27T09:40:09.015 INFO:teuthology.orchestra.run.smithi032.stdout:/usr/bin/ceph: stderr
2023-03-27T09:40:07.956+0000 7f3b83d3b700 1 --2- >> [v2:172.21.15.32:3300/0,v1:172.21.15.32:6789/0] conn(0x7f3b7c105f70 0x7f3b7c108350 unknown :-1 s=NONE pgs=0 cs=0 l=0 rev1=0 crypto rx=0 tx=0 comp rx=0 tx=0).connect
2023-03-27T09:40:09.015 INFO:teuthology.orchestra.run.smithi032.stdout:/usr/bin/ceph: stderr
2023-03-27T09:40:07.956+0000 7f3b83d3b700 1 -- --> [v2:172.21.15.32:3300/0,v1:172.21.15.32:6789/0] -- mon_getmap magic: 0 v1 -- 0x7f3b7c079d90 con 0x7f3b7c105f70
2023-03-27T09:40:09.015 INFO:teuthology.orchestra.run.smithi032.stdout:/usr/bin/ceph: stderr
2023-03-27T09:40:07.956+0000 7f3b81ad7700 1 --2- >> [v2:172.21.15.32:3300/0,v1:172.21.15.32:6789/0] conn(0x7f3b7c105f70 0x7f3b7c108350 unknown :-1 s=BANNER_CONNECTING pgs=0 cs=0 l=0 rev1=0 crypto rx=0 tx=0 comp rx=0 tx=0)._handle_peer_banner_payload supported=3 required=0
2023-03-27T09:40:09.016 INFO:teuthology.orchestra.run.smithi032.stdout:/usr/bin/ceph: stderr
2023-03-27T09:40:07.956+0000 7f3b81ad7700 1 --2- >> [v2:172.21.15.32:3300/0,v1:172.21.15.32:6789/0] conn(0x7f3b7c105f70 0x7f3b7c108350 unknown :-1 s=HELLO_CONNECTING pgs=0 cs=0 l=0 rev1=1 crypto rx=0 tx=0 comp rx=0 tx=0).handle_hello peer v2:172.21.15.32:3300/0 says I am v2:172.21.15.32:60724/0 (socket says 172.21.15.32:60724)
2023-03-27T09:40:09.016 INFO:teuthology.orchestra.run.smithi032.stdout:/usr/bin/ceph: stderr
2023-03-27T09:40:07.956+0000 7f3b81ad7700 1 -- 172.21.15.32:0/1980835686 learned_addr learned my addr 172.21.15.32:0/1980835686 (peer_addr_for_me v2:172.21.15.32:0/0)
2023-03-27T09:40:09.016 INFO:teuthology.orchestra.run.smithi032.stdout:/usr/bin/ceph: stderr
2023-03-27T09:40:07.957+0000 7f3b81ad7700 1 -- 172.21.15.32:0/1980835686 --> [v2:172.21.15.32:3300/0,v1:172.21.15.32:6789/0] -- mon_subscribe({config=0+,monmap=0+}) v3 -- 0x7f3b7c079ed0 con 0x7f3b7c105f70
2023-03-27T09:40:09.016 INFO:teuthology.orchestra.run.smithi032.stdout:/usr/bin/ceph: stderr
2023-03-27T09:40:07.957+0000 7f3b81ad7700 1 --2- 172.21.15.32:0/1980835686 >> [v2:172.21.15.32:3300/0,v1:172.21.15.32:6789/0] conn(0x7f3b7c105f70 0x7f3b7c108350 secure :-1 s=READY pgs=41 cs=0 l=1 rev1=1 crypto rx=0x7f3b6c0098a0 tx=0x7f3b6c009bb0 comp rx=0 tx=0).ready entity=mon.0 client_cookie=257b0b924c7db7f2 server_cookie=0 in_seq=0 out_seq=0
2023-03-27T09:40:09.016 INFO:teuthology.orchestra.run.smithi032.stdout:/usr/bin/ceph: stderr
2023-03-27T09:40:07.957+0000 7f3b80ad5700 1 -- 172.21.15.32:0/1980835686 <== mon.0 v2:172.21.15.32:3300/0 1 ==== mon_map magic: 0 v1 ==== 205+0+0 (secure 0 0 0) 0x7f3b6c004160 con 0x7f3b7c105f70
2023-03-27T09:40:09.016 INFO:teuthology.orchestra.run.smithi032.stdout:/usr/bin/ceph: stderr
2023-03-27T09:40:07.957+0000 7f3b80ad5700 1 -- 172.21.15.32:0/1980835686 <== mon.0 v2:172.21.15.32:3300/0 2 ==== config(26 keys) v1 ==== 1074+0+0 (secure 0 0 0) 0x7f3b6c0042c0 con 0x7f3b7c105f70
2023-03-27T09:40:09.016 INFO:teuthology.orchestra.run.smithi032.stdout:/usr/bin/ceph: stderr
2023-03-27T09:40:07.957+0000 7f3b80ad5700 1 -- 172.21.15.32:0/1980835686 <== mon.0 v2:172.21.15.32:3300/0 3 ==== mon_map magic: 0 v1 ==== 205+0+0 (secure 0 0 0) 0x7f3b6c011a00 con 0x7f3b7c105f70
2023-03-27T09:40:09.016 INFO:teuthology.orchestra.run.smithi032.stdout:/usr/bin/ceph: stderr
2023-03-27T09:40:07.958+0000 7f3b83d3b700 1 -- 172.21.15.32:0/1980835686 >> [v2:172.21.15.32:3300/0,v1:172.21.15.32:6789/0] conn(0x7f3b7c105f70 msgr2=0x7f3b7c108350 secure :-1 s=STATE_CONNECTION_ESTABLISHED l=1).mark_down
2023-03-27T09:40:09.017 INFO:teuthology.orchestra.run.smithi032.stdout:/usr/bin/ceph: stderr
2023-03-27T09:40:07.958+0000 7f3b83d3b700 1 --2- 172.21.15.32:0/1980835686 >> [v2:172.21.15.32:3300/0,v1:172.21.15.32:6789/0] conn(0x7f3b7c105f70 0x7f3b7c108350 secure :-1 s=READY pgs=41 cs=0 l=1 rev1=1 crypto rx=0x7f3b6c0098a0 tx=0x7f3b6c009bb0 comp rx=0 tx=0).stop
2023-03-27T09:40:09.017 INFO:teuthology.orchestra.run.smithi032.stdout:/usr/bin/ceph: stderr
2023-03-27T09:40:07.958+0000 7f3b83d3b700 1 -- 172.21.15.32:0/1980835686 shutdown_connections
2023-03-27T09:40:09.017 INFO:teuthology.orchestra.run.smithi032.stdout:/usr/bin/ceph: stderr
2023-03-27T09:40:07.958+0000 7f3b83d3b700 1 --2- 172.21.15.32:0/1980835686 >> [v2:172.21.15.32:3300/0,v1:172.21.15.32:6789/0] conn(0x7f3b7c105f70 0x7f3b7c108350 unknown :-1 s=CLOSED pgs=41 cs=0 l=1 rev1=1 crypto rx=0 tx=0 comp rx=0 tx=0).stop
2023-03-27T09:40:09.017 INFO:teuthology.orchestra.run.smithi032.stdout:/usr/bin/ceph: stderr
2023-03-27T09:40:07.958+0000 7f3b83d3b700 1 -- 172.21.15.32:0/1980835686 >> 172.21.15.32:0/1980835686 conn(0x7f3b7c0ff9d0 msgr2=0x7f3b7c101de0 unknown :-1 s=STATE_NONE l=0).mark_down
2023-03-27T09:40:09.018 INFO:teuthology.orchestra.run.smithi032.stdout:/usr/bin/ceph: stderr
2023-03-27T09:40:07.958+0000 7f3b83d3b700 1 -- 172.21.15.32:0/1980835686 shutdown_connections
2023-03-27T09:40:09.018 INFO:teuthology.orchestra.run.smithi032.stdout:/usr/bin/ceph: stderr
2023-03-27T09:40:07.958+0000 7f3b83d3b700 1 -- 172.21.15.32:0/1980835686 wait complete.
2023-03-27T09:40:09.018 INFO:teuthology.orchestra.run.smithi032.stdout:/usr/bin/ceph: stderr
2023-03-27T09:40:07.958+0000 7f3b83d3b700 1 Processor -- start
2023-03-27T09:40:09.018 INFO:teuthology.orchestra.run.smithi032.stdout:/usr/bin/ceph: stderr
2023-03-27T09:40:07.958+0000 7f3b83d3b700 1 -- start start
2023-03-27T09:40:09.018 INFO:teuthology.orchestra.run.smithi032.stdout:/usr/bin/ceph: stderr
2023-03-27T09:40:07.959+0000 7f3b83d3b700 1 --2- >> [v2:172.21.15.32:3300/0,v1:172.21.15.32:6789/0] conn(0x7f3b7c105f70 0x7f3b7c1058d0 unknown :-1 s=NONE pgs=0 cs=0 l=1 rev1=0 crypto rx=0 tx=0 comp rx=0 tx=0).connect
2023-03-27T09:40:09.018 INFO:teuthology.orchestra.run.smithi032.stdout:/usr/bin/ceph: stderr
2023-03-27T09:40:07.959+0000 7f3b83d3b700 1 -- --> [v2:172.21.15.32:3300/0,v1:172.21.15.32:6789/0] -- mon_getmap magic: 0 v1 -- 0x7f3b7c105e10 con 0x7f3b7c105f70
2023-03-27T09:40:09.018 INFO:teuthology.orchestra.run.smithi032.stdout:/usr/bin/ceph: stderr
2023-03-27T09:40:07.959+0000 7f3b81ad7700 1 --2- >> [v2:172.21.15.32:3300/0,v1:172.21.15.32:6789/0] conn(0x7f3b7c105f70 0x7f3b7c1058d0 unknown :-1 s=BANNER_CONNECTING pgs=0 cs=0 l=1 rev1=0 crypto rx=0 tx=0 comp rx=0 tx=0)._handle_peer_banner_payload supported=3 required=0
2023-03-27T09:40:09.018 INFO:teuthology.orchestra.run.smithi032.stdout:/usr/bin/ceph: stderr
2023-03-27T09:40:07.959+0000 7f3b81ad7700 1 --2- >> [v2:172.21.15.32:3300/0,v1:172.21.15.32:6789/0] conn(0x7f3b7c105f70 0x7f3b7c1058d0 unknown :-1 s=HELLO_CONNECTING pgs=0 cs=0 l=1 rev1=1 crypto rx=0 tx=0 comp rx=0 tx=0).handle_hello peer v2:172.21.15.32:3300/0 says I am v2:172.21.15.32:60726/0 (socket says 172.21.15.32:60726)
2023-03-27T09:40:09.019 INFO:teuthology.orchestra.run.smithi032.stdout:/usr/bin/ceph: stderr
2023-03-27T09:40:07.959+0000 7f3b81ad7700 1 -- 172.21.15.32:0/481549652 learned_addr learned my addr 172.21.15.32:0/481549652 (peer_addr_for_me v2:172.21.15.32:0/0)
2023-03-27T09:40:09.019 INFO:teuthology.orchestra.run.smithi032.stdout:/usr/bin/ceph: stderr
2023-03-27T09:40:07.959+0000 7f3b81ad7700 1 -- 172.21.15.32:0/481549652 --> [v2:172.21.15.32:3300/0,v1:172.21.15.32:6789/0] -- mon_subscribe({config=0+,monmap=0+}) v3 -- 0x7f3b6c009550 con 0x7f3b7c105f70
2023-03-27T09:40:09.019 INFO:teuthology.orchestra.run.smithi032.stdout:/usr/bin/ceph: stderr
2023-03-27T09:40:07.959+0000 7f3b81ad7700 1 --2- 172.21.15.32:0/481549652 >> [v2:172.21.15.32:3300/0,v1:172.21.15.32:6789/0] conn(0x7f3b7c105f70 0x7f3b7c1058d0 secure :-1 s=READY pgs=42 cs=0 l=1 rev1=1 crypto rx=0x7f3b6c009130 tx=0x7f3b6c011ad0 comp rx=0 tx=0).ready entity=mon.0 client_cookie=0 server_cookie=0 in_seq=0 out_seq=0
2023-03-27T09:40:09.019 INFO:teuthology.orchestra.run.smithi032.stdout:/usr/bin/ceph: stderr
2023-03-27T09:40:07.959+0000 7f3b72ffd700 1 -- 172.21.15.32:0/481549652 <== mon.0 v2:172.21.15.32:3300/0 1 ==== mon_map magic: 0 v1 ==== 205+0+0 (secure 0 0 0) 0x7f3b6c003ab0 con 0x7f3b7c105f70
2023-03-27T09:40:09.019 INFO:teuthology.orchestra.run.smithi032.stdout:/usr/bin/ceph: stderr
2023-03-27T09:40:07.959+0000 7f3b72ffd700 1 -- 172.21.15.32:0/481549652 <== mon.0 v2:172.21.15.32:3300/0 2 ==== config(26 keys) v1 ==== 1074+0+0 (secure 0 0 0) 0x7f3b6c003c10 con 0x7f3b7c105f70
2023-03-27T09:40:09.019 INFO:teuthology.orchestra.run.smithi032.stdout:/usr/bin/ceph: stderr
2023-03-27T09:40:07.959+0000 7f3b83d3b700 1 -- 172.21.15.32:0/481549652 --> [v2:172.21.15.32:3300/0,v1:172.21.15.32:6789/0] -- mon_subscribe({mgrmap=0+}) v3 -- 0x7f3b7c1096f0 con 0x7f3b7c105f70
2023-03-27T09:40:09.019 INFO:teuthology.orchestra.run.smithi032.stdout:/usr/bin/ceph: stderr
2023-03-27T09:40:07.959+0000 7f3b72ffd700 1 -- 172.21.15.32:0/481549652 <== mon.0 v2:172.21.15.32:3300/0 3 ==== mon_map magic: 0 v1 ==== 205+0+0 (secure 0 0 0) 0x7f3b6c0247d0 con 0x7f3b7c105f70
2023-03-27T09:40:09.020 INFO:teuthology.orchestra.run.smithi032.stdout:/usr/bin/ceph: stderr
2023-03-27T09:40:07.959+0000 7f3b83d3b700 1 -- 172.21.15.32:0/481549652 --> [v2:172.21.15.32:3300/0,v1:172.21.15.32:6789/0] -- mon_subscribe({osdmap=0}) v3 -- 0x7f3b7c109560 con 0x7f3b7c105f70
2023-03-27T09:40:09.020 INFO:teuthology.orchestra.run.smithi032.stdout:/usr/bin/ceph: stderr
2023-03-27T09:40:07.960+0000 7f3b72ffd700 1 -- 172.21.15.32:0/481549652 <== mon.0 v2:172.21.15.32:3300/0 4 ==== mgrmap(e 8) v1 ==== 43509+0+0 (secure 0 0 0) 0x7f3b6c017020 con 0x7f3b7c105f70
2023-03-27T09:40:09.020 INFO:teuthology.orchestra.run.smithi032.stdout:/usr/bin/ceph: stderr
2023-03-27T09:40:07.960+0000 7f3b72ffd700 1 --2- 172.21.15.32:0/481549652 >> [v2:172.21.15.32:6800/902409405,v1:172.21.15.32:6801/902409405] conn(0x7f3b68036870 0x7f3b68038d20 unknown :-1 s=NONE pgs=0 cs=0 l=1 rev1=0 crypto rx=0 tx=0 comp rx=0 tx=0).connect
2023-03-27T09:40:09.020 INFO:teuthology.orchestra.run.smithi032.stdout:/usr/bin/ceph: stderr
2023-03-27T09:40:07.960+0000 7f3b72ffd700 1 -- 172.21.15.32:0/481549652 <== mon.0 v2:172.21.15.32:3300/0 5 ==== osd_map(2..2 src has 1..2) v4 ==== 940+0+0 (secure 0 0 0) 0x7f3b6c049d50 con 0x7f3b7c105f70
2023-03-27T09:40:09.020 INFO:teuthology.orchestra.run.smithi032.stdout:/usr/bin/ceph: stderr
2023-03-27T09:40:07.961+0000 7f3b812d6700 1 --2- 172.21.15.32:0/481549652 >> [v2:172.21.15.32:6800/902409405,v1:172.21.15.32:6801/902409405] conn(0x7f3b68036870 0x7f3b68038d20 unknown :-1 s=BANNER_CONNECTING pgs=0 cs=0 l=1 rev1=0 crypto rx=0 tx=0 comp rx=0 tx=0)._handle_peer_banner_payload supported=3 required=0
2023-03-27T09:40:09.020 INFO:teuthology.orchestra.run.smithi032.stdout:/usr/bin/ceph: stderr
2023-03-27T09:40:07.961+0000 7f3b83d3b700 1 -- 172.21.15.32:0/481549652 --> [v2:172.21.15.32:3300/0,v1:172.21.15.32:6789/0] -- mon_command({"prefix": "get_command_descriptions"} v 0) v1 -- 0x7f3b7c109880 con 0x7f3b7c105f70
2023-03-27T09:40:09.020 INFO:teuthology.orchestra.run.smithi032.stdout:/usr/bin/ceph: stderr
2023-03-27T09:40:07.961+0000 7f3b812d6700 1 --2- 172.21.15.32:0/481549652 >> [v2:172.21.15.32:6800/902409405,v1:172.21.15.32:6801/902409405] conn(0x7f3b68036870 0x7f3b68038d20 secure :-1 s=READY pgs=9 cs=0 l=1 rev1=1 crypto rx=0x7f3b78006fd0 tx=0x7f3b78006e40 comp rx=0 tx=0).ready entity=mgr.14120 client_cookie=0 server_cookie=0 in_seq=0 out_seq=0
2023-03-27T09:40:09.021 INFO:teuthology.orchestra.run.smithi032.stdout:/usr/bin/ceph: stderr
2023-03-27T09:40:07.966+0000 7f3b72ffd700 1 -- 172.21.15.32:0/481549652 <== mon.0 v2:172.21.15.32:3300/0 6 ==== mon_command_ack([{"prefix": "get_command_descriptions"}]=0 v0) v1 ==== 72+0+174404 (secure 0 0 0) 0x7f3b6c02d3f0 con 0x7f3b7c105f70
2023-03-27T09:40:09.021 INFO:teuthology.orchestra.run.smithi032.stdout:/usr/bin/ceph: stderr
2023-03-27T09:40:08.317+0000 7f3b83d3b700 1 -- 172.21.15.32:0/481549652 --> [v2:172.21.15.32:6800/902409405,v1:172.21.15.32:6801/902409405] -- mgr_command(tid 0: {"prefix": "cephadm generate-key", "target": ["mon-mgr", ""]}) v1 -- 0x7f3b7c104cf0 con 0x7f3b68036870
2023-03-27T09:40:09.021 INFO:teuthology.orchestra.run.smithi032.stdout:/usr/bin/ceph: stderr
2023-03-27T09:40:08.633+0000 7f3b72ffd700 1 -- 172.21.15.32:0/481549652 <== mgr.14120 v2:172.21.15.32:6800/902409405 1 ==== mgr_command_reply(tid 0: 0 ) v1 ==== 8+0+0 (secure 0 0 0) 0x7f3b7c104cf0 con 0x7f3b68036870
2023-03-27T09:40:09.021 INFO:teuthology.orchestra.run.smithi032.stdout:/usr/bin/ceph: stderr
2023-03-27T09:40:08.636+0000 7f3b83d3b700 1 -- 172.21.15.32:0/481549652 >> [v2:172.21.15.32:6800/902409405,v1:172.21.15.32:6801/902409405] conn(0x7f3b68036870 msgr2=0x7f3b68038d20 secure :-1 s=STATE_CONNECTION_ESTABLISHED l=1).mark_down
2023-03-27T09:40:09.021 INFO:teuthology.orchestra.run.smithi032.stdout:/usr/bin/ceph: stderr
2023-03-27T09:40:08.636+0000 7f3b83d3b700 1 --2- 172.21.15.32:0/481549652 >> [v2:172.21.15.32:6800/902409405,v1:172.21.15.32:6801/902409405] conn(0x7f3b68036870 0x7f3b68038d20 secure :-1 s=READY pgs=9 cs=0 l=1 rev1=1 crypto rx=0x7f3b78006fd0 tx=0x7f3b78006e40 comp rx=0 tx=0).stop
2023-03-27T09:40:09.021 INFO:teuthology.orchestra.run.smithi032.stdout:/usr/bin/ceph: stderr
2023-03-27T09:40:08.636+0000 7f3b83d3b700 1 -- 172.21.15.32:0/481549652 >> [v2:172.21.15.32:3300/0,v1:172.21.15.32:6789/0] conn(0x7f3b7c105f70 msgr2=0x7f3b7c1058d0 secure :-1 s=STATE_CONNECTION_ESTABLISHED l=1).mark_down
2023-03-27T09:40:09.021 INFO:teuthology.orchestra.run.smithi032.stdout:/usr/bin/ceph: stderr
2023-03-27T09:40:08.636+0000 7f3b83d3b700 1 --2- 172.21.15.32:0/481549652 >> [v2:172.21.15.32:3300/0,v1:172.21.15.32:6789/0] conn(0x7f3b7c105f70 0x7f3b7c1058d0 secure :-1 s=READY pgs=42 cs=0 l=1 rev1=1 crypto rx=0x7f3b6c009130 tx=0x7f3b6c011ad0 comp rx=0 tx=0).stop
2023-03-27T09:40:09.022 INFO:teuthology.orchestra.run.smithi032.stdout:/usr/bin/ceph: stderr
2023-03-27T09:40:08.636+0000 7f3b83d3b700 1 -- 172.21.15.32:0/481549652 shutdown_connections
2023-03-27T09:40:09.022 INFO:teuthology.orchestra.run.smithi032.stdout:/usr/bin/ceph: stderr
2023-03-27T09:40:08.636+0000 7f3b83d3b700 1 --2- 172.21.15.32:0/481549652 >> [v2:172.21.15.32:6800/902409405,v1:172.21.15.32:6801/902409405] conn(0x7f3b68036870 0x7f3b68038d20 unknown :-1 s=CLOSED pgs=9 cs=0 l=1 rev1=1 crypto rx=0 tx=0 comp rx=0 tx=0).stop
2023-03-27T09:40:09.022 INFO:teuthology.orchestra.run.smithi032.stdout:/usr/bin/ceph: stderr
2023-03-27T09:40:08.636+0000 7f3b83d3b700 1 --2- 172.21.15.32:0/481549652 >> [v2:172.21.15.32:3300/0,v1:172.21.15.32:6789/0] conn(0x7f3b7c105f70 0x7f3b7c1058d0 unknown :-1 s=CLOSED pgs=42 cs=0 l=1 rev1=1 crypto rx=0 tx=0 comp rx=0 tx=0).stop
2023-03-27T09:40:09.022 INFO:teuthology.orchestra.run.smithi032.stdout:/usr/bin/ceph: stderr
2023-03-27T09:40:08.636+0000 7f3b83d3b700 1 -- 172.21.15.32:0/481549652 >> 172.21.15.32:0/481549652 conn(0x7f3b7c0ff9d0 msgr2=0x7f3b7c100740 unknown :-1 s=STATE_NONE l=0).mark_down
2023-03-27T09:40:09.022 INFO:teuthology.orchestra.run.smithi032.stdout:/usr/bin/ceph: stderr
2023-03-27T09:40:08.636+0000 7f3b83d3b700 1 -- 172.21.15.32:0/481549652 shutdown_connections
2023-03-27T09:40:09.022 INFO:teuthology.orchestra.run.smithi032.stdout:/usr/bin/ceph: stderr
2023-03-27T09:40:08.636+0000 7f3b83d3b700 1 -- 172.21.15.32:0/481549652 wait complete.
2023-03-27T09:40:09.189 INFO:journalctl@ceph.mon.a.smithi032.stdout:Mar 27 09:40:08 smithi032 ceph-mon[92957]: from='client.14134 -' entity='client.admin' cmd=[{"prefix": "cephadm set-user", "user": "root", "target": ["mon-mgr", ""]}]: dispatch
2023-03-27T09:40:09.190 INFO:journalctl@ceph.mon.a.smithi032.stdout:Mar 27 09:40:08 smithi032 ceph-mon[92957]: from='mgr.14120 172.21.15.32:0/3255619261' entity='mgr.x'
2023-03-27T09:40:09.190 INFO:journalctl@ceph.mon.a.smithi032.stdout:Mar 27 09:40:08 smithi032 ceph-mon[92957]: from='mgr.14120 172.21.15.32:0/3255619261' entity='mgr.x'
2023-03-27T09:40:10.211 INFO:journalctl@ceph.mon.a.smithi032.stdout:Mar 27 09:40:09 smithi032 ceph-mon[92957]: from='client.14136 -' entity='client.admin' cmd=[{"prefix": "cephadm generate-key", "target": ["mon-mgr", ""]}]: dispatch
2023-03-27T09:40:10.211 INFO:journalctl@ceph.mon.a.smithi032.stdout:Mar 27 09:40:09 smithi032 ceph-mon[92957]: Generating ssh key...
2023-03-27T09:40:10.260 INFO:teuthology.orchestra.run.smithi032.stdout:/usr/bin/ceph: stdout ssh-rsa AAAAB3NzaC1yc2EAAAADAQABAAABgQCnIyBc0Z9DEQpafY64XQQrt7O+QGhS2EAIaYAkzU+DddZM8NkCd++kgDk3UiHn7wip5xXYfSQZV3OsVnso/ZLVIjRz3ErI88zj/iUnKbEv4uh1ATTFxhItxucSE3zrQksraJoonOPA6Acd6U02QY797XLDPD+wD4VxRozuI2x5qsH3X1EvtEXub5BHN5AcfEAXOsJrEQx/0StaxiXhFP2CIgXFztV0fsBbDuDV/BeJSAIyh0afKs82Q5S4IbFnsbIsHmqmYM7nW4MYeC3ZMaymTz4Z5H1MzdfjqezCIBuR1HHFFVNEEh+zbQ2Fuq7c5YE7Os9r9ZatAN2SwFAhYZApUguPAR+XZT2i1oS4lpjcQEBPP3+gDHQw5V8ZtXDbqplxRFKS2kJp4TutEhUXtKGBW/Ee5Jer+cccqGklllcG7WA9r9QC2zoiTk21eE0U8Ir8g5YgTclosnS3JeWcFa79L9xI4fuwN/n7xfgq3i77hjzvnC8y5EUSkijPBmS4cL8= ceph-1e336fc8-cc83-11ed-9afe-001a4aab830c
2023-03-27T09:40:10.260 INFO:teuthology.orchestra.run.smithi032.stdout:/usr/bin/ceph: stderr
2023-03-27T09:40:09.471+0000 7f70522e3700 1 Processor -- start
2023-03-27T09:40:10.261 INFO:teuthology.orchestra.run.smithi032.stdout:/usr/bin/ceph: stderr
2023-03-27T09:40:09.471+0000 7f70522e3700 1 -- start start
2023-03-27T09:40:10.261 INFO:teuthology.orchestra.run.smithi032.stdout:/usr/bin/ceph: stderr
2023-03-27T09:40:09.472+0000 7f70522e3700 1 --2- >> [v2:172.21.15.32:3300/0,v1:172.21.15.32:6789/0] conn(0x7f704c104360 0x7f704c104770 unknown :-1 s=NONE pgs=0 cs=0 l=0 rev1=0 crypto rx=0 tx=0 comp rx=0 tx=0).connect
2023-03-27T09:40:10.261 INFO:teuthology.orchestra.run.smithi032.stdout:/usr/bin/ceph: stderr
2023-03-27T09:40:09.472+0000 7f70522e3700 1 -- --> [v2:172.21.15.32:3300/0,v1:172.21.15.32:6789/0] -- mon_getmap magic: 0 v1 -- 0x7f704c104cb0 con 0x7f704c104360
2023-03-27T09:40:10.261 INFO:teuthology.orchestra.run.smithi032.stdout:/usr/bin/ceph: stderr
2023-03-27T09:40:09.472+0000 7f704bfff700 1 --2- >> [v2:172.21.15.32:3300/0,v1:172.21.15.32:6789/0] conn(0x7f704c104360 0x7f704c104770 unknown :-1 s=BANNER_CONNECTING pgs=0 cs=0 l=0 rev1=0 crypto rx=0 tx=0 comp rx=0 tx=0)._handle_peer_banner_payload supported=3 required=0
2023-03-27T09:40:10.261 INFO:teuthology.orchestra.run.smithi032.stdout:/usr/bin/ceph: stderr
2023-03-27T09:40:09.472+0000 7f704bfff700 1 --2- >> [v2:172.21.15.32:3300/0,v1:172.21.15.32:6789/0] conn(0x7f704c104360 0x7f704c104770 unknown :-1 s=HELLO_CONNECTING pgs=0 cs=0 l=0 rev1=1 crypto rx=0 tx=0 comp rx=0 tx=0).handle_hello peer v2:172.21.15.32:3300/0 says I am v2:172.21.15.32:60730/0 (socket says 172.21.15.32:60730)
2023-03-27T09:40:10.261 INFO:teuthology.orchestra.run.smithi032.stdout:/usr/bin/ceph: stderr
2023-03-27T09:40:09.472+0000 7f704bfff700 1 -- 172.21.15.32:0/4104284853 learned_addr learned my addr 172.21.15.32:0/4104284853 (peer_addr_for_me v2:172.21.15.32:0/0)
2023-03-27T09:40:10.261 INFO:teuthology.orchestra.run.smithi032.stdout:/usr/bin/ceph: stderr
2023-03-27T09:40:09.472+0000 7f704bfff700 1 -- 172.21.15.32:0/4104284853 --> [v2:172.21.15.32:3300/0,v1:172.21.15.32:6789/0] -- mon_subscribe({config=0+,monmap=0+}) v3 -- 0x7f704c104df0 con 0x7f704c104360
2023-03-27T09:40:10.262 INFO:teuthology.orchestra.run.smithi032.stdout:/usr/bin/ceph: stderr
2023-03-27T09:40:09.472+0000 7f704bfff700 1 --2- 172.21.15.32:0/4104284853 >> [v2:172.21.15.32:3300/0,v1:172.21.15.32:6789/0] conn(0x7f704c104360 0x7f704c104770 secure :-1 s=READY pgs=43 cs=0 l=1 rev1=1 crypto rx=0x7f703c0098a0 tx=0x7f703c009bb0 comp rx=0 tx=0).ready entity=mon.0 client_cookie=6b4f1325fba9b14d server_cookie=0 in_seq=0 out_seq=0
2023-03-27T09:40:10.262 INFO:teuthology.orchestra.run.smithi032.stdout:/usr/bin/ceph: stderr
2023-03-27T09:40:09.472+0000 7f704affd700 1 -- 172.21.15.32:0/4104284853 <== mon.0 v2:172.21.15.32:3300/0 1 ==== mon_map magic: 0 v1 ==== 205+0+0 (secure 0 0 0) 0x7f703c004160 con 0x7f704c104360
2023-03-27T09:40:10.262 INFO:teuthology.orchestra.run.smithi032.stdout:/usr/bin/ceph: stderr
2023-03-27T09:40:09.472+0000 7f704affd700 1 -- 172.21.15.32:0/4104284853 <== mon.0 v2:172.21.15.32:3300/0 2 ==== config(26 keys) v1 ==== 1074+0+0 (secure 0 0 0) 0x7f703c0042c0 con 0x7f704c104360
2023-03-27T09:40:10.262 INFO:teuthology.orchestra.run.smithi032.stdout:/usr/bin/ceph: stderr
2023-03-27T09:40:09.472+0000 7f704affd700 1 -- 172.21.15.32:0/4104284853 <== mon.0 v2:172.21.15.32:3300/0 3 ==== mon_map magic: 0 v1 ==== 205+0+0 (secure 0 0 0) 0x7f703c011a00 con 0x7f704c104360
2023-03-27T09:40:10.262 INFO:teuthology.orchestra.run.smithi032.stdout:/usr/bin/ceph: stderr
2023-03-27T09:40:09.473+0000 7f70522e3700 1 -- 172.21.15.32:0/4104284853 >> [v2:172.21.15.32:3300/0,v1:172.21.15.32:6789/0] conn(0x7f704c104360 msgr2=0x7f704c104770 secure :-1 s=STATE_CONNECTION_ESTABLISHED l=1).mark_down
2023-03-27T09:40:10.262 INFO:teuthology.orchestra.run.smithi032.stdout:/usr/bin/ceph: stderr
2023-03-27T09:40:09.473+0000 7f70522e3700 1 --2- 172.21.15.32:0/4104284853 >> [v2:172.21.15.32:3300/0,v1:172.21.15.32:6789/0] conn(0x7f704c104360 0x7f704c104770 secure :-1 s=READY pgs=43 cs=0 l=1 rev1=1 crypto rx=0x7f703c0098a0 tx=0x7f703c009bb0 comp rx=0 tx=0).stop
2023-03-27T09:40:10.262 INFO:teuthology.orchestra.run.smithi032.stdout:/usr/bin/ceph: stderr
2023-03-27T09:40:09.473+0000 7f70522e3700 1 -- 172.21.15.32:0/4104284853 shutdown_connections
2023-03-27T09:40:10.262 INFO:teuthology.orchestra.run.smithi032.stdout:/usr/bin/ceph: stderr
2023-03-27T09:40:09.473+0000 7f70522e3700 1 --2- 172.21.15.32:0/4104284853 >> [v2:172.21.15.32:3300/0,v1:172.21.15.32:6789/0] conn(0x7f704c104360 0x7f704c104770 unknown :-1 s=CLOSED pgs=43 cs=0 l=1 rev1=1 crypto rx=0 tx=0 comp rx=0 tx=0).stop
2023-03-27T09:40:10.263 INFO:teuthology.orchestra.run.smithi032.stdout:/usr/bin/ceph: stderr
2023-03-27T09:40:09.473+0000 7f70522e3700 1 -- 172.21.15.32:0/4104284853 >> 172.21.15.32:0/4104284853 conn(0x7f704c0ff9d0 msgr2=0x7f704c101de0 unknown :-1 s=STATE_NONE l=0).mark_down
2023-03-27T09:40:10.263 INFO:teuthology.orchestra.run.smithi032.stdout:/usr/bin/ceph: stderr
2023-03-27T09:40:09.473+0000 7f70522e3700 1 -- 172.21.15.32:0/4104284853 shutdown_connections
2023-03-27T09:40:10.263 INFO:teuthology.orchestra.run.smithi032.stdout:/usr/bin/ceph: stderr
2023-03-27T09:40:09.473+0000 7f70522e3700 1 -- 172.21.15.32:0/4104284853 wait complete.
2023-03-27T09:40:10.263 INFO:teuthology.orchestra.run.smithi032.stdout:/usr/bin/ceph: stderr
2023-03-27T09:40:09.474+0000 7f70522e3700 1 Processor -- start
2023-03-27T09:40:10.263 INFO:teuthology.orchestra.run.smithi032.stdout:/usr/bin/ceph: stderr
2023-03-27T09:40:09.474+0000 7f70522e3700 1 -- start start
2023-03-27T09:40:10.263 INFO:teuthology.orchestra.run.smithi032.stdout:/usr/bin/ceph: stderr
