2023-03-27T09:40:15.611+0000 7fbbc5a45700 1 --2- >> [v2:172.21.15.32:3300/0,v1:172.21.15.32:6789/0] conn(0x7fbbc0105a10 0x7fbbc019b310 unknown :-1 s=BANNER_CONNECTING pgs=0 cs=0 l=1 rev1=0 crypto rx=0 tx=0 comp rx=0 tx=0)._handle_peer_banner_payload supported=3 required=0
2023-03-27T09:40:16.410 INFO:teuthology.orchestra.run.smithi032.stdout:/usr/bin/ceph: stderr
2023-03-27T09:40:15.612+0000 7fbbc5a45700 1 --2- >> [v2:172.21.15.32:3300/0,v1:172.21.15.32:6789/0] conn(0x7fbbc0105a10 0x7fbbc019b310 unknown :-1 s=HELLO_CONNECTING pgs=0 cs=0 l=1 rev1=1 crypto rx=0 tx=0 comp rx=0 tx=0).handle_hello peer v2:172.21.15.32:3300/0 says I am v2:172.21.15.32:60770/0 (socket says 172.21.15.32:60770)
2023-03-27T09:40:16.410 INFO:teuthology.orchestra.run.smithi032.stdout:/usr/bin/ceph: stderr
2023-03-27T09:40:15.612+0000 7fbbc5a45700 1 -- 172.21.15.32:0/266488570 learned_addr learned my addr 172.21.15.32:0/266488570 (peer_addr_for_me v2:172.21.15.32:0/0)
2023-03-27T09:40:16.410 INFO:teuthology.orchestra.run.smithi032.stdout:/usr/bin/ceph: stderr
2023-03-27T09:40:15.612+0000 7fbbc5a45700 1 -- 172.21.15.32:0/266488570 --> [v2:172.21.15.32:3300/0,v1:172.21.15.32:6789/0] -- mon_subscribe({config=0+,monmap=0+}) v3 -- 0x7fbbbc009550 con 0x7fbbc0105a10
2023-03-27T09:40:16.410 INFO:teuthology.orchestra.run.smithi032.stdout:/usr/bin/ceph: stderr
2023-03-27T09:40:15.612+0000 7fbbc5a45700 1 --2- 172.21.15.32:0/266488570 >> [v2:172.21.15.32:3300/0,v1:172.21.15.32:6789/0] conn(0x7fbbc0105a10 0x7fbbc019b310 secure :-1 s=READY pgs=50 cs=0 l=1 rev1=1 crypto rx=0x7fbbbc003f00 tx=0x7fbbbc011a30 comp rx=0 tx=0).ready entity=mon.0 client_cookie=0 server_cookie=0 in_seq=0 out_seq=0
2023-03-27T09:40:16.411 INFO:teuthology.orchestra.run.smithi032.stdout:/usr/bin/ceph: stderr
2023-03-27T09:40:15.612+0000 7fbbb6ffd700 1 -- 172.21.15.32:0/266488570 <== mon.0 v2:172.21.15.32:3300/0 1 ==== mon_map magic: 0 v1 ==== 205+0+0 (secure 0 0 0) 0x7fbbbc003b20 con 0x7fbbc0105a10
2023-03-27T09:40:16.411 INFO:teuthology.orchestra.run.smithi032.stdout:/usr/bin/ceph: stderr
2023-03-27T09:40:15.612+0000 7fbbb6ffd700 1 -- 172.21.15.32:0/266488570 <== mon.0 v2:172.21.15.32:3300/0 2 ==== config(26 keys) v1 ==== 1105+0+0 (secure 0 0 0) 0x7fbbbc003c80 con 0x7fbbc0105a10
2023-03-27T09:40:16.411 INFO:teuthology.orchestra.run.smithi032.stdout:/usr/bin/ceph: stderr
2023-03-27T09:40:15.612+0000 7fbbc7ca9700 1 -- 172.21.15.32:0/266488570 --> [v2:172.21.15.32:3300/0,v1:172.21.15.32:6789/0] -- mon_subscribe({mgrmap=0+}) v3 -- 0x7fbbc010b980 con 0x7fbbc0105a10
2023-03-27T09:40:16.411 INFO:teuthology.orchestra.run.smithi032.stdout:/usr/bin/ceph: stderr
2023-03-27T09:40:15.612+0000 7fbbb6ffd700 1 -- 172.21.15.32:0/266488570 <== mon.0 v2:172.21.15.32:3300/0 3 ==== mon_map magic: 0 v1 ==== 205+0+0 (secure 0 0 0) 0x7fbbbc019770 con 0x7fbbc0105a10
2023-03-27T09:40:16.411 INFO:teuthology.orchestra.run.smithi032.stdout:/usr/bin/ceph: stderr
2023-03-27T09:40:15.612+0000 7fbbc7ca9700 1 -- 172.21.15.32:0/266488570 --> [v2:172.21.15.32:3300/0,v1:172.21.15.32:6789/0] -- mon_subscribe({osdmap=0}) v3 -- 0x7fbbc010b7f0 con 0x7fbbc0105a10
2023-03-27T09:40:16.411 INFO:teuthology.orchestra.run.smithi032.stdout:/usr/bin/ceph: stderr
2023-03-27T09:40:15.613+0000 7fbbb6ffd700 1 -- 172.21.15.32:0/266488570 <== mon.0 v2:172.21.15.32:3300/0 4 ==== mgrmap(e 8) v1 ==== 43509+0+0 (secure 0 0 0) 0x7fbbbc02c070 con 0x7fbbc0105a10
2023-03-27T09:40:16.411 INFO:teuthology.orchestra.run.smithi032.stdout:/usr/bin/ceph: stderr
2023-03-27T09:40:15.613+0000 7fbbb6ffd700 1 --2- 172.21.15.32:0/266488570 >> [v2:172.21.15.32:6800/902409405,v1:172.21.15.32:6801/902409405] conn(0x7fbbac036870 0x7fbbac038d20 unknown :-1 s=NONE pgs=0 cs=0 l=1 rev1=0 crypto rx=0 tx=0 comp rx=0 tx=0).connect
2023-03-27T09:40:16.411 INFO:teuthology.orchestra.run.smithi032.stdout:/usr/bin/ceph: stderr
2023-03-27T09:40:15.613+0000 7fbbb6ffd700 1 -- 172.21.15.32:0/266488570 <== mon.0 v2:172.21.15.32:3300/0 5 ==== osd_map(2..2 src has 1..2) v4 ==== 940+0+0 (secure 0 0 0) 0x7fbbbc049e50 con 0x7fbbc0105a10
2023-03-27T09:40:16.412 INFO:teuthology.orchestra.run.smithi032.stdout:/usr/bin/ceph: stderr
2023-03-27T09:40:15.613+0000 7fbbc7ca9700 1 -- 172.21.15.32:0/266488570 --> [v2:172.21.15.32:3300/0,v1:172.21.15.32:6789/0] -- mon_command({"prefix": "get_command_descriptions"} v 0) v1 -- 0x7fbbc010bb10 con 0x7fbbc0105a10
2023-03-27T09:40:16.412 INFO:teuthology.orchestra.run.smithi032.stdout:/usr/bin/ceph: stderr
2023-03-27T09:40:15.613+0000 7fbbc5244700 1 --2- 172.21.15.32:0/266488570 >> [v2:172.21.15.32:6800/902409405,v1:172.21.15.32:6801/902409405] conn(0x7fbbac036870 0x7fbbac038d20 unknown :-1 s=BANNER_CONNECTING pgs=0 cs=0 l=1 rev1=0 crypto rx=0 tx=0 comp rx=0 tx=0)._handle_peer_banner_payload supported=3 required=0
2023-03-27T09:40:16.412 INFO:teuthology.orchestra.run.smithi032.stdout:/usr/bin/ceph: stderr
2023-03-27T09:40:15.614+0000 7fbbc5244700 1 --2- 172.21.15.32:0/266488570 >> [v2:172.21.15.32:6800/902409405,v1:172.21.15.32:6801/902409405] conn(0x7fbbac036870 0x7fbbac038d20 secure :-1 s=READY pgs=13 cs=0 l=1 rev1=1 crypto rx=0x7fbbb0006fd0 tx=0x7fbbb0006e40 comp rx=0 tx=0).ready entity=mgr.14120 client_cookie=0 server_cookie=0 in_seq=0 out_seq=0
2023-03-27T09:40:16.412 INFO:teuthology.orchestra.run.smithi032.stdout:/usr/bin/ceph: stderr
2023-03-27T09:40:15.618+0000 7fbbb6ffd700 1 -- 172.21.15.32:0/266488570 <== mon.0 v2:172.21.15.32:3300/0 6 ==== mon_command_ack([{"prefix": "get_command_descriptions"}]=0 v0) v1 ==== 72+0+174404 (secure 0 0 0) 0x7fbbbc02d9a0 con 0x7fbbc0105a10
2023-03-27T09:40:16.412 INFO:teuthology.orchestra.run.smithi032.stdout:/usr/bin/ceph: stderr
2023-03-27T09:40:16.000+0000 7fbbc7ca9700 1 -- 172.21.15.32:0/266488570 --> [v2:172.21.15.32:6800/902409405,v1:172.21.15.32:6801/902409405] -- mgr_command(tid 0: {"prefix": "orch apply", "service_type": "mgr", "unmanaged": true, "target": ["mon-mgr", ""]}) v1 -- 0x7fbbc0100560 con 0x7fbbac036870
2023-03-27T09:40:16.412 INFO:teuthology.orchestra.run.smithi032.stdout:/usr/bin/ceph: stderr
2023-03-27T09:40:16.005+0000 7fbbb6ffd700 1 -- 172.21.15.32:0/266488570 <== mgr.14120 v2:172.21.15.32:6800/902409405 1 ==== mgr_command_reply(tid 0: 0 ) v1 ==== 8+0+24 (secure 0 0 0) 0x7fbbc0100560 con 0x7fbbac036870
2023-03-27T09:40:16.412 INFO:teuthology.orchestra.run.smithi032.stdout:/usr/bin/ceph: stderr
2023-03-27T09:40:16.008+0000 7fbbc7ca9700 1 -- 172.21.15.32:0/266488570 >> [v2:172.21.15.32:6800/902409405,v1:172.21.15.32:6801/902409405] conn(0x7fbbac036870 msgr2=0x7fbbac038d20 secure :-1 s=STATE_CONNECTION_ESTABLISHED l=1).mark_down
2023-03-27T09:40:16.413 INFO:teuthology.orchestra.run.smithi032.stdout:/usr/bin/ceph: stderr
2023-03-27T09:40:16.008+0000 7fbbc7ca9700 1 --2- 172.21.15.32:0/266488570 >> [v2:172.21.15.32:6800/902409405,v1:172.21.15.32:6801/902409405] conn(0x7fbbac036870 0x7fbbac038d20 secure :-1 s=READY pgs=13 cs=0 l=1 rev1=1 crypto rx=0x7fbbb0006fd0 tx=0x7fbbb0006e40 comp rx=0 tx=0).stop
2023-03-27T09:40:16.413 INFO:teuthology.orchestra.run.smithi032.stdout:/usr/bin/ceph: stderr
2023-03-27T09:40:16.008+0000 7fbbc7ca9700 1 -- 172.21.15.32:0/266488570 >> [v2:172.21.15.32:3300/0,v1:172.21.15.32:6789/0] conn(0x7fbbc0105a10 msgr2=0x7fbbc019b310 secure :-1 s=STATE_CONNECTION_ESTABLISHED l=1).mark_down
2023-03-27T09:40:16.413 INFO:teuthology.orchestra.run.smithi032.stdout:/usr/bin/ceph: stderr
2023-03-27T09:40:16.008+0000 7fbbc7ca9700 1 --2- 172.21.15.32:0/266488570 >> [v2:172.21.15.32:3300/0,v1:172.21.15.32:6789/0] conn(0x7fbbc0105a10 0x7fbbc019b310 secure :-1 s=READY pgs=50 cs=0 l=1 rev1=1 crypto rx=0x7fbbbc003f00 tx=0x7fbbbc011a30 comp rx=0 tx=0).stop
2023-03-27T09:40:16.413 INFO:teuthology.orchestra.run.smithi032.stdout:/usr/bin/ceph: stderr
2023-03-27T09:40:16.008+0000 7fbbc7ca9700 1 -- 172.21.15.32:0/266488570 shutdown_connections
2023-03-27T09:40:16.413 INFO:teuthology.orchestra.run.smithi032.stdout:/usr/bin/ceph: stderr
2023-03-27T09:40:16.008+0000 7fbbc7ca9700 1 --2- 172.21.15.32:0/266488570 >> [v2:172.21.15.32:6800/902409405,v1:172.21.15.32:6801/902409405] conn(0x7fbbac036870 0x7fbbac038d20 unknown :-1 s=CLOSED pgs=13 cs=0 l=1 rev1=1 crypto rx=0 tx=0 comp rx=0 tx=0).stop
2023-03-27T09:40:16.413 INFO:teuthology.orchestra.run.smithi032.stdout:/usr/bin/ceph: stderr
2023-03-27T09:40:16.008+0000 7fbbc7ca9700 1 --2- 172.21.15.32:0/266488570 >> [v2:172.21.15.32:3300/0,v1:172.21.15.32:6789/0] conn(0x7fbbc0105a10 0x7fbbc019b310 unknown :-1 s=CLOSED pgs=50 cs=0 l=1 rev1=1 crypto rx=0 tx=0 comp rx=0 tx=0).stop
2023-03-27T09:40:16.413 INFO:teuthology.orchestra.run.smithi032.stdout:/usr/bin/ceph: stderr
2023-03-27T09:40:16.008+0000 7fbbc7ca9700 1 -- 172.21.15.32:0/266488570 >> 172.21.15.32:0/266488570 conn(0x7fbbc00ff110 msgr2=0x7fbbc00ffe50 unknown :-1 s=STATE_NONE l=0).mark_down
2023-03-27T09:40:16.413 INFO:teuthology.orchestra.run.smithi032.stdout:/usr/bin/ceph: stderr
2023-03-27T09:40:16.008+0000 7fbbc7ca9700 1 -- 172.21.15.32:0/266488570 shutdown_connections
2023-03-27T09:40:16.414 INFO:teuthology.orchestra.run.smithi032.stdout:/usr/bin/ceph: stderr
2023-03-27T09:40:16.008+0000 7fbbc7ca9700 1 -- 172.21.15.32:0/266488570 wait complete.
2023-03-27T09:40:17.076 INFO:journalctl@ceph.mon.a.smithi032.stdout:Mar 27 09:40:16 smithi032 ceph-mon[92957]: from='mgr.14120 172.21.15.32:0/3255619261' entity='mgr.x'
2023-03-27T09:40:17.076 INFO:journalctl@ceph.mon.a.smithi032.stdout:Mar 27 09:40:16 smithi032 ceph-mon[92957]: from='mgr.14120 172.21.15.32:0/3255619261' entity='mgr.x'
2023-03-27T09:40:17.853 INFO:teuthology.orchestra.run.smithi032.stdout:/usr/bin/ceph: stderr
2023-03-27T09:40:16.869+0000 7f28d052f700 1 Processor -- start
2023-03-27T09:40:17.853 INFO:teuthology.orchestra.run.smithi032.stdout:/usr/bin/ceph: stderr
2023-03-27T09:40:16.869+0000 7f28d052f700 1 -- start start
2023-03-27T09:40:17.853 INFO:teuthology.orchestra.run.smithi032.stdout:/usr/bin/ceph: stderr
2023-03-27T09:40:16.869+0000 7f28d052f700 1 --2- >> [v2:172.21.15.32:3300/0,v1:172.21.15.32:6789/0] conn(0x7f28c807bdf0 0x7f28c807a2f0 unknown :-1 s=NONE pgs=0 cs=0 l=0 rev1=0 crypto rx=0 tx=0 comp rx=0 tx=0).connect
2023-03-27T09:40:17.853 INFO:teuthology.orchestra.run.smithi032.stdout:/usr/bin/ceph: stderr
2023-03-27T09:40:16.869+0000 7f28d052f700 1 -- --> [v2:172.21.15.32:3300/0,v1:172.21.15.32:6789/0] -- mon_getmap magic: 0 v1 -- 0x7f28c807a830 con 0x7f28c807bdf0
2023-03-27T09:40:17.853 INFO:teuthology.orchestra.run.smithi032.stdout:/usr/bin/ceph: stderr
2023-03-27T09:40:16.870+0000 7f28ce2cb700 1 --2- >> [v2:172.21.15.32:3300/0,v1:172.21.15.32:6789/0] conn(0x7f28c807bdf0 0x7f28c807a2f0 unknown :-1 s=BANNER_CONNECTING pgs=0 cs=0 l=0 rev1=0 crypto rx=0 tx=0 comp rx=0 tx=0)._handle_peer_banner_payload supported=3 required=0
2023-03-27T09:40:17.854 INFO:teuthology.orchestra.run.smithi032.stdout:/usr/bin/ceph: stderr
2023-03-27T09:40:16.870+0000 7f28ce2cb700 1 --2- >> [v2:172.21.15.32:3300/0,v1:172.21.15.32:6789/0] conn(0x7f28c807bdf0 0x7f28c807a2f0 unknown :-1 s=HELLO_CONNECTING pgs=0 cs=0 l=0 rev1=1 crypto rx=0 tx=0 comp rx=0 tx=0).handle_hello peer v2:172.21.15.32:3300/0 says I am v2:172.21.15.32:60774/0 (socket says 172.21.15.32:60774)
2023-03-27T09:40:17.854 INFO:teuthology.orchestra.run.smithi032.stdout:/usr/bin/ceph: stderr
2023-03-27T09:40:16.870+0000 7f28ce2cb700 1 -- 172.21.15.32:0/2785587509 learned_addr learned my addr 172.21.15.32:0/2785587509 (peer_addr_for_me v2:172.21.15.32:0/0)
2023-03-27T09:40:17.854 INFO:teuthology.orchestra.run.smithi032.stdout:/usr/bin/ceph: stderr
2023-03-27T09:40:16.870+0000 7f28ce2cb700 1 -- 172.21.15.32:0/2785587509 --> [v2:172.21.15.32:3300/0,v1:172.21.15.32:6789/0] -- mon_subscribe({config=0+,monmap=0+}) v3 -- 0x7f28c807a970 con 0x7f28c807bdf0
2023-03-27T09:40:17.854 INFO:teuthology.orchestra.run.smithi032.stdout:/usr/bin/ceph: stderr
2023-03-27T09:40:16.870+0000 7f28ce2cb700 1 --2- 172.21.15.32:0/2785587509 >> [v2:172.21.15.32:3300/0,v1:172.21.15.32:6789/0] conn(0x7f28c807bdf0 0x7f28c807a2f0 secure :-1 s=READY pgs=51 cs=0 l=1 rev1=1 crypto rx=0x7f28b80098a0 tx=0x7f28b8009bb0 comp rx=0 tx=0).ready entity=mon.0 client_cookie=daeb3d17a84661fc server_cookie=0 in_seq=0 out_seq=0
2023-03-27T09:40:17.854 INFO:teuthology.orchestra.run.smithi032.stdout:/usr/bin/ceph: stderr
2023-03-27T09:40:16.870+0000 7f28cd2c9700 1 -- 172.21.15.32:0/2785587509 <== mon.0 v2:172.21.15.32:3300/0 1 ==== mon_map magic: 0 v1 ==== 205+0+0 (secure 0 0 0) 0x7f28b8004160 con 0x7f28c807bdf0
2023-03-27T09:40:17.854 INFO:teuthology.orchestra.run.smithi032.stdout:/usr/bin/ceph: stderr
2023-03-27T09:40:16.870+0000 7f28cd2c9700 1 -- 172.21.15.32:0/2785587509 <== mon.0 v2:172.21.15.32:3300/0 2 ==== config(26 keys) v1 ==== 1105+0+0 (secure 0 0 0) 0x7f28b80042c0 con 0x7f28c807bdf0
2023-03-27T09:40:17.854 INFO:teuthology.orchestra.run.smithi032.stdout:/usr/bin/ceph: stderr
2023-03-27T09:40:16.870+0000 7f28cd2c9700 1 -- 172.21.15.32:0/2785587509 <== mon.0 v2:172.21.15.32:3300/0 3 ==== mon_map magic: 0 v1 ==== 205+0+0 (secure 0 0 0) 0x7f28b80119b0 con 0x7f28c807bdf0
2023-03-27T09:40:17.854 INFO:teuthology.orchestra.run.smithi032.stdout:/usr/bin/ceph: stderr
2023-03-27T09:40:16.871+0000 7f28d052f700 1 -- 172.21.15.32:0/2785587509 >> [v2:172.21.15.32:3300/0,v1:172.21.15.32:6789/0] conn(0x7f28c807bdf0 msgr2=0x7f28c807a2f0 secure :-1 s=STATE_CONNECTION_ESTABLISHED l=1).mark_down
2023-03-27T09:40:17.855 INFO:teuthology.orchestra.run.smithi032.stdout:/usr/bin/ceph: stderr
2023-03-27T09:40:16.871+0000 7f28d052f700 1 --2- 172.21.15.32:0/2785587509 >> [v2:172.21.15.32:3300/0,v1:172.21.15.32:6789/0] conn(0x7f28c807bdf0 0x7f28c807a2f0 secure :-1 s=READY pgs=51 cs=0 l=1 rev1=1 crypto rx=0x7f28b80098a0 tx=0x7f28b8009bb0 comp rx=0 tx=0).stop
2023-03-27T09:40:17.855 INFO:teuthology.orchestra.run.smithi032.stdout:/usr/bin/ceph: stderr
2023-03-27T09:40:16.871+0000 7f28d052f700 1 -- 172.21.15.32:0/2785587509 shutdown_connections
2023-03-27T09:40:17.855 INFO:teuthology.orchestra.run.smithi032.stdout:/usr/bin/ceph: stderr
2023-03-27T09:40:16.871+0000 7f28d052f700 1 --2- 172.21.15.32:0/2785587509 >> [v2:172.21.15.32:3300/0,v1:172.21.15.32:6789/0] conn(0x7f28c807bdf0 0x7f28c807a2f0 unknown :-1 s=CLOSED pgs=51 cs=0 l=1 rev1=1 crypto rx=0 tx=0 comp rx=0 tx=0).stop
2023-03-27T09:40:17.855 INFO:teuthology.orchestra.run.smithi032.stdout:/usr/bin/ceph: stderr
2023-03-27T09:40:16.871+0000 7f28d052f700 1 -- 172.21.15.32:0/2785587509 >> 172.21.15.32:0/2785587509 conn(0x7f28c8100af0 msgr2=0x7f28c8102f00 unknown :-1 s=STATE_NONE l=0).mark_down
2023-03-27T09:40:17.855 INFO:teuthology.orchestra.run.smithi032.stdout:/usr/bin/ceph: stderr
2023-03-27T09:40:16.871+0000 7f28d052f700 1 -- 172.21.15.32:0/2785587509 shutdown_connections
2023-03-27T09:40:17.855 INFO:teuthology.orchestra.run.smithi032.stdout:/usr/bin/ceph: stderr
2023-03-27T09:40:16.871+0000 7f28d052f700 1 -- 172.21.15.32:0/2785587509 wait complete.
2023-03-27T09:40:17.855 INFO:teuthology.orchestra.run.smithi032.stdout:/usr/bin/ceph: stderr
2023-03-27T09:40:16.872+0000 7f28d052f700 1 Processor -- start
2023-03-27T09:40:17.856 INFO:teuthology.orchestra.run.smithi032.stdout:/usr/bin/ceph: stderr
2023-03-27T09:40:16.872+0000 7f28d052f700 1 -- start start
2023-03-27T09:40:17.856 INFO:teuthology.orchestra.run.smithi032.stdout:/usr/bin/ceph: stderr
2023-03-27T09:40:16.872+0000 7f28d052f700 1 --2- >> [v2:172.21.15.32:3300/0,v1:172.21.15.32:6789/0] conn(0x7f28c807bdf0 0x7f28c819b320 unknown :-1 s=NONE pgs=0 cs=0 l=1 rev1=0 crypto rx=0 tx=0 comp rx=0 tx=0).connect
2023-03-27T09:40:17.856 INFO:teuthology.orchestra.run.smithi032.stdout:/usr/bin/ceph: stderr
2023-03-27T09:40:16.872+0000 7f28d052f700 1 -- --> [v2:172.21.15.32:3300/0,v1:172.21.15.32:6789/0] -- mon_getmap magic: 0 v1 -- 0x7f28c819b860 con 0x7f28c807bdf0
2023-03-27T09:40:17.856 INFO:teuthology.orchestra.run.smithi032.stdout:/usr/bin/ceph: stderr
2023-03-27T09:40:16.872+0000 7f28ce2cb700 1 --2- >> [v2:172.21.15.32:3300/0,v1:172.21.15.32:6789/0] conn(0x7f28c807bdf0 0x7f28c819b320 unknown :-1 s=BANNER_CONNECTING pgs=0 cs=0 l=1 rev1=0 crypto rx=0 tx=0 comp rx=0 tx=0)._handle_peer_banner_payload supported=3 required=0
2023-03-27T09:40:17.856 INFO:teuthology.orchestra.run.smithi032.stdout:/usr/bin/ceph: stderr
2023-03-27T09:40:16.872+0000 7f28ce2cb700 1 --2- >> [v2:172.21.15.32:3300/0,v1:172.21.15.32:6789/0] conn(0x7f28c807bdf0 0x7f28c819b320 unknown :-1 s=HELLO_CONNECTING pgs=0 cs=0 l=1 rev1=1 crypto rx=0 tx=0 comp rx=0 tx=0).handle_hello peer v2:172.21.15.32:3300/0 says I am v2:172.21.15.32:60776/0 (socket says 172.21.15.32:60776)
2023-03-27T09:40:17.856 INFO:teuthology.orchestra.run.smithi032.stdout:/usr/bin/ceph: stderr
2023-03-27T09:40:16.872+0000 7f28ce2cb700 1 -- 172.21.15.32:0/1946318523 learned_addr learned my addr 172.21.15.32:0/1946318523 (peer_addr_for_me v2:172.21.15.32:0/0)
2023-03-27T09:40:17.856 INFO:teuthology.orchestra.run.smithi032.stdout:/usr/bin/ceph: stderr
2023-03-27T09:40:16.872+0000 7f28ce2cb700 1 -- 172.21.15.32:0/1946318523 --> [v2:172.21.15.32:3300/0,v1:172.21.15.32:6789/0] -- mon_subscribe({config=0+,monmap=0+}) v3 -- 0x7f28b8009550 con 0x7f28c807bdf0
2023-03-27T09:40:17.856 INFO:teuthology.orchestra.run.smithi032.stdout:/usr/bin/ceph: stderr
2023-03-27T09:40:16.873+0000 7f28ce2cb700 1 --2- 172.21.15.32:0/1946318523 >> [v2:172.21.15.32:3300/0,v1:172.21.15.32:6789/0] conn(0x7f28c807bdf0 0x7f28c819b320 secure :-1 s=READY pgs=52 cs=0 l=1 rev1=1 crypto rx=0x7f28b8003e60 tx=0x7f28b8011aa0 comp rx=0 tx=0).ready entity=mon.0 client_cookie=0 server_cookie=0 in_seq=0 out_seq=0
2023-03-27T09:40:17.857 INFO:teuthology.orchestra.run.smithi032.stdout:/usr/bin/ceph: stderr
2023-03-27T09:40:16.873+0000 7f28bf7fe700 1 -- 172.21.15.32:0/1946318523 <== mon.0 v2:172.21.15.32:3300/0 1 ==== mon_map magic: 0 v1 ==== 205+0+0 (secure 0 0 0) 0x7f28b8003970 con 0x7f28c807bdf0
2023-03-27T09:40:17.857 INFO:teuthology.orchestra.run.smithi032.stdout:/usr/bin/ceph: stderr
2023-03-27T09:40:16.873+0000 7f28bf7fe700 1 -- 172.21.15.32:0/1946318523 <== mon.0 v2:172.21.15.32:3300/0 2 ==== config(26 keys) v1 ==== 1105+0+0 (secure 0 0 0) 0x7f28b8003ad0 con 0x7f28c807bdf0
2023-03-27T09:40:17.857 INFO:teuthology.orchestra.run.smithi032.stdout:/usr/bin/ceph: stderr
2023-03-27T09:40:16.873+0000 7f28bf7fe700 1 -- 172.21.15.32:0/1946318523 <== mon.0 v2:172.21.15.32:3300/0 3 ==== mon_map magic: 0 v1 ==== 205+0+0 (secure 0 0 0) 0x7f28b80195e0 con 0x7f28c807bdf0
2023-03-27T09:40:17.857 INFO:teuthology.orchestra.run.smithi032.stdout:/usr/bin/ceph: stderr
2023-03-27T09:40:16.873+0000 7f28d052f700 1 -- 172.21.15.32:0/1946318523 --> [v2:172.21.15.32:3300/0,v1:172.21.15.32:6789/0] -- mon_subscribe({mgrmap=0+}) v3 -- 0x7f28c810b9a0 con 0x7f28c807bdf0
2023-03-27T09:40:17.857 INFO:teuthology.orchestra.run.smithi032.stdout:/usr/bin/ceph: stderr
2023-03-27T09:40:16.873+0000 7f28d052f700 1 -- 172.21.15.32:0/1946318523 --> [v2:172.21.15.32:3300/0,v1:172.21.15.32:6789/0] -- mon_subscribe({osdmap=0}) v3 -- 0x7f28c810b810 con 0x7f28c807bdf0
2023-03-27T09:40:17.857 INFO:teuthology.orchestra.run.smithi032.stdout:/usr/bin/ceph: stderr
2023-03-27T09:40:16.874+0000 7f28bf7fe700 1 -- 172.21.15.32:0/1946318523 <== mon.0 v2:172.21.15.32:3300/0 4 ==== mgrmap(e 8) v1 ==== 43509+0+0 (secure 0 0 0) 0x7f28b802a020 con 0x7f28c807bdf0
2023-03-27T09:40:17.857 INFO:teuthology.orchestra.run.smithi032.stdout:/usr/bin/ceph: stderr
2023-03-27T09:40:16.874+0000 7f28bf7fe700 1 --2- 172.21.15.32:0/1946318523 >> [v2:172.21.15.32:6800/902409405,v1:172.21.15.32:6801/902409405] conn(0x7f28b40367d0 0x7f28b4038c80 unknown :-1 s=NONE pgs=0 cs=0 l=1 rev1=0 crypto rx=0 tx=0 comp rx=0 tx=0).connect
2023-03-27T09:40:17.858 INFO:teuthology.orchestra.run.smithi032.stdout:/usr/bin/ceph: stderr
2023-03-27T09:40:16.874+0000 7f28bf7fe700 1 -- 172.21.15.32:0/1946318523 <== mon.0 v2:172.21.15.32:3300/0 5 ==== osd_map(2..2 src has 1..2) v4 ==== 940+0+0 (secure 0 0 0) 0x7f28b8049d40 con 0x7f28c807bdf0
2023-03-27T09:40:17.858 INFO:teuthology.orchestra.run.smithi032.stdout:/usr/bin/ceph: stderr
2023-03-27T09:40:16.874+0000 7f28cdaca700 1 --2- 172.21.15.32:0/1946318523 >> [v2:172.21.15.32:6800/902409405,v1:172.21.15.32:6801/902409405] conn(0x7f28b40367d0 0x7f28b4038c80 unknown :-1 s=BANNER_CONNECTING pgs=0 cs=0 l=1 rev1=0 crypto rx=0 tx=0 comp rx=0 tx=0)._handle_peer_banner_payload supported=3 required=0
2023-03-27T09:40:17.858 INFO:teuthology.orchestra.run.smithi032.stdout:/usr/bin/ceph: stderr
2023-03-27T09:40:16.874+0000 7f28d052f700 1 -- 172.21.15.32:0/1946318523 --> [v2:172.21.15.32:3300/0,v1:172.21.15.32:6789/0] -- mon_command({"prefix": "get_command_descriptions"} v 0) v1 -- 0x7f28c810bb30 con 0x7f28c807bdf0
2023-03-27T09:40:17.858 INFO:teuthology.orchestra.run.smithi032.stdout:/usr/bin/ceph: stderr
2023-03-27T09:40:16.874+0000 7f28cdaca700 1 --2- 172.21.15.32:0/1946318523 >> [v2:172.21.15.32:6800/902409405,v1:172.21.15.32:6801/902409405] conn(0x7f28b40367d0 0x7f28b4038c80 secure :-1 s=READY pgs=14 cs=0 l=1 rev1=1 crypto rx=0x7f28c4006fd0 tx=0x7f28c4006e40 comp rx=0 tx=0).ready entity=mgr.14120 client_cookie=0 server_cookie=0 in_seq=0 out_seq=0
2023-03-27T09:40:17.858 INFO:teuthology.orchestra.run.smithi032.stdout:/usr/bin/ceph: stderr
2023-03-27T09:40:16.879+0000 7f28bf7fe700 1 -- 172.21.15.32:0/1946318523 <== mon.0 v2:172.21.15.32:3300/0 6 ==== mon_command_ack([{"prefix": "get_command_descriptions"}]=0 v0) v1 ==== 72+0+174404 (secure 0 0 0) 0x7f28b8023b80 con 0x7f28c807bdf0
2023-03-27T09:40:17.858 INFO:teuthology.orchestra.run.smithi032.stdout:/usr/bin/ceph: stderr
2023-03-27T09:40:17.230+0000 7f28d052f700 1 -- 172.21.15.32:0/1946318523 --> [v2:172.21.15.32:3300/0,v1:172.21.15.32:6789/0] -- mon_command([{prefix=config set, name=mgr/cephadm/container_init}] v 0) v1 -- 0x7f28c8061e00 con 0x7f28c807bdf0
2023-03-27T09:40:17.858 INFO:teuthology.orchestra.run.smithi032.stdout:/usr/bin/ceph: stderr
2023-03-27T09:40:17.234+0000 7f28bf7fe700 1 -- 172.21.15.32:0/1946318523 <== mon.0 v2:172.21.15.32:3300/0 7 ==== mon_command_ack([{prefix=config set, name=mgr/cephadm/container_init}]=0 v7)=0 v7) v1 ==== 142+0+0 (secure 0 0 0) 0x7f28b8023b80 con 0x7f28c807bdf0
2023-03-27T09:40:17.858 INFO:teuthology.orchestra.run.smithi032.stdout:/usr/bin/ceph: stderr
2023-03-27T09:40:17.239+0000 7f28bd7fa700 1 -- 172.21.15.32:0/1946318523 >> [v2:172.21.15.32:6800/902409405,v1:172.21.15.32:6801/902409405] conn(0x7f28b40367d0 msgr2=0x7f28b4038c80 secure :-1 s=STATE_CONNECTION_ESTABLISHED l=1).mark_down
2023-03-27T09:40:17.859 INFO:teuthology.orchestra.run.smithi032.stdout:/usr/bin/ceph: stderr
2023-03-27T09:40:17.239+0000 7f28bd7fa700 1 --2- 172.21.15.32:0/1946318523 >> [v2:172.21.15.32:6800/902409405,v1:172.21.15.32:6801/902409405] conn(0x7f28b40367d0 0x7f28b4038c80 secure :-1 s=READY pgs=14 cs=0 l=1 rev1=1 crypto rx=0x7f28c4006fd0 tx=0x7f28c4006e40 comp rx=0 tx=0).stop
2023-03-27T09:40:17.859 INFO:teuthology.orchestra.run.smithi032.stdout:/usr/bin/ceph: stderr
2023-03-27T09:40:17.239+0000 7f28bd7fa700 1 -- 172.21.15.32:0/1946318523 >> [v2:172.21.15.32:3300/0,v1:172.21.15.32:6789/0] conn(0x7f28c807bdf0 msgr2=0x7f28c819b320 secure :-1 s=STATE_CONNECTION_ESTABLISHED l=1).mark_down
2023-03-27T09:40:17.859 INFO:teuthology.orchestra.run.smithi032.stdout:/usr/bin/ceph: stderr
2023-03-27T09:40:17.239+0000 7f28bd7fa700 1 --2- 172.21.15.32:0/1946318523 >> [v2:172.21.15.32:3300/0,v1:172.21.15.32:6789/0] conn(0x7f28c807bdf0 0x7f28c819b320 secure :-1 s=READY pgs=52 cs=0 l=1 rev1=1 crypto rx=0x7f28b8003e60 tx=0x7f28b8011aa0 comp rx=0 tx=0).stop
2023-03-27T09:40:17.859 INFO:teuthology.orchestra.run.smithi032.stdout:/usr/bin/ceph: stderr
2023-03-27T09:40:17.239+0000 7f28bd7fa700 1 -- 172.21.15.32:0/1946318523 shutdown_connections
2023-03-27T09:40:17.859 INFO:teuthology.orchestra.run.smithi032.stdout:/usr/bin/ceph: stderr
2023-03-27T09:40:17.239+0000 7f28bd7fa700 1 --2- 172.21.15.32:0/1946318523 >> [v2:172.21.15.32:6800/902409405,v1:172.21.15.32:6801/902409405] conn(0x7f28b40367d0 0x7f28b4038c80 unknown :-1 s=CLOSED pgs=14 cs=0 l=1 rev1=1 crypto rx=0 tx=0 comp rx=0 tx=0).stop
2023-03-27T09:40:17.859 INFO:teuthology.orchestra.run.smithi032.stdout:/usr/bin/ceph: stderr
2023-03-27T09:40:17.239+0000 7f28bd7fa700 1 --2- 172.21.15.32:0/1946318523 >> [v2:172.21.15.32:3300/0,v1:172.21.15.32:6789/0] conn(0x7f28c807bdf0 0x7f28c819b320 unknown :-1 s=CLOSED pgs=52 cs=0 l=1 rev1=1 crypto rx=0 tx=0 comp rx=0 tx=0).stop
2023-03-27T09:40:17.859 INFO:teuthology.orchestra.run.smithi032.stdout:/usr/bin/ceph: stderr
2023-03-27T09:40:17.239+0000 7f28bd7fa700 1 -- 172.21.15.32:0/1946318523 >> 172.21.15.32:0/1946318523 conn(0x7f28c8100af0 msgr2=0x7f28c8101860 unknown :-1 s=STATE_NONE l=0).mark_down
2023-03-27T09:40:17.860 INFO:teuthology.orchestra.run.smithi032.stdout:/usr/bin/ceph: stderr
2023-03-27T09:40:17.240+0000 7f28bd7fa700 1 -- 172.21.15.32:0/1946318523 shutdown_connections
2023-03-27T09:40:17.860 INFO:teuthology.orchestra.run.smithi032.stdout:/usr/bin/ceph: stderr
2023-03-27T09:40:17.240+0000 7f28bd7fa700 1 -- 172.21.15.32:0/1946318523 wait complete.
2023-03-27T09:40:18.064 INFO:journalctl@ceph.mon.a.smithi032.stdout:Mar 27 09:40:17 smithi032 ceph-mon[92957]: from='client.14144 -' entity='client.admin' cmd=[{"prefix": "orch apply", "service_type": "mgr", "unmanaged": true, "target": ["mon-mgr", ""]}]: dispatch
2023-03-27T09:40:18.065 INFO:journalctl@ceph.mon.a.smithi032.stdout:Mar 27 09:40:17 smithi032 ceph-mon[92957]: Saving service mgr spec with placement count:2
2023-03-27T09:40:18.065 INFO:journalctl@ceph.mon.a.smithi032.stdout:Mar 27 09:40:17 smithi032 ceph-mon[92957]: from='client.? 172.21.15.32:0/1946318523' entity='client.admin'
2023-03-27T09:40:19.075 INFO:journalctl@ceph.mon.a.smithi032.stdout:Mar 27 09:40:18 smithi032 ceph-mon[92957]: from='mgr.14120 172.21.15.32:0/3255619261' entity='mgr.x'
2023-03-27T09:40:19.076 INFO:journalctl@ceph.mon.a.smithi032.stdout:Mar 27 09:40:18 smithi032 ceph-mon[92957]: from='client.? 172.21.15.32:0/1000520331' entity='client.admin'
2023-03-27T09:40:19.100 INFO:teuthology.orchestra.run.smithi032.stdout:/usr/bin/ceph: stderr
2023-03-27T09:40:18.352+0000 7f9564fa3700 1 Processor -- start
2023-03-27T09:40:19.101 INFO:teuthology.orchestra.run.smithi032.stdout:/usr/bin/ceph: stderr
2023-03-27T09:40:18.352+0000 7f9564fa3700 1 -- start start
2023-03-27T09:40:19.101 INFO:teuthology.orchestra.run.smithi032.stdout:/usr/bin/ceph: stderr
2023-03-27T09:40:18.353+0000 7f9564fa3700 1 --2- >> [v2:172.21.15.32:3300/0,v1:172.21.15.32:6789/0] conn(0x7f9560105fb0 0x7f9560108390 unknown :-1 s=NONE pgs=0 cs=0 l=0 rev1=0 crypto rx=0 tx=0 comp rx=0 tx=0).connect
2023-03-27T09:40:19.101 INFO:teuthology.orchestra.run.smithi032.stdout:/usr/bin/ceph: stderr
2023-03-27T09:40:18.353+0000 7f9564fa3700 1 -- --> [v2:172.21.15.32:3300/0,v1:172.21.15.32:6789/0] -- mon_getmap magic: 0 v1 -- 0x7f9560079d50 con 0x7f9560105fb0
2023-03-27T09:40:19.101 INFO:teuthology.orchestra.run.smithi032.stdout:/usr/bin/ceph: stderr
2023-03-27T09:40:18.353+0000 7f955e59c700 1 --2- >> [v2:172.21.15.32:3300/0,v1:172.21.15.32:6789/0] conn(0x7f9560105fb0 0x7f9560108390 unknown :-1 s=BANNER_CONNECTING pgs=0 cs=0 l=0 rev1=0 crypto rx=0 tx=0 comp rx=0 tx=0)._handle_peer_banner_payload supported=3 required=0
2023-03-27T09:40:19.101 INFO:teuthology.orchestra.run.smithi032.stdout:/usr/bin/ceph: stderr
2023-03-27T09:40:18.353+0000 7f955e59c700 1 --2- >> [v2:172.21.15.32:3300/0,v1:172.21.15.32:6789/0] conn(0x7f9560105fb0 0x7f9560108390 unknown :-1 s=HELLO_CONNECTING pgs=0 cs=0 l=0 rev1=1 crypto rx=0 tx=0 comp rx=0 tx=0).handle_hello peer v2:172.21.15.32:3300/0 says I am v2:172.21.15.32:60780/0 (socket says 172.21.15.32:60780)
2023-03-27T09:40:19.101 INFO:teuthology.orchestra.run.smithi032.stdout:/usr/bin/ceph: stderr
2023-03-27T09:40:18.353+0000 7f955e59c700 1 -- 172.21.15.32:0/1194220334 learned_addr learned my addr 172.21.15.32:0/1194220334 (peer_addr_for_me v2:172.21.15.32:0/0)
2023-03-27T09:40:19.102 INFO:teuthology.orchestra.run.smithi032.stdout:/usr/bin/ceph: stderr
2023-03-27T09:40:18.353+0000 7f955e59c700 1 -- 172.21.15.32:0/1194220334 --> [v2:172.21.15.32:3300/0,v1:172.21.15.32:6789/0] -- mon_subscribe({config=0+,monmap=0+}) v3 -- 0x7f9560079e90 con 0x7f9560105fb0
2023-03-27T09:40:19.102 INFO:teuthology.orchestra.run.smithi032.stdout:/usr/bin/ceph: stderr
2023-03-27T09:40:18.353+0000 7f955e59c700 1 --2- 172.21.15.32:0/1194220334 >> [v2:172.21.15.32:3300/0,v1:172.21.15.32:6789/0] conn(0x7f9560105fb0 0x7f9560108390 secure :-1 s=READY pgs=53 cs=0 l=1 rev1=1 crypto rx=0x7f95500098a0 tx=0x7f9550009bb0 comp rx=0 tx=0).ready entity=mon.0 client_cookie=905e3c7a74328a8a server_cookie=0 in_seq=0 out_seq=0
2023-03-27T09:40:19.102 INFO:teuthology.orchestra.run.smithi032.stdout:/usr/bin/ceph: stderr
2023-03-27T09:40:18.354+0000 7f955d59a700 1 -- 172.21.15.32:0/1194220334 <== mon.0 v2:172.21.15.32:3300/0 1 ==== mon_map magic: 0 v1 ==== 205+0+0 (secure 0 0 0) 0x7f9550004160 con 0x7f9560105fb0
2023-03-27T09:40:19.102 INFO:teuthology.orchestra.run.smithi032.stdout:/usr/bin/ceph: stderr
2023-03-27T09:40:18.354+0000 7f955d59a700 1 -- 172.21.15.32:0/1194220334 <== mon.0 v2:172.21.15.32:3300/0 2 ==== config(26 keys) v1 ==== 1105+0+0 (secure 0 0 0) 0x7f95500042c0 con 0x7f9560105fb0
2023-03-27T09:40:19.102 INFO:teuthology.orchestra.run.smithi032.stdout:/usr/bin/ceph: stderr
2023-03-27T09:40:18.354+0000 7f955d59a700 1 -- 172.21.15.32:0/1194220334 <== mon.0 v2:172.21.15.32:3300/0 3 ==== mon_map magic: 0 v1 ==== 205+0+0 (secure 0 0 0) 0x7f95500119b0 con 0x7f9560105fb0
2023-03-27T09:40:19.102 INFO:teuthology.orchestra.run.smithi032.stdout:/usr/bin/ceph: stderr
2023-03-27T09:40:18.354+0000 7f9564fa3700 1 -- 172.21.15.32:0/1194220334 >> [v2:172.21.15.32:3300/0,v1:172.21.15.32:6789/0] conn(0x7f9560105fb0 msgr2=0x7f9560108390 secure :-1 s=STATE_CONNECTION_ESTABLISHED l=1).mark_down
2023-03-27T09:40:19.102 INFO:teuthology.orchestra.run.smithi032.stdout:/usr/bin/ceph: stderr
2023-03-27T09:40:18.354+0000 7f9564fa3700 1 --2- 172.21.15.32:0/1194220334 >> [v2:172.21.15.32:3300/0,v1:172.21.15.32:6789/0] conn(0x7f9560105fb0 0x7f9560108390 secure :-1 s=READY pgs=53 cs=0 l=1 rev1=1 crypto rx=0x7f95500098a0 tx=0x7f9550009bb0 comp rx=0 tx=0).stop
2023-03-27T09:40:19.103 INFO:teuthology.orchestra.run.smithi032.stdout:/usr/bin/ceph: stderr
2023-03-27T09:40:18.354+0000 7f9564fa3700 1 -- 172.21.15.32:0/1194220334 shutdown_connections
2023-03-27T09:40:19.103 INFO:teuthology.orchestra.run.smithi032.stdout:/usr/bin/ceph: stderr
2023-03-27T09:40:18.354+0000 7f9564fa3700 1 --2- 172.21.15.32:0/1194220334 >> [v2:172.21.15.32:3300/0,v1:172.21.15.32:6789/0] conn(0x7f9560105fb0 0x7f9560108390 unknown :-1 s=CLOSED pgs=53 cs=0 l=1 rev1=1 crypto rx=0 tx=0 comp rx=0 tx=0).stop
2023-03-27T09:40:19.103 INFO:teuthology.orchestra.run.smithi032.stdout:/usr/bin/ceph: stderr
2023-03-27T09:40:18.354+0000 7f9564fa3700 1 -- 172.21.15.32:0/1194220334 >> 172.21.15.32:0/1194220334 conn(0x7f95600ff9d0 msgr2=0x7f9560101de0 unknown :-1 s=STATE_NONE l=0).mark_down
2023-03-27T09:40:19.103 INFO:teuthology.orchestra.run.smithi032.stdout:/usr/bin/ceph: stderr
2023-03-27T09:40:18.355+0000 7f9564fa3700 1 -- 172.21.15.32:0/1194220334 shutdown_connections
2023-03-27T09:40:19.103 INFO:teuthology.orchestra.run.smithi032.stdout:/usr/bin/ceph: stderr
2023-03-27T09:40:18.355+0000 7f9564fa3700 1 -- 172.21.15.32:0/1194220334 wait complete.
2023-03-27T09:40:19.103 INFO:teuthology.orchestra.run.smithi032.stdout:/usr/bin/ceph: stderr
2023-03-27T09:40:18.356+0000 7f9564fa3700 1 Processor -- start
2023-03-27T09:40:19.103 INFO:teuthology.orchestra.run.smithi032.stdout:/usr/bin/ceph: stderr
2023-03-27T09:40:18.356+0000 7f9564fa3700 1 -- start start
2023-03-27T09:40:19.103 INFO:teuthology.orchestra.run.smithi032.stdout:/usr/bin/ceph: stderr
2023-03-27T09:40:18.356+0000 7f9564fa3700 1 --2- >> [v2:172.21.15.32:3300/0,v1:172.21.15.32:6789/0] conn(0x7f9560105fb0 0x7f9560105910 unknown :-1 s=NONE pgs=0 cs=0 l=1 rev1=0 crypto rx=0 tx=0 comp rx=0 tx=0).connect
2023-03-27T09:40:19.104 INFO:teuthology.orchestra.run.smithi032.stdout:/usr/bin/ceph: stderr
2023-03-27T09:40:18.356+0000 7f9564fa3700 1 -- --> [v2:172.21.15.32:3300/0,v1:172.21.15.32:6789/0] -- mon_getmap magic: 0 v1 -- 0x7f9560105e50 con 0x7f9560105fb0
2023-03-27T09:40:19.104 INFO:teuthology.orchestra.run.smithi032.stdout:/usr/bin/ceph: stderr
2023-03-27T09:40:18.356+0000 7f955e59c700 1 --2- >> [v2:172.21.15.32:3300/0,v1:172.21.15.32:6789/0] conn(0x7f9560105fb0 0x7f9560105910 unknown :-1 s=BANNER_CONNECTING pgs=0 cs=0 l=1 rev1=0 crypto rx=0 tx=0 comp rx=0 tx=0)._handle_peer_banner_payload supported=3 required=0
2023-03-27T09:40:19.104 INFO:teuthology.orchestra.run.smithi032.stdout:/usr/bin/ceph: stderr
2023-03-27T09:40:18.356+0000 7f955e59c700 1 --2- >> [v2:172.21.15.32:3300/0,v1:172.21.15.32:6789/0] conn(0x7f9560105fb0 0x7f9560105910 unknown :-1 s=HELLO_CONNECTING pgs=0 cs=0 l=1 rev1=1 crypto rx=0 tx=0 comp rx=0 tx=0).handle_hello peer v2:172.21.15.32:3300/0 says I am v2:172.21.15.32:60782/0 (socket says 172.21.15.32:60782)
2023-03-27T09:40:19.104 INFO:teuthology.orchestra.run.smithi032.stdout:/usr/bin/ceph: stderr
2023-03-27T09:40:18.356+0000 7f955e59c700 1 -- 172.21.15.32:0/1000520331 learned_addr learned my addr 172.21.15.32:0/1000520331 (peer_addr_for_me v2:172.21.15.32:0/0)
2023-03-27T09:40:19.104 INFO:teuthology.orchestra.run.smithi032.stdout:/usr/bin/ceph: stderr
2023-03-27T09:40:18.356+0000 7f955e59c700 1 -- 172.21.15.32:0/1000520331 --> [v2:172.21.15.32:3300/0,v1:172.21.15.32:6789/0] -- mon_subscribe({config=0+,monmap=0+}) v3 -- 0x7f9550009550 con 0x7f9560105fb0
2023-03-27T09:40:19.104 INFO:teuthology.orchestra.run.smithi032.stdout:/usr/bin/ceph: stderr
2023-03-27T09:40:18.357+0000 7f955e59c700 1 --2- 172.21.15.32:0/1000520331 >> [v2:172.21.15.32:3300/0,v1:172.21.15.32:6789/0] conn(0x7f9560105fb0 0x7f9560105910 secure :-1 s=READY pgs=54 cs=0 l=1 rev1=1 crypto rx=0x7f9550003e60 tx=0x7f9550011a30 comp rx=0 tx=0).ready entity=mon.0 client_cookie=0 server_cookie=0 in_seq=0 out_seq=0
2023-03-27T09:40:19.104 INFO:teuthology.orchestra.run.smithi032.stdout:/usr/bin/ceph: stderr
2023-03-27T09:40:18.357+0000 7f954f7fe700 1 -- 172.21.15.32:0/1000520331 <== mon.0 v2:172.21.15.32:3300/0 1 ==== mon_map magic: 0 v1 ==== 205+0+0 (secure 0 0 0) 0x7f9550003a60 con 0x7f9560105fb0
2023-03-27T09:40:19.105 INFO:teuthology.orchestra.run.smithi032.stdout:/usr/bin/ceph: stderr
2023-03-27T09:40:18.357+0000 7f954f7fe700 1 -- 172.21.15.32:0/1000520331 <== mon.0 v2:172.21.15.32:3300/0 2 ==== config(26 keys) v1 ==== 1105+0+0 (secure 0 0 0) 0x7f9550003bc0 con 0x7f9560105fb0
2023-03-27T09:40:19.105 INFO:teuthology.orchestra.run.smithi032.stdout:/usr/bin/ceph: stderr
2023-03-27T09:40:18.357+0000 7f9564fa3700 1 -- 172.21.15.32:0/1000520331 --> [v2:172.21.15.32:3300/0,v1:172.21.15.32:6789/0] -- mon_subscribe({mgrmap=0+}) v3 -- 0x7f95601096b0 con 0x7f9560105fb0
2023-03-27T09:40:19.105 INFO:teuthology.orchestra.run.smithi032.stdout:/usr/bin/ceph: stderr
2023-03-27T09:40:18.357+0000 7f954f7fe700 1 -- 172.21.15.32:0/1000520331 <== mon.0 v2:172.21.15.32:3300/0 3 ==== mon_map magic: 0 v1 ==== 205+0+0 (secure 0 0 0) 0x7f95500196c0 con 0x7f9560105fb0
2023-03-27T09:40:19.105 INFO:teuthology.orchestra.run.smithi032.stdout:/usr/bin/ceph: stderr
2023-03-27T09:40:18.357+0000 7f9564fa3700 1 -- 172.21.15.32:0/1000520331 --> [v2:172.21.15.32:3300/0,v1:172.21.15.32:6789/0] -- mon_subscribe({osdmap=0}) v3 -- 0x7f9560109520 con 0x7f9560105fb0
2023-03-27T09:40:19.105 INFO:teuthology.orchestra.run.smithi032.stdout:/usr/bin/ceph: stderr
2023-03-27T09:40:18.358+0000 7f954f7fe700 1 -- 172.21.15.32:0/1000520331 <== mon.0 v2:172.21.15.32:3300/0 4 ==== mgrmap(e 8) v1 ==== 43509+0+0 (secure 0 0 0) 0x7f9550017020 con 0x7f9560105fb0
2023-03-27T09:40:19.105 INFO:teuthology.orchestra.run.smithi032.stdout:/usr/bin/ceph: stderr
2023-03-27T09:40:18.358+0000 7f954f7fe700 1 --2- 172.21.15.32:0/1000520331 >> [v2:172.21.15.32:6800/902409405,v1:172.21.15.32:6801/902409405] conn(0x7f9548036800 0x7f9548038cb0 unknown :-1 s=NONE pgs=0 cs=0 l=1 rev1=0 crypto rx=0 tx=0 comp rx=0 tx=0).connect
2023-03-27T09:40:19.105 INFO:teuthology.orchestra.run.smithi032.stdout:/usr/bin/ceph: stderr
2023-03-27T09:40:18.358+0000 7f954f7fe700 1 -- 172.21.15.32:0/1000520331 <== mon.0 v2:172.21.15.32:3300/0 5 ==== osd_map(2..2 src has 1..2) v4 ==== 940+0+0 (secure 0 0 0) 0x7f9550049e30 con 0x7f9560105fb0
2023-03-27T09:40:19.105 INFO:teuthology.orchestra.run.smithi032.stdout:/usr/bin/ceph: stderr
2023-03-27T09:40:18.358+0000 7f955dd9b700 1 --2- 172.21.15.32:0/1000520331 >> [v2:172.21.15.32:6800/902409405,v1:172.21.15.32:6801/902409405] conn(0x7f9548036800 0x7f9548038cb0 unknown :-1 s=BANNER_CONNECTING pgs=0 cs=0 l=1 rev1=0 crypto rx=0 tx=0 comp rx=0 tx=0)._handle_peer_banner_payload supported=3 required=0
2023-03-27T09:40:19.106 INFO:teuthology.orchestra.run.smithi032.stdout:/usr/bin/ceph: stderr
2023-03-27T09:40:18.358+0000 7f9564fa3700 1 -- 172.21.15.32:0/1000520331 --> [v2:172.21.15.32:3300/0,v1:172.21.15.32:6789/0] -- mon_command({"prefix": "get_command_descriptions"} v 0) v1 -- 0x7f9560061e00 con 0x7f9560105fb0
2023-03-27T09:40:19.106 INFO:teuthology.orchestra.run.smithi032.stdout:/usr/bin/ceph: stderr
2023-03-27T09:40:18.359+0000 7f955dd9b700 1 --2- 172.21.15.32:0/1000520331 >> [v2:172.21.15.32:6800/902409405,v1:172.21.15.32:6801/902409405] conn(0x7f9548036800 0x7f9548038cb0 secure :-1 s=READY pgs=15 cs=0 l=1 rev1=1 crypto rx=0x7f9554006fd0 tx=0x7f9554006e40 comp rx=0 tx=0).ready entity=mgr.14120 client_cookie=0 server_cookie=0 in_seq=0 out_seq=0
2023-03-27T09:40:19.106 INFO:teuthology.orchestra.run.smithi032.stdout:/usr/bin/ceph: stderr
2023-03-27T09:40:18.363+0000 7f954f7fe700 1 -- 172.21.15.32:0/1000520331 <== mon.0 v2:172.21.15.32:3300/0 6 ==== mon_command_ack([{"prefix": "get_command_descriptions"}]=0 v0) v1 ==== 72+0+174404 (secure 0 0 0) 0x7f9550019980 con 0x7f9560105fb0
2023-03-27T09:40:19.106 INFO:teuthology.orchestra.run.smithi032.stdout:/usr/bin/ceph: stderr
2023-03-27T09:40:18.716+0000 7f9564fa3700 1 -- 172.21.15.32:0/1000520331 --> [v2:172.21.15.32:3300/0,v1:172.21.15.32:6789/0] -- mon_command([{prefix=config set, name=mgr/dashboard/ssl_server_port}] v 0) v1 -- 0x7f9560104e60 con 0x7f9560105fb0
2023-03-27T09:40:19.106 INFO:teuthology.orchestra.run.smithi032.stdout:/usr/bin/ceph: stderr
2023-03-27T09:40:18.719+0000 7f954f7fe700 1 -- 172.21.15.32:0/1000520331 <== mon.0 v2:172.21.15.32:3300/0 7 ==== mon_command_ack([{prefix=config set, name=mgr/dashboard/ssl_server_port}]=0 v8)=0 v8) v1 ==== 130+0+0 (secure 0 0 0) 0x7f9560104e60 con 0x7f9560105fb0
2023-03-27T09:40:19.106 INFO:teuthology.orchestra.run.smithi032.stdout:/usr/bin/ceph: stderr
2023-03-27T09:40:18.723+0000 7f9564fa3700 1 -- 172.21.15.32:0/1000520331 >> [v2:172.21.15.32:6800/902409405,v1:172.21.15.32:6801/902409405] conn(0x7f9548036800 msgr2=0x7f9548038cb0 secure :-1 s=STATE_CONNECTION_ESTABLISHED l=1).mark_down
2023-03-27T09:40:19.106 INFO:teuthology.orchestra.run.smithi032.stdout:/usr/bin/ceph: stderr
2023-03-27T09:40:18.723+0000 7f9564fa3700 1 --2- 172.21.15.32:0/1000520331 >> [v2:172.21.15.32:6800/902409405,v1:172.21.15.32:6801/902409405] conn(0x7f9548036800 0x7f9548038cb0 secure :-1 s=READY pgs=15 cs=0 l=1 rev1=1 crypto rx=0x7f9554006fd0 tx=0x7f9554006e40 comp rx=0 tx=0).stop
2023-03-27T09:40:19.107 INFO:teuthology.orchestra.run.smithi032.stdout:/usr/bin/ceph: stderr
2023-03-27T09:40:18.723+0000 7f9564fa3700 1 -- 172.21.15.32:0/1000520331 >> [v2:172.21.15.32:3300/0,v1:172.21.15.32:6789/0] conn(0x7f9560105fb0 msgr2=0x7f9560105910 secure :-1 s=STATE_CONNECTION_ESTABLISHED l=1).mark_down
2023-03-27T09:40:19.107 INFO:teuthology.orchestra.run.smithi032.stdout:/usr/bin/ceph: stderr
2023-03-27T09:40:18.723+0000 7f9564fa3700 1 --2- 172.21.15.32:0/1000520331 >> [v2:172.21.15.32:3300/0,v1:172.21.15.32:6789/0] conn(0x7f9560105fb0 0x7f9560105910 secure :-1 s=READY pgs=54 cs=0 l=1 rev1=1 crypto rx=0x7f9550003e60 tx=0x7f9550011a30 comp rx=0 tx=0).stop
2023-03-27T09:40:19.108 INFO:teuthology.orchestra.run.smithi032.stdout:/usr/bin/ceph: stderr
2023-03-27T09:40:18.723+0000 7f9564fa3700 1 -- 172.21.15.32:0/1000520331 shutdown_connections
2023-03-27T09:40:19.108 INFO:teuthology.orchestra.run.smithi032.stdout:/usr/bin/ceph: stderr
2023-03-27T09:40:18.723+0000 7f9564fa3700 1 --2- 172.21.15.32:0/1000520331 >> [v2:172.21.15.32:6800/902409405,v1:172.21.15.32:6801/902409405] conn(0x7f9548036800 0x7f9548038cb0 unknown :-1 s=CLOSED pgs=15 cs=0 l=1 rev1=1 crypto rx=0 tx=0 comp rx=0 tx=0).stop
2023-03-27T09:40:19.108 INFO:teuthology.orchestra.run.smithi032.stdout:/usr/bin/ceph: stderr
2023-03-27T09:40:18.723+0000 7f9564fa3700 1 --2- 172.21.15.32:0/1000520331 >> [v2:172.21.15.32:3300/0,v1:172.21.15.32:6789/0] conn(0x7f9560105fb0 0x7f9560105910 unknown :-1 s=CLOSED pgs=54 cs=0 l=1 rev1=1 crypto rx=0 tx=0 comp rx=0 tx=0).stop
2023-03-27T09:40:19.108 INFO:teuthology.orchestra.run.smithi032.stdout:/usr/bin/ceph: stderr
2023-03-27T09:40:18.723+0000 7f9564fa3700 1 -- 172.21.15.32:0/1000520331 >> 172.21.15.32:0/1000520331 conn(0x7f95600ff9d0 msgr2=0x7f9560100740 unknown :-1 s=STATE_NONE l=0).mark_down
2023-03-27T09:40:19.108 INFO:teuthology.orchestra.run.smithi032.stdout:/usr/bin/ceph: stderr
2023-03-27T09:40:18.723+0000 7f9564fa3700 1 -- 172.21.15.32:0/1000520331 shutdown_connections
2023-03-27T09:40:19.108 INFO:teuthology.orchestra.run.smithi032.stdout:/usr/bin/ceph: stderr
2023-03-27T09:40:18.723+0000 7f9564fa3700 1 -- 172.21.15.32:0/1000520331 wait complete.
2023-03-27T09:40:19.109 INFO:teuthology.orchestra.run.smithi032.stdout:Enabling the dashboard module...
2023-03-27T09:40:20.307 INFO:journalctl@ceph.mon.a.smithi032.stdout:Mar 27 09:40:20 smithi032 ceph-mon[92957]: from='mgr.14120 172.21.15.32:0/3255619261' entity='mgr.x'
2023-03-27T09:40:21.326 INFO:journalctl@ceph.mon.a.smithi032.stdout:Mar 27 09:40:21 smithi032 ceph-mon[92957]: from='client.? 172.21.15.32:0/2084961018' entity='client.admin' cmd=[{"prefix": "mgr module enable", "module": "dashboard"}]: dispatch
2023-03-27T09:40:21.326 INFO:journalctl@ceph.mgr.x.smithi032.stdout:Mar 27 09:40:21 smithi032 ceph-1e336fc8-cc83-11ed-9afe-001a4aab830c-mgr-x[93200]: ignoring --setuser ceph since I am not root
2023-03-27T09:40:21.326 INFO:journalctl@ceph.mgr.x.smithi032.stdout:Mar 27 09:40:21 smithi032 ceph-1e336fc8-cc83-11ed-9afe-001a4aab830c-mgr-x[93200]: ignoring --setgroup ceph since I am not root
2023-03-27T09:40:21.327 INFO:journalctl@ceph.mgr.x.smithi032.stdout:Mar 27 09:40:21 smithi032 ceph-1e336fc8-cc83-11ed-9afe-001a4aab830c-mgr-x[93200]:
2023-03-27T09:40:21.258+0000 7f6eb0fc4200 -1 mgr[py] Module devicehealth has missing NOTIFY_TYPES member
2023-03-27T09:40:21.547 INFO:teuthology.orchestra.run.smithi032.stdout:/usr/bin/ceph: stderr
2023-03-27T09:40:19.595+0000 7fece16cd700 1 Processor -- start
2023-03-27T09:40:21.548 INFO:teuthology.orchestra.run.smithi032.stdout:/usr/bin/ceph: stderr
2023-03-27T09:40:19.595+0000 7fece16cd700 1 -- start start
2023-03-27T09:40:21.548 INFO:teuthology.orchestra.run.smithi032.stdout:/usr/bin/ceph: stderr
2023-03-27T09:40:19.595+0000 7fece16cd700 1 --2- >> [v2:172.21.15.32:3300/0,v1:172.21.15.32:6789/0] conn(0x7fecdc079d10 0x7fecdc108000 unknown :-1 s=NONE pgs=0 cs=0 l=0 rev1=0 crypto rx=0 tx=0 comp rx=0 tx=0).connect
2023-03-27T09:40:21.548 INFO:teuthology.orchestra.run.smithi032.stdout:/usr/bin/ceph: stderr
2023-03-27T09:40:19.595+0000 7fece16cd700 1 -- --> [v2:172.21.15.32:3300/0,v1:172.21.15.32:6789/0] -- mon_getmap magic: 0 v1 -- 0x7fecdc108540 con 0x7fecdc079d10
2023-03-27T09:40:21.548 INFO:teuthology.orchestra.run.smithi032.stdout:/usr/bin/ceph: stderr
2023-03-27T09:40:19.595+0000 7fecdaffd700 1 --2- >> [v2:172.21.15.32:3300/0,v1:172.21.15.32:6789/0] conn(0x7fecdc079d10 0x7fecdc108000 unknown :-1 s=BANNER_CONNECTING pgs=0 cs=0 l=0 rev1=0 crypto rx=0 tx=0 comp rx=0 tx=0)._handle_peer_banner_payload supported=3 required=0
2023-03-27T09:40:21.548 INFO:teuthology.orchestra.run.smithi032.stdout:/usr/bin/ceph: stderr
2023-03-27T09:40:19.596+0000 7fecdaffd700 1 --2- >> [v2:172.21.15.32:3300/0,v1:172.21.15.32:6789/0] conn(0x7fecdc079d10 0x7fecdc108000 unknown :-1 s=HELLO_CONNECTING pgs=0 cs=0 l=0 rev1=1 crypto rx=0 tx=0 comp rx=0 tx=0).handle_hello peer v2:172.21.15.32:3300/0 says I am v2:172.21.15.32:60786/0 (socket says 172.21.15.32:60786)
2023-03-27T09:40:21.549 INFO:teuthology.orchestra.run.smithi032.stdout:/usr/bin/ceph: stderr
2023-03-27T09:40:19.596+0000 7fecdaffd700 1 -- 172.21.15.32:0/4022288240 learned_addr learned my addr 172.21.15.32:0/4022288240 (peer_addr_for_me v2:172.21.15.32:0/0)
2023-03-27T09:40:21.549 INFO:teuthology.orchestra.run.smithi032.stdout:/usr/bin/ceph: stderr
2023-03-27T09:40:19.596+0000 7fecdaffd700 1 -- 172.21.15.32:0/4022288240 --> [v2:172.21.15.32:3300/0,v1:172.21.15.32:6789/0] -- mon_subscribe({config=0+,monmap=0+}) v3 -- 0x7fecdc108680 con 0x7fecdc079d10
2023-03-27T09:40:21.549 INFO:teuthology.orchestra.run.smithi032.stdout:/usr/bin/ceph: stderr
2023-03-27T09:40:19.596+0000 7fecdaffd700 1 --2- 172.21.15.32:0/4022288240 >> [v2:172.21.15.32:3300/0,v1:172.21.15.32:6789/0] conn(0x7fecdc079d10 0x7fecdc108000 secure :-1 s=READY pgs=55 cs=0 l=1 rev1=1 crypto rx=0x7fecd00098a0 tx=0x7fecd0009bb0 comp rx=0 tx=0).ready entity=mon.0 client_cookie=35cb5483990672fd server_cookie=0 in_seq=0 out_seq=0
2023-03-27T09:40:21.549 INFO:teuthology.orchestra.run.smithi032.stdout:/usr/bin/ceph: stderr
2023-03-27T09:40:19.596+0000 7fecd9ffb700 1 -- 172.21.15.32:0/4022288240 <== mon.0 v2:172.21.15.32:3300/0 1 ==== mon_map magic: 0 v1 ==== 205+0+0 (secure 0 0 0) 0x7fecd0004160 con 0x7fecdc079d10
2023-03-27T09:40:21.549 INFO:teuthology.orchestra.run.smithi032.stdout:/usr/bin/ceph: stderr
2023-03-27T09:40:19.596+0000 7fecd9ffb700 1 -- 172.21.15.32:0/4022288240 <== mon.0 v2:172.21.15.32:3300/0 2 ==== config(26 keys) v1 ==== 1105+0+0 (secure 0 0 0) 0x7fecd00042c0 con 0x7fecdc079d10
2023-03-27T09:40:21.550 INFO:teuthology.orchestra.run.smithi032.stdout:/usr/bin/ceph: stderr
2023-03-27T09:40:19.596+0000 7fecd9ffb700 1 -- 172.21.15.32:0/4022288240 <== mon.0 v2:172.21.15.32:3300/0 3 ==== mon_map magic: 0 v1 ==== 205+0+0 (secure 0 0 0) 0x7fecd00119b0 con 0x7fecdc079d10
2023-03-27T09:40:21.550 INFO:teuthology.orchestra.run.smithi032.stdout:/usr/bin/ceph: stderr
2023-03-27T09:40:19.597+0000 7fece16cd700 1 -- 172.21.15.32:0/4022288240 >> [v2:172.21.15.32:3300/0,v1:172.21.15.32:6789/0] conn(0x7fecdc079d10 msgr2=0x7fecdc108000 secure :-1 s=STATE_CONNECTION_ESTABLISHED l=1).mark_down
2023-03-27T09:40:21.550 INFO:teuthology.orchestra.run.smithi032.stdout:/usr/bin/ceph: stderr
2023-03-27T09:40:19.597+0000 7fece16cd700 1 --2- 172.21.15.32:0/4022288240 >> [v2:172.21.15.32:3300/0,v1:172.21.15.32:6789/0] conn(0x7fecdc079d10 0x7fecdc108000 secure :-1 s=READY pgs=55 cs=0 l=1 rev1=1 crypto rx=0x7fecd00098a0 tx=0x7fecd0009bb0 comp rx=0 tx=0).stop
2023-03-27T09:40:21.550 INFO:teuthology.orchestra.run.smithi032.stdout:/usr/bin/ceph: stderr
2023-03-27T09:40:19.597+0000 7fece16cd700 1 -- 172.21.15.32:0/4022288240 shutdown_connections
2023-03-27T09:40:21.550 INFO:teuthology.orchestra.run.smithi032.stdout:/usr/bin/ceph: stderr
2023-03-27T09:40:19.597+0000 7fece16cd700 1 --2- 172.21.15.32:0/4022288240 >> [v2:172.21.15.32:3300/0,v1:172.21.15.32:6789/0] conn(0x7fecdc079d10 0x7fecdc108000 unknown :-1 s=CLOSED pgs=55 cs=0 l=1 rev1=1 crypto rx=0 tx=0 comp rx=0 tx=0).stop
2023-03-27T09:40:21.550 INFO:teuthology.orchestra.run.smithi032.stdout:/usr/bin/ceph: stderr
2023-03-27T09:40:19.597+0000 7fece16cd700 1 -- 172.21.15.32:0/4022288240 >> 172.21.15.32:0/4022288240 conn(0x7fecdc0ff9d0 msgr2=0x7fecdc101de0 unknown :-1 s=STATE_NONE l=0).mark_down
2023-03-27T09:40:21.550 INFO:teuthology.orchestra.run.smithi032.stdout:/usr/bin/ceph: stderr
2023-03-27T09:40:19.597+0000 7fece16cd700 1 -- 172.21.15.32:0/4022288240 shutdown_connections
2023-03-27T09:40:21.551 INFO:teuthology.orchestra.run.smithi032.stdout:/usr/bin/ceph: stderr
2023-03-27T09:40:19.597+0000 7fece16cd700 1 -- 172.21.15.32:0/4022288240 wait complete.
2023-03-27T09:40:21.551 INFO:teuthology.orchestra.run.smithi032.stdout:/usr/bin/ceph: stderr
2023-03-27T09:40:19.597+0000 7fece16cd700 1 Processor -- start
2023-03-27T09:40:21.551 INFO:teuthology.orchestra.run.smithi032.stdout:/usr/bin/ceph: stderr
2023-03-27T09:40:19.598+0000 7fece16cd700 1 -- start start
2023-03-27T09:40:21.551 INFO:teuthology.orchestra.run.smithi032.stdout:/usr/bin/ceph: stderr
2023-03-27T09:40:19.598+0000 7fece16cd700 1 --2- >> [v2:172.21.15.32:3300/0,v1:172.21.15.32:6789/0] conn(0x7fecdc105910 0x7fecdc103fa0 unknown :-1 s=NONE pgs=0 cs=0 l=1 rev1=0 crypto rx=0 tx=0 comp rx=0 tx=0).connect
2023-03-27T09:40:21.551 INFO:teuthology.orchestra.run.smithi032.stdout:/usr/bin/ceph: stderr
2023-03-27T09:40:19.598+0000 7fece16cd700 1 -- --> [v2:172.21.15.32:3300/0,v1:172.21.15.32:6789/0] -- mon_getmap magic: 0 v1 -- 0x7fecdc105d20 con 0x7fecdc105910
2023-03-27T09:40:21.551 INFO:teuthology.orchestra.run.smithi032.stdout:/usr/bin/ceph: stderr
2023-03-27T09:40:19.598+0000 7fecdaffd700 1 --2- >> [v2:172.21.15.32:3300/0,v1:172.21.15.32:6789/0] conn(0x7fecdc105910 0x7fecdc103fa0 unknown :-1 s=BANNER_CONNECTING pgs=0 cs=0 l=1 rev1=0 crypto rx=0 tx=0 comp rx=0 tx=0)._handle_peer_banner_payload supported=3 required=0
2023-03-27T09:40:21.551 INFO:teuthology.orchestra.run.smithi032.stdout:/usr/bin/ceph: stderr
2023-03-27T09:40:19.598+0000 7fecdaffd700 1 --2- >> [v2:172.21.15.32:3300/0,v1:172.21.15.32:6789/0] conn(0x7fecdc105910 0x7fecdc103fa0 unknown :-1 s=HELLO_CONNECTING pgs=0 cs=0 l=1 rev1=1 crypto rx=0 tx=0 comp rx=0 tx=0).handle_hello peer v2:172.21.15.32:3300/0 says I am v2:172.21.15.32:60788/0 (socket says 172.21.15.32:60788)
2023-03-27T09:40:21.552 INFO:teuthology.orchestra.run.smithi032.stdout:/usr/bin/ceph: stderr
2023-03-27T09:40:19.598+0000 7fecdaffd700 1 -- 172.21.15.32:0/2084961018 learned_addr learned my addr 172.21.15.32:0/2084961018 (peer_addr_for_me v2:172.21.15.32:0/0)
2023-03-27T09:40:21.552 INFO:teuthology.orchestra.run.smithi032.stdout:/usr/bin/ceph: stderr
