2023-03-27T09:39:56.774+0000 7ff658506700 1 --2- >> [v2:172.21.15.32:3300/0,v1:172.21.15.32:6789/0] conn(0x7ff650104360 0x7ff65018f570 unknown :-1 s=NONE pgs=0 cs=0 l=1 rev1=0 crypto rx=0 tx=0 comp rx=0 tx=0).connect
2023-03-27T09:39:57.626 INFO:teuthology.orchestra.run.smithi032.stdout:/usr/bin/ceph: stderr
2023-03-27T09:39:56.774+0000 7ff658506700 1 -- --> [v2:172.21.15.32:3300/0,v1:172.21.15.32:6789/0] -- mon_getmap magic: 0 v1 -- 0x7ff65018fab0 con 0x7ff650104360
2023-03-27T09:39:57.626 INFO:teuthology.orchestra.run.smithi032.stdout:/usr/bin/ceph: stderr
2023-03-27T09:39:56.774+0000 7ff6562a2700 1 --2- >> [v2:172.21.15.32:3300/0,v1:172.21.15.32:6789/0] conn(0x7ff650104360 0x7ff65018f570 unknown :-1 s=BANNER_CONNECTING pgs=0 cs=0 l=1 rev1=0 crypto rx=0 tx=0 comp rx=0 tx=0)._handle_peer_banner_payload supported=3 required=0
2023-03-27T09:39:57.626 INFO:teuthology.orchestra.run.smithi032.stdout:/usr/bin/ceph: stderr
2023-03-27T09:39:56.774+0000 7ff6562a2700 1 --2- >> [v2:172.21.15.32:3300/0,v1:172.21.15.32:6789/0] conn(0x7ff650104360 0x7ff65018f570 unknown :-1 s=HELLO_CONNECTING pgs=0 cs=0 l=1 rev1=1 crypto rx=0 tx=0 comp rx=0 tx=0).handle_hello peer v2:172.21.15.32:3300/0 says I am v2:172.21.15.32:60650/0 (socket says 172.21.15.32:60650)
2023-03-27T09:39:57.627 INFO:teuthology.orchestra.run.smithi032.stdout:/usr/bin/ceph: stderr
2023-03-27T09:39:56.774+0000 7ff6562a2700 1 -- 172.21.15.32:0/64164192 learned_addr learned my addr 172.21.15.32:0/64164192 (peer_addr_for_me v2:172.21.15.32:0/0)
2023-03-27T09:39:57.627 INFO:teuthology.orchestra.run.smithi032.stdout:/usr/bin/ceph: stderr
2023-03-27T09:39:56.774+0000 7ff6562a2700 1 -- 172.21.15.32:0/64164192 --> [v2:172.21.15.32:3300/0,v1:172.21.15.32:6789/0] -- mon_subscribe({config=0+,monmap=0+}) v3 -- 0x7ff64c009550 con 0x7ff650104360
2023-03-27T09:39:57.627 INFO:teuthology.orchestra.run.smithi032.stdout:/usr/bin/ceph: stderr
2023-03-27T09:39:56.774+0000 7ff6562a2700 1 --2- 172.21.15.32:0/64164192 >> [v2:172.21.15.32:3300/0,v1:172.21.15.32:6789/0] conn(0x7ff650104360 0x7ff65018f570 secure :-1 s=READY pgs=27 cs=0 l=1 rev1=1 crypto rx=0x7ff64c009130 tx=0x7ff64c011ad0 comp rx=0 tx=0).ready entity=mon.0 client_cookie=0 server_cookie=0 in_seq=0 out_seq=0
2023-03-27T09:39:57.627 INFO:teuthology.orchestra.run.smithi032.stdout:/usr/bin/ceph: stderr
2023-03-27T09:39:56.774+0000 7ff6477fe700 1 -- 172.21.15.32:0/64164192 <== mon.0 v2:172.21.15.32:3300/0 1 ==== mon_map magic: 0 v1 ==== 205+0+0 (secure 0 0 0) 0x7ff64c003b70 con 0x7ff650104360
2023-03-27T09:39:57.627 INFO:teuthology.orchestra.run.smithi032.stdout:/usr/bin/ceph: stderr
2023-03-27T09:39:56.774+0000 7ff6477fe700 1 -- 172.21.15.32:0/64164192 <== mon.0 v2:172.21.15.32:3300/0 2 ==== config(26 keys) v1 ==== 1074+0+0 (secure 0 0 0) 0x7ff64c003cd0 con 0x7ff650104360
2023-03-27T09:39:57.628 INFO:teuthology.orchestra.run.smithi032.stdout:/usr/bin/ceph: stderr
2023-03-27T09:39:56.775+0000 7ff658506700 1 -- 172.21.15.32:0/64164192 --> [v2:172.21.15.32:3300/0,v1:172.21.15.32:6789/0] -- mon_subscribe({mgrmap=0+}) v3 -- 0x7ff6501063b0 con 0x7ff650104360
2023-03-27T09:39:57.628 INFO:teuthology.orchestra.run.smithi032.stdout:/usr/bin/ceph: stderr
2023-03-27T09:39:56.775+0000 7ff6477fe700 1 -- 172.21.15.32:0/64164192 <== mon.0 v2:172.21.15.32:3300/0 3 ==== mon_map magic: 0 v1 ==== 205+0+0 (secure 0 0 0) 0x7ff64c0197d0 con 0x7ff650104360
2023-03-27T09:39:57.628 INFO:teuthology.orchestra.run.smithi032.stdout:/usr/bin/ceph: stderr
2023-03-27T09:39:56.775+0000 7ff658506700 1 -- 172.21.15.32:0/64164192 --> [v2:172.21.15.32:3300/0,v1:172.21.15.32:6789/0] -- mon_subscribe({osdmap=0}) v3 -- 0x7ff650106220 con 0x7ff650104360
2023-03-27T09:39:57.628 INFO:teuthology.orchestra.run.smithi032.stdout:/usr/bin/ceph: stderr
2023-03-27T09:39:56.775+0000 7ff6477fe700 1 -- 172.21.15.32:0/64164192 <== mon.0 v2:172.21.15.32:3300/0 4 ==== mgrmap(e 5) v1 ==== 43509+0+0 (secure 0 0 0) 0x7ff64c02c070 con 0x7ff650104360
2023-03-27T09:39:57.628 INFO:teuthology.orchestra.run.smithi032.stdout:/usr/bin/ceph: stderr
2023-03-27T09:39:56.776+0000 7ff6477fe700 1 --2- 172.21.15.32:0/64164192 >> [v2:172.21.15.32:6800/3053477755,v1:172.21.15.32:6801/3053477755] conn(0x7ff63c036870 0x7ff63c038d20 unknown :-1 s=NONE pgs=0 cs=0 l=1 rev1=0 crypto rx=0 tx=0 comp rx=0 tx=0).connect
2023-03-27T09:39:57.628 INFO:teuthology.orchestra.run.smithi032.stdout:/usr/bin/ceph: stderr
2023-03-27T09:39:56.776+0000 7ff6477fe700 1 -- 172.21.15.32:0/64164192 <== mon.0 v2:172.21.15.32:3300/0 5 ==== osd_map(1..1 src has 1..1) v4 ==== 725+0+0 (secure 0 0 0) 0x7ff64c049d10 con 0x7ff650104360
2023-03-27T09:39:57.628 INFO:teuthology.orchestra.run.smithi032.stdout:/usr/bin/ceph: stderr
2023-03-27T09:39:56.776+0000 7ff655aa1700 1 -- 172.21.15.32:0/64164192 >> [v2:172.21.15.32:6800/3053477755,v1:172.21.15.32:6801/3053477755] conn(0x7ff63c036870 msgr2=0x7ff63c038d20 unknown :-1 s=STATE_CONNECTING_RE l=1).process reconnect failed to v2:172.21.15.32:6800/3053477755
2023-03-27T09:39:57.629 INFO:teuthology.orchestra.run.smithi032.stdout:/usr/bin/ceph: stderr
2023-03-27T09:39:56.776+0000 7ff655aa1700 1 --2- 172.21.15.32:0/64164192 >> [v2:172.21.15.32:6800/3053477755,v1:172.21.15.32:6801/3053477755] conn(0x7ff63c036870 0x7ff63c038d20 unknown :-1 s=START_CONNECT pgs=0 cs=0 l=1 rev1=0 crypto rx=0 tx=0 comp rx=0 tx=0)._fault waiting 0.200000
2023-03-27T09:39:57.629 INFO:teuthology.orchestra.run.smithi032.stdout:/usr/bin/ceph: stderr
2023-03-27T09:39:56.776+0000 7ff658506700 1 -- 172.21.15.32:0/64164192 --> [v2:172.21.15.32:3300/0,v1:172.21.15.32:6789/0] -- mon_command({"prefix": "get_command_descriptions"} v 0) v1 -- 0x7ff650061e00 con 0x7ff650104360
2023-03-27T09:39:57.629 INFO:teuthology.orchestra.run.smithi032.stdout:/usr/bin/ceph: stderr
2023-03-27T09:39:56.781+0000 7ff6477fe700 1 -- 172.21.15.32:0/64164192 <== mon.0 v2:172.21.15.32:3300/0 6 ==== mon_command_ack([{"prefix": "get_command_descriptions"}]=0 v0) v1 ==== 72+0+174404 (secure 0 0 0) 0x7ff64c00b3e0 con 0x7ff650104360
2023-03-27T09:39:57.629 INFO:teuthology.orchestra.run.smithi032.stdout:/usr/bin/ceph: stderr
2023-03-27T09:39:56.977+0000 7ff655aa1700 1 -- 172.21.15.32:0/64164192 >> [v2:172.21.15.32:6800/3053477755,v1:172.21.15.32:6801/3053477755] conn(0x7ff63c036870 msgr2=0x7ff63c038d20 unknown :-1 s=STATE_CONNECTING_RE l=1).process reconnect failed to v2:172.21.15.32:6800/3053477755
2023-03-27T09:39:57.629 INFO:teuthology.orchestra.run.smithi032.stdout:/usr/bin/ceph: stderr
2023-03-27T09:39:56.977+0000 7ff655aa1700 1 --2- 172.21.15.32:0/64164192 >> [v2:172.21.15.32:6800/3053477755,v1:172.21.15.32:6801/3053477755] conn(0x7ff63c036870 0x7ff63c038d20 unknown :-1 s=START_CONNECT pgs=0 cs=0 l=1 rev1=0 crypto rx=0 tx=0 comp rx=0 tx=0)._fault waiting 0.400000
2023-03-27T09:39:57.629 INFO:teuthology.orchestra.run.smithi032.stdout:/usr/bin/ceph: stderr
2023-03-27T09:39:57.244+0000 7ff658506700 1 -- 172.21.15.32:0/64164192 --> [v2:172.21.15.32:3300/0,v1:172.21.15.32:6789/0] -- mon_command({"prefix": "mgr stat"} v 0) v1 -- 0x7ff65018ea20 con 0x7ff650104360
2023-03-27T09:39:57.629 INFO:teuthology.orchestra.run.smithi032.stdout:/usr/bin/ceph: stderr
2023-03-27T09:39:57.245+0000 7ff6477fe700 1 -- 172.21.15.32:0/64164192 <== mon.0 v2:172.21.15.32:3300/0 7 ==== mon_command_ack([{"prefix": "mgr stat"}]=0 v5) v1 ==== 56+0+88 (secure 0 0 0) 0x7ff64c047070 con 0x7ff650104360
2023-03-27T09:39:57.630 INFO:teuthology.orchestra.run.smithi032.stdout:/usr/bin/ceph: stderr
2023-03-27T09:39:57.247+0000 7ff658506700 1 -- 172.21.15.32:0/64164192 >> [v2:172.21.15.32:6800/3053477755,v1:172.21.15.32:6801/3053477755] conn(0x7ff63c036870 msgr2=0x7ff63c038d20 unknown :-1 s=STATE_CONNECTING l=1).mark_down
2023-03-27T09:39:57.630 INFO:teuthology.orchestra.run.smithi032.stdout:/usr/bin/ceph: stderr
2023-03-27T09:39:57.247+0000 7ff658506700 1 --2- 172.21.15.32:0/64164192 >> [v2:172.21.15.32:6800/3053477755,v1:172.21.15.32:6801/3053477755] conn(0x7ff63c036870 0x7ff63c038d20 unknown :-1 s=START_CONNECT pgs=0 cs=0 l=1 rev1=0 crypto rx=0 tx=0 comp rx=0 tx=0).stop
2023-03-27T09:39:57.630 INFO:teuthology.orchestra.run.smithi032.stdout:/usr/bin/ceph: stderr
2023-03-27T09:39:57.247+0000 7ff658506700 1 -- 172.21.15.32:0/64164192 >> [v2:172.21.15.32:3300/0,v1:172.21.15.32:6789/0] conn(0x7ff650104360 msgr2=0x7ff65018f570 secure :-1 s=STATE_CONNECTION_ESTABLISHED l=1).mark_down
2023-03-27T09:39:57.630 INFO:teuthology.orchestra.run.smithi032.stdout:/usr/bin/ceph: stderr
2023-03-27T09:39:57.247+0000 7ff658506700 1 --2- 172.21.15.32:0/64164192 >> [v2:172.21.15.32:3300/0,v1:172.21.15.32:6789/0] conn(0x7ff650104360 0x7ff65018f570 secure :-1 s=READY pgs=27 cs=0 l=1 rev1=1 crypto rx=0x7ff64c009130 tx=0x7ff64c011ad0 comp rx=0 tx=0).stop
2023-03-27T09:39:57.630 INFO:teuthology.orchestra.run.smithi032.stdout:/usr/bin/ceph: stderr
2023-03-27T09:39:57.247+0000 7ff658506700 1 -- 172.21.15.32:0/64164192 shutdown_connections
2023-03-27T09:39:57.630 INFO:teuthology.orchestra.run.smithi032.stdout:/usr/bin/ceph: stderr
2023-03-27T09:39:57.247+0000 7ff658506700 1 --2- 172.21.15.32:0/64164192 >> [v2:172.21.15.32:6800/3053477755,v1:172.21.15.32:6801/3053477755] conn(0x7ff63c036870 0x7ff63c038d20 unknown :-1 s=CLOSED pgs=0 cs=0 l=1 rev1=0 crypto rx=0 tx=0 comp rx=0 tx=0).stop
2023-03-27T09:39:57.630 INFO:teuthology.orchestra.run.smithi032.stdout:/usr/bin/ceph: stderr
2023-03-27T09:39:57.247+0000 7ff658506700 1 --2- 172.21.15.32:0/64164192 >> [v2:172.21.15.32:3300/0,v1:172.21.15.32:6789/0] conn(0x7ff650104360 0x7ff65018f570 unknown :-1 s=CLOSED pgs=27 cs=0 l=1 rev1=1 crypto rx=0 tx=0 comp rx=0 tx=0).stop
2023-03-27T09:39:57.630 INFO:teuthology.orchestra.run.smithi032.stdout:/usr/bin/ceph: stderr
2023-03-27T09:39:57.247+0000 7ff658506700 1 -- 172.21.15.32:0/64164192 >> 172.21.15.32:0/64164192 conn(0x7ff6500ff9d0 msgr2=0x7ff650079910 unknown :-1 s=STATE_NONE l=0).mark_down
2023-03-27T09:39:57.631 INFO:teuthology.orchestra.run.smithi032.stdout:/usr/bin/ceph: stderr
2023-03-27T09:39:57.247+0000 7ff658506700 1 -- 172.21.15.32:0/64164192 shutdown_connections
2023-03-27T09:39:57.631 INFO:teuthology.orchestra.run.smithi032.stdout:/usr/bin/ceph: stderr
2023-03-27T09:39:57.247+0000 7ff658506700 1 -- 172.21.15.32:0/64164192 wait complete.
2023-03-27T09:39:57.631 INFO:teuthology.orchestra.run.smithi032.stdout:Waiting for the mgr to restart...
2023-03-27T09:39:57.631 INFO:teuthology.orchestra.run.smithi032.stdout:Waiting for mgr epoch 5...
2023-03-27T09:39:58.325 INFO:journalctl@ceph.mon.a.smithi032.stdout:Mar 27 09:39:58 smithi032 ceph-mon[92957]: from='client.? 172.21.15.32:0/64164192' entity='client.admin' cmd=[{"prefix": "mgr stat"}]: dispatch
2023-03-27T09:39:58.326 INFO:journalctl@ceph.mgr.x.smithi032.stdout:Mar 27 09:39:57 smithi032 ceph-1e336fc8-cc83-11ed-9afe-001a4aab830c-mgr-x[93200]:
2023-03-27T09:39:57.917+0000 7fc11bbd2200 -1 mgr[py] Module progress has missing NOTIFY_TYPES member
2023-03-27T09:39:59.076 INFO:journalctl@ceph.mgr.x.smithi032.stdout:Mar 27 09:39:58 smithi032 ceph-1e336fc8-cc83-11ed-9afe-001a4aab830c-mgr-x[93200]:
2023-03-27T09:39:58.598+0000 7fc11bbd2200 -1 mgr[py] Module rook has missing NOTIFY_TYPES member
2023-03-27T09:39:59.076 INFO:journalctl@ceph.mgr.x.smithi032.stdout:Mar 27 09:39:58 smithi032 ceph-1e336fc8-cc83-11ed-9afe-001a4aab830c-mgr-x[93200]:
2023-03-27T09:39:58.787+0000 7fc11bbd2200 -1 mgr[py] Module iostat has missing NOTIFY_TYPES member
2023-03-27T09:40:00.049 INFO:journalctl@ceph.mgr.x.smithi032.stdout:Mar 27 09:39:59 smithi032 ceph-1e336fc8-cc83-11ed-9afe-001a4aab830c-mgr-x[93200]:
2023-03-27T09:39:59.729+0000 7fc11bbd2200 -1 mgr[py] Module test_orchestrator has missing NOTIFY_TYPES member
2023-03-27T09:40:00.049 INFO:journalctl@ceph.mgr.x.smithi032.stdout:Mar 27 09:39:59 smithi032 ceph-1e336fc8-cc83-11ed-9afe-001a4aab830c-mgr-x[93200]:
2023-03-27T09:39:59.837+0000 7fc11bbd2200 -1 mgr[py] Module osd_perf_query has missing NOTIFY_TYPES member
2023-03-27T09:40:00.049 INFO:journalctl@ceph.mgr.x.smithi032.stdout:Mar 27 09:40:00 smithi032 ceph-1e336fc8-cc83-11ed-9afe-001a4aab830c-mgr-x[93200]:
2023-03-27T09:40:00.050+0000 7fc11bbd2200 -1 mgr[py] Module orchestrator has missing NOTIFY_TYPES member
2023-03-27T09:40:00.325 INFO:journalctl@ceph.mgr.x.smithi032.stdout:Mar 27 09:40:00 smithi032 ceph-1e336fc8-cc83-11ed-9afe-001a4aab830c-mgr-x[93200]:
2023-03-27T09:40:00.270+0000 7fc11bbd2200 -1 mgr[py] Module influx has missing NOTIFY_TYPES member
2023-03-27T09:40:00.825 INFO:journalctl@ceph.mgr.x.smithi032.stdout:Mar 27 09:40:00 smithi032 ceph-1e336fc8-cc83-11ed-9afe-001a4aab830c-mgr-x[93200]:
2023-03-27T09:40:00.448+0000 7fc11bbd2200 -1 mgr[py] Module telemetry has missing NOTIFY_TYPES member
2023-03-27T09:40:01.325 INFO:journalctl@ceph.mgr.x.smithi032.stdout:Mar 27 09:40:00 smithi032 ceph-1e336fc8-cc83-11ed-9afe-001a4aab830c-mgr-x[93200]:
2023-03-27T09:40:00.918+0000 7fc11bbd2200 -1 mgr[py] Module telegraf has missing NOTIFY_TYPES member
2023-03-27T09:40:01.825 INFO:journalctl@ceph.mgr.x.smithi032.stdout:Mar 27 09:40:01 smithi032 ceph-1e336fc8-cc83-11ed-9afe-001a4aab830c-mgr-x[93200]:
2023-03-27T09:40:01.556+0000 7fc11bbd2200 -1 mgr[py] Module balancer has missing NOTIFY_TYPES member
2023-03-27T09:40:02.268 INFO:journalctl@ceph.mgr.x.smithi032.stdout:Mar 27 09:40:01 smithi032 ceph-1e336fc8-cc83-11ed-9afe-001a4aab830c-mgr-x[93200]:
2023-03-27T09:40:01.898+0000 7fc11bbd2200 -1 mgr[py] Module diskprediction_local has missing NOTIFY_TYPES member
2023-03-27T09:40:02.269 INFO:journalctl@ceph.mgr.x.smithi032.stdout:Mar 27 09:40:02 smithi032 ceph-1e336fc8-cc83-11ed-9afe-001a4aab830c-mgr-x[93200]:
2023-03-27T09:40:02.135+0000 7fc11bbd2200 -1 mgr[py] Module nfs has missing NOTIFY_TYPES member
2023-03-27T09:40:02.825 INFO:journalctl@ceph.mgr.x.smithi032.stdout:Mar 27 09:40:02 smithi032 ceph-1e336fc8-cc83-11ed-9afe-001a4aab830c-mgr-x[93200]:
2023-03-27T09:40:02.269+0000 7fc11bbd2200 -1 mgr[py] Module rbd_support has missing NOTIFY_TYPES member
2023-03-27T09:40:02.826 INFO:journalctl@ceph.mgr.x.smithi032.stdout:Mar 27 09:40:02 smithi032 ceph-1e336fc8-cc83-11ed-9afe-001a4aab830c-mgr-x[93200]:
2023-03-27T09:40:02.534+0000 7fc11bbd2200 -1 mgr[py] Module volumes has missing NOTIFY_TYPES member
2023-03-27T09:40:04.075 INFO:journalctl@ceph.mgr.x.smithi032.stdout:Mar 27 09:40:03 smithi032 ceph-1e336fc8-cc83-11ed-9afe-001a4aab830c-mgr-x[93200]:
2023-03-27T09:40:03.593+0000 7fc11bbd2200 -1 mgr[py] Module pg_autoscaler has missing NOTIFY_TYPES member
2023-03-27T09:40:04.973 INFO:teuthology.orchestra.run.smithi032.stdout:/usr/bin/ceph: stdout {
2023-03-27T09:40:04.979 INFO:teuthology.orchestra.run.smithi032.stdout:/usr/bin/ceph: stdout "mgrmap_epoch": 7,
2023-03-27T09:40:04.979 INFO:teuthology.orchestra.run.smithi032.stdout:/usr/bin/ceph: stdout "initialized": true
2023-03-27T09:40:04.980 INFO:teuthology.orchestra.run.smithi032.stdout:/usr/bin/ceph: stdout }
2023-03-27T09:40:04.980 INFO:teuthology.orchestra.run.smithi032.stdout:/usr/bin/ceph: stderr
2023-03-27T09:39:58.127+0000 7f0f8351d700 1 Processor -- start
2023-03-27T09:40:04.980 INFO:teuthology.orchestra.run.smithi032.stdout:/usr/bin/ceph: stderr
2023-03-27T09:39:58.128+0000 7f0f8351d700 1 -- start start
2023-03-27T09:40:04.980 INFO:teuthology.orchestra.run.smithi032.stdout:/usr/bin/ceph: stderr
2023-03-27T09:39:58.128+0000 7f0f8351d700 1 --2- >> [v2:172.21.15.32:3300/0,v1:172.21.15.32:6789/0] conn(0x7f0f7c105460 0x7f0f7c105870 unknown :-1 s=NONE pgs=0 cs=0 l=0 rev1=0 crypto rx=0 tx=0 comp rx=0 tx=0).connect
2023-03-27T09:40:04.980 INFO:teuthology.orchestra.run.smithi032.stdout:/usr/bin/ceph: stderr
2023-03-27T09:39:58.128+0000 7f0f8351d700 1 -- --> [v2:172.21.15.32:3300/0,v1:172.21.15.32:6789/0] -- mon_getmap magic: 0 v1 -- 0x7f0f7c105db0 con 0x7f0f7c105460
2023-03-27T09:40:04.980 INFO:teuthology.orchestra.run.smithi032.stdout:/usr/bin/ceph: stderr
2023-03-27T09:39:58.128+0000 7f0f812b9700 1 --2- >> [v2:172.21.15.32:3300/0,v1:172.21.15.32:6789/0] conn(0x7f0f7c105460 0x7f0f7c105870 unknown :-1 s=BANNER_CONNECTING pgs=0 cs=0 l=0 rev1=0 crypto rx=0 tx=0 comp rx=0 tx=0)._handle_peer_banner_payload supported=3 required=0
2023-03-27T09:40:04.980 INFO:teuthology.orchestra.run.smithi032.stdout:/usr/bin/ceph: stderr
2023-03-27T09:39:58.128+0000 7f0f812b9700 1 --2- >> [v2:172.21.15.32:3300/0,v1:172.21.15.32:6789/0] conn(0x7f0f7c105460 0x7f0f7c105870 unknown :-1 s=HELLO_CONNECTING pgs=0 cs=0 l=0 rev1=1 crypto rx=0 tx=0 comp rx=0 tx=0).handle_hello peer v2:172.21.15.32:3300/0 says I am v2:172.21.15.32:60658/0 (socket says 172.21.15.32:60658)
2023-03-27T09:40:04.980 INFO:teuthology.orchestra.run.smithi032.stdout:/usr/bin/ceph: stderr
2023-03-27T09:39:58.128+0000 7f0f812b9700 1 -- 172.21.15.32:0/2253039029 learned_addr learned my addr 172.21.15.32:0/2253039029 (peer_addr_for_me v2:172.21.15.32:0/0)
2023-03-27T09:40:04.981 INFO:teuthology.orchestra.run.smithi032.stdout:/usr/bin/ceph: stderr
2023-03-27T09:39:58.128+0000 7f0f812b9700 1 -- 172.21.15.32:0/2253039029 --> [v2:172.21.15.32:3300/0,v1:172.21.15.32:6789/0] -- mon_subscribe({config=0+,monmap=0+}) v3 -- 0x7f0f7c105ef0 con 0x7f0f7c105460
2023-03-27T09:40:04.981 INFO:teuthology.orchestra.run.smithi032.stdout:/usr/bin/ceph: stderr
2023-03-27T09:39:58.128+0000 7f0f812b9700 1 --2- 172.21.15.32:0/2253039029 >> [v2:172.21.15.32:3300/0,v1:172.21.15.32:6789/0] conn(0x7f0f7c105460 0x7f0f7c105870 secure :-1 s=READY pgs=28 cs=0 l=1 rev1=1 crypto rx=0x7f0f780098a0 tx=0x7f0f78009bb0 comp rx=0 tx=0).ready entity=mon.0 client_cookie=a4de4d62e9de7c46 server_cookie=0 in_seq=0 out_seq=0
2023-03-27T09:40:04.981 INFO:teuthology.orchestra.run.smithi032.stdout:/usr/bin/ceph: stderr
2023-03-27T09:39:58.129+0000 7f0f73fff700 1 -- 172.21.15.32:0/2253039029 <== mon.0 v2:172.21.15.32:3300/0 1 ==== mon_map magic: 0 v1 ==== 205+0+0 (secure 0 0 0) 0x7f0f78004160 con 0x7f0f7c105460
2023-03-27T09:40:04.981 INFO:teuthology.orchestra.run.smithi032.stdout:/usr/bin/ceph: stderr
2023-03-27T09:39:58.129+0000 7f0f73fff700 1 -- 172.21.15.32:0/2253039029 <== mon.0 v2:172.21.15.32:3300/0 2 ==== config(26 keys) v1 ==== 1074+0+0 (secure 0 0 0) 0x7f0f780042c0 con 0x7f0f7c105460
2023-03-27T09:40:04.981 INFO:teuthology.orchestra.run.smithi032.stdout:/usr/bin/ceph: stderr
2023-03-27T09:39:58.129+0000 7f0f73fff700 1 -- 172.21.15.32:0/2253039029 <== mon.0 v2:172.21.15.32:3300/0 3 ==== mon_map magic: 0 v1 ==== 205+0+0 (secure 0 0 0) 0x7f0f78011a00 con 0x7f0f7c105460
2023-03-27T09:40:04.981 INFO:teuthology.orchestra.run.smithi032.stdout:/usr/bin/ceph: stderr
2023-03-27T09:39:58.129+0000 7f0f8351d700 1 -- 172.21.15.32:0/2253039029 >> [v2:172.21.15.32:3300/0,v1:172.21.15.32:6789/0] conn(0x7f0f7c105460 msgr2=0x7f0f7c105870 secure :-1 s=STATE_CONNECTION_ESTABLISHED l=1).mark_down
2023-03-27T09:40:04.981 INFO:teuthology.orchestra.run.smithi032.stdout:/usr/bin/ceph: stderr
2023-03-27T09:39:58.129+0000 7f0f8351d700 1 --2- 172.21.15.32:0/2253039029 >> [v2:172.21.15.32:3300/0,v1:172.21.15.32:6789/0] conn(0x7f0f7c105460 0x7f0f7c105870 secure :-1 s=READY pgs=28 cs=0 l=1 rev1=1 crypto rx=0x7f0f780098a0 tx=0x7f0f78009bb0 comp rx=0 tx=0).stop
2023-03-27T09:40:04.982 INFO:teuthology.orchestra.run.smithi032.stdout:/usr/bin/ceph: stderr
2023-03-27T09:39:58.129+0000 7f0f8351d700 1 -- 172.21.15.32:0/2253039029 shutdown_connections
2023-03-27T09:40:04.982 INFO:teuthology.orchestra.run.smithi032.stdout:/usr/bin/ceph: stderr
2023-03-27T09:39:58.129+0000 7f0f8351d700 1 --2- 172.21.15.32:0/2253039029 >> [v2:172.21.15.32:3300/0,v1:172.21.15.32:6789/0] conn(0x7f0f7c105460 0x7f0f7c105870 unknown :-1 s=CLOSED pgs=28 cs=0 l=1 rev1=1 crypto rx=0 tx=0 comp rx=0 tx=0).stop
2023-03-27T09:40:04.982 INFO:teuthology.orchestra.run.smithi032.stdout:/usr/bin/ceph: stderr
2023-03-27T09:39:58.129+0000 7f0f8351d700 1 -- 172.21.15.32:0/2253039029 >> 172.21.15.32:0/2253039029 conn(0x7f0f7c100af0 msgr2=0x7f0f7c102f00 unknown :-1 s=STATE_NONE l=0).mark_down
2023-03-27T09:40:04.982 INFO:teuthology.orchestra.run.smithi032.stdout:/usr/bin/ceph: stderr
2023-03-27T09:39:58.130+0000 7f0f8351d700 1 -- 172.21.15.32:0/2253039029 shutdown_connections
2023-03-27T09:40:04.982 INFO:teuthology.orchestra.run.smithi032.stdout:/usr/bin/ceph: stderr
2023-03-27T09:39:58.130+0000 7f0f8351d700 1 -- 172.21.15.32:0/2253039029 wait complete.
2023-03-27T09:40:04.982 INFO:teuthology.orchestra.run.smithi032.stdout:/usr/bin/ceph: stderr
2023-03-27T09:39:58.130+0000 7f0f8351d700 1 Processor -- start
2023-03-27T09:40:04.982 INFO:teuthology.orchestra.run.smithi032.stdout:/usr/bin/ceph: stderr
2023-03-27T09:39:58.130+0000 7f0f8351d700 1 -- start start
2023-03-27T09:40:04.983 INFO:teuthology.orchestra.run.smithi032.stdout:/usr/bin/ceph: stderr
2023-03-27T09:39:58.130+0000 7f0f8351d700 1 --2- >> [v2:172.21.15.32:3300/0,v1:172.21.15.32:6789/0] conn(0x7f0f7c105460 0x7f0f7c07bc60 unknown :-1 s=NONE pgs=0 cs=0 l=1 rev1=0 crypto rx=0 tx=0 comp rx=0 tx=0).connect
2023-03-27T09:40:04.983 INFO:teuthology.orchestra.run.smithi032.stdout:/usr/bin/ceph: stderr
2023-03-27T09:39:58.130+0000 7f0f8351d700 1 -- --> [v2:172.21.15.32:3300/0,v1:172.21.15.32:6789/0] -- mon_getmap magic: 0 v1 -- 0x7f0f7c07c1a0 con 0x7f0f7c105460
2023-03-27T09:40:04.983 INFO:teuthology.orchestra.run.smithi032.stdout:/usr/bin/ceph: stderr
2023-03-27T09:39:58.130+0000 7f0f812b9700 1 --2- >> [v2:172.21.15.32:3300/0,v1:172.21.15.32:6789/0] conn(0x7f0f7c105460 0x7f0f7c07bc60 unknown :-1 s=BANNER_CONNECTING pgs=0 cs=0 l=1 rev1=0 crypto rx=0 tx=0 comp rx=0 tx=0)._handle_peer_banner_payload supported=3 required=0
2023-03-27T09:40:04.983 INFO:teuthology.orchestra.run.smithi032.stdout:/usr/bin/ceph: stderr
2023-03-27T09:39:58.130+0000 7f0f812b9700 1 --2- >> [v2:172.21.15.32:3300/0,v1:172.21.15.32:6789/0] conn(0x7f0f7c105460 0x7f0f7c07bc60 unknown :-1 s=HELLO_CONNECTING pgs=0 cs=0 l=1 rev1=1 crypto rx=0 tx=0 comp rx=0 tx=0).handle_hello peer v2:172.21.15.32:3300/0 says I am v2:172.21.15.32:60660/0 (socket says 172.21.15.32:60660)
2023-03-27T09:40:04.983 INFO:teuthology.orchestra.run.smithi032.stdout:/usr/bin/ceph: stderr
2023-03-27T09:39:58.130+0000 7f0f812b9700 1 -- 172.21.15.32:0/340835391 learned_addr learned my addr 172.21.15.32:0/340835391 (peer_addr_for_me v2:172.21.15.32:0/0)
2023-03-27T09:40:04.983 INFO:teuthology.orchestra.run.smithi032.stdout:/usr/bin/ceph: stderr
2023-03-27T09:39:58.131+0000 7f0f812b9700 1 -- 172.21.15.32:0/340835391 --> [v2:172.21.15.32:3300/0,v1:172.21.15.32:6789/0] -- mon_subscribe({config=0+,monmap=0+}) v3 -- 0x7f0f78009550 con 0x7f0f7c105460
2023-03-27T09:40:04.983 INFO:teuthology.orchestra.run.smithi032.stdout:/usr/bin/ceph: stderr
2023-03-27T09:39:58.131+0000 7f0f812b9700 1 --2- 172.21.15.32:0/340835391 >> [v2:172.21.15.32:3300/0,v1:172.21.15.32:6789/0] conn(0x7f0f7c105460 0x7f0f7c07bc60 secure :-1 s=READY pgs=29 cs=0 l=1 rev1=1 crypto rx=0x7f0f78006af0 tx=0x7f0f78011ad0 comp rx=0 tx=0).ready entity=mon.0 client_cookie=0 server_cookie=0 in_seq=0 out_seq=0
2023-03-27T09:40:04.983 INFO:teuthology.orchestra.run.smithi032.stdout:/usr/bin/ceph: stderr
2023-03-27T09:39:58.131+0000 7f0f727fc700 1 -- 172.21.15.32:0/340835391 <== mon.0 v2:172.21.15.32:3300/0 1 ==== mon_map magic: 0 v1 ==== 205+0+0 (secure 0 0 0) 0x7f0f78003a40 con 0x7f0f7c105460
2023-03-27T09:40:04.984 INFO:teuthology.orchestra.run.smithi032.stdout:/usr/bin/ceph: stderr
2023-03-27T09:39:58.131+0000 7f0f727fc700 1 -- 172.21.15.32:0/340835391 <== mon.0 v2:172.21.15.32:3300/0 2 ==== config(26 keys) v1 ==== 1074+0+0 (secure 0 0 0) 0x7f0f78003ba0 con 0x7f0f7c105460
2023-03-27T09:40:04.984 INFO:teuthology.orchestra.run.smithi032.stdout:/usr/bin/ceph: stderr
2023-03-27T09:39:58.131+0000 7f0f8351d700 1 -- 172.21.15.32:0/340835391 --> [v2:172.21.15.32:3300/0,v1:172.21.15.32:6789/0] -- mon_subscribe({mgrmap=0+}) v3 -- 0x7f0f7c1074b0 con 0x7f0f7c105460
2023-03-27T09:40:04.984 INFO:teuthology.orchestra.run.smithi032.stdout:/usr/bin/ceph: stderr
2023-03-27T09:39:58.131+0000 7f0f727fc700 1 -- 172.21.15.32:0/340835391 <== mon.0 v2:172.21.15.32:3300/0 3 ==== mon_map magic: 0 v1 ==== 205+0+0 (secure 0 0 0) 0x7f0f7801a6e0 con 0x7f0f7c105460
2023-03-27T09:40:04.984 INFO:teuthology.orchestra.run.smithi032.stdout:/usr/bin/ceph: stderr
2023-03-27T09:39:58.131+0000 7f0f8351d700 1 -- 172.21.15.32:0/340835391 --> [v2:172.21.15.32:3300/0,v1:172.21.15.32:6789/0] -- mon_subscribe({osdmap=0}) v3 -- 0x7f0f7c107320 con 0x7f0f7c105460
2023-03-27T09:40:04.984 INFO:teuthology.orchestra.run.smithi032.stdout:/usr/bin/ceph: stderr
2023-03-27T09:39:58.132+0000 7f0f727fc700 1 -- 172.21.15.32:0/340835391 <== mon.0 v2:172.21.15.32:3300/0 4 ==== mgrmap(e 5) v1 ==== 43509+0+0 (secure 0 0 0) 0x7f0f78017020 con 0x7f0f7c105460
2023-03-27T09:40:04.984 INFO:teuthology.orchestra.run.smithi032.stdout:/usr/bin/ceph: stderr
2023-03-27T09:39:58.132+0000 7f0f727fc700 1 --2- 172.21.15.32:0/340835391 >> [v2:172.21.15.32:6800/3053477755,v1:172.21.15.32:6801/3053477755] conn(0x7f0f68036870 0x7f0f68038d20 unknown :-1 s=NONE pgs=0 cs=0 l=1 rev1=0 crypto rx=0 tx=0 comp rx=0 tx=0).connect
2023-03-27T09:40:04.984 INFO:teuthology.orchestra.run.smithi032.stdout:/usr/bin/ceph: stderr
2023-03-27T09:39:58.132+0000 7f0f727fc700 1 -- 172.21.15.32:0/340835391 --> [v2:172.21.15.32:6800/3053477755,v1:172.21.15.32:6801/3053477755] -- command(tid 0: {"prefix": "get_command_descriptions"}) v1 -- 0x7f0f68039430 con 0x7f0f68036870
2023-03-27T09:40:04.985 INFO:teuthology.orchestra.run.smithi032.stdout:/usr/bin/ceph: stderr
2023-03-27T09:39:58.133+0000 7f0f727fc700 1 -- 172.21.15.32:0/340835391 <== mon.0 v2:172.21.15.32:3300/0 5 ==== osd_map(1..1 src has 1..1) v4 ==== 725+0+0 (secure 0 0 0) 0x7f0f78049ce0 con 0x7f0f7c105460
2023-03-27T09:40:04.985 INFO:teuthology.orchestra.run.smithi032.stdout:/usr/bin/ceph: stderr
2023-03-27T09:39:58.133+0000 7f0f80ab8700 1 -- 172.21.15.32:0/340835391 >> [v2:172.21.15.32:6800/3053477755,v1:172.21.15.32:6801/3053477755] conn(0x7f0f68036870 msgr2=0x7f0f68038d20 unknown :-1 s=STATE_CONNECTING_RE l=1).process reconnect failed to v2:172.21.15.32:6800/3053477755
2023-03-27T09:40:04.985 INFO:teuthology.orchestra.run.smithi032.stdout:/usr/bin/ceph: stderr
2023-03-27T09:39:58.133+0000 7f0f80ab8700 1 --2- 172.21.15.32:0/340835391 >> [v2:172.21.15.32:6800/3053477755,v1:172.21.15.32:6801/3053477755] conn(0x7f0f68036870 0x7f0f68038d20 unknown :-1 s=START_CONNECT pgs=0 cs=0 l=1 rev1=0 crypto rx=0 tx=0 comp rx=0 tx=0)._fault waiting 0.200000
2023-03-27T09:40:04.985 INFO:teuthology.orchestra.run.smithi032.stdout:/usr/bin/ceph: stderr
2023-03-27T09:39:58.334+0000 7f0f80ab8700 1 -- 172.21.15.32:0/340835391 >> [v2:172.21.15.32:6800/3053477755,v1:172.21.15.32:6801/3053477755] conn(0x7f0f68036870 msgr2=0x7f0f68038d20 unknown :-1 s=STATE_CONNECTING_RE l=1).process reconnect failed to v2:172.21.15.32:6800/3053477755
2023-03-27T09:40:04.985 INFO:teuthology.orchestra.run.smithi032.stdout:/usr/bin/ceph: stderr
2023-03-27T09:39:58.334+0000 7f0f80ab8700 1 --2- 172.21.15.32:0/340835391 >> [v2:172.21.15.32:6800/3053477755,v1:172.21.15.32:6801/3053477755] conn(0x7f0f68036870 0x7f0f68038d20 unknown :-1 s=START_CONNECT pgs=0 cs=0 l=1 rev1=0 crypto rx=0 tx=0 comp rx=0 tx=0)._fault waiting 0.400000
2023-03-27T09:40:04.985 INFO:teuthology.orchestra.run.smithi032.stdout:/usr/bin/ceph: stderr
2023-03-27T09:39:58.735+0000 7f0f80ab8700 1 -- 172.21.15.32:0/340835391 >> [v2:172.21.15.32:6800/3053477755,v1:172.21.15.32:6801/3053477755] conn(0x7f0f68036870 msgr2=0x7f0f68038d20 unknown :-1 s=STATE_CONNECTING_RE l=1).process reconnect failed to v2:172.21.15.32:6800/3053477755
2023-03-27T09:40:04.986 INFO:teuthology.orchestra.run.smithi032.stdout:/usr/bin/ceph: stderr
2023-03-27T09:39:58.735+0000 7f0f80ab8700 1 --2- 172.21.15.32:0/340835391 >> [v2:172.21.15.32:6800/3053477755,v1:172.21.15.32:6801/3053477755] conn(0x7f0f68036870 0x7f0f68038d20 unknown :-1 s=START_CONNECT pgs=0 cs=0 l=1 rev1=0 crypto rx=0 tx=0 comp rx=0 tx=0)._fault waiting 0.800000
2023-03-27T09:40:04.986 INFO:teuthology.orchestra.run.smithi032.stdout:/usr/bin/ceph: stderr
2023-03-27T09:39:59.536+0000 7f0f80ab8700 1 -- 172.21.15.32:0/340835391 >> [v2:172.21.15.32:6800/3053477755,v1:172.21.15.32:6801/3053477755] conn(0x7f0f68036870 msgr2=0x7f0f68038d20 unknown :-1 s=STATE_CONNECTING_RE l=1).process reconnect failed to v2:172.21.15.32:6800/3053477755
2023-03-27T09:40:04.986 INFO:teuthology.orchestra.run.smithi032.stdout:/usr/bin/ceph: stderr
2023-03-27T09:39:59.536+0000 7f0f80ab8700 1 --2- 172.21.15.32:0/340835391 >> [v2:172.21.15.32:6800/3053477755,v1:172.21.15.32:6801/3053477755] conn(0x7f0f68036870 0x7f0f68038d20 unknown :-1 s=START_CONNECT pgs=0 cs=0 l=1 rev1=0 crypto rx=0 tx=0 comp rx=0 tx=0)._fault waiting 1.600000
2023-03-27T09:40:04.986 INFO:teuthology.orchestra.run.smithi032.stdout:/usr/bin/ceph: stderr
2023-03-27T09:40:01.137+0000 7f0f80ab8700 1 -- 172.21.15.32:0/340835391 >> [v2:172.21.15.32:6800/3053477755,v1:172.21.15.32:6801/3053477755] conn(0x7f0f68036870 msgr2=0x7f0f68038d20 unknown :-1 s=STATE_CONNECTING_RE l=1).process reconnect failed to v2:172.21.15.32:6800/3053477755
2023-03-27T09:40:04.986 INFO:teuthology.orchestra.run.smithi032.stdout:/usr/bin/ceph: stderr
2023-03-27T09:40:01.137+0000 7f0f80ab8700 1 --2- 172.21.15.32:0/340835391 >> [v2:172.21.15.32:6800/3053477755,v1:172.21.15.32:6801/3053477755] conn(0x7f0f68036870 0x7f0f68038d20 unknown :-1 s=START_CONNECT pgs=0 cs=0 l=1 rev1=0 crypto rx=0 tx=0 comp rx=0 tx=0)._fault waiting 3.200000
2023-03-27T09:40:04.986 INFO:teuthology.orchestra.run.smithi032.stdout:/usr/bin/ceph: stderr
2023-03-27T09:40:03.657+0000 7f0f727fc700 1 -- 172.21.15.32:0/340835391 <== mon.0 v2:172.21.15.32:3300/0 6 ==== mgrmap(e 6) v1 ==== 43319+0+0 (secure 0 0 0) 0x7f0f7800f050 con 0x7f0f7c105460
2023-03-27T09:40:04.986 INFO:teuthology.orchestra.run.smithi032.stdout:/usr/bin/ceph: stderr
2023-03-27T09:40:03.658+0000 7f0f727fc700 1 -- 172.21.15.32:0/340835391 >> [v2:172.21.15.32:6800/3053477755,v1:172.21.15.32:6801/3053477755] conn(0x7f0f68036870 msgr2=0x7f0f68038d20 unknown :-1 s=STATE_CONNECTING l=1).mark_down
2023-03-27T09:40:04.986 INFO:teuthology.orchestra.run.smithi032.stdout:/usr/bin/ceph: stderr
2023-03-27T09:40:03.658+0000 7f0f727fc700 1 --2- 172.21.15.32:0/340835391 >> [v2:172.21.15.32:6800/3053477755,v1:172.21.15.32:6801/3053477755] conn(0x7f0f68036870 0x7f0f68038d20 unknown :-1 s=START_CONNECT pgs=0 cs=0 l=1 rev1=0 crypto rx=0 tx=0 comp rx=0 tx=0).stop
2023-03-27T09:40:04.987 INFO:teuthology.orchestra.run.smithi032.stdout:/usr/bin/ceph: stderr
2023-03-27T09:40:04.659+0000 7f0f727fc700 1 -- 172.21.15.32:0/340835391 <== mon.0 v2:172.21.15.32:3300/0 7 ==== mgrmap(e 7) v1 ==== 43429+0+0 (secure 0 0 0) 0x7f0f78023de0 con 0x7f0f7c105460
2023-03-27T09:40:04.987 INFO:teuthology.orchestra.run.smithi032.stdout:/usr/bin/ceph: stderr
2023-03-27T09:40:04.659+0000 7f0f727fc700 1 --2- 172.21.15.32:0/340835391 >> [v2:172.21.15.32:6800/902409405,v1:172.21.15.32:6801/902409405] conn(0x7f0f6803a060 0x7f0f6803c440 unknown :-1 s=NONE pgs=0 cs=0 l=1 rev1=0 crypto rx=0 tx=0 comp rx=0 tx=0).connect
2023-03-27T09:40:04.987 INFO:teuthology.orchestra.run.smithi032.stdout:/usr/bin/ceph: stderr
2023-03-27T09:40:04.659+0000 7f0f727fc700 1 -- 172.21.15.32:0/340835391 --> [v2:172.21.15.32:6800/902409405,v1:172.21.15.32:6801/902409405] -- command(tid 0: {"prefix": "get_command_descriptions"}) v1 -- 0x7f0f68039430 con 0x7f0f6803a060
2023-03-27T09:40:04.987 INFO:teuthology.orchestra.run.smithi032.stdout:/usr/bin/ceph: stderr
2023-03-27T09:40:04.660+0000 7f0f80ab8700 1 --2- 172.21.15.32:0/340835391 >> [v2:172.21.15.32:6800/902409405,v1:172.21.15.32:6801/902409405] conn(0x7f0f6803a060 0x7f0f6803c440 unknown :-1 s=BANNER_CONNECTING pgs=0 cs=0 l=1 rev1=0 crypto rx=0 tx=0 comp rx=0 tx=0)._handle_peer_banner_payload supported=3 required=0
2023-03-27T09:40:04.987 INFO:teuthology.orchestra.run.smithi032.stdout:/usr/bin/ceph: stderr
2023-03-27T09:40:04.660+0000 7f0f80ab8700 1 --2- 172.21.15.32:0/340835391 >> [v2:172.21.15.32:6800/902409405,v1:172.21.15.32:6801/902409405] conn(0x7f0f6803a060 0x7f0f6803c440 secure :-1 s=READY pgs=4 cs=0 l=1 rev1=1 crypto rx=0x7f0f6c003a10 tx=0x7f0f6c0092b0 comp rx=0 tx=0).ready entity=mgr.14120 client_cookie=0 server_cookie=0 in_seq=0 out_seq=0
2023-03-27T09:40:04.988 INFO:teuthology.orchestra.run.smithi032.stdout:/usr/bin/ceph: stderr
2023-03-27T09:40:04.661+0000 7f0f727fc700 1 -- 172.21.15.32:0/340835391 <== mgr.14120 v2:172.21.15.32:6800/902409405 1 ==== command_reply(tid 0: 0 ) v1 ==== 8+0+6549 (secure 0 0 0) 0x7f0f68039430 con 0x7f0f6803a060
2023-03-27T09:40:04.988 INFO:teuthology.orchestra.run.smithi032.stdout:/usr/bin/ceph: stderr
2023-03-27T09:40:04.671+0000 7f0f8351d700 1 -- 172.21.15.32:0/340835391 --> [v2:172.21.15.32:6800/902409405,v1:172.21.15.32:6801/902409405] -- command(tid 1: {"prefix": "mgr_status"}) v1 -- 0x7f0f7c07b800 con 0x7f0f6803a060
2023-03-27T09:40:04.988 INFO:teuthology.orchestra.run.smithi032.stdout:/usr/bin/ceph: stderr
2023-03-27T09:40:04.671+0000 7f0f727fc700 1 -- 172.21.15.32:0/340835391 <== mgr.14120 v2:172.21.15.32:6800/902409405 2 ==== command_reply(tid 1: 0 ) v1 ==== 8+0+51 (secure 0 0 0) 0x7f0f7c07b800 con 0x7f0f6803a060
2023-03-27T09:40:04.988 INFO:teuthology.orchestra.run.smithi032.stdout:/usr/bin/ceph: stderr
2023-03-27T09:40:04.671+0000 7f0f8351d700 1 -- 172.21.15.32:0/340835391 >> [v2:172.21.15.32:6800/902409405,v1:172.21.15.32:6801/902409405] conn(0x7f0f6803a060 msgr2=0x7f0f6803c440 secure :-1 s=STATE_CONNECTION_ESTABLISHED l=1).mark_down
2023-03-27T09:40:04.988 INFO:teuthology.orchestra.run.smithi032.stdout:/usr/bin/ceph: stderr
2023-03-27T09:40:04.671+0000 7f0f8351d700 1 --2- 172.21.15.32:0/340835391 >> [v2:172.21.15.32:6800/902409405,v1:172.21.15.32:6801/902409405] conn(0x7f0f6803a060 0x7f0f6803c440 secure :-1 s=READY pgs=4 cs=0 l=1 rev1=1 crypto rx=0x7f0f6c003a10 tx=0x7f0f6c0092b0 comp rx=0 tx=0).stop
2023-03-27T09:40:04.988 INFO:teuthology.orchestra.run.smithi032.stdout:/usr/bin/ceph: stderr
2023-03-27T09:40:04.671+0000 7f0f8351d700 1 -- 172.21.15.32:0/340835391 >> [v2:172.21.15.32:3300/0,v1:172.21.15.32:6789/0] conn(0x7f0f7c105460 msgr2=0x7f0f7c07bc60 secure :-1 s=STATE_CONNECTION_ESTABLISHED l=1).mark_down
2023-03-27T09:40:04.988 INFO:teuthology.orchestra.run.smithi032.stdout:/usr/bin/ceph: stderr
2023-03-27T09:40:04.671+0000 7f0f8351d700 1 --2- 172.21.15.32:0/340835391 >> [v2:172.21.15.32:3300/0,v1:172.21.15.32:6789/0] conn(0x7f0f7c105460 0x7f0f7c07bc60 secure :-1 s=READY pgs=29 cs=0 l=1 rev1=1 crypto rx=0x7f0f78006af0 tx=0x7f0f78011ad0 comp rx=0 tx=0).stop
2023-03-27T09:40:04.988 INFO:teuthology.orchestra.run.smithi032.stdout:/usr/bin/ceph: stderr
2023-03-27T09:40:04.672+0000 7f0f8351d700 1 -- 172.21.15.32:0/340835391 shutdown_connections
2023-03-27T09:40:04.989 INFO:teuthology.orchestra.run.smithi032.stdout:/usr/bin/ceph: stderr
2023-03-27T09:40:04.672+0000 7f0f8351d700 1 --2- 172.21.15.32:0/340835391 >> [v2:172.21.15.32:6800/902409405,v1:172.21.15.32:6801/902409405] conn(0x7f0f6803a060 0x7f0f6803c440 unknown :-1 s=CLOSED pgs=4 cs=0 l=1 rev1=1 crypto rx=0 tx=0 comp rx=0 tx=0).stop
2023-03-27T09:40:04.989 INFO:teuthology.orchestra.run.smithi032.stdout:/usr/bin/ceph: stderr
2023-03-27T09:40:04.672+0000 7f0f8351d700 1 --2- 172.21.15.32:0/340835391 >> [v2:172.21.15.32:3300/0,v1:172.21.15.32:6789/0] conn(0x7f0f7c105460 0x7f0f7c07bc60 unknown :-1 s=CLOSED pgs=29 cs=0 l=1 rev1=1 crypto rx=0 tx=0 comp rx=0 tx=0).stop
2023-03-27T09:40:04.989 INFO:teuthology.orchestra.run.smithi032.stdout:/usr/bin/ceph: stderr
2023-03-27T09:40:04.672+0000 7f0f8351d700 1 --2- 172.21.15.32:0/340835391 >> [v2:172.21.15.32:6800/3053477755,v1:172.21.15.32:6801/3053477755] conn(0x7f0f68036870 0x7f0f68038d20 unknown :-1 s=CLOSED pgs=0 cs=0 l=1 rev1=0 crypto rx=0 tx=0 comp rx=0 tx=0).stop
2023-03-27T09:40:04.989 INFO:teuthology.orchestra.run.smithi032.stdout:/usr/bin/ceph: stderr
2023-03-27T09:40:04.672+0000 7f0f8351d700 1 -- 172.21.15.32:0/340835391 >> 172.21.15.32:0/340835391 conn(0x7f0f7c100af0 msgr2=0x7f0f7c101860 unknown :-1 s=STATE_NONE l=0).mark_down
2023-03-27T09:40:04.989 INFO:teuthology.orchestra.run.smithi032.stdout:/usr/bin/ceph: stderr
2023-03-27T09:40:04.672+0000 7f0f8351d700 1 -- 172.21.15.32:0/340835391 shutdown_connections
2023-03-27T09:40:04.990 INFO:teuthology.orchestra.run.smithi032.stdout:/usr/bin/ceph: stderr
2023-03-27T09:40:04.672+0000 7f0f8351d700 1 -- 172.21.15.32:0/340835391 wait complete.
2023-03-27T09:40:04.991 INFO:teuthology.orchestra.run.smithi032.stdout:mgr epoch 5 is available
2023-03-27T09:40:04.991 INFO:teuthology.orchestra.run.smithi032.stdout:Setting orchestrator backend to cephadm...
2023-03-27T09:40:05.075 INFO:journalctl@ceph.mon.a.smithi032.stdout:Mar 27 09:40:04 smithi032 ceph-mon[92957]: Active manager daemon x restarted
2023-03-27T09:40:05.076 INFO:journalctl@ceph.mon.a.smithi032.stdout:Mar 27 09:40:04 smithi032 ceph-mon[92957]: Activating manager daemon x
2023-03-27T09:40:05.076 INFO:journalctl@ceph.mon.a.smithi032.stdout:Mar 27 09:40:04 smithi032 ceph-mon[92957]: osdmap e2: 0 total, 0 up, 0 in
2023-03-27T09:40:05.076 INFO:journalctl@ceph.mon.a.smithi032.stdout:Mar 27 09:40:04 smithi032 ceph-mon[92957]: mgrmap e6: x(active, starting, since 0.0524841s)
2023-03-27T09:40:05.076 INFO:journalctl@ceph.mon.a.smithi032.stdout:Mar 27 09:40:04 smithi032 ceph-mon[92957]: from='mgr.14120 172.21.15.32:0/3255619261' entity='mgr.x' cmd=[{"prefix": "mon metadata", "id": "a"}]: dispatch
2023-03-27T09:40:05.077 INFO:journalctl@ceph.mon.a.smithi032.stdout:Mar 27 09:40:04 smithi032 ceph-mon[92957]: from='mgr.14120 172.21.15.32:0/3255619261' entity='mgr.x' cmd=[{"prefix": "mgr metadata", "who": "x", "id": "x"}]: dispatch
2023-03-27T09:40:05.077 INFO:journalctl@ceph.mon.a.smithi032.stdout:Mar 27 09:40:04 smithi032 ceph-mon[92957]: from='mgr.14120 172.21.15.32:0/3255619261' entity='mgr.x' cmd=[{"prefix": "mds metadata"}]: dispatch
2023-03-27T09:40:05.077 INFO:journalctl@ceph.mon.a.smithi032.stdout:Mar 27 09:40:04 smithi032 ceph-mon[92957]: from='mgr.14120 172.21.15.32:0/3255619261' entity='mgr.x' cmd=[{"prefix": "osd metadata"}]: dispatch
2023-03-27T09:40:05.077 INFO:journalctl@ceph.mon.a.smithi032.stdout:Mar 27 09:40:04 smithi032 ceph-mon[92957]: from='mgr.14120 172.21.15.32:0/3255619261' entity='mgr.x' cmd=[{"prefix": "mon metadata"}]: dispatch
2023-03-27T09:40:05.077 INFO:journalctl@ceph.mon.a.smithi032.stdout:Mar 27 09:40:04 smithi032 ceph-mon[92957]: Manager daemon x is now available
2023-03-27T09:40:05.077 INFO:journalctl@ceph.mon.a.smithi032.stdout:Mar 27 09:40:04 smithi032 ceph-mon[92957]: Found migration_current of "None". Setting to last migration.
2023-03-27T09:40:05.077 INFO:journalctl@ceph.mon.a.smithi032.stdout:Mar 27 09:40:04 smithi032 ceph-mon[92957]: from='mgr.14120 172.21.15.32:0/3255619261' entity='mgr.x'
2023-03-27T09:40:05.078 INFO:journalctl@ceph.mon.a.smithi032.stdout:Mar 27 09:40:04 smithi032 ceph-mon[92957]: from='mgr.14120 172.21.15.32:0/3255619261' entity='mgr.x'
2023-03-27T09:40:05.078 INFO:journalctl@ceph.mon.a.smithi032.stdout:Mar 27 09:40:04 smithi032 ceph-mon[92957]: from='mgr.14120 172.21.15.32:0/3255619261' entity='mgr.x' cmd=[{"prefix": "config dump", "format": "json"}]: dispatch
2023-03-27T09:40:05.078 INFO:journalctl@ceph.mon.a.smithi032.stdout:Mar 27 09:40:04 smithi032 ceph-mon[92957]: from='mgr.14120 172.21.15.32:0/3255619261' entity='mgr.x' cmd=[{"prefix": "config dump", "format": "json"}]: dispatch
2023-03-27T09:40:05.078 INFO:journalctl@ceph.mon.a.smithi032.stdout:Mar 27 09:40:04 smithi032 ceph-mon[92957]: from='mgr.14120 172.21.15.32:0/3255619261' entity='mgr.x' cmd=[{"prefix": "config dump", "format": "json"}]: dispatch
2023-03-27T09:40:05.078 INFO:journalctl@ceph.mon.a.smithi032.stdout:Mar 27 09:40:04 smithi032 ceph-mon[92957]: from='mgr.14120 172.21.15.32:0/3255619261' entity='mgr.x' cmd=[{"prefix":"config rm","who":"mgr","name":"mgr/rbd_support/x/mirror_snapshot_schedule"}]: dispatch
2023-03-27T09:40:05.078 INFO:journalctl@ceph.mon.a.smithi032.stdout:Mar 27 09:40:04 smithi032 ceph-mon[92957]: from='mgr.14120 172.21.15.32:0/3255619261' entity='mgr.x' cmd=[{"prefix":"config rm","who":"mgr","name":"mgr/rbd_support/x/trash_purge_schedule"}]: dispatch
2023-03-27T09:40:05.078 INFO:journalctl@ceph.mon.a.smithi032.stdout:Mar 27 09:40:04 smithi032 ceph-mon[92957]: from='mgr.14120 172.21.15.32:0/3255619261' entity='mgr.x'
2023-03-27T09:40:05.079 INFO:journalctl@ceph.mon.a.smithi032.stdout:Mar 27 09:40:04 smithi032 ceph-mon[92957]: from='mgr.14120 172.21.15.32:0/3255619261' entity='mgr.x'
2023-03-27T09:40:05.919 INFO:journalctl@ceph.mon.a.smithi032.stdout:Mar 27 09:40:05 smithi032 ceph-mon[92957]: from='client.14124 -' entity='client.admin' cmd=[{"prefix": "get_command_descriptions"}]: dispatch
2023-03-27T09:40:05.919 INFO:journalctl@ceph.mon.a.smithi032.stdout:Mar 27 09:40:05 smithi032 ceph-mon[92957]: mgrmap e7: x(active, since 1.0552s)
2023-03-27T09:40:05.919 INFO:journalctl@ceph.mon.a.smithi032.stdout:Mar 27 09:40:05 smithi032 ceph-mon[92957]: from='client.14124 -' entity='client.admin' cmd=[{"prefix": "mgr_status"}]: dispatch
2023-03-27T09:40:05.920 INFO:journalctl@ceph.mon.a.smithi032.stdout:Mar 27 09:40:05 smithi032 ceph-mon[92957]: from='mgr.14120 172.21.15.32:0/3255619261' entity='mgr.x'
2023-03-27T09:40:05.920 INFO:journalctl@ceph.mon.a.smithi032.stdout:Mar 27 09:40:05 smithi032 ceph-mon[92957]: from='mgr.14120 172.21.15.32:0/3255619261' entity='mgr.x'
2023-03-27T09:40:06.228 INFO:teuthology.orchestra.run.smithi032.stdout:/usr/bin/ceph: stderr
2023-03-27T09:40:05.489+0000 7fd6f93cc700 1 Processor -- start
2023-03-27T09:40:06.228 INFO:teuthology.orchestra.run.smithi032.stdout:/usr/bin/ceph: stderr
2023-03-27T09:40:05.489+0000 7fd6f93cc700 1 -- start start
2023-03-27T09:40:06.228 INFO:teuthology.orchestra.run.smithi032.stdout:/usr/bin/ceph: stderr
2023-03-27T09:40:05.489+0000 7fd6f93cc700 1 --2- >> [v2:172.21.15.32:3300/0,v1:172.21.15.32:6789/0] conn(0x7fd6f4105f70 0x7fd6f4108350 unknown :-1 s=NONE pgs=0 cs=0 l=0 rev1=0 crypto rx=0 tx=0 comp rx=0 tx=0).connect
2023-03-27T09:40:06.229 INFO:teuthology.orchestra.run.smithi032.stdout:/usr/bin/ceph: stderr
2023-03-27T09:40:05.489+0000 7fd6f93cc700 1 -- --> [v2:172.21.15.32:3300/0,v1:172.21.15.32:6789/0] -- mon_getmap magic: 0 v1 -- 0x7fd6f4079d90 con 0x7fd6f4105f70
2023-03-27T09:40:06.229 INFO:teuthology.orchestra.run.smithi032.stdout:/usr/bin/ceph: stderr
2023-03-27T09:40:05.490+0000 7fd6f2ffd700 1 --2- >> [v2:172.21.15.32:3300/0,v1:172.21.15.32:6789/0] conn(0x7fd6f4105f70 0x7fd6f4108350 unknown :-1 s=BANNER_CONNECTING pgs=0 cs=0 l=0 rev1=0 crypto rx=0 tx=0 comp rx=0 tx=0)._handle_peer_banner_payload supported=3 required=0
2023-03-27T09:40:06.229 INFO:teuthology.orchestra.run.smithi032.stdout:/usr/bin/ceph: stderr
2023-03-27T09:40:05.490+0000 7fd6f2ffd700 1 --2- >> [v2:172.21.15.32:3300/0,v1:172.21.15.32:6789/0] conn(0x7fd6f4105f70 0x7fd6f4108350 unknown :-1 s=HELLO_CONNECTING pgs=0 cs=0 l=0 rev1=1 crypto rx=0 tx=0 comp rx=0 tx=0).handle_hello peer v2:172.21.15.32:3300/0 says I am v2:172.21.15.32:60704/0 (socket says 172.21.15.32:60704)
2023-03-27T09:40:06.229 INFO:teuthology.orchestra.run.smithi032.stdout:/usr/bin/ceph: stderr
2023-03-27T09:40:05.490+0000 7fd6f2ffd700 1 -- 172.21.15.32:0/2504001581 learned_addr learned my addr 172.21.15.32:0/2504001581 (peer_addr_for_me v2:172.21.15.32:0/0)
2023-03-27T09:40:06.230 INFO:teuthology.orchestra.run.smithi032.stdout:/usr/bin/ceph: stderr
2023-03-27T09:40:05.490+0000 7fd6f2ffd700 1 -- 172.21.15.32:0/2504001581 --> [v2:172.21.15.32:3300/0,v1:172.21.15.32:6789/0] -- mon_subscribe({config=0+,monmap=0+}) v3 -- 0x7fd6f4079ed0 con 0x7fd6f4105f70
2023-03-27T09:40:06.230 INFO:teuthology.orchestra.run.smithi032.stdout:/usr/bin/ceph: stderr
2023-03-27T09:40:05.490+0000 7fd6f2ffd700 1 --2- 172.21.15.32:0/2504001581 >> [v2:172.21.15.32:3300/0,v1:172.21.15.32:6789/0] conn(0x7fd6f4105f70 0x7fd6f4108350 secure :-1 s=READY pgs=37 cs=0 l=1 rev1=1 crypto rx=0x7fd6e40098a0 tx=0x7fd6e4009bb0 comp rx=0 tx=0).ready entity=mon.0 client_cookie=743f25486a569ff1 server_cookie=0 in_seq=0 out_seq=0
2023-03-27T09:40:06.230 INFO:teuthology.orchestra.run.smithi032.stdout:/usr/bin/ceph: stderr
2023-03-27T09:40:05.490+0000 7fd6f1ffb700 1 -- 172.21.15.32:0/2504001581 <== mon.0 v2:172.21.15.32:3300/0 1 ==== mon_map magic: 0 v1 ==== 205+0+0 (secure 0 0 0) 0x7fd6e4004160 con 0x7fd6f4105f70
2023-03-27T09:40:06.230 INFO:teuthology.orchestra.run.smithi032.stdout:/usr/bin/ceph: stderr
2023-03-27T09:40:05.490+0000 7fd6f1ffb700 1 -- 172.21.15.32:0/2504001581 <== mon.0 v2:172.21.15.32:3300/0 2 ==== config(26 keys) v1 ==== 1074+0+0 (secure 0 0 0) 0x7fd6e40042c0 con 0x7fd6f4105f70
2023-03-27T09:40:06.231 INFO:teuthology.orchestra.run.smithi032.stdout:/usr/bin/ceph: stderr
2023-03-27T09:40:05.490+0000 7fd6f1ffb700 1 -- 172.21.15.32:0/2504001581 <== mon.0 v2:172.21.15.32:3300/0 3 ==== mon_map magic: 0 v1 ==== 205+0+0 (secure 0 0 0) 0x7fd6e4011a00 con 0x7fd6f4105f70
2023-03-27T09:40:06.231 INFO:teuthology.orchestra.run.smithi032.stdout:/usr/bin/ceph: stderr
2023-03-27T09:40:05.491+0000 7fd6f93cc700 1 -- 172.21.15.32:0/2504001581 >> [v2:172.21.15.32:3300/0,v1:172.21.15.32:6789/0] conn(0x7fd6f4105f70 msgr2=0x7fd6f4108350 secure :-1 s=STATE_CONNECTION_ESTABLISHED l=1).mark_down
2023-03-27T09:40:06.231 INFO:teuthology.orchestra.run.smithi032.stdout:/usr/bin/ceph: stderr
2023-03-27T09:40:05.491+0000 7fd6f93cc700 1 --2- 172.21.15.32:0/2504001581 >> [v2:172.21.15.32:3300/0,v1:172.21.15.32:6789/0] conn(0x7fd6f4105f70 0x7fd6f4108350 secure :-1 s=READY pgs=37 cs=0 l=1 rev1=1 crypto rx=0x7fd6e40098a0 tx=0x7fd6e4009bb0 comp rx=0 tx=0).stop
2023-03-27T09:40:06.232 INFO:teuthology.orchestra.run.smithi032.stdout:/usr/bin/ceph: stderr
2023-03-27T09:40:05.491+0000 7fd6f93cc700 1 -- 172.21.15.32:0/2504001581 shutdown_connections
2023-03-27T09:40:06.232 INFO:teuthology.orchestra.run.smithi032.stdout:/usr/bin/ceph: stderr
2023-03-27T09:40:05.491+0000 7fd6f93cc700 1 --2- 172.21.15.32:0/2504001581 >> [v2:172.21.15.32:3300/0,v1:172.21.15.32:6789/0] conn(0x7fd6f4105f70 0x7fd6f4108350 unknown :-1 s=CLOSED pgs=37 cs=0 l=1 rev1=1 crypto rx=0 tx=0 comp rx=0 tx=0).stop
2023-03-27T09:40:06.232 INFO:teuthology.orchestra.run.smithi032.stdout:/usr/bin/ceph: stderr
2023-03-27T09:40:05.491+0000 7fd6f93cc700 1 -- 172.21.15.32:0/2504001581 >> 172.21.15.32:0/2504001581 conn(0x7fd6f40ff9d0 msgr2=0x7fd6f4101de0 unknown :-1 s=STATE_NONE l=0).mark_down
2023-03-27T09:40:06.232 INFO:teuthology.orchestra.run.smithi032.stdout:/usr/bin/ceph: stderr
2023-03-27T09:40:05.491+0000 7fd6f93cc700 1 -- 172.21.15.32:0/2504001581 shutdown_connections
2023-03-27T09:40:06.233 INFO:teuthology.orchestra.run.smithi032.stdout:/usr/bin/ceph: stderr
2023-03-27T09:40:05.491+0000 7fd6f93cc700 1 -- 172.21.15.32:0/2504001581 wait complete.
2023-03-27T09:40:06.233 INFO:teuthology.orchestra.run.smithi032.stdout:/usr/bin/ceph: stderr
2023-03-27T09:40:05.492+0000 7fd6f93cc700 1 Processor -- start
2023-03-27T09:40:06.233 INFO:teuthology.orchestra.run.smithi032.stdout:/usr/bin/ceph: stderr
2023-03-27T09:40:05.492+0000 7fd6f93cc700 1 -- start start
2023-03-27T09:40:06.233 INFO:teuthology.orchestra.run.smithi032.stdout:/usr/bin/ceph: stderr
2023-03-27T09:40:05.492+0000 7fd6f93cc700 1 --2- >> [v2:172.21.15.32:3300/0,v1:172.21.15.32:6789/0] conn(0x7fd6f4105f70 0x7fd6f41058d0 unknown :-1 s=NONE pgs=0 cs=0 l=1 rev1=0 crypto rx=0 tx=0 comp rx=0 tx=0).connect
2023-03-27T09:40:06.234 INFO:teuthology.orchestra.run.smithi032.stdout:/usr/bin/ceph: stderr
2023-03-27T09:40:05.492+0000 7fd6f93cc700 1 -- --> [v2:172.21.15.32:3300/0,v1:172.21.15.32:6789/0] -- mon_getmap magic: 0 v1 -- 0x7fd6f4105e10 con 0x7fd6f4105f70
2023-03-27T09:40:06.234 INFO:teuthology.orchestra.run.smithi032.stdout:/usr/bin/ceph: stderr
2023-03-27T09:40:05.492+0000 7fd6f2ffd700 1 --2- >> [v2:172.21.15.32:3300/0,v1:172.21.15.32:6789/0] conn(0x7fd6f4105f70 0x7fd6f41058d0 unknown :-1 s=BANNER_CONNECTING pgs=0 cs=0 l=1 rev1=0 crypto rx=0 tx=0 comp rx=0 tx=0)._handle_peer_banner_payload supported=3 required=0
2023-03-27T09:40:06.234 INFO:teuthology.orchestra.run.smithi032.stdout:/usr/bin/ceph: stderr
2023-03-27T09:40:05.492+0000 7fd6f2ffd700 1 --2- >> [v2:172.21.15.32:3300/0,v1:172.21.15.32:6789/0] conn(0x7fd6f4105f70 0x7fd6f41058d0 unknown :-1 s=HELLO_CONNECTING pgs=0 cs=0 l=1 rev1=1 crypto rx=0 tx=0 comp rx=0 tx=0).handle_hello peer v2:172.21.15.32:3300/0 says I am v2:172.21.15.32:60706/0 (socket says 172.21.15.32:60706)
2023-03-27T09:40:06.234 INFO:teuthology.orchestra.run.smithi032.stdout:/usr/bin/ceph: stderr
2023-03-27T09:40:05.492+0000 7fd6f2ffd700 1 -- 172.21.15.32:0/1739253635 learned_addr learned my addr 172.21.15.32:0/1739253635 (peer_addr_for_me v2:172.21.15.32:0/0)
2023-03-27T09:40:06.235 INFO:teuthology.orchestra.run.smithi032.stdout:/usr/bin/ceph: stderr
2023-03-27T09:40:05.493+0000 7fd6f2ffd700 1 -- 172.21.15.32:0/1739253635 --> [v2:172.21.15.32:3300/0,v1:172.21.15.32:6789/0] -- mon_subscribe({config=0+,monmap=0+}) v3 -- 0x7fd6e4009550 con 0x7fd6f4105f70
2023-03-27T09:40:06.235 INFO:teuthology.orchestra.run.smithi032.stdout:/usr/bin/ceph: stderr
2023-03-27T09:40:05.493+0000 7fd6f2ffd700 1 --2- 172.21.15.32:0/1739253635 >> [v2:172.21.15.32:3300/0,v1:172.21.15.32:6789/0] conn(0x7fd6f4105f70 0x7fd6f41058d0 secure :-1 s=READY pgs=38 cs=0 l=1 rev1=1 crypto rx=0x7fd6e4009fb0 tx=0x7fd6e4011ad0 comp rx=0 tx=0).ready entity=mon.0 client_cookie=0 server_cookie=0 in_seq=0 out_seq=0
2023-03-27T09:40:06.235 INFO:teuthology.orchestra.run.smithi032.stdout:/usr/bin/ceph: stderr
2023-03-27T09:40:05.493+0000 7fd6dbfff700 1 -- 172.21.15.32:0/1739253635 <== mon.0 v2:172.21.15.32:3300/0 1 ==== mon_map magic: 0 v1 ==== 205+0+0 (secure 0 0 0) 0x7fd6e4003a40 con 0x7fd6f4105f70
2023-03-27T09:40:06.235 INFO:teuthology.orchestra.run.smithi032.stdout:/usr/bin/ceph: stderr
2023-03-27T09:40:05.493+0000 7fd6dbfff700 1 -- 172.21.15.32:0/1739253635 <== mon.0 v2:172.21.15.32:3300/0 2 ==== config(26 keys) v1 ==== 1074+0+0 (secure 0 0 0) 0x7fd6e4003ba0 con 0x7fd6f4105f70
2023-03-27T09:40:06.235 INFO:teuthology.orchestra.run.smithi032.stdout:/usr/bin/ceph: stderr
