2023-03-27T09:55:51.559+0000 7ff8f702c700 1 -- 172.21.15.123:0/3167619963 --> [v2:172.21.15.123:3300/0,v1:172.21.15.123:6789/0] -- mon_command({"prefix": "get_command_descriptions"} v 0) v1 -- 0x7ff8f0078fd0 con 0x7ff8f0104360
2023-03-27T09:55:52.137 INFO:teuthology.orchestra.run.smithi123.stdout:/usr/bin/ceph: stderr
2023-03-27T09:55:51.559+0000 7ff8edffb700 1 --2- 172.21.15.123:0/3167619963 >> [v2:172.21.15.123:6800/1944017299,v1:172.21.15.123:6801/1944017299] conn(0x7ff8e0036870 0x7ff8e0038d20 unknown :-1 s=NONE pgs=0 cs=0 l=1 rev1=0 crypto rx=0 tx=0 comp rx=0 tx=0).connect
2023-03-27T09:55:52.137 INFO:teuthology.orchestra.run.smithi123.stdout:/usr/bin/ceph: stderr
2023-03-27T09:55:51.559+0000 7ff8edffb700 1 -- 172.21.15.123:0/3167619963 <== mon.0 v2:172.21.15.123:3300/0 5 ==== osd_map(2..2 src has 1..2) v4 ==== 940+0+0 (secure 0 0 0) 0x7ff8e404a150 con 0x7ff8f0104360
2023-03-27T09:55:52.137 INFO:teuthology.orchestra.run.smithi123.stdout:/usr/bin/ceph: stderr
2023-03-27T09:55:51.559+0000 7ff8effff700 1 --2- 172.21.15.123:0/3167619963 >> [v2:172.21.15.123:6800/1944017299,v1:172.21.15.123:6801/1944017299] conn(0x7ff8e0036870 0x7ff8e0038d20 unknown :-1 s=BANNER_CONNECTING pgs=0 cs=0 l=1 rev1=0 crypto rx=0 tx=0 comp rx=0 tx=0)._handle_peer_banner_payload supported=3 required=0
2023-03-27T09:55:52.138 INFO:teuthology.orchestra.run.smithi123.stdout:/usr/bin/ceph: stderr
2023-03-27T09:55:51.560+0000 7ff8effff700 1 --2- 172.21.15.123:0/3167619963 >> [v2:172.21.15.123:6800/1944017299,v1:172.21.15.123:6801/1944017299] conn(0x7ff8e0036870 0x7ff8e0038d20 secure :-1 s=READY pgs=8 cs=0 l=1 rev1=1 crypto rx=0x7ff8dc006fd0 tx=0x7ff8dc006e40 comp rx=0 tx=0).ready entity=mgr.14118 client_cookie=0 server_cookie=0 in_seq=0 out_seq=0
2023-03-27T09:55:52.138 INFO:teuthology.orchestra.run.smithi123.stdout:/usr/bin/ceph: stderr
2023-03-27T09:55:51.564+0000 7ff8edffb700 1 -- 172.21.15.123:0/3167619963 <== mon.0 v2:172.21.15.123:3300/0 6 ==== mon_command_ack([{"prefix": "get_command_descriptions"}]=0 v0) v1 ==== 72+0+174404 (secure 0 0 0) 0x7ff8e400e950 con 0x7ff8f0104360
2023-03-27T09:55:52.138 INFO:teuthology.orchestra.run.smithi123.stdout:/usr/bin/ceph: stderr
2023-03-27T09:55:51.747+0000 7ff8f702c700 1 -- 172.21.15.123:0/3167619963 --> [v2:172.21.15.123:6800/1944017299,v1:172.21.15.123:6801/1944017299] -- mgr_command(tid 0: {"prefix": "cephadm set-user", "user": "root", "target": ["mon-mgr", ""]}) v1 -- 0x7ff8f0060c10 con 0x7ff8e0036870
2023-03-27T09:55:52.138 INFO:teuthology.orchestra.run.smithi123.stdout:/usr/bin/ceph: stderr
2023-03-27T09:55:51.748+0000 7ff8edffb700 1 -- 172.21.15.123:0/3167619963 <== mgr.14118 v2:172.21.15.123:6800/1944017299 1 ==== mgr_command_reply(tid 0: 0 ) v1 ==== 8+0+16 (secure 0 0 0) 0x7ff8f0060c10 con 0x7ff8e0036870
2023-03-27T09:55:52.138 INFO:teuthology.orchestra.run.smithi123.stdout:/usr/bin/ceph: stderr
2023-03-27T09:55:51.750+0000 7ff8f702c700 1 -- 172.21.15.123:0/3167619963 >> [v2:172.21.15.123:6800/1944017299,v1:172.21.15.123:6801/1944017299] conn(0x7ff8e0036870 msgr2=0x7ff8e0038d20 secure :-1 s=STATE_CONNECTION_ESTABLISHED l=1).mark_down
2023-03-27T09:55:52.138 INFO:teuthology.orchestra.run.smithi123.stdout:/usr/bin/ceph: stderr
2023-03-27T09:55:51.750+0000 7ff8f702c700 1 --2- 172.21.15.123:0/3167619963 >> [v2:172.21.15.123:6800/1944017299,v1:172.21.15.123:6801/1944017299] conn(0x7ff8e0036870 0x7ff8e0038d20 secure :-1 s=READY pgs=8 cs=0 l=1 rev1=1 crypto rx=0x7ff8dc006fd0 tx=0x7ff8dc006e40 comp rx=0 tx=0).stop
2023-03-27T09:55:52.138 INFO:teuthology.orchestra.run.smithi123.stdout:/usr/bin/ceph: stderr
2023-03-27T09:55:51.750+0000 7ff8f702c700 1 -- 172.21.15.123:0/3167619963 >> [v2:172.21.15.123:3300/0,v1:172.21.15.123:6789/0] conn(0x7ff8f0104360 msgr2=0x7ff8f019b2d0 secure :-1 s=STATE_CONNECTION_ESTABLISHED l=1).mark_down
2023-03-27T09:55:52.138 INFO:teuthology.orchestra.run.smithi123.stdout:/usr/bin/ceph: stderr
2023-03-27T09:55:51.750+0000 7ff8f702c700 1 --2- 172.21.15.123:0/3167619963 >> [v2:172.21.15.123:3300/0,v1:172.21.15.123:6789/0] conn(0x7ff8f0104360 0x7ff8f019b2d0 secure :-1 s=READY pgs=38 cs=0 l=1 rev1=1 crypto rx=0x7ff8e4003a80 tx=0x7ff8e4003df0 comp rx=0 tx=0).stop
2023-03-27T09:55:52.139 INFO:teuthology.orchestra.run.smithi123.stdout:/usr/bin/ceph: stderr
2023-03-27T09:55:51.750+0000 7ff8f702c700 1 -- 172.21.15.123:0/3167619963 shutdown_connections
2023-03-27T09:55:52.139 INFO:teuthology.orchestra.run.smithi123.stdout:/usr/bin/ceph: stderr
2023-03-27T09:55:51.750+0000 7ff8f702c700 1 --2- 172.21.15.123:0/3167619963 >> [v2:172.21.15.123:6800/1944017299,v1:172.21.15.123:6801/1944017299] conn(0x7ff8e0036870 0x7ff8e0038d20 unknown :-1 s=CLOSED pgs=8 cs=0 l=1 rev1=1 crypto rx=0 tx=0 comp rx=0 tx=0).stop
2023-03-27T09:55:52.139 INFO:teuthology.orchestra.run.smithi123.stdout:/usr/bin/ceph: stderr
2023-03-27T09:55:51.750+0000 7ff8f702c700 1 --2- 172.21.15.123:0/3167619963 >> [v2:172.21.15.123:3300/0,v1:172.21.15.123:6789/0] conn(0x7ff8f0104360 0x7ff8f019b2d0 unknown :-1 s=CLOSED pgs=38 cs=0 l=1 rev1=1 crypto rx=0 tx=0 comp rx=0 tx=0).stop
2023-03-27T09:55:52.139 INFO:teuthology.orchestra.run.smithi123.stdout:/usr/bin/ceph: stderr
2023-03-27T09:55:51.750+0000 7ff8f702c700 1 -- 172.21.15.123:0/3167619963 >> 172.21.15.123:0/3167619963 conn(0x7ff8f00ff9d0 msgr2=0x7ff8f018ddb0 unknown :-1 s=STATE_NONE l=0).mark_down
2023-03-27T09:55:52.139 INFO:teuthology.orchestra.run.smithi123.stdout:/usr/bin/ceph: stderr
2023-03-27T09:55:51.750+0000 7ff8f702c700 1 -- 172.21.15.123:0/3167619963 shutdown_connections
2023-03-27T09:55:52.139 INFO:teuthology.orchestra.run.smithi123.stdout:/usr/bin/ceph: stderr
2023-03-27T09:55:51.750+0000 7ff8f702c700 1 -- 172.21.15.123:0/3167619963 wait complete.
2023-03-27T09:55:52.139 INFO:teuthology.orchestra.run.smithi123.stdout:Generating ssh key...
2023-03-27T09:55:52.922 INFO:journalctl@ceph.mon.a.smithi123.stdout:Mar 27 09:55:52 smithi123 ceph-mon[93018]: [27/Mar/2023:09:55:51] ENGINE Serving on https://172.21.15.123:8765
2023-03-27T09:55:52.922 INFO:journalctl@ceph.mon.a.smithi123.stdout:Mar 27 09:55:52 smithi123 ceph-mon[93018]: [27/Mar/2023:09:55:51] ENGINE Bus STARTED
2023-03-27T09:55:52.922 INFO:journalctl@ceph.mon.a.smithi123.stdout:Mar 27 09:55:52 smithi123 ceph-mon[93018]: from='client.14132 -' entity='client.admin' cmd=[{"prefix": "cephadm set-user", "user": "root", "target": ["mon-mgr", ""]}]: dispatch
2023-03-27T09:55:52.923 INFO:journalctl@ceph.mgr.x.smithi123.stdout:Mar 27 09:55:52 smithi123 ceph-5c91ee1e-cc85-11ed-9afe-001a4aab830c-mgr-x[93261]: Generating public/private rsa key pair.
2023-03-27T09:55:52.923 INFO:journalctl@ceph.mgr.x.smithi123.stdout:Mar 27 09:55:52 smithi123 ceph-5c91ee1e-cc85-11ed-9afe-001a4aab830c-mgr-x[93261]: Your identification has been saved in /tmp/tmp78_2lji0/key.
2023-03-27T09:55:52.923 INFO:journalctl@ceph.mgr.x.smithi123.stdout:Mar 27 09:55:52 smithi123 ceph-5c91ee1e-cc85-11ed-9afe-001a4aab830c-mgr-x[93261]: Your public key has been saved in /tmp/tmp78_2lji0/key.pub.
2023-03-27T09:55:52.923 INFO:journalctl@ceph.mgr.x.smithi123.stdout:Mar 27 09:55:52 smithi123 ceph-5c91ee1e-cc85-11ed-9afe-001a4aab830c-mgr-x[93261]: The key fingerprint is:
2023-03-27T09:55:52.923 INFO:journalctl@ceph.mgr.x.smithi123.stdout:Mar 27 09:55:52 smithi123 ceph-5c91ee1e-cc85-11ed-9afe-001a4aab830c-mgr-x[93261]: SHA256:CWtkNSm6LQaRGjdT5WJIO8RoTEMvOKL/ZP3bq4VXDVQ ceph-5c91ee1e-cc85-11ed-9afe-001a4aab830c
2023-03-27T09:55:52.923 INFO:journalctl@ceph.mgr.x.smithi123.stdout:Mar 27 09:55:52 smithi123 ceph-5c91ee1e-cc85-11ed-9afe-001a4aab830c-mgr-x[93261]: The key's randomart image is:
2023-03-27T09:55:52.923 INFO:journalctl@ceph.mgr.x.smithi123.stdout:Mar 27 09:55:52 smithi123 ceph-5c91ee1e-cc85-11ed-9afe-001a4aab830c-mgr-x[93261]: +---[RSA 3072]----+
2023-03-27T09:55:52.923 INFO:journalctl@ceph.mgr.x.smithi123.stdout:Mar 27 09:55:52 smithi123 ceph-5c91ee1e-cc85-11ed-9afe-001a4aab830c-mgr-x[93261]: |+*oo... o. ..E |
2023-03-27T09:55:52.924 INFO:journalctl@ceph.mgr.x.smithi123.stdout:Mar 27 09:55:52 smithi123 ceph-5c91ee1e-cc85-11ed-9afe-001a4aab830c-mgr-x[93261]: |+=Xo ..... . |
2023-03-27T09:55:52.924 INFO:journalctl@ceph.mgr.x.smithi123.stdout:Mar 27 09:55:52 smithi123 ceph-5c91ee1e-cc85-11ed-9afe-001a4aab830c-mgr-x[93261]: |==+=o.=. . |
2023-03-27T09:55:52.924 INFO:journalctl@ceph.mgr.x.smithi123.stdout:Mar 27 09:55:52 smithi123 ceph-5c91ee1e-cc85-11ed-9afe-001a4aab830c-mgr-x[93261]: |+.oo.+ o . o |
2023-03-27T09:55:52.924 INFO:journalctl@ceph.mgr.x.smithi123.stdout:Mar 27 09:55:52 smithi123 ceph-5c91ee1e-cc85-11ed-9afe-001a4aab830c-mgr-x[93261]: |. . oo S . . |
2023-03-27T09:55:52.924 INFO:journalctl@ceph.mgr.x.smithi123.stdout:Mar 27 09:55:52 smithi123 ceph-5c91ee1e-cc85-11ed-9afe-001a4aab830c-mgr-x[93261]: | . +o. . . |
2023-03-27T09:55:52.924 INFO:journalctl@ceph.mgr.x.smithi123.stdout:Mar 27 09:55:52 smithi123 ceph-5c91ee1e-cc85-11ed-9afe-001a4aab830c-mgr-x[93261]: | ..o.. . o |
2023-03-27T09:55:52.924 INFO:journalctl@ceph.mgr.x.smithi123.stdout:Mar 27 09:55:52 smithi123 ceph-5c91ee1e-cc85-11ed-9afe-001a4aab830c-mgr-x[93261]: | + . + |
2023-03-27T09:55:52.924 INFO:journalctl@ceph.mgr.x.smithi123.stdout:Mar 27 09:55:52 smithi123 ceph-5c91ee1e-cc85-11ed-9afe-001a4aab830c-mgr-x[93261]: | . +oo. |
2023-03-27T09:55:52.925 INFO:journalctl@ceph.mgr.x.smithi123.stdout:Mar 27 09:55:52 smithi123 ceph-5c91ee1e-cc85-11ed-9afe-001a4aab830c-mgr-x[93261]: +----[SHA256]-----+
2023-03-27T09:55:53.278 INFO:teuthology.orchestra.run.smithi123.stdout:/usr/bin/ceph: stderr
2023-03-27T09:55:52.611+0000 7f1f8ab8b700 1 Processor -- start
2023-03-27T09:55:53.278 INFO:teuthology.orchestra.run.smithi123.stdout:/usr/bin/ceph: stderr
2023-03-27T09:55:52.611+0000 7f1f8ab8b700 1 -- start start
2023-03-27T09:55:53.278 INFO:teuthology.orchestra.run.smithi123.stdout:/usr/bin/ceph: stderr
2023-03-27T09:55:52.611+0000 7f1f8ab8b700 1 --2- >> [v2:172.21.15.123:3300/0,v1:172.21.15.123:6789/0] conn(0x7f1f84104360 0x7f1f84104770 unknown :-1 s=NONE pgs=0 cs=0 l=0 rev1=0 crypto rx=0 tx=0 comp rx=0 tx=0).connect
2023-03-27T09:55:53.278 INFO:teuthology.orchestra.run.smithi123.stdout:/usr/bin/ceph: stderr
2023-03-27T09:55:52.611+0000 7f1f8ab8b700 1 -- --> [v2:172.21.15.123:3300/0,v1:172.21.15.123:6789/0] -- mon_getmap magic: 0 v1 -- 0x7f1f84104cb0 con 0x7f1f84104360
2023-03-27T09:55:53.279 INFO:teuthology.orchestra.run.smithi123.stdout:/usr/bin/ceph: stderr
2023-03-27T09:55:52.611+0000 7f1f88927700 1 --2- >> [v2:172.21.15.123:3300/0,v1:172.21.15.123:6789/0] conn(0x7f1f84104360 0x7f1f84104770 unknown :-1 s=BANNER_CONNECTING pgs=0 cs=0 l=0 rev1=0 crypto rx=0 tx=0 comp rx=0 tx=0)._handle_peer_banner_payload supported=3 required=0
2023-03-27T09:55:53.279 INFO:teuthology.orchestra.run.smithi123.stdout:/usr/bin/ceph: stderr
2023-03-27T09:55:52.611+0000 7f1f88927700 1 --2- >> [v2:172.21.15.123:3300/0,v1:172.21.15.123:6789/0] conn(0x7f1f84104360 0x7f1f84104770 unknown :-1 s=HELLO_CONNECTING pgs=0 cs=0 l=0 rev1=1 crypto rx=0 tx=0 comp rx=0 tx=0).handle_hello peer v2:172.21.15.123:3300/0 says I am v2:172.21.15.123:40152/0 (socket says 172.21.15.123:40152)
2023-03-27T09:55:53.279 INFO:teuthology.orchestra.run.smithi123.stdout:/usr/bin/ceph: stderr
2023-03-27T09:55:52.611+0000 7f1f88927700 1 -- 172.21.15.123:0/1845016497 learned_addr learned my addr 172.21.15.123:0/1845016497 (peer_addr_for_me v2:172.21.15.123:0/0)
2023-03-27T09:55:53.279 INFO:teuthology.orchestra.run.smithi123.stdout:/usr/bin/ceph: stderr
2023-03-27T09:55:52.612+0000 7f1f88927700 1 -- 172.21.15.123:0/1845016497 --> [v2:172.21.15.123:3300/0,v1:172.21.15.123:6789/0] -- mon_subscribe({config=0+,monmap=0+}) v3 -- 0x7f1f84104df0 con 0x7f1f84104360
2023-03-27T09:55:53.279 INFO:teuthology.orchestra.run.smithi123.stdout:/usr/bin/ceph: stderr
2023-03-27T09:55:52.612+0000 7f1f88927700 1 --2- 172.21.15.123:0/1845016497 >> [v2:172.21.15.123:3300/0,v1:172.21.15.123:6789/0] conn(0x7f1f84104360 0x7f1f84104770 secure :-1 s=READY pgs=39 cs=0 l=1 rev1=1 crypto rx=0x7f1f7800bb40 tx=0x7f1f7800be50 comp rx=0 tx=0).ready entity=mon.0 client_cookie=fba8a19989741725 server_cookie=0 in_seq=0 out_seq=0
2023-03-27T09:55:53.279 INFO:teuthology.orchestra.run.smithi123.stdout:/usr/bin/ceph: stderr
2023-03-27T09:55:52.612+0000 7f1f837fe700 1 -- 172.21.15.123:0/1845016497 <== mon.0 v2:172.21.15.123:3300/0 1 ==== mon_map magic: 0 v1 ==== 205+0+0 (secure 0 0 0) 0x7f1f7800dbe0 con 0x7f1f84104360
2023-03-27T09:55:53.279 INFO:teuthology.orchestra.run.smithi123.stdout:/usr/bin/ceph: stderr
2023-03-27T09:55:52.612+0000 7f1f837fe700 1 -- 172.21.15.123:0/1845016497 <== mon.0 v2:172.21.15.123:3300/0 2 ==== config(26 keys) v1 ==== 1074+0+0 (secure 0 0 0) 0x7f1f780044d0 con 0x7f1f84104360
2023-03-27T09:55:53.279 INFO:teuthology.orchestra.run.smithi123.stdout:/usr/bin/ceph: stderr
2023-03-27T09:55:52.612+0000 7f1f837fe700 1 -- 172.21.15.123:0/1845016497 <== mon.0 v2:172.21.15.123:3300/0 3 ==== mon_map magic: 0 v1 ==== 205+0+0 (secure 0 0 0) 0x7f1f78010470 con 0x7f1f84104360
2023-03-27T09:55:53.280 INFO:teuthology.orchestra.run.smithi123.stdout:/usr/bin/ceph: stderr
2023-03-27T09:55:52.612+0000 7f1f8ab8b700 1 -- 172.21.15.123:0/1845016497 >> [v2:172.21.15.123:3300/0,v1:172.21.15.123:6789/0] conn(0x7f1f84104360 msgr2=0x7f1f84104770 secure :-1 s=STATE_CONNECTION_ESTABLISHED l=1).mark_down
2023-03-27T09:55:53.280 INFO:teuthology.orchestra.run.smithi123.stdout:/usr/bin/ceph: stderr
2023-03-27T09:55:52.612+0000 7f1f8ab8b700 1 --2- 172.21.15.123:0/1845016497 >> [v2:172.21.15.123:3300/0,v1:172.21.15.123:6789/0] conn(0x7f1f84104360 0x7f1f84104770 secure :-1 s=READY pgs=39 cs=0 l=1 rev1=1 crypto rx=0x7f1f7800bb40 tx=0x7f1f7800be50 comp rx=0 tx=0).stop
2023-03-27T09:55:53.280 INFO:teuthology.orchestra.run.smithi123.stdout:/usr/bin/ceph: stderr
2023-03-27T09:55:52.612+0000 7f1f8ab8b700 1 -- 172.21.15.123:0/1845016497 shutdown_connections
2023-03-27T09:55:53.280 INFO:teuthology.orchestra.run.smithi123.stdout:/usr/bin/ceph: stderr
2023-03-27T09:55:52.612+0000 7f1f8ab8b700 1 --2- 172.21.15.123:0/1845016497 >> [v2:172.21.15.123:3300/0,v1:172.21.15.123:6789/0] conn(0x7f1f84104360 0x7f1f84104770 unknown :-1 s=CLOSED pgs=39 cs=0 l=1 rev1=1 crypto rx=0 tx=0 comp rx=0 tx=0).stop
2023-03-27T09:55:53.280 INFO:teuthology.orchestra.run.smithi123.stdout:/usr/bin/ceph: stderr
2023-03-27T09:55:52.612+0000 7f1f8ab8b700 1 -- 172.21.15.123:0/1845016497 >> 172.21.15.123:0/1845016497 conn(0x7f1f840ff9d0 msgr2=0x7f1f84101de0 unknown :-1 s=STATE_NONE l=0).mark_down
2023-03-27T09:55:53.280 INFO:teuthology.orchestra.run.smithi123.stdout:/usr/bin/ceph: stderr
2023-03-27T09:55:52.613+0000 7f1f8ab8b700 1 -- 172.21.15.123:0/1845016497 shutdown_connections
2023-03-27T09:55:53.280 INFO:teuthology.orchestra.run.smithi123.stdout:/usr/bin/ceph: stderr
2023-03-27T09:55:52.613+0000 7f1f8ab8b700 1 -- 172.21.15.123:0/1845016497 wait complete.
2023-03-27T09:55:53.281 INFO:teuthology.orchestra.run.smithi123.stdout:/usr/bin/ceph: stderr
2023-03-27T09:55:52.613+0000 7f1f8ab8b700 1 Processor -- start
2023-03-27T09:55:53.281 INFO:teuthology.orchestra.run.smithi123.stdout:/usr/bin/ceph: stderr
2023-03-27T09:55:52.613+0000 7f1f8ab8b700 1 -- start start
2023-03-27T09:55:53.281 INFO:teuthology.orchestra.run.smithi123.stdout:/usr/bin/ceph: stderr
2023-03-27T09:55:52.613+0000 7f1f8ab8b700 1 --2- >> [v2:172.21.15.123:3300/0,v1:172.21.15.123:6789/0] conn(0x7f1f84104360 0x7f1f8419b2d0 unknown :-1 s=NONE pgs=0 cs=0 l=1 rev1=0 crypto rx=0 tx=0 comp rx=0 tx=0).connect
2023-03-27T09:55:53.281 INFO:teuthology.orchestra.run.smithi123.stdout:/usr/bin/ceph: stderr
2023-03-27T09:55:52.613+0000 7f1f8ab8b700 1 -- --> [v2:172.21.15.123:3300/0,v1:172.21.15.123:6789/0] -- mon_getmap magic: 0 v1 -- 0x7f1f8419b810 con 0x7f1f84104360
2023-03-27T09:55:53.281 INFO:teuthology.orchestra.run.smithi123.stdout:/usr/bin/ceph: stderr
2023-03-27T09:55:52.613+0000 7f1f88927700 1 --2- >> [v2:172.21.15.123:3300/0,v1:172.21.15.123:6789/0] conn(0x7f1f84104360 0x7f1f8419b2d0 unknown :-1 s=BANNER_CONNECTING pgs=0 cs=0 l=1 rev1=0 crypto rx=0 tx=0 comp rx=0 tx=0)._handle_peer_banner_payload supported=3 required=0
2023-03-27T09:55:53.281 INFO:teuthology.orchestra.run.smithi123.stdout:/usr/bin/ceph: stderr
2023-03-27T09:55:52.613+0000 7f1f88927700 1 --2- >> [v2:172.21.15.123:3300/0,v1:172.21.15.123:6789/0] conn(0x7f1f84104360 0x7f1f8419b2d0 unknown :-1 s=HELLO_CONNECTING pgs=0 cs=0 l=1 rev1=1 crypto rx=0 tx=0 comp rx=0 tx=0).handle_hello peer v2:172.21.15.123:3300/0 says I am v2:172.21.15.123:40154/0 (socket says 172.21.15.123:40154)
2023-03-27T09:55:53.281 INFO:teuthology.orchestra.run.smithi123.stdout:/usr/bin/ceph: stderr
2023-03-27T09:55:52.613+0000 7f1f88927700 1 -- 172.21.15.123:0/2633090242 learned_addr learned my addr 172.21.15.123:0/2633090242 (peer_addr_for_me v2:172.21.15.123:0/0)
2023-03-27T09:55:53.281 INFO:teuthology.orchestra.run.smithi123.stdout:/usr/bin/ceph: stderr
2023-03-27T09:55:52.614+0000 7f1f88927700 1 -- 172.21.15.123:0/2633090242 --> [v2:172.21.15.123:3300/0,v1:172.21.15.123:6789/0] -- mon_subscribe({config=0+,monmap=0+}) v3 -- 0x7f1f7800b7f0 con 0x7f1f84104360
2023-03-27T09:55:53.282 INFO:teuthology.orchestra.run.smithi123.stdout:/usr/bin/ceph: stderr
2023-03-27T09:55:52.614+0000 7f1f88927700 1 --2- 172.21.15.123:0/2633090242 >> [v2:172.21.15.123:3300/0,v1:172.21.15.123:6789/0] conn(0x7f1f84104360 0x7f1f8419b2d0 secure :-1 s=READY pgs=40 cs=0 l=1 rev1=1 crypto rx=0x7f1f7800b340 tx=0x7f1f78003df0 comp rx=0 tx=0).ready entity=mon.0 client_cookie=0 server_cookie=0 in_seq=0 out_seq=0
2023-03-27T09:55:53.282 INFO:teuthology.orchestra.run.smithi123.stdout:/usr/bin/ceph: stderr
2023-03-27T09:55:52.614+0000 7f1f81ffb700 1 -- 172.21.15.123:0/2633090242 <== mon.0 v2:172.21.15.123:3300/0 1 ==== mon_map magic: 0 v1 ==== 205+0+0 (secure 0 0 0) 0x7f1f78004340 con 0x7f1f84104360
2023-03-27T09:55:53.282 INFO:teuthology.orchestra.run.smithi123.stdout:/usr/bin/ceph: stderr
2023-03-27T09:55:52.614+0000 7f1f81ffb700 1 -- 172.21.15.123:0/2633090242 <== mon.0 v2:172.21.15.123:3300/0 2 ==== config(26 keys) v1 ==== 1074+0+0 (secure 0 0 0) 0x7f1f78010bd0 con 0x7f1f84104360
2023-03-27T09:55:53.282 INFO:teuthology.orchestra.run.smithi123.stdout:/usr/bin/ceph: stderr
2023-03-27T09:55:52.614+0000 7f1f81ffb700 1 -- 172.21.15.123:0/2633090242 <== mon.0 v2:172.21.15.123:3300/0 3 ==== mon_map magic: 0 v1 ==== 205+0+0 (secure 0 0 0) 0x7f1f78021c60 con 0x7f1f84104360
2023-03-27T09:55:53.282 INFO:teuthology.orchestra.run.smithi123.stdout:/usr/bin/ceph: stderr
2023-03-27T09:55:52.614+0000 7f1f8ab8b700 1 -- 172.21.15.123:0/2633090242 --> [v2:172.21.15.123:3300/0,v1:172.21.15.123:6789/0] -- mon_subscribe({mgrmap=0+}) v3 -- 0x7f1f841063b0 con 0x7f1f84104360
2023-03-27T09:55:53.282 INFO:teuthology.orchestra.run.smithi123.stdout:/usr/bin/ceph: stderr
2023-03-27T09:55:52.614+0000 7f1f8ab8b700 1 -- 172.21.15.123:0/2633090242 --> [v2:172.21.15.123:3300/0,v1:172.21.15.123:6789/0] -- mon_subscribe({osdmap=0}) v3 -- 0x7f1f84106220 con 0x7f1f84104360
2023-03-27T09:55:53.282 INFO:teuthology.orchestra.run.smithi123.stdout:/usr/bin/ceph: stderr
2023-03-27T09:55:52.615+0000 7f1f81ffb700 1 -- 172.21.15.123:0/2633090242 <== mon.0 v2:172.21.15.123:3300/0 4 ==== mgrmap(e 8) v1 ==== 43509+0+0 (secure 0 0 0) 0x7f1f78021410 con 0x7f1f84104360
2023-03-27T09:55:53.282 INFO:teuthology.orchestra.run.smithi123.stdout:/usr/bin/ceph: stderr
2023-03-27T09:55:52.615+0000 7f1f81ffb700 1 --2- 172.21.15.123:0/2633090242 >> [v2:172.21.15.123:6800/1944017299,v1:172.21.15.123:6801/1944017299] conn(0x7f1f74036820 0x7f1f74038cd0 unknown :-1 s=NONE pgs=0 cs=0 l=1 rev1=0 crypto rx=0 tx=0 comp rx=0 tx=0).connect
2023-03-27T09:55:53.283 INFO:teuthology.orchestra.run.smithi123.stdout:/usr/bin/ceph: stderr
2023-03-27T09:55:52.615+0000 7f1f81ffb700 1 -- 172.21.15.123:0/2633090242 <== mon.0 v2:172.21.15.123:3300/0 5 ==== osd_map(2..2 src has 1..2) v4 ==== 940+0+0 (secure 0 0 0) 0x7f1f7804a230 con 0x7f1f84104360
2023-03-27T09:55:53.283 INFO:teuthology.orchestra.run.smithi123.stdout:/usr/bin/ceph: stderr
2023-03-27T09:55:52.615+0000 7f1f8ab8b700 1 -- 172.21.15.123:0/2633090242 --> [v2:172.21.15.123:3300/0,v1:172.21.15.123:6789/0] -- mon_command({"prefix": "get_command_descriptions"} v 0) v1 -- 0x7f1f84190c70 con 0x7f1f84104360
2023-03-27T09:55:53.283 INFO:teuthology.orchestra.run.smithi123.stdout:/usr/bin/ceph: stderr
2023-03-27T09:55:52.615+0000 7f1f83fff700 1 --2- 172.21.15.123:0/2633090242 >> [v2:172.21.15.123:6800/1944017299,v1:172.21.15.123:6801/1944017299] conn(0x7f1f74036820 0x7f1f74038cd0 unknown :-1 s=BANNER_CONNECTING pgs=0 cs=0 l=1 rev1=0 crypto rx=0 tx=0 comp rx=0 tx=0)._handle_peer_banner_payload supported=3 required=0
2023-03-27T09:55:53.283 INFO:teuthology.orchestra.run.smithi123.stdout:/usr/bin/ceph: stderr
2023-03-27T09:55:52.616+0000 7f1f83fff700 1 --2- 172.21.15.123:0/2633090242 >> [v2:172.21.15.123:6800/1944017299,v1:172.21.15.123:6801/1944017299] conn(0x7f1f74036820 0x7f1f74038cd0 secure :-1 s=READY pgs=9 cs=0 l=1 rev1=1 crypto rx=0x7f1f70006fd0 tx=0x7f1f70006e40 comp rx=0 tx=0).ready entity=mgr.14118 client_cookie=0 server_cookie=0 in_seq=0 out_seq=0
2023-03-27T09:55:53.283 INFO:teuthology.orchestra.run.smithi123.stdout:/usr/bin/ceph: stderr
2023-03-27T09:55:52.620+0000 7f1f81ffb700 1 -- 172.21.15.123:0/2633090242 <== mon.0 v2:172.21.15.123:3300/0 6 ==== mon_command_ack([{"prefix": "get_command_descriptions"}]=0 v0) v1 ==== 72+0+174404 (secure 0 0 0) 0x7f1f7800f5b0 con 0x7f1f84104360
2023-03-27T09:55:53.283 INFO:teuthology.orchestra.run.smithi123.stdout:/usr/bin/ceph: stderr
2023-03-27T09:55:52.805+0000 7f1f8ab8b700 1 -- 172.21.15.123:0/2633090242 --> [v2:172.21.15.123:6800/1944017299,v1:172.21.15.123:6801/1944017299] -- mgr_command(tid 0: {"prefix": "cephadm generate-key", "target": ["mon-mgr", ""]}) v1 -- 0x7f1f84060c10 con 0x7f1f74036820
2023-03-27T09:55:53.283 INFO:teuthology.orchestra.run.smithi123.stdout:/usr/bin/ceph: stderr
2023-03-27T09:55:52.900+0000 7f1f81ffb700 1 -- 172.21.15.123:0/2633090242 <== mgr.14118 v2:172.21.15.123:6800/1944017299 1 ==== mgr_command_reply(tid 0: 0 ) v1 ==== 8+0+0 (secure 0 0 0) 0x7f1f84060c10 con 0x7f1f74036820
2023-03-27T09:55:53.284 INFO:teuthology.orchestra.run.smithi123.stdout:/usr/bin/ceph: stderr
2023-03-27T09:55:52.903+0000 7f1f8ab8b700 1 -- 172.21.15.123:0/2633090242 >> [v2:172.21.15.123:6800/1944017299,v1:172.21.15.123:6801/1944017299] conn(0x7f1f74036820 msgr2=0x7f1f74038cd0 secure :-1 s=STATE_CONNECTION_ESTABLISHED l=1).mark_down
2023-03-27T09:55:53.284 INFO:teuthology.orchestra.run.smithi123.stdout:/usr/bin/ceph: stderr
2023-03-27T09:55:52.903+0000 7f1f8ab8b700 1 --2- 172.21.15.123:0/2633090242 >> [v2:172.21.15.123:6800/1944017299,v1:172.21.15.123:6801/1944017299] conn(0x7f1f74036820 0x7f1f74038cd0 secure :-1 s=READY pgs=9 cs=0 l=1 rev1=1 crypto rx=0x7f1f70006fd0 tx=0x7f1f70006e40 comp rx=0 tx=0).stop
2023-03-27T09:55:53.284 INFO:teuthology.orchestra.run.smithi123.stdout:/usr/bin/ceph: stderr
2023-03-27T09:55:52.903+0000 7f1f8ab8b700 1 -- 172.21.15.123:0/2633090242 >> [v2:172.21.15.123:3300/0,v1:172.21.15.123:6789/0] conn(0x7f1f84104360 msgr2=0x7f1f8419b2d0 secure :-1 s=STATE_CONNECTION_ESTABLISHED l=1).mark_down
2023-03-27T09:55:53.284 INFO:teuthology.orchestra.run.smithi123.stdout:/usr/bin/ceph: stderr
2023-03-27T09:55:52.903+0000 7f1f8ab8b700 1 --2- 172.21.15.123:0/2633090242 >> [v2:172.21.15.123:3300/0,v1:172.21.15.123:6789/0] conn(0x7f1f84104360 0x7f1f8419b2d0 secure :-1 s=READY pgs=40 cs=0 l=1 rev1=1 crypto rx=0x7f1f7800b340 tx=0x7f1f78003df0 comp rx=0 tx=0).stop
2023-03-27T09:55:53.284 INFO:teuthology.orchestra.run.smithi123.stdout:/usr/bin/ceph: stderr
2023-03-27T09:55:52.903+0000 7f1f8ab8b700 1 -- 172.21.15.123:0/2633090242 shutdown_connections
2023-03-27T09:55:53.284 INFO:teuthology.orchestra.run.smithi123.stdout:/usr/bin/ceph: stderr
2023-03-27T09:55:52.903+0000 7f1f8ab8b700 1 --2- 172.21.15.123:0/2633090242 >> [v2:172.21.15.123:6800/1944017299,v1:172.21.15.123:6801/1944017299] conn(0x7f1f74036820 0x7f1f74038cd0 unknown :-1 s=CLOSED pgs=9 cs=0 l=1 rev1=1 crypto rx=0 tx=0 comp rx=0 tx=0).stop
2023-03-27T09:55:53.284 INFO:teuthology.orchestra.run.smithi123.stdout:/usr/bin/ceph: stderr
2023-03-27T09:55:52.903+0000 7f1f8ab8b700 1 --2- 172.21.15.123:0/2633090242 >> [v2:172.21.15.123:3300/0,v1:172.21.15.123:6789/0] conn(0x7f1f84104360 0x7f1f8419b2d0 unknown :-1 s=CLOSED pgs=40 cs=0 l=1 rev1=1 crypto rx=0 tx=0 comp rx=0 tx=0).stop
2023-03-27T09:55:53.284 INFO:teuthology.orchestra.run.smithi123.stdout:/usr/bin/ceph: stderr
2023-03-27T09:55:52.903+0000 7f1f8ab8b700 1 -- 172.21.15.123:0/2633090242 >> 172.21.15.123:0/2633090242 conn(0x7f1f840ff9d0 msgr2=0x7f1f8418ddb0 unknown :-1 s=STATE_NONE l=0).mark_down
2023-03-27T09:55:53.285 INFO:teuthology.orchestra.run.smithi123.stdout:/usr/bin/ceph: stderr
2023-03-27T09:55:52.903+0000 7f1f8ab8b700 1 -- 172.21.15.123:0/2633090242 shutdown_connections
2023-03-27T09:55:53.285 INFO:teuthology.orchestra.run.smithi123.stdout:/usr/bin/ceph: stderr
2023-03-27T09:55:52.903+0000 7f1f8ab8b700 1 -- 172.21.15.123:0/2633090242 wait complete.
2023-03-27T09:55:54.265 INFO:journalctl@ceph.mon.a.smithi123.stdout:Mar 27 09:55:53 smithi123 ceph-mon[93018]: from='client.14134 -' entity='client.admin' cmd=[{"prefix": "cephadm generate-key", "target": ["mon-mgr", ""]}]: dispatch
2023-03-27T09:55:54.265 INFO:journalctl@ceph.mon.a.smithi123.stdout:Mar 27 09:55:53 smithi123 ceph-mon[93018]: Generating ssh key...
2023-03-27T09:55:54.265 INFO:journalctl@ceph.mon.a.smithi123.stdout:Mar 27 09:55:53 smithi123 ceph-mon[93018]: from='mgr.14118 172.21.15.123:0/3739695742' entity='mgr.x'
2023-03-27T09:55:54.265 INFO:journalctl@ceph.mon.a.smithi123.stdout:Mar 27 09:55:53 smithi123 ceph-mon[93018]: from='mgr.14118 172.21.15.123:0/3739695742' entity='mgr.x'
2023-03-27T09:55:54.320 INFO:teuthology.orchestra.run.smithi123.stdout:/usr/bin/ceph: stdout ssh-rsa AAAAB3NzaC1yc2EAAAADAQABAAABgQDD/8X0MnHcoblKobLsHwdUyWljPjEZ/+Wyq9/wBt2ao04b/FOzy5bkOw8h2nCaC1/bVreVZwkL1xSeKYt10pJvul29ZhDruVEUt+2tJjmgO/PW3SMBK1FsMxqzrm+ZPa7V7g5NlznGhZYCvSFOcNZq+fS+G01G7qGBW9285Krn+E24DwJNmgDRvekcgsCRO9d7x2Q4QByT807YsVuSUxnSMWJgKqheSa813FzXJpB8nO2+Wlo6WgZf4AjavOzqXGY0UxtAkU7yjxmzSlr5PuOYTzhAD4fubk9HIWE1HShumZNSvcBnjpqToUl6EmNCmv3q5qUw3c++C0bOxsKLwRkLzs/K8eSK5UMRIOxu+brHFMK91sLHqVUYuXY/JUxqtecj4Pn6RMF5PEueMDSrHOQbZiOQdJazasuLseiHPvTuBLCpbAylHs2ce6N/HhMnAInh463i9l4W2yRakJVnOkmFxwZbNsZu4J4NhCF4ePvhuDacvAKs6Zfn+k1gCtbiP98= ceph-5c91ee1e-cc85-11ed-9afe-001a4aab830c
2023-03-27T09:55:54.321 INFO:teuthology.orchestra.run.smithi123.stdout:/usr/bin/ceph: stderr
2023-03-27T09:55:53.692+0000 7f7d92bfa700 1 Processor -- start
2023-03-27T09:55:54.321 INFO:teuthology.orchestra.run.smithi123.stdout:/usr/bin/ceph: stderr
2023-03-27T09:55:53.692+0000 7f7d92bfa700 1 -- start start
2023-03-27T09:55:54.321 INFO:teuthology.orchestra.run.smithi123.stdout:/usr/bin/ceph: stderr
2023-03-27T09:55:53.692+0000 7f7d92bfa700 1 --2- >> [v2:172.21.15.123:3300/0,v1:172.21.15.123:6789/0] conn(0x7f7d8c105fe0 0x7f7d8c1083c0 unknown :-1 s=NONE pgs=0 cs=0 l=0 rev1=0 crypto rx=0 tx=0 comp rx=0 tx=0).connect
2023-03-27T09:55:54.321 INFO:teuthology.orchestra.run.smithi123.stdout:/usr/bin/ceph: stderr
2023-03-27T09:55:53.692+0000 7f7d92bfa700 1 -- --> [v2:172.21.15.123:3300/0,v1:172.21.15.123:6789/0] -- mon_getmap magic: 0 v1 -- 0x7f7d8c079d20 con 0x7f7d8c105fe0
2023-03-27T09:55:54.321 INFO:teuthology.orchestra.run.smithi123.stdout:/usr/bin/ceph: stderr
2023-03-27T09:55:53.692+0000 7f7d90996700 1 --2- >> [v2:172.21.15.123:3300/0,v1:172.21.15.123:6789/0] conn(0x7f7d8c105fe0 0x7f7d8c1083c0 unknown :-1 s=BANNER_CONNECTING pgs=0 cs=0 l=0 rev1=0 crypto rx=0 tx=0 comp rx=0 tx=0)._handle_peer_banner_payload supported=3 required=0
2023-03-27T09:55:54.321 INFO:teuthology.orchestra.run.smithi123.stdout:/usr/bin/ceph: stderr
2023-03-27T09:55:53.692+0000 7f7d90996700 1 --2- >> [v2:172.21.15.123:3300/0,v1:172.21.15.123:6789/0] conn(0x7f7d8c105fe0 0x7f7d8c1083c0 unknown :-1 s=HELLO_CONNECTING pgs=0 cs=0 l=0 rev1=1 crypto rx=0 tx=0 comp rx=0 tx=0).handle_hello peer v2:172.21.15.123:3300/0 says I am v2:172.21.15.123:40158/0 (socket says 172.21.15.123:40158)
2023-03-27T09:55:54.322 INFO:teuthology.orchestra.run.smithi123.stdout:/usr/bin/ceph: stderr
2023-03-27T09:55:53.692+0000 7f7d90996700 1 -- 172.21.15.123:0/3389896278 learned_addr learned my addr 172.21.15.123:0/3389896278 (peer_addr_for_me v2:172.21.15.123:0/0)
2023-03-27T09:55:54.322 INFO:teuthology.orchestra.run.smithi123.stdout:/usr/bin/ceph: stderr
2023-03-27T09:55:53.692+0000 7f7d90996700 1 -- 172.21.15.123:0/3389896278 --> [v2:172.21.15.123:3300/0,v1:172.21.15.123:6789/0] -- mon_subscribe({config=0+,monmap=0+}) v3 -- 0x7f7d8c079e60 con 0x7f7d8c105fe0
2023-03-27T09:55:54.322 INFO:teuthology.orchestra.run.smithi123.stdout:/usr/bin/ceph: stderr
2023-03-27T09:55:53.692+0000 7f7d90996700 1 --2- 172.21.15.123:0/3389896278 >> [v2:172.21.15.123:3300/0,v1:172.21.15.123:6789/0] conn(0x7f7d8c105fe0 0x7f7d8c1083c0 secure :-1 s=READY pgs=41 cs=0 l=1 rev1=1 crypto rx=0x7f7d800098a0 tx=0x7f7d80009bb0 comp rx=0 tx=0).ready entity=mon.0 client_cookie=f434b58290220bda server_cookie=0 in_seq=0 out_seq=0
2023-03-27T09:55:54.322 INFO:teuthology.orchestra.run.smithi123.stdout:/usr/bin/ceph: stderr
2023-03-27T09:55:53.692+0000 7f7d8b7fe700 1 -- 172.21.15.123:0/3389896278 <== mon.0 v2:172.21.15.123:3300/0 1 ==== mon_map magic: 0 v1 ==== 205+0+0 (secure 0 0 0) 0x7f7d80004160 con 0x7f7d8c105fe0
2023-03-27T09:55:54.322 INFO:teuthology.orchestra.run.smithi123.stdout:/usr/bin/ceph: stderr
2023-03-27T09:55:53.692+0000 7f7d8b7fe700 1 -- 172.21.15.123:0/3389896278 <== mon.0 v2:172.21.15.123:3300/0 2 ==== config(26 keys) v1 ==== 1074+0+0 (secure 0 0 0) 0x7f7d800042c0 con 0x7f7d8c105fe0
2023-03-27T09:55:54.322 INFO:teuthology.orchestra.run.smithi123.stdout:/usr/bin/ceph: stderr
2023-03-27T09:55:53.692+0000 7f7d8b7fe700 1 -- 172.21.15.123:0/3389896278 <== mon.0 v2:172.21.15.123:3300/0 3 ==== mon_map magic: 0 v1 ==== 205+0+0 (secure 0 0 0) 0x7f7d80011a00 con 0x7f7d8c105fe0
2023-03-27T09:55:54.322 INFO:teuthology.orchestra.run.smithi123.stdout:/usr/bin/ceph: stderr
2023-03-27T09:55:53.693+0000 7f7d92bfa700 1 -- 172.21.15.123:0/3389896278 >> [v2:172.21.15.123:3300/0,v1:172.21.15.123:6789/0] conn(0x7f7d8c105fe0 msgr2=0x7f7d8c1083c0 secure :-1 s=STATE_CONNECTION_ESTABLISHED l=1).mark_down
2023-03-27T09:55:54.323 INFO:teuthology.orchestra.run.smithi123.stdout:/usr/bin/ceph: stderr
2023-03-27T09:55:53.693+0000 7f7d92bfa700 1 --2- 172.21.15.123:0/3389896278 >> [v2:172.21.15.123:3300/0,v1:172.21.15.123:6789/0] conn(0x7f7d8c105fe0 0x7f7d8c1083c0 secure :-1 s=READY pgs=41 cs=0 l=1 rev1=1 crypto rx=0x7f7d800098a0 tx=0x7f7d80009bb0 comp rx=0 tx=0).stop
2023-03-27T09:55:54.323 INFO:teuthology.orchestra.run.smithi123.stdout:/usr/bin/ceph: stderr
2023-03-27T09:55:53.693+0000 7f7d92bfa700 1 -- 172.21.15.123:0/3389896278 shutdown_connections
2023-03-27T09:55:54.323 INFO:teuthology.orchestra.run.smithi123.stdout:/usr/bin/ceph: stderr
2023-03-27T09:55:53.693+0000 7f7d92bfa700 1 --2- 172.21.15.123:0/3389896278 >> [v2:172.21.15.123:3300/0,v1:172.21.15.123:6789/0] conn(0x7f7d8c105fe0 0x7f7d8c1083c0 unknown :-1 s=CLOSED pgs=41 cs=0 l=1 rev1=1 crypto rx=0 tx=0 comp rx=0 tx=0).stop
2023-03-27T09:55:54.323 INFO:teuthology.orchestra.run.smithi123.stdout:/usr/bin/ceph: stderr
2023-03-27T09:55:53.693+0000 7f7d92bfa700 1 -- 172.21.15.123:0/3389896278 >> 172.21.15.123:0/3389896278 conn(0x7f7d8c0ff9e0 msgr2=0x7f7d8c101df0 unknown :-1 s=STATE_NONE l=0).mark_down
2023-03-27T09:55:54.323 INFO:teuthology.orchestra.run.smithi123.stdout:/usr/bin/ceph: stderr
2023-03-27T09:55:53.693+0000 7f7d92bfa700 1 -- 172.21.15.123:0/3389896278 shutdown_connections
2023-03-27T09:55:54.323 INFO:teuthology.orchestra.run.smithi123.stdout:/usr/bin/ceph: stderr
2023-03-27T09:55:53.693+0000 7f7d92bfa700 1 -- 172.21.15.123:0/3389896278 wait complete.
2023-03-27T09:55:54.323 INFO:teuthology.orchestra.run.smithi123.stdout:/usr/bin/ceph: stderr
2023-03-27T09:55:53.694+0000 7f7d92bfa700 1 Processor -- start
2023-03-27T09:55:54.323 INFO:teuthology.orchestra.run.smithi123.stdout:/usr/bin/ceph: stderr
2023-03-27T09:55:53.694+0000 7f7d92bfa700 1 -- start start
2023-03-27T09:55:54.324 INFO:teuthology.orchestra.run.smithi123.stdout:/usr/bin/ceph: stderr
2023-03-27T09:55:53.694+0000 7f7d92bfa700 1 --2- >> [v2:172.21.15.123:3300/0,v1:172.21.15.123:6789/0] conn(0x7f7d8c105fe0 0x7f7d8c1990d0 unknown :-1 s=NONE pgs=0 cs=0 l=1 rev1=0 crypto rx=0 tx=0 comp rx=0 tx=0).connect
2023-03-27T09:55:54.324 INFO:teuthology.orchestra.run.smithi123.stdout:/usr/bin/ceph: stderr
2023-03-27T09:55:53.694+0000 7f7d92bfa700 1 -- --> [v2:172.21.15.123:3300/0,v1:172.21.15.123:6789/0] -- mon_getmap magic: 0 v1 -- 0x7f7d8c199610 con 0x7f7d8c105fe0
2023-03-27T09:55:54.324 INFO:teuthology.orchestra.run.smithi123.stdout:/usr/bin/ceph: stderr
2023-03-27T09:55:53.694+0000 7f7d90996700 1 --2- >> [v2:172.21.15.123:3300/0,v1:172.21.15.123:6789/0] conn(0x7f7d8c105fe0 0x7f7d8c1990d0 unknown :-1 s=BANNER_CONNECTING pgs=0 cs=0 l=1 rev1=0 crypto rx=0 tx=0 comp rx=0 tx=0)._handle_peer_banner_payload supported=3 required=0
2023-03-27T09:55:54.324 INFO:teuthology.orchestra.run.smithi123.stdout:/usr/bin/ceph: stderr
2023-03-27T09:55:53.694+0000 7f7d90996700 1 --2- >> [v2:172.21.15.123:3300/0,v1:172.21.15.123:6789/0] conn(0x7f7d8c105fe0 0x7f7d8c1990d0 unknown :-1 s=HELLO_CONNECTING pgs=0 cs=0 l=1 rev1=1 crypto rx=0 tx=0 comp rx=0 tx=0).handle_hello peer v2:172.21.15.123:3300/0 says I am v2:172.21.15.123:40160/0 (socket says 172.21.15.123:40160)
2023-03-27T09:55:54.324 INFO:teuthology.orchestra.run.smithi123.stdout:/usr/bin/ceph: stderr
2023-03-27T09:55:53.694+0000 7f7d90996700 1 -- 172.21.15.123:0/73605837 learned_addr learned my addr 172.21.15.123:0/73605837 (peer_addr_for_me v2:172.21.15.123:0/0)
2023-03-27T09:55:54.324 INFO:teuthology.orchestra.run.smithi123.stdout:/usr/bin/ceph: stderr
2023-03-27T09:55:53.694+0000 7f7d90996700 1 -- 172.21.15.123:0/73605837 --> [v2:172.21.15.123:3300/0,v1:172.21.15.123:6789/0] -- mon_subscribe({config=0+,monmap=0+}) v3 -- 0x7f7d80009550 con 0x7f7d8c105fe0
2023-03-27T09:55:54.324 INFO:teuthology.orchestra.run.smithi123.stdout:/usr/bin/ceph: stderr
2023-03-27T09:55:53.694+0000 7f7d90996700 1 --2- 172.21.15.123:0/73605837 >> [v2:172.21.15.123:3300/0,v1:172.21.15.123:6789/0] conn(0x7f7d8c105fe0 0x7f7d8c1990d0 secure :-1 s=READY pgs=42 cs=0 l=1 rev1=1 crypto rx=0x7f7d80006af0 tx=0x7f7d80011ad0 comp rx=0 tx=0).ready entity=mon.0 client_cookie=0 server_cookie=0 in_seq=0 out_seq=0
2023-03-27T09:55:54.324 INFO:teuthology.orchestra.run.smithi123.stdout:/usr/bin/ceph: stderr
2023-03-27T09:55:53.694+0000 7f7d89ffb700 1 -- 172.21.15.123:0/73605837 <== mon.0 v2:172.21.15.123:3300/0 1 ==== mon_map magic: 0 v1 ==== 205+0+0 (secure 0 0 0) 0x7f7d80003a40 con 0x7f7d8c105fe0
2023-03-27T09:55:54.325 INFO:teuthology.orchestra.run.smithi123.stdout:/usr/bin/ceph: stderr
2023-03-27T09:55:53.694+0000 7f7d89ffb700 1 -- 172.21.15.123:0/73605837 <== mon.0 v2:172.21.15.123:3300/0 2 ==== config(26 keys) v1 ==== 1074+0+0 (secure 0 0 0) 0x7f7d80003ba0 con 0x7f7d8c105fe0
2023-03-27T09:55:54.325 INFO:teuthology.orchestra.run.smithi123.stdout:/usr/bin/ceph: stderr
2023-03-27T09:55:53.695+0000 7f7d92bfa700 1 -- 172.21.15.123:0/73605837 --> [v2:172.21.15.123:3300/0,v1:172.21.15.123:6789/0] -- mon_subscribe({mgrmap=0+}) v3 -- 0x7f7d8c109700 con 0x7f7d8c105fe0
2023-03-27T09:55:54.325 INFO:teuthology.orchestra.run.smithi123.stdout:/usr/bin/ceph: stderr
2023-03-27T09:55:53.695+0000 7f7d89ffb700 1 -- 172.21.15.123:0/73605837 <== mon.0 v2:172.21.15.123:3300/0 3 ==== mon_map magic: 0 v1 ==== 205+0+0 (secure 0 0 0) 0x7f7d8001a700 con 0x7f7d8c105fe0
2023-03-27T09:55:54.325 INFO:teuthology.orchestra.run.smithi123.stdout:/usr/bin/ceph: stderr
2023-03-27T09:55:53.695+0000 7f7d92bfa700 1 -- 172.21.15.123:0/73605837 --> [v2:172.21.15.123:3300/0,v1:172.21.15.123:6789/0] -- mon_subscribe({osdmap=0}) v3 -- 0x7f7d8c109570 con 0x7f7d8c105fe0
2023-03-27T09:55:54.325 INFO:teuthology.orchestra.run.smithi123.stdout:/usr/bin/ceph: stderr
2023-03-27T09:55:53.695+0000 7f7d89ffb700 1 -- 172.21.15.123:0/73605837 <== mon.0 v2:172.21.15.123:3300/0 4 ==== mgrmap(e 8) v1 ==== 43509+0+0 (secure 0 0 0) 0x7f7d80017020 con 0x7f7d8c105fe0
2023-03-27T09:55:54.325 INFO:teuthology.orchestra.run.smithi123.stdout:/usr/bin/ceph: stderr
2023-03-27T09:55:53.696+0000 7f7d89ffb700 1 --2- 172.21.15.123:0/73605837 >> [v2:172.21.15.123:6800/1944017299,v1:172.21.15.123:6801/1944017299] conn(0x7f7d7c036820 0x7f7d7c038cd0 unknown :-1 s=NONE pgs=0 cs=0 l=1 rev1=0 crypto rx=0 tx=0 comp rx=0 tx=0).connect
2023-03-27T09:55:54.325 INFO:teuthology.orchestra.run.smithi123.stdout:/usr/bin/ceph: stderr
2023-03-27T09:55:53.696+0000 7f7d89ffb700 1 -- 172.21.15.123:0/73605837 <== mon.0 v2:172.21.15.123:3300/0 5 ==== osd_map(2..2 src has 1..2) v4 ==== 940+0+0 (secure 0 0 0) 0x7f7d80049dc0 con 0x7f7d8c105fe0
2023-03-27T09:55:54.326 INFO:teuthology.orchestra.run.smithi123.stdout:/usr/bin/ceph: stderr
2023-03-27T09:55:53.696+0000 7f7d92bfa700 1 -- 172.21.15.123:0/73605837 --> [v2:172.21.15.123:3300/0,v1:172.21.15.123:6789/0] -- mon_command({"prefix": "get_command_descriptions"} v 0) v1 -- 0x7f7d8c061e00 con 0x7f7d8c105fe0
2023-03-27T09:55:54.326 INFO:teuthology.orchestra.run.smithi123.stdout:/usr/bin/ceph: stderr
2023-03-27T09:55:53.696+0000 7f7d8bfff700 1 --2- 172.21.15.123:0/73605837 >> [v2:172.21.15.123:6800/1944017299,v1:172.21.15.123:6801/1944017299] conn(0x7f7d7c036820 0x7f7d7c038cd0 unknown :-1 s=BANNER_CONNECTING pgs=0 cs=0 l=1 rev1=0 crypto rx=0 tx=0 comp rx=0 tx=0)._handle_peer_banner_payload supported=3 required=0
2023-03-27T09:55:54.326 INFO:teuthology.orchestra.run.smithi123.stdout:/usr/bin/ceph: stderr
2023-03-27T09:55:53.696+0000 7f7d8bfff700 1 --2- 172.21.15.123:0/73605837 >> [v2:172.21.15.123:6800/1944017299,v1:172.21.15.123:6801/1944017299] conn(0x7f7d7c036820 0x7f7d7c038cd0 secure :-1 s=READY pgs=10 cs=0 l=1 rev1=1 crypto rx=0x7f7d78006fd0 tx=0x7f7d78006e40 comp rx=0 tx=0).ready entity=mgr.14118 client_cookie=0 server_cookie=0 in_seq=0 out_seq=0
2023-03-27T09:55:54.326 INFO:teuthology.orchestra.run.smithi123.stdout:/usr/bin/ceph: stderr
2023-03-27T09:55:53.700+0000 7f7d89ffb700 1 -- 172.21.15.123:0/73605837 <== mon.0 v2:172.21.15.123:3300/0 6 ==== mon_command_ack([{"prefix": "get_command_descriptions"}]=0 v0) v1 ==== 72+0+174404 (secure 0 0 0) 0x7f7d80018db0 con 0x7f7d8c105fe0
2023-03-27T09:55:54.326 INFO:teuthology.orchestra.run.smithi123.stdout:/usr/bin/ceph: stderr
2023-03-27T09:55:53.882+0000 7f7d92bfa700 1 -- 172.21.15.123:0/73605837 --> [v2:172.21.15.123:6800/1944017299,v1:172.21.15.123:6801/1944017299] -- mgr_command(tid 0: {"prefix": "cephadm get-pub-key", "target": ["mon-mgr", ""]}) v1 -- 0x7f7d8c100dd0 con 0x7f7d7c036820
2023-03-27T09:55:54.326 INFO:teuthology.orchestra.run.smithi123.stdout:/usr/bin/ceph: stderr
2023-03-27T09:55:53.883+0000 7f7d89ffb700 1 -- 172.21.15.123:0/73605837 <== mgr.14118 v2:172.21.15.123:6800/1944017299 1 ==== mgr_command_reply(tid 0: 0 ) v1 ==== 8+0+595 (secure 0 0 0) 0x7f7d8c100dd0 con 0x7f7d7c036820
2023-03-27T09:55:54.326 INFO:teuthology.orchestra.run.smithi123.stdout:/usr/bin/ceph: stderr
2023-03-27T09:55:53.885+0000 7f7d92bfa700 1 -- 172.21.15.123:0/73605837 >> [v2:172.21.15.123:6800/1944017299,v1:172.21.15.123:6801/1944017299] conn(0x7f7d7c036820 msgr2=0x7f7d7c038cd0 secure :-1 s=STATE_CONNECTION_ESTABLISHED l=1).mark_down
2023-03-27T09:55:54.326 INFO:teuthology.orchestra.run.smithi123.stdout:/usr/bin/ceph: stderr
2023-03-27T09:55:53.885+0000 7f7d92bfa700 1 --2- 172.21.15.123:0/73605837 >> [v2:172.21.15.123:6800/1944017299,v1:172.21.15.123:6801/1944017299] conn(0x7f7d7c036820 0x7f7d7c038cd0 secure :-1 s=READY pgs=10 cs=0 l=1 rev1=1 crypto rx=0x7f7d78006fd0 tx=0x7f7d78006e40 comp rx=0 tx=0).stop
2023-03-27T09:55:54.327 INFO:teuthology.orchestra.run.smithi123.stdout:/usr/bin/ceph: stderr
2023-03-27T09:55:53.885+0000 7f7d92bfa700 1 -- 172.21.15.123:0/73605837 >> [v2:172.21.15.123:3300/0,v1:172.21.15.123:6789/0] conn(0x7f7d8c105fe0 msgr2=0x7f7d8c1990d0 secure :-1 s=STATE_CONNECTION_ESTABLISHED l=1).mark_down
2023-03-27T09:55:54.327 INFO:teuthology.orchestra.run.smithi123.stdout:/usr/bin/ceph: stderr
2023-03-27T09:55:53.885+0000 7f7d92bfa700 1 --2- 172.21.15.123:0/73605837 >> [v2:172.21.15.123:3300/0,v1:172.21.15.123:6789/0] conn(0x7f7d8c105fe0 0x7f7d8c1990d0 secure :-1 s=READY pgs=42 cs=0 l=1 rev1=1 crypto rx=0x7f7d80006af0 tx=0x7f7d80011ad0 comp rx=0 tx=0).stop
2023-03-27T09:55:54.327 INFO:teuthology.orchestra.run.smithi123.stdout:/usr/bin/ceph: stderr
2023-03-27T09:55:53.885+0000 7f7d92bfa700 1 -- 172.21.15.123:0/73605837 shutdown_connections
2023-03-27T09:55:54.327 INFO:teuthology.orchestra.run.smithi123.stdout:/usr/bin/ceph: stderr
2023-03-27T09:55:53.885+0000 7f7d92bfa700 1 --2- 172.21.15.123:0/73605837 >> [v2:172.21.15.123:6800/1944017299,v1:172.21.15.123:6801/1944017299] conn(0x7f7d7c036820 0x7f7d7c038cd0 unknown :-1 s=CLOSED pgs=10 cs=0 l=1 rev1=1 crypto rx=0 tx=0 comp rx=0 tx=0).stop
2023-03-27T09:55:54.327 INFO:teuthology.orchestra.run.smithi123.stdout:/usr/bin/ceph: stderr
2023-03-27T09:55:53.885+0000 7f7d92bfa700 1 --2- 172.21.15.123:0/73605837 >> [v2:172.21.15.123:3300/0,v1:172.21.15.123:6789/0] conn(0x7f7d8c105fe0 0x7f7d8c1990d0 unknown :-1 s=CLOSED pgs=42 cs=0 l=1 rev1=1 crypto rx=0 tx=0 comp rx=0 tx=0).stop
2023-03-27T09:55:54.327 INFO:teuthology.orchestra.run.smithi123.stdout:/usr/bin/ceph: stderr
2023-03-27T09:55:53.885+0000 7f7d92bfa700 1 -- 172.21.15.123:0/73605837 >> 172.21.15.123:0/73605837 conn(0x7f7d8c0ff9e0 msgr2=0x7f7d8c1006c0 unknown :-1 s=STATE_NONE l=0).mark_down
2023-03-27T09:55:54.327 INFO:teuthology.orchestra.run.smithi123.stdout:/usr/bin/ceph: stderr
2023-03-27T09:55:53.885+0000 7f7d92bfa700 1 -- 172.21.15.123:0/73605837 shutdown_connections
2023-03-27T09:55:54.327 INFO:teuthology.orchestra.run.smithi123.stdout:/usr/bin/ceph: stderr
2023-03-27T09:55:53.885+0000 7f7d92bfa700 1 -- 172.21.15.123:0/73605837 wait complete.
2023-03-27T09:55:54.328 INFO:teuthology.orchestra.run.smithi123.stdout:Wrote public SSH key to /home/ubuntu/cephtest/ceph.pub
2023-03-27T09:55:54.328 INFO:teuthology.orchestra.run.smithi123.stdout:Adding key to root@localhost authorized_keys...
2023-03-27T09:55:54.328 INFO:teuthology.orchestra.run.smithi123.stdout:Adding host smithi123...
2023-03-27T09:55:55.222 INFO:journalctl@ceph.mon.a.smithi123.stdout:Mar 27 09:55:54 smithi123 ceph-mon[93018]: from='client.14136 -' entity='client.admin' cmd=[{"prefix": "cephadm get-pub-key", "target": ["mon-mgr", ""]}]: dispatch
2023-03-27T09:55:56.143 INFO:journalctl@ceph.mon.a.smithi123.stdout:Mar 27 09:55:55 smithi123 ceph-mon[93018]: from='client.14138 -' entity='client.admin' cmd=[{"prefix": "orch host add", "hostname": "smithi123", "addr": "172.21.15.123", "target": ["mon-mgr", ""]}]: dispatch
2023-03-27T09:55:57.271 INFO:teuthology.orchestra.run.smithi123.stdout:/usr/bin/ceph: stdout Added host 'smithi123' with addr '172.21.15.123'
2023-03-27T09:55:57.272 INFO:teuthology.orchestra.run.smithi123.stdout:/usr/bin/ceph: stderr
2023-03-27T09:55:54.795+0000 7f4a4efec700 1 Processor -- start
2023-03-27T09:55:57.272 INFO:teuthology.orchestra.run.smithi123.stdout:/usr/bin/ceph: stderr
2023-03-27T09:55:54.795+0000 7f4a4efec700 1 -- start start
2023-03-27T09:55:57.272 INFO:teuthology.orchestra.run.smithi123.stdout:/usr/bin/ceph: stderr
2023-03-27T09:55:54.795+0000 7f4a4efec700 1 --2- >> [v2:172.21.15.123:3300/0,v1:172.21.15.123:6789/0] conn(0x7f4a48105930 0x7f4a48105d40 unknown :-1 s=NONE pgs=0 cs=0 l=0 rev1=0 crypto rx=0 tx=0 comp rx=0 tx=0).connect
2023-03-27T09:55:57.272 INFO:teuthology.orchestra.run.smithi123.stdout:/usr/bin/ceph: stderr
2023-03-27T09:55:54.795+0000 7f4a4efec700 1 -- --> [v2:172.21.15.123:3300/0,v1:172.21.15.123:6789/0] -- mon_getmap magic: 0 v1 -- 0x7f4a48106280 con 0x7f4a48105930
2023-03-27T09:55:57.272 INFO:teuthology.orchestra.run.smithi123.stdout:/usr/bin/ceph: stderr
2023-03-27T09:55:54.795+0000 7f4a4cd88700 1 --2- >> [v2:172.21.15.123:3300/0,v1:172.21.15.123:6789/0] conn(0x7f4a48105930 0x7f4a48105d40 unknown :-1 s=BANNER_CONNECTING pgs=0 cs=0 l=0 rev1=0 crypto rx=0 tx=0 comp rx=0 tx=0)._handle_peer_banner_payload supported=3 required=0
2023-03-27T09:55:57.272 INFO:teuthology.orchestra.run.smithi123.stdout:/usr/bin/ceph: stderr
2023-03-27T09:55:54.795+0000 7f4a4cd88700 1 --2- >> [v2:172.21.15.123:3300/0,v1:172.21.15.123:6789/0] conn(0x7f4a48105930 0x7f4a48105d40 unknown :-1 s=HELLO_CONNECTING pgs=0 cs=0 l=0 rev1=1 crypto rx=0 tx=0 comp rx=0 tx=0).handle_hello peer v2:172.21.15.123:3300/0 says I am v2:172.21.15.123:40164/0 (socket says 172.21.15.123:40164)
2023-03-27T09:55:57.273 INFO:teuthology.orchestra.run.smithi123.stdout:/usr/bin/ceph: stderr
2023-03-27T09:55:54.795+0000 7f4a4cd88700 1 -- 172.21.15.123:0/3244367902 learned_addr learned my addr 172.21.15.123:0/3244367902 (peer_addr_for_me v2:172.21.15.123:0/0)
2023-03-27T09:55:57.273 INFO:teuthology.orchestra.run.smithi123.stdout:/usr/bin/ceph: stderr
2023-03-27T09:55:54.795+0000 7f4a4cd88700 1 -- 172.21.15.123:0/3244367902 --> [v2:172.21.15.123:3300/0,v1:172.21.15.123:6789/0] -- mon_subscribe({config=0+,monmap=0+}) v3 -- 0x7f4a481063c0 con 0x7f4a48105930
2023-03-27T09:55:57.273 INFO:teuthology.orchestra.run.smithi123.stdout:/usr/bin/ceph: stderr
2023-03-27T09:55:54.795+0000 7f4a4cd88700 1 --2- 172.21.15.123:0/3244367902 >> [v2:172.21.15.123:3300/0,v1:172.21.15.123:6789/0] conn(0x7f4a48105930 0x7f4a48105d40 secure :-1 s=READY pgs=43 cs=0 l=1 rev1=1 crypto rx=0x7f4a3c00bb40 tx=0x7f4a3c00be50 comp rx=0 tx=0).ready entity=mon.0 client_cookie=90b5c416d7e7a5d server_cookie=0 in_seq=0 out_seq=0
2023-03-27T09:55:57.273 INFO:teuthology.orchestra.run.smithi123.stdout:/usr/bin/ceph: stderr
2023-03-27T09:55:54.796+0000 7f4a477fe700 1 -- 172.21.15.123:0/3244367902 <== mon.0 v2:172.21.15.123:3300/0 1 ==== mon_map magic: 0 v1 ==== 205+0+0 (secure 0 0 0) 0x7f4a3c00dbe0 con 0x7f4a48105930
2023-03-27T09:55:57.273 INFO:teuthology.orchestra.run.smithi123.stdout:/usr/bin/ceph: stderr
2023-03-27T09:55:54.796+0000 7f4a477fe700 1 -- 172.21.15.123:0/3244367902 <== mon.0 v2:172.21.15.123:3300/0 2 ==== config(26 keys) v1 ==== 1074+0+0 (secure 0 0 0) 0x7f4a3c0044d0 con 0x7f4a48105930
2023-03-27T09:55:57.273 INFO:teuthology.orchestra.run.smithi123.stdout:/usr/bin/ceph: stderr
2023-03-27T09:55:54.796+0000 7f4a477fe700 1 -- 172.21.15.123:0/3244367902 <== mon.0 v2:172.21.15.123:3300/0 3 ==== mon_map magic: 0 v1 ==== 205+0+0 (secure 0 0 0) 0x7f4a3c010470 con 0x7f4a48105930
2023-03-27T09:55:57.273 INFO:teuthology.orchestra.run.smithi123.stdout:/usr/bin/ceph: stderr
2023-03-27T09:55:54.796+0000 7f4a4efec700 1 -- 172.21.15.123:0/3244367902 >> [v2:172.21.15.123:3300/0,v1:172.21.15.123:6789/0] conn(0x7f4a48105930 msgr2=0x7f4a48105d40 secure :-1 s=STATE_CONNECTION_ESTABLISHED l=1).mark_down
2023-03-27T09:55:57.274 INFO:teuthology.orchestra.run.smithi123.stdout:/usr/bin/ceph: stderr
2023-03-27T09:55:54.796+0000 7f4a4efec700 1 --2- 172.21.15.123:0/3244367902 >> [v2:172.21.15.123:3300/0,v1:172.21.15.123:6789/0] conn(0x7f4a48105930 0x7f4a48105d40 secure :-1 s=READY pgs=43 cs=0 l=1 rev1=1 crypto rx=0x7f4a3c00bb40 tx=0x7f4a3c00be50 comp rx=0 tx=0).stop
2023-03-27T09:55:57.274 INFO:teuthology.orchestra.run.smithi123.stdout:/usr/bin/ceph: stderr
2023-03-27T09:55:54.796+0000 7f4a4efec700 1 -- 172.21.15.123:0/3244367902 shutdown_connections
2023-03-27T09:55:57.274 INFO:teuthology.orchestra.run.smithi123.stdout:/usr/bin/ceph: stderr
2023-03-27T09:55:54.796+0000 7f4a4efec700 1 --2- 172.21.15.123:0/3244367902 >> [v2:172.21.15.123:3300/0,v1:172.21.15.123:6789/0] conn(0x7f4a48105930 0x7f4a48105d40 unknown :-1 s=CLOSED pgs=43 cs=0 l=1 rev1=1 crypto rx=0 tx=0 comp rx=0 tx=0).stop
2023-03-27T09:55:57.274 INFO:teuthology.orchestra.run.smithi123.stdout:/usr/bin/ceph: stderr
2023-03-27T09:55:54.796+0000 7f4a4efec700 1 -- 172.21.15.123:0/3244367902 >> 172.21.15.123:0/3244367902 conn(0x7f4a480ff140 msgr2=0x7f4a48101550 unknown :-1 s=STATE_NONE l=0).mark_down
2023-03-27T09:55:57.274 INFO:teuthology.orchestra.run.smithi123.stdout:/usr/bin/ceph: stderr
2023-03-27T09:55:54.796+0000 7f4a4efec700 1 -- 172.21.15.123:0/3244367902 shutdown_connections
2023-03-27T09:55:57.274 INFO:teuthology.orchestra.run.smithi123.stdout:/usr/bin/ceph: stderr
2023-03-27T09:55:54.796+0000 7f4a4efec700 1 -- 172.21.15.123:0/3244367902 wait complete.
2023-03-27T09:55:57.274 INFO:teuthology.orchestra.run.smithi123.stdout:/usr/bin/ceph: stderr
2023-03-27T09:55:54.797+0000 7f4a4efec700 1 Processor -- start
2023-03-27T09:55:57.275 INFO:teuthology.orchestra.run.smithi123.stdout:/usr/bin/ceph: stderr
2023-03-27T09:55:54.797+0000 7f4a4efec700 1 -- start start
2023-03-27T09:55:57.275 INFO:teuthology.orchestra.run.smithi123.stdout:/usr/bin/ceph: stderr
2023-03-27T09:55:54.797+0000 7f4a4efec700 1 --2- >> [v2:172.21.15.123:3300/0,v1:172.21.15.123:6789/0] conn(0x7f4a48105930 0x7f4a48196f10 unknown :-1 s=NONE pgs=0 cs=0 l=1 rev1=0 crypto rx=0 tx=0 comp rx=0 tx=0).connect
2023-03-27T09:55:57.275 INFO:teuthology.orchestra.run.smithi123.stdout:/usr/bin/ceph: stderr
2023-03-27T09:55:54.797+0000 7f4a4efec700 1 -- --> [v2:172.21.15.123:3300/0,v1:172.21.15.123:6789/0] -- mon_getmap magic: 0 v1 -- 0x7f4a48197450 con 0x7f4a48105930
2023-03-27T09:55:57.275 INFO:teuthology.orchestra.run.smithi123.stdout:/usr/bin/ceph: stderr
2023-03-27T09:55:54.797+0000 7f4a4cd88700 1 --2- >> [v2:172.21.15.123:3300/0,v1:172.21.15.123:6789/0] conn(0x7f4a48105930 0x7f4a48196f10 unknown :-1 s=BANNER_CONNECTING pgs=0 cs=0 l=1 rev1=0 crypto rx=0 tx=0 comp rx=0 tx=0)._handle_peer_banner_payload supported=3 required=0
2023-03-27T09:55:57.275 INFO:teuthology.orchestra.run.smithi123.stdout:/usr/bin/ceph: stderr
2023-03-27T09:55:54.797+0000 7f4a4cd88700 1 --2- >> [v2:172.21.15.123:3300/0,v1:172.21.15.123:6789/0] conn(0x7f4a48105930 0x7f4a48196f10 unknown :-1 s=HELLO_CONNECTING pgs=0 cs=0 l=1 rev1=1 crypto rx=0 tx=0 comp rx=0 tx=0).handle_hello peer v2:172.21.15.123:3300/0 says I am v2:172.21.15.123:40166/0 (socket says 172.21.15.123:40166)
