2023-03-27T09:55:40.430+0000 7f7177a58700 1 -- 172.21.15.123:0/1094850271 --> [v2:172.21.15.123:3300/0,v1:172.21.15.123:6789/0] -- mon_command({"prefix": "get_command_descriptions"} v 0) v1 -- 0x7f71701906d0 con 0x7f7170103af0
2023-03-27T09:55:41.004 INFO:teuthology.orchestra.run.smithi123.stdout:/usr/bin/ceph: stderr
2023-03-27T09:55:40.430+0000 7f71667fc700 1 --2- 172.21.15.123:0/1094850271 >> [v2:172.21.15.123:6800/277831994,v1:172.21.15.123:6801/277831994] conn(0x7f715c0367d0 0x7f715c038c80 unknown :-1 s=NONE pgs=0 cs=0 l=1 rev1=0 crypto rx=0 tx=0 comp rx=0 tx=0).connect
2023-03-27T09:55:41.004 INFO:teuthology.orchestra.run.smithi123.stdout:/usr/bin/ceph: stderr
2023-03-27T09:55:40.431+0000 7f71667fc700 1 -- 172.21.15.123:0/1094850271 <== mon.0 v2:172.21.15.123:3300/0 5 ==== osd_map(1..1 src has 1..1) v4 ==== 725+0+0 (secure 0 0 0) 0x7f716004bc90 con 0x7f7170103af0
2023-03-27T09:55:41.004 INFO:teuthology.orchestra.run.smithi123.stdout:/usr/bin/ceph: stderr
2023-03-27T09:55:40.431+0000 7f7174ff3700 1 --2- 172.21.15.123:0/1094850271 >> [v2:172.21.15.123:6800/277831994,v1:172.21.15.123:6801/277831994] conn(0x7f715c0367d0 0x7f715c038c80 unknown :-1 s=BANNER_CONNECTING pgs=0 cs=0 l=1 rev1=0 crypto rx=0 tx=0 comp rx=0 tx=0)._handle_peer_banner_payload supported=3 required=0
2023-03-27T09:55:41.005 INFO:teuthology.orchestra.run.smithi123.stdout:/usr/bin/ceph: stderr
2023-03-27T09:55:40.431+0000 7f7174ff3700 1 --2- 172.21.15.123:0/1094850271 >> [v2:172.21.15.123:6800/277831994,v1:172.21.15.123:6801/277831994] conn(0x7f715c0367d0 0x7f715c038c80 secure :-1 s=READY pgs=7 cs=0 l=1 rev1=1 crypto rx=0x7f716c006fd0 tx=0x7f716c006e40 comp rx=0 tx=0).ready entity=mgr.14100 client_cookie=0 server_cookie=0 in_seq=0 out_seq=0
2023-03-27T09:55:41.005 INFO:teuthology.orchestra.run.smithi123.stdout:/usr/bin/ceph: stderr
2023-03-27T09:55:40.435+0000 7f71667fc700 1 -- 172.21.15.123:0/1094850271 <== mon.0 v2:172.21.15.123:3300/0 6 ==== mon_command_ack([{"prefix": "get_command_descriptions"}]=0 v0) v1 ==== 72+0+174404 (secure 0 0 0) 0x7f716002b360 con 0x7f7170103af0
2023-03-27T09:55:41.005 INFO:teuthology.orchestra.run.smithi123.stdout:/usr/bin/ceph: stderr
2023-03-27T09:55:40.616+0000 7f7177a58700 1 -- 172.21.15.123:0/1094850271 --> [v2:172.21.15.123:3300/0,v1:172.21.15.123:6789/0] -- mon_command({"prefix": "config assimilate-conf"} v 0) v1 -- 0x7f717002cdb0 con 0x7f7170103af0
2023-03-27T09:55:41.005 INFO:teuthology.orchestra.run.smithi123.stdout:/usr/bin/ceph: stderr
2023-03-27T09:55:40.617+0000 7f71667fc700 1 -- 172.21.15.123:0/1094850271 <== mon.0 v2:172.21.15.123:3300/0 7 ==== mon_command_ack([{"prefix": "config assimilate-conf"}]=0 v3) v1 ==== 70+0+373 (secure 0 0 0) 0x7f7160028030 con 0x7f7170103af0
2023-03-27T09:55:41.005 INFO:teuthology.orchestra.run.smithi123.stdout:/usr/bin/ceph: stderr
2023-03-27T09:55:40.619+0000 7f7177a58700 1 -- 172.21.15.123:0/1094850271 >> [v2:172.21.15.123:6800/277831994,v1:172.21.15.123:6801/277831994] conn(0x7f715c0367d0 msgr2=0x7f715c038c80 secure :-1 s=STATE_CONNECTION_ESTABLISHED l=1).mark_down
2023-03-27T09:55:41.005 INFO:teuthology.orchestra.run.smithi123.stdout:/usr/bin/ceph: stderr
2023-03-27T09:55:40.619+0000 7f7177a58700 1 --2- 172.21.15.123:0/1094850271 >> [v2:172.21.15.123:6800/277831994,v1:172.21.15.123:6801/277831994] conn(0x7f715c0367d0 0x7f715c038c80 secure :-1 s=READY pgs=7 cs=0 l=1 rev1=1 crypto rx=0x7f716c006fd0 tx=0x7f716c006e40 comp rx=0 tx=0).stop
2023-03-27T09:55:41.005 INFO:teuthology.orchestra.run.smithi123.stdout:/usr/bin/ceph: stderr
2023-03-27T09:55:40.619+0000 7f7177a58700 1 -- 172.21.15.123:0/1094850271 >> [v2:172.21.15.123:3300/0,v1:172.21.15.123:6789/0] conn(0x7f7170103af0 msgr2=0x7f7170196ed0 secure :-1 s=STATE_CONNECTION_ESTABLISHED l=1).mark_down
2023-03-27T09:55:41.006 INFO:teuthology.orchestra.run.smithi123.stdout:/usr/bin/ceph: stderr
2023-03-27T09:55:40.619+0000 7f7177a58700 1 --2- 172.21.15.123:0/1094850271 >> [v2:172.21.15.123:3300/0,v1:172.21.15.123:6789/0] conn(0x7f7170103af0 0x7f7170196ed0 secure :-1 s=READY pgs=19 cs=0 l=1 rev1=1 crypto rx=0x7f7160004800 tx=0x7f7160004220 comp rx=0 tx=0).stop
2023-03-27T09:55:41.006 INFO:teuthology.orchestra.run.smithi123.stdout:/usr/bin/ceph: stderr
2023-03-27T09:55:40.619+0000 7f7177a58700 1 -- 172.21.15.123:0/1094850271 shutdown_connections
2023-03-27T09:55:41.006 INFO:teuthology.orchestra.run.smithi123.stdout:/usr/bin/ceph: stderr
2023-03-27T09:55:40.619+0000 7f7177a58700 1 --2- 172.21.15.123:0/1094850271 >> [v2:172.21.15.123:6800/277831994,v1:172.21.15.123:6801/277831994] conn(0x7f715c0367d0 0x7f715c038c80 unknown :-1 s=CLOSED pgs=7 cs=0 l=1 rev1=1 crypto rx=0 tx=0 comp rx=0 tx=0).stop
2023-03-27T09:55:41.006 INFO:teuthology.orchestra.run.smithi123.stdout:/usr/bin/ceph: stderr
2023-03-27T09:55:40.619+0000 7f7177a58700 1 --2- 172.21.15.123:0/1094850271 >> [v2:172.21.15.123:3300/0,v1:172.21.15.123:6789/0] conn(0x7f7170103af0 0x7f7170196ed0 unknown :-1 s=CLOSED pgs=19 cs=0 l=1 rev1=1 crypto rx=0 tx=0 comp rx=0 tx=0).stop
2023-03-27T09:55:41.006 INFO:teuthology.orchestra.run.smithi123.stdout:/usr/bin/ceph: stderr
2023-03-27T09:55:40.619+0000 7f7177a58700 1 -- 172.21.15.123:0/1094850271 >> 172.21.15.123:0/1094850271 conn(0x7f71700ff160 msgr2=0x7f717018b530 unknown :-1 s=STATE_NONE l=0).mark_down
2023-03-27T09:55:41.006 INFO:teuthology.orchestra.run.smithi123.stdout:/usr/bin/ceph: stderr
2023-03-27T09:55:40.619+0000 7f7177a58700 1 -- 172.21.15.123:0/1094850271 shutdown_connections
2023-03-27T09:55:41.006 INFO:teuthology.orchestra.run.smithi123.stdout:/usr/bin/ceph: stderr
2023-03-27T09:55:40.619+0000 7f7177a58700 1 -- 172.21.15.123:0/1094850271 wait complete.
2023-03-27T09:55:41.006 INFO:teuthology.orchestra.run.smithi123.stdout:Enabling cephadm module...
2023-03-27T09:55:42.514 INFO:journalctl@ceph.mon.a.smithi123.stdout:Mar 27 09:55:42 smithi123 ceph-mon[93018]: from='client.? 172.21.15.123:0/271761230' entity='client.admin' cmd=[{"prefix": "mgr module enable", "module": "cephadm"}]: dispatch
2023-03-27T09:55:42.515 INFO:journalctl@ceph.mgr.x.smithi123.stdout:Mar 27 09:55:42 smithi123 ceph-5c91ee1e-cc85-11ed-9afe-001a4aab830c-mgr-x[93261]: ignoring --setuser ceph since I am not root
2023-03-27T09:55:42.515 INFO:journalctl@ceph.mgr.x.smithi123.stdout:Mar 27 09:55:42 smithi123 ceph-5c91ee1e-cc85-11ed-9afe-001a4aab830c-mgr-x[93261]: ignoring --setgroup ceph since I am not root
2023-03-27T09:55:42.515 INFO:journalctl@ceph.mgr.x.smithi123.stdout:Mar 27 09:55:42 smithi123 ceph-5c91ee1e-cc85-11ed-9afe-001a4aab830c-mgr-x[93261]:
2023-03-27T09:55:42.349+0000 7fa1a3d47200 -1 mgr[py] Module devicehealth has missing NOTIFY_TYPES member
2023-03-27T09:55:42.515 INFO:journalctl@ceph.mgr.x.smithi123.stdout:Mar 27 09:55:42 smithi123 ceph-5c91ee1e-cc85-11ed-9afe-001a4aab830c-mgr-x[93261]:
2023-03-27T09:55:42.427+0000 7fa1a3d47200 -1 mgr[py] Module osd_support has missing NOTIFY_TYPES member
2023-03-27T09:55:42.540 INFO:teuthology.orchestra.run.smithi123.stdout:/usr/bin/ceph: stderr
2023-03-27T09:55:41.454+0000 7f2145668700 1 Processor -- start
2023-03-27T09:55:42.540 INFO:teuthology.orchestra.run.smithi123.stdout:/usr/bin/ceph: stderr
2023-03-27T09:55:41.454+0000 7f2145668700 1 -- start start
2023-03-27T09:55:42.540 INFO:teuthology.orchestra.run.smithi123.stdout:/usr/bin/ceph: stderr
2023-03-27T09:55:41.454+0000 7f2145668700 1 --2- >> [v2:172.21.15.123:3300/0,v1:172.21.15.123:6789/0] conn(0x7f2140104850 0x7f2140104c60 unknown :-1 s=NONE pgs=0 cs=0 l=0 rev1=0 crypto rx=0 tx=0 comp rx=0 tx=0).connect
2023-03-27T09:55:42.540 INFO:teuthology.orchestra.run.smithi123.stdout:/usr/bin/ceph: stderr
2023-03-27T09:55:41.454+0000 7f2145668700 1 -- --> [v2:172.21.15.123:3300/0,v1:172.21.15.123:6789/0] -- mon_getmap magic: 0 v1 -- 0x7f21401051a0 con 0x7f2140104850
2023-03-27T09:55:42.540 INFO:teuthology.orchestra.run.smithi123.stdout:/usr/bin/ceph: stderr
2023-03-27T09:55:41.454+0000 7f213effd700 1 --2- >> [v2:172.21.15.123:3300/0,v1:172.21.15.123:6789/0] conn(0x7f2140104850 0x7f2140104c60 unknown :-1 s=BANNER_CONNECTING pgs=0 cs=0 l=0 rev1=0 crypto rx=0 tx=0 comp rx=0 tx=0)._handle_peer_banner_payload supported=3 required=0
2023-03-27T09:55:42.541 INFO:teuthology.orchestra.run.smithi123.stdout:/usr/bin/ceph: stderr
2023-03-27T09:55:41.454+0000 7f213effd700 1 --2- >> [v2:172.21.15.123:3300/0,v1:172.21.15.123:6789/0] conn(0x7f2140104850 0x7f2140104c60 unknown :-1 s=HELLO_CONNECTING pgs=0 cs=0 l=0 rev1=1 crypto rx=0 tx=0 comp rx=0 tx=0).handle_hello peer v2:172.21.15.123:3300/0 says I am v2:172.21.15.123:40060/0 (socket says 172.21.15.123:40060)
2023-03-27T09:55:42.541 INFO:teuthology.orchestra.run.smithi123.stdout:/usr/bin/ceph: stderr
2023-03-27T09:55:41.454+0000 7f213effd700 1 -- 172.21.15.123:0/3530531377 learned_addr learned my addr 172.21.15.123:0/3530531377 (peer_addr_for_me v2:172.21.15.123:0/0)
2023-03-27T09:55:42.541 INFO:teuthology.orchestra.run.smithi123.stdout:/usr/bin/ceph: stderr
2023-03-27T09:55:41.454+0000 7f213effd700 1 -- 172.21.15.123:0/3530531377 --> [v2:172.21.15.123:3300/0,v1:172.21.15.123:6789/0] -- mon_subscribe({config=0+,monmap=0+}) v3 -- 0x7f21401052e0 con 0x7f2140104850
2023-03-27T09:55:42.541 INFO:teuthology.orchestra.run.smithi123.stdout:/usr/bin/ceph: stderr
2023-03-27T09:55:41.455+0000 7f213effd700 1 --2- 172.21.15.123:0/3530531377 >> [v2:172.21.15.123:3300/0,v1:172.21.15.123:6789/0] conn(0x7f2140104850 0x7f2140104c60 secure :-1 s=READY pgs=20 cs=0 l=1 rev1=1 crypto rx=0x7f213000bb40 tx=0x7f213000be50 comp rx=0 tx=0).ready entity=mon.0 client_cookie=c41078f99aadfe39 server_cookie=0 in_seq=0 out_seq=0
2023-03-27T09:55:42.541 INFO:teuthology.orchestra.run.smithi123.stdout:/usr/bin/ceph: stderr
2023-03-27T09:55:41.455+0000 7f213dffb700 1 -- 172.21.15.123:0/3530531377 <== mon.0 v2:172.21.15.123:3300/0 1 ==== mon_map magic: 0 v1 ==== 205+0+0 (secure 0 0 0) 0x7f213000dbe0 con 0x7f2140104850
2023-03-27T09:55:42.541 INFO:teuthology.orchestra.run.smithi123.stdout:/usr/bin/ceph: stderr
2023-03-27T09:55:41.455+0000 7f213dffb700 1 -- 172.21.15.123:0/3530531377 <== mon.0 v2:172.21.15.123:3300/0 2 ==== config(26 keys) v1 ==== 1074+0+0 (secure 0 0 0) 0x7f21300044d0 con 0x7f2140104850
2023-03-27T09:55:42.541 INFO:teuthology.orchestra.run.smithi123.stdout:/usr/bin/ceph: stderr
2023-03-27T09:55:41.455+0000 7f213dffb700 1 -- 172.21.15.123:0/3530531377 <== mon.0 v2:172.21.15.123:3300/0 3 ==== mon_map magic: 0 v1 ==== 205+0+0 (secure 0 0 0) 0x7f2130010470 con 0x7f2140104850
2023-03-27T09:55:42.542 INFO:teuthology.orchestra.run.smithi123.stdout:/usr/bin/ceph: stderr
2023-03-27T09:55:41.455+0000 7f2145668700 1 -- 172.21.15.123:0/3530531377 >> [v2:172.21.15.123:3300/0,v1:172.21.15.123:6789/0] conn(0x7f2140104850 msgr2=0x7f2140104c60 secure :-1 s=STATE_CONNECTION_ESTABLISHED l=1).mark_down
2023-03-27T09:55:42.542 INFO:teuthology.orchestra.run.smithi123.stdout:/usr/bin/ceph: stderr
2023-03-27T09:55:41.455+0000 7f2145668700 1 --2- 172.21.15.123:0/3530531377 >> [v2:172.21.15.123:3300/0,v1:172.21.15.123:6789/0] conn(0x7f2140104850 0x7f2140104c60 secure :-1 s=READY pgs=20 cs=0 l=1 rev1=1 crypto rx=0x7f213000bb40 tx=0x7f213000be50 comp rx=0 tx=0).stop
2023-03-27T09:55:42.542 INFO:teuthology.orchestra.run.smithi123.stdout:/usr/bin/ceph: stderr
2023-03-27T09:55:41.455+0000 7f2145668700 1 -- 172.21.15.123:0/3530531377 shutdown_connections
2023-03-27T09:55:42.542 INFO:teuthology.orchestra.run.smithi123.stdout:/usr/bin/ceph: stderr
2023-03-27T09:55:41.455+0000 7f2145668700 1 --2- 172.21.15.123:0/3530531377 >> [v2:172.21.15.123:3300/0,v1:172.21.15.123:6789/0] conn(0x7f2140104850 0x7f2140104c60 unknown :-1 s=CLOSED pgs=20 cs=0 l=1 rev1=1 crypto rx=0 tx=0 comp rx=0 tx=0).stop
2023-03-27T09:55:42.542 INFO:teuthology.orchestra.run.smithi123.stdout:/usr/bin/ceph: stderr
2023-03-27T09:55:41.455+0000 7f2145668700 1 -- 172.21.15.123:0/3530531377 >> 172.21.15.123:0/3530531377 conn(0x7f21400ff140 msgr2=0x7f2140101550 unknown :-1 s=STATE_NONE l=0).mark_down
2023-03-27T09:55:42.542 INFO:teuthology.orchestra.run.smithi123.stdout:/usr/bin/ceph: stderr
2023-03-27T09:55:41.455+0000 7f2145668700 1 -- 172.21.15.123:0/3530531377 shutdown_connections
2023-03-27T09:55:42.542 INFO:teuthology.orchestra.run.smithi123.stdout:/usr/bin/ceph: stderr
2023-03-27T09:55:41.455+0000 7f2145668700 1 -- 172.21.15.123:0/3530531377 wait complete.
2023-03-27T09:55:42.542 INFO:teuthology.orchestra.run.smithi123.stdout:/usr/bin/ceph: stderr
2023-03-27T09:55:41.456+0000 7f2145668700 1 Processor -- start
2023-03-27T09:55:42.543 INFO:teuthology.orchestra.run.smithi123.stdout:/usr/bin/ceph: stderr
2023-03-27T09:55:41.456+0000 7f2145668700 1 -- start start
2023-03-27T09:55:42.543 INFO:teuthology.orchestra.run.smithi123.stdout:/usr/bin/ceph: stderr
2023-03-27T09:55:41.456+0000 7f2145668700 1 --2- >> [v2:172.21.15.123:3300/0,v1:172.21.15.123:6789/0] conn(0x7f2140104850 0x7f214019b3a0 unknown :-1 s=NONE pgs=0 cs=0 l=1 rev1=0 crypto rx=0 tx=0 comp rx=0 tx=0).connect
2023-03-27T09:55:42.543 INFO:teuthology.orchestra.run.smithi123.stdout:/usr/bin/ceph: stderr
2023-03-27T09:55:41.456+0000 7f2145668700 1 -- --> [v2:172.21.15.123:3300/0,v1:172.21.15.123:6789/0] -- mon_getmap magic: 0 v1 -- 0x7f214019b8e0 con 0x7f2140104850
2023-03-27T09:55:42.543 INFO:teuthology.orchestra.run.smithi123.stdout:/usr/bin/ceph: stderr
2023-03-27T09:55:41.456+0000 7f213effd700 1 --2- >> [v2:172.21.15.123:3300/0,v1:172.21.15.123:6789/0] conn(0x7f2140104850 0x7f214019b3a0 unknown :-1 s=BANNER_CONNECTING pgs=0 cs=0 l=1 rev1=0 crypto rx=0 tx=0 comp rx=0 tx=0)._handle_peer_banner_payload supported=3 required=0
2023-03-27T09:55:42.543 INFO:teuthology.orchestra.run.smithi123.stdout:/usr/bin/ceph: stderr
2023-03-27T09:55:41.456+0000 7f213effd700 1 --2- >> [v2:172.21.15.123:3300/0,v1:172.21.15.123:6789/0] conn(0x7f2140104850 0x7f214019b3a0 unknown :-1 s=HELLO_CONNECTING pgs=0 cs=0 l=1 rev1=1 crypto rx=0 tx=0 comp rx=0 tx=0).handle_hello peer v2:172.21.15.123:3300/0 says I am v2:172.21.15.123:40062/0 (socket says 172.21.15.123:40062)
2023-03-27T09:55:42.543 INFO:teuthology.orchestra.run.smithi123.stdout:/usr/bin/ceph: stderr
2023-03-27T09:55:41.456+0000 7f213effd700 1 -- 172.21.15.123:0/271761230 learned_addr learned my addr 172.21.15.123:0/271761230 (peer_addr_for_me v2:172.21.15.123:0/0)
2023-03-27T09:55:42.543 INFO:teuthology.orchestra.run.smithi123.stdout:/usr/bin/ceph: stderr
2023-03-27T09:55:41.457+0000 7f213effd700 1 -- 172.21.15.123:0/271761230 --> [v2:172.21.15.123:3300/0,v1:172.21.15.123:6789/0] -- mon_subscribe({config=0+,monmap=0+}) v3 -- 0x7f213000b7f0 con 0x7f2140104850
2023-03-27T09:55:42.544 INFO:teuthology.orchestra.run.smithi123.stdout:/usr/bin/ceph: stderr
2023-03-27T09:55:41.457+0000 7f213effd700 1 --2- 172.21.15.123:0/271761230 >> [v2:172.21.15.123:3300/0,v1:172.21.15.123:6789/0] conn(0x7f2140104850 0x7f214019b3a0 secure :-1 s=READY pgs=21 cs=0 l=1 rev1=1 crypto rx=0x7f213000d650 tx=0x7f2130003d40 comp rx=0 tx=0).ready entity=mon.0 client_cookie=0 server_cookie=0 in_seq=0 out_seq=0
2023-03-27T09:55:42.544 INFO:teuthology.orchestra.run.smithi123.stdout:/usr/bin/ceph: stderr
2023-03-27T09:55:41.457+0000 7f2127fff700 1 -- 172.21.15.123:0/271761230 <== mon.0 v2:172.21.15.123:3300/0 1 ==== mon_map magic: 0 v1 ==== 205+0+0 (secure 0 0 0) 0x7f21300041e0 con 0x7f2140104850
2023-03-27T09:55:42.544 INFO:teuthology.orchestra.run.smithi123.stdout:/usr/bin/ceph: stderr
2023-03-27T09:55:41.457+0000 7f2127fff700 1 -- 172.21.15.123:0/271761230 <== mon.0 v2:172.21.15.123:3300/0 2 ==== config(26 keys) v1 ==== 1074+0+0 (secure 0 0 0) 0x7f2130004340 con 0x7f2140104850
2023-03-27T09:55:42.544 INFO:teuthology.orchestra.run.smithi123.stdout:/usr/bin/ceph: stderr
2023-03-27T09:55:41.457+0000 7f2127fff700 1 -- 172.21.15.123:0/271761230 <== mon.0 v2:172.21.15.123:3300/0 3 ==== mon_map magic: 0 v1 ==== 205+0+0 (secure 0 0 0) 0x7f2130019b40 con 0x7f2140104850
2023-03-27T09:55:42.544 INFO:teuthology.orchestra.run.smithi123.stdout:/usr/bin/ceph: stderr
2023-03-27T09:55:41.457+0000 7f2145668700 1 -- 172.21.15.123:0/271761230 --> [v2:172.21.15.123:3300/0,v1:172.21.15.123:6789/0] -- mon_subscribe({mgrmap=0+}) v3 -- 0x7f2140106410 con 0x7f2140104850
2023-03-27T09:55:42.545 INFO:teuthology.orchestra.run.smithi123.stdout:/usr/bin/ceph: stderr
2023-03-27T09:55:41.457+0000 7f2145668700 1 -- 172.21.15.123:0/271761230 --> [v2:172.21.15.123:3300/0,v1:172.21.15.123:6789/0] -- mon_subscribe({osdmap=0}) v3 -- 0x7f2140106280 con 0x7f2140104850
2023-03-27T09:55:42.545 INFO:teuthology.orchestra.run.smithi123.stdout:/usr/bin/ceph: stderr
2023-03-27T09:55:41.458+0000 7f2127fff700 1 -- 172.21.15.123:0/271761230 <== mon.0 v2:172.21.15.123:3300/0 4 ==== mgrmap(e 4) v1 ==== 43498+0+0 (secure 0 0 0) 0x7f2130019d40 con 0x7f2140104850
2023-03-27T09:55:42.545 INFO:teuthology.orchestra.run.smithi123.stdout:/usr/bin/ceph: stderr
2023-03-27T09:55:41.458+0000 7f2127fff700 1 --2- 172.21.15.123:0/271761230 >> [v2:172.21.15.123:6800/277831994,v1:172.21.15.123:6801/277831994] conn(0x7f2128036780 0x7f2128038c30 unknown :-1 s=NONE pgs=0 cs=0 l=1 rev1=0 crypto rx=0 tx=0 comp rx=0 tx=0).connect
2023-03-27T09:55:42.545 INFO:teuthology.orchestra.run.smithi123.stdout:/usr/bin/ceph: stderr
2023-03-27T09:55:41.458+0000 7f2145668700 1 -- 172.21.15.123:0/271761230 --> [v2:172.21.15.123:3300/0,v1:172.21.15.123:6789/0] -- mon_command({"prefix": "get_command_descriptions"} v 0) v1 -- 0x7f2140190c80 con 0x7f2140104850
2023-03-27T09:55:42.545 INFO:teuthology.orchestra.run.smithi123.stdout:/usr/bin/ceph: stderr
2023-03-27T09:55:41.458+0000 7f2127fff700 1 -- 172.21.15.123:0/271761230 <== mon.0 v2:172.21.15.123:3300/0 5 ==== osd_map(1..1 src has 1..1) v4 ==== 725+0+0 (secure 0 0 0) 0x7f213004a000 con 0x7f2140104850
2023-03-27T09:55:42.545 INFO:teuthology.orchestra.run.smithi123.stdout:/usr/bin/ceph: stderr
2023-03-27T09:55:41.458+0000 7f213e7fc700 1 --2- 172.21.15.123:0/271761230 >> [v2:172.21.15.123:6800/277831994,v1:172.21.15.123:6801/277831994] conn(0x7f2128036780 0x7f2128038c30 unknown :-1 s=BANNER_CONNECTING pgs=0 cs=0 l=1 rev1=0 crypto rx=0 tx=0 comp rx=0 tx=0)._handle_peer_banner_payload supported=3 required=0
2023-03-27T09:55:42.545 INFO:teuthology.orchestra.run.smithi123.stdout:/usr/bin/ceph: stderr
2023-03-27T09:55:41.459+0000 7f213e7fc700 1 --2- 172.21.15.123:0/271761230 >> [v2:172.21.15.123:6800/277831994,v1:172.21.15.123:6801/277831994] conn(0x7f2128036780 0x7f2128038c30 secure :-1 s=READY pgs=8 cs=0 l=1 rev1=1 crypto rx=0x7f2134006fd0 tx=0x7f2134006e40 comp rx=0 tx=0).ready entity=mgr.14100 client_cookie=0 server_cookie=0 in_seq=0 out_seq=0
2023-03-27T09:55:42.545 INFO:teuthology.orchestra.run.smithi123.stdout:/usr/bin/ceph: stderr
2023-03-27T09:55:41.463+0000 7f2127fff700 1 -- 172.21.15.123:0/271761230 <== mon.0 v2:172.21.15.123:3300/0 6 ==== mon_command_ack([{"prefix": "get_command_descriptions"}]=0 v0) v1 ==== 72+0+174404 (secure 0 0 0) 0x7f213007b960 con 0x7f2140104850
2023-03-27T09:55:42.546 INFO:teuthology.orchestra.run.smithi123.stdout:/usr/bin/ceph: stderr
2023-03-27T09:55:41.692+0000 7f2145668700 1 -- 172.21.15.123:0/271761230 --> [v2:172.21.15.123:3300/0,v1:172.21.15.123:6789/0] -- mon_command({"prefix": "mgr module enable", "module": "cephadm"} v 0) v1 -- 0x7f214002cdb0 con 0x7f2140104850
2023-03-27T09:55:42.546 INFO:teuthology.orchestra.run.smithi123.stdout:/usr/bin/ceph: stderr
2023-03-27T09:55:42.189+0000 7f2127fff700 1 -- 172.21.15.123:0/271761230 <== mon.0 v2:172.21.15.123:3300/0 7 ==== mgrmap(e 5) v1 ==== 43509+0+0 (secure 0 0 0) 0x7f2130026d60 con 0x7f2140104850
2023-03-27T09:55:42.546 INFO:teuthology.orchestra.run.smithi123.stdout:/usr/bin/ceph: stderr
2023-03-27T09:55:42.190+0000 7f2127fff700 1 -- 172.21.15.123:0/271761230 <== mon.0 v2:172.21.15.123:3300/0 8 ==== mon_command_ack([{"prefix": "mgr module enable", "module": "cephadm"}]=0 v5) v1 ==== 86+0+0 (secure 0 0 0) 0x7f2130028dd0 con 0x7f2140104850
2023-03-27T09:55:42.546 INFO:teuthology.orchestra.run.smithi123.stdout:/usr/bin/ceph: stderr
2023-03-27T09:55:42.193+0000 7f2145668700 1 -- 172.21.15.123:0/271761230 >> [v2:172.21.15.123:6800/277831994,v1:172.21.15.123:6801/277831994] conn(0x7f2128036780 msgr2=0x7f2128038c30 secure :-1 s=STATE_CONNECTION_ESTABLISHED l=1).mark_down
2023-03-27T09:55:42.546 INFO:teuthology.orchestra.run.smithi123.stdout:/usr/bin/ceph: stderr
2023-03-27T09:55:42.193+0000 7f2145668700 1 --2- 172.21.15.123:0/271761230 >> [v2:172.21.15.123:6800/277831994,v1:172.21.15.123:6801/277831994] conn(0x7f2128036780 0x7f2128038c30 secure :-1 s=READY pgs=8 cs=0 l=1 rev1=1 crypto rx=0x7f2134006fd0 tx=0x7f2134006e40 comp rx=0 tx=0).stop
2023-03-27T09:55:42.546 INFO:teuthology.orchestra.run.smithi123.stdout:/usr/bin/ceph: stderr
2023-03-27T09:55:42.193+0000 7f2145668700 1 -- 172.21.15.123:0/271761230 >> [v2:172.21.15.123:3300/0,v1:172.21.15.123:6789/0] conn(0x7f2140104850 msgr2=0x7f214019b3a0 secure :-1 s=STATE_CONNECTION_ESTABLISHED l=1).mark_down
2023-03-27T09:55:42.546 INFO:teuthology.orchestra.run.smithi123.stdout:/usr/bin/ceph: stderr
2023-03-27T09:55:42.193+0000 7f2145668700 1 --2- 172.21.15.123:0/271761230 >> [v2:172.21.15.123:3300/0,v1:172.21.15.123:6789/0] conn(0x7f2140104850 0x7f214019b3a0 secure :-1 s=READY pgs=21 cs=0 l=1 rev1=1 crypto rx=0x7f213000d650 tx=0x7f2130003d40 comp rx=0 tx=0).stop
2023-03-27T09:55:42.547 INFO:teuthology.orchestra.run.smithi123.stdout:/usr/bin/ceph: stderr
2023-03-27T09:55:42.193+0000 7f2145668700 1 -- 172.21.15.123:0/271761230 shutdown_connections
2023-03-27T09:55:42.547 INFO:teuthology.orchestra.run.smithi123.stdout:/usr/bin/ceph: stderr
2023-03-27T09:55:42.193+0000 7f2145668700 1 --2- 172.21.15.123:0/271761230 >> [v2:172.21.15.123:6800/277831994,v1:172.21.15.123:6801/277831994] conn(0x7f2128036780 0x7f2128038c30 unknown :-1 s=CLOSED pgs=8 cs=0 l=1 rev1=1 crypto rx=0 tx=0 comp rx=0 tx=0).stop
2023-03-27T09:55:42.547 INFO:teuthology.orchestra.run.smithi123.stdout:/usr/bin/ceph: stderr
2023-03-27T09:55:42.193+0000 7f2145668700 1 --2- 172.21.15.123:0/271761230 >> [v2:172.21.15.123:3300/0,v1:172.21.15.123:6789/0] conn(0x7f2140104850 0x7f214019b3a0 unknown :-1 s=CLOSED pgs=21 cs=0 l=1 rev1=1 crypto rx=0 tx=0 comp rx=0 tx=0).stop
2023-03-27T09:55:42.547 INFO:teuthology.orchestra.run.smithi123.stdout:/usr/bin/ceph: stderr
2023-03-27T09:55:42.193+0000 7f2145668700 1 -- 172.21.15.123:0/271761230 >> 172.21.15.123:0/271761230 conn(0x7f21400ff140 msgr2=0x7f214018ddc0 unknown :-1 s=STATE_NONE l=0).mark_down
2023-03-27T09:55:42.547 INFO:teuthology.orchestra.run.smithi123.stdout:/usr/bin/ceph: stderr
2023-03-27T09:55:42.193+0000 7f2145668700 1 -- 172.21.15.123:0/271761230 shutdown_connections
2023-03-27T09:55:42.548 INFO:teuthology.orchestra.run.smithi123.stdout:/usr/bin/ceph: stderr
2023-03-27T09:55:42.193+0000 7f2145668700 1 -- 172.21.15.123:0/271761230 wait complete.
2023-03-27T09:55:42.785 INFO:journalctl@ceph.mgr.x.smithi123.stdout:Mar 27 09:55:42 smithi123 ceph-5c91ee1e-cc85-11ed-9afe-001a4aab830c-mgr-x[93261]:
2023-03-27T09:55:42.515+0000 7fa1a3d47200 -1 mgr[py] Module snap_schedule has missing NOTIFY_TYPES member
2023-03-27T09:55:42.785 INFO:journalctl@ceph.mgr.x.smithi123.stdout:Mar 27 09:55:42 smithi123 ceph-5c91ee1e-cc85-11ed-9afe-001a4aab830c-mgr-x[93261]:
2023-03-27T09:55:42.614+0000 7fa1a3d47200 -1 mgr[py] Module zabbix has missing NOTIFY_TYPES member
2023-03-27T09:55:43.108 INFO:journalctl@ceph.mgr.x.smithi123.stdout:Mar 27 09:55:42 smithi123 ceph-5c91ee1e-cc85-11ed-9afe-001a4aab830c-mgr-x[93261]:
2023-03-27T09:55:42.786+0000 7fa1a3d47200 -1 mgr[py] Module crash has missing NOTIFY_TYPES member
2023-03-27T09:55:43.108 INFO:journalctl@ceph.mgr.x.smithi123.stdout:Mar 27 09:55:43 smithi123 ceph-5c91ee1e-cc85-11ed-9afe-001a4aab830c-mgr-x[93261]:
2023-03-27T09:55:43.109+0000 7fa1a3d47200 -1 mgr[py] Module prometheus has missing NOTIFY_TYPES member
2023-03-27T09:55:43.393 INFO:journalctl@ceph.mgr.x.smithi123.stdout:Mar 27 09:55:43 smithi123 ceph-5c91ee1e-cc85-11ed-9afe-001a4aab830c-mgr-x[93261]:
2023-03-27T09:55:43.198+0000 7fa1a3d47200 -1 mgr[py] Module status has missing NOTIFY_TYPES member
2023-03-27T09:55:43.393 INFO:journalctl@ceph.mgr.x.smithi123.stdout:Mar 27 09:55:43 smithi123 ceph-5c91ee1e-cc85-11ed-9afe-001a4aab830c-mgr-x[93261]:
2023-03-27T09:55:43.329+0000 7fa1a3d47200 -1 mgr[py] Module selftest has missing NOTIFY_TYPES member
2023-03-27T09:55:43.394 INFO:journalctl@ceph.mon.a.smithi123.stdout:Mar 27 09:55:43 smithi123 ceph-mon[93018]: from='client.? 172.21.15.123:0/271761230' entity='client.admin' cmd='[{"prefix": "mgr module enable", "module": "cephadm"}]': finished
2023-03-27T09:55:43.394 INFO:journalctl@ceph.mon.a.smithi123.stdout:Mar 27 09:55:43 smithi123 ceph-mon[93018]: mgrmap e5: x(active, since 8s)
2023-03-27T09:55:43.681 INFO:teuthology.orchestra.run.smithi123.stdout:/usr/bin/ceph: stdout {
2023-03-27T09:55:43.681 INFO:teuthology.orchestra.run.smithi123.stdout:/usr/bin/ceph: stdout "epoch": 5,
2023-03-27T09:55:43.681 INFO:teuthology.orchestra.run.smithi123.stdout:/usr/bin/ceph: stdout "available": true,
2023-03-27T09:55:43.682 INFO:teuthology.orchestra.run.smithi123.stdout:/usr/bin/ceph: stdout "active_name": "x",
2023-03-27T09:55:43.682 INFO:teuthology.orchestra.run.smithi123.stdout:/usr/bin/ceph: stdout "num_standby": 0
2023-03-27T09:55:43.682 INFO:teuthology.orchestra.run.smithi123.stdout:/usr/bin/ceph: stdout }
2023-03-27T09:55:43.682 INFO:teuthology.orchestra.run.smithi123.stdout:/usr/bin/ceph: stderr
2023-03-27T09:55:43.049+0000 7f18b2ad5700 1 Processor -- start
2023-03-27T09:55:43.682 INFO:teuthology.orchestra.run.smithi123.stdout:/usr/bin/ceph: stderr
2023-03-27T09:55:43.049+0000 7f18b2ad5700 1 -- start start
2023-03-27T09:55:43.682 INFO:teuthology.orchestra.run.smithi123.stdout:/usr/bin/ceph: stderr
2023-03-27T09:55:43.049+0000 7f18b2ad5700 1 --2- >> [v2:172.21.15.123:3300/0,v1:172.21.15.123:6789/0] conn(0x7f18ac104380 0x7f18ac104790 unknown :-1 s=NONE pgs=0 cs=0 l=0 rev1=0 crypto rx=0 tx=0 comp rx=0 tx=0).connect
2023-03-27T09:55:43.682 INFO:teuthology.orchestra.run.smithi123.stdout:/usr/bin/ceph: stderr
2023-03-27T09:55:43.049+0000 7f18b2ad5700 1 -- --> [v2:172.21.15.123:3300/0,v1:172.21.15.123:6789/0] -- mon_getmap magic: 0 v1 -- 0x7f18ac104cd0 con 0x7f18ac104380
2023-03-27T09:55:43.683 INFO:teuthology.orchestra.run.smithi123.stdout:/usr/bin/ceph: stderr
2023-03-27T09:55:43.050+0000 7f18b0871700 1 --2- >> [v2:172.21.15.123:3300/0,v1:172.21.15.123:6789/0] conn(0x7f18ac104380 0x7f18ac104790 unknown :-1 s=BANNER_CONNECTING pgs=0 cs=0 l=0 rev1=0 crypto rx=0 tx=0 comp rx=0 tx=0)._handle_peer_banner_payload supported=3 required=0
2023-03-27T09:55:43.683 INFO:teuthology.orchestra.run.smithi123.stdout:/usr/bin/ceph: stderr
2023-03-27T09:55:43.050+0000 7f18b0871700 1 --2- >> [v2:172.21.15.123:3300/0,v1:172.21.15.123:6789/0] conn(0x7f18ac104380 0x7f18ac104790 unknown :-1 s=HELLO_CONNECTING pgs=0 cs=0 l=0 rev1=1 crypto rx=0 tx=0 comp rx=0 tx=0).handle_hello peer v2:172.21.15.123:3300/0 says I am v2:172.21.15.123:40076/0 (socket says 172.21.15.123:40076)
2023-03-27T09:55:43.683 INFO:teuthology.orchestra.run.smithi123.stdout:/usr/bin/ceph: stderr
2023-03-27T09:55:43.050+0000 7f18b0871700 1 -- 172.21.15.123:0/3856040737 learned_addr learned my addr 172.21.15.123:0/3856040737 (peer_addr_for_me v2:172.21.15.123:0/0)
2023-03-27T09:55:43.683 INFO:teuthology.orchestra.run.smithi123.stdout:/usr/bin/ceph: stderr
2023-03-27T09:55:43.050+0000 7f18b0871700 1 -- 172.21.15.123:0/3856040737 --> [v2:172.21.15.123:3300/0,v1:172.21.15.123:6789/0] -- mon_subscribe({config=0+,monmap=0+}) v3 -- 0x7f18ac104e10 con 0x7f18ac104380
2023-03-27T09:55:43.683 INFO:teuthology.orchestra.run.smithi123.stdout:/usr/bin/ceph: stderr
2023-03-27T09:55:43.050+0000 7f18b0871700 1 --2- 172.21.15.123:0/3856040737 >> [v2:172.21.15.123:3300/0,v1:172.21.15.123:6789/0] conn(0x7f18ac104380 0x7f18ac104790 secure :-1 s=READY pgs=24 cs=0 l=1 rev1=1 crypto rx=0x7f18a00098a0 tx=0x7f18a0009bb0 comp rx=0 tx=0).ready entity=mon.0 client_cookie=d73d1e38fe2554bf server_cookie=0 in_seq=0 out_seq=0
2023-03-27T09:55:43.683 INFO:teuthology.orchestra.run.smithi123.stdout:/usr/bin/ceph: stderr
2023-03-27T09:55:43.050+0000 7f18ab7fe700 1 -- 172.21.15.123:0/3856040737 <== mon.0 v2:172.21.15.123:3300/0 1 ==== mon_map magic: 0 v1 ==== 205+0+0 (secure 0 0 0) 0x7f18a0004160 con 0x7f18ac104380
2023-03-27T09:55:43.683 INFO:teuthology.orchestra.run.smithi123.stdout:/usr/bin/ceph: stderr
2023-03-27T09:55:43.050+0000 7f18ab7fe700 1 -- 172.21.15.123:0/3856040737 <== mon.0 v2:172.21.15.123:3300/0 2 ==== config(26 keys) v1 ==== 1074+0+0 (secure 0 0 0) 0x7f18a00042c0 con 0x7f18ac104380
2023-03-27T09:55:43.684 INFO:teuthology.orchestra.run.smithi123.stdout:/usr/bin/ceph: stderr
2023-03-27T09:55:43.050+0000 7f18ab7fe700 1 -- 172.21.15.123:0/3856040737 <== mon.0 v2:172.21.15.123:3300/0 3 ==== mon_map magic: 0 v1 ==== 205+0+0 (secure 0 0 0) 0x7f18a0011a00 con 0x7f18ac104380
2023-03-27T09:55:43.684 INFO:teuthology.orchestra.run.smithi123.stdout:/usr/bin/ceph: stderr
2023-03-27T09:55:43.051+0000 7f18b2ad5700 1 -- 172.21.15.123:0/3856040737 >> [v2:172.21.15.123:3300/0,v1:172.21.15.123:6789/0] conn(0x7f18ac104380 msgr2=0x7f18ac104790 secure :-1 s=STATE_CONNECTION_ESTABLISHED l=1).mark_down
2023-03-27T09:55:43.684 INFO:teuthology.orchestra.run.smithi123.stdout:/usr/bin/ceph: stderr
2023-03-27T09:55:43.051+0000 7f18b2ad5700 1 --2- 172.21.15.123:0/3856040737 >> [v2:172.21.15.123:3300/0,v1:172.21.15.123:6789/0] conn(0x7f18ac104380 0x7f18ac104790 secure :-1 s=READY pgs=24 cs=0 l=1 rev1=1 crypto rx=0x7f18a00098a0 tx=0x7f18a0009bb0 comp rx=0 tx=0).stop
2023-03-27T09:55:43.684 INFO:teuthology.orchestra.run.smithi123.stdout:/usr/bin/ceph: stderr
2023-03-27T09:55:43.051+0000 7f18b2ad5700 1 -- 172.21.15.123:0/3856040737 shutdown_connections
2023-03-27T09:55:43.684 INFO:teuthology.orchestra.run.smithi123.stdout:/usr/bin/ceph: stderr
2023-03-27T09:55:43.051+0000 7f18b2ad5700 1 --2- 172.21.15.123:0/3856040737 >> [v2:172.21.15.123:3300/0,v1:172.21.15.123:6789/0] conn(0x7f18ac104380 0x7f18ac104790 unknown :-1 s=CLOSED pgs=24 cs=0 l=1 rev1=1 crypto rx=0 tx=0 comp rx=0 tx=0).stop
2023-03-27T09:55:43.684 INFO:teuthology.orchestra.run.smithi123.stdout:/usr/bin/ceph: stderr
2023-03-27T09:55:43.051+0000 7f18b2ad5700 1 -- 172.21.15.123:0/3856040737 >> 172.21.15.123:0/3856040737 conn(0x7f18ac0ff9f0 msgr2=0x7f18ac101e00 unknown :-1 s=STATE_NONE l=0).mark_down
2023-03-27T09:55:43.685 INFO:journalctl@ceph.mgr.x.smithi123.stdout:Mar 27 09:55:43 smithi123 ceph-5c91ee1e-cc85-11ed-9afe-001a4aab830c-mgr-x[93261]:
2023-03-27T09:55:43.431+0000 7fa1a3d47200 -1 mgr[py] Module alerts has missing NOTIFY_TYPES member
2023-03-27T09:55:43.688 INFO:teuthology.orchestra.run.smithi123.stdout:/usr/bin/ceph: stderr
2023-03-27T09:55:43.051+0000 7f18b2ad5700 1 -- 172.21.15.123:0/3856040737 shutdown_connections
2023-03-27T09:55:43.688 INFO:teuthology.orchestra.run.smithi123.stdout:/usr/bin/ceph: stderr
2023-03-27T09:55:43.051+0000 7f18b2ad5700 1 -- 172.21.15.123:0/3856040737 wait complete.
2023-03-27T09:55:43.688 INFO:teuthology.orchestra.run.smithi123.stdout:/usr/bin/ceph: stderr
2023-03-27T09:55:43.052+0000 7f18b2ad5700 1 Processor -- start
2023-03-27T09:55:43.688 INFO:teuthology.orchestra.run.smithi123.stdout:/usr/bin/ceph: stderr
2023-03-27T09:55:43.052+0000 7f18b2ad5700 1 -- start start
2023-03-27T09:55:43.688 INFO:teuthology.orchestra.run.smithi123.stdout:/usr/bin/ceph: stderr
2023-03-27T09:55:43.052+0000 7f18b2ad5700 1 --2- >> [v2:172.21.15.123:3300/0,v1:172.21.15.123:6789/0] conn(0x7f18ac104380 0x7f18ac19b310 unknown :-1 s=NONE pgs=0 cs=0 l=1 rev1=0 crypto rx=0 tx=0 comp rx=0 tx=0).connect
2023-03-27T09:55:43.688 INFO:teuthology.orchestra.run.smithi123.stdout:/usr/bin/ceph: stderr
2023-03-27T09:55:43.052+0000 7f18b2ad5700 1 -- --> [v2:172.21.15.123:3300/0,v1:172.21.15.123:6789/0] -- mon_getmap magic: 0 v1 -- 0x7f18ac19b850 con 0x7f18ac104380
2023-03-27T09:55:43.689 INFO:teuthology.orchestra.run.smithi123.stdout:/usr/bin/ceph: stderr
2023-03-27T09:55:43.052+0000 7f18b0871700 1 --2- >> [v2:172.21.15.123:3300/0,v1:172.21.15.123:6789/0] conn(0x7f18ac104380 0x7f18ac19b310 unknown :-1 s=BANNER_CONNECTING pgs=0 cs=0 l=1 rev1=0 crypto rx=0 tx=0 comp rx=0 tx=0)._handle_peer_banner_payload supported=3 required=0
2023-03-27T09:55:43.689 INFO:teuthology.orchestra.run.smithi123.stdout:/usr/bin/ceph: stderr
2023-03-27T09:55:43.052+0000 7f18b0871700 1 --2- >> [v2:172.21.15.123:3300/0,v1:172.21.15.123:6789/0] conn(0x7f18ac104380 0x7f18ac19b310 unknown :-1 s=HELLO_CONNECTING pgs=0 cs=0 l=1 rev1=1 crypto rx=0 tx=0 comp rx=0 tx=0).handle_hello peer v2:172.21.15.123:3300/0 says I am v2:172.21.15.123:40078/0 (socket says 172.21.15.123:40078)
2023-03-27T09:55:43.689 INFO:teuthology.orchestra.run.smithi123.stdout:/usr/bin/ceph: stderr
2023-03-27T09:55:43.052+0000 7f18b0871700 1 -- 172.21.15.123:0/405490289 learned_addr learned my addr 172.21.15.123:0/405490289 (peer_addr_for_me v2:172.21.15.123:0/0)
2023-03-27T09:55:43.689 INFO:teuthology.orchestra.run.smithi123.stdout:/usr/bin/ceph: stderr
2023-03-27T09:55:43.052+0000 7f18b0871700 1 -- 172.21.15.123:0/405490289 --> [v2:172.21.15.123:3300/0,v1:172.21.15.123:6789/0] -- mon_subscribe({config=0+,monmap=0+}) v3 -- 0x7f18a0009550 con 0x7f18ac104380
2023-03-27T09:55:43.689 INFO:teuthology.orchestra.run.smithi123.stdout:/usr/bin/ceph: stderr
2023-03-27T09:55:43.052+0000 7f18b0871700 1 --2- 172.21.15.123:0/405490289 >> [v2:172.21.15.123:3300/0,v1:172.21.15.123:6789/0] conn(0x7f18ac104380 0x7f18ac19b310 secure :-1 s=READY pgs=25 cs=0 l=1 rev1=1 crypto rx=0x7f18a0009fb0 tx=0x7f18a0011ad0 comp rx=0 tx=0).ready entity=mon.0 client_cookie=0 server_cookie=0 in_seq=0 out_seq=0
2023-03-27T09:55:43.690 INFO:teuthology.orchestra.run.smithi123.stdout:/usr/bin/ceph: stderr
2023-03-27T09:55:43.053+0000 7f18a9ffb700 1 -- 172.21.15.123:0/405490289 <== mon.0 v2:172.21.15.123:3300/0 1 ==== mon_map magic: 0 v1 ==== 205+0+0 (secure 0 0 0) 0x7f18a0003930 con 0x7f18ac104380
2023-03-27T09:55:43.690 INFO:teuthology.orchestra.run.smithi123.stdout:/usr/bin/ceph: stderr
2023-03-27T09:55:43.053+0000 7f18a9ffb700 1 -- 172.21.15.123:0/405490289 <== mon.0 v2:172.21.15.123:3300/0 2 ==== config(26 keys) v1 ==== 1074+0+0 (secure 0 0 0) 0x7f18a0003a90 con 0x7f18ac104380
2023-03-27T09:55:43.690 INFO:teuthology.orchestra.run.smithi123.stdout:/usr/bin/ceph: stderr
2023-03-27T09:55:43.053+0000 7f18b2ad5700 1 -- 172.21.15.123:0/405490289 --> [v2:172.21.15.123:3300/0,v1:172.21.15.123:6789/0] -- mon_subscribe({mgrmap=0+}) v3 -- 0x7f18ac1063d0 con 0x7f18ac104380
2023-03-27T09:55:43.690 INFO:teuthology.orchestra.run.smithi123.stdout:/usr/bin/ceph: stderr
2023-03-27T09:55:43.053+0000 7f18a9ffb700 1 -- 172.21.15.123:0/405490289 <== mon.0 v2:172.21.15.123:3300/0 3 ==== mon_map magic: 0 v1 ==== 205+0+0 (secure 0 0 0) 0x7f18a0019610 con 0x7f18ac104380
2023-03-27T09:55:43.690 INFO:teuthology.orchestra.run.smithi123.stdout:/usr/bin/ceph: stderr
2023-03-27T09:55:43.053+0000 7f18b2ad5700 1 -- 172.21.15.123:0/405490289 --> [v2:172.21.15.123:3300/0,v1:172.21.15.123:6789/0] -- mon_subscribe({osdmap=0}) v3 -- 0x7f18ac106240 con 0x7f18ac104380
2023-03-27T09:55:43.690 INFO:teuthology.orchestra.run.smithi123.stdout:/usr/bin/ceph: stderr
2023-03-27T09:55:43.054+0000 7f18b2ad5700 1 -- 172.21.15.123:0/405490289 --> [v2:172.21.15.123:3300/0,v1:172.21.15.123:6789/0] -- mon_command({"prefix": "get_command_descriptions"} v 0) v1 -- 0x7f18ac078fd0 con 0x7f18ac104380
2023-03-27T09:55:43.691 INFO:teuthology.orchestra.run.smithi123.stdout:/usr/bin/ceph: stderr
2023-03-27T09:55:43.054+0000 7f18a9ffb700 1 -- 172.21.15.123:0/405490289 <== mon.0 v2:172.21.15.123:3300/0 4 ==== mgrmap(e 5) v1 ==== 43509+0+0 (secure 0 0 0) 0x7f18a002a020 con 0x7f18ac104380
2023-03-27T09:55:43.691 INFO:teuthology.orchestra.run.smithi123.stdout:/usr/bin/ceph: stderr
2023-03-27T09:55:43.054+0000 7f18a9ffb700 1 --2- 172.21.15.123:0/405490289 >> [v2:172.21.15.123:6800/277831994,v1:172.21.15.123:6801/277831994] conn(0x7f189c0367c0 0x7f189c038c70 unknown :-1 s=NONE pgs=0 cs=0 l=1 rev1=0 crypto rx=0 tx=0 comp rx=0 tx=0).connect
2023-03-27T09:55:43.691 INFO:teuthology.orchestra.run.smithi123.stdout:/usr/bin/ceph: stderr
2023-03-27T09:55:43.054+0000 7f18a9ffb700 1 -- 172.21.15.123:0/405490289 <== mon.0 v2:172.21.15.123:3300/0 5 ==== osd_map(1..1 src has 1..1) v4 ==== 725+0+0 (secure 0 0 0) 0x7f18a00499a0 con 0x7f18ac104380
2023-03-27T09:55:43.691 INFO:teuthology.orchestra.run.smithi123.stdout:/usr/bin/ceph: stderr
2023-03-27T09:55:43.054+0000 7f18abfff700 1 -- 172.21.15.123:0/405490289 >> [v2:172.21.15.123:6800/277831994,v1:172.21.15.123:6801/277831994] conn(0x7f189c0367c0 msgr2=0x7f189c038c70 unknown :-1 s=STATE_CONNECTING_RE l=1).process reconnect failed to v2:172.21.15.123:6800/277831994
2023-03-27T09:55:43.691 INFO:teuthology.orchestra.run.smithi123.stdout:/usr/bin/ceph: stderr
2023-03-27T09:55:43.054+0000 7f18abfff700 1 --2- 172.21.15.123:0/405490289 >> [v2:172.21.15.123:6800/277831994,v1:172.21.15.123:6801/277831994] conn(0x7f189c0367c0 0x7f189c038c70 unknown :-1 s=START_CONNECT pgs=0 cs=0 l=1 rev1=0 crypto rx=0 tx=0 comp rx=0 tx=0)._fault waiting 0.200000
2023-03-27T09:55:43.691 INFO:teuthology.orchestra.run.smithi123.stdout:/usr/bin/ceph: stderr
2023-03-27T09:55:43.059+0000 7f18a9ffb700 1 -- 172.21.15.123:0/405490289 <== mon.0 v2:172.21.15.123:3300/0 6 ==== mon_command_ack([{"prefix": "get_command_descriptions"}]=0 v0) v1 ==== 72+0+174404 (secure 0 0 0) 0x7f18a00198f0 con 0x7f18ac104380
2023-03-27T09:55:43.691 INFO:teuthology.orchestra.run.smithi123.stdout:/usr/bin/ceph: stderr
2023-03-27T09:55:43.255+0000 7f18abfff700 1 -- 172.21.15.123:0/405490289 >> [v2:172.21.15.123:6800/277831994,v1:172.21.15.123:6801/277831994] conn(0x7f189c0367c0 msgr2=0x7f189c038c70 unknown :-1 s=STATE_CONNECTING_RE l=1).process reconnect failed to v2:172.21.15.123:6800/277831994
2023-03-27T09:55:43.692 INFO:teuthology.orchestra.run.smithi123.stdout:/usr/bin/ceph: stderr
2023-03-27T09:55:43.255+0000 7f18abfff700 1 --2- 172.21.15.123:0/405490289 >> [v2:172.21.15.123:6800/277831994,v1:172.21.15.123:6801/277831994] conn(0x7f189c0367c0 0x7f189c038c70 unknown :-1 s=START_CONNECT pgs=0 cs=0 l=1 rev1=0 crypto rx=0 tx=0 comp rx=0 tx=0)._fault waiting 0.400000
2023-03-27T09:55:43.692 INFO:teuthology.orchestra.run.smithi123.stdout:/usr/bin/ceph: stderr
2023-03-27T09:55:43.299+0000 7f18b2ad5700 1 -- 172.21.15.123:0/405490289 --> [v2:172.21.15.123:3300/0,v1:172.21.15.123:6789/0] -- mon_command({"prefix": "mgr stat"} v 0) v1 -- 0x7f18ac0613e0 con 0x7f18ac104380
2023-03-27T09:55:43.692 INFO:teuthology.orchestra.run.smithi123.stdout:/usr/bin/ceph: stderr
2023-03-27T09:55:43.300+0000 7f18a9ffb700 1 -- 172.21.15.123:0/405490289 <== mon.0 v2:172.21.15.123:3300/0 7 ==== mon_command_ack([{"prefix": "mgr stat"}]=0 v5) v1 ==== 56+0+88 (secure 0 0 0) 0x7f18a0018b40 con 0x7f18ac104380
2023-03-27T09:55:43.692 INFO:teuthology.orchestra.run.smithi123.stdout:/usr/bin/ceph: stderr
2023-03-27T09:55:43.302+0000 7f18b2ad5700 1 -- 172.21.15.123:0/405490289 >> [v2:172.21.15.123:6800/277831994,v1:172.21.15.123:6801/277831994] conn(0x7f189c0367c0 msgr2=0x7f189c038c70 unknown :-1 s=STATE_CONNECTING l=1).mark_down
2023-03-27T09:55:43.692 INFO:teuthology.orchestra.run.smithi123.stdout:/usr/bin/ceph: stderr
2023-03-27T09:55:43.302+0000 7f18b2ad5700 1 --2- 172.21.15.123:0/405490289 >> [v2:172.21.15.123:6800/277831994,v1:172.21.15.123:6801/277831994] conn(0x7f189c0367c0 0x7f189c038c70 unknown :-1 s=START_CONNECT pgs=0 cs=0 l=1 rev1=0 crypto rx=0 tx=0 comp rx=0 tx=0).stop
2023-03-27T09:55:43.692 INFO:teuthology.orchestra.run.smithi123.stdout:/usr/bin/ceph: stderr
2023-03-27T09:55:43.302+0000 7f18b2ad5700 1 -- 172.21.15.123:0/405490289 >> [v2:172.21.15.123:3300/0,v1:172.21.15.123:6789/0] conn(0x7f18ac104380 msgr2=0x7f18ac19b310 secure :-1 s=STATE_CONNECTION_ESTABLISHED l=1).mark_down
2023-03-27T09:55:43.692 INFO:teuthology.orchestra.run.smithi123.stdout:/usr/bin/ceph: stderr
2023-03-27T09:55:43.302+0000 7f18b2ad5700 1 --2- 172.21.15.123:0/405490289 >> [v2:172.21.15.123:3300/0,v1:172.21.15.123:6789/0] conn(0x7f18ac104380 0x7f18ac19b310 secure :-1 s=READY pgs=25 cs=0 l=1 rev1=1 crypto rx=0x7f18a0009fb0 tx=0x7f18a0011ad0 comp rx=0 tx=0).stop
2023-03-27T09:55:43.692 INFO:teuthology.orchestra.run.smithi123.stdout:/usr/bin/ceph: stderr
2023-03-27T09:55:43.302+0000 7f18b2ad5700 1 -- 172.21.15.123:0/405490289 shutdown_connections
2023-03-27T09:55:43.693 INFO:teuthology.orchestra.run.smithi123.stdout:/usr/bin/ceph: stderr
2023-03-27T09:55:43.302+0000 7f18b2ad5700 1 --2- 172.21.15.123:0/405490289 >> [v2:172.21.15.123:6800/277831994,v1:172.21.15.123:6801/277831994] conn(0x7f189c0367c0 0x7f189c038c70 unknown :-1 s=CLOSED pgs=0 cs=0 l=1 rev1=0 crypto rx=0 tx=0 comp rx=0 tx=0).stop
2023-03-27T09:55:43.693 INFO:teuthology.orchestra.run.smithi123.stdout:/usr/bin/ceph: stderr
2023-03-27T09:55:43.302+0000 7f18b2ad5700 1 --2- 172.21.15.123:0/405490289 >> [v2:172.21.15.123:3300/0,v1:172.21.15.123:6789/0] conn(0x7f18ac104380 0x7f18ac19b310 unknown :-1 s=CLOSED pgs=25 cs=0 l=1 rev1=1 crypto rx=0 tx=0 comp rx=0 tx=0).stop
2023-03-27T09:55:43.693 INFO:teuthology.orchestra.run.smithi123.stdout:/usr/bin/ceph: stderr
2023-03-27T09:55:43.302+0000 7f18b2ad5700 1 -- 172.21.15.123:0/405490289 >> 172.21.15.123:0/405490289 conn(0x7f18ac0ff9f0 msgr2=0x7f18ac1921e0 unknown :-1 s=STATE_NONE l=0).mark_down
2023-03-27T09:55:43.693 INFO:teuthology.orchestra.run.smithi123.stdout:/usr/bin/ceph: stderr
2023-03-27T09:55:43.302+0000 7f18b2ad5700 1 -- 172.21.15.123:0/405490289 shutdown_connections
2023-03-27T09:55:43.693 INFO:teuthology.orchestra.run.smithi123.stdout:/usr/bin/ceph: stderr
2023-03-27T09:55:43.302+0000 7f18b2ad5700 1 -- 172.21.15.123:0/405490289 wait complete.
2023-03-27T09:55:43.693 INFO:teuthology.orchestra.run.smithi123.stdout:Waiting for the mgr to restart...
2023-03-27T09:55:43.694 INFO:teuthology.orchestra.run.smithi123.stdout:Waiting for mgr epoch 5...
2023-03-27T09:55:43.935 INFO:journalctl@ceph.mgr.x.smithi123.stdout:Mar 27 09:55:43 smithi123 ceph-5c91ee1e-cc85-11ed-9afe-001a4aab830c-mgr-x[93261]:
2023-03-27T09:55:43.870+0000 7fa1a3d47200 -1 mgr[py] Module progress has missing NOTIFY_TYPES member
2023-03-27T09:55:44.448 INFO:journalctl@ceph.mon.a.smithi123.stdout:Mar 27 09:55:44 smithi123 ceph-mon[93018]: from='client.? 172.21.15.123:0/405490289' entity='client.admin' cmd=[{"prefix": "mgr stat"}]: dispatch
2023-03-27T09:55:44.893 INFO:journalctl@ceph.mgr.x.smithi123.stdout:Mar 27 09:55:44 smithi123 ceph-5c91ee1e-cc85-11ed-9afe-001a4aab830c-mgr-x[93261]:
2023-03-27T09:55:44.449+0000 7fa1a3d47200 -1 mgr[py] Module rook has missing NOTIFY_TYPES member
2023-03-27T09:55:44.893 INFO:journalctl@ceph.mgr.x.smithi123.stdout:Mar 27 09:55:44 smithi123 ceph-5c91ee1e-cc85-11ed-9afe-001a4aab830c-mgr-x[93261]:
2023-03-27T09:55:44.615+0000 7fa1a3d47200 -1 mgr[py] Module iostat has missing NOTIFY_TYPES member
2023-03-27T09:55:45.609 INFO:journalctl@ceph.mgr.x.smithi123.stdout:Mar 27 09:55:45 smithi123 ceph-5c91ee1e-cc85-11ed-9afe-001a4aab830c-mgr-x[93261]:
2023-03-27T09:55:45.355+0000 7fa1a3d47200 -1 mgr[py] Module test_orchestrator has missing NOTIFY_TYPES member
2023-03-27T09:55:45.609 INFO:journalctl@ceph.mgr.x.smithi123.stdout:Mar 27 09:55:45 smithi123 ceph-5c91ee1e-cc85-11ed-9afe-001a4aab830c-mgr-x[93261]:
2023-03-27T09:55:45.444+0000 7fa1a3d47200 -1 mgr[py] Module osd_perf_query has missing NOTIFY_TYPES member
2023-03-27T09:55:45.893 INFO:journalctl@ceph.mgr.x.smithi123.stdout:Mar 27 09:55:45 smithi123 ceph-5c91ee1e-cc85-11ed-9afe-001a4aab830c-mgr-x[93261]:
2023-03-27T09:55:45.611+0000 7fa1a3d47200 -1 mgr[py] Module orchestrator has missing NOTIFY_TYPES member
2023-03-27T09:55:45.893 INFO:journalctl@ceph.mgr.x.smithi123.stdout:Mar 27 09:55:45 smithi123 ceph-5c91ee1e-cc85-11ed-9afe-001a4aab830c-mgr-x[93261]:
2023-03-27T09:55:45.793+0000 7fa1a3d47200 -1 mgr[py] Module influx has missing NOTIFY_TYPES member
2023-03-27T09:55:46.324 INFO:journalctl@ceph.mgr.x.smithi123.stdout:Mar 27 09:55:45 smithi123 ceph-5c91ee1e-cc85-11ed-9afe-001a4aab830c-mgr-x[93261]:
2023-03-27T09:55:45.938+0000 7fa1a3d47200 -1 mgr[py] Module telemetry has missing NOTIFY_TYPES member
2023-03-27T09:55:46.643 INFO:journalctl@ceph.mgr.x.smithi123.stdout:Mar 27 09:55:46 smithi123 ceph-5c91ee1e-cc85-11ed-9afe-001a4aab830c-mgr-x[93261]:
2023-03-27T09:55:46.326+0000 7fa1a3d47200 -1 mgr[py] Module telegraf has missing NOTIFY_TYPES member
2023-03-27T09:55:47.141 INFO:journalctl@ceph.mgr.x.smithi123.stdout:Mar 27 09:55:46 smithi123 ceph-5c91ee1e-cc85-11ed-9afe-001a4aab830c-mgr-x[93261]:
2023-03-27T09:55:46.843+0000 7fa1a3d47200 -1 mgr[py] Module balancer has missing NOTIFY_TYPES member
2023-03-27T09:55:47.393 INFO:journalctl@ceph.mgr.x.smithi123.stdout:Mar 27 09:55:47 smithi123 ceph-5c91ee1e-cc85-11ed-9afe-001a4aab830c-mgr-x[93261]:
2023-03-27T09:55:47.143+0000 7fa1a3d47200 -1 mgr[py] Module diskprediction_local has missing NOTIFY_TYPES member
2023-03-27T09:55:47.393 INFO:journalctl@ceph.mgr.x.smithi123.stdout:Mar 27 09:55:47 smithi123 ceph-5c91ee1e-cc85-11ed-9afe-001a4aab830c-mgr-x[93261]:
2023-03-27T09:55:47.327+0000 7fa1a3d47200 -1 mgr[py] Module nfs has missing NOTIFY_TYPES member
2023-03-27T09:55:47.893 INFO:journalctl@ceph.mgr.x.smithi123.stdout:Mar 27 09:55:47 smithi123 ceph-5c91ee1e-cc85-11ed-9afe-001a4aab830c-mgr-x[93261]:
2023-03-27T09:55:47.438+0000 7fa1a3d47200 -1 mgr[py] Module rbd_support has missing NOTIFY_TYPES member
2023-03-27T09:55:47.893 INFO:journalctl@ceph.mgr.x.smithi123.stdout:Mar 27 09:55:47 smithi123 ceph-5c91ee1e-cc85-11ed-9afe-001a4aab830c-mgr-x[93261]:
2023-03-27T09:55:47.648+0000 7fa1a3d47200 -1 mgr[py] Module volumes has missing NOTIFY_TYPES member
2023-03-27T09:55:48.893 INFO:journalctl@ceph.mgr.x.smithi123.stdout:Mar 27 09:55:48 smithi123 ceph-5c91ee1e-cc85-11ed-9afe-001a4aab830c-mgr-x[93261]:
2023-03-27T09:55:48.483+0000 7fa1a3d47200 -1 mgr[py] Module pg_autoscaler has missing NOTIFY_TYPES member
2023-03-27T09:55:48.893 INFO:journalctl@ceph.mon.a.smithi123.stdout:Mar 27 09:55:48 smithi123 ceph-mon[93018]: Active manager daemon x restarted
2023-03-27T09:55:48.894 INFO:journalctl@ceph.mon.a.smithi123.stdout:Mar 27 09:55:48 smithi123 ceph-mon[93018]: Activating manager daemon x
2023-03-27T09:55:48.894 INFO:journalctl@ceph.mon.a.smithi123.stdout:Mar 27 09:55:48 smithi123 ceph-mon[93018]: osdmap e2: 0 total, 0 up, 0 in
2023-03-27T09:55:49.893 INFO:journalctl@ceph.mon.a.smithi123.stdout:Mar 27 09:55:49 smithi123 ceph-mon[93018]: mgrmap e6: x(active, starting, since 0.052797s)
2023-03-27T09:55:49.893 INFO:journalctl@ceph.mon.a.smithi123.stdout:Mar 27 09:55:49 smithi123 ceph-mon[93018]: from='mgr.14118 172.21.15.123:0/3739695742' entity='mgr.x' cmd=[{"prefix": "mon metadata", "id": "a"}]: dispatch
2023-03-27T09:55:49.894 INFO:journalctl@ceph.mon.a.smithi123.stdout:Mar 27 09:55:49 smithi123 ceph-mon[93018]: from='mgr.14118 172.21.15.123:0/3739695742' entity='mgr.x' cmd=[{"prefix": "mgr metadata", "who": "x", "id": "x"}]: dispatch
2023-03-27T09:55:49.894 INFO:journalctl@ceph.mon.a.smithi123.stdout:Mar 27 09:55:49 smithi123 ceph-mon[93018]: from='mgr.14118 172.21.15.123:0/3739695742' entity='mgr.x' cmd=[{"prefix": "mds metadata"}]: dispatch
2023-03-27T09:55:49.894 INFO:journalctl@ceph.mon.a.smithi123.stdout:Mar 27 09:55:49 smithi123 ceph-mon[93018]: from='mgr.14118 172.21.15.123:0/3739695742' entity='mgr.x' cmd=[{"prefix": "osd metadata"}]: dispatch
2023-03-27T09:55:49.894 INFO:journalctl@ceph.mon.a.smithi123.stdout:Mar 27 09:55:49 smithi123 ceph-mon[93018]: from='mgr.14118 172.21.15.123:0/3739695742' entity='mgr.x' cmd=[{"prefix": "mon metadata"}]: dispatch
2023-03-27T09:55:49.894 INFO:journalctl@ceph.mon.a.smithi123.stdout:Mar 27 09:55:49 smithi123 ceph-mon[93018]: Manager daemon x is now available
2023-03-27T09:55:49.894 INFO:journalctl@ceph.mon.a.smithi123.stdout:Mar 27 09:55:49 smithi123 ceph-mon[93018]: Found migration_current of "None". Setting to last migration.
2023-03-27T09:55:49.894 INFO:journalctl@ceph.mon.a.smithi123.stdout:Mar 27 09:55:49 smithi123 ceph-mon[93018]: from='mgr.14118 172.21.15.123:0/3739695742' entity='mgr.x'
2023-03-27T09:55:49.894 INFO:journalctl@ceph.mon.a.smithi123.stdout:Mar 27 09:55:49 smithi123 ceph-mon[93018]: from='mgr.14118 172.21.15.123:0/3739695742' entity='mgr.x'
2023-03-27T09:55:49.895 INFO:journalctl@ceph.mon.a.smithi123.stdout:Mar 27 09:55:49 smithi123 ceph-mon[93018]: from='mgr.14118 172.21.15.123:0/3739695742' entity='mgr.x' cmd=[{"prefix": "config dump", "format": "json"}]: dispatch
2023-03-27T09:55:49.895 INFO:journalctl@ceph.mon.a.smithi123.stdout:Mar 27 09:55:49 smithi123 ceph-mon[93018]: from='mgr.14118 172.21.15.123:0/3739695742' entity='mgr.x' cmd=[{"prefix": "config dump", "format": "json"}]: dispatch
2023-03-27T09:55:49.895 INFO:journalctl@ceph.mon.a.smithi123.stdout:Mar 27 09:55:49 smithi123 ceph-mon[93018]: from='mgr.14118 172.21.15.123:0/3739695742' entity='mgr.x' cmd=[{"prefix": "config dump", "format": "json"}]: dispatch
2023-03-27T09:55:49.895 INFO:journalctl@ceph.mon.a.smithi123.stdout:Mar 27 09:55:49 smithi123 ceph-mon[93018]: from='mgr.14118 172.21.15.123:0/3739695742' entity='mgr.x' cmd=[{"prefix":"config rm","who":"mgr","name":"mgr/rbd_support/x/mirror_snapshot_schedule"}]: dispatch
2023-03-27T09:55:49.895 INFO:journalctl@ceph.mon.a.smithi123.stdout:Mar 27 09:55:49 smithi123 ceph-mon[93018]: from='mgr.14118 172.21.15.123:0/3739695742' entity='mgr.x' cmd=[{"prefix":"config rm","who":"mgr","name":"mgr/rbd_support/x/trash_purge_schedule"}]: dispatch
2023-03-27T09:55:49.895 INFO:journalctl@ceph.mon.a.smithi123.stdout:Mar 27 09:55:49 smithi123 ceph-mon[93018]: from='mgr.14118 172.21.15.123:0/3739695742' entity='mgr.x'
2023-03-27T09:55:49.895 INFO:journalctl@ceph.mon.a.smithi123.stdout:Mar 27 09:55:49 smithi123 ceph-mon[93018]: from='mgr.14118 172.21.15.123:0/3739695742' entity='mgr.x'
2023-03-27T09:55:49.950 INFO:teuthology.orchestra.run.smithi123.stdout:/usr/bin/ceph: stdout {
2023-03-27T09:55:49.950 INFO:teuthology.orchestra.run.smithi123.stdout:/usr/bin/ceph: stdout "mgrmap_epoch": 7,
