2023-03-27T10:16:09.733+0000 7f288159a700 1 -- 172.21.15.159:0/1914326734 <== mon.0 v2:172.21.15.159:3300/0 1 ==== mon_map magic: 0 v1 ==== 205+0+0 (secure 0 0 0) 0x7f286c004160 con 0x7f288407ac90
2023-03-27T10:16:10.292 INFO:teuthology.orchestra.run.smithi159.stdout:/usr/bin/ceph: stderr
2023-03-27T10:16:09.733+0000 7f288159a700 1 -- 172.21.15.159:0/1914326734 <== mon.0 v2:172.21.15.159:3300/0 2 ==== config(26 keys) v1 ==== 1074+0+0 (secure 0 0 0) 0x7f286c0042c0 con 0x7f288407ac90
2023-03-27T10:16:10.293 INFO:teuthology.orchestra.run.smithi159.stdout:/usr/bin/ceph: stderr
2023-03-27T10:16:09.733+0000 7f288159a700 1 -- 172.21.15.159:0/1914326734 <== mon.0 v2:172.21.15.159:3300/0 3 ==== mon_map magic: 0 v1 ==== 205+0+0 (secure 0 0 0) 0x7f286c011a00 con 0x7f288407ac90
2023-03-27T10:16:10.293 INFO:teuthology.orchestra.run.smithi159.stdout:/usr/bin/ceph: stderr
2023-03-27T10:16:09.733+0000 7f2888a6e700 1 -- 172.21.15.159:0/1914326734 >> [v2:172.21.15.159:3300/0,v1:172.21.15.159:6789/0] conn(0x7f288407ac90 msgr2=0x7f2884079190 secure :-1 s=STATE_CONNECTION_ESTABLISHED l=1).mark_down
2023-03-27T10:16:10.293 INFO:teuthology.orchestra.run.smithi159.stdout:/usr/bin/ceph: stderr
2023-03-27T10:16:09.733+0000 7f2888a6e700 1 --2- 172.21.15.159:0/1914326734 >> [v2:172.21.15.159:3300/0,v1:172.21.15.159:6789/0] conn(0x7f288407ac90 0x7f2884079190 secure :-1 s=READY pgs=43 cs=0 l=1 rev1=1 crypto rx=0x7f286c0098a0 tx=0x7f286c009bb0 comp rx=0 tx=0).stop
2023-03-27T10:16:10.293 INFO:teuthology.orchestra.run.smithi159.stdout:/usr/bin/ceph: stderr
2023-03-27T10:16:09.733+0000 7f2888a6e700 1 -- 172.21.15.159:0/1914326734 shutdown_connections
2023-03-27T10:16:10.293 INFO:teuthology.orchestra.run.smithi159.stdout:/usr/bin/ceph: stderr
2023-03-27T10:16:09.733+0000 7f2888a6e700 1 --2- 172.21.15.159:0/1914326734 >> [v2:172.21.15.159:3300/0,v1:172.21.15.159:6789/0] conn(0x7f288407ac90 0x7f2884079190 unknown :-1 s=CLOSED pgs=43 cs=0 l=1 rev1=1 crypto rx=0 tx=0 comp rx=0 tx=0).stop
2023-03-27T10:16:10.293 INFO:teuthology.orchestra.run.smithi159.stdout:/usr/bin/ceph: stderr
2023-03-27T10:16:09.733+0000 7f2888a6e700 1 -- 172.21.15.159:0/1914326734 >> 172.21.15.159:0/1914326734 conn(0x7f2884100d20 msgr2=0x7f2884103130 unknown :-1 s=STATE_NONE l=0).mark_down
2023-03-27T10:16:10.293 INFO:teuthology.orchestra.run.smithi159.stdout:/usr/bin/ceph: stderr
2023-03-27T10:16:09.733+0000 7f2888a6e700 1 -- 172.21.15.159:0/1914326734 shutdown_connections
2023-03-27T10:16:10.294 INFO:teuthology.orchestra.run.smithi159.stdout:/usr/bin/ceph: stderr
2023-03-27T10:16:09.733+0000 7f2888a6e700 1 -- 172.21.15.159:0/1914326734 wait complete.
2023-03-27T10:16:10.294 INFO:teuthology.orchestra.run.smithi159.stdout:/usr/bin/ceph: stderr
2023-03-27T10:16:09.734+0000 7f2888a6e700 1 Processor -- start
2023-03-27T10:16:10.294 INFO:teuthology.orchestra.run.smithi159.stdout:/usr/bin/ceph: stderr
2023-03-27T10:16:09.734+0000 7f2888a6e700 1 -- start start
2023-03-27T10:16:10.294 INFO:teuthology.orchestra.run.smithi159.stdout:/usr/bin/ceph: stderr
2023-03-27T10:16:09.734+0000 7f2888a6e700 1 --2- >> [v2:172.21.15.159:3300/0,v1:172.21.15.159:6789/0] conn(0x7f288407ac90 0x7f288419b500 unknown :-1 s=NONE pgs=0 cs=0 l=1 rev1=0 crypto rx=0 tx=0 comp rx=0 tx=0).connect
2023-03-27T10:16:10.294 INFO:teuthology.orchestra.run.smithi159.stdout:/usr/bin/ceph: stderr
2023-03-27T10:16:09.734+0000 7f2888a6e700 1 -- --> [v2:172.21.15.159:3300/0,v1:172.21.15.159:6789/0] -- mon_getmap magic: 0 v1 -- 0x7f288419ba40 con 0x7f288407ac90
2023-03-27T10:16:10.294 INFO:teuthology.orchestra.run.smithi159.stdout:/usr/bin/ceph: stderr
2023-03-27T10:16:09.734+0000 7f288259c700 1 --2- >> [v2:172.21.15.159:3300/0,v1:172.21.15.159:6789/0] conn(0x7f288407ac90 0x7f288419b500 unknown :-1 s=BANNER_CONNECTING pgs=0 cs=0 l=1 rev1=0 crypto rx=0 tx=0 comp rx=0 tx=0)._handle_peer_banner_payload supported=3 required=0
2023-03-27T10:16:10.294 INFO:teuthology.orchestra.run.smithi159.stdout:/usr/bin/ceph: stderr
2023-03-27T10:16:09.734+0000 7f288259c700 1 --2- >> [v2:172.21.15.159:3300/0,v1:172.21.15.159:6789/0] conn(0x7f288407ac90 0x7f288419b500 unknown :-1 s=HELLO_CONNECTING pgs=0 cs=0 l=1 rev1=1 crypto rx=0 tx=0 comp rx=0 tx=0).handle_hello peer v2:172.21.15.159:3300/0 says I am v2:172.21.15.159:44492/0 (socket says 172.21.15.159:44492)
2023-03-27T10:16:10.294 INFO:teuthology.orchestra.run.smithi159.stdout:/usr/bin/ceph: stderr
2023-03-27T10:16:09.734+0000 7f288259c700 1 -- 172.21.15.159:0/2880631165 learned_addr learned my addr 172.21.15.159:0/2880631165 (peer_addr_for_me v2:172.21.15.159:0/0)
2023-03-27T10:16:10.295 INFO:teuthology.orchestra.run.smithi159.stdout:/usr/bin/ceph: stderr
2023-03-27T10:16:09.735+0000 7f288259c700 1 -- 172.21.15.159:0/2880631165 --> [v2:172.21.15.159:3300/0,v1:172.21.15.159:6789/0] -- mon_subscribe({config=0+,monmap=0+}) v3 -- 0x7f286c009550 con 0x7f288407ac90
2023-03-27T10:16:10.295 INFO:teuthology.orchestra.run.smithi159.stdout:/usr/bin/ceph: stderr
2023-03-27T10:16:09.735+0000 7f288259c700 1 --2- 172.21.15.159:0/2880631165 >> [v2:172.21.15.159:3300/0,v1:172.21.15.159:6789/0] conn(0x7f288407ac90 0x7f288419b500 secure :-1 s=READY pgs=44 cs=0 l=1 rev1=1 crypto rx=0x7f286c006af0 tx=0x7f286c011ad0 comp rx=0 tx=0).ready entity=mon.0 client_cookie=0 server_cookie=0 in_seq=0 out_seq=0
2023-03-27T10:16:10.295 INFO:teuthology.orchestra.run.smithi159.stdout:/usr/bin/ceph: stderr
2023-03-27T10:16:09.735+0000 7f287b7fe700 1 -- 172.21.15.159:0/2880631165 <== mon.0 v2:172.21.15.159:3300/0 1 ==== mon_map magic: 0 v1 ==== 205+0+0 (secure 0 0 0) 0x7f286c003a40 con 0x7f288407ac90
2023-03-27T10:16:10.295 INFO:teuthology.orchestra.run.smithi159.stdout:/usr/bin/ceph: stderr
2023-03-27T10:16:09.735+0000 7f287b7fe700 1 -- 172.21.15.159:0/2880631165 <== mon.0 v2:172.21.15.159:3300/0 2 ==== config(26 keys) v1 ==== 1074+0+0 (secure 0 0 0) 0x7f286c003ba0 con 0x7f288407ac90
2023-03-27T10:16:10.295 INFO:teuthology.orchestra.run.smithi159.stdout:/usr/bin/ceph: stderr
2023-03-27T10:16:09.735+0000 7f2888a6e700 1 -- 172.21.15.159:0/2880631165 --> [v2:172.21.15.159:3300/0,v1:172.21.15.159:6789/0] -- mon_subscribe({mgrmap=0+}) v3 -- 0x7f288410bb60 con 0x7f288407ac90
2023-03-27T10:16:10.295 INFO:teuthology.orchestra.run.smithi159.stdout:/usr/bin/ceph: stderr
2023-03-27T10:16:09.735+0000 7f287b7fe700 1 -- 172.21.15.159:0/2880631165 <== mon.0 v2:172.21.15.159:3300/0 3 ==== mon_map magic: 0 v1 ==== 205+0+0 (secure 0 0 0) 0x7f286c01a700 con 0x7f288407ac90
2023-03-27T10:16:10.295 INFO:teuthology.orchestra.run.smithi159.stdout:/usr/bin/ceph: stderr
2023-03-27T10:16:09.735+0000 7f2888a6e700 1 -- 172.21.15.159:0/2880631165 --> [v2:172.21.15.159:3300/0,v1:172.21.15.159:6789/0] -- mon_subscribe({osdmap=0}) v3 -- 0x7f288410b9d0 con 0x7f288407ac90
2023-03-27T10:16:10.296 INFO:teuthology.orchestra.run.smithi159.stdout:/usr/bin/ceph: stderr
2023-03-27T10:16:09.736+0000 7f287b7fe700 1 -- 172.21.15.159:0/2880631165 <== mon.0 v2:172.21.15.159:3300/0 4 ==== mgrmap(e 8) v1 ==== 43509+0+0 (secure 0 0 0) 0x7f286c017020 con 0x7f288407ac90
2023-03-27T10:16:10.296 INFO:teuthology.orchestra.run.smithi159.stdout:/usr/bin/ceph: stderr
2023-03-27T10:16:09.736+0000 7f287b7fe700 1 --2- 172.21.15.159:0/2880631165 >> [v2:172.21.15.159:6800/3561797228,v1:172.21.15.159:6801/3561797228] conn(0x7f2870036820 0x7f2870038cd0 unknown :-1 s=NONE pgs=0 cs=0 l=1 rev1=0 crypto rx=0 tx=0 comp rx=0 tx=0).connect
2023-03-27T10:16:10.296 INFO:teuthology.orchestra.run.smithi159.stdout:/usr/bin/ceph: stderr
2023-03-27T10:16:09.736+0000 7f2888a6e700 1 -- 172.21.15.159:0/2880631165 --> [v2:172.21.15.159:3300/0,v1:172.21.15.159:6789/0] -- mon_command({"prefix": "get_command_descriptions"} v 0) v1 -- 0x7f288410bcf0 con 0x7f288407ac90
2023-03-27T10:16:10.296 INFO:teuthology.orchestra.run.smithi159.stdout:/usr/bin/ceph: stderr
2023-03-27T10:16:09.736+0000 7f287b7fe700 1 -- 172.21.15.159:0/2880631165 <== mon.0 v2:172.21.15.159:3300/0 5 ==== osd_map(2..2 src has 1..2) v4 ==== 940+0+0 (secure 0 0 0) 0x7f286c049b90 con 0x7f288407ac90
2023-03-27T10:16:10.296 INFO:teuthology.orchestra.run.smithi159.stdout:/usr/bin/ceph: stderr
2023-03-27T10:16:09.736+0000 7f2881d9b700 1 --2- 172.21.15.159:0/2880631165 >> [v2:172.21.15.159:6800/3561797228,v1:172.21.15.159:6801/3561797228] conn(0x7f2870036820 0x7f2870038cd0 unknown :-1 s=BANNER_CONNECTING pgs=0 cs=0 l=1 rev1=0 crypto rx=0 tx=0 comp rx=0 tx=0)._handle_peer_banner_payload supported=3 required=0
2023-03-27T10:16:10.296 INFO:teuthology.orchestra.run.smithi159.stdout:/usr/bin/ceph: stderr
2023-03-27T10:16:09.737+0000 7f2881d9b700 1 --2- 172.21.15.159:0/2880631165 >> [v2:172.21.15.159:6800/3561797228,v1:172.21.15.159:6801/3561797228] conn(0x7f2870036820 0x7f2870038cd0 secure :-1 s=READY pgs=10 cs=0 l=1 rev1=1 crypto rx=0x7f2874006fd0 tx=0x7f2874006e40 comp rx=0 tx=0).ready entity=mgr.14120 client_cookie=0 server_cookie=0 in_seq=0 out_seq=0
2023-03-27T10:16:10.296 INFO:teuthology.orchestra.run.smithi159.stdout:/usr/bin/ceph: stderr
2023-03-27T10:16:09.741+0000 7f287b7fe700 1 -- 172.21.15.159:0/2880631165 <== mon.0 v2:172.21.15.159:3300/0 6 ==== mon_command_ack([{"prefix": "get_command_descriptions"}]=0 v0) v1 ==== 72+0+174404 (secure 0 0 0) 0x7f286c018db0 con 0x7f288407ac90
2023-03-27T10:16:10.296 INFO:teuthology.orchestra.run.smithi159.stdout:/usr/bin/ceph: stderr
2023-03-27T10:16:09.924+0000 7f2888a6e700 1 -- 172.21.15.159:0/2880631165 --> [v2:172.21.15.159:6800/3561797228,v1:172.21.15.159:6801/3561797228] -- mgr_command(tid 0: {"prefix": "cephadm get-pub-key", "target": ["mon-mgr", ""]}) v1 -- 0x7f2884102160 con 0x7f2870036820
2023-03-27T10:16:10.297 INFO:teuthology.orchestra.run.smithi159.stdout:/usr/bin/ceph: stderr
2023-03-27T10:16:09.925+0000 7f287b7fe700 1 -- 172.21.15.159:0/2880631165 <== mgr.14120 v2:172.21.15.159:6800/3561797228 1 ==== mgr_command_reply(tid 0: 0 ) v1 ==== 8+0+595 (secure 0 0 0) 0x7f2884102160 con 0x7f2870036820
2023-03-27T10:16:10.297 INFO:teuthology.orchestra.run.smithi159.stdout:/usr/bin/ceph: stderr
2023-03-27T10:16:09.927+0000 7f2888a6e700 1 -- 172.21.15.159:0/2880631165 >> [v2:172.21.15.159:6800/3561797228,v1:172.21.15.159:6801/3561797228] conn(0x7f2870036820 msgr2=0x7f2870038cd0 secure :-1 s=STATE_CONNECTION_ESTABLISHED l=1).mark_down
2023-03-27T10:16:10.297 INFO:teuthology.orchestra.run.smithi159.stdout:/usr/bin/ceph: stderr
2023-03-27T10:16:09.927+0000 7f2888a6e700 1 --2- 172.21.15.159:0/2880631165 >> [v2:172.21.15.159:6800/3561797228,v1:172.21.15.159:6801/3561797228] conn(0x7f2870036820 0x7f2870038cd0 secure :-1 s=READY pgs=10 cs=0 l=1 rev1=1 crypto rx=0x7f2874006fd0 tx=0x7f2874006e40 comp rx=0 tx=0).stop
2023-03-27T10:16:10.297 INFO:teuthology.orchestra.run.smithi159.stdout:/usr/bin/ceph: stderr
2023-03-27T10:16:09.927+0000 7f2888a6e700 1 -- 172.21.15.159:0/2880631165 >> [v2:172.21.15.159:3300/0,v1:172.21.15.159:6789/0] conn(0x7f288407ac90 msgr2=0x7f288419b500 secure :-1 s=STATE_CONNECTION_ESTABLISHED l=1).mark_down
2023-03-27T10:16:10.297 INFO:teuthology.orchestra.run.smithi159.stdout:/usr/bin/ceph: stderr
2023-03-27T10:16:09.927+0000 7f2888a6e700 1 --2- 172.21.15.159:0/2880631165 >> [v2:172.21.15.159:3300/0,v1:172.21.15.159:6789/0] conn(0x7f288407ac90 0x7f288419b500 secure :-1 s=READY pgs=44 cs=0 l=1 rev1=1 crypto rx=0x7f286c006af0 tx=0x7f286c011ad0 comp rx=0 tx=0).stop
2023-03-27T10:16:10.297 INFO:teuthology.orchestra.run.smithi159.stdout:/usr/bin/ceph: stderr
2023-03-27T10:16:09.927+0000 7f2888a6e700 1 -- 172.21.15.159:0/2880631165 shutdown_connections
2023-03-27T10:16:10.297 INFO:teuthology.orchestra.run.smithi159.stdout:/usr/bin/ceph: stderr
2023-03-27T10:16:09.927+0000 7f2888a6e700 1 --2- 172.21.15.159:0/2880631165 >> [v2:172.21.15.159:6800/3561797228,v1:172.21.15.159:6801/3561797228] conn(0x7f2870036820 0x7f2870038cd0 unknown :-1 s=CLOSED pgs=10 cs=0 l=1 rev1=1 crypto rx=0 tx=0 comp rx=0 tx=0).stop
2023-03-27T10:16:10.297 INFO:teuthology.orchestra.run.smithi159.stdout:/usr/bin/ceph: stderr
2023-03-27T10:16:09.927+0000 7f2888a6e700 1 --2- 172.21.15.159:0/2880631165 >> [v2:172.21.15.159:3300/0,v1:172.21.15.159:6789/0] conn(0x7f288407ac90 0x7f288419b500 unknown :-1 s=CLOSED pgs=44 cs=0 l=1 rev1=1 crypto rx=0 tx=0 comp rx=0 tx=0).stop
2023-03-27T10:16:10.298 INFO:teuthology.orchestra.run.smithi159.stdout:/usr/bin/ceph: stderr
2023-03-27T10:16:09.927+0000 7f2888a6e700 1 -- 172.21.15.159:0/2880631165 >> 172.21.15.159:0/2880631165 conn(0x7f2884100d20 msgr2=0x7f2884101a50 unknown :-1 s=STATE_NONE l=0).mark_down
2023-03-27T10:16:10.298 INFO:teuthology.orchestra.run.smithi159.stdout:/usr/bin/ceph: stderr
2023-03-27T10:16:09.927+0000 7f2888a6e700 1 -- 172.21.15.159:0/2880631165 shutdown_connections
2023-03-27T10:16:10.298 INFO:teuthology.orchestra.run.smithi159.stdout:/usr/bin/ceph: stderr
2023-03-27T10:16:09.927+0000 7f2888a6e700 1 -- 172.21.15.159:0/2880631165 wait complete.
2023-03-27T10:16:10.298 INFO:teuthology.orchestra.run.smithi159.stdout:Wrote public SSH key to /home/ubuntu/cephtest/ceph.pub
2023-03-27T10:16:10.298 INFO:teuthology.orchestra.run.smithi159.stdout:Adding key to root@localhost authorized_keys...
2023-03-27T10:16:10.298 INFO:teuthology.orchestra.run.smithi159.stdout:Adding host smithi159...
2023-03-27T10:16:11.615 INFO:journalctl@ceph.mon.a.smithi159.stdout:Mar 27 10:16:11 smithi159 ceph-mon[93039]: from='client.14138 -' entity='client.admin' cmd=[{"prefix": "cephadm get-pub-key", "target": ["mon-mgr", ""]}]: dispatch
2023-03-27T10:16:12.614 INFO:journalctl@ceph.mon.a.smithi159.stdout:Mar 27 10:16:12 smithi159 ceph-mon[93039]: from='client.14140 -' entity='client.admin' cmd=[{"prefix": "orch host add", "hostname": "smithi159", "addr": "172.21.15.159", "target": ["mon-mgr", ""]}]: dispatch
2023-03-27T10:16:12.615 INFO:journalctl@ceph.mon.a.smithi159.stdout:Mar 27 10:16:12 smithi159 ceph-mon[93039]: Deploying cephadm binary to smithi159
2023-03-27T10:16:13.743 INFO:teuthology.orchestra.run.smithi159.stdout:/usr/bin/ceph: stdout Added host 'smithi159' with addr '172.21.15.159'
2023-03-27T10:16:13.743 INFO:teuthology.orchestra.run.smithi159.stdout:/usr/bin/ceph: stderr
2023-03-27T10:16:11.274+0000 7f997ced8700 1 Processor -- start
2023-03-27T10:16:13.743 INFO:teuthology.orchestra.run.smithi159.stdout:/usr/bin/ceph: stderr
2023-03-27T10:16:11.274+0000 7f997ced8700 1 -- start start
2023-03-27T10:16:13.743 INFO:teuthology.orchestra.run.smithi159.stdout:/usr/bin/ceph: stderr
2023-03-27T10:16:11.274+0000 7f997ced8700 1 --2- >> [v2:172.21.15.159:3300/0,v1:172.21.15.159:6789/0] conn(0x7f9978106190 0x7f9978108570 unknown :-1 s=NONE pgs=0 cs=0 l=0 rev1=0 crypto rx=0 tx=0 comp rx=0 tx=0).connect
2023-03-27T10:16:13.743 INFO:teuthology.orchestra.run.smithi159.stdout:/usr/bin/ceph: stderr
2023-03-27T10:16:11.274+0000 7f997ced8700 1 -- --> [v2:172.21.15.159:3300/0,v1:172.21.15.159:6789/0] -- mon_getmap magic: 0 v1 -- 0x7f9978073c00 con 0x7f9978106190
2023-03-27T10:16:13.744 INFO:teuthology.orchestra.run.smithi159.stdout:/usr/bin/ceph: stderr
2023-03-27T10:16:11.275+0000 7f997659c700 1 --2- >> [v2:172.21.15.159:3300/0,v1:172.21.15.159:6789/0] conn(0x7f9978106190 0x7f9978108570 unknown :-1 s=BANNER_CONNECTING pgs=0 cs=0 l=0 rev1=0 crypto rx=0 tx=0 comp rx=0 tx=0)._handle_peer_banner_payload supported=3 required=0
2023-03-27T10:16:13.744 INFO:teuthology.orchestra.run.smithi159.stdout:/usr/bin/ceph: stderr
2023-03-27T10:16:11.275+0000 7f997659c700 1 --2- >> [v2:172.21.15.159:3300/0,v1:172.21.15.159:6789/0] conn(0x7f9978106190 0x7f9978108570 unknown :-1 s=HELLO_CONNECTING pgs=0 cs=0 l=0 rev1=1 crypto rx=0 tx=0 comp rx=0 tx=0).handle_hello peer v2:172.21.15.159:3300/0 says I am v2:172.21.15.159:44496/0 (socket says 172.21.15.159:44496)
2023-03-27T10:16:13.744 INFO:teuthology.orchestra.run.smithi159.stdout:/usr/bin/ceph: stderr
2023-03-27T10:16:11.275+0000 7f997659c700 1 -- 172.21.15.159:0/3706403399 learned_addr learned my addr 172.21.15.159:0/3706403399 (peer_addr_for_me v2:172.21.15.159:0/0)
2023-03-27T10:16:13.744 INFO:teuthology.orchestra.run.smithi159.stdout:/usr/bin/ceph: stderr
2023-03-27T10:16:11.275+0000 7f997659c700 1 -- 172.21.15.159:0/3706403399 --> [v2:172.21.15.159:3300/0,v1:172.21.15.159:6789/0] -- mon_subscribe({config=0+,monmap=0+}) v3 -- 0x7f9978073d40 con 0x7f9978106190
2023-03-27T10:16:13.744 INFO:teuthology.orchestra.run.smithi159.stdout:/usr/bin/ceph: stderr
2023-03-27T10:16:11.275+0000 7f997659c700 1 --2- 172.21.15.159:0/3706403399 >> [v2:172.21.15.159:3300/0,v1:172.21.15.159:6789/0] conn(0x7f9978106190 0x7f9978108570 secure :-1 s=READY pgs=45 cs=0 l=1 rev1=1 crypto rx=0x7f996c0098a0 tx=0x7f996c009bb0 comp rx=0 tx=0).ready entity=mon.0 client_cookie=701c113644ed987f server_cookie=0 in_seq=0 out_seq=0
2023-03-27T10:16:13.744 INFO:teuthology.orchestra.run.smithi159.stdout:/usr/bin/ceph: stderr
2023-03-27T10:16:11.275+0000 7f997559a700 1 -- 172.21.15.159:0/3706403399 <== mon.0 v2:172.21.15.159:3300/0 1 ==== mon_map magic: 0 v1 ==== 205+0+0 (secure 0 0 0) 0x7f996c004160 con 0x7f9978106190
2023-03-27T10:16:13.744 INFO:teuthology.orchestra.run.smithi159.stdout:/usr/bin/ceph: stderr
2023-03-27T10:16:11.275+0000 7f997559a700 1 -- 172.21.15.159:0/3706403399 <== mon.0 v2:172.21.15.159:3300/0 2 ==== config(26 keys) v1 ==== 1074+0+0 (secure 0 0 0) 0x7f996c0042c0 con 0x7f9978106190
2023-03-27T10:16:13.745 INFO:teuthology.orchestra.run.smithi159.stdout:/usr/bin/ceph: stderr
2023-03-27T10:16:11.275+0000 7f997559a700 1 -- 172.21.15.159:0/3706403399 <== mon.0 v2:172.21.15.159:3300/0 3 ==== mon_map magic: 0 v1 ==== 205+0+0 (secure 0 0 0) 0x7f996c011a00 con 0x7f9978106190
2023-03-27T10:16:13.745 INFO:teuthology.orchestra.run.smithi159.stdout:/usr/bin/ceph: stderr
2023-03-27T10:16:11.276+0000 7f997ced8700 1 -- 172.21.15.159:0/3706403399 >> [v2:172.21.15.159:3300/0,v1:172.21.15.159:6789/0] conn(0x7f9978106190 msgr2=0x7f9978108570 secure :-1 s=STATE_CONNECTION_ESTABLISHED l=1).mark_down
2023-03-27T10:16:13.745 INFO:teuthology.orchestra.run.smithi159.stdout:/usr/bin/ceph: stderr
2023-03-27T10:16:11.276+0000 7f997ced8700 1 --2- 172.21.15.159:0/3706403399 >> [v2:172.21.15.159:3300/0,v1:172.21.15.159:6789/0] conn(0x7f9978106190 0x7f9978108570 secure :-1 s=READY pgs=45 cs=0 l=1 rev1=1 crypto rx=0x7f996c0098a0 tx=0x7f996c009bb0 comp rx=0 tx=0).stop
2023-03-27T10:16:13.745 INFO:teuthology.orchestra.run.smithi159.stdout:/usr/bin/ceph: stderr
2023-03-27T10:16:11.276+0000 7f997ced8700 1 -- 172.21.15.159:0/3706403399 shutdown_connections
2023-03-27T10:16:13.745 INFO:teuthology.orchestra.run.smithi159.stdout:/usr/bin/ceph: stderr
2023-03-27T10:16:11.276+0000 7f997ced8700 1 --2- 172.21.15.159:0/3706403399 >> [v2:172.21.15.159:3300/0,v1:172.21.15.159:6789/0] conn(0x7f9978106190 0x7f9978108570 unknown :-1 s=CLOSED pgs=45 cs=0 l=1 rev1=1 crypto rx=0 tx=0 comp rx=0 tx=0).stop
2023-03-27T10:16:13.745 INFO:teuthology.orchestra.run.smithi159.stdout:/usr/bin/ceph: stderr
2023-03-27T10:16:11.276+0000 7f997ced8700 1 -- 172.21.15.159:0/3706403399 >> 172.21.15.159:0/3706403399 conn(0x7f99780ffb90 msgr2=0x7f9978101fc0 unknown :-1 s=STATE_NONE l=0).mark_down
2023-03-27T10:16:13.745 INFO:teuthology.orchestra.run.smithi159.stdout:/usr/bin/ceph: stderr
2023-03-27T10:16:11.276+0000 7f997ced8700 1 -- 172.21.15.159:0/3706403399 shutdown_connections
2023-03-27T10:16:13.746 INFO:teuthology.orchestra.run.smithi159.stdout:/usr/bin/ceph: stderr
2023-03-27T10:16:11.276+0000 7f997ced8700 1 -- 172.21.15.159:0/3706403399 wait complete.
2023-03-27T10:16:13.746 INFO:teuthology.orchestra.run.smithi159.stdout:/usr/bin/ceph: stderr
2023-03-27T10:16:11.277+0000 7f997ced8700 1 Processor -- start
2023-03-27T10:16:13.746 INFO:teuthology.orchestra.run.smithi159.stdout:/usr/bin/ceph: stderr
2023-03-27T10:16:11.277+0000 7f997ced8700 1 -- start start
2023-03-27T10:16:13.746 INFO:teuthology.orchestra.run.smithi159.stdout:/usr/bin/ceph: stderr
2023-03-27T10:16:11.277+0000 7f997ced8700 1 --2- >> [v2:172.21.15.159:3300/0,v1:172.21.15.159:6789/0] conn(0x7f9978106190 0x7f99781992d0 unknown :-1 s=NONE pgs=0 cs=0 l=1 rev1=0 crypto rx=0 tx=0 comp rx=0 tx=0).connect
2023-03-27T10:16:13.746 INFO:teuthology.orchestra.run.smithi159.stdout:/usr/bin/ceph: stderr
2023-03-27T10:16:11.277+0000 7f997ced8700 1 -- --> [v2:172.21.15.159:3300/0,v1:172.21.15.159:6789/0] -- mon_getmap magic: 0 v1 -- 0x7f9978199810 con 0x7f9978106190
2023-03-27T10:16:13.746 INFO:teuthology.orchestra.run.smithi159.stdout:/usr/bin/ceph: stderr
2023-03-27T10:16:11.277+0000 7f997659c700 1 --2- >> [v2:172.21.15.159:3300/0,v1:172.21.15.159:6789/0] conn(0x7f9978106190 0x7f99781992d0 unknown :-1 s=BANNER_CONNECTING pgs=0 cs=0 l=1 rev1=0 crypto rx=0 tx=0 comp rx=0 tx=0)._handle_peer_banner_payload supported=3 required=0
2023-03-27T10:16:13.746 INFO:teuthology.orchestra.run.smithi159.stdout:/usr/bin/ceph: stderr
2023-03-27T10:16:11.277+0000 7f997659c700 1 --2- >> [v2:172.21.15.159:3300/0,v1:172.21.15.159:6789/0] conn(0x7f9978106190 0x7f99781992d0 unknown :-1 s=HELLO_CONNECTING pgs=0 cs=0 l=1 rev1=1 crypto rx=0 tx=0 comp rx=0 tx=0).handle_hello peer v2:172.21.15.159:3300/0 says I am v2:172.21.15.159:44498/0 (socket says 172.21.15.159:44498)
2023-03-27T10:16:13.746 INFO:teuthology.orchestra.run.smithi159.stdout:/usr/bin/ceph: stderr
2023-03-27T10:16:11.277+0000 7f997659c700 1 -- 172.21.15.159:0/326592452 learned_addr learned my addr 172.21.15.159:0/326592452 (peer_addr_for_me v2:172.21.15.159:0/0)
2023-03-27T10:16:13.747 INFO:teuthology.orchestra.run.smithi159.stdout:/usr/bin/ceph: stderr
2023-03-27T10:16:11.278+0000 7f997659c700 1 -- 172.21.15.159:0/326592452 --> [v2:172.21.15.159:3300/0,v1:172.21.15.159:6789/0] -- mon_subscribe({config=0+,monmap=0+}) v3 -- 0x7f996c009550 con 0x7f9978106190
2023-03-27T10:16:13.747 INFO:teuthology.orchestra.run.smithi159.stdout:/usr/bin/ceph: stderr
2023-03-27T10:16:11.278+0000 7f997659c700 1 --2- 172.21.15.159:0/326592452 >> [v2:172.21.15.159:3300/0,v1:172.21.15.159:6789/0] conn(0x7f9978106190 0x7f99781992d0 secure :-1 s=READY pgs=46 cs=0 l=1 rev1=1 crypto rx=0x7f996c009fb0 tx=0x7f996c011ad0 comp rx=0 tx=0).ready entity=mon.0 client_cookie=0 server_cookie=0 in_seq=0 out_seq=0
2023-03-27T10:16:13.747 INFO:teuthology.orchestra.run.smithi159.stdout:/usr/bin/ceph: stderr
2023-03-27T10:16:11.278+0000 7f99677fe700 1 -- 172.21.15.159:0/326592452 <== mon.0 v2:172.21.15.159:3300/0 1 ==== mon_map magic: 0 v1 ==== 205+0+0 (secure 0 0 0) 0x7f996c003a40 con 0x7f9978106190
2023-03-27T10:16:13.747 INFO:teuthology.orchestra.run.smithi159.stdout:/usr/bin/ceph: stderr
2023-03-27T10:16:11.278+0000 7f99677fe700 1 -- 172.21.15.159:0/326592452 <== mon.0 v2:172.21.15.159:3300/0 2 ==== config(26 keys) v1 ==== 1074+0+0 (secure 0 0 0) 0x7f996c003ba0 con 0x7f9978106190
2023-03-27T10:16:13.747 INFO:teuthology.orchestra.run.smithi159.stdout:/usr/bin/ceph: stderr
2023-03-27T10:16:11.278+0000 7f997ced8700 1 -- 172.21.15.159:0/326592452 --> [v2:172.21.15.159:3300/0,v1:172.21.15.159:6789/0] -- mon_subscribe({mgrmap=0+}) v3 -- 0x7f9978109840 con 0x7f9978106190
2023-03-27T10:16:13.747 INFO:teuthology.orchestra.run.smithi159.stdout:/usr/bin/ceph: stderr
2023-03-27T10:16:11.278+0000 7f99677fe700 1 -- 172.21.15.159:0/326592452 <== mon.0 v2:172.21.15.159:3300/0 3 ==== mon_map magic: 0 v1 ==== 205+0+0 (secure 0 0 0) 0x7f996c01a750 con 0x7f9978106190
2023-03-27T10:16:13.747 INFO:teuthology.orchestra.run.smithi159.stdout:/usr/bin/ceph: stderr
2023-03-27T10:16:11.278+0000 7f997ced8700 1 -- 172.21.15.159:0/326592452 --> [v2:172.21.15.159:3300/0,v1:172.21.15.159:6789/0] -- mon_subscribe({osdmap=0}) v3 -- 0x7f99781096b0 con 0x7f9978106190
2023-03-27T10:16:13.747 INFO:teuthology.orchestra.run.smithi159.stdout:/usr/bin/ceph: stderr
2023-03-27T10:16:11.279+0000 7f99677fe700 1 -- 172.21.15.159:0/326592452 <== mon.0 v2:172.21.15.159:3300/0 4 ==== mgrmap(e 8) v1 ==== 43509+0+0 (secure 0 0 0) 0x7f996c017020 con 0x7f9978106190
2023-03-27T10:16:13.748 INFO:teuthology.orchestra.run.smithi159.stdout:/usr/bin/ceph: stderr
2023-03-27T10:16:11.279+0000 7f99677fe700 1 --2- 172.21.15.159:0/326592452 >> [v2:172.21.15.159:6800/3561797228,v1:172.21.15.159:6801/3561797228] conn(0x7f99600367d0 0x7f9960038c80 unknown :-1 s=NONE pgs=0 cs=0 l=1 rev1=0 crypto rx=0 tx=0 comp rx=0 tx=0).connect
2023-03-27T10:16:13.748 INFO:teuthology.orchestra.run.smithi159.stdout:/usr/bin/ceph: stderr
2023-03-27T10:16:11.279+0000 7f99677fe700 1 -- 172.21.15.159:0/326592452 <== mon.0 v2:172.21.15.159:3300/0 5 ==== osd_map(2..2 src has 1..2) v4 ==== 940+0+0 (secure 0 0 0) 0x7f996c049b20 con 0x7f9978106190
2023-03-27T10:16:13.748 INFO:teuthology.orchestra.run.smithi159.stdout:/usr/bin/ceph: stderr
2023-03-27T10:16:11.279+0000 7f997ced8700 1 -- 172.21.15.159:0/326592452 --> [v2:172.21.15.159:3300/0,v1:172.21.15.159:6789/0] -- mon_command({"prefix": "get_command_descriptions"} v 0) v1 -- 0x7f99781099d0 con 0x7f9978106190
2023-03-27T10:16:13.748 INFO:teuthology.orchestra.run.smithi159.stdout:/usr/bin/ceph: stderr
2023-03-27T10:16:11.279+0000 7f9975d9b700 1 --2- 172.21.15.159:0/326592452 >> [v2:172.21.15.159:6800/3561797228,v1:172.21.15.159:6801/3561797228] conn(0x7f99600367d0 0x7f9960038c80 unknown :-1 s=BANNER_CONNECTING pgs=0 cs=0 l=1 rev1=0 crypto rx=0 tx=0 comp rx=0 tx=0)._handle_peer_banner_payload supported=3 required=0
2023-03-27T10:16:13.748 INFO:teuthology.orchestra.run.smithi159.stdout:/usr/bin/ceph: stderr
2023-03-27T10:16:11.279+0000 7f9975d9b700 1 --2- 172.21.15.159:0/326592452 >> [v2:172.21.15.159:6800/3561797228,v1:172.21.15.159:6801/3561797228] conn(0x7f99600367d0 0x7f9960038c80 secure :-1 s=READY pgs=11 cs=0 l=1 rev1=1 crypto rx=0x7f9968006fd0 tx=0x7f9968006e40 comp rx=0 tx=0).ready entity=mgr.14120 client_cookie=0 server_cookie=0 in_seq=0 out_seq=0
2023-03-27T10:16:13.748 INFO:teuthology.orchestra.run.smithi159.stdout:/usr/bin/ceph: stderr
2023-03-27T10:16:11.283+0000 7f99677fe700 1 -- 172.21.15.159:0/326592452 <== mon.0 v2:172.21.15.159:3300/0 6 ==== mon_command_ack([{"prefix": "get_command_descriptions"}]=0 v0) v1 ==== 72+0+174404 (secure 0 0 0) 0x7f996c018db0 con 0x7f9978106190
2023-03-27T10:16:13.749 INFO:teuthology.orchestra.run.smithi159.stdout:/usr/bin/ceph: stderr
2023-03-27T10:16:11.471+0000 7f997ced8700 1 -- 172.21.15.159:0/326592452 --> [v2:172.21.15.159:6800/3561797228,v1:172.21.15.159:6801/3561797228] -- mgr_command(tid 0: {"prefix": "orch host add", "hostname": "smithi159", "addr": "172.21.15.159", "target": ["mon-mgr", ""]}) v1 -- 0x7f9978101080 con 0x7f99600367d0
2023-03-27T10:16:13.749 INFO:teuthology.orchestra.run.smithi159.stdout:/usr/bin/ceph: stderr
2023-03-27T10:16:13.381+0000 7f99677fe700 1 -- 172.21.15.159:0/326592452 <== mgr.14120 v2:172.21.15.159:6800/3561797228 1 ==== mgr_command_reply(tid 0: 0 ) v1 ==== 8+0+49 (secure 0 0 0) 0x7f9978101080 con 0x7f99600367d0
2023-03-27T10:16:13.749 INFO:teuthology.orchestra.run.smithi159.stdout:/usr/bin/ceph: stderr
2023-03-27T10:16:13.384+0000 7f997ced8700 1 -- 172.21.15.159:0/326592452 >> [v2:172.21.15.159:6800/3561797228,v1:172.21.15.159:6801/3561797228] conn(0x7f99600367d0 msgr2=0x7f9960038c80 secure :-1 s=STATE_CONNECTION_ESTABLISHED l=1).mark_down
2023-03-27T10:16:13.749 INFO:teuthology.orchestra.run.smithi159.stdout:/usr/bin/ceph: stderr
2023-03-27T10:16:13.384+0000 7f997ced8700 1 --2- 172.21.15.159:0/326592452 >> [v2:172.21.15.159:6800/3561797228,v1:172.21.15.159:6801/3561797228] conn(0x7f99600367d0 0x7f9960038c80 secure :-1 s=READY pgs=11 cs=0 l=1 rev1=1 crypto rx=0x7f9968006fd0 tx=0x7f9968006e40 comp rx=0 tx=0).stop
2023-03-27T10:16:13.749 INFO:teuthology.orchestra.run.smithi159.stdout:/usr/bin/ceph: stderr
2023-03-27T10:16:13.384+0000 7f997ced8700 1 -- 172.21.15.159:0/326592452 >> [v2:172.21.15.159:3300/0,v1:172.21.15.159:6789/0] conn(0x7f9978106190 msgr2=0x7f99781992d0 secure :-1 s=STATE_CONNECTION_ESTABLISHED l=1).mark_down
2023-03-27T10:16:13.749 INFO:teuthology.orchestra.run.smithi159.stdout:/usr/bin/ceph: stderr
2023-03-27T10:16:13.384+0000 7f997ced8700 1 --2- 172.21.15.159:0/326592452 >> [v2:172.21.15.159:3300/0,v1:172.21.15.159:6789/0] conn(0x7f9978106190 0x7f99781992d0 secure :-1 s=READY pgs=46 cs=0 l=1 rev1=1 crypto rx=0x7f996c009fb0 tx=0x7f996c011ad0 comp rx=0 tx=0).stop
2023-03-27T10:16:13.749 INFO:teuthology.orchestra.run.smithi159.stdout:/usr/bin/ceph: stderr
2023-03-27T10:16:13.384+0000 7f997ced8700 1 -- 172.21.15.159:0/326592452 shutdown_connections
2023-03-27T10:16:13.750 INFO:teuthology.orchestra.run.smithi159.stdout:/usr/bin/ceph: stderr
2023-03-27T10:16:13.384+0000 7f997ced8700 1 --2- 172.21.15.159:0/326592452 >> [v2:172.21.15.159:6800/3561797228,v1:172.21.15.159:6801/3561797228] conn(0x7f99600367d0 0x7f9960038c80 unknown :-1 s=CLOSED pgs=11 cs=0 l=1 rev1=1 crypto rx=0 tx=0 comp rx=0 tx=0).stop
2023-03-27T10:16:13.750 INFO:teuthology.orchestra.run.smithi159.stdout:/usr/bin/ceph: stderr
2023-03-27T10:16:13.384+0000 7f997ced8700 1 --2- 172.21.15.159:0/326592452 >> [v2:172.21.15.159:3300/0,v1:172.21.15.159:6789/0] conn(0x7f9978106190 0x7f99781992d0 unknown :-1 s=CLOSED pgs=46 cs=0 l=1 rev1=1 crypto rx=0 tx=0 comp rx=0 tx=0).stop
2023-03-27T10:16:13.750 INFO:teuthology.orchestra.run.smithi159.stdout:/usr/bin/ceph: stderr
2023-03-27T10:16:13.384+0000 7f997ced8700 1 -- 172.21.15.159:0/326592452 >> 172.21.15.159:0/326592452 conn(0x7f99780ffb90 msgr2=0x7f9978100970 unknown :-1 s=STATE_NONE l=0).mark_down
2023-03-27T10:16:13.750 INFO:teuthology.orchestra.run.smithi159.stdout:/usr/bin/ceph: stderr
2023-03-27T10:16:13.384+0000 7f997ced8700 1 -- 172.21.15.159:0/326592452 shutdown_connections
2023-03-27T10:16:13.750 INFO:teuthology.orchestra.run.smithi159.stdout:/usr/bin/ceph: stderr
2023-03-27T10:16:13.384+0000 7f997ced8700 1 -- 172.21.15.159:0/326592452 wait complete.
2023-03-27T10:16:13.750 INFO:teuthology.orchestra.run.smithi159.stdout:Deploying unmanaged mon service...
2023-03-27T10:16:14.527 INFO:journalctl@ceph.mon.a.smithi159.stdout:Mar 27 10:16:14 smithi159 ceph-mon[93039]: from='mgr.14120 172.21.15.159:0/4285792993' entity='mgr.x'
2023-03-27T10:16:14.527 INFO:journalctl@ceph.mon.a.smithi159.stdout:Mar 27 10:16:14 smithi159 ceph-mon[93039]: Added host smithi159
2023-03-27T10:16:14.527 INFO:journalctl@ceph.mon.a.smithi159.stdout:Mar 27 10:16:14 smithi159 ceph-mon[93039]: from='mgr.14120 172.21.15.159:0/4285792993' entity='mgr.x' cmd=[{"prefix": "config dump", "format": "json"}]: dispatch
2023-03-27T10:16:14.987 INFO:teuthology.orchestra.run.smithi159.stdout:/usr/bin/ceph: stdout Scheduled mon update...
2023-03-27T10:16:14.988 INFO:teuthology.orchestra.run.smithi159.stdout:/usr/bin/ceph: stderr
2023-03-27T10:16:14.185+0000 7f0c6910a700 1 Processor -- start
2023-03-27T10:16:14.988 INFO:teuthology.orchestra.run.smithi159.stdout:/usr/bin/ceph: stderr
2023-03-27T10:16:14.185+0000 7f0c6910a700 1 -- start start
2023-03-27T10:16:14.988 INFO:teuthology.orchestra.run.smithi159.stdout:/usr/bin/ceph: stderr
2023-03-27T10:16:14.185+0000 7f0c6910a700 1 --2- >> [v2:172.21.15.159:3300/0,v1:172.21.15.159:6789/0] conn(0x7f0c64106160 0x7f0c64108540 unknown :-1 s=NONE pgs=0 cs=0 l=0 rev1=0 crypto rx=0 tx=0 comp rx=0 tx=0).connect
2023-03-27T10:16:14.988 INFO:teuthology.orchestra.run.smithi159.stdout:/usr/bin/ceph: stderr
2023-03-27T10:16:14.185+0000 7f0c6910a700 1 -- --> [v2:172.21.15.159:3300/0,v1:172.21.15.159:6789/0] -- mon_getmap magic: 0 v1 -- 0x7f0c64073c40 con 0x7f0c64106160
2023-03-27T10:16:14.988 INFO:teuthology.orchestra.run.smithi159.stdout:/usr/bin/ceph: stderr
2023-03-27T10:16:14.185+0000 7f0c62d9d700 1 --2- >> [v2:172.21.15.159:3300/0,v1:172.21.15.159:6789/0] conn(0x7f0c64106160 0x7f0c64108540 unknown :-1 s=BANNER_CONNECTING pgs=0 cs=0 l=0 rev1=0 crypto rx=0 tx=0 comp rx=0 tx=0)._handle_peer_banner_payload supported=3 required=0
2023-03-27T10:16:14.988 INFO:teuthology.orchestra.run.smithi159.stdout:/usr/bin/ceph: stderr
2023-03-27T10:16:14.185+0000 7f0c62d9d700 1 --2- >> [v2:172.21.15.159:3300/0,v1:172.21.15.159:6789/0] conn(0x7f0c64106160 0x7f0c64108540 unknown :-1 s=HELLO_CONNECTING pgs=0 cs=0 l=0 rev1=1 crypto rx=0 tx=0 comp rx=0 tx=0).handle_hello peer v2:172.21.15.159:3300/0 says I am v2:172.21.15.159:44522/0 (socket says 172.21.15.159:44522)
2023-03-27T10:16:14.989 INFO:teuthology.orchestra.run.smithi159.stdout:/usr/bin/ceph: stderr
2023-03-27T10:16:14.185+0000 7f0c62d9d700 1 -- 172.21.15.159:0/2033899784 learned_addr learned my addr 172.21.15.159:0/2033899784 (peer_addr_for_me v2:172.21.15.159:0/0)
2023-03-27T10:16:14.989 INFO:teuthology.orchestra.run.smithi159.stdout:/usr/bin/ceph: stderr
2023-03-27T10:16:14.185+0000 7f0c62d9d700 1 -- 172.21.15.159:0/2033899784 --> [v2:172.21.15.159:3300/0,v1:172.21.15.159:6789/0] -- mon_subscribe({config=0+,monmap=0+}) v3 -- 0x7f0c64073d80 con 0x7f0c64106160
2023-03-27T10:16:14.989 INFO:teuthology.orchestra.run.smithi159.stdout:/usr/bin/ceph: stderr
2023-03-27T10:16:14.185+0000 7f0c62d9d700 1 --2- 172.21.15.159:0/2033899784 >> [v2:172.21.15.159:3300/0,v1:172.21.15.159:6789/0] conn(0x7f0c64106160 0x7f0c64108540 secure :-1 s=READY pgs=47 cs=0 l=1 rev1=1 crypto rx=0x7f0c540098a0 tx=0x7f0c54009bb0 comp rx=0 tx=0).ready entity=mon.0 client_cookie=9d6311ea30d09a45 server_cookie=0 in_seq=0 out_seq=0
2023-03-27T10:16:14.989 INFO:teuthology.orchestra.run.smithi159.stdout:/usr/bin/ceph: stderr
2023-03-27T10:16:14.186+0000 7f0c61d9b700 1 -- 172.21.15.159:0/2033899784 <== mon.0 v2:172.21.15.159:3300/0 1 ==== mon_map magic: 0 v1 ==== 205+0+0 (secure 0 0 0) 0x7f0c54004160 con 0x7f0c64106160
2023-03-27T10:16:14.989 INFO:teuthology.orchestra.run.smithi159.stdout:/usr/bin/ceph: stderr
2023-03-27T10:16:14.186+0000 7f0c61d9b700 1 -- 172.21.15.159:0/2033899784 <== mon.0 v2:172.21.15.159:3300/0 2 ==== config(26 keys) v1 ==== 1074+0+0 (secure 0 0 0) 0x7f0c540042c0 con 0x7f0c64106160
2023-03-27T10:16:14.989 INFO:teuthology.orchestra.run.smithi159.stdout:/usr/bin/ceph: stderr
2023-03-27T10:16:14.186+0000 7f0c61d9b700 1 -- 172.21.15.159:0/2033899784 <== mon.0 v2:172.21.15.159:3300/0 3 ==== mon_map magic: 0 v1 ==== 205+0+0 (secure 0 0 0) 0x7f0c54011a00 con 0x7f0c64106160
2023-03-27T10:16:14.989 INFO:teuthology.orchestra.run.smithi159.stdout:/usr/bin/ceph: stderr
2023-03-27T10:16:14.186+0000 7f0c6910a700 1 -- 172.21.15.159:0/2033899784 >> [v2:172.21.15.159:3300/0,v1:172.21.15.159:6789/0] conn(0x7f0c64106160 msgr2=0x7f0c64108540 secure :-1 s=STATE_CONNECTION_ESTABLISHED l=1).mark_down
2023-03-27T10:16:14.990 INFO:teuthology.orchestra.run.smithi159.stdout:/usr/bin/ceph: stderr
2023-03-27T10:16:14.186+0000 7f0c6910a700 1 --2- 172.21.15.159:0/2033899784 >> [v2:172.21.15.159:3300/0,v1:172.21.15.159:6789/0] conn(0x7f0c64106160 0x7f0c64108540 secure :-1 s=READY pgs=47 cs=0 l=1 rev1=1 crypto rx=0x7f0c540098a0 tx=0x7f0c54009bb0 comp rx=0 tx=0).stop
2023-03-27T10:16:14.990 INFO:teuthology.orchestra.run.smithi159.stdout:/usr/bin/ceph: stderr
2023-03-27T10:16:14.186+0000 7f0c6910a700 1 -- 172.21.15.159:0/2033899784 shutdown_connections
2023-03-27T10:16:14.990 INFO:teuthology.orchestra.run.smithi159.stdout:/usr/bin/ceph: stderr
2023-03-27T10:16:14.186+0000 7f0c6910a700 1 --2- 172.21.15.159:0/2033899784 >> [v2:172.21.15.159:3300/0,v1:172.21.15.159:6789/0] conn(0x7f0c64106160 0x7f0c64108540 unknown :-1 s=CLOSED pgs=47 cs=0 l=1 rev1=1 crypto rx=0 tx=0 comp rx=0 tx=0).stop
2023-03-27T10:16:14.990 INFO:teuthology.orchestra.run.smithi159.stdout:/usr/bin/ceph: stderr
2023-03-27T10:16:14.186+0000 7f0c6910a700 1 -- 172.21.15.159:0/2033899784 >> 172.21.15.159:0/2033899784 conn(0x7f0c640ffba0 msgr2=0x7f0c64101fd0 unknown :-1 s=STATE_NONE l=0).mark_down
2023-03-27T10:16:14.990 INFO:teuthology.orchestra.run.smithi159.stdout:/usr/bin/ceph: stderr
2023-03-27T10:16:14.186+0000 7f0c6910a700 1 -- 172.21.15.159:0/2033899784 shutdown_connections
2023-03-27T10:16:14.990 INFO:teuthology.orchestra.run.smithi159.stdout:/usr/bin/ceph: stderr
2023-03-27T10:16:14.186+0000 7f0c6910a700 1 -- 172.21.15.159:0/2033899784 wait complete.
2023-03-27T10:16:14.990 INFO:teuthology.orchestra.run.smithi159.stdout:/usr/bin/ceph: stderr
2023-03-27T10:16:14.187+0000 7f0c6910a700 1 Processor -- start
2023-03-27T10:16:14.990 INFO:teuthology.orchestra.run.smithi159.stdout:/usr/bin/ceph: stderr
2023-03-27T10:16:14.187+0000 7f0c6910a700 1 -- start start
2023-03-27T10:16:14.991 INFO:teuthology.orchestra.run.smithi159.stdout:/usr/bin/ceph: stderr
2023-03-27T10:16:14.187+0000 7f0c6910a700 1 --2- >> [v2:172.21.15.159:3300/0,v1:172.21.15.159:6789/0] conn(0x7f0c64106160 0x7f0c64199350 unknown :-1 s=NONE pgs=0 cs=0 l=1 rev1=0 crypto rx=0 tx=0 comp rx=0 tx=0).connect
2023-03-27T10:16:14.991 INFO:teuthology.orchestra.run.smithi159.stdout:/usr/bin/ceph: stderr
2023-03-27T10:16:14.187+0000 7f0c6910a700 1 -- --> [v2:172.21.15.159:3300/0,v1:172.21.15.159:6789/0] -- mon_getmap magic: 0 v1 -- 0x7f0c64199890 con 0x7f0c64106160
2023-03-27T10:16:14.991 INFO:teuthology.orchestra.run.smithi159.stdout:/usr/bin/ceph: stderr
2023-03-27T10:16:14.187+0000 7f0c62d9d700 1 --2- >> [v2:172.21.15.159:3300/0,v1:172.21.15.159:6789/0] conn(0x7f0c64106160 0x7f0c64199350 unknown :-1 s=BANNER_CONNECTING pgs=0 cs=0 l=1 rev1=0 crypto rx=0 tx=0 comp rx=0 tx=0)._handle_peer_banner_payload supported=3 required=0
2023-03-27T10:16:14.991 INFO:teuthology.orchestra.run.smithi159.stdout:/usr/bin/ceph: stderr
2023-03-27T10:16:14.187+0000 7f0c62d9d700 1 --2- >> [v2:172.21.15.159:3300/0,v1:172.21.15.159:6789/0] conn(0x7f0c64106160 0x7f0c64199350 unknown :-1 s=HELLO_CONNECTING pgs=0 cs=0 l=1 rev1=1 crypto rx=0 tx=0 comp rx=0 tx=0).handle_hello peer v2:172.21.15.159:3300/0 says I am v2:172.21.15.159:44524/0 (socket says 172.21.15.159:44524)
2023-03-27T10:16:14.991 INFO:teuthology.orchestra.run.smithi159.stdout:/usr/bin/ceph: stderr
2023-03-27T10:16:14.187+0000 7f0c62d9d700 1 -- 172.21.15.159:0/98086894 learned_addr learned my addr 172.21.15.159:0/98086894 (peer_addr_for_me v2:172.21.15.159:0/0)
2023-03-27T10:16:14.991 INFO:teuthology.orchestra.run.smithi159.stdout:/usr/bin/ceph: stderr
2023-03-27T10:16:14.188+0000 7f0c62d9d700 1 -- 172.21.15.159:0/98086894 --> [v2:172.21.15.159:3300/0,v1:172.21.15.159:6789/0] -- mon_subscribe({config=0+,monmap=0+}) v3 -- 0x7f0c54009550 con 0x7f0c64106160
2023-03-27T10:16:14.991 INFO:teuthology.orchestra.run.smithi159.stdout:/usr/bin/ceph: stderr
2023-03-27T10:16:14.188+0000 7f0c62d9d700 1 --2- 172.21.15.159:0/98086894 >> [v2:172.21.15.159:3300/0,v1:172.21.15.159:6789/0] conn(0x7f0c64106160 0x7f0c64199350 secure :-1 s=READY pgs=48 cs=0 l=1 rev1=1 crypto rx=0x7f0c54009130 tx=0x7f0c54011ad0 comp rx=0 tx=0).ready entity=mon.0 client_cookie=0 server_cookie=0 in_seq=0 out_seq=0
2023-03-27T10:16:14.991 INFO:teuthology.orchestra.run.smithi159.stdout:/usr/bin/ceph: stderr
2023-03-27T10:16:14.188+0000 7f0c4bfff700 1 -- 172.21.15.159:0/98086894 <== mon.0 v2:172.21.15.159:3300/0 1 ==== mon_map magic: 0 v1 ==== 205+0+0 (secure 0 0 0) 0x7f0c54003ab0 con 0x7f0c64106160
2023-03-27T10:16:14.992 INFO:teuthology.orchestra.run.smithi159.stdout:/usr/bin/ceph: stderr
2023-03-27T10:16:14.188+0000 7f0c4bfff700 1 -- 172.21.15.159:0/98086894 <== mon.0 v2:172.21.15.159:3300/0 2 ==== config(26 keys) v1 ==== 1074+0+0 (secure 0 0 0) 0x7f0c54003c10 con 0x7f0c64106160
2023-03-27T10:16:14.992 INFO:teuthology.orchestra.run.smithi159.stdout:/usr/bin/ceph: stderr
2023-03-27T10:16:14.188+0000 7f0c6910a700 1 -- 172.21.15.159:0/98086894 --> [v2:172.21.15.159:3300/0,v1:172.21.15.159:6789/0] -- mon_subscribe({mgrmap=0+}) v3 -- 0x7f0c641098e0 con 0x7f0c64106160
2023-03-27T10:16:14.992 INFO:teuthology.orchestra.run.smithi159.stdout:/usr/bin/ceph: stderr
2023-03-27T10:16:14.188+0000 7f0c4bfff700 1 -- 172.21.15.159:0/98086894 <== mon.0 v2:172.21.15.159:3300/0 3 ==== mon_map magic: 0 v1 ==== 205+0+0 (secure 0 0 0) 0x7f0c540247d0 con 0x7f0c64106160
2023-03-27T10:16:14.992 INFO:teuthology.orchestra.run.smithi159.stdout:/usr/bin/ceph: stderr
2023-03-27T10:16:14.188+0000 7f0c6910a700 1 -- 172.21.15.159:0/98086894 --> [v2:172.21.15.159:3300/0,v1:172.21.15.159:6789/0] -- mon_subscribe({osdmap=0}) v3 -- 0x7f0c64109750 con 0x7f0c64106160
2023-03-27T10:16:14.992 INFO:teuthology.orchestra.run.smithi159.stdout:/usr/bin/ceph: stderr
2023-03-27T10:16:14.189+0000 7f0c4bfff700 1 -- 172.21.15.159:0/98086894 <== mon.0 v2:172.21.15.159:3300/0 4 ==== mgrmap(e 8) v1 ==== 43509+0+0 (secure 0 0 0) 0x7f0c54017020 con 0x7f0c64106160
2023-03-27T10:16:14.992 INFO:teuthology.orchestra.run.smithi159.stdout:/usr/bin/ceph: stderr
2023-03-27T10:16:14.189+0000 7f0c4bfff700 1 --2- 172.21.15.159:0/98086894 >> [v2:172.21.15.159:6800/3561797228,v1:172.21.15.159:6801/3561797228] conn(0x7f0c4c036870 0x7f0c4c038d20 unknown :-1 s=NONE pgs=0 cs=0 l=1 rev1=0 crypto rx=0 tx=0 comp rx=0 tx=0).connect
2023-03-27T10:16:14.992 INFO:teuthology.orchestra.run.smithi159.stdout:/usr/bin/ceph: stderr
2023-03-27T10:16:14.189+0000 7f0c4bfff700 1 -- 172.21.15.159:0/98086894 <== mon.0 v2:172.21.15.159:3300/0 5 ==== osd_map(2..2 src has 1..2) v4 ==== 940+0+0 (secure 0 0 0) 0x7f0c54049d60 con 0x7f0c64106160
2023-03-27T10:16:14.992 INFO:teuthology.orchestra.run.smithi159.stdout:/usr/bin/ceph: stderr
2023-03-27T10:16:14.191+0000 7f0c6259c700 1 --2- 172.21.15.159:0/98086894 >> [v2:172.21.15.159:6800/3561797228,v1:172.21.15.159:6801/3561797228] conn(0x7f0c4c036870 0x7f0c4c038d20 unknown :-1 s=BANNER_CONNECTING pgs=0 cs=0 l=1 rev1=0 crypto rx=0 tx=0 comp rx=0 tx=0)._handle_peer_banner_payload supported=3 required=0
2023-03-27T10:16:14.993 INFO:teuthology.orchestra.run.smithi159.stdout:/usr/bin/ceph: stderr
2023-03-27T10:16:14.191+0000 7f0c6910a700 1 -- 172.21.15.159:0/98086894 --> [v2:172.21.15.159:3300/0,v1:172.21.15.159:6789/0] -- mon_command({"prefix": "get_command_descriptions"} v 0) v1 -- 0x7f0c64109a70 con 0x7f0c64106160
2023-03-27T10:16:14.993 INFO:teuthology.orchestra.run.smithi159.stdout:/usr/bin/ceph: stderr
2023-03-27T10:16:14.191+0000 7f0c6259c700 1 --2- 172.21.15.159:0/98086894 >> [v2:172.21.15.159:6800/3561797228,v1:172.21.15.159:6801/3561797228] conn(0x7f0c4c036870 0x7f0c4c038d20 secure :-1 s=READY pgs=12 cs=0 l=1 rev1=1 crypto rx=0x7f0c58006fd0 tx=0x7f0c58006e40 comp rx=0 tx=0).ready entity=mgr.14120 client_cookie=0 server_cookie=0 in_seq=0 out_seq=0
2023-03-27T10:16:14.993 INFO:teuthology.orchestra.run.smithi159.stdout:/usr/bin/ceph: stderr
2023-03-27T10:16:14.196+0000 7f0c4bfff700 1 -- 172.21.15.159:0/98086894 <== mon.0 v2:172.21.15.159:3300/0 6 ==== mon_command_ack([{"prefix": "get_command_descriptions"}]=0 v0) v1 ==== 72+0+174404 (secure 0 0 0) 0x7f0c540193c0 con 0x7f0c64106160
2023-03-27T10:16:14.993 INFO:teuthology.orchestra.run.smithi159.stdout:/usr/bin/ceph: stderr
2023-03-27T10:16:14.405+0000 7f0c6910a700 1 -- 172.21.15.159:0/98086894 --> [v2:172.21.15.159:6800/3561797228,v1:172.21.15.159:6801/3561797228] -- mgr_command(tid 0: {"prefix": "orch apply", "service_type": "mon", "unmanaged": true, "target": ["mon-mgr", ""]}) v1 -- 0x7f0c641010a0 con 0x7f0c4c036870
2023-03-27T10:16:14.993 INFO:teuthology.orchestra.run.smithi159.stdout:/usr/bin/ceph: stderr
2023-03-27T10:16:14.412+0000 7f0c4bfff700 1 -- 172.21.15.159:0/98086894 <== mgr.14120 v2:172.21.15.159:6800/3561797228 1 ==== mgr_command_reply(tid 0: 0 ) v1 ==== 8+0+24 (secure 0 0 0) 0x7f0c641010a0 con 0x7f0c4c036870
2023-03-27T10:16:14.993 INFO:teuthology.orchestra.run.smithi159.stdout:/usr/bin/ceph: stderr
2023-03-27T10:16:14.414+0000 7f0c6910a700 1 -- 172.21.15.159:0/98086894 >> [v2:172.21.15.159:6800/3561797228,v1:172.21.15.159:6801/3561797228] conn(0x7f0c4c036870 msgr2=0x7f0c4c038d20 secure :-1 s=STATE_CONNECTION_ESTABLISHED l=1).mark_down
2023-03-27T10:16:14.993 INFO:teuthology.orchestra.run.smithi159.stdout:/usr/bin/ceph: stderr
2023-03-27T10:16:14.414+0000 7f0c6910a700 1 --2- 172.21.15.159:0/98086894 >> [v2:172.21.15.159:6800/3561797228,v1:172.21.15.159:6801/3561797228] conn(0x7f0c4c036870 0x7f0c4c038d20 secure :-1 s=READY pgs=12 cs=0 l=1 rev1=1 crypto rx=0x7f0c58006fd0 tx=0x7f0c58006e40 comp rx=0 tx=0).stop
2023-03-27T10:16:14.994 INFO:teuthology.orchestra.run.smithi159.stdout:/usr/bin/ceph: stderr
2023-03-27T10:16:14.414+0000 7f0c6910a700 1 -- 172.21.15.159:0/98086894 >> [v2:172.21.15.159:3300/0,v1:172.21.15.159:6789/0] conn(0x7f0c64106160 msgr2=0x7f0c64199350 secure :-1 s=STATE_CONNECTION_ESTABLISHED l=1).mark_down
2023-03-27T10:16:14.994 INFO:teuthology.orchestra.run.smithi159.stdout:/usr/bin/ceph: stderr
2023-03-27T10:16:14.414+0000 7f0c6910a700 1 --2- 172.21.15.159:0/98086894 >> [v2:172.21.15.159:3300/0,v1:172.21.15.159:6789/0] conn(0x7f0c64106160 0x7f0c64199350 secure :-1 s=READY pgs=48 cs=0 l=1 rev1=1 crypto rx=0x7f0c54009130 tx=0x7f0c54011ad0 comp rx=0 tx=0).stop
2023-03-27T10:16:14.994 INFO:teuthology.orchestra.run.smithi159.stdout:/usr/bin/ceph: stderr
2023-03-27T10:16:14.414+0000 7f0c6910a700 1 -- 172.21.15.159:0/98086894 shutdown_connections
2023-03-27T10:16:14.994 INFO:teuthology.orchestra.run.smithi159.stdout:/usr/bin/ceph: stderr
2023-03-27T10:16:14.414+0000 7f0c6910a700 1 --2- 172.21.15.159:0/98086894 >> [v2:172.21.15.159:6800/3561797228,v1:172.21.15.159:6801/3561797228] conn(0x7f0c4c036870 0x7f0c4c038d20 unknown :-1 s=CLOSED pgs=12 cs=0 l=1 rev1=1 crypto rx=0 tx=0 comp rx=0 tx=0).stop
2023-03-27T10:16:14.994 INFO:teuthology.orchestra.run.smithi159.stdout:/usr/bin/ceph: stderr
2023-03-27T10:16:14.414+0000 7f0c6910a700 1 --2- 172.21.15.159:0/98086894 >> [v2:172.21.15.159:3300/0,v1:172.21.15.159:6789/0] conn(0x7f0c64106160 0x7f0c64199350 unknown :-1 s=CLOSED pgs=48 cs=0 l=1 rev1=1 crypto rx=0 tx=0 comp rx=0 tx=0).stop
2023-03-27T10:16:14.994 INFO:teuthology.orchestra.run.smithi159.stdout:/usr/bin/ceph: stderr
2023-03-27T10:16:14.414+0000 7f0c6910a700 1 -- 172.21.15.159:0/98086894 >> 172.21.15.159:0/98086894 conn(0x7f0c640ffba0 msgr2=0x7f0c64100990 unknown :-1 s=STATE_NONE l=0).mark_down
2023-03-27T10:16:14.994 INFO:teuthology.orchestra.run.smithi159.stdout:/usr/bin/ceph: stderr
2023-03-27T10:16:14.414+0000 7f0c6910a700 1 -- 172.21.15.159:0/98086894 shutdown_connections
2023-03-27T10:16:14.994 INFO:teuthology.orchestra.run.smithi159.stdout:/usr/bin/ceph: stderr
2023-03-27T10:16:14.414+0000 7f0c6910a700 1 -- 172.21.15.159:0/98086894 wait complete.
2023-03-27T10:16:14.995 INFO:teuthology.orchestra.run.smithi159.stdout:Deploying unmanaged mgr service...
2023-03-27T10:16:15.614 INFO:journalctl@ceph.mon.a.smithi159.stdout:Mar 27 10:16:15 smithi159 ceph-mon[93039]: from='client.14142 -' entity='client.admin' cmd=[{"prefix": "orch apply", "service_type": "mon", "unmanaged": true, "target": ["mon-mgr", ""]}]: dispatch
2023-03-27T10:16:15.615 INFO:journalctl@ceph.mon.a.smithi159.stdout:Mar 27 10:16:15 smithi159 ceph-mon[93039]: Saving service mon spec with placement count:5
2023-03-27T10:16:15.615 INFO:journalctl@ceph.mon.a.smithi159.stdout:Mar 27 10:16:15 smithi159 ceph-mon[93039]: from='mgr.14120 172.21.15.159:0/4285792993' entity='mgr.x'
2023-03-27T10:16:15.615 INFO:journalctl@ceph.mon.a.smithi159.stdout:Mar 27 10:16:15 smithi159 ceph-mon[93039]: from='mgr.14120 172.21.15.159:0/4285792993' entity='mgr.x'
2023-03-27T10:16:16.585 INFO:teuthology.orchestra.run.smithi159.stdout:/usr/bin/ceph: stdout Scheduled mgr update...
2023-03-27T10:16:16.585 INFO:teuthology.orchestra.run.smithi159.stdout:/usr/bin/ceph: stderr
2023-03-27T10:16:15.539+0000 7f99cefb7700 1 Processor -- start
2023-03-27T10:16:16.585 INFO:teuthology.orchestra.run.smithi159.stdout:/usr/bin/ceph: stderr
2023-03-27T10:16:15.539+0000 7f99cefb7700 1 -- start start
2023-03-27T10:16:16.585 INFO:teuthology.orchestra.run.smithi159.stdout:/usr/bin/ceph: stderr
2023-03-27T10:16:15.539+0000 7f99cefb7700 1 --2- >> [v2:172.21.15.159:3300/0,v1:172.21.15.159:6789/0] conn(0x7f99c8106cb0 0x7f99c81070c0 unknown :-1 s=NONE pgs=0 cs=0 l=0 rev1=0 crypto rx=0 tx=0 comp rx=0 tx=0).connect
2023-03-27T10:16:16.585 INFO:teuthology.orchestra.run.smithi159.stdout:/usr/bin/ceph: stderr
2023-03-27T10:16:15.539+0000 7f99cefb7700 1 -- --> [v2:172.21.15.159:3300/0,v1:172.21.15.159:6789/0] -- mon_getmap magic: 0 v1 -- 0x7f99c8107600 con 0x7f99c8106cb0
2023-03-27T10:16:16.586 INFO:teuthology.orchestra.run.smithi159.stdout:/usr/bin/ceph: stderr
2023-03-27T10:16:15.539+0000 7f99ccd53700 1 --2- >> [v2:172.21.15.159:3300/0,v1:172.21.15.159:6789/0] conn(0x7f99c8106cb0 0x7f99c81070c0 unknown :-1 s=BANNER_CONNECTING pgs=0 cs=0 l=0 rev1=0 crypto rx=0 tx=0 comp rx=0 tx=0)._handle_peer_banner_payload supported=3 required=0
2023-03-27T10:16:16.586 INFO:teuthology.orchestra.run.smithi159.stdout:/usr/bin/ceph: stderr
2023-03-27T10:16:15.539+0000 7f99ccd53700 1 --2- >> [v2:172.21.15.159:3300/0,v1:172.21.15.159:6789/0] conn(0x7f99c8106cb0 0x7f99c81070c0 unknown :-1 s=HELLO_CONNECTING pgs=0 cs=0 l=0 rev1=1 crypto rx=0 tx=0 comp rx=0 tx=0).handle_hello peer v2:172.21.15.159:3300/0 says I am v2:172.21.15.159:44528/0 (socket says 172.21.15.159:44528)
2023-03-27T10:16:16.586 INFO:teuthology.orchestra.run.smithi159.stdout:/usr/bin/ceph: stderr
2023-03-27T10:16:15.539+0000 7f99ccd53700 1 -- 172.21.15.159:0/3028024336 learned_addr learned my addr 172.21.15.159:0/3028024336 (peer_addr_for_me v2:172.21.15.159:0/0)
2023-03-27T10:16:16.586 INFO:teuthology.orchestra.run.smithi159.stdout:/usr/bin/ceph: stderr
2023-03-27T10:16:15.539+0000 7f99ccd53700 1 -- 172.21.15.159:0/3028024336 --> [v2:172.21.15.159:3300/0,v1:172.21.15.159:6789/0] -- mon_subscribe({config=0+,monmap=0+}) v3 -- 0x7f99c8107740 con 0x7f99c8106cb0
2023-03-27T10:16:16.586 INFO:teuthology.orchestra.run.smithi159.stdout:/usr/bin/ceph: stderr
2023-03-27T10:16:15.540+0000 7f99ccd53700 1 --2- 172.21.15.159:0/3028024336 >> [v2:172.21.15.159:3300/0,v1:172.21.15.159:6789/0] conn(0x7f99c8106cb0 0x7f99c81070c0 secure :-1 s=READY pgs=49 cs=0 l=1 rev1=1 crypto rx=0x7f99bc0098a0 tx=0x7f99bc009bb0 comp rx=0 tx=0).ready entity=mon.0 client_cookie=c63c371e1d9fa480 server_cookie=0 in_seq=0 out_seq=0
2023-03-27T10:16:16.586 INFO:teuthology.orchestra.run.smithi159.stdout:/usr/bin/ceph: stderr
2023-03-27T10:16:15.540+0000 7f99c77fe700 1 -- 172.21.15.159:0/3028024336 <== mon.0 v2:172.21.15.159:3300/0 1 ==== mon_map magic: 0 v1 ==== 205+0+0 (secure 0 0 0) 0x7f99bc004160 con 0x7f99c8106cb0
2023-03-27T10:16:16.586 INFO:teuthology.orchestra.run.smithi159.stdout:/usr/bin/ceph: stderr
