2023-03-27T10:16:32.285 INFO:teuthology.orchestra.run.smithi159.stdout:/usr/bin/ceph: stderr
2023-03-27T10:16:31.688+0000 7f7d2005c700 1 --2- 172.21.15.159:0/1610852183 >> [v2:172.21.15.159:3300/0,v1:172.21.15.159:6789/0] conn(0x7f7d181056c0 0x7f7d18105ad0 secure :-1 s=READY pgs=74 cs=0 l=1 rev1=1 crypto rx=0x7f7d0c0098a0 tx=0x7f7d0c009bb0 comp rx=0 tx=0).stop
2023-03-27T10:16:32.285 INFO:teuthology.orchestra.run.smithi159.stdout:/usr/bin/ceph: stderr
2023-03-27T10:16:31.688+0000 7f7d2005c700 1 -- 172.21.15.159:0/1610852183 shutdown_connections
2023-03-27T10:16:32.285 INFO:teuthology.orchestra.run.smithi159.stdout:/usr/bin/ceph: stderr
2023-03-27T10:16:31.688+0000 7f7d2005c700 1 --2- 172.21.15.159:0/1610852183 >> [v2:172.21.15.159:3300/0,v1:172.21.15.159:6789/0] conn(0x7f7d181056c0 0x7f7d18105ad0 unknown :-1 s=CLOSED pgs=74 cs=0 l=1 rev1=1 crypto rx=0 tx=0 comp rx=0 tx=0).stop
2023-03-27T10:16:32.286 INFO:teuthology.orchestra.run.smithi159.stdout:/usr/bin/ceph: stderr
2023-03-27T10:16:31.688+0000 7f7d2005c700 1 -- 172.21.15.159:0/1610852183 >> 172.21.15.159:0/1610852183 conn(0x7f7d18100d10 msgr2=0x7f7d18103140 unknown :-1 s=STATE_NONE l=0).mark_down
2023-03-27T10:16:32.286 INFO:teuthology.orchestra.run.smithi159.stdout:/usr/bin/ceph: stderr
2023-03-27T10:16:31.688+0000 7f7d2005c700 1 -- 172.21.15.159:0/1610852183 shutdown_connections
2023-03-27T10:16:32.286 INFO:teuthology.orchestra.run.smithi159.stdout:/usr/bin/ceph: stderr
2023-03-27T10:16:31.688+0000 7f7d2005c700 1 -- 172.21.15.159:0/1610852183 wait complete.
2023-03-27T10:16:32.286 INFO:teuthology.orchestra.run.smithi159.stdout:/usr/bin/ceph: stderr
2023-03-27T10:16:31.689+0000 7f7d2005c700 1 Processor -- start
2023-03-27T10:16:32.286 INFO:teuthology.orchestra.run.smithi159.stdout:/usr/bin/ceph: stderr
2023-03-27T10:16:31.689+0000 7f7d2005c700 1 -- start start
2023-03-27T10:16:32.286 INFO:teuthology.orchestra.run.smithi159.stdout:/usr/bin/ceph: stderr
2023-03-27T10:16:31.689+0000 7f7d2005c700 1 --2- >> [v2:172.21.15.159:3300/0,v1:172.21.15.159:6789/0] conn(0x7f7d181056c0 0x7f7d181992e0 unknown :-1 s=NONE pgs=0 cs=0 l=1 rev1=0 crypto rx=0 tx=0 comp rx=0 tx=0).connect
2023-03-27T10:16:32.286 INFO:teuthology.orchestra.run.smithi159.stdout:/usr/bin/ceph: stderr
2023-03-27T10:16:31.689+0000 7f7d2005c700 1 -- --> [v2:172.21.15.159:3300/0,v1:172.21.15.159:6789/0] -- mon_getmap magic: 0 v1 -- 0x7f7d18199820 con 0x7f7d181056c0
2023-03-27T10:16:32.287 INFO:teuthology.orchestra.run.smithi159.stdout:/usr/bin/ceph: stderr
2023-03-27T10:16:31.689+0000 7f7d1ddf8700 1 --2- >> [v2:172.21.15.159:3300/0,v1:172.21.15.159:6789/0] conn(0x7f7d181056c0 0x7f7d181992e0 unknown :-1 s=BANNER_CONNECTING pgs=0 cs=0 l=1 rev1=0 crypto rx=0 tx=0 comp rx=0 tx=0)._handle_peer_banner_payload supported=3 required=0
2023-03-27T10:16:32.287 INFO:teuthology.orchestra.run.smithi159.stdout:/usr/bin/ceph: stderr
2023-03-27T10:16:31.689+0000 7f7d1ddf8700 1 --2- >> [v2:172.21.15.159:3300/0,v1:172.21.15.159:6789/0] conn(0x7f7d181056c0 0x7f7d181992e0 unknown :-1 s=HELLO_CONNECTING pgs=0 cs=0 l=1 rev1=1 crypto rx=0 tx=0 comp rx=0 tx=0).handle_hello peer v2:172.21.15.159:3300/0 says I am v2:172.21.15.159:44644/0 (socket says 172.21.15.159:44644)
2023-03-27T10:16:32.287 INFO:teuthology.orchestra.run.smithi159.stdout:/usr/bin/ceph: stderr
2023-03-27T10:16:31.689+0000 7f7d1ddf8700 1 -- 172.21.15.159:0/2551713962 learned_addr learned my addr 172.21.15.159:0/2551713962 (peer_addr_for_me v2:172.21.15.159:0/0)
2023-03-27T10:16:32.287 INFO:teuthology.orchestra.run.smithi159.stdout:/usr/bin/ceph: stderr
2023-03-27T10:16:31.689+0000 7f7d1ddf8700 1 -- 172.21.15.159:0/2551713962 --> [v2:172.21.15.159:3300/0,v1:172.21.15.159:6789/0] -- mon_subscribe({config=0+,monmap=0+}) v3 -- 0x7f7d0c009550 con 0x7f7d181056c0
2023-03-27T10:16:32.287 INFO:teuthology.orchestra.run.smithi159.stdout:/usr/bin/ceph: stderr
2023-03-27T10:16:31.689+0000 7f7d1ddf8700 1 --2- 172.21.15.159:0/2551713962 >> [v2:172.21.15.159:3300/0,v1:172.21.15.159:6789/0] conn(0x7f7d181056c0 0x7f7d181992e0 secure :-1 s=READY pgs=75 cs=0 l=1 rev1=1 crypto rx=0x7f7d0c011980 tx=0x7f7d0c011a60 comp rx=0 tx=0).ready entity=mon.0 client_cookie=0 server_cookie=0 in_seq=0 out_seq=0
2023-03-27T10:16:32.287 INFO:teuthology.orchestra.run.smithi159.stdout:/usr/bin/ceph: stderr
2023-03-27T10:16:31.690+0000 7f7d0affd700 1 -- 172.21.15.159:0/2551713962 <== mon.0 v2:172.21.15.159:3300/0 1 ==== mon_map magic: 0 v1 ==== 205+0+0 (secure 0 0 0) 0x7f7d0c003a60 con 0x7f7d181056c0
2023-03-27T10:16:32.287 INFO:teuthology.orchestra.run.smithi159.stdout:/usr/bin/ceph: stderr
2023-03-27T10:16:31.690+0000 7f7d0affd700 1 -- 172.21.15.159:0/2551713962 <== mon.0 v2:172.21.15.159:3300/0 2 ==== config(26 keys) v1 ==== 1105+0+0 (secure 0 0 0) 0x7f7d0c003bc0 con 0x7f7d181056c0
2023-03-27T10:16:32.287 INFO:teuthology.orchestra.run.smithi159.stdout:/usr/bin/ceph: stderr
2023-03-27T10:16:31.690+0000 7f7d2005c700 1 -- 172.21.15.159:0/2551713962 --> [v2:172.21.15.159:3300/0,v1:172.21.15.159:6789/0] -- mon_subscribe({mgrmap=0+}) v3 -- 0x7f7d18107750 con 0x7f7d181056c0
2023-03-27T10:16:32.288 INFO:teuthology.orchestra.run.smithi159.stdout:/usr/bin/ceph: stderr
2023-03-27T10:16:31.690+0000 7f7d0affd700 1 -- 172.21.15.159:0/2551713962 <== mon.0 v2:172.21.15.159:3300/0 3 ==== mon_map magic: 0 v1 ==== 205+0+0 (secure 0 0 0) 0x7f7d0c01a670 con 0x7f7d181056c0
2023-03-27T10:16:32.288 INFO:teuthology.orchestra.run.smithi159.stdout:/usr/bin/ceph: stderr
2023-03-27T10:16:31.690+0000 7f7d2005c700 1 -- 172.21.15.159:0/2551713962 --> [v2:172.21.15.159:3300/0,v1:172.21.15.159:6789/0] -- mon_subscribe({osdmap=0}) v3 -- 0x7f7d181075c0 con 0x7f7d181056c0
2023-03-27T10:16:32.288 INFO:teuthology.orchestra.run.smithi159.stdout:/usr/bin/ceph: stderr
2023-03-27T10:16:31.690+0000 7f7d0affd700 1 -- 172.21.15.159:0/2551713962 <== mon.0 v2:172.21.15.159:3300/0 4 ==== mgrmap(e 12) v1 ==== 43522+0+0 (secure 0 0 0) 0x7f7d0c017020 con 0x7f7d181056c0
2023-03-27T10:16:32.288 INFO:teuthology.orchestra.run.smithi159.stdout:/usr/bin/ceph: stderr
2023-03-27T10:16:31.691+0000 7f7d0affd700 1 --2- 172.21.15.159:0/2551713962 >> [v2:172.21.15.159:6800/3290710483,v1:172.21.15.159:6801/3290710483] conn(0x7f7d04036870 0x7f7d04038d20 unknown :-1 s=NONE pgs=0 cs=0 l=1 rev1=0 crypto rx=0 tx=0 comp rx=0 tx=0).connect
2023-03-27T10:16:32.288 INFO:teuthology.orchestra.run.smithi159.stdout:/usr/bin/ceph: stderr
2023-03-27T10:16:31.691+0000 7f7d0affd700 1 -- 172.21.15.159:0/2551713962 <== mon.0 v2:172.21.15.159:3300/0 5 ==== osd_map(3..3 src has 1..3) v4 ==== 1155+0+0 (secure 0 0 0) 0x7f7d0c049d70 con 0x7f7d181056c0
2023-03-27T10:16:32.288 INFO:teuthology.orchestra.run.smithi159.stdout:/usr/bin/ceph: stderr
2023-03-27T10:16:31.691+0000 7f7d2005c700 1 -- 172.21.15.159:0/2551713962 --> [v2:172.21.15.159:3300/0,v1:172.21.15.159:6789/0] -- mon_command({"prefix": "get_command_descriptions"} v 0) v1 -- 0x7f7d18109b90 con 0x7f7d181056c0
2023-03-27T10:16:32.289 INFO:teuthology.orchestra.run.smithi159.stdout:/usr/bin/ceph: stderr
2023-03-27T10:16:31.691+0000 7f7d1d5f7700 1 --2- 172.21.15.159:0/2551713962 >> [v2:172.21.15.159:6800/3290710483,v1:172.21.15.159:6801/3290710483] conn(0x7f7d04036870 0x7f7d04038d20 unknown :-1 s=BANNER_CONNECTING pgs=0 cs=0 l=1 rev1=0 crypto rx=0 tx=0 comp rx=0 tx=0)._handle_peer_banner_payload supported=3 required=0
2023-03-27T10:16:32.289 INFO:teuthology.orchestra.run.smithi159.stdout:/usr/bin/ceph: stderr
2023-03-27T10:16:31.691+0000 7f7d1d5f7700 1 --2- 172.21.15.159:0/2551713962 >> [v2:172.21.15.159:6800/3290710483,v1:172.21.15.159:6801/3290710483] conn(0x7f7d04036870 0x7f7d04038d20 secure :-1 s=READY pgs=9 cs=0 l=1 rev1=1 crypto rx=0x7f7d14006fd0 tx=0x7f7d14006e40 comp rx=0 tx=0).ready entity=mgr.14152 client_cookie=0 server_cookie=0 in_seq=0 out_seq=0
2023-03-27T10:16:32.289 INFO:teuthology.orchestra.run.smithi159.stdout:/usr/bin/ceph: stderr
2023-03-27T10:16:31.695+0000 7f7d0affd700 1 -- 172.21.15.159:0/2551713962 <== mon.0 v2:172.21.15.159:3300/0 6 ==== mon_command_ack([{"prefix": "get_command_descriptions"}]=0 v0) v1 ==== 72+0+174404 (secure 0 0 0) 0x7f7d0c01a930 con 0x7f7d181056c0
2023-03-27T10:16:32.289 INFO:teuthology.orchestra.run.smithi159.stdout:/usr/bin/ceph: stderr
2023-03-27T10:16:31.886+0000 7f7d2005c700 1 -- 172.21.15.159:0/2551713962 --> [v2:172.21.15.159:3300/0,v1:172.21.15.159:6789/0] -- mon_command({"prefix": "config get", "who": "mgr", "key": "mgr/dashboard/ssl_server_port"} v 0) v1 -- 0x7f7d18061e00 con 0x7f7d181056c0
2023-03-27T10:16:32.289 INFO:teuthology.orchestra.run.smithi159.stdout:/usr/bin/ceph: stderr
2023-03-27T10:16:31.886+0000 7f7d0affd700 1 -- 172.21.15.159:0/2551713962 <== mon.0 v2:172.21.15.159:3300/0 7 ==== mon_command_ack([{"prefix": "config get", "who": "mgr", "key": "mgr/dashboard/ssl_server_port"}]=0 v8) v1 ==== 112+0+5 (secure 0 0 0) 0x7f7d0c018350 con 0x7f7d181056c0
2023-03-27T10:16:32.289 INFO:teuthology.orchestra.run.smithi159.stdout:/usr/bin/ceph: stderr
2023-03-27T10:16:31.888+0000 7f7d2005c700 1 -- 172.21.15.159:0/2551713962 >> [v2:172.21.15.159:6800/3290710483,v1:172.21.15.159:6801/3290710483] conn(0x7f7d04036870 msgr2=0x7f7d04038d20 secure :-1 s=STATE_CONNECTION_ESTABLISHED l=1).mark_down
2023-03-27T10:16:32.289 INFO:teuthology.orchestra.run.smithi159.stdout:/usr/bin/ceph: stderr
2023-03-27T10:16:31.888+0000 7f7d2005c700 1 --2- 172.21.15.159:0/2551713962 >> [v2:172.21.15.159:6800/3290710483,v1:172.21.15.159:6801/3290710483] conn(0x7f7d04036870 0x7f7d04038d20 secure :-1 s=READY pgs=9 cs=0 l=1 rev1=1 crypto rx=0x7f7d14006fd0 tx=0x7f7d14006e40 comp rx=0 tx=0).stop
2023-03-27T10:16:32.290 INFO:teuthology.orchestra.run.smithi159.stdout:/usr/bin/ceph: stderr
2023-03-27T10:16:31.888+0000 7f7d2005c700 1 -- 172.21.15.159:0/2551713962 >> [v2:172.21.15.159:3300/0,v1:172.21.15.159:6789/0] conn(0x7f7d181056c0 msgr2=0x7f7d181992e0 secure :-1 s=STATE_CONNECTION_ESTABLISHED l=1).mark_down
2023-03-27T10:16:32.290 INFO:teuthology.orchestra.run.smithi159.stdout:/usr/bin/ceph: stderr
2023-03-27T10:16:31.888+0000 7f7d2005c700 1 --2- 172.21.15.159:0/2551713962 >> [v2:172.21.15.159:3300/0,v1:172.21.15.159:6789/0] conn(0x7f7d181056c0 0x7f7d181992e0 secure :-1 s=READY pgs=75 cs=0 l=1 rev1=1 crypto rx=0x7f7d0c011980 tx=0x7f7d0c011a60 comp rx=0 tx=0).stop
2023-03-27T10:16:32.290 INFO:teuthology.orchestra.run.smithi159.stdout:/usr/bin/ceph: stderr
2023-03-27T10:16:31.888+0000 7f7d2005c700 1 -- 172.21.15.159:0/2551713962 shutdown_connections
2023-03-27T10:16:32.290 INFO:teuthology.orchestra.run.smithi159.stdout:/usr/bin/ceph: stderr
2023-03-27T10:16:31.888+0000 7f7d2005c700 1 --2- 172.21.15.159:0/2551713962 >> [v2:172.21.15.159:6800/3290710483,v1:172.21.15.159:6801/3290710483] conn(0x7f7d04036870 0x7f7d04038d20 unknown :-1 s=CLOSED pgs=9 cs=0 l=1 rev1=1 crypto rx=0 tx=0 comp rx=0 tx=0).stop
2023-03-27T10:16:32.290 INFO:teuthology.orchestra.run.smithi159.stdout:/usr/bin/ceph: stderr
2023-03-27T10:16:31.888+0000 7f7d2005c700 1 --2- 172.21.15.159:0/2551713962 >> [v2:172.21.15.159:3300/0,v1:172.21.15.159:6789/0] conn(0x7f7d181056c0 0x7f7d181992e0 unknown :-1 s=CLOSED pgs=75 cs=0 l=1 rev1=1 crypto rx=0 tx=0 comp rx=0 tx=0).stop
2023-03-27T10:16:32.290 INFO:teuthology.orchestra.run.smithi159.stdout:/usr/bin/ceph: stderr
2023-03-27T10:16:31.888+0000 7f7d2005c700 1 -- 172.21.15.159:0/2551713962 >> 172.21.15.159:0/2551713962 conn(0x7f7d18100d10 msgr2=0x7f7d18101a10 unknown :-1 s=STATE_NONE l=0).mark_down
2023-03-27T10:16:32.290 INFO:teuthology.orchestra.run.smithi159.stdout:/usr/bin/ceph: stderr
2023-03-27T10:16:31.888+0000 7f7d2005c700 1 -- 172.21.15.159:0/2551713962 shutdown_connections
2023-03-27T10:16:32.291 INFO:teuthology.orchestra.run.smithi159.stdout:/usr/bin/ceph: stderr
2023-03-27T10:16:31.888+0000 7f7d2005c700 1 -- 172.21.15.159:0/2551713962 wait complete.
2023-03-27T10:16:32.291 INFO:teuthology.orchestra.run.smithi159.stdout:Non-zero exit code 1 from systemctl is-enabled firewalld.service
2023-03-27T10:16:32.292 INFO:teuthology.orchestra.run.smithi159.stdout:systemctl: stdout disabled
2023-03-27T10:16:32.299 INFO:teuthology.orchestra.run.smithi159.stdout:Non-zero exit code 3 from systemctl is-active firewalld.service
2023-03-27T10:16:32.299 INFO:teuthology.orchestra.run.smithi159.stdout:systemctl: stdout inactive
2023-03-27T10:16:32.300 INFO:teuthology.orchestra.run.smithi159.stdout:firewalld.service is not enabled
2023-03-27T10:16:32.300 INFO:teuthology.orchestra.run.smithi159.stdout:Not possible to open ports <[8443]>. firewalld.service is not available
2023-03-27T10:16:32.301 INFO:teuthology.orchestra.run.smithi159.stdout:Ceph Dashboard is now available at:
2023-03-27T10:16:32.301 INFO:teuthology.orchestra.run.smithi159.stdout:
2023-03-27T10:16:32.301 INFO:teuthology.orchestra.run.smithi159.stdout: URL: https://smithi159.front.sepia.ceph.com:8443/
2023-03-27T10:16:32.301 INFO:teuthology.orchestra.run.smithi159.stdout: User: admin
2023-03-27T10:16:32.302 INFO:teuthology.orchestra.run.smithi159.stdout: Password: omgv4o0axf
2023-03-27T10:16:32.302 INFO:teuthology.orchestra.run.smithi159.stdout:
2023-03-27T10:16:32.302 INFO:teuthology.orchestra.run.smithi159.stdout:Saving cluster configuration to /var/lib/ceph/2c3cd140-cc88-11ed-9afe-001a4aab830c/config directory
2023-03-27T10:16:32.303 INFO:teuthology.orchestra.run.smithi159.stdout:Enabling autotune for osd_memory_target
2023-03-27T10:16:33.346 INFO:teuthology.orchestra.run.smithi159.stdout:/usr/bin/ceph: stderr
2023-03-27T10:16:32.762+0000 7fdd86456700 1 Processor -- start
2023-03-27T10:16:33.347 INFO:teuthology.orchestra.run.smithi159.stdout:/usr/bin/ceph: stderr
2023-03-27T10:16:32.762+0000 7fdd86456700 1 -- start start
2023-03-27T10:16:33.347 INFO:teuthology.orchestra.run.smithi159.stdout:/usr/bin/ceph: stderr
2023-03-27T10:16:32.762+0000 7fdd86456700 1 --2- >> [v2:172.21.15.159:3300/0,v1:172.21.15.159:6789/0] conn(0x7fdd80104540 0x7fdd80104950 unknown :-1 s=NONE pgs=0 cs=0 l=0 rev1=0 crypto rx=0 tx=0 comp rx=0 tx=0).connect
2023-03-27T10:16:33.347 INFO:teuthology.orchestra.run.smithi159.stdout:/usr/bin/ceph: stderr
2023-03-27T10:16:32.762+0000 7fdd86456700 1 -- --> [v2:172.21.15.159:3300/0,v1:172.21.15.159:6789/0] -- mon_getmap magic: 0 v1 -- 0x7fdd80104e90 con 0x7fdd80104540
2023-03-27T10:16:33.347 INFO:teuthology.orchestra.run.smithi159.stdout:/usr/bin/ceph: stderr
2023-03-27T10:16:32.762+0000 7fdd7ffff700 1 --2- >> [v2:172.21.15.159:3300/0,v1:172.21.15.159:6789/0] conn(0x7fdd80104540 0x7fdd80104950 unknown :-1 s=BANNER_CONNECTING pgs=0 cs=0 l=0 rev1=0 crypto rx=0 tx=0 comp rx=0 tx=0)._handle_peer_banner_payload supported=3 required=0
2023-03-27T10:16:33.347 INFO:teuthology.orchestra.run.smithi159.stdout:/usr/bin/ceph: stderr
2023-03-27T10:16:32.762+0000 7fdd7ffff700 1 --2- >> [v2:172.21.15.159:3300/0,v1:172.21.15.159:6789/0] conn(0x7fdd80104540 0x7fdd80104950 unknown :-1 s=HELLO_CONNECTING pgs=0 cs=0 l=0 rev1=1 crypto rx=0 tx=0 comp rx=0 tx=0).handle_hello peer v2:172.21.15.159:3300/0 says I am v2:172.21.15.159:44652/0 (socket says 172.21.15.159:44652)
2023-03-27T10:16:33.347 INFO:teuthology.orchestra.run.smithi159.stdout:/usr/bin/ceph: stderr
2023-03-27T10:16:32.763+0000 7fdd7ffff700 1 -- 172.21.15.159:0/2998823649 learned_addr learned my addr 172.21.15.159:0/2998823649 (peer_addr_for_me v2:172.21.15.159:0/0)
2023-03-27T10:16:33.347 INFO:teuthology.orchestra.run.smithi159.stdout:/usr/bin/ceph: stderr
2023-03-27T10:16:32.763+0000 7fdd7ffff700 1 -- 172.21.15.159:0/2998823649 --> [v2:172.21.15.159:3300/0,v1:172.21.15.159:6789/0] -- mon_subscribe({config=0+,monmap=0+}) v3 -- 0x7fdd80104fd0 con 0x7fdd80104540
2023-03-27T10:16:33.347 INFO:teuthology.orchestra.run.smithi159.stdout:/usr/bin/ceph: stderr
2023-03-27T10:16:32.763+0000 7fdd7ffff700 1 --2- 172.21.15.159:0/2998823649 >> [v2:172.21.15.159:3300/0,v1:172.21.15.159:6789/0] conn(0x7fdd80104540 0x7fdd80104950 secure :-1 s=READY pgs=76 cs=0 l=1 rev1=1 crypto rx=0x7fdd700098a0 tx=0x7fdd70009bb0 comp rx=0 tx=0).ready entity=mon.0 client_cookie=10f73fbb6d17bf0 server_cookie=0 in_seq=0 out_seq=0
2023-03-27T10:16:33.348 INFO:teuthology.orchestra.run.smithi159.stdout:/usr/bin/ceph: stderr
2023-03-27T10:16:32.763+0000 7fdd7effd700 1 -- 172.21.15.159:0/2998823649 <== mon.0 v2:172.21.15.159:3300/0 1 ==== mon_map magic: 0 v1 ==== 205+0+0 (secure 0 0 0) 0x7fdd70004160 con 0x7fdd80104540
2023-03-27T10:16:33.348 INFO:teuthology.orchestra.run.smithi159.stdout:/usr/bin/ceph: stderr
2023-03-27T10:16:32.763+0000 7fdd7effd700 1 -- 172.21.15.159:0/2998823649 <== mon.0 v2:172.21.15.159:3300/0 2 ==== config(26 keys) v1 ==== 1105+0+0 (secure 0 0 0) 0x7fdd700042c0 con 0x7fdd80104540
2023-03-27T10:16:33.348 INFO:teuthology.orchestra.run.smithi159.stdout:/usr/bin/ceph: stderr
2023-03-27T10:16:32.763+0000 7fdd7effd700 1 -- 172.21.15.159:0/2998823649 <== mon.0 v2:172.21.15.159:3300/0 3 ==== mon_map magic: 0 v1 ==== 205+0+0 (secure 0 0 0) 0x7fdd700119b0 con 0x7fdd80104540
2023-03-27T10:16:33.348 INFO:teuthology.orchestra.run.smithi159.stdout:/usr/bin/ceph: stderr
2023-03-27T10:16:32.764+0000 7fdd86456700 1 -- 172.21.15.159:0/2998823649 >> [v2:172.21.15.159:3300/0,v1:172.21.15.159:6789/0] conn(0x7fdd80104540 msgr2=0x7fdd80104950 secure :-1 s=STATE_CONNECTION_ESTABLISHED l=1).mark_down
2023-03-27T10:16:33.348 INFO:teuthology.orchestra.run.smithi159.stdout:/usr/bin/ceph: stderr
2023-03-27T10:16:32.764+0000 7fdd86456700 1 --2- 172.21.15.159:0/2998823649 >> [v2:172.21.15.159:3300/0,v1:172.21.15.159:6789/0] conn(0x7fdd80104540 0x7fdd80104950 secure :-1 s=READY pgs=76 cs=0 l=1 rev1=1 crypto rx=0x7fdd700098a0 tx=0x7fdd70009bb0 comp rx=0 tx=0).stop
2023-03-27T10:16:33.348 INFO:teuthology.orchestra.run.smithi159.stdout:/usr/bin/ceph: stderr
2023-03-27T10:16:32.764+0000 7fdd86456700 1 -- 172.21.15.159:0/2998823649 shutdown_connections
2023-03-27T10:16:33.348 INFO:teuthology.orchestra.run.smithi159.stdout:/usr/bin/ceph: stderr
2023-03-27T10:16:32.764+0000 7fdd86456700 1 --2- 172.21.15.159:0/2998823649 >> [v2:172.21.15.159:3300/0,v1:172.21.15.159:6789/0] conn(0x7fdd80104540 0x7fdd80104950 unknown :-1 s=CLOSED pgs=76 cs=0 l=1 rev1=1 crypto rx=0 tx=0 comp rx=0 tx=0).stop
2023-03-27T10:16:33.349 INFO:teuthology.orchestra.run.smithi159.stdout:/usr/bin/ceph: stderr
2023-03-27T10:16:32.764+0000 7fdd86456700 1 -- 172.21.15.159:0/2998823649 >> 172.21.15.159:0/2998823649 conn(0x7fdd800ffb90 msgr2=0x7fdd80101fc0 unknown :-1 s=STATE_NONE l=0).mark_down
2023-03-27T10:16:33.349 INFO:teuthology.orchestra.run.smithi159.stdout:/usr/bin/ceph: stderr
2023-03-27T10:16:32.764+0000 7fdd86456700 1 -- 172.21.15.159:0/2998823649 shutdown_connections
2023-03-27T10:16:33.349 INFO:teuthology.orchestra.run.smithi159.stdout:/usr/bin/ceph: stderr
2023-03-27T10:16:32.764+0000 7fdd86456700 1 -- 172.21.15.159:0/2998823649 wait complete.
2023-03-27T10:16:33.349 INFO:teuthology.orchestra.run.smithi159.stdout:/usr/bin/ceph: stderr
2023-03-27T10:16:32.764+0000 7fdd86456700 1 Processor -- start
2023-03-27T10:16:33.349 INFO:teuthology.orchestra.run.smithi159.stdout:/usr/bin/ceph: stderr
2023-03-27T10:16:32.764+0000 7fdd86456700 1 -- start start
2023-03-27T10:16:33.349 INFO:teuthology.orchestra.run.smithi159.stdout:/usr/bin/ceph: stderr
2023-03-27T10:16:32.765+0000 7fdd86456700 1 --2- >> [v2:172.21.15.159:3300/0,v1:172.21.15.159:6789/0] conn(0x7fdd80104540 0x7fdd80073a50 unknown :-1 s=NONE pgs=0 cs=0 l=1 rev1=0 crypto rx=0 tx=0 comp rx=0 tx=0).connect
2023-03-27T10:16:33.349 INFO:teuthology.orchestra.run.smithi159.stdout:/usr/bin/ceph: stderr
2023-03-27T10:16:32.765+0000 7fdd86456700 1 -- --> [v2:172.21.15.159:3300/0,v1:172.21.15.159:6789/0] -- mon_getmap magic: 0 v1 -- 0x7fdd8019c010 con 0x7fdd80104540
2023-03-27T10:16:33.350 INFO:teuthology.orchestra.run.smithi159.stdout:/usr/bin/ceph: stderr
2023-03-27T10:16:32.765+0000 7fdd7ffff700 1 --2- >> [v2:172.21.15.159:3300/0,v1:172.21.15.159:6789/0] conn(0x7fdd80104540 0x7fdd80073a50 unknown :-1 s=BANNER_CONNECTING pgs=0 cs=0 l=1 rev1=0 crypto rx=0 tx=0 comp rx=0 tx=0)._handle_peer_banner_payload supported=3 required=0
2023-03-27T10:16:33.350 INFO:teuthology.orchestra.run.smithi159.stdout:/usr/bin/ceph: stderr
2023-03-27T10:16:32.765+0000 7fdd7ffff700 1 --2- >> [v2:172.21.15.159:3300/0,v1:172.21.15.159:6789/0] conn(0x7fdd80104540 0x7fdd80073a50 unknown :-1 s=HELLO_CONNECTING pgs=0 cs=0 l=1 rev1=1 crypto rx=0 tx=0 comp rx=0 tx=0).handle_hello peer v2:172.21.15.159:3300/0 says I am v2:172.21.15.159:44654/0 (socket says 172.21.15.159:44654)
2023-03-27T10:16:33.350 INFO:teuthology.orchestra.run.smithi159.stdout:/usr/bin/ceph: stderr
2023-03-27T10:16:32.765+0000 7fdd7ffff700 1 -- 172.21.15.159:0/423208236 learned_addr learned my addr 172.21.15.159:0/423208236 (peer_addr_for_me v2:172.21.15.159:0/0)
2023-03-27T10:16:33.350 INFO:teuthology.orchestra.run.smithi159.stdout:/usr/bin/ceph: stderr
2023-03-27T10:16:32.765+0000 7fdd7ffff700 1 -- 172.21.15.159:0/423208236 --> [v2:172.21.15.159:3300/0,v1:172.21.15.159:6789/0] -- mon_subscribe({config=0+,monmap=0+}) v3 -- 0x7fdd70009550 con 0x7fdd80104540
2023-03-27T10:16:33.350 INFO:teuthology.orchestra.run.smithi159.stdout:/usr/bin/ceph: stderr
2023-03-27T10:16:32.765+0000 7fdd7ffff700 1 --2- 172.21.15.159:0/423208236 >> [v2:172.21.15.159:3300/0,v1:172.21.15.159:6789/0] conn(0x7fdd80104540 0x7fdd80073a50 secure :-1 s=READY pgs=77 cs=0 l=1 rev1=1 crypto rx=0x7fdd70003f00 tx=0x7fdd70011a30 comp rx=0 tx=0).ready entity=mon.0 client_cookie=0 server_cookie=0 in_seq=0 out_seq=0
2023-03-27T10:16:33.350 INFO:teuthology.orchestra.run.smithi159.stdout:/usr/bin/ceph: stderr
2023-03-27T10:16:32.765+0000 7fdd7d7fa700 1 -- 172.21.15.159:0/423208236 <== mon.0 v2:172.21.15.159:3300/0 1 ==== mon_map magic: 0 v1 ==== 205+0+0 (secure 0 0 0) 0x7fdd70003b20 con 0x7fdd80104540
2023-03-27T10:16:33.350 INFO:teuthology.orchestra.run.smithi159.stdout:/usr/bin/ceph: stderr
2023-03-27T10:16:32.765+0000 7fdd7d7fa700 1 -- 172.21.15.159:0/423208236 <== mon.0 v2:172.21.15.159:3300/0 2 ==== config(26 keys) v1 ==== 1105+0+0 (secure 0 0 0) 0x7fdd70003c80 con 0x7fdd80104540
2023-03-27T10:16:33.350 INFO:teuthology.orchestra.run.smithi159.stdout:/usr/bin/ceph: stderr
2023-03-27T10:16:32.765+0000 7fdd7d7fa700 1 -- 172.21.15.159:0/423208236 <== mon.0 v2:172.21.15.159:3300/0 3 ==== mon_map magic: 0 v1 ==== 205+0+0 (secure 0 0 0) 0x7fdd70019770 con 0x7fdd80104540
2023-03-27T10:16:33.351 INFO:teuthology.orchestra.run.smithi159.stdout:/usr/bin/ceph: stderr
2023-03-27T10:16:32.765+0000 7fdd86456700 1 -- 172.21.15.159:0/423208236 --> [v2:172.21.15.159:3300/0,v1:172.21.15.159:6789/0] -- mon_subscribe({mgrmap=0+}) v3 -- 0x7fdd801065d0 con 0x7fdd80104540
2023-03-27T10:16:33.351 INFO:teuthology.orchestra.run.smithi159.stdout:/usr/bin/ceph: stderr
2023-03-27T10:16:32.765+0000 7fdd86456700 1 -- 172.21.15.159:0/423208236 --> [v2:172.21.15.159:3300/0,v1:172.21.15.159:6789/0] -- mon_subscribe({osdmap=0}) v3 -- 0x7fdd80106440 con 0x7fdd80104540
2023-03-27T10:16:33.351 INFO:teuthology.orchestra.run.smithi159.stdout:/usr/bin/ceph: stderr
2023-03-27T10:16:32.766+0000 7fdd7d7fa700 1 -- 172.21.15.159:0/423208236 <== mon.0 v2:172.21.15.159:3300/0 4 ==== mgrmap(e 12) v1 ==== 43522+0+0 (secure 0 0 0) 0x7fdd7002c070 con 0x7fdd80104540
2023-03-27T10:16:33.351 INFO:teuthology.orchestra.run.smithi159.stdout:/usr/bin/ceph: stderr
2023-03-27T10:16:32.766+0000 7fdd7d7fa700 1 --2- 172.21.15.159:0/423208236 >> [v2:172.21.15.159:6800/3290710483,v1:172.21.15.159:6801/3290710483] conn(0x7fdd680368c0 0x7fdd68038d70 unknown :-1 s=NONE pgs=0 cs=0 l=1 rev1=0 crypto rx=0 tx=0 comp rx=0 tx=0).connect
2023-03-27T10:16:33.351 INFO:teuthology.orchestra.run.smithi159.stdout:/usr/bin/ceph: stderr
2023-03-27T10:16:32.766+0000 7fdd86456700 1 -- 172.21.15.159:0/423208236 --> [v2:172.21.15.159:3300/0,v1:172.21.15.159:6789/0] -- mon_command({"prefix": "get_command_descriptions"} v 0) v1 -- 0x7fdd80061e00 con 0x7fdd80104540
2023-03-27T10:16:33.351 INFO:teuthology.orchestra.run.smithi159.stdout:/usr/bin/ceph: stderr
2023-03-27T10:16:32.766+0000 7fdd7d7fa700 1 -- 172.21.15.159:0/423208236 <== mon.0 v2:172.21.15.159:3300/0 5 ==== osd_map(3..3 src has 1..3) v4 ==== 1155+0+0 (secure 0 0 0) 0x7fdd70049ee0 con 0x7fdd80104540
2023-03-27T10:16:33.351 INFO:teuthology.orchestra.run.smithi159.stdout:/usr/bin/ceph: stderr
2023-03-27T10:16:32.766+0000 7fdd7f7fe700 1 --2- 172.21.15.159:0/423208236 >> [v2:172.21.15.159:6800/3290710483,v1:172.21.15.159:6801/3290710483] conn(0x7fdd680368c0 0x7fdd68038d70 unknown :-1 s=BANNER_CONNECTING pgs=0 cs=0 l=1 rev1=0 crypto rx=0 tx=0 comp rx=0 tx=0)._handle_peer_banner_payload supported=3 required=0
2023-03-27T10:16:33.351 INFO:teuthology.orchestra.run.smithi159.stdout:/usr/bin/ceph: stderr
2023-03-27T10:16:32.767+0000 7fdd7f7fe700 1 --2- 172.21.15.159:0/423208236 >> [v2:172.21.15.159:6800/3290710483,v1:172.21.15.159:6801/3290710483] conn(0x7fdd680368c0 0x7fdd68038d70 secure :-1 s=READY pgs=10 cs=0 l=1 rev1=1 crypto rx=0x7fdd74006fd0 tx=0x7fdd74006e40 comp rx=0 tx=0).ready entity=mgr.14152 client_cookie=0 server_cookie=0 in_seq=0 out_seq=0
2023-03-27T10:16:33.352 INFO:teuthology.orchestra.run.smithi159.stdout:/usr/bin/ceph: stderr
2023-03-27T10:16:32.771+0000 7fdd7d7fa700 1 -- 172.21.15.159:0/423208236 <== mon.0 v2:172.21.15.159:3300/0 6 ==== mon_command_ack([{"prefix": "get_command_descriptions"}]=0 v0) v1 ==== 72+0+174404 (secure 0 0 0) 0x7fdd7000b3e0 con 0x7fdd80104540
2023-03-27T10:16:33.352 INFO:teuthology.orchestra.run.smithi159.stdout:/usr/bin/ceph: stderr
2023-03-27T10:16:32.953+0000 7fdd86456700 1 -- 172.21.15.159:0/423208236 --> [v2:172.21.15.159:3300/0,v1:172.21.15.159:6789/0] -- mon_command([{prefix=config set, name=osd_memory_target_autotune}] v 0) v1 -- 0x7fdd8019c8b0 con 0x7fdd80104540
2023-03-27T10:16:33.352 INFO:teuthology.orchestra.run.smithi159.stdout:/usr/bin/ceph: stderr
2023-03-27T10:16:32.953+0000 7fdd7d7fa700 1 -- 172.21.15.159:0/423208236 <== mon.0 v2:172.21.15.159:3300/0 7 ==== mon_command_ack([{prefix=config set, name=osd_memory_target_autotune}]=0 v8)=0 v8) v1 ==== 127+0+0 (secure 0 0 0) 0x7fdd70018350 con 0x7fdd80104540
2023-03-27T10:16:33.352 INFO:teuthology.orchestra.run.smithi159.stdout:/usr/bin/ceph: stderr
2023-03-27T10:16:32.955+0000 7fdd86456700 1 -- 172.21.15.159:0/423208236 >> [v2:172.21.15.159:6800/3290710483,v1:172.21.15.159:6801/3290710483] conn(0x7fdd680368c0 msgr2=0x7fdd68038d70 secure :-1 s=STATE_CONNECTION_ESTABLISHED l=1).mark_down
2023-03-27T10:16:33.352 INFO:teuthology.orchestra.run.smithi159.stdout:/usr/bin/ceph: stderr
2023-03-27T10:16:32.955+0000 7fdd86456700 1 --2- 172.21.15.159:0/423208236 >> [v2:172.21.15.159:6800/3290710483,v1:172.21.15.159:6801/3290710483] conn(0x7fdd680368c0 0x7fdd68038d70 secure :-1 s=READY pgs=10 cs=0 l=1 rev1=1 crypto rx=0x7fdd74006fd0 tx=0x7fdd74006e40 comp rx=0 tx=0).stop
2023-03-27T10:16:33.352 INFO:teuthology.orchestra.run.smithi159.stdout:/usr/bin/ceph: stderr
2023-03-27T10:16:32.955+0000 7fdd86456700 1 -- 172.21.15.159:0/423208236 >> [v2:172.21.15.159:3300/0,v1:172.21.15.159:6789/0] conn(0x7fdd80104540 msgr2=0x7fdd80073a50 secure :-1 s=STATE_CONNECTION_ESTABLISHED l=1).mark_down
2023-03-27T10:16:33.352 INFO:teuthology.orchestra.run.smithi159.stdout:/usr/bin/ceph: stderr
2023-03-27T10:16:32.955+0000 7fdd86456700 1 --2- 172.21.15.159:0/423208236 >> [v2:172.21.15.159:3300/0,v1:172.21.15.159:6789/0] conn(0x7fdd80104540 0x7fdd80073a50 secure :-1 s=READY pgs=77 cs=0 l=1 rev1=1 crypto rx=0x7fdd70003f00 tx=0x7fdd70011a30 comp rx=0 tx=0).stop
2023-03-27T10:16:33.353 INFO:teuthology.orchestra.run.smithi159.stdout:/usr/bin/ceph: stderr
2023-03-27T10:16:32.956+0000 7fdd86456700 1 -- 172.21.15.159:0/423208236 shutdown_connections
2023-03-27T10:16:33.353 INFO:teuthology.orchestra.run.smithi159.stdout:/usr/bin/ceph: stderr
2023-03-27T10:16:32.956+0000 7fdd86456700 1 --2- 172.21.15.159:0/423208236 >> [v2:172.21.15.159:6800/3290710483,v1:172.21.15.159:6801/3290710483] conn(0x7fdd680368c0 0x7fdd68038d70 unknown :-1 s=CLOSED pgs=10 cs=0 l=1 rev1=1 crypto rx=0 tx=0 comp rx=0 tx=0).stop
2023-03-27T10:16:33.353 INFO:teuthology.orchestra.run.smithi159.stdout:/usr/bin/ceph: stderr
2023-03-27T10:16:32.956+0000 7fdd86456700 1 --2- 172.21.15.159:0/423208236 >> [v2:172.21.15.159:3300/0,v1:172.21.15.159:6789/0] conn(0x7fdd80104540 0x7fdd80073a50 unknown :-1 s=CLOSED pgs=77 cs=0 l=1 rev1=1 crypto rx=0 tx=0 comp rx=0 tx=0).stop
2023-03-27T10:16:33.353 INFO:teuthology.orchestra.run.smithi159.stdout:/usr/bin/ceph: stderr
2023-03-27T10:16:32.956+0000 7fdd86456700 1 -- 172.21.15.159:0/423208236 >> 172.21.15.159:0/423208236 conn(0x7fdd800ffb90 msgr2=0x7fdd801008e0 unknown :-1 s=STATE_NONE l=0).mark_down
2023-03-27T10:16:33.353 INFO:teuthology.orchestra.run.smithi159.stdout:/usr/bin/ceph: stderr
2023-03-27T10:16:32.956+0000 7fdd86456700 1 -- 172.21.15.159:0/423208236 shutdown_connections
2023-03-27T10:16:33.353 INFO:teuthology.orchestra.run.smithi159.stdout:/usr/bin/ceph: stderr
2023-03-27T10:16:32.956+0000 7fdd86456700 1 -- 172.21.15.159:0/423208236 wait complete.
2023-03-27T10:16:34.253 INFO:journalctl@ceph.mon.a.smithi159.stdout:Mar 27 10:16:33 smithi159 ceph-mon[93039]: mgrmap e13: x(active, since 6s)
2023-03-27T10:16:34.491 INFO:teuthology.orchestra.run.smithi159.stdout:/usr/bin/ceph: stderr
2023-03-27T10:16:33.841+0000 7f7099d59700 1 Processor -- start
2023-03-27T10:16:34.491 INFO:teuthology.orchestra.run.smithi159.stdout:/usr/bin/ceph: stderr
2023-03-27T10:16:33.841+0000 7f7099d59700 1 -- start start
2023-03-27T10:16:34.491 INFO:teuthology.orchestra.run.smithi159.stdout:/usr/bin/ceph: stderr
2023-03-27T10:16:33.842+0000 7f7099d59700 1 --2- >> [v2:172.21.15.159:3300/0,v1:172.21.15.159:6789/0] conn(0x7f7094104540 0x7f7094104950 unknown :-1 s=NONE pgs=0 cs=0 l=0 rev1=0 crypto rx=0 tx=0 comp rx=0 tx=0).connect
2023-03-27T10:16:34.491 INFO:teuthology.orchestra.run.smithi159.stdout:/usr/bin/ceph: stderr
2023-03-27T10:16:33.842+0000 7f7099d59700 1 -- --> [v2:172.21.15.159:3300/0,v1:172.21.15.159:6789/0] -- mon_getmap magic: 0 v1 -- 0x7f7094104e90 con 0x7f7094104540
2023-03-27T10:16:34.492 INFO:teuthology.orchestra.run.smithi159.stdout:/usr/bin/ceph: stderr
2023-03-27T10:16:33.842+0000 7f70937fe700 1 --2- >> [v2:172.21.15.159:3300/0,v1:172.21.15.159:6789/0] conn(0x7f7094104540 0x7f7094104950 unknown :-1 s=BANNER_CONNECTING pgs=0 cs=0 l=0 rev1=0 crypto rx=0 tx=0 comp rx=0 tx=0)._handle_peer_banner_payload supported=3 required=0
2023-03-27T10:16:34.492 INFO:teuthology.orchestra.run.smithi159.stdout:/usr/bin/ceph: stderr
2023-03-27T10:16:33.842+0000 7f70937fe700 1 --2- >> [v2:172.21.15.159:3300/0,v1:172.21.15.159:6789/0] conn(0x7f7094104540 0x7f7094104950 unknown :-1 s=HELLO_CONNECTING pgs=0 cs=0 l=0 rev1=1 crypto rx=0 tx=0 comp rx=0 tx=0).handle_hello peer v2:172.21.15.159:3300/0 says I am v2:172.21.15.159:44658/0 (socket says 172.21.15.159:44658)
2023-03-27T10:16:34.492 INFO:teuthology.orchestra.run.smithi159.stdout:/usr/bin/ceph: stderr
2023-03-27T10:16:33.842+0000 7f70937fe700 1 -- 172.21.15.159:0/3838890845 learned_addr learned my addr 172.21.15.159:0/3838890845 (peer_addr_for_me v2:172.21.15.159:0/0)
2023-03-27T10:16:34.492 INFO:teuthology.orchestra.run.smithi159.stdout:/usr/bin/ceph: stderr
2023-03-27T10:16:33.842+0000 7f70937fe700 1 -- 172.21.15.159:0/3838890845 --> [v2:172.21.15.159:3300/0,v1:172.21.15.159:6789/0] -- mon_subscribe({config=0+,monmap=0+}) v3 -- 0x7f7094104fd0 con 0x7f7094104540
2023-03-27T10:16:34.492 INFO:teuthology.orchestra.run.smithi159.stdout:/usr/bin/ceph: stderr
2023-03-27T10:16:33.842+0000 7f70937fe700 1 --2- 172.21.15.159:0/3838890845 >> [v2:172.21.15.159:3300/0,v1:172.21.15.159:6789/0] conn(0x7f7094104540 0x7f7094104950 secure :-1 s=READY pgs=78 cs=0 l=1 rev1=1 crypto rx=0x7f70840098a0 tx=0x7f7084009bb0 comp rx=0 tx=0).ready entity=mon.0 client_cookie=6d7d612c4ef994eb server_cookie=0 in_seq=0 out_seq=0
2023-03-27T10:16:34.493 INFO:teuthology.orchestra.run.smithi159.stdout:/usr/bin/ceph: stderr
2023-03-27T10:16:33.842+0000 7f70927fc700 1 -- 172.21.15.159:0/3838890845 <== mon.0 v2:172.21.15.159:3300/0 1 ==== mon_map magic: 0 v1 ==== 205+0+0 (secure 0 0 0) 0x7f7084004160 con 0x7f7094104540
2023-03-27T10:16:34.493 INFO:teuthology.orchestra.run.smithi159.stdout:/usr/bin/ceph: stderr
2023-03-27T10:16:33.842+0000 7f70927fc700 1 -- 172.21.15.159:0/3838890845 <== mon.0 v2:172.21.15.159:3300/0 2 ==== config(26 keys) v1 ==== 1105+0+0 (secure 0 0 0) 0x7f70840042c0 con 0x7f7094104540
2023-03-27T10:16:34.493 INFO:teuthology.orchestra.run.smithi159.stdout:/usr/bin/ceph: stderr
2023-03-27T10:16:33.842+0000 7f70927fc700 1 -- 172.21.15.159:0/3838890845 <== mon.0 v2:172.21.15.159:3300/0 3 ==== mon_map magic: 0 v1 ==== 205+0+0 (secure 0 0 0) 0x7f70840119b0 con 0x7f7094104540
2023-03-27T10:16:34.493 INFO:teuthology.orchestra.run.smithi159.stdout:/usr/bin/ceph: stderr
2023-03-27T10:16:33.843+0000 7f7099d59700 1 -- 172.21.15.159:0/3838890845 >> [v2:172.21.15.159:3300/0,v1:172.21.15.159:6789/0] conn(0x7f7094104540 msgr2=0x7f7094104950 secure :-1 s=STATE_CONNECTION_ESTABLISHED l=1).mark_down
2023-03-27T10:16:34.493 INFO:teuthology.orchestra.run.smithi159.stdout:/usr/bin/ceph: stderr
2023-03-27T10:16:33.843+0000 7f7099d59700 1 --2- 172.21.15.159:0/3838890845 >> [v2:172.21.15.159:3300/0,v1:172.21.15.159:6789/0] conn(0x7f7094104540 0x7f7094104950 secure :-1 s=READY pgs=78 cs=0 l=1 rev1=1 crypto rx=0x7f70840098a0 tx=0x7f7084009bb0 comp rx=0 tx=0).stop
2023-03-27T10:16:34.493 INFO:teuthology.orchestra.run.smithi159.stdout:/usr/bin/ceph: stderr
2023-03-27T10:16:33.843+0000 7f7099d59700 1 -- 172.21.15.159:0/3838890845 shutdown_connections
2023-03-27T10:16:34.494 INFO:teuthology.orchestra.run.smithi159.stdout:/usr/bin/ceph: stderr
2023-03-27T10:16:33.843+0000 7f7099d59700 1 --2- 172.21.15.159:0/3838890845 >> [v2:172.21.15.159:3300/0,v1:172.21.15.159:6789/0] conn(0x7f7094104540 0x7f7094104950 unknown :-1 s=CLOSED pgs=78 cs=0 l=1 rev1=1 crypto rx=0 tx=0 comp rx=0 tx=0).stop
2023-03-27T10:16:34.494 INFO:teuthology.orchestra.run.smithi159.stdout:/usr/bin/ceph: stderr
2023-03-27T10:16:33.843+0000 7f7099d59700 1 -- 172.21.15.159:0/3838890845 >> 172.21.15.159:0/3838890845 conn(0x7f70940ffb90 msgr2=0x7f7094101fc0 unknown :-1 s=STATE_NONE l=0).mark_down
2023-03-27T10:16:34.494 INFO:teuthology.orchestra.run.smithi159.stdout:/usr/bin/ceph: stderr
2023-03-27T10:16:33.843+0000 7f7099d59700 1 -- 172.21.15.159:0/3838890845 shutdown_connections
2023-03-27T10:16:34.494 INFO:teuthology.orchestra.run.smithi159.stdout:/usr/bin/ceph: stderr
2023-03-27T10:16:33.843+0000 7f7099d59700 1 -- 172.21.15.159:0/3838890845 wait complete.
2023-03-27T10:16:34.494 INFO:teuthology.orchestra.run.smithi159.stdout:/usr/bin/ceph: stderr
2023-03-27T10:16:33.844+0000 7f7099d59700 1 Processor -- start
2023-03-27T10:16:34.494 INFO:teuthology.orchestra.run.smithi159.stdout:/usr/bin/ceph: stderr
2023-03-27T10:16:33.844+0000 7f7099d59700 1 -- start start
2023-03-27T10:16:34.494 INFO:teuthology.orchestra.run.smithi159.stdout:/usr/bin/ceph: stderr
2023-03-27T10:16:33.844+0000 7f7099d59700 1 --2- >> [v2:172.21.15.159:3300/0,v1:172.21.15.159:6789/0] conn(0x7f7094104540 0x7f7094073a50 unknown :-1 s=NONE pgs=0 cs=0 l=1 rev1=0 crypto rx=0 tx=0 comp rx=0 tx=0).connect
2023-03-27T10:16:34.495 INFO:teuthology.orchestra.run.smithi159.stdout:/usr/bin/ceph: stderr
2023-03-27T10:16:33.844+0000 7f7099d59700 1 -- --> [v2:172.21.15.159:3300/0,v1:172.21.15.159:6789/0] -- mon_getmap magic: 0 v1 -- 0x7f709419c010 con 0x7f7094104540
2023-03-27T10:16:34.495 INFO:teuthology.orchestra.run.smithi159.stdout:/usr/bin/ceph: stderr
2023-03-27T10:16:33.844+0000 7f70937fe700 1 --2- >> [v2:172.21.15.159:3300/0,v1:172.21.15.159:6789/0] conn(0x7f7094104540 0x7f7094073a50 unknown :-1 s=BANNER_CONNECTING pgs=0 cs=0 l=1 rev1=0 crypto rx=0 tx=0 comp rx=0 tx=0)._handle_peer_banner_payload supported=3 required=0
2023-03-27T10:16:34.495 INFO:teuthology.orchestra.run.smithi159.stdout:/usr/bin/ceph: stderr
2023-03-27T10:16:33.844+0000 7f70937fe700 1 --2- >> [v2:172.21.15.159:3300/0,v1:172.21.15.159:6789/0] conn(0x7f7094104540 0x7f7094073a50 unknown :-1 s=HELLO_CONNECTING pgs=0 cs=0 l=1 rev1=1 crypto rx=0 tx=0 comp rx=0 tx=0).handle_hello peer v2:172.21.15.159:3300/0 says I am v2:172.21.15.159:44660/0 (socket says 172.21.15.159:44660)
2023-03-27T10:16:34.495 INFO:teuthology.orchestra.run.smithi159.stdout:/usr/bin/ceph: stderr
2023-03-27T10:16:33.844+0000 7f70937fe700 1 -- 172.21.15.159:0/1770194536 learned_addr learned my addr 172.21.15.159:0/1770194536 (peer_addr_for_me v2:172.21.15.159:0/0)
2023-03-27T10:16:34.495 INFO:teuthology.orchestra.run.smithi159.stdout:/usr/bin/ceph: stderr
2023-03-27T10:16:33.845+0000 7f70937fe700 1 -- 172.21.15.159:0/1770194536 --> [v2:172.21.15.159:3300/0,v1:172.21.15.159:6789/0] -- mon_subscribe({config=0+,monmap=0+}) v3 -- 0x7f7084009550 con 0x7f7094104540
2023-03-27T10:16:34.495 INFO:teuthology.orchestra.run.smithi159.stdout:/usr/bin/ceph: stderr
2023-03-27T10:16:33.845+0000 7f70937fe700 1 --2- 172.21.15.159:0/1770194536 >> [v2:172.21.15.159:3300/0,v1:172.21.15.159:6789/0] conn(0x7f7094104540 0x7f7094073a50 secure :-1 s=READY pgs=79 cs=0 l=1 rev1=1 crypto rx=0x7f7084006af0 tx=0x7f7084011a10 comp rx=0 tx=0).ready entity=mon.0 client_cookie=0 server_cookie=0 in_seq=0 out_seq=0
2023-03-27T10:16:34.495 INFO:teuthology.orchestra.run.smithi159.stdout:/usr/bin/ceph: stderr
2023-03-27T10:16:33.845+0000 7f7090ff9700 1 -- 172.21.15.159:0/1770194536 <== mon.0 v2:172.21.15.159:3300/0 1 ==== mon_map magic: 0 v1 ==== 205+0+0 (secure 0 0 0) 0x7f7084003a40 con 0x7f7094104540
2023-03-27T10:16:34.496 INFO:teuthology.orchestra.run.smithi159.stdout:/usr/bin/ceph: stderr
2023-03-27T10:16:33.845+0000 7f7090ff9700 1 -- 172.21.15.159:0/1770194536 <== mon.0 v2:172.21.15.159:3300/0 2 ==== config(26 keys) v1 ==== 1105+0+0 (secure 0 0 0) 0x7f7084003ba0 con 0x7f7094104540
2023-03-27T10:16:34.496 INFO:teuthology.orchestra.run.smithi159.stdout:/usr/bin/ceph: stderr
2023-03-27T10:16:33.845+0000 7f7090ff9700 1 -- 172.21.15.159:0/1770194536 <== mon.0 v2:172.21.15.159:3300/0 3 ==== mon_map magic: 0 v1 ==== 205+0+0 (secure 0 0 0) 0x7f70840196c0 con 0x7f7094104540
2023-03-27T10:16:34.496 INFO:teuthology.orchestra.run.smithi159.stdout:/usr/bin/ceph: stderr
2023-03-27T10:16:33.845+0000 7f7099d59700 1 -- 172.21.15.159:0/1770194536 --> [v2:172.21.15.159:3300/0,v1:172.21.15.159:6789/0] -- mon_subscribe({mgrmap=0+}) v3 -- 0x7f70941065d0 con 0x7f7094104540
2023-03-27T10:16:34.496 INFO:teuthology.orchestra.run.smithi159.stdout:/usr/bin/ceph: stderr
2023-03-27T10:16:33.845+0000 7f7099d59700 1 -- 172.21.15.159:0/1770194536 --> [v2:172.21.15.159:3300/0,v1:172.21.15.159:6789/0] -- mon_subscribe({osdmap=0}) v3 -- 0x7f7094106440 con 0x7f7094104540
2023-03-27T10:16:34.496 INFO:teuthology.orchestra.run.smithi159.stdout:/usr/bin/ceph: stderr
2023-03-27T10:16:33.846+0000 7f7090ff9700 1 -- 172.21.15.159:0/1770194536 <== mon.0 v2:172.21.15.159:3300/0 4 ==== mgrmap(e 13) v1 ==== 43566+0+0 (secure 0 0 0) 0x7f708402a020 con 0x7f7094104540
2023-03-27T10:16:34.496 INFO:teuthology.orchestra.run.smithi159.stdout:/usr/bin/ceph: stderr
2023-03-27T10:16:33.846+0000 7f7090ff9700 1 --2- 172.21.15.159:0/1770194536 >> [v2:172.21.15.159:6800/3290710483,v1:172.21.15.159:6801/3290710483] conn(0x7f707c036900 0x7f707c038db0 unknown :-1 s=NONE pgs=0 cs=0 l=1 rev1=0 crypto rx=0 tx=0 comp rx=0 tx=0).connect
2023-03-27T10:16:34.496 INFO:teuthology.orchestra.run.smithi159.stdout:/usr/bin/ceph: stderr
2023-03-27T10:16:33.846+0000 7f7090ff9700 1 -- 172.21.15.159:0/1770194536 <== mon.0 v2:172.21.15.159:3300/0 5 ==== osd_map(3..3 src has 1..3) v4 ==== 1155+0+0 (secure 0 0 0) 0x7f708404a020 con 0x7f7094104540
2023-03-27T10:16:34.497 INFO:teuthology.orchestra.run.smithi159.stdout:/usr/bin/ceph: stderr
2023-03-27T10:16:33.846+0000 7f7099d59700 1 -- 172.21.15.159:0/1770194536 --> [v2:172.21.15.159:3300/0,v1:172.21.15.159:6789/0] -- mon_command({"prefix": "get_command_descriptions"} v 0) v1 -- 0x7f7094061e00 con 0x7f7094104540
2023-03-27T10:16:34.497 INFO:teuthology.orchestra.run.smithi159.stdout:/usr/bin/ceph: stderr
2023-03-27T10:16:33.846+0000 7f7092ffd700 1 --2- 172.21.15.159:0/1770194536 >> [v2:172.21.15.159:6800/3290710483,v1:172.21.15.159:6801/3290710483] conn(0x7f707c036900 0x7f707c038db0 unknown :-1 s=BANNER_CONNECTING pgs=0 cs=0 l=1 rev1=0 crypto rx=0 tx=0 comp rx=0 tx=0)._handle_peer_banner_payload supported=3 required=0
2023-03-27T10:16:34.497 INFO:teuthology.orchestra.run.smithi159.stdout:/usr/bin/ceph: stderr
2023-03-27T10:16:33.846+0000 7f7092ffd700 1 --2- 172.21.15.159:0/1770194536 >> [v2:172.21.15.159:6800/3290710483,v1:172.21.15.159:6801/3290710483] conn(0x7f707c036900 0x7f707c038db0 secure :-1 s=READY pgs=11 cs=0 l=1 rev1=1 crypto rx=0x7f7088006fd0 tx=0x7f7088006e40 comp rx=0 tx=0).ready entity=mgr.14152 client_cookie=0 server_cookie=0 in_seq=0 out_seq=0
2023-03-27T10:16:34.497 INFO:teuthology.orchestra.run.smithi159.stdout:/usr/bin/ceph: stderr
2023-03-27T10:16:33.851+0000 7f7090ff9700 1 -- 172.21.15.159:0/1770194536 <== mon.0 v2:172.21.15.159:3300/0 6 ==== mon_command_ack([{"prefix": "get_command_descriptions"}]=0 v0) v1 ==== 72+0+174404 (secure 0 0 0) 0x7f7084019930 con 0x7f7094104540
2023-03-27T10:16:34.497 INFO:teuthology.orchestra.run.smithi159.stdout:/usr/bin/ceph: stderr
2023-03-27T10:16:34.133+0000 7f7099d59700 1 -- 172.21.15.159:0/1770194536 --> [v2:172.21.15.159:3300/0,v1:172.21.15.159:6789/0] -- mon_command([{prefix=config-key set, key=mgr/dashboard/cluster/status}] v 0) v1 -- 0x7f709419c9a0 con 0x7f7094104540
2023-03-27T10:16:34.497 INFO:teuthology.orchestra.run.smithi159.stdout:/usr/bin/ceph: stderr
2023-03-27T10:16:34.136+0000 7f7090ff9700 1 -- 172.21.15.159:0/1770194536 <== mon.0 v2:172.21.15.159:3300/0 7 ==== mon_command_ack([{prefix=config-key set, key=mgr/dashboard/cluster/status}]=0 set mgr/dashboard/cluster/status v30)=0 set mgr/dashboard/cluster/status v30) v1 ==== 153+0+0 (secure 0 0 0) 0x7f7084047020 con 0x7f7094104540
2023-03-27T10:16:34.497 INFO:teuthology.orchestra.run.smithi159.stdout:/usr/bin/ceph: stderr
2023-03-27T10:16:34.138+0000 7f7099d59700 1 -- 172.21.15.159:0/1770194536 >> [v2:172.21.15.159:6800/3290710483,v1:172.21.15.159:6801/3290710483] conn(0x7f707c036900 msgr2=0x7f707c038db0 secure :-1 s=STATE_CONNECTION_ESTABLISHED l=1).mark_down
2023-03-27T10:16:34.498 INFO:teuthology.orchestra.run.smithi159.stdout:/usr/bin/ceph: stderr
2023-03-27T10:16:34.138+0000 7f7099d59700 1 --2- 172.21.15.159:0/1770194536 >> [v2:172.21.15.159:6800/3290710483,v1:172.21.15.159:6801/3290710483] conn(0x7f707c036900 0x7f707c038db0 secure :-1 s=READY pgs=11 cs=0 l=1 rev1=1 crypto rx=0x7f7088006fd0 tx=0x7f7088006e40 comp rx=0 tx=0).stop
2023-03-27T10:16:34.498 INFO:teuthology.orchestra.run.smithi159.stdout:/usr/bin/ceph: stderr
2023-03-27T10:16:34.138+0000 7f7099d59700 1 -- 172.21.15.159:0/1770194536 >> [v2:172.21.15.159:3300/0,v1:172.21.15.159:6789/0] conn(0x7f7094104540 msgr2=0x7f7094073a50 secure :-1 s=STATE_CONNECTION_ESTABLISHED l=1).mark_down
2023-03-27T10:16:34.498 INFO:teuthology.orchestra.run.smithi159.stdout:/usr/bin/ceph: stderr
2023-03-27T10:16:34.138+0000 7f7099d59700 1 --2- 172.21.15.159:0/1770194536 >> [v2:172.21.15.159:3300/0,v1:172.21.15.159:6789/0] conn(0x7f7094104540 0x7f7094073a50 secure :-1 s=READY pgs=79 cs=0 l=1 rev1=1 crypto rx=0x7f7084006af0 tx=0x7f7084011a10 comp rx=0 tx=0).stop
2023-03-27T10:16:34.498 INFO:teuthology.orchestra.run.smithi159.stdout:/usr/bin/ceph: stderr
2023-03-27T10:16:34.138+0000 7f7099d59700 1 -- 172.21.15.159:0/1770194536 shutdown_connections
2023-03-27T10:16:34.498 INFO:teuthology.orchestra.run.smithi159.stdout:/usr/bin/ceph: stderr
2023-03-27T10:16:34.138+0000 7f7099d59700 1 --2- 172.21.15.159:0/1770194536 >> [v2:172.21.15.159:6800/3290710483,v1:172.21.15.159:6801/3290710483] conn(0x7f707c036900 0x7f707c038db0 unknown :-1 s=CLOSED pgs=11 cs=0 l=1 rev1=1 crypto rx=0 tx=0 comp rx=0 tx=0).stop
2023-03-27T10:16:34.498 INFO:teuthology.orchestra.run.smithi159.stdout:/usr/bin/ceph: stderr
2023-03-27T10:16:34.138+0000 7f7099d59700 1 --2- 172.21.15.159:0/1770194536 >> [v2:172.21.15.159:3300/0,v1:172.21.15.159:6789/0] conn(0x7f7094104540 0x7f7094073a50 unknown :-1 s=CLOSED pgs=79 cs=0 l=1 rev1=1 crypto rx=0 tx=0 comp rx=0 tx=0).stop
2023-03-27T10:16:34.498 INFO:teuthology.orchestra.run.smithi159.stdout:/usr/bin/ceph: stderr
2023-03-27T10:16:34.138+0000 7f7099d59700 1 -- 172.21.15.159:0/1770194536 >> 172.21.15.159:0/1770194536 conn(0x7f70940ffb90 msgr2=0x7f70941008e0 unknown :-1 s=STATE_NONE l=0).mark_down
2023-03-27T10:16:34.499 INFO:teuthology.orchestra.run.smithi159.stdout:/usr/bin/ceph: stderr
2023-03-27T10:16:34.138+0000 7f7099d59700 1 -- 172.21.15.159:0/1770194536 shutdown_connections
2023-03-27T10:16:34.499 INFO:teuthology.orchestra.run.smithi159.stdout:/usr/bin/ceph: stderr
2023-03-27T10:16:34.138+0000 7f7099d59700 1 -- 172.21.15.159:0/1770194536 wait complete.
2023-03-27T10:16:34.499 INFO:teuthology.orchestra.run.smithi159.stdout:/usr/bin/ceph: stderr set mgr/dashboard/cluster/status
2023-03-27T10:16:34.499 INFO:teuthology.orchestra.run.smithi159.stdout:You can access the Ceph CLI as following in case of multi-cluster or non-default config:
2023-03-27T10:16:34.499 INFO:teuthology.orchestra.run.smithi159.stdout:
2023-03-27T10:16:34.499 INFO:teuthology.orchestra.run.smithi159.stdout: sudo /home/ubuntu/cephtest/cephadm shell --fsid 2c3cd140-cc88-11ed-9afe-001a4aab830c -c /etc/ceph/ceph.conf -k /etc/ceph/ceph.client.admin.keyring
2023-03-27T10:16:34.499 INFO:teuthology.orchestra.run.smithi159.stdout:
2023-03-27T10:16:34.500 INFO:teuthology.orchestra.run.smithi159.stdout:Or, if you are only running a single cluster on this host:
2023-03-27T10:16:34.500 INFO:teuthology.orchestra.run.smithi159.stdout:
2023-03-27T10:16:34.500 INFO:teuthology.orchestra.run.smithi159.stdout: sudo /home/ubuntu/cephtest/cephadm shell
2023-03-27T10:16:34.500 INFO:teuthology.orchestra.run.smithi159.stdout:
2023-03-27T10:16:34.500 INFO:teuthology.orchestra.run.smithi159.stdout:Please consider enabling telemetry to help improve Ceph:
2023-03-27T10:16:34.500 INFO:teuthology.orchestra.run.smithi159.stdout:
2023-03-27T10:16:34.500 INFO:teuthology.orchestra.run.smithi159.stdout: ceph telemetry on
2023-03-27T10:16:34.501 INFO:teuthology.orchestra.run.smithi159.stdout:
2023-03-27T10:16:34.501 INFO:teuthology.orchestra.run.smithi159.stdout:For more information see:
2023-03-27T10:16:34.501 INFO:teuthology.orchestra.run.smithi159.stdout:
2023-03-27T10:16:34.501 INFO:teuthology.orchestra.run.smithi159.stdout: https://docs.ceph.com/en/latest/mgr/telemetry/
2023-03-27T10:16:34.501 INFO:teuthology.orchestra.run.smithi159.stdout:
2023-03-27T10:16:34.501 INFO:teuthology.orchestra.run.smithi159.stdout:Bootstrap complete.
2023-03-27T10:16:34.524 INFO:tasks.cephadm:Fetching config...
2023-03-27T10:16:34.525 DEBUG:teuthology.orchestra.run.smithi159:> set -ex
2023-03-27T10:16:34.525 DEBUG:teuthology.orchestra.run.smithi159:> dd if=/etc/ceph/ceph.conf of=/dev/stdout
2023-03-27T10:16:34.542 INFO:tasks.cephadm:Fetching client.admin keyring...
2023-03-27T10:16:34.542 DEBUG:teuthology.orchestra.run.smithi159:> set -ex
2023-03-27T10:16:34.543 DEBUG:teuthology.orchestra.run.smithi159:> dd if=/etc/ceph/ceph.client.admin.keyring of=/dev/stdout
2023-03-27T10:16:34.598 INFO:tasks.cephadm:Fetching mon keyring...
2023-03-27T10:16:34.599 DEBUG:teuthology.orchestra.run.smithi159:> set -ex
2023-03-27T10:16:34.599 DEBUG:teuthology.orchestra.run.smithi159:> sudo dd if=/var/lib/ceph/2c3cd140-cc88-11ed-9afe-001a4aab830c/mon.a/keyring of=/dev/stdout
2023-03-27T10:16:34.668 INFO:tasks.cephadm:Fetching pub ssh key...
2023-03-27T10:16:34.668 DEBUG:teuthology.orchestra.run.smithi159:> set -ex
2023-03-27T10:16:34.669 DEBUG:teuthology.orchestra.run.smithi159:> dd if=/home/ubuntu/cephtest/ceph.pub of=/dev/stdout
2023-03-27T10:16:34.724 INFO:tasks.cephadm:Installing pub ssh key for root users...
2023-03-27T10:16:34.725 DEBUG:teuthology.orchestra.run.smithi159:> sudo install -d -m 0700 /root/.ssh && echo 'ssh-rsa AAAAB3NzaC1yc2EAAAADAQABAAABgQCx1sQLTEmyAgXsE9t6c87JfjiJetYiuI+ur7emKZG6fw1dcawIFy68YejeEc52YSsc93Ez/ySp37R2DbAdyLlqFqiEyKL6VVT+gzzKenY3MpodS7C4NpWthSxkK8HlOGxzWklb8T5GhI+ZB3xb3Yp08Jej8lGQf7xPldxpjlmdOpnKdFQqmuQBgeLEljN3cHlfzd9KHSBrF1g0VgBsX6cRUE2Kx8rmOFpsVn7VDH9u4vDHb3poS1V19NXOxoLsvHh1O6PJsxLgwNwtPOdXxVoIiXqXL81cOjI7UoMoisq3IwcsvWIV7a2Ngbg0nxP/D0+TjyTpyP7aWt4esL6AyKZiMr0snTCqW8HGzLwJ7fDH+4Gama60NlUs497uzJ44o/DP6XBozhn/H2l5+pTBKDNCoRiInszpw7kLXxGunmEH7azHmWljTaIId80HVaN/fWZgGY/xZRE6JNqeZNfX2uNSY4KG4C/FqEcc9hBxfuDCdi9cNQk+k7vE9MmNHNwwx2s= ceph-2c3cd140-cc88-11ed-9afe-001a4aab830c' | sudo tee -a /root/.ssh/authorized_keys && sudo chmod 0600 /root/.ssh/authorized_keys
2023-03-27T10:16:34.800 INFO:teuthology.orchestra.run.smithi159.stdout:ssh-rsa AAAAB3NzaC1yc2EAAAADAQABAAABgQCx1sQLTEmyAgXsE9t6c87JfjiJetYiuI+ur7emKZG6fw1dcawIFy68YejeEc52YSsc93Ez/ySp37R2DbAdyLlqFqiEyKL6VVT+gzzKenY3MpodS7C4NpWthSxkK8HlOGxzWklb8T5GhI+ZB3xb3Yp08Jej8lGQf7xPldxpjlmdOpnKdFQqmuQBgeLEljN3cHlfzd9KHSBrF1g0VgBsX6cRUE2Kx8rmOFpsVn7VDH9u4vDHb3poS1V19NXOxoLsvHh1O6PJsxLgwNwtPOdXxVoIiXqXL81cOjI7UoMoisq3IwcsvWIV7a2Ngbg0nxP/D0+TjyTpyP7aWt4esL6AyKZiMr0snTCqW8HGzLwJ7fDH+4Gama60NlUs497uzJ44o/DP6XBozhn/H2l5+pTBKDNCoRiInszpw7kLXxGunmEH7azHmWljTaIId80HVaN/fWZgGY/xZRE6JNqeZNfX2uNSY4KG4C/FqEcc9hBxfuDCdi9cNQk+k7vE9MmNHNwwx2s= ceph-2c3cd140-cc88-11ed-9afe-001a4aab830c
