2023-03-27T10:16:19.351+0000 7effad8f3700 1 --2- 172.21.15.159:0/977942896 >> [v2:172.21.15.159:3300/0,v1:172.21.15.159:6789/0] conn(0x7effa81061a0 0x7effa8108580 secure :-1 s=READY pgs=55 cs=0 l=1 rev1=1 crypto rx=0x7eff900098a0 tx=0x7eff90009bb0 comp rx=0 tx=0).stop
2023-03-27T10:16:20.874 INFO:teuthology.orchestra.run.smithi159.stdout:/usr/bin/ceph: stderr
2023-03-27T10:16:19.351+0000 7effad8f3700 1 -- 172.21.15.159:0/977942896 shutdown_connections
2023-03-27T10:16:20.874 INFO:teuthology.orchestra.run.smithi159.stdout:/usr/bin/ceph: stderr
2023-03-27T10:16:19.351+0000 7effad8f3700 1 --2- 172.21.15.159:0/977942896 >> [v2:172.21.15.159:3300/0,v1:172.21.15.159:6789/0] conn(0x7effa81061a0 0x7effa8108580 unknown :-1 s=CLOSED pgs=55 cs=0 l=1 rev1=1 crypto rx=0 tx=0 comp rx=0 tx=0).stop
2023-03-27T10:16:20.875 INFO:teuthology.orchestra.run.smithi159.stdout:/usr/bin/ceph: stderr
2023-03-27T10:16:19.351+0000 7effad8f3700 1 -- 172.21.15.159:0/977942896 >> 172.21.15.159:0/977942896 conn(0x7effa80ffba0 msgr2=0x7effa8101fd0 unknown :-1 s=STATE_NONE l=0).mark_down
2023-03-27T10:16:20.875 INFO:teuthology.orchestra.run.smithi159.stdout:/usr/bin/ceph: stderr
2023-03-27T10:16:19.351+0000 7effad8f3700 1 -- 172.21.15.159:0/977942896 shutdown_connections
2023-03-27T10:16:20.875 INFO:teuthology.orchestra.run.smithi159.stdout:/usr/bin/ceph: stderr
2023-03-27T10:16:19.351+0000 7effad8f3700 1 -- 172.21.15.159:0/977942896 wait complete.
2023-03-27T10:16:20.875 INFO:teuthology.orchestra.run.smithi159.stdout:/usr/bin/ceph: stderr
2023-03-27T10:16:19.352+0000 7effad8f3700 1 Processor -- start
2023-03-27T10:16:20.875 INFO:teuthology.orchestra.run.smithi159.stdout:/usr/bin/ceph: stderr
2023-03-27T10:16:19.352+0000 7effad8f3700 1 -- start start
2023-03-27T10:16:20.875 INFO:teuthology.orchestra.run.smithi159.stdout:/usr/bin/ceph: stderr
2023-03-27T10:16:19.352+0000 7effad8f3700 1 --2- >> [v2:172.21.15.159:3300/0,v1:172.21.15.159:6789/0] conn(0x7effa81061a0 0x7effa8199310 unknown :-1 s=NONE pgs=0 cs=0 l=1 rev1=0 crypto rx=0 tx=0 comp rx=0 tx=0).connect
2023-03-27T10:16:20.875 INFO:teuthology.orchestra.run.smithi159.stdout:/usr/bin/ceph: stderr
2023-03-27T10:16:19.352+0000 7effad8f3700 1 -- --> [v2:172.21.15.159:3300/0,v1:172.21.15.159:6789/0] -- mon_getmap magic: 0 v1 -- 0x7effa8199850 con 0x7effa81061a0
2023-03-27T10:16:20.875 INFO:teuthology.orchestra.run.smithi159.stdout:/usr/bin/ceph: stderr
2023-03-27T10:16:19.352+0000 7effa6ffd700 1 --2- >> [v2:172.21.15.159:3300/0,v1:172.21.15.159:6789/0] conn(0x7effa81061a0 0x7effa8199310 unknown :-1 s=BANNER_CONNECTING pgs=0 cs=0 l=1 rev1=0 crypto rx=0 tx=0 comp rx=0 tx=0)._handle_peer_banner_payload supported=3 required=0
2023-03-27T10:16:20.876 INFO:teuthology.orchestra.run.smithi159.stdout:/usr/bin/ceph: stderr
2023-03-27T10:16:19.352+0000 7effa6ffd700 1 --2- >> [v2:172.21.15.159:3300/0,v1:172.21.15.159:6789/0] conn(0x7effa81061a0 0x7effa8199310 unknown :-1 s=HELLO_CONNECTING pgs=0 cs=0 l=1 rev1=1 crypto rx=0 tx=0 comp rx=0 tx=0).handle_hello peer v2:172.21.15.159:3300/0 says I am v2:172.21.15.159:44548/0 (socket says 172.21.15.159:44548)
2023-03-27T10:16:20.876 INFO:teuthology.orchestra.run.smithi159.stdout:/usr/bin/ceph: stderr
2023-03-27T10:16:19.352+0000 7effa6ffd700 1 -- 172.21.15.159:0/1093527084 learned_addr learned my addr 172.21.15.159:0/1093527084 (peer_addr_for_me v2:172.21.15.159:0/0)
2023-03-27T10:16:20.876 INFO:teuthology.orchestra.run.smithi159.stdout:/usr/bin/ceph: stderr
2023-03-27T10:16:19.352+0000 7effa6ffd700 1 -- 172.21.15.159:0/1093527084 --> [v2:172.21.15.159:3300/0,v1:172.21.15.159:6789/0] -- mon_subscribe({config=0+,monmap=0+}) v3 -- 0x7eff90009550 con 0x7effa81061a0
2023-03-27T10:16:20.876 INFO:teuthology.orchestra.run.smithi159.stdout:/usr/bin/ceph: stderr
2023-03-27T10:16:19.353+0000 7effa6ffd700 1 --2- 172.21.15.159:0/1093527084 >> [v2:172.21.15.159:3300/0,v1:172.21.15.159:6789/0] conn(0x7effa81061a0 0x7effa8199310 secure :-1 s=READY pgs=56 cs=0 l=1 rev1=1 crypto rx=0x7eff90006af0 tx=0x7eff90011a10 comp rx=0 tx=0).ready entity=mon.0 client_cookie=0 server_cookie=0 in_seq=0 out_seq=0
2023-03-27T10:16:20.876 INFO:teuthology.orchestra.run.smithi159.stdout:/usr/bin/ceph: stderr
2023-03-27T10:16:19.353+0000 7effac8f1700 1 -- 172.21.15.159:0/1093527084 <== mon.0 v2:172.21.15.159:3300/0 1 ==== mon_map magic: 0 v1 ==== 205+0+0 (secure 0 0 0) 0x7eff90003a40 con 0x7effa81061a0
2023-03-27T10:16:20.876 INFO:teuthology.orchestra.run.smithi159.stdout:/usr/bin/ceph: stderr
2023-03-27T10:16:19.353+0000 7effac8f1700 1 -- 172.21.15.159:0/1093527084 <== mon.0 v2:172.21.15.159:3300/0 2 ==== config(26 keys) v1 ==== 1105+0+0 (secure 0 0 0) 0x7eff90003ba0 con 0x7effa81061a0
2023-03-27T10:16:20.876 INFO:teuthology.orchestra.run.smithi159.stdout:/usr/bin/ceph: stderr
2023-03-27T10:16:19.353+0000 7effad8f3700 1 -- 172.21.15.159:0/1093527084 --> [v2:172.21.15.159:3300/0,v1:172.21.15.159:6789/0] -- mon_subscribe({mgrmap=0+}) v3 -- 0x7effa81098a0 con 0x7effa81061a0
2023-03-27T10:16:20.876 INFO:teuthology.orchestra.run.smithi159.stdout:/usr/bin/ceph: stderr
2023-03-27T10:16:19.353+0000 7effac8f1700 1 -- 172.21.15.159:0/1093527084 <== mon.0 v2:172.21.15.159:3300/0 3 ==== mon_map magic: 0 v1 ==== 205+0+0 (secure 0 0 0) 0x7eff90019690 con 0x7effa81061a0
2023-03-27T10:16:20.877 INFO:teuthology.orchestra.run.smithi159.stdout:/usr/bin/ceph: stderr
2023-03-27T10:16:19.353+0000 7effad8f3700 1 -- 172.21.15.159:0/1093527084 --> [v2:172.21.15.159:3300/0,v1:172.21.15.159:6789/0] -- mon_subscribe({osdmap=0}) v3 -- 0x7effa8109710 con 0x7effa81061a0
2023-03-27T10:16:20.877 INFO:teuthology.orchestra.run.smithi159.stdout:/usr/bin/ceph: stderr
2023-03-27T10:16:19.354+0000 7effac8f1700 1 -- 172.21.15.159:0/1093527084 <== mon.0 v2:172.21.15.159:3300/0 4 ==== mgrmap(e 8) v1 ==== 43509+0+0 (secure 0 0 0) 0x7eff9002a020 con 0x7effa81061a0
2023-03-27T10:16:20.877 INFO:teuthology.orchestra.run.smithi159.stdout:/usr/bin/ceph: stderr
2023-03-27T10:16:19.354+0000 7effac8f1700 1 --2- 172.21.15.159:0/1093527084 >> [v2:172.21.15.159:6800/3561797228,v1:172.21.15.159:6801/3561797228] conn(0x7eff94036820 0x7eff94038cd0 unknown :-1 s=NONE pgs=0 cs=0 l=1 rev1=0 crypto rx=0 tx=0 comp rx=0 tx=0).connect
2023-03-27T10:16:20.877 INFO:teuthology.orchestra.run.smithi159.stdout:/usr/bin/ceph: stderr
2023-03-27T10:16:19.354+0000 7effac8f1700 1 -- 172.21.15.159:0/1093527084 <== mon.0 v2:172.21.15.159:3300/0 5 ==== osd_map(2..2 src has 1..2) v4 ==== 940+0+0 (secure 0 0 0) 0x7eff90049c70 con 0x7effa81061a0
2023-03-27T10:16:20.878 INFO:teuthology.orchestra.run.smithi159.stdout:/usr/bin/ceph: stderr
2023-03-27T10:16:19.354+0000 7effad8f3700 1 -- 172.21.15.159:0/1093527084 --> [v2:172.21.15.159:3300/0,v1:172.21.15.159:6789/0] -- mon_command({"prefix": "get_command_descriptions"} v 0) v1 -- 0x7effa8109a30 con 0x7effa81061a0
2023-03-27T10:16:20.878 INFO:teuthology.orchestra.run.smithi159.stdout:/usr/bin/ceph: stderr
2023-03-27T10:16:19.354+0000 7effa67fc700 1 --2- 172.21.15.159:0/1093527084 >> [v2:172.21.15.159:6800/3561797228,v1:172.21.15.159:6801/3561797228] conn(0x7eff94036820 0x7eff94038cd0 unknown :-1 s=BANNER_CONNECTING pgs=0 cs=0 l=1 rev1=0 crypto rx=0 tx=0 comp rx=0 tx=0)._handle_peer_banner_payload supported=3 required=0
2023-03-27T10:16:20.878 INFO:teuthology.orchestra.run.smithi159.stdout:/usr/bin/ceph: stderr
2023-03-27T10:16:19.354+0000 7effa67fc700 1 --2- 172.21.15.159:0/1093527084 >> [v2:172.21.15.159:6800/3561797228,v1:172.21.15.159:6801/3561797228] conn(0x7eff94036820 0x7eff94038cd0 secure :-1 s=READY pgs=16 cs=0 l=1 rev1=1 crypto rx=0x7eff98006fd0 tx=0x7eff98006e40 comp rx=0 tx=0).ready entity=mgr.14120 client_cookie=0 server_cookie=0 in_seq=0 out_seq=0
2023-03-27T10:16:20.878 INFO:teuthology.orchestra.run.smithi159.stdout:/usr/bin/ceph: stderr
2023-03-27T10:16:19.358+0000 7effac8f1700 1 -- 172.21.15.159:0/1093527084 <== mon.0 v2:172.21.15.159:3300/0 6 ==== mon_command_ack([{"prefix": "get_command_descriptions"}]=0 v0) v1 ==== 72+0+174404 (secure 0 0 0) 0x7eff9002d430 con 0x7effa81061a0
2023-03-27T10:16:20.879 INFO:teuthology.orchestra.run.smithi159.stdout:/usr/bin/ceph: stderr
2023-03-27T10:16:19.603+0000 7effad8f3700 1 -- 172.21.15.159:0/1093527084 --> [v2:172.21.15.159:3300/0,v1:172.21.15.159:6789/0] -- mon_command({"prefix": "mgr module enable", "module": "dashboard"} v 0) v1 -- 0x7effa8109a30 con 0x7effa81061a0
2023-03-27T10:16:20.879 INFO:teuthology.orchestra.run.smithi159.stdout:/usr/bin/ceph: stderr
2023-03-27T10:16:20.480+0000 7effac8f1700 1 -- 172.21.15.159:0/1093527084 <== mon.0 v2:172.21.15.159:3300/0 7 ==== mgrmap(e 9) v1 ==== 43522+0+0 (secure 0 0 0) 0x7eff90033030 con 0x7effa81061a0
2023-03-27T10:16:20.879 INFO:teuthology.orchestra.run.smithi159.stdout:/usr/bin/ceph: stderr
2023-03-27T10:16:20.481+0000 7effac8f1700 1 -- 172.21.15.159:0/1093527084 <== mon.0 v2:172.21.15.159:3300/0 8 ==== mon_command_ack([{"prefix": "mgr module enable", "module": "dashboard"}]=0 v9) v1 ==== 88+0+0 (secure 0 0 0) 0x7eff9002add0 con 0x7effa81061a0
2023-03-27T10:16:20.879 INFO:teuthology.orchestra.run.smithi159.stdout:/usr/bin/ceph: stderr
2023-03-27T10:16:20.483+0000 7effad8f3700 1 -- 172.21.15.159:0/1093527084 >> [v2:172.21.15.159:6800/3561797228,v1:172.21.15.159:6801/3561797228] conn(0x7eff94036820 msgr2=0x7eff94038cd0 secure :-1 s=STATE_CONNECTION_ESTABLISHED l=1).mark_down
2023-03-27T10:16:20.879 INFO:teuthology.orchestra.run.smithi159.stdout:/usr/bin/ceph: stderr
2023-03-27T10:16:20.483+0000 7effad8f3700 1 --2- 172.21.15.159:0/1093527084 >> [v2:172.21.15.159:6800/3561797228,v1:172.21.15.159:6801/3561797228] conn(0x7eff94036820 0x7eff94038cd0 secure :-1 s=READY pgs=16 cs=0 l=1 rev1=1 crypto rx=0x7eff98006fd0 tx=0x7eff98006e40 comp rx=0 tx=0).stop
2023-03-27T10:16:20.879 INFO:teuthology.orchestra.run.smithi159.stdout:/usr/bin/ceph: stderr
2023-03-27T10:16:20.483+0000 7effad8f3700 1 -- 172.21.15.159:0/1093527084 >> [v2:172.21.15.159:3300/0,v1:172.21.15.159:6789/0] conn(0x7effa81061a0 msgr2=0x7effa8199310 secure :-1 s=STATE_CONNECTION_ESTABLISHED l=1).mark_down
2023-03-27T10:16:20.879 INFO:teuthology.orchestra.run.smithi159.stdout:/usr/bin/ceph: stderr
2023-03-27T10:16:20.483+0000 7effad8f3700 1 --2- 172.21.15.159:0/1093527084 >> [v2:172.21.15.159:3300/0,v1:172.21.15.159:6789/0] conn(0x7effa81061a0 0x7effa8199310 secure :-1 s=READY pgs=56 cs=0 l=1 rev1=1 crypto rx=0x7eff90006af0 tx=0x7eff90011a10 comp rx=0 tx=0).stop
2023-03-27T10:16:20.879 INFO:teuthology.orchestra.run.smithi159.stdout:/usr/bin/ceph: stderr
2023-03-27T10:16:20.483+0000 7effad8f3700 1 -- 172.21.15.159:0/1093527084 shutdown_connections
2023-03-27T10:16:20.880 INFO:teuthology.orchestra.run.smithi159.stdout:/usr/bin/ceph: stderr
2023-03-27T10:16:20.483+0000 7effad8f3700 1 --2- 172.21.15.159:0/1093527084 >> [v2:172.21.15.159:6800/3561797228,v1:172.21.15.159:6801/3561797228] conn(0x7eff94036820 0x7eff94038cd0 unknown :-1 s=CLOSED pgs=16 cs=0 l=1 rev1=1 crypto rx=0 tx=0 comp rx=0 tx=0).stop
2023-03-27T10:16:20.880 INFO:teuthology.orchestra.run.smithi159.stdout:/usr/bin/ceph: stderr
2023-03-27T10:16:20.483+0000 7effad8f3700 1 --2- 172.21.15.159:0/1093527084 >> [v2:172.21.15.159:3300/0,v1:172.21.15.159:6789/0] conn(0x7effa81061a0 0x7effa8199310 unknown :-1 s=CLOSED pgs=56 cs=0 l=1 rev1=1 crypto rx=0 tx=0 comp rx=0 tx=0).stop
2023-03-27T10:16:20.880 INFO:teuthology.orchestra.run.smithi159.stdout:/usr/bin/ceph: stderr
2023-03-27T10:16:20.483+0000 7effad8f3700 1 -- 172.21.15.159:0/1093527084 >> 172.21.15.159:0/1093527084 conn(0x7effa80ffba0 msgr2=0x7effa81009c0 unknown :-1 s=STATE_NONE l=0).mark_down
2023-03-27T10:16:20.880 INFO:teuthology.orchestra.run.smithi159.stdout:/usr/bin/ceph: stderr
2023-03-27T10:16:20.483+0000 7effad8f3700 1 -- 172.21.15.159:0/1093527084 shutdown_connections
2023-03-27T10:16:20.880 INFO:teuthology.orchestra.run.smithi159.stdout:/usr/bin/ceph: stderr
2023-03-27T10:16:20.483+0000 7effad8f3700 1 -- 172.21.15.159:0/1093527084 wait complete.
2023-03-27T10:16:20.909 INFO:journalctl@ceph.mgr.x.smithi159.stdout:Mar 27 10:16:20 smithi159 ceph-2c3cd140-cc88-11ed-9afe-001a4aab830c-mgr-x[93289]:
2023-03-27T10:16:20.659+0000 7fc9f3903200 -1 mgr[py] Module devicehealth has missing NOTIFY_TYPES member
2023-03-27T10:16:20.909 INFO:journalctl@ceph.mgr.x.smithi159.stdout:Mar 27 10:16:20 smithi159 ceph-2c3cd140-cc88-11ed-9afe-001a4aab830c-mgr-x[93289]:
2023-03-27T10:16:20.739+0000 7fc9f3903200 -1 mgr[py] Module osd_support has missing NOTIFY_TYPES member
2023-03-27T10:16:20.909 INFO:journalctl@ceph.mgr.x.smithi159.stdout:Mar 27 10:16:20 smithi159 ceph-2c3cd140-cc88-11ed-9afe-001a4aab830c-mgr-x[93289]:
2023-03-27T10:16:20.830+0000 7fc9f3903200 -1 mgr[py] Module snap_schedule has missing NOTIFY_TYPES member
2023-03-27T10:16:21.243 INFO:journalctl@ceph.mgr.x.smithi159.stdout:Mar 27 10:16:20 smithi159 ceph-2c3cd140-cc88-11ed-9afe-001a4aab830c-mgr-x[93289]:
2023-03-27T10:16:20.931+0000 7fc9f3903200 -1 mgr[py] Module zabbix has missing NOTIFY_TYPES member
2023-03-27T10:16:21.243 INFO:journalctl@ceph.mgr.x.smithi159.stdout:Mar 27 10:16:21 smithi159 ceph-2c3cd140-cc88-11ed-9afe-001a4aab830c-mgr-x[93289]:
2023-03-27T10:16:21.104+0000 7fc9f3903200 -1 mgr[py] Module crash has missing NOTIFY_TYPES member
2023-03-27T10:16:21.516 INFO:journalctl@ceph.mon.a.smithi159.stdout:Mar 27 10:16:21 smithi159 ceph-mon[93039]: from='client.? 172.21.15.159:0/1093527084' entity='client.admin' cmd='[{"prefix": "mgr module enable", "module": "dashboard"}]': finished
2023-03-27T10:16:21.516 INFO:journalctl@ceph.mon.a.smithi159.stdout:Mar 27 10:16:21 smithi159 ceph-mon[93039]: mgrmap e9: x(active, since 15s)
2023-03-27T10:16:21.517 INFO:journalctl@ceph.mgr.x.smithi159.stdout:Mar 27 10:16:21 smithi159 ceph-2c3cd140-cc88-11ed-9afe-001a4aab830c-mgr-x[93289]:
2023-03-27T10:16:21.423+0000 7fc9f3903200 -1 mgr[py] Module prometheus has missing NOTIFY_TYPES member
2023-03-27T10:16:21.848 INFO:journalctl@ceph.mgr.x.smithi159.stdout:Mar 27 10:16:21 smithi159 ceph-2c3cd140-cc88-11ed-9afe-001a4aab830c-mgr-x[93289]:
2023-03-27T10:16:21.516+0000 7fc9f3903200 -1 mgr[py] Module status has missing NOTIFY_TYPES member
2023-03-27T10:16:21.848 INFO:journalctl@ceph.mgr.x.smithi159.stdout:Mar 27 10:16:21 smithi159 ceph-2c3cd140-cc88-11ed-9afe-001a4aab830c-mgr-x[93289]:
2023-03-27T10:16:21.652+0000 7fc9f3903200 -1 mgr[py] Module selftest has missing NOTIFY_TYPES member
2023-03-27T10:16:21.848 INFO:journalctl@ceph.mgr.x.smithi159.stdout:Mar 27 10:16:21 smithi159 ceph-2c3cd140-cc88-11ed-9afe-001a4aab830c-mgr-x[93289]:
2023-03-27T10:16:21.747+0000 7fc9f3903200 -1 mgr[py] Module alerts has missing NOTIFY_TYPES member
2023-03-27T10:16:22.220 INFO:teuthology.orchestra.run.smithi159.stdout:/usr/bin/ceph: stdout {
2023-03-27T10:16:22.220 INFO:teuthology.orchestra.run.smithi159.stdout:/usr/bin/ceph: stdout "epoch": 9,
2023-03-27T10:16:22.221 INFO:teuthology.orchestra.run.smithi159.stdout:/usr/bin/ceph: stdout "available": true,
2023-03-27T10:16:22.221 INFO:teuthology.orchestra.run.smithi159.stdout:/usr/bin/ceph: stdout "active_name": "x",
2023-03-27T10:16:22.221 INFO:teuthology.orchestra.run.smithi159.stdout:/usr/bin/ceph: stdout "num_standby": 0
2023-03-27T10:16:22.221 INFO:teuthology.orchestra.run.smithi159.stdout:/usr/bin/ceph: stdout }
2023-03-27T10:16:22.221 INFO:teuthology.orchestra.run.smithi159.stdout:/usr/bin/ceph: stderr
2023-03-27T10:16:21.570+0000 7ff333155700 1 Processor -- start
2023-03-27T10:16:22.221 INFO:teuthology.orchestra.run.smithi159.stdout:/usr/bin/ceph: stderr
2023-03-27T10:16:21.570+0000 7ff333155700 1 -- start start
2023-03-27T10:16:22.222 INFO:teuthology.orchestra.run.smithi159.stdout:/usr/bin/ceph: stderr
2023-03-27T10:16:21.570+0000 7ff333155700 1 --2- >> [v2:172.21.15.159:3300/0,v1:172.21.15.159:6789/0] conn(0x7ff32c073bc0 0x7ff32c10a5f0 unknown :-1 s=NONE pgs=0 cs=0 l=0 rev1=0 crypto rx=0 tx=0 comp rx=0 tx=0).connect
2023-03-27T10:16:22.222 INFO:teuthology.orchestra.run.smithi159.stdout:/usr/bin/ceph: stderr
2023-03-27T10:16:21.570+0000 7ff333155700 1 -- --> [v2:172.21.15.159:3300/0,v1:172.21.15.159:6789/0] -- mon_getmap magic: 0 v1 -- 0x7ff32c105fe0 con 0x7ff32c073bc0
2023-03-27T10:16:22.222 INFO:teuthology.orchestra.run.smithi159.stdout:/usr/bin/ceph: stderr
2023-03-27T10:16:21.570+0000 7ff330ef1700 1 --2- >> [v2:172.21.15.159:3300/0,v1:172.21.15.159:6789/0] conn(0x7ff32c073bc0 0x7ff32c10a5f0 unknown :-1 s=BANNER_CONNECTING pgs=0 cs=0 l=0 rev1=0 crypto rx=0 tx=0 comp rx=0 tx=0)._handle_peer_banner_payload supported=3 required=0
2023-03-27T10:16:22.222 INFO:teuthology.orchestra.run.smithi159.stdout:/usr/bin/ceph: stderr
2023-03-27T10:16:21.570+0000 7ff330ef1700 1 --2- >> [v2:172.21.15.159:3300/0,v1:172.21.15.159:6789/0] conn(0x7ff32c073bc0 0x7ff32c10a5f0 unknown :-1 s=HELLO_CONNECTING pgs=0 cs=0 l=0 rev1=1 crypto rx=0 tx=0 comp rx=0 tx=0).handle_hello peer v2:172.21.15.159:3300/0 says I am v2:172.21.15.159:44562/0 (socket says 172.21.15.159:44562)
2023-03-27T10:16:22.222 INFO:teuthology.orchestra.run.smithi159.stdout:/usr/bin/ceph: stderr
2023-03-27T10:16:21.570+0000 7ff330ef1700 1 -- 172.21.15.159:0/3518520568 learned_addr learned my addr 172.21.15.159:0/3518520568 (peer_addr_for_me v2:172.21.15.159:0/0)
2023-03-27T10:16:22.222 INFO:teuthology.orchestra.run.smithi159.stdout:/usr/bin/ceph: stderr
2023-03-27T10:16:21.571+0000 7ff330ef1700 1 -- 172.21.15.159:0/3518520568 --> [v2:172.21.15.159:3300/0,v1:172.21.15.159:6789/0] -- mon_subscribe({config=0+,monmap=0+}) v3 -- 0x7ff32c10ab30 con 0x7ff32c073bc0
2023-03-27T10:16:22.222 INFO:teuthology.orchestra.run.smithi159.stdout:/usr/bin/ceph: stderr
2023-03-27T10:16:21.571+0000 7ff330ef1700 1 --2- 172.21.15.159:0/3518520568 >> [v2:172.21.15.159:3300/0,v1:172.21.15.159:6789/0] conn(0x7ff32c073bc0 0x7ff32c10a5f0 secure :-1 s=READY pgs=59 cs=0 l=1 rev1=1 crypto rx=0x7ff3200098a0 tx=0x7ff320009bb0 comp rx=0 tx=0).ready entity=mon.0 client_cookie=c93524acdb243e3d server_cookie=0 in_seq=0 out_seq=0
2023-03-27T10:16:22.222 INFO:teuthology.orchestra.run.smithi159.stdout:/usr/bin/ceph: stderr
2023-03-27T10:16:21.571+0000 7ff32b7fe700 1 -- 172.21.15.159:0/3518520568 <== mon.0 v2:172.21.15.159:3300/0 1 ==== mon_map magic: 0 v1 ==== 205+0+0 (secure 0 0 0) 0x7ff320004160 con 0x7ff32c073bc0
2023-03-27T10:16:22.223 INFO:teuthology.orchestra.run.smithi159.stdout:/usr/bin/ceph: stderr
2023-03-27T10:16:21.571+0000 7ff32b7fe700 1 -- 172.21.15.159:0/3518520568 <== mon.0 v2:172.21.15.159:3300/0 2 ==== config(26 keys) v1 ==== 1105+0+0 (secure 0 0 0) 0x7ff3200042c0 con 0x7ff32c073bc0
2023-03-27T10:16:22.223 INFO:teuthology.orchestra.run.smithi159.stdout:/usr/bin/ceph: stderr
2023-03-27T10:16:21.571+0000 7ff32b7fe700 1 -- 172.21.15.159:0/3518520568 <== mon.0 v2:172.21.15.159:3300/0 3 ==== mon_map magic: 0 v1 ==== 205+0+0 (secure 0 0 0) 0x7ff3200119b0 con 0x7ff32c073bc0
2023-03-27T10:16:22.223 INFO:teuthology.orchestra.run.smithi159.stdout:/usr/bin/ceph: stderr
2023-03-27T10:16:21.572+0000 7ff333155700 1 -- 172.21.15.159:0/3518520568 >> [v2:172.21.15.159:3300/0,v1:172.21.15.159:6789/0] conn(0x7ff32c073bc0 msgr2=0x7ff32c10a5f0 secure :-1 s=STATE_CONNECTION_ESTABLISHED l=1).mark_down
2023-03-27T10:16:22.223 INFO:teuthology.orchestra.run.smithi159.stdout:/usr/bin/ceph: stderr
2023-03-27T10:16:21.572+0000 7ff333155700 1 --2- 172.21.15.159:0/3518520568 >> [v2:172.21.15.159:3300/0,v1:172.21.15.159:6789/0] conn(0x7ff32c073bc0 0x7ff32c10a5f0 secure :-1 s=READY pgs=59 cs=0 l=1 rev1=1 crypto rx=0x7ff3200098a0 tx=0x7ff320009bb0 comp rx=0 tx=0).stop
2023-03-27T10:16:22.223 INFO:teuthology.orchestra.run.smithi159.stdout:/usr/bin/ceph: stderr
2023-03-27T10:16:21.572+0000 7ff333155700 1 -- 172.21.15.159:0/3518520568 shutdown_connections
2023-03-27T10:16:22.223 INFO:teuthology.orchestra.run.smithi159.stdout:/usr/bin/ceph: stderr
2023-03-27T10:16:21.572+0000 7ff333155700 1 --2- 172.21.15.159:0/3518520568 >> [v2:172.21.15.159:3300/0,v1:172.21.15.159:6789/0] conn(0x7ff32c073bc0 0x7ff32c10a5f0 unknown :-1 s=CLOSED pgs=59 cs=0 l=1 rev1=1 crypto rx=0 tx=0 comp rx=0 tx=0).stop
2023-03-27T10:16:22.223 INFO:teuthology.orchestra.run.smithi159.stdout:/usr/bin/ceph: stderr
2023-03-27T10:16:21.572+0000 7ff333155700 1 -- 172.21.15.159:0/3518520568 >> 172.21.15.159:0/3518520568 conn(0x7ff32c0ffba0 msgr2=0x7ff32c101fd0 unknown :-1 s=STATE_NONE l=0).mark_down
2023-03-27T10:16:22.223 INFO:teuthology.orchestra.run.smithi159.stdout:/usr/bin/ceph: stderr
2023-03-27T10:16:21.572+0000 7ff333155700 1 -- 172.21.15.159:0/3518520568 shutdown_connections
2023-03-27T10:16:22.224 INFO:teuthology.orchestra.run.smithi159.stdout:/usr/bin/ceph: stderr
2023-03-27T10:16:21.572+0000 7ff333155700 1 -- 172.21.15.159:0/3518520568 wait complete.
2023-03-27T10:16:22.224 INFO:teuthology.orchestra.run.smithi159.stdout:/usr/bin/ceph: stderr
2023-03-27T10:16:21.572+0000 7ff333155700 1 Processor -- start
2023-03-27T10:16:22.224 INFO:teuthology.orchestra.run.smithi159.stdout:/usr/bin/ceph: stderr
2023-03-27T10:16:21.572+0000 7ff333155700 1 -- start start
2023-03-27T10:16:22.224 INFO:teuthology.orchestra.run.smithi159.stdout:/usr/bin/ceph: stderr
2023-03-27T10:16:21.573+0000 7ff333155700 1 --2- >> [v2:172.21.15.159:3300/0,v1:172.21.15.159:6789/0] conn(0x7ff32c19b570 0x7ff32c19b980 unknown :-1 s=NONE pgs=0 cs=0 l=1 rev1=0 crypto rx=0 tx=0 comp rx=0 tx=0).connect
2023-03-27T10:16:22.224 INFO:teuthology.orchestra.run.smithi159.stdout:/usr/bin/ceph: stderr
2023-03-27T10:16:21.573+0000 7ff333155700 1 -- --> [v2:172.21.15.159:3300/0,v1:172.21.15.159:6789/0] -- mon_getmap magic: 0 v1 -- 0x7ff32c19bec0 con 0x7ff32c19b570
2023-03-27T10:16:22.224 INFO:teuthology.orchestra.run.smithi159.stdout:/usr/bin/ceph: stderr
2023-03-27T10:16:21.573+0000 7ff330ef1700 1 --2- >> [v2:172.21.15.159:3300/0,v1:172.21.15.159:6789/0] conn(0x7ff32c19b570 0x7ff32c19b980 unknown :-1 s=BANNER_CONNECTING pgs=0 cs=0 l=1 rev1=0 crypto rx=0 tx=0 comp rx=0 tx=0)._handle_peer_banner_payload supported=3 required=0
2023-03-27T10:16:22.224 INFO:teuthology.orchestra.run.smithi159.stdout:/usr/bin/ceph: stderr
2023-03-27T10:16:21.573+0000 7ff330ef1700 1 --2- >> [v2:172.21.15.159:3300/0,v1:172.21.15.159:6789/0] conn(0x7ff32c19b570 0x7ff32c19b980 unknown :-1 s=HELLO_CONNECTING pgs=0 cs=0 l=1 rev1=1 crypto rx=0 tx=0 comp rx=0 tx=0).handle_hello peer v2:172.21.15.159:3300/0 says I am v2:172.21.15.159:44564/0 (socket says 172.21.15.159:44564)
2023-03-27T10:16:22.225 INFO:teuthology.orchestra.run.smithi159.stdout:/usr/bin/ceph: stderr
2023-03-27T10:16:21.573+0000 7ff330ef1700 1 -- 172.21.15.159:0/995539323 learned_addr learned my addr 172.21.15.159:0/995539323 (peer_addr_for_me v2:172.21.15.159:0/0)
2023-03-27T10:16:22.225 INFO:teuthology.orchestra.run.smithi159.stdout:/usr/bin/ceph: stderr
2023-03-27T10:16:21.573+0000 7ff330ef1700 1 -- 172.21.15.159:0/995539323 --> [v2:172.21.15.159:3300/0,v1:172.21.15.159:6789/0] -- mon_subscribe({config=0+,monmap=0+}) v3 -- 0x7ff320009550 con 0x7ff32c19b570
2023-03-27T10:16:22.225 INFO:teuthology.orchestra.run.smithi159.stdout:/usr/bin/ceph: stderr
2023-03-27T10:16:21.573+0000 7ff330ef1700 1 --2- 172.21.15.159:0/995539323 >> [v2:172.21.15.159:3300/0,v1:172.21.15.159:6789/0] conn(0x7ff32c19b570 0x7ff32c19b980 secure :-1 s=READY pgs=60 cs=0 l=1 rev1=1 crypto rx=0x7ff320003e60 tx=0x7ff320011a30 comp rx=0 tx=0).ready entity=mon.0 client_cookie=0 server_cookie=0 in_seq=0 out_seq=0
2023-03-27T10:16:22.225 INFO:teuthology.orchestra.run.smithi159.stdout:/usr/bin/ceph: stderr
2023-03-27T10:16:21.573+0000 7ff329ffb700 1 -- 172.21.15.159:0/995539323 <== mon.0 v2:172.21.15.159:3300/0 1 ==== mon_map magic: 0 v1 ==== 205+0+0 (secure 0 0 0) 0x7ff320003a60 con 0x7ff32c19b570
2023-03-27T10:16:22.225 INFO:teuthology.orchestra.run.smithi159.stdout:/usr/bin/ceph: stderr
2023-03-27T10:16:21.573+0000 7ff329ffb700 1 -- 172.21.15.159:0/995539323 <== mon.0 v2:172.21.15.159:3300/0 2 ==== config(26 keys) v1 ==== 1105+0+0 (secure 0 0 0) 0x7ff320003bc0 con 0x7ff32c19b570
2023-03-27T10:16:22.225 INFO:teuthology.orchestra.run.smithi159.stdout:/usr/bin/ceph: stderr
2023-03-27T10:16:21.573+0000 7ff333155700 1 -- 172.21.15.159:0/995539323 --> [v2:172.21.15.159:3300/0,v1:172.21.15.159:6789/0] -- mon_subscribe({mgrmap=0+}) v3 -- 0x7ff32c10bb00 con 0x7ff32c19b570
2023-03-27T10:16:22.225 INFO:teuthology.orchestra.run.smithi159.stdout:/usr/bin/ceph: stderr
2023-03-27T10:16:21.573+0000 7ff329ffb700 1 -- 172.21.15.159:0/995539323 <== mon.0 v2:172.21.15.159:3300/0 3 ==== mon_map magic: 0 v1 ==== 205+0+0 (secure 0 0 0) 0x7ff3200196c0 con 0x7ff32c19b570
2023-03-27T10:16:22.225 INFO:teuthology.orchestra.run.smithi159.stdout:/usr/bin/ceph: stderr
2023-03-27T10:16:21.574+0000 7ff333155700 1 -- 172.21.15.159:0/995539323 --> [v2:172.21.15.159:3300/0,v1:172.21.15.159:6789/0] -- mon_subscribe({osdmap=0}) v3 -- 0x7ff32c10b970 con 0x7ff32c19b570
2023-03-27T10:16:22.226 INFO:teuthology.orchestra.run.smithi159.stdout:/usr/bin/ceph: stderr
2023-03-27T10:16:21.574+0000 7ff329ffb700 1 -- 172.21.15.159:0/995539323 <== mon.0 v2:172.21.15.159:3300/0 4 ==== mgrmap(e 9) v1 ==== 43522+0+0 (secure 0 0 0) 0x7ff320017020 con 0x7ff32c19b570
2023-03-27T10:16:22.226 INFO:teuthology.orchestra.run.smithi159.stdout:/usr/bin/ceph: stderr
2023-03-27T10:16:21.575+0000 7ff329ffb700 1 --2- 172.21.15.159:0/995539323 >> [v2:172.21.15.159:6800/3561797228,v1:172.21.15.159:6801/3561797228] conn(0x7ff31c036850 0x7ff31c038d00 unknown :-1 s=NONE pgs=0 cs=0 l=1 rev1=0 crypto rx=0 tx=0 comp rx=0 tx=0).connect
2023-03-27T10:16:22.226 INFO:teuthology.orchestra.run.smithi159.stdout:/usr/bin/ceph: stderr
2023-03-27T10:16:21.575+0000 7ff333155700 1 -- 172.21.15.159:0/995539323 --> [v2:172.21.15.159:3300/0,v1:172.21.15.159:6789/0] -- mon_command({"prefix": "get_command_descriptions"} v 0) v1 -- 0x7ff32c061e00 con 0x7ff32c19b570
2023-03-27T10:16:22.226 INFO:teuthology.orchestra.run.smithi159.stdout:/usr/bin/ceph: stderr
2023-03-27T10:16:21.575+0000 7ff329ffb700 1 -- 172.21.15.159:0/995539323 <== mon.0 v2:172.21.15.159:3300/0 5 ==== osd_map(2..2 src has 1..2) v4 ==== 940+0+0 (secure 0 0 0) 0x7ff32004a3c0 con 0x7ff32c19b570
2023-03-27T10:16:22.226 INFO:teuthology.orchestra.run.smithi159.stdout:/usr/bin/ceph: stderr
2023-03-27T10:16:21.575+0000 7ff32bfff700 1 -- 172.21.15.159:0/995539323 >> [v2:172.21.15.159:6800/3561797228,v1:172.21.15.159:6801/3561797228] conn(0x7ff31c036850 msgr2=0x7ff31c038d00 unknown :-1 s=STATE_CONNECTING_RE l=1).process reconnect failed to v2:172.21.15.159:6800/3561797228
2023-03-27T10:16:22.227 INFO:teuthology.orchestra.run.smithi159.stdout:/usr/bin/ceph: stderr
2023-03-27T10:16:21.575+0000 7ff32bfff700 1 --2- 172.21.15.159:0/995539323 >> [v2:172.21.15.159:6800/3561797228,v1:172.21.15.159:6801/3561797228] conn(0x7ff31c036850 0x7ff31c038d00 unknown :-1 s=START_CONNECT pgs=0 cs=0 l=1 rev1=0 crypto rx=0 tx=0 comp rx=0 tx=0)._fault waiting 0.200000
2023-03-27T10:16:22.227 INFO:teuthology.orchestra.run.smithi159.stdout:/usr/bin/ceph: stderr
2023-03-27T10:16:21.580+0000 7ff329ffb700 1 -- 172.21.15.159:0/995539323 <== mon.0 v2:172.21.15.159:3300/0 6 ==== mon_command_ack([{"prefix": "get_command_descriptions"}]=0 v0) v1 ==== 72+0+174404 (secure 0 0 0) 0x7ff320010c00 con 0x7ff32c19b570
2023-03-27T10:16:22.227 INFO:teuthology.orchestra.run.smithi159.stdout:/usr/bin/ceph: stderr
2023-03-27T10:16:21.776+0000 7ff32bfff700 1 -- 172.21.15.159:0/995539323 >> [v2:172.21.15.159:6800/3561797228,v1:172.21.15.159:6801/3561797228] conn(0x7ff31c036850 msgr2=0x7ff31c038d00 unknown :-1 s=STATE_CONNECTING_RE l=1).process reconnect failed to v2:172.21.15.159:6800/3561797228
2023-03-27T10:16:22.227 INFO:teuthology.orchestra.run.smithi159.stdout:/usr/bin/ceph: stderr
2023-03-27T10:16:21.776+0000 7ff32bfff700 1 --2- 172.21.15.159:0/995539323 >> [v2:172.21.15.159:6800/3561797228,v1:172.21.15.159:6801/3561797228] conn(0x7ff31c036850 0x7ff31c038d00 unknown :-1 s=START_CONNECT pgs=0 cs=0 l=1 rev1=0 crypto rx=0 tx=0 comp rx=0 tx=0)._fault waiting 0.400000
2023-03-27T10:16:22.227 INFO:teuthology.orchestra.run.smithi159.stdout:/usr/bin/ceph: stderr
2023-03-27T10:16:21.820+0000 7ff333155700 1 -- 172.21.15.159:0/995539323 --> [v2:172.21.15.159:3300/0,v1:172.21.15.159:6789/0] -- mon_command({"prefix": "mgr stat"} v 0) v1 -- 0x7ff32c073bc0 con 0x7ff32c19b570
2023-03-27T10:16:22.227 INFO:teuthology.orchestra.run.smithi159.stdout:/usr/bin/ceph: stderr
2023-03-27T10:16:21.821+0000 7ff329ffb700 1 -- 172.21.15.159:0/995539323 <== mon.0 v2:172.21.15.159:3300/0 7 ==== mon_command_ack([{"prefix": "mgr stat"}]=0 v9) v1 ==== 56+0+88 (secure 0 0 0) 0x7ff320044af0 con 0x7ff32c19b570
2023-03-27T10:16:22.227 INFO:teuthology.orchestra.run.smithi159.stdout:/usr/bin/ceph: stderr
2023-03-27T10:16:21.823+0000 7ff333155700 1 -- 172.21.15.159:0/995539323 >> [v2:172.21.15.159:6800/3561797228,v1:172.21.15.159:6801/3561797228] conn(0x7ff31c036850 msgr2=0x7ff31c038d00 unknown :-1 s=STATE_CONNECTING l=1).mark_down
2023-03-27T10:16:22.228 INFO:teuthology.orchestra.run.smithi159.stdout:/usr/bin/ceph: stderr
2023-03-27T10:16:21.823+0000 7ff333155700 1 --2- 172.21.15.159:0/995539323 >> [v2:172.21.15.159:6800/3561797228,v1:172.21.15.159:6801/3561797228] conn(0x7ff31c036850 0x7ff31c038d00 unknown :-1 s=START_CONNECT pgs=0 cs=0 l=1 rev1=0 crypto rx=0 tx=0 comp rx=0 tx=0).stop
2023-03-27T10:16:22.228 INFO:teuthology.orchestra.run.smithi159.stdout:/usr/bin/ceph: stderr
2023-03-27T10:16:21.823+0000 7ff333155700 1 -- 172.21.15.159:0/995539323 >> [v2:172.21.15.159:3300/0,v1:172.21.15.159:6789/0] conn(0x7ff32c19b570 msgr2=0x7ff32c19b980 secure :-1 s=STATE_CONNECTION_ESTABLISHED l=1).mark_down
2023-03-27T10:16:22.228 INFO:teuthology.orchestra.run.smithi159.stdout:/usr/bin/ceph: stderr
2023-03-27T10:16:21.823+0000 7ff333155700 1 --2- 172.21.15.159:0/995539323 >> [v2:172.21.15.159:3300/0,v1:172.21.15.159:6789/0] conn(0x7ff32c19b570 0x7ff32c19b980 secure :-1 s=READY pgs=60 cs=0 l=1 rev1=1 crypto rx=0x7ff320003e60 tx=0x7ff320011a30 comp rx=0 tx=0).stop
2023-03-27T10:16:22.228 INFO:teuthology.orchestra.run.smithi159.stdout:/usr/bin/ceph: stderr
2023-03-27T10:16:21.823+0000 7ff333155700 1 -- 172.21.15.159:0/995539323 shutdown_connections
2023-03-27T10:16:22.228 INFO:teuthology.orchestra.run.smithi159.stdout:/usr/bin/ceph: stderr
2023-03-27T10:16:21.823+0000 7ff333155700 1 --2- 172.21.15.159:0/995539323 >> [v2:172.21.15.159:6800/3561797228,v1:172.21.15.159:6801/3561797228] conn(0x7ff31c036850 0x7ff31c038d00 unknown :-1 s=CLOSED pgs=0 cs=0 l=1 rev1=0 crypto rx=0 tx=0 comp rx=0 tx=0).stop
2023-03-27T10:16:22.228 INFO:teuthology.orchestra.run.smithi159.stdout:/usr/bin/ceph: stderr
2023-03-27T10:16:21.823+0000 7ff333155700 1 --2- 172.21.15.159:0/995539323 >> [v2:172.21.15.159:3300/0,v1:172.21.15.159:6789/0] conn(0x7ff32c19b570 0x7ff32c19b980 unknown :-1 s=CLOSED pgs=60 cs=0 l=1 rev1=1 crypto rx=0 tx=0 comp rx=0 tx=0).stop
2023-03-27T10:16:22.229 INFO:teuthology.orchestra.run.smithi159.stdout:/usr/bin/ceph: stderr
2023-03-27T10:16:21.823+0000 7ff333155700 1 -- 172.21.15.159:0/995539323 >> 172.21.15.159:0/995539323 conn(0x7ff32c0ffba0 msgr2=0x7ff32c101270 unknown :-1 s=STATE_NONE l=0).mark_down
2023-03-27T10:16:22.229 INFO:teuthology.orchestra.run.smithi159.stdout:/usr/bin/ceph: stderr
2023-03-27T10:16:21.823+0000 7ff333155700 1 -- 172.21.15.159:0/995539323 shutdown_connections
2023-03-27T10:16:22.229 INFO:teuthology.orchestra.run.smithi159.stdout:/usr/bin/ceph: stderr
2023-03-27T10:16:21.823+0000 7ff333155700 1 -- 172.21.15.159:0/995539323 wait complete.
2023-03-27T10:16:22.229 INFO:teuthology.orchestra.run.smithi159.stdout:Waiting for the mgr to restart...
2023-03-27T10:16:22.229 INFO:teuthology.orchestra.run.smithi159.stdout:Waiting for mgr epoch 9...
2023-03-27T10:16:22.443 INFO:journalctl@ceph.mgr.x.smithi159.stdout:Mar 27 10:16:22 smithi159 ceph-2c3cd140-cc88-11ed-9afe-001a4aab830c-mgr-x[93289]:
2023-03-27T10:16:22.190+0000 7fc9f3903200 -1 mgr[py] Module progress has missing NOTIFY_TYPES member
2023-03-27T10:16:22.785 INFO:journalctl@ceph.mon.a.smithi159.stdout:Mar 27 10:16:22 smithi159 ceph-mon[93039]: from='client.? 172.21.15.159:0/995539323' entity='client.admin' cmd=[{"prefix": "mgr stat"}]: dispatch
2023-03-27T10:16:23.114 INFO:journalctl@ceph.mgr.x.smithi159.stdout:Mar 27 10:16:22 smithi159 ceph-2c3cd140-cc88-11ed-9afe-001a4aab830c-mgr-x[93289]:
2023-03-27T10:16:22.785+0000 7fc9f3903200 -1 mgr[py] Module rook has missing NOTIFY_TYPES member
2023-03-27T10:16:23.115 INFO:journalctl@ceph.mgr.x.smithi159.stdout:Mar 27 10:16:22 smithi159 ceph-2c3cd140-cc88-11ed-9afe-001a4aab830c-mgr-x[93289]:
2023-03-27T10:16:22.954+0000 7fc9f3903200 -1 mgr[py] Module iostat has missing NOTIFY_TYPES member
2023-03-27T10:16:23.962 INFO:journalctl@ceph.mgr.x.smithi159.stdout:Mar 27 10:16:23 smithi159 ceph-2c3cd140-cc88-11ed-9afe-001a4aab830c-mgr-x[93289]:
2023-03-27T10:16:23.705+0000 7fc9f3903200 -1 mgr[py] Module test_orchestrator has missing NOTIFY_TYPES member
2023-03-27T10:16:23.963 INFO:journalctl@ceph.mgr.x.smithi159.stdout:Mar 27 10:16:23 smithi159 ceph-2c3cd140-cc88-11ed-9afe-001a4aab830c-mgr-x[93289]:
2023-03-27T10:16:23.795+0000 7fc9f3903200 -1 mgr[py] Module osd_perf_query has missing NOTIFY_TYPES member
2023-03-27T10:16:23.963 INFO:journalctl@ceph.mgr.x.smithi159.stdout:Mar 27 10:16:23 smithi159 ceph-2c3cd140-cc88-11ed-9afe-001a4aab830c-mgr-x[93289]:
2023-03-27T10:16:23.963+0000 7fc9f3903200 -1 mgr[py] Module orchestrator has missing NOTIFY_TYPES member
2023-03-27T10:16:24.293 INFO:journalctl@ceph.mgr.x.smithi159.stdout:Mar 27 10:16:24 smithi159 ceph-2c3cd140-cc88-11ed-9afe-001a4aab830c-mgr-x[93289]:
2023-03-27T10:16:24.148+0000 7fc9f3903200 -1 mgr[py] Module influx has missing NOTIFY_TYPES member
2023-03-27T10:16:24.614 INFO:journalctl@ceph.mgr.x.smithi159.stdout:Mar 27 10:16:24 smithi159 ceph-2c3cd140-cc88-11ed-9afe-001a4aab830c-mgr-x[93289]:
2023-03-27T10:16:24.293+0000 7fc9f3903200 -1 mgr[py] Module telemetry has missing NOTIFY_TYPES member
2023-03-27T10:16:25.114 INFO:journalctl@ceph.mgr.x.smithi159.stdout:Mar 27 10:16:24 smithi159 ceph-2c3cd140-cc88-11ed-9afe-001a4aab830c-mgr-x[93289]:
2023-03-27T10:16:24.689+0000 7fc9f3903200 -1 mgr[py] Module telegraf has missing NOTIFY_TYPES member
2023-03-27T10:16:25.520 INFO:journalctl@ceph.mgr.x.smithi159.stdout:Mar 27 10:16:25 smithi159 ceph-2c3cd140-cc88-11ed-9afe-001a4aab830c-mgr-x[93289]:
2023-03-27T10:16:25.215+0000 7fc9f3903200 -1 mgr[py] Module balancer has missing NOTIFY_TYPES member
2023-03-27T10:16:25.822 INFO:journalctl@ceph.mgr.x.smithi159.stdout:Mar 27 10:16:25 smithi159 ceph-2c3cd140-cc88-11ed-9afe-001a4aab830c-mgr-x[93289]:
2023-03-27T10:16:25.521+0000 7fc9f3903200 -1 mgr[py] Module diskprediction_local has missing NOTIFY_TYPES member
2023-03-27T10:16:25.822 INFO:journalctl@ceph.mgr.x.smithi159.stdout:Mar 27 10:16:25 smithi159 ceph-2c3cd140-cc88-11ed-9afe-001a4aab830c-mgr-x[93289]:
2023-03-27T10:16:25.708+0000 7fc9f3903200 -1 mgr[py] Module nfs has missing NOTIFY_TYPES member
2023-03-27T10:16:26.114 INFO:journalctl@ceph.mgr.x.smithi159.stdout:Mar 27 10:16:25 smithi159 ceph-2c3cd140-cc88-11ed-9afe-001a4aab830c-mgr-x[93289]:
2023-03-27T10:16:25.822+0000 7fc9f3903200 -1 mgr[py] Module rbd_support has missing NOTIFY_TYPES member
2023-03-27T10:16:26.115 INFO:journalctl@ceph.mgr.x.smithi159.stdout:Mar 27 10:16:26 smithi159 ceph-2c3cd140-cc88-11ed-9afe-001a4aab830c-mgr-x[93289]:
2023-03-27T10:16:26.035+0000 7fc9f3903200 -1 mgr[py] Module volumes has missing NOTIFY_TYPES member
2023-03-27T10:16:27.364 INFO:journalctl@ceph.mgr.x.smithi159.stdout:Mar 27 10:16:26 smithi159 ceph-2c3cd140-cc88-11ed-9afe-001a4aab830c-mgr-x[93289]:
2023-03-27T10:16:26.885+0000 7fc9f3903200 -1 mgr[py] Module pg_autoscaler has missing NOTIFY_TYPES member
2023-03-27T10:16:28.279 INFO:teuthology.orchestra.run.smithi159.stdout:/usr/bin/ceph: stdout {
2023-03-27T10:16:28.280 INFO:teuthology.orchestra.run.smithi159.stdout:/usr/bin/ceph: stdout "mgrmap_epoch": 11,
2023-03-27T10:16:28.280 INFO:teuthology.orchestra.run.smithi159.stdout:/usr/bin/ceph: stdout "initialized": true
2023-03-27T10:16:28.280 INFO:teuthology.orchestra.run.smithi159.stdout:/usr/bin/ceph: stdout }
2023-03-27T10:16:28.280 INFO:teuthology.orchestra.run.smithi159.stdout:/usr/bin/ceph: stderr
2023-03-27T10:16:22.738+0000 7f318b1cf700 1 Processor -- start
2023-03-27T10:16:28.280 INFO:teuthology.orchestra.run.smithi159.stdout:/usr/bin/ceph: stderr
2023-03-27T10:16:22.738+0000 7f318b1cf700 1 -- start start
2023-03-27T10:16:28.281 INFO:teuthology.orchestra.run.smithi159.stdout:/usr/bin/ceph: stderr
2023-03-27T10:16:22.738+0000 7f318b1cf700 1 --2- >> [v2:172.21.15.159:3300/0,v1:172.21.15.159:6789/0] conn(0x7f3184106150 0x7f3184108530 unknown :-1 s=NONE pgs=0 cs=0 l=0 rev1=0 crypto rx=0 tx=0 comp rx=0 tx=0).connect
2023-03-27T10:16:28.281 INFO:teuthology.orchestra.run.smithi159.stdout:/usr/bin/ceph: stderr
2023-03-27T10:16:22.738+0000 7f318b1cf700 1 -- --> [v2:172.21.15.159:3300/0,v1:172.21.15.159:6789/0] -- mon_getmap magic: 0 v1 -- 0x7f3184073c40 con 0x7f3184106150
2023-03-27T10:16:28.281 INFO:teuthology.orchestra.run.smithi159.stdout:/usr/bin/ceph: stderr
2023-03-27T10:16:22.738+0000 7f3188f6b700 1 --2- >> [v2:172.21.15.159:3300/0,v1:172.21.15.159:6789/0] conn(0x7f3184106150 0x7f3184108530 unknown :-1 s=BANNER_CONNECTING pgs=0 cs=0 l=0 rev1=0 crypto rx=0 tx=0 comp rx=0 tx=0)._handle_peer_banner_payload supported=3 required=0
2023-03-27T10:16:28.281 INFO:teuthology.orchestra.run.smithi159.stdout:/usr/bin/ceph: stderr
2023-03-27T10:16:22.738+0000 7f3188f6b700 1 --2- >> [v2:172.21.15.159:3300/0,v1:172.21.15.159:6789/0] conn(0x7f3184106150 0x7f3184108530 unknown :-1 s=HELLO_CONNECTING pgs=0 cs=0 l=0 rev1=1 crypto rx=0 tx=0 comp rx=0 tx=0).handle_hello peer v2:172.21.15.159:3300/0 says I am v2:172.21.15.159:44572/0 (socket says 172.21.15.159:44572)
2023-03-27T10:16:28.281 INFO:teuthology.orchestra.run.smithi159.stdout:/usr/bin/ceph: stderr
2023-03-27T10:16:22.738+0000 7f3188f6b700 1 -- 172.21.15.159:0/2092163876 learned_addr learned my addr 172.21.15.159:0/2092163876 (peer_addr_for_me v2:172.21.15.159:0/0)
2023-03-27T10:16:28.281 INFO:teuthology.orchestra.run.smithi159.stdout:/usr/bin/ceph: stderr
2023-03-27T10:16:22.739+0000 7f3188f6b700 1 -- 172.21.15.159:0/2092163876 --> [v2:172.21.15.159:3300/0,v1:172.21.15.159:6789/0] -- mon_subscribe({config=0+,monmap=0+}) v3 -- 0x7f3184073d80 con 0x7f3184106150
2023-03-27T10:16:28.282 INFO:teuthology.orchestra.run.smithi159.stdout:/usr/bin/ceph: stderr
2023-03-27T10:16:22.739+0000 7f3188f6b700 1 --2- 172.21.15.159:0/2092163876 >> [v2:172.21.15.159:3300/0,v1:172.21.15.159:6789/0] conn(0x7f3184106150 0x7f3184108530 secure :-1 s=READY pgs=61 cs=0 l=1 rev1=1 crypto rx=0x7f31780098a0 tx=0x7f3178009bb0 comp rx=0 tx=0).ready entity=mon.0 client_cookie=f7b02cd13fdff943 server_cookie=0 in_seq=0 out_seq=0
2023-03-27T10:16:28.282 INFO:teuthology.orchestra.run.smithi159.stdout:/usr/bin/ceph: stderr
2023-03-27T10:16:22.739+0000 7f31837fe700 1 -- 172.21.15.159:0/2092163876 <== mon.0 v2:172.21.15.159:3300/0 1 ==== mon_map magic: 0 v1 ==== 205+0+0 (secure 0 0 0) 0x7f3178004160 con 0x7f3184106150
2023-03-27T10:16:28.282 INFO:teuthology.orchestra.run.smithi159.stdout:/usr/bin/ceph: stderr
2023-03-27T10:16:22.739+0000 7f31837fe700 1 -- 172.21.15.159:0/2092163876 <== mon.0 v2:172.21.15.159:3300/0 2 ==== config(26 keys) v1 ==== 1105+0+0 (secure 0 0 0) 0x7f31780042c0 con 0x7f3184106150
2023-03-27T10:16:28.282 INFO:teuthology.orchestra.run.smithi159.stdout:/usr/bin/ceph: stderr
2023-03-27T10:16:22.739+0000 7f31837fe700 1 -- 172.21.15.159:0/2092163876 <== mon.0 v2:172.21.15.159:3300/0 3 ==== mon_map magic: 0 v1 ==== 205+0+0 (secure 0 0 0) 0x7f31780119b0 con 0x7f3184106150
2023-03-27T10:16:28.282 INFO:teuthology.orchestra.run.smithi159.stdout:/usr/bin/ceph: stderr
2023-03-27T10:16:22.740+0000 7f318b1cf700 1 -- 172.21.15.159:0/2092163876 >> [v2:172.21.15.159:3300/0,v1:172.21.15.159:6789/0] conn(0x7f3184106150 msgr2=0x7f3184108530 secure :-1 s=STATE_CONNECTION_ESTABLISHED l=1).mark_down
2023-03-27T10:16:28.282 INFO:teuthology.orchestra.run.smithi159.stdout:/usr/bin/ceph: stderr
2023-03-27T10:16:22.740+0000 7f318b1cf700 1 --2- 172.21.15.159:0/2092163876 >> [v2:172.21.15.159:3300/0,v1:172.21.15.159:6789/0] conn(0x7f3184106150 0x7f3184108530 secure :-1 s=READY pgs=61 cs=0 l=1 rev1=1 crypto rx=0x7f31780098a0 tx=0x7f3178009bb0 comp rx=0 tx=0).stop
2023-03-27T10:16:28.282 INFO:teuthology.orchestra.run.smithi159.stdout:/usr/bin/ceph: stderr
2023-03-27T10:16:22.740+0000 7f318b1cf700 1 -- 172.21.15.159:0/2092163876 shutdown_connections
2023-03-27T10:16:28.283 INFO:teuthology.orchestra.run.smithi159.stdout:/usr/bin/ceph: stderr
2023-03-27T10:16:22.740+0000 7f318b1cf700 1 --2- 172.21.15.159:0/2092163876 >> [v2:172.21.15.159:3300/0,v1:172.21.15.159:6789/0] conn(0x7f3184106150 0x7f3184108530 unknown :-1 s=CLOSED pgs=61 cs=0 l=1 rev1=1 crypto rx=0 tx=0 comp rx=0 tx=0).stop
2023-03-27T10:16:28.283 INFO:teuthology.orchestra.run.smithi159.stdout:/usr/bin/ceph: stderr
2023-03-27T10:16:22.740+0000 7f318b1cf700 1 -- 172.21.15.159:0/2092163876 >> 172.21.15.159:0/2092163876 conn(0x7f31840ffb90 msgr2=0x7f3184101fc0 unknown :-1 s=STATE_NONE l=0).mark_down
2023-03-27T10:16:28.283 INFO:teuthology.orchestra.run.smithi159.stdout:/usr/bin/ceph: stderr
2023-03-27T10:16:22.740+0000 7f318b1cf700 1 -- 172.21.15.159:0/2092163876 shutdown_connections
2023-03-27T10:16:28.283 INFO:teuthology.orchestra.run.smithi159.stdout:/usr/bin/ceph: stderr
2023-03-27T10:16:22.740+0000 7f318b1cf700 1 -- 172.21.15.159:0/2092163876 wait complete.
2023-03-27T10:16:28.283 INFO:teuthology.orchestra.run.smithi159.stdout:/usr/bin/ceph: stderr
2023-03-27T10:16:22.740+0000 7f318b1cf700 1 Processor -- start
2023-03-27T10:16:28.283 INFO:teuthology.orchestra.run.smithi159.stdout:/usr/bin/ceph: stderr
2023-03-27T10:16:22.740+0000 7f318b1cf700 1 -- start start
2023-03-27T10:16:28.283 INFO:teuthology.orchestra.run.smithi159.stdout:/usr/bin/ceph: stderr
2023-03-27T10:16:22.740+0000 7f318b1cf700 1 --2- >> [v2:172.21.15.159:3300/0,v1:172.21.15.159:6789/0] conn(0x7f3184106150 0x7f3184199350 unknown :-1 s=NONE pgs=0 cs=0 l=1 rev1=0 crypto rx=0 tx=0 comp rx=0 tx=0).connect
2023-03-27T10:16:28.284 INFO:teuthology.orchestra.run.smithi159.stdout:/usr/bin/ceph: stderr
2023-03-27T10:16:22.741+0000 7f318b1cf700 1 -- --> [v2:172.21.15.159:3300/0,v1:172.21.15.159:6789/0] -- mon_getmap magic: 0 v1 -- 0x7f3184199890 con 0x7f3184106150
2023-03-27T10:16:28.284 INFO:teuthology.orchestra.run.smithi159.stdout:/usr/bin/ceph: stderr
2023-03-27T10:16:22.741+0000 7f3188f6b700 1 --2- >> [v2:172.21.15.159:3300/0,v1:172.21.15.159:6789/0] conn(0x7f3184106150 0x7f3184199350 unknown :-1 s=BANNER_CONNECTING pgs=0 cs=0 l=1 rev1=0 crypto rx=0 tx=0 comp rx=0 tx=0)._handle_peer_banner_payload supported=3 required=0
2023-03-27T10:16:28.284 INFO:teuthology.orchestra.run.smithi159.stdout:/usr/bin/ceph: stderr
2023-03-27T10:16:22.741+0000 7f3188f6b700 1 --2- >> [v2:172.21.15.159:3300/0,v1:172.21.15.159:6789/0] conn(0x7f3184106150 0x7f3184199350 unknown :-1 s=HELLO_CONNECTING pgs=0 cs=0 l=1 rev1=1 crypto rx=0 tx=0 comp rx=0 tx=0).handle_hello peer v2:172.21.15.159:3300/0 says I am v2:172.21.15.159:44574/0 (socket says 172.21.15.159:44574)
2023-03-27T10:16:28.284 INFO:teuthology.orchestra.run.smithi159.stdout:/usr/bin/ceph: stderr
2023-03-27T10:16:22.741+0000 7f3188f6b700 1 -- 172.21.15.159:0/592082107 learned_addr learned my addr 172.21.15.159:0/592082107 (peer_addr_for_me v2:172.21.15.159:0/0)
2023-03-27T10:16:28.284 INFO:teuthology.orchestra.run.smithi159.stdout:/usr/bin/ceph: stderr
2023-03-27T10:16:22.741+0000 7f3188f6b700 1 -- 172.21.15.159:0/592082107 --> [v2:172.21.15.159:3300/0,v1:172.21.15.159:6789/0] -- mon_subscribe({config=0+,monmap=0+}) v3 -- 0x7f3178009550 con 0x7f3184106150
2023-03-27T10:16:28.284 INFO:teuthology.orchestra.run.smithi159.stdout:/usr/bin/ceph: stderr
2023-03-27T10:16:22.741+0000 7f3188f6b700 1 --2- 172.21.15.159:0/592082107 >> [v2:172.21.15.159:3300/0,v1:172.21.15.159:6789/0] conn(0x7f3184106150 0x7f3184199350 secure :-1 s=READY pgs=62 cs=0 l=1 rev1=1 crypto rx=0x7f3178003e60 tx=0x7f3178011a30 comp rx=0 tx=0).ready entity=mon.0 client_cookie=0 server_cookie=0 in_seq=0 out_seq=0
2023-03-27T10:16:28.284 INFO:teuthology.orchestra.run.smithi159.stdout:/usr/bin/ceph: stderr
2023-03-27T10:16:22.741+0000 7f3181ffb700 1 -- 172.21.15.159:0/592082107 <== mon.0 v2:172.21.15.159:3300/0 1 ==== mon_map magic: 0 v1 ==== 205+0+0 (secure 0 0 0) 0x7f3178003a60 con 0x7f3184106150
2023-03-27T10:16:28.285 INFO:teuthology.orchestra.run.smithi159.stdout:/usr/bin/ceph: stderr
2023-03-27T10:16:22.741+0000 7f3181ffb700 1 -- 172.21.15.159:0/592082107 <== mon.0 v2:172.21.15.159:3300/0 2 ==== config(26 keys) v1 ==== 1105+0+0 (secure 0 0 0) 0x7f3178003bc0 con 0x7f3184106150
2023-03-27T10:16:28.285 INFO:teuthology.orchestra.run.smithi159.stdout:/usr/bin/ceph: stderr
2023-03-27T10:16:22.741+0000 7f318b1cf700 1 -- 172.21.15.159:0/592082107 --> [v2:172.21.15.159:3300/0,v1:172.21.15.159:6789/0] -- mon_subscribe({mgrmap=0+}) v3 -- 0x7f3184109910 con 0x7f3184106150
2023-03-27T10:16:28.285 INFO:teuthology.orchestra.run.smithi159.stdout:/usr/bin/ceph: stderr
2023-03-27T10:16:22.741+0000 7f3181ffb700 1 -- 172.21.15.159:0/592082107 <== mon.0 v2:172.21.15.159:3300/0 3 ==== mon_map magic: 0 v1 ==== 205+0+0 (secure 0 0 0) 0x7f31780196c0 con 0x7f3184106150
2023-03-27T10:16:28.285 INFO:teuthology.orchestra.run.smithi159.stdout:/usr/bin/ceph: stderr
2023-03-27T10:16:22.742+0000 7f318b1cf700 1 -- 172.21.15.159:0/592082107 --> [v2:172.21.15.159:3300/0,v1:172.21.15.159:6789/0] -- mon_subscribe({osdmap=0}) v3 -- 0x7f3184109780 con 0x7f3184106150
2023-03-27T10:16:28.285 INFO:teuthology.orchestra.run.smithi159.stdout:/usr/bin/ceph: stderr
2023-03-27T10:16:22.742+0000 7f3181ffb700 1 -- 172.21.15.159:0/592082107 <== mon.0 v2:172.21.15.159:3300/0 4 ==== mgrmap(e 9) v1 ==== 43522+0+0 (secure 0 0 0) 0x7f3178017020 con 0x7f3184106150
2023-03-27T10:16:28.285 INFO:teuthology.orchestra.run.smithi159.stdout:/usr/bin/ceph: stderr
2023-03-27T10:16:22.742+0000 7f3181ffb700 1 --2- 172.21.15.159:0/592082107 >> [v2:172.21.15.159:6800/3561797228,v1:172.21.15.159:6801/3561797228] conn(0x7f3174036850 0x7f3174038d00 unknown :-1 s=NONE pgs=0 cs=0 l=1 rev1=0 crypto rx=0 tx=0 comp rx=0 tx=0).connect
2023-03-27T10:16:28.285 INFO:teuthology.orchestra.run.smithi159.stdout:/usr/bin/ceph: stderr
2023-03-27T10:16:22.742+0000 7f3181ffb700 1 -- 172.21.15.159:0/592082107 --> [v2:172.21.15.159:6800/3561797228,v1:172.21.15.159:6801/3561797228] -- command(tid 0: {"prefix": "get_command_descriptions"}) v1 -- 0x7f3174039410 con 0x7f3174036850
2023-03-27T10:16:28.286 INFO:teuthology.orchestra.run.smithi159.stdout:/usr/bin/ceph: stderr
2023-03-27T10:16:22.743+0000 7f3183fff700 1 -- 172.21.15.159:0/592082107 >> [v2:172.21.15.159:6800/3561797228,v1:172.21.15.159:6801/3561797228] conn(0x7f3174036850 msgr2=0x7f3174038d00 unknown :-1 s=STATE_CONNECTING_RE l=1).process reconnect failed to v2:172.21.15.159:6800/3561797228
2023-03-27T10:16:28.286 INFO:teuthology.orchestra.run.smithi159.stdout:/usr/bin/ceph: stderr
2023-03-27T10:16:22.743+0000 7f3181ffb700 1 -- 172.21.15.159:0/592082107 <== mon.0 v2:172.21.15.159:3300/0 5 ==== osd_map(2..2 src has 1..2) v4 ==== 940+0+0 (secure 0 0 0) 0x7f3178049f60 con 0x7f3184106150
2023-03-27T10:16:28.286 INFO:teuthology.orchestra.run.smithi159.stdout:/usr/bin/ceph: stderr
2023-03-27T10:16:22.743+0000 7f3183fff700 1 --2- 172.21.15.159:0/592082107 >> [v2:172.21.15.159:6800/3561797228,v1:172.21.15.159:6801/3561797228] conn(0x7f3174036850 0x7f3174038d00 unknown :-1 s=START_CONNECT pgs=0 cs=0 l=1 rev1=0 crypto rx=0 tx=0 comp rx=0 tx=0)._fault waiting 0.200000
2023-03-27T10:16:28.286 INFO:teuthology.orchestra.run.smithi159.stdout:/usr/bin/ceph: stderr
2023-03-27T10:16:22.944+0000 7f3183fff700 1 -- 172.21.15.159:0/592082107 >> [v2:172.21.15.159:6800/3561797228,v1:172.21.15.159:6801/3561797228] conn(0x7f3174036850 msgr2=0x7f3174038d00 unknown :-1 s=STATE_CONNECTING_RE l=1).process reconnect failed to v2:172.21.15.159:6800/3561797228
2023-03-27T10:16:28.286 INFO:teuthology.orchestra.run.smithi159.stdout:/usr/bin/ceph: stderr
2023-03-27T10:16:22.944+0000 7f3183fff700 1 --2- 172.21.15.159:0/592082107 >> [v2:172.21.15.159:6800/3561797228,v1:172.21.15.159:6801/3561797228] conn(0x7f3174036850 0x7f3174038d00 unknown :-1 s=START_CONNECT pgs=0 cs=0 l=1 rev1=0 crypto rx=0 tx=0 comp rx=0 tx=0)._fault waiting 0.400000
2023-03-27T10:16:28.286 INFO:teuthology.orchestra.run.smithi159.stdout:/usr/bin/ceph: stderr
2023-03-27T10:16:23.345+0000 7f3183fff700 1 -- 172.21.15.159:0/592082107 >> [v2:172.21.15.159:6800/3561797228,v1:172.21.15.159:6801/3561797228] conn(0x7f3174036850 msgr2=0x7f3174038d00 unknown :-1 s=STATE_CONNECTING_RE l=1).process reconnect failed to v2:172.21.15.159:6800/3561797228
2023-03-27T10:16:28.286 INFO:teuthology.orchestra.run.smithi159.stdout:/usr/bin/ceph: stderr
2023-03-27T10:16:23.345+0000 7f3183fff700 1 --2- 172.21.15.159:0/592082107 >> [v2:172.21.15.159:6800/3561797228,v1:172.21.15.159:6801/3561797228] conn(0x7f3174036850 0x7f3174038d00 unknown :-1 s=START_CONNECT pgs=0 cs=0 l=1 rev1=0 crypto rx=0 tx=0 comp rx=0 tx=0)._fault waiting 0.800000
2023-03-27T10:16:28.287 INFO:teuthology.orchestra.run.smithi159.stdout:/usr/bin/ceph: stderr
2023-03-27T10:16:24.146+0000 7f3183fff700 1 -- 172.21.15.159:0/592082107 >> [v2:172.21.15.159:6800/3561797228,v1:172.21.15.159:6801/3561797228] conn(0x7f3174036850 msgr2=0x7f3174038d00 unknown :-1 s=STATE_CONNECTING_RE l=1).process reconnect failed to v2:172.21.15.159:6800/3561797228
2023-03-27T10:16:28.287 INFO:teuthology.orchestra.run.smithi159.stdout:/usr/bin/ceph: stderr
2023-03-27T10:16:24.146+0000 7f3183fff700 1 --2- 172.21.15.159:0/592082107 >> [v2:172.21.15.159:6800/3561797228,v1:172.21.15.159:6801/3561797228] conn(0x7f3174036850 0x7f3174038d00 unknown :-1 s=START_CONNECT pgs=0 cs=0 l=1 rev1=0 crypto rx=0 tx=0 comp rx=0 tx=0)._fault waiting 1.600000
2023-03-27T10:16:28.287 INFO:teuthology.orchestra.run.smithi159.stdout:/usr/bin/ceph: stderr
