2023-03-27T11:58:34.289+0000 7fcd32ffd700 1 -- 172.21.15.98:0/2953092725 learned_addr learned my addr 172.21.15.98:0/2953092725 (peer_addr_for_me v2:172.21.15.98:0/0)
2023-03-27T11:58:39.931 INFO:teuthology.orchestra.run.smithi098.stdout:/usr/bin/ceph: stderr
2023-03-27T11:58:34.289+0000 7fcd32ffd700 1 -- 172.21.15.98:0/2953092725 --> [v2:172.21.15.98:3300/0,v1:172.21.15.98:6789/0] -- mon_subscribe({config=0+,monmap=0+}) v3 -- 0x7fcd34072730 con 0x7fcd340721e0
2023-03-27T11:58:39.931 INFO:teuthology.orchestra.run.smithi098.stdout:/usr/bin/ceph: stderr
2023-03-27T11:58:34.289+0000 7fcd32ffd700 1 --2- 172.21.15.98:0/2953092725 >> [v2:172.21.15.98:3300/0,v1:172.21.15.98:6789/0] conn(0x7fcd340721e0 0x7fcd340706e0 secure :-1 s=READY pgs=26 cs=0 l=1 rev1=1 crypto rx=0x7fcd24008920 tx=0x7fcd2400d330 comp rx=0 tx=0).ready entity=mon.0 client_cookie=784d7df36ddbc688 server_cookie=0 in_seq=0 out_seq=0
2023-03-27T11:58:39.931 INFO:teuthology.orchestra.run.smithi098.stdout:/usr/bin/ceph: stderr
2023-03-27T11:58:34.290+0000 7fcd31ffb700 1 -- 172.21.15.98:0/2953092725 <== mon.0 v2:172.21.15.98:3300/0 1 ==== mon_map magic: 0 v1 ==== 205+0+0 (secure 0 0 0) 0x7fcd24010070 con 0x7fcd340721e0
2023-03-27T11:58:39.931 INFO:teuthology.orchestra.run.smithi098.stdout:/usr/bin/ceph: stderr
2023-03-27T11:58:34.290+0000 7fcd31ffb700 1 -- 172.21.15.98:0/2953092725 <== mon.0 v2:172.21.15.98:3300/0 2 ==== config(26 keys) v1 ==== 1074+0+0 (secure 0 0 0) 0x7fcd24004030 con 0x7fcd340721e0
2023-03-27T11:58:39.931 INFO:teuthology.orchestra.run.smithi098.stdout:/usr/bin/ceph: stderr
2023-03-27T11:58:34.290+0000 7fcd31ffb700 1 -- 172.21.15.98:0/2953092725 <== mon.0 v2:172.21.15.98:3300/0 3 ==== mon_map magic: 0 v1 ==== 205+0+0 (secure 0 0 0) 0x7fcd24003c30 con 0x7fcd340721e0
2023-03-27T11:58:39.931 INFO:teuthology.orchestra.run.smithi098.stdout:/usr/bin/ceph: stderr
2023-03-27T11:58:34.291+0000 7fcd396b7700 1 -- 172.21.15.98:0/2953092725 >> [v2:172.21.15.98:3300/0,v1:172.21.15.98:6789/0] conn(0x7fcd340721e0 msgr2=0x7fcd340706e0 secure :-1 s=STATE_CONNECTION_ESTABLISHED l=1).mark_down
2023-03-27T11:58:39.931 INFO:teuthology.orchestra.run.smithi098.stdout:/usr/bin/ceph: stderr
2023-03-27T11:58:34.291+0000 7fcd396b7700 1 --2- 172.21.15.98:0/2953092725 >> [v2:172.21.15.98:3300/0,v1:172.21.15.98:6789/0] conn(0x7fcd340721e0 0x7fcd340706e0 secure :-1 s=READY pgs=26 cs=0 l=1 rev1=1 crypto rx=0x7fcd24008920 tx=0x7fcd2400d330 comp rx=0 tx=0).stop
2023-03-27T11:58:39.932 INFO:teuthology.orchestra.run.smithi098.stdout:/usr/bin/ceph: stderr
2023-03-27T11:58:34.291+0000 7fcd396b7700 1 -- 172.21.15.98:0/2953092725 shutdown_connections
2023-03-27T11:58:39.932 INFO:teuthology.orchestra.run.smithi098.stdout:/usr/bin/ceph: stderr
2023-03-27T11:58:34.291+0000 7fcd396b7700 1 --2- 172.21.15.98:0/2953092725 >> [v2:172.21.15.98:3300/0,v1:172.21.15.98:6789/0] conn(0x7fcd340721e0 0x7fcd340706e0 unknown :-1 s=CLOSED pgs=26 cs=0 l=1 rev1=1 crypto rx=0 tx=0 comp rx=0 tx=0).stop
2023-03-27T11:58:39.932 INFO:teuthology.orchestra.run.smithi098.stdout:/usr/bin/ceph: stderr
2023-03-27T11:58:34.291+0000 7fcd396b7700 1 -- 172.21.15.98:0/2953092725 >> 172.21.15.98:0/2953092725 conn(0x7fcd3406bc60 msgr2=0x7fcd3406e070 unknown :-1 s=STATE_NONE l=0).mark_down
2023-03-27T11:58:39.932 INFO:teuthology.orchestra.run.smithi098.stdout:/usr/bin/ceph: stderr
2023-03-27T11:58:34.291+0000 7fcd396b7700 1 -- 172.21.15.98:0/2953092725 shutdown_connections
2023-03-27T11:58:39.932 INFO:teuthology.orchestra.run.smithi098.stdout:/usr/bin/ceph: stderr
2023-03-27T11:58:34.291+0000 7fcd396b7700 1 -- 172.21.15.98:0/2953092725 wait complete.
2023-03-27T11:58:39.932 INFO:teuthology.orchestra.run.smithi098.stdout:/usr/bin/ceph: stderr
2023-03-27T11:58:34.292+0000 7fcd396b7700 1 Processor -- start
2023-03-27T11:58:39.932 INFO:teuthology.orchestra.run.smithi098.stdout:/usr/bin/ceph: stderr
2023-03-27T11:58:34.292+0000 7fcd396b7700 1 -- start start
2023-03-27T11:58:39.932 INFO:teuthology.orchestra.run.smithi098.stdout:/usr/bin/ceph: stderr
2023-03-27T11:58:34.292+0000 7fcd396b7700 1 --2- >> [v2:172.21.15.98:3300/0,v1:172.21.15.98:6789/0] conn(0x7fcd341a10c0 0x7fcd3419f750 unknown :-1 s=NONE pgs=0 cs=0 l=1 rev1=0 crypto rx=0 tx=0 comp rx=0 tx=0).connect
2023-03-27T11:58:39.933 INFO:teuthology.orchestra.run.smithi098.stdout:/usr/bin/ceph: stderr
2023-03-27T11:58:34.292+0000 7fcd396b7700 1 -- --> [v2:172.21.15.98:3300/0,v1:172.21.15.98:6789/0] -- mon_getmap magic: 0 v1 -- 0x7fcd3419fc90 con 0x7fcd341a10c0
2023-03-27T11:58:39.933 INFO:teuthology.orchestra.run.smithi098.stdout:/usr/bin/ceph: stderr
2023-03-27T11:58:34.293+0000 7fcd32ffd700 1 --2- >> [v2:172.21.15.98:3300/0,v1:172.21.15.98:6789/0] conn(0x7fcd341a10c0 0x7fcd3419f750 unknown :-1 s=BANNER_CONNECTING pgs=0 cs=0 l=1 rev1=0 crypto rx=0 tx=0 comp rx=0 tx=0)._handle_peer_banner_payload supported=3 required=0
2023-03-27T11:58:39.933 INFO:teuthology.orchestra.run.smithi098.stdout:/usr/bin/ceph: stderr
2023-03-27T11:58:34.293+0000 7fcd32ffd700 1 --2- >> [v2:172.21.15.98:3300/0,v1:172.21.15.98:6789/0] conn(0x7fcd341a10c0 0x7fcd3419f750 unknown :-1 s=HELLO_CONNECTING pgs=0 cs=0 l=1 rev1=1 crypto rx=0 tx=0 comp rx=0 tx=0).handle_hello peer v2:172.21.15.98:3300/0 says I am v2:172.21.15.98:47022/0 (socket says 172.21.15.98:47022)
2023-03-27T11:58:39.933 INFO:teuthology.orchestra.run.smithi098.stdout:/usr/bin/ceph: stderr
2023-03-27T11:58:34.293+0000 7fcd32ffd700 1 -- 172.21.15.98:0/3508505344 learned_addr learned my addr 172.21.15.98:0/3508505344 (peer_addr_for_me v2:172.21.15.98:0/0)
2023-03-27T11:58:39.933 INFO:teuthology.orchestra.run.smithi098.stdout:/usr/bin/ceph: stderr
2023-03-27T11:58:34.293+0000 7fcd32ffd700 1 -- 172.21.15.98:0/3508505344 --> [v2:172.21.15.98:3300/0,v1:172.21.15.98:6789/0] -- mon_subscribe({config=0+,monmap=0+}) v3 -- 0x7fcd240085d0 con 0x7fcd341a10c0
2023-03-27T11:58:39.933 INFO:teuthology.orchestra.run.smithi098.stdout:/usr/bin/ceph: stderr
2023-03-27T11:58:34.294+0000 7fcd32ffd700 1 --2- 172.21.15.98:0/3508505344 >> [v2:172.21.15.98:3300/0,v1:172.21.15.98:6789/0] conn(0x7fcd341a10c0 0x7fcd3419f750 secure :-1 s=READY pgs=27 cs=0 l=1 rev1=1 crypto rx=0x7fcd240037e0 tx=0x7fcd24009ca0 comp rx=0 tx=0).ready entity=mon.0 client_cookie=0 server_cookie=0 in_seq=0 out_seq=0
2023-03-27T11:58:39.933 INFO:teuthology.orchestra.run.smithi098.stdout:/usr/bin/ceph: stderr
2023-03-27T11:58:34.294+0000 7fcd1bfff700 1 -- 172.21.15.98:0/3508505344 <== mon.0 v2:172.21.15.98:3300/0 1 ==== mon_map magic: 0 v1 ==== 205+0+0 (secure 0 0 0) 0x7fcd24010040 con 0x7fcd341a10c0
2023-03-27T11:58:39.934 INFO:teuthology.orchestra.run.smithi098.stdout:/usr/bin/ceph: stderr
2023-03-27T11:58:34.294+0000 7fcd1bfff700 1 -- 172.21.15.98:0/3508505344 <== mon.0 v2:172.21.15.98:3300/0 2 ==== config(26 keys) v1 ==== 1074+0+0 (secure 0 0 0) 0x7fcd24009e40 con 0x7fcd341a10c0
2023-03-27T11:58:39.934 INFO:teuthology.orchestra.run.smithi098.stdout:/usr/bin/ceph: stderr
2023-03-27T11:58:34.294+0000 7fcd1bfff700 1 -- 172.21.15.98:0/3508505344 <== mon.0 v2:172.21.15.98:3300/0 3 ==== mon_map magic: 0 v1 ==== 205+0+0 (secure 0 0 0) 0x7fcd24016440 con 0x7fcd341a10c0
2023-03-27T11:58:39.934 INFO:teuthology.orchestra.run.smithi098.stdout:/usr/bin/ceph: stderr
2023-03-27T11:58:34.294+0000 7fcd396b7700 1 -- 172.21.15.98:0/3508505344 --> [v2:172.21.15.98:3300/0,v1:172.21.15.98:6789/0] -- mon_subscribe({mgrmap=0+}) v3 -- 0x7fcd3410fdb0 con 0x7fcd341a10c0
2023-03-27T11:58:39.934 INFO:teuthology.orchestra.run.smithi098.stdout:/usr/bin/ceph: stderr
2023-03-27T11:58:34.294+0000 7fcd396b7700 1 -- 172.21.15.98:0/3508505344 --> [v2:172.21.15.98:3300/0,v1:172.21.15.98:6789/0] -- mon_subscribe({osdmap=0}) v3 -- 0x7fcd34071400 con 0x7fcd341a10c0
2023-03-27T11:58:39.934 INFO:teuthology.orchestra.run.smithi098.stdout:/usr/bin/ceph: stderr
2023-03-27T11:58:34.296+0000 7fcd1bfff700 1 -- 172.21.15.98:0/3508505344 <== mon.0 v2:172.21.15.98:3300/0 4 ==== mgrmap(e 5) v1 ==== 43509+0+0 (secure 0 0 0) 0x7fcd24014070 con 0x7fcd341a10c0
2023-03-27T11:58:39.934 INFO:teuthology.orchestra.run.smithi098.stdout:/usr/bin/ceph: stderr
2023-03-27T11:58:34.296+0000 7fcd1bfff700 1 --2- 172.21.15.98:0/3508505344 >> [v2:172.21.15.98:6800/3727479891,v1:172.21.15.98:6801/3727479891] conn(0x7fcd1c036840 0x7fcd1c038cf0 unknown :-1 s=NONE pgs=0 cs=0 l=1 rev1=0 crypto rx=0 tx=0 comp rx=0 tx=0).connect
2023-03-27T11:58:39.934 INFO:teuthology.orchestra.run.smithi098.stdout:/usr/bin/ceph: stderr
2023-03-27T11:58:34.296+0000 7fcd1bfff700 1 -- 172.21.15.98:0/3508505344 --> [v2:172.21.15.98:6800/3727479891,v1:172.21.15.98:6801/3727479891] -- command(tid 0: {"prefix": "get_command_descriptions"}) v1 -- 0x7fcd1c039400 con 0x7fcd1c036840
2023-03-27T11:58:39.935 INFO:teuthology.orchestra.run.smithi098.stdout:/usr/bin/ceph: stderr
2023-03-27T11:58:34.296+0000 7fcd1bfff700 1 -- 172.21.15.98:0/3508505344 <== mon.0 v2:172.21.15.98:3300/0 5 ==== osd_map(1..1 src has 1..1) v4 ==== 725+0+0 (secure 0 0 0) 0x7fcd24049650 con 0x7fcd341a10c0
2023-03-27T11:58:39.935 INFO:teuthology.orchestra.run.smithi098.stdout:/usr/bin/ceph: stderr
2023-03-27T11:58:34.296+0000 7fcd327fc700 1 -- 172.21.15.98:0/3508505344 >> [v2:172.21.15.98:6800/3727479891,v1:172.21.15.98:6801/3727479891] conn(0x7fcd1c036840 msgr2=0x7fcd1c038cf0 unknown :-1 s=STATE_CONNECTING_RE l=1).process reconnect failed to v2:172.21.15.98:6800/3727479891
2023-03-27T11:58:39.935 INFO:teuthology.orchestra.run.smithi098.stdout:/usr/bin/ceph: stderr
2023-03-27T11:58:34.296+0000 7fcd327fc700 1 --2- 172.21.15.98:0/3508505344 >> [v2:172.21.15.98:6800/3727479891,v1:172.21.15.98:6801/3727479891] conn(0x7fcd1c036840 0x7fcd1c038cf0 unknown :-1 s=START_CONNECT pgs=0 cs=0 l=1 rev1=0 crypto rx=0 tx=0 comp rx=0 tx=0)._fault waiting 0.200000
2023-03-27T11:58:39.935 INFO:teuthology.orchestra.run.smithi098.stdout:/usr/bin/ceph: stderr
2023-03-27T11:58:34.497+0000 7fcd327fc700 1 -- 172.21.15.98:0/3508505344 >> [v2:172.21.15.98:6800/3727479891,v1:172.21.15.98:6801/3727479891] conn(0x7fcd1c036840 msgr2=0x7fcd1c038cf0 unknown :-1 s=STATE_CONNECTING_RE l=1).process reconnect failed to v2:172.21.15.98:6800/3727479891
2023-03-27T11:58:39.935 INFO:teuthology.orchestra.run.smithi098.stdout:/usr/bin/ceph: stderr
2023-03-27T11:58:34.497+0000 7fcd327fc700 1 --2- 172.21.15.98:0/3508505344 >> [v2:172.21.15.98:6800/3727479891,v1:172.21.15.98:6801/3727479891] conn(0x7fcd1c036840 0x7fcd1c038cf0 unknown :-1 s=START_CONNECT pgs=0 cs=0 l=1 rev1=0 crypto rx=0 tx=0 comp rx=0 tx=0)._fault waiting 0.400000
2023-03-27T11:58:39.935 INFO:teuthology.orchestra.run.smithi098.stdout:/usr/bin/ceph: stderr
2023-03-27T11:58:34.898+0000 7fcd327fc700 1 -- 172.21.15.98:0/3508505344 >> [v2:172.21.15.98:6800/3727479891,v1:172.21.15.98:6801/3727479891] conn(0x7fcd1c036840 msgr2=0x7fcd1c038cf0 unknown :-1 s=STATE_CONNECTING_RE l=1).process reconnect failed to v2:172.21.15.98:6800/3727479891
2023-03-27T11:58:39.935 INFO:teuthology.orchestra.run.smithi098.stdout:/usr/bin/ceph: stderr
2023-03-27T11:58:34.898+0000 7fcd327fc700 1 --2- 172.21.15.98:0/3508505344 >> [v2:172.21.15.98:6800/3727479891,v1:172.21.15.98:6801/3727479891] conn(0x7fcd1c036840 0x7fcd1c038cf0 unknown :-1 s=START_CONNECT pgs=0 cs=0 l=1 rev1=0 crypto rx=0 tx=0 comp rx=0 tx=0)._fault waiting 0.800000
2023-03-27T11:58:39.935 INFO:teuthology.orchestra.run.smithi098.stdout:/usr/bin/ceph: stderr
2023-03-27T11:58:35.699+0000 7fcd327fc700 1 -- 172.21.15.98:0/3508505344 >> [v2:172.21.15.98:6800/3727479891,v1:172.21.15.98:6801/3727479891] conn(0x7fcd1c036840 msgr2=0x7fcd1c038cf0 unknown :-1 s=STATE_CONNECTING_RE l=1).process reconnect failed to v2:172.21.15.98:6800/3727479891
2023-03-27T11:58:39.936 INFO:teuthology.orchestra.run.smithi098.stdout:/usr/bin/ceph: stderr
2023-03-27T11:58:35.699+0000 7fcd327fc700 1 --2- 172.21.15.98:0/3508505344 >> [v2:172.21.15.98:6800/3727479891,v1:172.21.15.98:6801/3727479891] conn(0x7fcd1c036840 0x7fcd1c038cf0 unknown :-1 s=START_CONNECT pgs=0 cs=0 l=1 rev1=0 crypto rx=0 tx=0 comp rx=0 tx=0)._fault waiting 1.600000
2023-03-27T11:58:39.936 INFO:teuthology.orchestra.run.smithi098.stdout:/usr/bin/ceph: stderr
2023-03-27T11:58:37.300+0000 7fcd327fc700 1 -- 172.21.15.98:0/3508505344 >> [v2:172.21.15.98:6800/3727479891,v1:172.21.15.98:6801/3727479891] conn(0x7fcd1c036840 msgr2=0x7fcd1c038cf0 unknown :-1 s=STATE_CONNECTING_RE l=1).process reconnect failed to v2:172.21.15.98:6800/3727479891
2023-03-27T11:58:39.936 INFO:teuthology.orchestra.run.smithi098.stdout:/usr/bin/ceph: stderr
2023-03-27T11:58:37.300+0000 7fcd327fc700 1 --2- 172.21.15.98:0/3508505344 >> [v2:172.21.15.98:6800/3727479891,v1:172.21.15.98:6801/3727479891] conn(0x7fcd1c036840 0x7fcd1c038cf0 unknown :-1 s=START_CONNECT pgs=0 cs=0 l=1 rev1=0 crypto rx=0 tx=0 comp rx=0 tx=0)._fault waiting 3.200000
2023-03-27T11:58:39.936 INFO:teuthology.orchestra.run.smithi098.stdout:/usr/bin/ceph: stderr
2023-03-27T11:58:38.558+0000 7fcd1bfff700 1 -- 172.21.15.98:0/3508505344 <== mon.0 v2:172.21.15.98:3300/0 6 ==== mgrmap(e 6) v1 ==== 43319+0+0 (secure 0 0 0) 0x7fcd2400b3c0 con 0x7fcd341a10c0
2023-03-27T11:58:39.936 INFO:teuthology.orchestra.run.smithi098.stdout:/usr/bin/ceph: stderr
2023-03-27T11:58:38.558+0000 7fcd1bfff700 1 -- 172.21.15.98:0/3508505344 >> [v2:172.21.15.98:6800/3727479891,v1:172.21.15.98:6801/3727479891] conn(0x7fcd1c036840 msgr2=0x7fcd1c038cf0 unknown :-1 s=STATE_CONNECTING l=1).mark_down
2023-03-27T11:58:39.936 INFO:teuthology.orchestra.run.smithi098.stdout:/usr/bin/ceph: stderr
2023-03-27T11:58:38.558+0000 7fcd1bfff700 1 --2- 172.21.15.98:0/3508505344 >> [v2:172.21.15.98:6800/3727479891,v1:172.21.15.98:6801/3727479891] conn(0x7fcd1c036840 0x7fcd1c038cf0 unknown :-1 s=START_CONNECT pgs=0 cs=0 l=1 rev1=0 crypto rx=0 tx=0 comp rx=0 tx=0).stop
2023-03-27T11:58:39.936 INFO:teuthology.orchestra.run.smithi098.stdout:/usr/bin/ceph: stderr
2023-03-27T11:58:39.568+0000 7fcd1bfff700 1 -- 172.21.15.98:0/3508505344 <== mon.0 v2:172.21.15.98:3300/0 7 ==== mgrmap(e 7) v1 ==== 43429+0+0 (secure 0 0 0) 0x7fcd2404ae30 con 0x7fcd341a10c0
2023-03-27T11:58:39.936 INFO:teuthology.orchestra.run.smithi098.stdout:/usr/bin/ceph: stderr
2023-03-27T11:58:39.568+0000 7fcd1bfff700 1 --2- 172.21.15.98:0/3508505344 >> [v2:172.21.15.98:6800/628476232,v1:172.21.15.98:6801/628476232] conn(0x7fcd1c039fe0 0x7fcd1c03c3c0 unknown :-1 s=NONE pgs=0 cs=0 l=1 rev1=0 crypto rx=0 tx=0 comp rx=0 tx=0).connect
2023-03-27T11:58:39.937 INFO:teuthology.orchestra.run.smithi098.stdout:/usr/bin/ceph: stderr
2023-03-27T11:58:39.568+0000 7fcd1bfff700 1 -- 172.21.15.98:0/3508505344 --> [v2:172.21.15.98:6800/628476232,v1:172.21.15.98:6801/628476232] -- command(tid 0: {"prefix": "get_command_descriptions"}) v1 -- 0x7fcd1c039400 con 0x7fcd1c039fe0
2023-03-27T11:58:39.937 INFO:teuthology.orchestra.run.smithi098.stdout:/usr/bin/ceph: stderr
2023-03-27T11:58:39.569+0000 7fcd327fc700 1 --2- 172.21.15.98:0/3508505344 >> [v2:172.21.15.98:6800/628476232,v1:172.21.15.98:6801/628476232] conn(0x7fcd1c039fe0 0x7fcd1c03c3c0 unknown :-1 s=BANNER_CONNECTING pgs=0 cs=0 l=1 rev1=0 crypto rx=0 tx=0 comp rx=0 tx=0)._handle_peer_banner_payload supported=3 required=0
2023-03-27T11:58:39.937 INFO:teuthology.orchestra.run.smithi098.stdout:/usr/bin/ceph: stderr
2023-03-27T11:58:39.569+0000 7fcd327fc700 1 --2- 172.21.15.98:0/3508505344 >> [v2:172.21.15.98:6800/628476232,v1:172.21.15.98:6801/628476232] conn(0x7fcd1c039fe0 0x7fcd1c03c3c0 secure :-1 s=READY pgs=3 cs=0 l=1 rev1=1 crypto rx=0x7fcd28003a10 tx=0x7fcd280092b0 comp rx=0 tx=0).ready entity=mgr.14118 client_cookie=0 server_cookie=0 in_seq=0 out_seq=0
2023-03-27T11:58:39.937 INFO:teuthology.orchestra.run.smithi098.stdout:/usr/bin/ceph: stderr
2023-03-27T11:58:39.570+0000 7fcd1bfff700 1 -- 172.21.15.98:0/3508505344 <== mgr.14118 v2:172.21.15.98:6800/628476232 1 ==== command_reply(tid 0: 0 ) v1 ==== 8+0+6549 (secure 0 0 0) 0x7fcd1c039400 con 0x7fcd1c039fe0
2023-03-27T11:58:39.937 INFO:teuthology.orchestra.run.smithi098.stdout:/usr/bin/ceph: stderr
2023-03-27T11:58:39.575+0000 7fcd396b7700 1 -- 172.21.15.98:0/3508505344 --> [v2:172.21.15.98:6800/628476232,v1:172.21.15.98:6801/628476232] -- command(tid 1: {"prefix": "mgr_status"}) v1 -- 0x7fcd3419fdd0 con 0x7fcd1c039fe0
2023-03-27T11:58:39.937 INFO:teuthology.orchestra.run.smithi098.stdout:/usr/bin/ceph: stderr
2023-03-27T11:58:39.576+0000 7fcd1bfff700 1 -- 172.21.15.98:0/3508505344 <== mgr.14118 v2:172.21.15.98:6800/628476232 2 ==== command_reply(tid 1: 0 ) v1 ==== 8+0+51 (secure 0 0 0) 0x7fcd2800a050 con 0x7fcd1c039fe0
2023-03-27T11:58:39.937 INFO:teuthology.orchestra.run.smithi098.stdout:/usr/bin/ceph: stderr
2023-03-27T11:58:39.576+0000 7fcd396b7700 1 -- 172.21.15.98:0/3508505344 >> [v2:172.21.15.98:6800/628476232,v1:172.21.15.98:6801/628476232] conn(0x7fcd1c039fe0 msgr2=0x7fcd1c03c3c0 secure :-1 s=STATE_CONNECTION_ESTABLISHED l=1).mark_down
2023-03-27T11:58:39.938 INFO:teuthology.orchestra.run.smithi098.stdout:/usr/bin/ceph: stderr
2023-03-27T11:58:39.576+0000 7fcd396b7700 1 --2- 172.21.15.98:0/3508505344 >> [v2:172.21.15.98:6800/628476232,v1:172.21.15.98:6801/628476232] conn(0x7fcd1c039fe0 0x7fcd1c03c3c0 secure :-1 s=READY pgs=3 cs=0 l=1 rev1=1 crypto rx=0x7fcd28003a10 tx=0x7fcd280092b0 comp rx=0 tx=0).stop
2023-03-27T11:58:39.938 INFO:teuthology.orchestra.run.smithi098.stdout:/usr/bin/ceph: stderr
2023-03-27T11:58:39.576+0000 7fcd396b7700 1 -- 172.21.15.98:0/3508505344 >> [v2:172.21.15.98:3300/0,v1:172.21.15.98:6789/0] conn(0x7fcd341a10c0 msgr2=0x7fcd3419f750 secure :-1 s=STATE_CONNECTION_ESTABLISHED l=1).mark_down
2023-03-27T11:58:39.938 INFO:teuthology.orchestra.run.smithi098.stdout:/usr/bin/ceph: stderr
2023-03-27T11:58:39.576+0000 7fcd396b7700 1 --2- 172.21.15.98:0/3508505344 >> [v2:172.21.15.98:3300/0,v1:172.21.15.98:6789/0] conn(0x7fcd341a10c0 0x7fcd3419f750 secure :-1 s=READY pgs=27 cs=0 l=1 rev1=1 crypto rx=0x7fcd240037e0 tx=0x7fcd24009ca0 comp rx=0 tx=0).stop
2023-03-27T11:58:39.938 INFO:teuthology.orchestra.run.smithi098.stdout:/usr/bin/ceph: stderr
2023-03-27T11:58:39.576+0000 7fcd396b7700 1 -- 172.21.15.98:0/3508505344 shutdown_connections
2023-03-27T11:58:39.938 INFO:teuthology.orchestra.run.smithi098.stdout:/usr/bin/ceph: stderr
2023-03-27T11:58:39.576+0000 7fcd396b7700 1 --2- 172.21.15.98:0/3508505344 >> [v2:172.21.15.98:6800/628476232,v1:172.21.15.98:6801/628476232] conn(0x7fcd1c039fe0 0x7fcd1c03c3c0 unknown :-1 s=CLOSED pgs=3 cs=0 l=1 rev1=1 crypto rx=0 tx=0 comp rx=0 tx=0).stop
2023-03-27T11:58:39.938 INFO:teuthology.orchestra.run.smithi098.stdout:/usr/bin/ceph: stderr
2023-03-27T11:58:39.576+0000 7fcd396b7700 1 --2- 172.21.15.98:0/3508505344 >> [v2:172.21.15.98:3300/0,v1:172.21.15.98:6789/0] conn(0x7fcd341a10c0 0x7fcd3419f750 unknown :-1 s=CLOSED pgs=27 cs=0 l=1 rev1=1 crypto rx=0 tx=0 comp rx=0 tx=0).stop
2023-03-27T11:58:39.938 INFO:teuthology.orchestra.run.smithi098.stdout:/usr/bin/ceph: stderr
2023-03-27T11:58:39.576+0000 7fcd396b7700 1 --2- 172.21.15.98:0/3508505344 >> [v2:172.21.15.98:6800/3727479891,v1:172.21.15.98:6801/3727479891] conn(0x7fcd1c036840 0x7fcd1c038cf0 unknown :-1 s=CLOSED pgs=0 cs=0 l=1 rev1=0 crypto rx=0 tx=0 comp rx=0 tx=0).stop
2023-03-27T11:58:39.938 INFO:teuthology.orchestra.run.smithi098.stdout:/usr/bin/ceph: stderr
2023-03-27T11:58:39.576+0000 7fcd396b7700 1 -- 172.21.15.98:0/3508505344 >> 172.21.15.98:0/3508505344 conn(0x7fcd3406bc60 msgr2=0x7fcd3406d380 unknown :-1 s=STATE_NONE l=0).mark_down
2023-03-27T11:58:39.939 INFO:teuthology.orchestra.run.smithi098.stdout:/usr/bin/ceph: stderr
2023-03-27T11:58:39.576+0000 7fcd396b7700 1 -- 172.21.15.98:0/3508505344 shutdown_connections
2023-03-27T11:58:39.939 INFO:teuthology.orchestra.run.smithi098.stdout:/usr/bin/ceph: stderr
2023-03-27T11:58:39.576+0000 7fcd396b7700 1 -- 172.21.15.98:0/3508505344 wait complete.
2023-03-27T11:58:39.939 INFO:teuthology.orchestra.run.smithi098.stdout:mgr epoch 5 is available
2023-03-27T11:58:39.939 INFO:teuthology.orchestra.run.smithi098.stdout:Setting orchestrator backend to cephadm...
2023-03-27T11:58:40.939 INFO:journalctl@ceph.mon.a.smithi098.stdout:Mar 27 11:58:40 smithi098 ceph-mon[93017]: from='client.14122 -' entity='client.admin' cmd=[{"prefix": "get_command_descriptions"}]: dispatch
2023-03-27T11:58:40.939 INFO:journalctl@ceph.mon.a.smithi098.stdout:Mar 27 11:58:40 smithi098 ceph-mon[93017]: mgrmap e7: x(active, since 1.06371s)
2023-03-27T11:58:40.940 INFO:journalctl@ceph.mon.a.smithi098.stdout:Mar 27 11:58:40 smithi098 ceph-mon[93017]: from='client.14122 -' entity='client.admin' cmd=[{"prefix": "mgr_status"}]: dispatch
2023-03-27T11:58:40.940 INFO:journalctl@ceph.mon.a.smithi098.stdout:Mar 27 11:58:40 smithi098 ceph-mon[93017]: from='mgr.14118 172.21.15.98:0/1226948156' entity='mgr.x'
2023-03-27T11:58:40.940 INFO:journalctl@ceph.mon.a.smithi098.stdout:Mar 27 11:58:40 smithi098 ceph-mon[93017]: from='mgr.14118 172.21.15.98:0/1226948156' entity='mgr.x'
2023-03-27T11:58:40.940 INFO:journalctl@ceph.mon.a.smithi098.stdout:Mar 27 11:58:40 smithi098 ceph-mon[93017]: [27/Mar/2023:11:58:39] ENGINE Bus STARTING
2023-03-27T11:58:40.940 INFO:journalctl@ceph.mon.a.smithi098.stdout:Mar 27 11:58:40 smithi098 ceph-mon[93017]: [27/Mar/2023:11:58:40] ENGINE Serving on https://172.21.15.98:8765
2023-03-27T11:58:40.940 INFO:journalctl@ceph.mon.a.smithi098.stdout:Mar 27 11:58:40 smithi098 ceph-mon[93017]: [27/Mar/2023:11:58:40] ENGINE Serving on https://172.21.15.98:7150
2023-03-27T11:58:40.940 INFO:journalctl@ceph.mon.a.smithi098.stdout:Mar 27 11:58:40 smithi098 ceph-mon[93017]: [27/Mar/2023:11:58:40] ENGINE Bus STARTED
2023-03-27T11:58:40.941 INFO:journalctl@ceph.mon.a.smithi098.stdout:Mar 27 11:58:40 smithi098 ceph-mon[93017]: from='mgr.14118 172.21.15.98:0/1226948156' entity='mgr.x' cmd=[{"prefix": "config dump", "format": "json"}]: dispatch
2023-03-27T11:58:40.969 INFO:teuthology.orchestra.run.smithi098.stdout:/usr/bin/ceph: stderr
2023-03-27T11:58:40.370+0000 7fd1d3a57700 1 Processor -- start
2023-03-27T11:58:40.969 INFO:teuthology.orchestra.run.smithi098.stdout:/usr/bin/ceph: stderr
2023-03-27T11:58:40.370+0000 7fd1d3a57700 1 -- start start
2023-03-27T11:58:40.969 INFO:teuthology.orchestra.run.smithi098.stdout:/usr/bin/ceph: stderr
2023-03-27T11:58:40.370+0000 7fd1d3a57700 1 --2- >> [v2:172.21.15.98:3300/0,v1:172.21.15.98:6789/0] conn(0x7fd1cc106980 0x7fd1cc106d90 unknown :-1 s=NONE pgs=0 cs=0 l=0 rev1=0 crypto rx=0 tx=0 comp rx=0 tx=0).connect
2023-03-27T11:58:40.969 INFO:teuthology.orchestra.run.smithi098.stdout:/usr/bin/ceph: stderr
2023-03-27T11:58:40.370+0000 7fd1d3a57700 1 -- --> [v2:172.21.15.98:3300/0,v1:172.21.15.98:6789/0] -- mon_getmap magic: 0 v1 -- 0x7fd1cc1072d0 con 0x7fd1cc106980
2023-03-27T11:58:40.969 INFO:teuthology.orchestra.run.smithi098.stdout:/usr/bin/ceph: stderr
2023-03-27T11:58:40.370+0000 7fd1d17f3700 1 --2- >> [v2:172.21.15.98:3300/0,v1:172.21.15.98:6789/0] conn(0x7fd1cc106980 0x7fd1cc106d90 unknown :-1 s=BANNER_CONNECTING pgs=0 cs=0 l=0 rev1=0 crypto rx=0 tx=0 comp rx=0 tx=0)._handle_peer_banner_payload supported=3 required=0
2023-03-27T11:58:40.970 INFO:teuthology.orchestra.run.smithi098.stdout:/usr/bin/ceph: stderr
2023-03-27T11:58:40.370+0000 7fd1d17f3700 1 --2- >> [v2:172.21.15.98:3300/0,v1:172.21.15.98:6789/0] conn(0x7fd1cc106980 0x7fd1cc106d90 unknown :-1 s=HELLO_CONNECTING pgs=0 cs=0 l=0 rev1=1 crypto rx=0 tx=0 comp rx=0 tx=0).handle_hello peer v2:172.21.15.98:3300/0 says I am v2:172.21.15.98:47076/0 (socket says 172.21.15.98:47076)
2023-03-27T11:58:40.970 INFO:teuthology.orchestra.run.smithi098.stdout:/usr/bin/ceph: stderr
2023-03-27T11:58:40.370+0000 7fd1d17f3700 1 -- 172.21.15.98:0/1093217067 learned_addr learned my addr 172.21.15.98:0/1093217067 (peer_addr_for_me v2:172.21.15.98:0/0)
2023-03-27T11:58:40.970 INFO:teuthology.orchestra.run.smithi098.stdout:/usr/bin/ceph: stderr
2023-03-27T11:58:40.370+0000 7fd1d17f3700 1 -- 172.21.15.98:0/1093217067 --> [v2:172.21.15.98:3300/0,v1:172.21.15.98:6789/0] -- mon_subscribe({config=0+,monmap=0+}) v3 -- 0x7fd1cc107410 con 0x7fd1cc106980
2023-03-27T11:58:40.970 INFO:teuthology.orchestra.run.smithi098.stdout:/usr/bin/ceph: stderr
2023-03-27T11:58:40.371+0000 7fd1d17f3700 1 --2- 172.21.15.98:0/1093217067 >> [v2:172.21.15.98:3300/0,v1:172.21.15.98:6789/0] conn(0x7fd1cc106980 0x7fd1cc106d90 secure :-1 s=READY pgs=35 cs=0 l=1 rev1=1 crypto rx=0x7fd1c80098a0 tx=0x7fd1c8009bb0 comp rx=0 tx=0).ready entity=mon.0 client_cookie=5f04c4a9e8053f34 server_cookie=0 in_seq=0 out_seq=0
2023-03-27T11:58:40.970 INFO:teuthology.orchestra.run.smithi098.stdout:/usr/bin/ceph: stderr
2023-03-27T11:58:40.371+0000 7fd1c3fff700 1 -- 172.21.15.98:0/1093217067 <== mon.0 v2:172.21.15.98:3300/0 1 ==== mon_map magic: 0 v1 ==== 205+0+0 (secure 0 0 0) 0x7fd1c8004160 con 0x7fd1cc106980
2023-03-27T11:58:40.970 INFO:teuthology.orchestra.run.smithi098.stdout:/usr/bin/ceph: stderr
2023-03-27T11:58:40.371+0000 7fd1c3fff700 1 -- 172.21.15.98:0/1093217067 <== mon.0 v2:172.21.15.98:3300/0 2 ==== config(26 keys) v1 ==== 1074+0+0 (secure 0 0 0) 0x7fd1c80042c0 con 0x7fd1cc106980
2023-03-27T11:58:40.970 INFO:teuthology.orchestra.run.smithi098.stdout:/usr/bin/ceph: stderr
2023-03-27T11:58:40.371+0000 7fd1c3fff700 1 -- 172.21.15.98:0/1093217067 <== mon.0 v2:172.21.15.98:3300/0 3 ==== mon_map magic: 0 v1 ==== 205+0+0 (secure 0 0 0) 0x7fd1c8011a00 con 0x7fd1cc106980
2023-03-27T11:58:40.971 INFO:teuthology.orchestra.run.smithi098.stdout:/usr/bin/ceph: stderr
2023-03-27T11:58:40.371+0000 7fd1d3a57700 1 -- 172.21.15.98:0/1093217067 >> [v2:172.21.15.98:3300/0,v1:172.21.15.98:6789/0] conn(0x7fd1cc106980 msgr2=0x7fd1cc106d90 secure :-1 s=STATE_CONNECTION_ESTABLISHED l=1).mark_down
2023-03-27T11:58:40.971 INFO:teuthology.orchestra.run.smithi098.stdout:/usr/bin/ceph: stderr
2023-03-27T11:58:40.371+0000 7fd1d3a57700 1 --2- 172.21.15.98:0/1093217067 >> [v2:172.21.15.98:3300/0,v1:172.21.15.98:6789/0] conn(0x7fd1cc106980 0x7fd1cc106d90 secure :-1 s=READY pgs=35 cs=0 l=1 rev1=1 crypto rx=0x7fd1c80098a0 tx=0x7fd1c8009bb0 comp rx=0 tx=0).stop
2023-03-27T11:58:40.971 INFO:teuthology.orchestra.run.smithi098.stdout:/usr/bin/ceph: stderr
2023-03-27T11:58:40.371+0000 7fd1d3a57700 1 -- 172.21.15.98:0/1093217067 shutdown_connections
2023-03-27T11:58:40.971 INFO:teuthology.orchestra.run.smithi098.stdout:/usr/bin/ceph: stderr
2023-03-27T11:58:40.371+0000 7fd1d3a57700 1 --2- 172.21.15.98:0/1093217067 >> [v2:172.21.15.98:3300/0,v1:172.21.15.98:6789/0] conn(0x7fd1cc106980 0x7fd1cc106d90 unknown :-1 s=CLOSED pgs=35 cs=0 l=1 rev1=1 crypto rx=0 tx=0 comp rx=0 tx=0).stop
2023-03-27T11:58:40.971 INFO:teuthology.orchestra.run.smithi098.stdout:/usr/bin/ceph: stderr
2023-03-27T11:58:40.371+0000 7fd1d3a57700 1 -- 172.21.15.98:0/1093217067 >> 172.21.15.98:0/1093217067 conn(0x7fd1cc0ff090 msgr2=0x7fd1cc1014a0 unknown :-1 s=STATE_NONE l=0).mark_down
2023-03-27T11:58:40.971 INFO:teuthology.orchestra.run.smithi098.stdout:/usr/bin/ceph: stderr
2023-03-27T11:58:40.371+0000 7fd1d3a57700 1 -- 172.21.15.98:0/1093217067 shutdown_connections
2023-03-27T11:58:40.971 INFO:teuthology.orchestra.run.smithi098.stdout:/usr/bin/ceph: stderr
2023-03-27T11:58:40.371+0000 7fd1d3a57700 1 -- 172.21.15.98:0/1093217067 wait complete.
2023-03-27T11:58:40.971 INFO:teuthology.orchestra.run.smithi098.stdout:/usr/bin/ceph: stderr
2023-03-27T11:58:40.372+0000 7fd1d3a57700 1 Processor -- start
2023-03-27T11:58:40.972 INFO:teuthology.orchestra.run.smithi098.stdout:/usr/bin/ceph: stderr
2023-03-27T11:58:40.372+0000 7fd1d3a57700 1 -- start start
2023-03-27T11:58:40.972 INFO:teuthology.orchestra.run.smithi098.stdout:/usr/bin/ceph: stderr
2023-03-27T11:58:40.372+0000 7fd1d3a57700 1 --2- >> [v2:172.21.15.98:3300/0,v1:172.21.15.98:6789/0] conn(0x7fd1cc106980 0x7fd1cc1990d0 unknown :-1 s=NONE pgs=0 cs=0 l=1 rev1=0 crypto rx=0 tx=0 comp rx=0 tx=0).connect
2023-03-27T11:58:40.972 INFO:teuthology.orchestra.run.smithi098.stdout:/usr/bin/ceph: stderr
2023-03-27T11:58:40.372+0000 7fd1d3a57700 1 -- --> [v2:172.21.15.98:3300/0,v1:172.21.15.98:6789/0] -- mon_getmap magic: 0 v1 -- 0x7fd1cc199610 con 0x7fd1cc106980
2023-03-27T11:58:40.972 INFO:teuthology.orchestra.run.smithi098.stdout:/usr/bin/ceph: stderr
2023-03-27T11:58:40.372+0000 7fd1d17f3700 1 --2- >> [v2:172.21.15.98:3300/0,v1:172.21.15.98:6789/0] conn(0x7fd1cc106980 0x7fd1cc1990d0 unknown :-1 s=BANNER_CONNECTING pgs=0 cs=0 l=1 rev1=0 crypto rx=0 tx=0 comp rx=0 tx=0)._handle_peer_banner_payload supported=3 required=0
2023-03-27T11:58:40.972 INFO:teuthology.orchestra.run.smithi098.stdout:/usr/bin/ceph: stderr
2023-03-27T11:58:40.372+0000 7fd1d17f3700 1 --2- >> [v2:172.21.15.98:3300/0,v1:172.21.15.98:6789/0] conn(0x7fd1cc106980 0x7fd1cc1990d0 unknown :-1 s=HELLO_CONNECTING pgs=0 cs=0 l=1 rev1=1 crypto rx=0 tx=0 comp rx=0 tx=0).handle_hello peer v2:172.21.15.98:3300/0 says I am v2:172.21.15.98:47078/0 (socket says 172.21.15.98:47078)
2023-03-27T11:58:40.972 INFO:teuthology.orchestra.run.smithi098.stdout:/usr/bin/ceph: stderr
2023-03-27T11:58:40.372+0000 7fd1d17f3700 1 -- 172.21.15.98:0/1349550847 learned_addr learned my addr 172.21.15.98:0/1349550847 (peer_addr_for_me v2:172.21.15.98:0/0)
2023-03-27T11:58:40.972 INFO:teuthology.orchestra.run.smithi098.stdout:/usr/bin/ceph: stderr
2023-03-27T11:58:40.373+0000 7fd1d17f3700 1 -- 172.21.15.98:0/1349550847 --> [v2:172.21.15.98:3300/0,v1:172.21.15.98:6789/0] -- mon_subscribe({config=0+,monmap=0+}) v3 -- 0x7fd1c8009550 con 0x7fd1cc106980
2023-03-27T11:58:40.972 INFO:teuthology.orchestra.run.smithi098.stdout:/usr/bin/ceph: stderr
2023-03-27T11:58:40.373+0000 7fd1d17f3700 1 --2- 172.21.15.98:0/1349550847 >> [v2:172.21.15.98:3300/0,v1:172.21.15.98:6789/0] conn(0x7fd1cc106980 0x7fd1cc1990d0 secure :-1 s=READY pgs=36 cs=0 l=1 rev1=1 crypto rx=0x7fd1c8009fb0 tx=0x7fd1c8011ad0 comp rx=0 tx=0).ready entity=mon.0 client_cookie=0 server_cookie=0 in_seq=0 out_seq=0
2023-03-27T11:58:40.973 INFO:teuthology.orchestra.run.smithi098.stdout:/usr/bin/ceph: stderr
2023-03-27T11:58:40.373+0000 7fd1c27fc700 1 -- 172.21.15.98:0/1349550847 <== mon.0 v2:172.21.15.98:3300/0 1 ==== mon_map magic: 0 v1 ==== 205+0+0 (secure 0 0 0) 0x7fd1c8003930 con 0x7fd1cc106980
2023-03-27T11:58:40.973 INFO:teuthology.orchestra.run.smithi098.stdout:/usr/bin/ceph: stderr
2023-03-27T11:58:40.373+0000 7fd1c27fc700 1 -- 172.21.15.98:0/1349550847 <== mon.0 v2:172.21.15.98:3300/0 2 ==== config(26 keys) v1 ==== 1074+0+0 (secure 0 0 0) 0x7fd1c8003a90 con 0x7fd1cc106980
2023-03-27T11:58:40.973 INFO:teuthology.orchestra.run.smithi098.stdout:/usr/bin/ceph: stderr
2023-03-27T11:58:40.373+0000 7fd1d3a57700 1 -- 172.21.15.98:0/1349550847 --> [v2:172.21.15.98:3300/0,v1:172.21.15.98:6789/0] -- mon_subscribe({mgrmap=0+}) v3 -- 0x7fd1cc1040d0 con 0x7fd1cc106980
2023-03-27T11:58:40.973 INFO:teuthology.orchestra.run.smithi098.stdout:/usr/bin/ceph: stderr
2023-03-27T11:58:40.373+0000 7fd1c27fc700 1 -- 172.21.15.98:0/1349550847 <== mon.0 v2:172.21.15.98:3300/0 3 ==== mon_map magic: 0 v1 ==== 205+0+0 (secure 0 0 0) 0x7fd1c80195e0 con 0x7fd1cc106980
2023-03-27T11:58:40.973 INFO:teuthology.orchestra.run.smithi098.stdout:/usr/bin/ceph: stderr
2023-03-27T11:58:40.373+0000 7fd1d3a57700 1 -- 172.21.15.98:0/1349550847 --> [v2:172.21.15.98:3300/0,v1:172.21.15.98:6789/0] -- mon_subscribe({osdmap=0}) v3 -- 0x7fd1cc103f40 con 0x7fd1cc106980
2023-03-27T11:58:40.973 INFO:teuthology.orchestra.run.smithi098.stdout:/usr/bin/ceph: stderr
2023-03-27T11:58:40.374+0000 7fd1c27fc700 1 -- 172.21.15.98:0/1349550847 <== mon.0 v2:172.21.15.98:3300/0 4 ==== mgrmap(e 7) v1 ==== 43429+0+0 (secure 0 0 0) 0x7fd1c802a020 con 0x7fd1cc106980
2023-03-27T11:58:40.973 INFO:teuthology.orchestra.run.smithi098.stdout:/usr/bin/ceph: stderr
2023-03-27T11:58:40.374+0000 7fd1c27fc700 1 --2- 172.21.15.98:0/1349550847 >> [v2:172.21.15.98:6800/628476232,v1:172.21.15.98:6801/628476232] conn(0x7fd1b80366c0 0x7fd1b8038b70 unknown :-1 s=NONE pgs=0 cs=0 l=1 rev1=0 crypto rx=0 tx=0 comp rx=0 tx=0).connect
2023-03-27T11:58:40.974 INFO:teuthology.orchestra.run.smithi098.stdout:/usr/bin/ceph: stderr
2023-03-27T11:58:40.374+0000 7fd1d3a57700 1 -- 172.21.15.98:0/1349550847 --> [v2:172.21.15.98:3300/0,v1:172.21.15.98:6789/0] -- mon_command({"prefix": "get_command_descriptions"} v 0) v1 -- 0x7fd1cc061e00 con 0x7fd1cc106980
2023-03-27T11:58:40.974 INFO:teuthology.orchestra.run.smithi098.stdout:/usr/bin/ceph: stderr
2023-03-27T11:58:40.374+0000 7fd1c27fc700 1 -- 172.21.15.98:0/1349550847 <== mon.0 v2:172.21.15.98:3300/0 5 ==== osd_map(2..2 src has 1..2) v4 ==== 940+0+0 (secure 0 0 0) 0x7fd1c8049b60 con 0x7fd1cc106980
2023-03-27T11:58:40.974 INFO:teuthology.orchestra.run.smithi098.stdout:/usr/bin/ceph: stderr
2023-03-27T11:58:40.374+0000 7fd1d0ff2700 1 --2- 172.21.15.98:0/1349550847 >> [v2:172.21.15.98:6800/628476232,v1:172.21.15.98:6801/628476232] conn(0x7fd1b80366c0 0x7fd1b8038b70 unknown :-1 s=BANNER_CONNECTING pgs=0 cs=0 l=1 rev1=0 crypto rx=0 tx=0 comp rx=0 tx=0)._handle_peer_banner_payload supported=3 required=0
2023-03-27T11:58:40.974 INFO:teuthology.orchestra.run.smithi098.stdout:/usr/bin/ceph: stderr
2023-03-27T11:58:40.374+0000 7fd1d0ff2700 1 --2- 172.21.15.98:0/1349550847 >> [v2:172.21.15.98:6800/628476232,v1:172.21.15.98:6801/628476232] conn(0x7fd1b80366c0 0x7fd1b8038b70 secure :-1 s=READY pgs=7 cs=0 l=1 rev1=1 crypto rx=0x7fd1bc006fd0 tx=0x7fd1bc006e40 comp rx=0 tx=0).ready entity=mgr.14118 client_cookie=0 server_cookie=0 in_seq=0 out_seq=0
2023-03-27T11:58:40.974 INFO:teuthology.orchestra.run.smithi098.stdout:/usr/bin/ceph: stderr
2023-03-27T11:58:40.379+0000 7fd1c27fc700 1 -- 172.21.15.98:0/1349550847 <== mon.0 v2:172.21.15.98:3300/0 6 ==== mon_command_ack([{"prefix": "get_command_descriptions"}]=0 v0) v1 ==== 72+0+174404 (secure 0 0 0) 0x7fd1c80239e0 con 0x7fd1cc106980
2023-03-27T11:58:40.974 INFO:teuthology.orchestra.run.smithi098.stdout:/usr/bin/ceph: stderr
2023-03-27T11:58:40.575+0000 7fd1d3a57700 1 -- 172.21.15.98:0/1349550847 --> [v2:172.21.15.98:6800/628476232,v1:172.21.15.98:6801/628476232] -- mgr_command(tid 0: {"prefix": "orch set backend", "module_name": "cephadm", "target": ["mon-mgr", ""]}) v1 -- 0x7fd1cc199dc0 con 0x7fd1b80366c0
2023-03-27T11:58:40.974 INFO:teuthology.orchestra.run.smithi098.stdout:/usr/bin/ceph: stderr
2023-03-27T11:58:40.582+0000 7fd1c27fc700 1 -- 172.21.15.98:0/1349550847 <== mgr.14118 v2:172.21.15.98:6800/628476232 1 ==== mgr_command_reply(tid 0: 0 ) v1 ==== 8+0+0 (secure 0 0 0) 0x7fd1cc199dc0 con 0x7fd1b80366c0
2023-03-27T11:58:40.974 INFO:teuthology.orchestra.run.smithi098.stdout:/usr/bin/ceph: stderr
2023-03-27T11:58:40.584+0000 7fd1d3a57700 1 -- 172.21.15.98:0/1349550847 >> [v2:172.21.15.98:6800/628476232,v1:172.21.15.98:6801/628476232] conn(0x7fd1b80366c0 msgr2=0x7fd1b8038b70 secure :-1 s=STATE_CONNECTION_ESTABLISHED l=1).mark_down
2023-03-27T11:58:40.975 INFO:teuthology.orchestra.run.smithi098.stdout:/usr/bin/ceph: stderr
2023-03-27T11:58:40.584+0000 7fd1d3a57700 1 --2- 172.21.15.98:0/1349550847 >> [v2:172.21.15.98:6800/628476232,v1:172.21.15.98:6801/628476232] conn(0x7fd1b80366c0 0x7fd1b8038b70 secure :-1 s=READY pgs=7 cs=0 l=1 rev1=1 crypto rx=0x7fd1bc006fd0 tx=0x7fd1bc006e40 comp rx=0 tx=0).stop
2023-03-27T11:58:40.975 INFO:teuthology.orchestra.run.smithi098.stdout:/usr/bin/ceph: stderr
2023-03-27T11:58:40.584+0000 7fd1d3a57700 1 -- 172.21.15.98:0/1349550847 >> [v2:172.21.15.98:3300/0,v1:172.21.15.98:6789/0] conn(0x7fd1cc106980 msgr2=0x7fd1cc1990d0 secure :-1 s=STATE_CONNECTION_ESTABLISHED l=1).mark_down
2023-03-27T11:58:40.975 INFO:teuthology.orchestra.run.smithi098.stdout:/usr/bin/ceph: stderr
2023-03-27T11:58:40.584+0000 7fd1d3a57700 1 --2- 172.21.15.98:0/1349550847 >> [v2:172.21.15.98:3300/0,v1:172.21.15.98:6789/0] conn(0x7fd1cc106980 0x7fd1cc1990d0 secure :-1 s=READY pgs=36 cs=0 l=1 rev1=1 crypto rx=0x7fd1c8009fb0 tx=0x7fd1c8011ad0 comp rx=0 tx=0).stop
2023-03-27T11:58:40.975 INFO:teuthology.orchestra.run.smithi098.stdout:/usr/bin/ceph: stderr
2023-03-27T11:58:40.584+0000 7fd1d3a57700 1 -- 172.21.15.98:0/1349550847 shutdown_connections
2023-03-27T11:58:40.975 INFO:teuthology.orchestra.run.smithi098.stdout:/usr/bin/ceph: stderr
2023-03-27T11:58:40.584+0000 7fd1d3a57700 1 --2- 172.21.15.98:0/1349550847 >> [v2:172.21.15.98:6800/628476232,v1:172.21.15.98:6801/628476232] conn(0x7fd1b80366c0 0x7fd1b8038b70 unknown :-1 s=CLOSED pgs=7 cs=0 l=1 rev1=1 crypto rx=0 tx=0 comp rx=0 tx=0).stop
2023-03-27T11:58:40.975 INFO:teuthology.orchestra.run.smithi098.stdout:/usr/bin/ceph: stderr
2023-03-27T11:58:40.584+0000 7fd1d3a57700 1 --2- 172.21.15.98:0/1349550847 >> [v2:172.21.15.98:3300/0,v1:172.21.15.98:6789/0] conn(0x7fd1cc106980 0x7fd1cc1990d0 unknown :-1 s=CLOSED pgs=36 cs=0 l=1 rev1=1 crypto rx=0 tx=0 comp rx=0 tx=0).stop
2023-03-27T11:58:40.975 INFO:teuthology.orchestra.run.smithi098.stdout:/usr/bin/ceph: stderr
2023-03-27T11:58:40.584+0000 7fd1d3a57700 1 -- 172.21.15.98:0/1349550847 >> 172.21.15.98:0/1349550847 conn(0x7fd1cc0ff090 msgr2=0x7fd1cc100710 unknown :-1 s=STATE_NONE l=0).mark_down
2023-03-27T11:58:40.975 INFO:teuthology.orchestra.run.smithi098.stdout:/usr/bin/ceph: stderr
2023-03-27T11:58:40.584+0000 7fd1d3a57700 1 -- 172.21.15.98:0/1349550847 shutdown_connections
2023-03-27T11:58:40.976 INFO:teuthology.orchestra.run.smithi098.stdout:/usr/bin/ceph: stderr
2023-03-27T11:58:40.584+0000 7fd1d3a57700 1 -- 172.21.15.98:0/1349550847 wait complete.
2023-03-27T11:58:41.944 INFO:journalctl@ceph.mon.a.smithi098.stdout:Mar 27 11:58:41 smithi098 ceph-mon[93017]: from='client.14130 -' entity='client.admin' cmd=[{"prefix": "orch set backend", "module_name": "cephadm", "target": ["mon-mgr", ""]}]: dispatch
2023-03-27T11:58:41.945 INFO:journalctl@ceph.mon.a.smithi098.stdout:Mar 27 11:58:41 smithi098 ceph-mon[93017]: from='mgr.14118 172.21.15.98:0/1226948156' entity='mgr.x'
2023-03-27T11:58:41.945 INFO:journalctl@ceph.mon.a.smithi098.stdout:Mar 27 11:58:41 smithi098 ceph-mon[93017]: from='mgr.14118 172.21.15.98:0/1226948156' entity='mgr.x' cmd=[{"prefix": "config dump", "format": "json"}]: dispatch
2023-03-27T11:58:41.945 INFO:journalctl@ceph.mon.a.smithi098.stdout:Mar 27 11:58:41 smithi098 ceph-mon[93017]: mgrmap e8: x(active, since 2s)
2023-03-27T11:58:42.012 INFO:teuthology.orchestra.run.smithi098.stdout:/usr/bin/ceph: stdout value unchanged
2023-03-27T11:58:42.013 INFO:teuthology.orchestra.run.smithi098.stdout:/usr/bin/ceph: stderr
2023-03-27T11:58:41.434+0000 7f3c0ba32700 1 Processor -- start
2023-03-27T11:58:42.013 INFO:teuthology.orchestra.run.smithi098.stdout:/usr/bin/ceph: stderr
2023-03-27T11:58:41.434+0000 7f3c0ba32700 1 -- start start
2023-03-27T11:58:42.013 INFO:teuthology.orchestra.run.smithi098.stdout:/usr/bin/ceph: stderr
2023-03-27T11:58:41.435+0000 7f3c0ba32700 1 --2- >> [v2:172.21.15.98:3300/0,v1:172.21.15.98:6789/0] conn(0x7f3c04105860 0x7f3c04105c70 unknown :-1 s=NONE pgs=0 cs=0 l=0 rev1=0 crypto rx=0 tx=0 comp rx=0 tx=0).connect
2023-03-27T11:58:42.013 INFO:teuthology.orchestra.run.smithi098.stdout:/usr/bin/ceph: stderr
2023-03-27T11:58:41.435+0000 7f3c0ba32700 1 -- --> [v2:172.21.15.98:3300/0,v1:172.21.15.98:6789/0] -- mon_getmap magic: 0 v1 -- 0x7f3c041061b0 con 0x7f3c04105860
2023-03-27T11:58:42.013 INFO:teuthology.orchestra.run.smithi098.stdout:/usr/bin/ceph: stderr
2023-03-27T11:58:41.435+0000 7f3c097ce700 1 --2- >> [v2:172.21.15.98:3300/0,v1:172.21.15.98:6789/0] conn(0x7f3c04105860 0x7f3c04105c70 unknown :-1 s=BANNER_CONNECTING pgs=0 cs=0 l=0 rev1=0 crypto rx=0 tx=0 comp rx=0 tx=0)._handle_peer_banner_payload supported=3 required=0
2023-03-27T11:58:42.013 INFO:teuthology.orchestra.run.smithi098.stdout:/usr/bin/ceph: stderr
2023-03-27T11:58:41.435+0000 7f3c097ce700 1 --2- >> [v2:172.21.15.98:3300/0,v1:172.21.15.98:6789/0] conn(0x7f3c04105860 0x7f3c04105c70 unknown :-1 s=HELLO_CONNECTING pgs=0 cs=0 l=0 rev1=1 crypto rx=0 tx=0 comp rx=0 tx=0).handle_hello peer v2:172.21.15.98:3300/0 says I am v2:172.21.15.98:47082/0 (socket says 172.21.15.98:47082)
2023-03-27T11:58:42.013 INFO:teuthology.orchestra.run.smithi098.stdout:/usr/bin/ceph: stderr
2023-03-27T11:58:41.435+0000 7f3c097ce700 1 -- 172.21.15.98:0/2148185895 learned_addr learned my addr 172.21.15.98:0/2148185895 (peer_addr_for_me v2:172.21.15.98:0/0)
2023-03-27T11:58:42.014 INFO:teuthology.orchestra.run.smithi098.stdout:/usr/bin/ceph: stderr
2023-03-27T11:58:41.435+0000 7f3c097ce700 1 -- 172.21.15.98:0/2148185895 --> [v2:172.21.15.98:3300/0,v1:172.21.15.98:6789/0] -- mon_subscribe({config=0+,monmap=0+}) v3 -- 0x7f3c041062f0 con 0x7f3c04105860
2023-03-27T11:58:42.014 INFO:teuthology.orchestra.run.smithi098.stdout:/usr/bin/ceph: stderr
2023-03-27T11:58:41.435+0000 7f3c097ce700 1 --2- 172.21.15.98:0/2148185895 >> [v2:172.21.15.98:3300/0,v1:172.21.15.98:6789/0] conn(0x7f3c04105860 0x7f3c04105c70 secure :-1 s=READY pgs=37 cs=0 l=1 rev1=1 crypto rx=0x7f3c000098a0 tx=0x7f3c00009bb0 comp rx=0 tx=0).ready entity=mon.0 client_cookie=50424e4a213bd850 server_cookie=0 in_seq=0 out_seq=0
2023-03-27T11:58:42.014 INFO:teuthology.orchestra.run.smithi098.stdout:/usr/bin/ceph: stderr
2023-03-27T11:58:41.435+0000 7f3bf7fff700 1 -- 172.21.15.98:0/2148185895 <== mon.0 v2:172.21.15.98:3300/0 1 ==== mon_map magic: 0 v1 ==== 205+0+0 (secure 0 0 0) 0x7f3c00004160 con 0x7f3c04105860
2023-03-27T11:58:42.014 INFO:teuthology.orchestra.run.smithi098.stdout:/usr/bin/ceph: stderr
2023-03-27T11:58:41.435+0000 7f3bf7fff700 1 -- 172.21.15.98:0/2148185895 <== mon.0 v2:172.21.15.98:3300/0 2 ==== config(26 keys) v1 ==== 1074+0+0 (secure 0 0 0) 0x7f3c000042c0 con 0x7f3c04105860
2023-03-27T11:58:42.014 INFO:teuthology.orchestra.run.smithi098.stdout:/usr/bin/ceph: stderr
2023-03-27T11:58:41.435+0000 7f3bf7fff700 1 -- 172.21.15.98:0/2148185895 <== mon.0 v2:172.21.15.98:3300/0 3 ==== mon_map magic: 0 v1 ==== 205+0+0 (secure 0 0 0) 0x7f3c00011a00 con 0x7f3c04105860
2023-03-27T11:58:42.014 INFO:teuthology.orchestra.run.smithi098.stdout:/usr/bin/ceph: stderr
2023-03-27T11:58:41.436+0000 7f3c0ba32700 1 -- 172.21.15.98:0/2148185895 >> [v2:172.21.15.98:3300/0,v1:172.21.15.98:6789/0] conn(0x7f3c04105860 msgr2=0x7f3c04105c70 secure :-1 s=STATE_CONNECTION_ESTABLISHED l=1).mark_down
2023-03-27T11:58:42.014 INFO:teuthology.orchestra.run.smithi098.stdout:/usr/bin/ceph: stderr
2023-03-27T11:58:41.436+0000 7f3c0ba32700 1 --2- 172.21.15.98:0/2148185895 >> [v2:172.21.15.98:3300/0,v1:172.21.15.98:6789/0] conn(0x7f3c04105860 0x7f3c04105c70 secure :-1 s=READY pgs=37 cs=0 l=1 rev1=1 crypto rx=0x7f3c000098a0 tx=0x7f3c00009bb0 comp rx=0 tx=0).stop
2023-03-27T11:58:42.015 INFO:teuthology.orchestra.run.smithi098.stdout:/usr/bin/ceph: stderr
2023-03-27T11:58:41.436+0000 7f3c0ba32700 1 -- 172.21.15.98:0/2148185895 shutdown_connections
2023-03-27T11:58:42.015 INFO:teuthology.orchestra.run.smithi098.stdout:/usr/bin/ceph: stderr
2023-03-27T11:58:41.436+0000 7f3c0ba32700 1 --2- 172.21.15.98:0/2148185895 >> [v2:172.21.15.98:3300/0,v1:172.21.15.98:6789/0] conn(0x7f3c04105860 0x7f3c04105c70 unknown :-1 s=CLOSED pgs=37 cs=0 l=1 rev1=1 crypto rx=0 tx=0 comp rx=0 tx=0).stop
2023-03-27T11:58:42.015 INFO:teuthology.orchestra.run.smithi098.stdout:/usr/bin/ceph: stderr
2023-03-27T11:58:41.436+0000 7f3c0ba32700 1 -- 172.21.15.98:0/2148185895 >> 172.21.15.98:0/2148185895 conn(0x7f3c040ff090 msgr2=0x7f3c041014a0 unknown :-1 s=STATE_NONE l=0).mark_down
2023-03-27T11:58:42.015 INFO:teuthology.orchestra.run.smithi098.stdout:/usr/bin/ceph: stderr
2023-03-27T11:58:41.436+0000 7f3c0ba32700 1 -- 172.21.15.98:0/2148185895 shutdown_connections
2023-03-27T11:58:42.015 INFO:teuthology.orchestra.run.smithi098.stdout:/usr/bin/ceph: stderr
2023-03-27T11:58:41.436+0000 7f3c0ba32700 1 -- 172.21.15.98:0/2148185895 wait complete.
2023-03-27T11:58:42.015 INFO:teuthology.orchestra.run.smithi098.stdout:/usr/bin/ceph: stderr
2023-03-27T11:58:41.437+0000 7f3c0ba32700 1 Processor -- start
2023-03-27T11:58:42.015 INFO:teuthology.orchestra.run.smithi098.stdout:/usr/bin/ceph: stderr
2023-03-27T11:58:41.437+0000 7f3c0ba32700 1 -- start start
2023-03-27T11:58:42.015 INFO:teuthology.orchestra.run.smithi098.stdout:/usr/bin/ceph: stderr
2023-03-27T11:58:41.437+0000 7f3c0ba32700 1 --2- >> [v2:172.21.15.98:3300/0,v1:172.21.15.98:6789/0] conn(0x7f3c04105860 0x7f3c04197fd0 unknown :-1 s=NONE pgs=0 cs=0 l=1 rev1=0 crypto rx=0 tx=0 comp rx=0 tx=0).connect
2023-03-27T11:58:42.016 INFO:teuthology.orchestra.run.smithi098.stdout:/usr/bin/ceph: stderr
2023-03-27T11:58:41.437+0000 7f3c0ba32700 1 -- --> [v2:172.21.15.98:3300/0,v1:172.21.15.98:6789/0] -- mon_getmap magic: 0 v1 -- 0x7f3c04198510 con 0x7f3c04105860
2023-03-27T11:58:42.016 INFO:teuthology.orchestra.run.smithi098.stdout:/usr/bin/ceph: stderr
2023-03-27T11:58:41.437+0000 7f3c097ce700 1 --2- >> [v2:172.21.15.98:3300/0,v1:172.21.15.98:6789/0] conn(0x7f3c04105860 0x7f3c04197fd0 unknown :-1 s=BANNER_CONNECTING pgs=0 cs=0 l=1 rev1=0 crypto rx=0 tx=0 comp rx=0 tx=0)._handle_peer_banner_payload supported=3 required=0
2023-03-27T11:58:42.016 INFO:teuthology.orchestra.run.smithi098.stdout:/usr/bin/ceph: stderr
2023-03-27T11:58:41.437+0000 7f3c097ce700 1 --2- >> [v2:172.21.15.98:3300/0,v1:172.21.15.98:6789/0] conn(0x7f3c04105860 0x7f3c04197fd0 unknown :-1 s=HELLO_CONNECTING pgs=0 cs=0 l=1 rev1=1 crypto rx=0 tx=0 comp rx=0 tx=0).handle_hello peer v2:172.21.15.98:3300/0 says I am v2:172.21.15.98:47084/0 (socket says 172.21.15.98:47084)
2023-03-27T11:58:42.016 INFO:teuthology.orchestra.run.smithi098.stdout:/usr/bin/ceph: stderr
2023-03-27T11:58:41.437+0000 7f3c097ce700 1 -- 172.21.15.98:0/79593396 learned_addr learned my addr 172.21.15.98:0/79593396 (peer_addr_for_me v2:172.21.15.98:0/0)
2023-03-27T11:58:42.016 INFO:teuthology.orchestra.run.smithi098.stdout:/usr/bin/ceph: stderr
2023-03-27T11:58:41.437+0000 7f3c097ce700 1 -- 172.21.15.98:0/79593396 --> [v2:172.21.15.98:3300/0,v1:172.21.15.98:6789/0] -- mon_subscribe({config=0+,monmap=0+}) v3 -- 0x7f3c00009550 con 0x7f3c04105860
2023-03-27T11:58:42.016 INFO:teuthology.orchestra.run.smithi098.stdout:/usr/bin/ceph: stderr
2023-03-27T11:58:41.437+0000 7f3c097ce700 1 --2- 172.21.15.98:0/79593396 >> [v2:172.21.15.98:3300/0,v1:172.21.15.98:6789/0] conn(0x7f3c04105860 0x7f3c04197fd0 secure :-1 s=READY pgs=38 cs=0 l=1 rev1=1 crypto rx=0x7f3c00009fb0 tx=0x7f3c00011ad0 comp rx=0 tx=0).ready entity=mon.0 client_cookie=0 server_cookie=0 in_seq=0 out_seq=0
2023-03-27T11:58:42.016 INFO:teuthology.orchestra.run.smithi098.stdout:/usr/bin/ceph: stderr
2023-03-27T11:58:41.437+0000 7f3bf67fc700 1 -- 172.21.15.98:0/79593396 <== mon.0 v2:172.21.15.98:3300/0 1 ==== mon_map magic: 0 v1 ==== 205+0+0 (secure 0 0 0) 0x7f3c00003930 con 0x7f3c04105860
2023-03-27T11:58:42.016 INFO:teuthology.orchestra.run.smithi098.stdout:/usr/bin/ceph: stderr
2023-03-27T11:58:41.437+0000 7f3c0ba32700 1 -- 172.21.15.98:0/79593396 --> [v2:172.21.15.98:3300/0,v1:172.21.15.98:6789/0] -- mon_subscribe({mgrmap=0+}) v3 -- 0x7f3c041052c0 con 0x7f3c04105860
2023-03-27T11:58:42.017 INFO:teuthology.orchestra.run.smithi098.stdout:/usr/bin/ceph: stderr
2023-03-27T11:58:41.437+0000 7f3bf67fc700 1 -- 172.21.15.98:0/79593396 <== mon.0 v2:172.21.15.98:3300/0 2 ==== config(26 keys) v1 ==== 1074+0+0 (secure 0 0 0) 0x7f3c00003a90 con 0x7f3c04105860
2023-03-27T11:58:42.017 INFO:teuthology.orchestra.run.smithi098.stdout:/usr/bin/ceph: stderr
2023-03-27T11:58:41.437+0000 7f3bf67fc700 1 -- 172.21.15.98:0/79593396 <== mon.0 v2:172.21.15.98:3300/0 3 ==== mon_map magic: 0 v1 ==== 205+0+0 (secure 0 0 0) 0x7f3c00019610 con 0x7f3c04105860
2023-03-27T11:58:42.017 INFO:teuthology.orchestra.run.smithi098.stdout:/usr/bin/ceph: stderr
2023-03-27T11:58:41.437+0000 7f3c0ba32700 1 -- 172.21.15.98:0/79593396 --> [v2:172.21.15.98:3300/0,v1:172.21.15.98:6789/0] -- mon_subscribe({osdmap=0}) v3 -- 0x7f3c04105130 con 0x7f3c04105860
2023-03-27T11:58:42.017 INFO:teuthology.orchestra.run.smithi098.stdout:/usr/bin/ceph: stderr
2023-03-27T11:58:41.438+0000 7f3bf67fc700 1 -- 172.21.15.98:0/79593396 <== mon.0 v2:172.21.15.98:3300/0 4 ==== mgrmap(e 8) v1 ==== 43509+0+0 (secure 0 0 0) 0x7f3c0002a020 con 0x7f3c04105860
2023-03-27T11:58:42.017 INFO:teuthology.orchestra.run.smithi098.stdout:/usr/bin/ceph: stderr
2023-03-27T11:58:41.438+0000 7f3c0ba32700 1 -- 172.21.15.98:0/79593396 --> [v2:172.21.15.98:3300/0,v1:172.21.15.98:6789/0] -- mon_command({"prefix": "get_command_descriptions"} v 0) v1 -- 0x7f3c04061e00 con 0x7f3c04105860
2023-03-27T11:58:42.017 INFO:teuthology.orchestra.run.smithi098.stdout:/usr/bin/ceph: stderr
2023-03-27T11:58:41.438+0000 7f3bf67fc700 1 --2- 172.21.15.98:0/79593396 >> [v2:172.21.15.98:6800/628476232,v1:172.21.15.98:6801/628476232] conn(0x7f3bf0036710 0x7f3bf0038bc0 unknown :-1 s=NONE pgs=0 cs=0 l=1 rev1=0 crypto rx=0 tx=0 comp rx=0 tx=0).connect
2023-03-27T11:58:42.017 INFO:teuthology.orchestra.run.smithi098.stdout:/usr/bin/ceph: stderr
2023-03-27T11:58:41.438+0000 7f3bf67fc700 1 -- 172.21.15.98:0/79593396 <== mon.0 v2:172.21.15.98:3300/0 5 ==== osd_map(2..2 src has 1..2) v4 ==== 940+0+0 (secure 0 0 0) 0x7f3c00049cc0 con 0x7f3c04105860
2023-03-27T11:58:42.018 INFO:teuthology.orchestra.run.smithi098.stdout:/usr/bin/ceph: stderr
2023-03-27T11:58:41.439+0000 7f3c08fcd700 1 --2- 172.21.15.98:0/79593396 >> [v2:172.21.15.98:6800/628476232,v1:172.21.15.98:6801/628476232] conn(0x7f3bf0036710 0x7f3bf0038bc0 unknown :-1 s=BANNER_CONNECTING pgs=0 cs=0 l=1 rev1=0 crypto rx=0 tx=0 comp rx=0 tx=0)._handle_peer_banner_payload supported=3 required=0
2023-03-27T11:58:42.018 INFO:teuthology.orchestra.run.smithi098.stdout:/usr/bin/ceph: stderr
2023-03-27T11:58:41.439+0000 7f3c08fcd700 1 --2- 172.21.15.98:0/79593396 >> [v2:172.21.15.98:6800/628476232,v1:172.21.15.98:6801/628476232] conn(0x7f3bf0036710 0x7f3bf0038bc0 secure :-1 s=READY pgs=8 cs=0 l=1 rev1=1 crypto rx=0x7f3bf8006fd0 tx=0x7f3bf8006e40 comp rx=0 tx=0).ready entity=mgr.14118 client_cookie=0 server_cookie=0 in_seq=0 out_seq=0
2023-03-27T11:58:42.018 INFO:teuthology.orchestra.run.smithi098.stdout:/usr/bin/ceph: stderr
2023-03-27T11:58:41.443+0000 7f3bf67fc700 1 -- 172.21.15.98:0/79593396 <== mon.0 v2:172.21.15.98:3300/0 6 ==== mon_command_ack([{"prefix": "get_command_descriptions"}]=0 v0) v1 ==== 72+0+174404 (secure 0 0 0) 0x7f3c00018a30 con 0x7f3c04105860
