2023-03-27T11:58:42.018 INFO:teuthology.orchestra.run.smithi098.stdout:/usr/bin/ceph: stderr
2023-03-27T11:58:41.628+0000 7f3c0ba32700 1 -- 172.21.15.98:0/79593396 --> [v2:172.21.15.98:6800/628476232,v1:172.21.15.98:6801/628476232] -- mgr_command(tid 0: {"prefix": "cephadm set-user", "user": "root", "target": ["mon-mgr", ""]}) v1 -- 0x7f3c04100500 con 0x7f3bf0036710
2023-03-27T11:58:42.018 INFO:teuthology.orchestra.run.smithi098.stdout:/usr/bin/ceph: stderr
2023-03-27T11:58:41.629+0000 7f3bf67fc700 1 -- 172.21.15.98:0/79593396 <== mgr.14118 v2:172.21.15.98:6800/628476232 1 ==== mgr_command_reply(tid 0: 0 ) v1 ==== 8+0+16 (secure 0 0 0) 0x7f3c04100500 con 0x7f3bf0036710
2023-03-27T11:58:42.018 INFO:teuthology.orchestra.run.smithi098.stdout:/usr/bin/ceph: stderr
2023-03-27T11:58:41.631+0000 7f3c0ba32700 1 -- 172.21.15.98:0/79593396 >> [v2:172.21.15.98:6800/628476232,v1:172.21.15.98:6801/628476232] conn(0x7f3bf0036710 msgr2=0x7f3bf0038bc0 secure :-1 s=STATE_CONNECTION_ESTABLISHED l=1).mark_down
2023-03-27T11:58:42.018 INFO:teuthology.orchestra.run.smithi098.stdout:/usr/bin/ceph: stderr
2023-03-27T11:58:41.631+0000 7f3c0ba32700 1 --2- 172.21.15.98:0/79593396 >> [v2:172.21.15.98:6800/628476232,v1:172.21.15.98:6801/628476232] conn(0x7f3bf0036710 0x7f3bf0038bc0 secure :-1 s=READY pgs=8 cs=0 l=1 rev1=1 crypto rx=0x7f3bf8006fd0 tx=0x7f3bf8006e40 comp rx=0 tx=0).stop
2023-03-27T11:58:42.018 INFO:teuthology.orchestra.run.smithi098.stdout:/usr/bin/ceph: stderr
2023-03-27T11:58:41.631+0000 7f3c0ba32700 1 -- 172.21.15.98:0/79593396 >> [v2:172.21.15.98:3300/0,v1:172.21.15.98:6789/0] conn(0x7f3c04105860 msgr2=0x7f3c04197fd0 secure :-1 s=STATE_CONNECTION_ESTABLISHED l=1).mark_down
2023-03-27T11:58:42.019 INFO:teuthology.orchestra.run.smithi098.stdout:/usr/bin/ceph: stderr
2023-03-27T11:58:41.631+0000 7f3c0ba32700 1 --2- 172.21.15.98:0/79593396 >> [v2:172.21.15.98:3300/0,v1:172.21.15.98:6789/0] conn(0x7f3c04105860 0x7f3c04197fd0 secure :-1 s=READY pgs=38 cs=0 l=1 rev1=1 crypto rx=0x7f3c00009fb0 tx=0x7f3c00011ad0 comp rx=0 tx=0).stop
2023-03-27T11:58:42.019 INFO:teuthology.orchestra.run.smithi098.stdout:/usr/bin/ceph: stderr
2023-03-27T11:58:41.631+0000 7f3c0ba32700 1 -- 172.21.15.98:0/79593396 shutdown_connections
2023-03-27T11:58:42.019 INFO:teuthology.orchestra.run.smithi098.stdout:/usr/bin/ceph: stderr
2023-03-27T11:58:41.631+0000 7f3c0ba32700 1 --2- 172.21.15.98:0/79593396 >> [v2:172.21.15.98:6800/628476232,v1:172.21.15.98:6801/628476232] conn(0x7f3bf0036710 0x7f3bf0038bc0 unknown :-1 s=CLOSED pgs=8 cs=0 l=1 rev1=1 crypto rx=0 tx=0 comp rx=0 tx=0).stop
2023-03-27T11:58:42.019 INFO:teuthology.orchestra.run.smithi098.stdout:/usr/bin/ceph: stderr
2023-03-27T11:58:41.631+0000 7f3c0ba32700 1 --2- 172.21.15.98:0/79593396 >> [v2:172.21.15.98:3300/0,v1:172.21.15.98:6789/0] conn(0x7f3c04105860 0x7f3c04197fd0 unknown :-1 s=CLOSED pgs=38 cs=0 l=1 rev1=1 crypto rx=0 tx=0 comp rx=0 tx=0).stop
2023-03-27T11:58:42.019 INFO:teuthology.orchestra.run.smithi098.stdout:/usr/bin/ceph: stderr
2023-03-27T11:58:41.631+0000 7f3c0ba32700 1 -- 172.21.15.98:0/79593396 >> 172.21.15.98:0/79593396 conn(0x7f3c040ff090 msgr2=0x7f3c040ffdf0 unknown :-1 s=STATE_NONE l=0).mark_down
2023-03-27T11:58:42.019 INFO:teuthology.orchestra.run.smithi098.stdout:/usr/bin/ceph: stderr
2023-03-27T11:58:41.631+0000 7f3c0ba32700 1 -- 172.21.15.98:0/79593396 shutdown_connections
2023-03-27T11:58:42.019 INFO:teuthology.orchestra.run.smithi098.stdout:/usr/bin/ceph: stderr
2023-03-27T11:58:41.631+0000 7f3c0ba32700 1 -- 172.21.15.98:0/79593396 wait complete.
2023-03-27T11:58:42.019 INFO:teuthology.orchestra.run.smithi098.stdout:Generating ssh key...
2023-03-27T11:58:42.836 INFO:journalctl@ceph.mon.a.smithi098.stdout:Mar 27 11:58:42 smithi098 ceph-mon[93017]: from='client.14132 -' entity='client.admin' cmd=[{"prefix": "cephadm set-user", "user": "root", "target": ["mon-mgr", ""]}]: dispatch
2023-03-27T11:58:43.194 INFO:journalctl@ceph.mgr.x.smithi098.stdout:Mar 27 11:58:42 smithi098 ceph-85fa4a38-cc96-11ed-9afe-001a4aab830c-mgr-x[93262]: Generating public/private rsa key pair.
2023-03-27T11:58:43.195 INFO:journalctl@ceph.mgr.x.smithi098.stdout:Mar 27 11:58:42 smithi098 ceph-85fa4a38-cc96-11ed-9afe-001a4aab830c-mgr-x[93262]: Your identification has been saved in /tmp/tmpzlc2168z/key.
2023-03-27T11:58:43.195 INFO:journalctl@ceph.mgr.x.smithi098.stdout:Mar 27 11:58:42 smithi098 ceph-85fa4a38-cc96-11ed-9afe-001a4aab830c-mgr-x[93262]: Your public key has been saved in /tmp/tmpzlc2168z/key.pub.
2023-03-27T11:58:43.195 INFO:journalctl@ceph.mgr.x.smithi098.stdout:Mar 27 11:58:42 smithi098 ceph-85fa4a38-cc96-11ed-9afe-001a4aab830c-mgr-x[93262]: The key fingerprint is:
2023-03-27T11:58:43.195 INFO:journalctl@ceph.mgr.x.smithi098.stdout:Mar 27 11:58:42 smithi098 ceph-85fa4a38-cc96-11ed-9afe-001a4aab830c-mgr-x[93262]: SHA256:At/l7zKu6ZmLriZ7EJNVolti5aI0TSb/vMRv5kniqE0 ceph-85fa4a38-cc96-11ed-9afe-001a4aab830c
2023-03-27T11:58:43.195 INFO:journalctl@ceph.mgr.x.smithi098.stdout:Mar 27 11:58:42 smithi098 ceph-85fa4a38-cc96-11ed-9afe-001a4aab830c-mgr-x[93262]: The key's randomart image is:
2023-03-27T11:58:43.195 INFO:journalctl@ceph.mgr.x.smithi098.stdout:Mar 27 11:58:42 smithi098 ceph-85fa4a38-cc96-11ed-9afe-001a4aab830c-mgr-x[93262]: +---[RSA 3072]----+
2023-03-27T11:58:43.196 INFO:journalctl@ceph.mgr.x.smithi098.stdout:Mar 27 11:58:42 smithi098 ceph-85fa4a38-cc96-11ed-9afe-001a4aab830c-mgr-x[93262]: | . oo.. |
2023-03-27T11:58:43.196 INFO:journalctl@ceph.mgr.x.smithi098.stdout:Mar 27 11:58:42 smithi098 ceph-85fa4a38-cc96-11ed-9afe-001a4aab830c-mgr-x[93262]: | *+.. |
2023-03-27T11:58:43.196 INFO:journalctl@ceph.mgr.x.smithi098.stdout:Mar 27 11:58:42 smithi098 ceph-85fa4a38-cc96-11ed-9afe-001a4aab830c-mgr-x[93262]: | o==+ . |
2023-03-27T11:58:43.196 INFO:journalctl@ceph.mgr.x.smithi098.stdout:Mar 27 11:58:42 smithi098 ceph-85fa4a38-cc96-11ed-9afe-001a4aab830c-mgr-x[93262]: |.o==+o . o |
2023-03-27T11:58:43.196 INFO:journalctl@ceph.mgr.x.smithi098.stdout:Mar 27 11:58:42 smithi098 ceph-85fa4a38-cc96-11ed-9afe-001a4aab830c-mgr-x[93262]: |. .o =o S . |
2023-03-27T11:58:43.196 INFO:journalctl@ceph.mgr.x.smithi098.stdout:Mar 27 11:58:42 smithi098 ceph-85fa4a38-cc96-11ed-9afe-001a4aab830c-mgr-x[93262]: | . . o. . |
2023-03-27T11:58:43.196 INFO:journalctl@ceph.mgr.x.smithi098.stdout:Mar 27 11:58:42 smithi098 ceph-85fa4a38-cc96-11ed-9afe-001a4aab830c-mgr-x[93262]: | E o = . |
2023-03-27T11:58:43.196 INFO:journalctl@ceph.mgr.x.smithi098.stdout:Mar 27 11:58:42 smithi098 ceph-85fa4a38-cc96-11ed-9afe-001a4aab830c-mgr-x[93262]: | + = *..+o. |
2023-03-27T11:58:43.197 INFO:journalctl@ceph.mgr.x.smithi098.stdout:Mar 27 11:58:42 smithi098 ceph-85fa4a38-cc96-11ed-9afe-001a4aab830c-mgr-x[93262]: | .oB.+o+B+.o. |
2023-03-27T11:58:43.197 INFO:journalctl@ceph.mgr.x.smithi098.stdout:Mar 27 11:58:42 smithi098 ceph-85fa4a38-cc96-11ed-9afe-001a4aab830c-mgr-x[93262]: +----[SHA256]-----+
2023-03-27T11:58:43.256 INFO:teuthology.orchestra.run.smithi098.stdout:/usr/bin/ceph: stderr
2023-03-27T11:58:42.441+0000 7f327a27c700 1 Processor -- start
2023-03-27T11:58:43.257 INFO:teuthology.orchestra.run.smithi098.stdout:/usr/bin/ceph: stderr
2023-03-27T11:58:42.441+0000 7f327a27c700 1 -- start start
2023-03-27T11:58:43.257 INFO:teuthology.orchestra.run.smithi098.stdout:/usr/bin/ceph: stderr
2023-03-27T11:58:42.441+0000 7f327a27c700 1 --2- >> [v2:172.21.15.98:3300/0,v1:172.21.15.98:6789/0] conn(0x7f3274104280 0x7f3274104690 unknown :-1 s=NONE pgs=0 cs=0 l=0 rev1=0 crypto rx=0 tx=0 comp rx=0 tx=0).connect
2023-03-27T11:58:43.257 INFO:teuthology.orchestra.run.smithi098.stdout:/usr/bin/ceph: stderr
2023-03-27T11:58:42.441+0000 7f327a27c700 1 -- --> [v2:172.21.15.98:3300/0,v1:172.21.15.98:6789/0] -- mon_getmap magic: 0 v1 -- 0x7f3274104bd0 con 0x7f3274104280
2023-03-27T11:58:43.257 INFO:teuthology.orchestra.run.smithi098.stdout:/usr/bin/ceph: stderr
2023-03-27T11:58:42.441+0000 7f3273fff700 1 --2- >> [v2:172.21.15.98:3300/0,v1:172.21.15.98:6789/0] conn(0x7f3274104280 0x7f3274104690 unknown :-1 s=BANNER_CONNECTING pgs=0 cs=0 l=0 rev1=0 crypto rx=0 tx=0 comp rx=0 tx=0)._handle_peer_banner_payload supported=3 required=0
2023-03-27T11:58:43.257 INFO:teuthology.orchestra.run.smithi098.stdout:/usr/bin/ceph: stderr
2023-03-27T11:58:42.441+0000 7f3273fff700 1 --2- >> [v2:172.21.15.98:3300/0,v1:172.21.15.98:6789/0] conn(0x7f3274104280 0x7f3274104690 unknown :-1 s=HELLO_CONNECTING pgs=0 cs=0 l=0 rev1=1 crypto rx=0 tx=0 comp rx=0 tx=0).handle_hello peer v2:172.21.15.98:3300/0 says I am v2:172.21.15.98:47088/0 (socket says 172.21.15.98:47088)
2023-03-27T11:58:43.257 INFO:teuthology.orchestra.run.smithi098.stdout:/usr/bin/ceph: stderr
2023-03-27T11:58:42.441+0000 7f3273fff700 1 -- 172.21.15.98:0/3835298250 learned_addr learned my addr 172.21.15.98:0/3835298250 (peer_addr_for_me v2:172.21.15.98:0/0)
2023-03-27T11:58:43.257 INFO:teuthology.orchestra.run.smithi098.stdout:/usr/bin/ceph: stderr
2023-03-27T11:58:42.442+0000 7f3273fff700 1 -- 172.21.15.98:0/3835298250 --> [v2:172.21.15.98:3300/0,v1:172.21.15.98:6789/0] -- mon_subscribe({config=0+,monmap=0+}) v3 -- 0x7f3274104d10 con 0x7f3274104280
2023-03-27T11:58:43.258 INFO:teuthology.orchestra.run.smithi098.stdout:/usr/bin/ceph: stderr
2023-03-27T11:58:42.442+0000 7f3273fff700 1 --2- 172.21.15.98:0/3835298250 >> [v2:172.21.15.98:3300/0,v1:172.21.15.98:6789/0] conn(0x7f3274104280 0x7f3274104690 secure :-1 s=READY pgs=39 cs=0 l=1 rev1=1 crypto rx=0x7f32680098a0 tx=0x7f3268009bb0 comp rx=0 tx=0).ready entity=mon.0 client_cookie=7ae3d61d9c6f04f9 server_cookie=0 in_seq=0 out_seq=0
2023-03-27T11:58:43.258 INFO:teuthology.orchestra.run.smithi098.stdout:/usr/bin/ceph: stderr
2023-03-27T11:58:42.442+0000 7f3272ffd700 1 -- 172.21.15.98:0/3835298250 <== mon.0 v2:172.21.15.98:3300/0 1 ==== mon_map magic: 0 v1 ==== 205+0+0 (secure 0 0 0) 0x7f3268004160 con 0x7f3274104280
2023-03-27T11:58:43.258 INFO:teuthology.orchestra.run.smithi098.stdout:/usr/bin/ceph: stderr
2023-03-27T11:58:42.442+0000 7f3272ffd700 1 -- 172.21.15.98:0/3835298250 <== mon.0 v2:172.21.15.98:3300/0 2 ==== config(26 keys) v1 ==== 1074+0+0 (secure 0 0 0) 0x7f32680042c0 con 0x7f3274104280
2023-03-27T11:58:43.258 INFO:teuthology.orchestra.run.smithi098.stdout:/usr/bin/ceph: stderr
2023-03-27T11:58:42.442+0000 7f3272ffd700 1 -- 172.21.15.98:0/3835298250 <== mon.0 v2:172.21.15.98:3300/0 3 ==== mon_map magic: 0 v1 ==== 205+0+0 (secure 0 0 0) 0x7f3268011a00 con 0x7f3274104280
2023-03-27T11:58:43.258 INFO:teuthology.orchestra.run.smithi098.stdout:/usr/bin/ceph: stderr
2023-03-27T11:58:42.442+0000 7f327a27c700 1 -- 172.21.15.98:0/3835298250 >> [v2:172.21.15.98:3300/0,v1:172.21.15.98:6789/0] conn(0x7f3274104280 msgr2=0x7f3274104690 secure :-1 s=STATE_CONNECTION_ESTABLISHED l=1).mark_down
2023-03-27T11:58:43.258 INFO:teuthology.orchestra.run.smithi098.stdout:/usr/bin/ceph: stderr
2023-03-27T11:58:42.442+0000 7f327a27c700 1 --2- 172.21.15.98:0/3835298250 >> [v2:172.21.15.98:3300/0,v1:172.21.15.98:6789/0] conn(0x7f3274104280 0x7f3274104690 secure :-1 s=READY pgs=39 cs=0 l=1 rev1=1 crypto rx=0x7f32680098a0 tx=0x7f3268009bb0 comp rx=0 tx=0).stop
2023-03-27T11:58:43.258 INFO:teuthology.orchestra.run.smithi098.stdout:/usr/bin/ceph: stderr
2023-03-27T11:58:42.443+0000 7f327a27c700 1 -- 172.21.15.98:0/3835298250 shutdown_connections
2023-03-27T11:58:43.259 INFO:teuthology.orchestra.run.smithi098.stdout:/usr/bin/ceph: stderr
2023-03-27T11:58:42.443+0000 7f327a27c700 1 --2- 172.21.15.98:0/3835298250 >> [v2:172.21.15.98:3300/0,v1:172.21.15.98:6789/0] conn(0x7f3274104280 0x7f3274104690 unknown :-1 s=CLOSED pgs=39 cs=0 l=1 rev1=1 crypto rx=0 tx=0 comp rx=0 tx=0).stop
2023-03-27T11:58:43.259 INFO:teuthology.orchestra.run.smithi098.stdout:/usr/bin/ceph: stderr
2023-03-27T11:58:42.443+0000 7f327a27c700 1 -- 172.21.15.98:0/3835298250 >> 172.21.15.98:0/3835298250 conn(0x7f32740ff910 msgr2=0x7f3274101d20 unknown :-1 s=STATE_NONE l=0).mark_down
2023-03-27T11:58:43.259 INFO:teuthology.orchestra.run.smithi098.stdout:/usr/bin/ceph: stderr
2023-03-27T11:58:42.443+0000 7f327a27c700 1 -- 172.21.15.98:0/3835298250 shutdown_connections
2023-03-27T11:58:43.259 INFO:teuthology.orchestra.run.smithi098.stdout:/usr/bin/ceph: stderr
2023-03-27T11:58:42.443+0000 7f327a27c700 1 -- 172.21.15.98:0/3835298250 wait complete.
2023-03-27T11:58:43.259 INFO:teuthology.orchestra.run.smithi098.stdout:/usr/bin/ceph: stderr
2023-03-27T11:58:42.443+0000 7f327a27c700 1 Processor -- start
2023-03-27T11:58:43.259 INFO:teuthology.orchestra.run.smithi098.stdout:/usr/bin/ceph: stderr
2023-03-27T11:58:42.443+0000 7f327a27c700 1 -- start start
2023-03-27T11:58:43.259 INFO:teuthology.orchestra.run.smithi098.stdout:/usr/bin/ceph: stderr
2023-03-27T11:58:42.444+0000 7f327a27c700 1 --2- >> [v2:172.21.15.98:3300/0,v1:172.21.15.98:6789/0] conn(0x7f3274104280 0x7f3274197f40 unknown :-1 s=NONE pgs=0 cs=0 l=1 rev1=0 crypto rx=0 tx=0 comp rx=0 tx=0).connect
2023-03-27T11:58:43.259 INFO:teuthology.orchestra.run.smithi098.stdout:/usr/bin/ceph: stderr
2023-03-27T11:58:42.444+0000 7f327a27c700 1 -- --> [v2:172.21.15.98:3300/0,v1:172.21.15.98:6789/0] -- mon_getmap magic: 0 v1 -- 0x7f3274198480 con 0x7f3274104280
2023-03-27T11:58:43.260 INFO:teuthology.orchestra.run.smithi098.stdout:/usr/bin/ceph: stderr
2023-03-27T11:58:42.444+0000 7f3273fff700 1 --2- >> [v2:172.21.15.98:3300/0,v1:172.21.15.98:6789/0] conn(0x7f3274104280 0x7f3274197f40 unknown :-1 s=BANNER_CONNECTING pgs=0 cs=0 l=1 rev1=0 crypto rx=0 tx=0 comp rx=0 tx=0)._handle_peer_banner_payload supported=3 required=0
2023-03-27T11:58:43.260 INFO:teuthology.orchestra.run.smithi098.stdout:/usr/bin/ceph: stderr
2023-03-27T11:58:42.444+0000 7f3273fff700 1 --2- >> [v2:172.21.15.98:3300/0,v1:172.21.15.98:6789/0] conn(0x7f3274104280 0x7f3274197f40 unknown :-1 s=HELLO_CONNECTING pgs=0 cs=0 l=1 rev1=1 crypto rx=0 tx=0 comp rx=0 tx=0).handle_hello peer v2:172.21.15.98:3300/0 says I am v2:172.21.15.98:47090/0 (socket says 172.21.15.98:47090)
2023-03-27T11:58:43.260 INFO:teuthology.orchestra.run.smithi098.stdout:/usr/bin/ceph: stderr
2023-03-27T11:58:42.444+0000 7f3273fff700 1 -- 172.21.15.98:0/3518611432 learned_addr learned my addr 172.21.15.98:0/3518611432 (peer_addr_for_me v2:172.21.15.98:0/0)
2023-03-27T11:58:43.260 INFO:teuthology.orchestra.run.smithi098.stdout:/usr/bin/ceph: stderr
2023-03-27T11:58:42.444+0000 7f3273fff700 1 -- 172.21.15.98:0/3518611432 --> [v2:172.21.15.98:3300/0,v1:172.21.15.98:6789/0] -- mon_subscribe({config=0+,monmap=0+}) v3 -- 0x7f3268009550 con 0x7f3274104280
2023-03-27T11:58:43.260 INFO:teuthology.orchestra.run.smithi098.stdout:/usr/bin/ceph: stderr
2023-03-27T11:58:42.444+0000 7f3273fff700 1 --2- 172.21.15.98:0/3518611432 >> [v2:172.21.15.98:3300/0,v1:172.21.15.98:6789/0] conn(0x7f3274104280 0x7f3274197f40 secure :-1 s=READY pgs=40 cs=0 l=1 rev1=1 crypto rx=0x7f3268006af0 tx=0x7f3268011ad0 comp rx=0 tx=0).ready entity=mon.0 client_cookie=0 server_cookie=0 in_seq=0 out_seq=0
2023-03-27T11:58:43.260 INFO:teuthology.orchestra.run.smithi098.stdout:/usr/bin/ceph: stderr
2023-03-27T11:58:42.444+0000 7f32717fa700 1 -- 172.21.15.98:0/3518611432 <== mon.0 v2:172.21.15.98:3300/0 1 ==== mon_map magic: 0 v1 ==== 205+0+0 (secure 0 0 0) 0x7f3268003a40 con 0x7f3274104280
2023-03-27T11:58:43.260 INFO:teuthology.orchestra.run.smithi098.stdout:/usr/bin/ceph: stderr
2023-03-27T11:58:42.444+0000 7f327a27c700 1 -- 172.21.15.98:0/3518611432 --> [v2:172.21.15.98:3300/0,v1:172.21.15.98:6789/0] -- mon_subscribe({mgrmap=0+}) v3 -- 0x7f32741062d0 con 0x7f3274104280
2023-03-27T11:58:43.260 INFO:teuthology.orchestra.run.smithi098.stdout:/usr/bin/ceph: stderr
2023-03-27T11:58:42.444+0000 7f32717fa700 1 -- 172.21.15.98:0/3518611432 <== mon.0 v2:172.21.15.98:3300/0 2 ==== config(26 keys) v1 ==== 1074+0+0 (secure 0 0 0) 0x7f3268003ba0 con 0x7f3274104280
2023-03-27T11:58:43.261 INFO:teuthology.orchestra.run.smithi098.stdout:/usr/bin/ceph: stderr
2023-03-27T11:58:42.444+0000 7f32717fa700 1 -- 172.21.15.98:0/3518611432 <== mon.0 v2:172.21.15.98:3300/0 3 ==== mon_map magic: 0 v1 ==== 205+0+0 (secure 0 0 0) 0x7f326801a6e0 con 0x7f3274104280
2023-03-27T11:58:43.261 INFO:teuthology.orchestra.run.smithi098.stdout:/usr/bin/ceph: stderr
2023-03-27T11:58:42.444+0000 7f327a27c700 1 -- 172.21.15.98:0/3518611432 --> [v2:172.21.15.98:3300/0,v1:172.21.15.98:6789/0] -- mon_subscribe({osdmap=0}) v3 -- 0x7f3274106140 con 0x7f3274104280
2023-03-27T11:58:43.261 INFO:teuthology.orchestra.run.smithi098.stdout:/usr/bin/ceph: stderr
2023-03-27T11:58:42.445+0000 7f32717fa700 1 -- 172.21.15.98:0/3518611432 <== mon.0 v2:172.21.15.98:3300/0 4 ==== mgrmap(e 8) v1 ==== 43509+0+0 (secure 0 0 0) 0x7f3268017020 con 0x7f3274104280
2023-03-27T11:58:43.261 INFO:teuthology.orchestra.run.smithi098.stdout:/usr/bin/ceph: stderr
2023-03-27T11:58:42.445+0000 7f32717fa700 1 --2- 172.21.15.98:0/3518611432 >> [v2:172.21.15.98:6800/628476232,v1:172.21.15.98:6801/628476232] conn(0x7f325c0367b0 0x7f325c038c60 unknown :-1 s=NONE pgs=0 cs=0 l=1 rev1=0 crypto rx=0 tx=0 comp rx=0 tx=0).connect
2023-03-27T11:58:43.261 INFO:teuthology.orchestra.run.smithi098.stdout:/usr/bin/ceph: stderr
2023-03-27T11:58:42.445+0000 7f32717fa700 1 -- 172.21.15.98:0/3518611432 <== mon.0 v2:172.21.15.98:3300/0 5 ==== osd_map(2..2 src has 1..2) v4 ==== 940+0+0 (secure 0 0 0) 0x7f326804aab0 con 0x7f3274104280
2023-03-27T11:58:43.261 INFO:teuthology.orchestra.run.smithi098.stdout:/usr/bin/ceph: stderr
2023-03-27T11:58:42.445+0000 7f32737fe700 1 --2- 172.21.15.98:0/3518611432 >> [v2:172.21.15.98:6800/628476232,v1:172.21.15.98:6801/628476232] conn(0x7f325c0367b0 0x7f325c038c60 unknown :-1 s=BANNER_CONNECTING pgs=0 cs=0 l=1 rev1=0 crypto rx=0 tx=0 comp rx=0 tx=0)._handle_peer_banner_payload supported=3 required=0
2023-03-27T11:58:43.261 INFO:teuthology.orchestra.run.smithi098.stdout:/usr/bin/ceph: stderr
2023-03-27T11:58:42.445+0000 7f327a27c700 1 -- 172.21.15.98:0/3518611432 --> [v2:172.21.15.98:3300/0,v1:172.21.15.98:6789/0] -- mon_command({"prefix": "get_command_descriptions"} v 0) v1 -- 0x7f3260005320 con 0x7f3274104280
2023-03-27T11:58:43.262 INFO:teuthology.orchestra.run.smithi098.stdout:/usr/bin/ceph: stderr
2023-03-27T11:58:42.446+0000 7f32737fe700 1 --2- 172.21.15.98:0/3518611432 >> [v2:172.21.15.98:6800/628476232,v1:172.21.15.98:6801/628476232] conn(0x7f325c0367b0 0x7f325c038c60 secure :-1 s=READY pgs=9 cs=0 l=1 rev1=1 crypto rx=0x7f3264006fd0 tx=0x7f3264006e40 comp rx=0 tx=0).ready entity=mgr.14118 client_cookie=0 server_cookie=0 in_seq=0 out_seq=0
2023-03-27T11:58:43.262 INFO:teuthology.orchestra.run.smithi098.stdout:/usr/bin/ceph: stderr
2023-03-27T11:58:42.450+0000 7f32717fa700 1 -- 172.21.15.98:0/3518611432 <== mon.0 v2:172.21.15.98:3300/0 6 ==== mon_command_ack([{"prefix": "get_command_descriptions"}]=0 v0) v1 ==== 72+0+174404 (secure 0 0 0) 0x7f326802d3f0 con 0x7f3274104280
2023-03-27T11:58:43.262 INFO:teuthology.orchestra.run.smithi098.stdout:/usr/bin/ceph: stderr
2023-03-27T11:58:42.633+0000 7f327a27c700 1 -- 172.21.15.98:0/3518611432 --> [v2:172.21.15.98:6800/628476232,v1:172.21.15.98:6801/628476232] -- mgr_command(tid 0: {"prefix": "cephadm generate-key", "target": ["mon-mgr", ""]}) v1 -- 0x7f3260000bf0 con 0x7f325c0367b0
2023-03-27T11:58:43.262 INFO:teuthology.orchestra.run.smithi098.stdout:/usr/bin/ceph: stderr
2023-03-27T11:58:42.845+0000 7f32717fa700 1 -- 172.21.15.98:0/3518611432 <== mgr.14118 v2:172.21.15.98:6800/628476232 1 ==== mgr_command_reply(tid 0: 0 ) v1 ==== 8+0+0 (secure 0 0 0) 0x7f3260000bf0 con 0x7f325c0367b0
2023-03-27T11:58:43.262 INFO:teuthology.orchestra.run.smithi098.stdout:/usr/bin/ceph: stderr
2023-03-27T11:58:42.847+0000 7f327a27c700 1 -- 172.21.15.98:0/3518611432 >> [v2:172.21.15.98:6800/628476232,v1:172.21.15.98:6801/628476232] conn(0x7f325c0367b0 msgr2=0x7f325c038c60 secure :-1 s=STATE_CONNECTION_ESTABLISHED l=1).mark_down
2023-03-27T11:58:43.262 INFO:teuthology.orchestra.run.smithi098.stdout:/usr/bin/ceph: stderr
2023-03-27T11:58:42.847+0000 7f327a27c700 1 --2- 172.21.15.98:0/3518611432 >> [v2:172.21.15.98:6800/628476232,v1:172.21.15.98:6801/628476232] conn(0x7f325c0367b0 0x7f325c038c60 secure :-1 s=READY pgs=9 cs=0 l=1 rev1=1 crypto rx=0x7f3264006fd0 tx=0x7f3264006e40 comp rx=0 tx=0).stop
2023-03-27T11:58:43.262 INFO:teuthology.orchestra.run.smithi098.stdout:/usr/bin/ceph: stderr
2023-03-27T11:58:42.847+0000 7f327a27c700 1 -- 172.21.15.98:0/3518611432 >> [v2:172.21.15.98:3300/0,v1:172.21.15.98:6789/0] conn(0x7f3274104280 msgr2=0x7f3274197f40 secure :-1 s=STATE_CONNECTION_ESTABLISHED l=1).mark_down
2023-03-27T11:58:43.262 INFO:teuthology.orchestra.run.smithi098.stdout:/usr/bin/ceph: stderr
2023-03-27T11:58:42.847+0000 7f327a27c700 1 --2- 172.21.15.98:0/3518611432 >> [v2:172.21.15.98:3300/0,v1:172.21.15.98:6789/0] conn(0x7f3274104280 0x7f3274197f40 secure :-1 s=READY pgs=40 cs=0 l=1 rev1=1 crypto rx=0x7f3268006af0 tx=0x7f3268011ad0 comp rx=0 tx=0).stop
2023-03-27T11:58:43.263 INFO:teuthology.orchestra.run.smithi098.stdout:/usr/bin/ceph: stderr
2023-03-27T11:58:42.847+0000 7f327a27c700 1 -- 172.21.15.98:0/3518611432 shutdown_connections
2023-03-27T11:58:43.263 INFO:teuthology.orchestra.run.smithi098.stdout:/usr/bin/ceph: stderr
2023-03-27T11:58:42.847+0000 7f327a27c700 1 --2- 172.21.15.98:0/3518611432 >> [v2:172.21.15.98:6800/628476232,v1:172.21.15.98:6801/628476232] conn(0x7f325c0367b0 0x7f325c038c60 unknown :-1 s=CLOSED pgs=9 cs=0 l=1 rev1=1 crypto rx=0 tx=0 comp rx=0 tx=0).stop
2023-03-27T11:58:43.263 INFO:teuthology.orchestra.run.smithi098.stdout:/usr/bin/ceph: stderr
2023-03-27T11:58:42.847+0000 7f327a27c700 1 --2- 172.21.15.98:0/3518611432 >> [v2:172.21.15.98:3300/0,v1:172.21.15.98:6789/0] conn(0x7f3274104280 0x7f3274197f40 unknown :-1 s=CLOSED pgs=40 cs=0 l=1 rev1=1 crypto rx=0 tx=0 comp rx=0 tx=0).stop
2023-03-27T11:58:43.263 INFO:teuthology.orchestra.run.smithi098.stdout:/usr/bin/ceph: stderr
2023-03-27T11:58:42.847+0000 7f327a27c700 1 -- 172.21.15.98:0/3518611432 >> 172.21.15.98:0/3518611432 conn(0x7f32740ff910 msgr2=0x7f32741006a0 unknown :-1 s=STATE_NONE l=0).mark_down
2023-03-27T11:58:43.263 INFO:teuthology.orchestra.run.smithi098.stdout:/usr/bin/ceph: stderr
2023-03-27T11:58:42.847+0000 7f327a27c700 1 -- 172.21.15.98:0/3518611432 shutdown_connections
2023-03-27T11:58:43.263 INFO:teuthology.orchestra.run.smithi098.stdout:/usr/bin/ceph: stderr
2023-03-27T11:58:42.847+0000 7f327a27c700 1 -- 172.21.15.98:0/3518611432 wait complete.
2023-03-27T11:58:44.194 INFO:journalctl@ceph.mon.a.smithi098.stdout:Mar 27 11:58:43 smithi098 ceph-mon[93017]: from='client.14134 -' entity='client.admin' cmd=[{"prefix": "cephadm generate-key", "target": ["mon-mgr", ""]}]: dispatch
2023-03-27T11:58:44.195 INFO:journalctl@ceph.mon.a.smithi098.stdout:Mar 27 11:58:43 smithi098 ceph-mon[93017]: Generating ssh key...
2023-03-27T11:58:44.195 INFO:journalctl@ceph.mon.a.smithi098.stdout:Mar 27 11:58:43 smithi098 ceph-mon[93017]: from='mgr.14118 172.21.15.98:0/1226948156' entity='mgr.x'
2023-03-27T11:58:44.195 INFO:journalctl@ceph.mon.a.smithi098.stdout:Mar 27 11:58:43 smithi098 ceph-mon[93017]: from='mgr.14118 172.21.15.98:0/1226948156' entity='mgr.x'
2023-03-27T11:58:44.298 INFO:teuthology.orchestra.run.smithi098.stdout:/usr/bin/ceph: stdout ssh-rsa AAAAB3NzaC1yc2EAAAADAQABAAABgQDZEORSLHpv8tKCYAjBAIzw6EwXpx2QWm0ChTxbuUc6iehBqkmjr5c2aAva5WQAdMa3R2KkyIvc6BwnOZAX5sYrqpbxlPf2Z8/RN5F6r5lLVvm7RkS5aKUqGYHXFKp76bPCSDFPhJ1VKFDbPZ2SVl+2PjGN7c4DveFh5BFi9jofQ8X7Jj78x4KQkjiIvp2kVcDvx7Z0xyBVdqKNKPU5/uBDs+6zREsU8eysQeCcEKAWANAI0OwSPSZ5Rs6CNsa1YUjyZJr1GQA9y4DRfUBRAu8wE5z+56q6Ha2eJjqbPEI/n/ithjPMemD8s8QfjAGqQ0jCFLhCjS04MMXlhlGL3YoRrill7YFSDLpHgpXg6S/2gCBqUWgEuyvXmQUHuzzf65BHa54zFu8sVRxi4iiMH7RXrODaREH8PRpQuIeLm/iba8H/GFzmeOFl4KD2In3Pzx7tfi7K687h7ZYNPkIoCJIhRdvLQJTrFr3YJEl64/B7H7EiW8ycqpAGn3JV+VSzuEk= ceph-85fa4a38-cc96-11ed-9afe-001a4aab830c
2023-03-27T11:58:44.299 INFO:teuthology.orchestra.run.smithi098.stdout:/usr/bin/ceph: stderr
2023-03-27T11:58:43.724+0000 7fd2cdb28700 1 Processor -- start
2023-03-27T11:58:44.299 INFO:teuthology.orchestra.run.smithi098.stdout:/usr/bin/ceph: stderr
2023-03-27T11:58:43.725+0000 7fd2cdb28700 1 -- start start
2023-03-27T11:58:44.299 INFO:teuthology.orchestra.run.smithi098.stdout:/usr/bin/ceph: stderr
2023-03-27T11:58:43.725+0000 7fd2cdb28700 1 --2- >> [v2:172.21.15.98:3300/0,v1:172.21.15.98:6789/0] conn(0x7fd2c81069a0 0x7fd2c8106db0 unknown :-1 s=NONE pgs=0 cs=0 l=0 rev1=0 crypto rx=0 tx=0 comp rx=0 tx=0).connect
2023-03-27T11:58:44.299 INFO:teuthology.orchestra.run.smithi098.stdout:/usr/bin/ceph: stderr
2023-03-27T11:58:43.725+0000 7fd2cdb28700 1 -- --> [v2:172.21.15.98:3300/0,v1:172.21.15.98:6789/0] -- mon_getmap magic: 0 v1 -- 0x7fd2c81072f0 con 0x7fd2c81069a0
2023-03-27T11:58:44.299 INFO:teuthology.orchestra.run.smithi098.stdout:/usr/bin/ceph: stderr
2023-03-27T11:58:43.725+0000 7fd2c77fe700 1 --2- >> [v2:172.21.15.98:3300/0,v1:172.21.15.98:6789/0] conn(0x7fd2c81069a0 0x7fd2c8106db0 unknown :-1 s=BANNER_CONNECTING pgs=0 cs=0 l=0 rev1=0 crypto rx=0 tx=0 comp rx=0 tx=0)._handle_peer_banner_payload supported=3 required=0
2023-03-27T11:58:44.299 INFO:teuthology.orchestra.run.smithi098.stdout:/usr/bin/ceph: stderr
2023-03-27T11:58:43.725+0000 7fd2c77fe700 1 --2- >> [v2:172.21.15.98:3300/0,v1:172.21.15.98:6789/0] conn(0x7fd2c81069a0 0x7fd2c8106db0 unknown :-1 s=HELLO_CONNECTING pgs=0 cs=0 l=0 rev1=1 crypto rx=0 tx=0 comp rx=0 tx=0).handle_hello peer v2:172.21.15.98:3300/0 says I am v2:172.21.15.98:47094/0 (socket says 172.21.15.98:47094)
2023-03-27T11:58:44.299 INFO:teuthology.orchestra.run.smithi098.stdout:/usr/bin/ceph: stderr
2023-03-27T11:58:43.725+0000 7fd2c77fe700 1 -- 172.21.15.98:0/97446549 learned_addr learned my addr 172.21.15.98:0/97446549 (peer_addr_for_me v2:172.21.15.98:0/0)
2023-03-27T11:58:44.300 INFO:teuthology.orchestra.run.smithi098.stdout:/usr/bin/ceph: stderr
2023-03-27T11:58:43.725+0000 7fd2c77fe700 1 -- 172.21.15.98:0/97446549 --> [v2:172.21.15.98:3300/0,v1:172.21.15.98:6789/0] -- mon_subscribe({config=0+,monmap=0+}) v3 -- 0x7fd2c8107430 con 0x7fd2c81069a0
2023-03-27T11:58:44.300 INFO:teuthology.orchestra.run.smithi098.stdout:/usr/bin/ceph: stderr
2023-03-27T11:58:43.725+0000 7fd2c77fe700 1 --2- 172.21.15.98:0/97446549 >> [v2:172.21.15.98:3300/0,v1:172.21.15.98:6789/0] conn(0x7fd2c81069a0 0x7fd2c8106db0 secure :-1 s=READY pgs=41 cs=0 l=1 rev1=1 crypto rx=0x7fd2b00098a0 tx=0x7fd2b0009bb0 comp rx=0 tx=0).ready entity=mon.0 client_cookie=7b352bc1d2c4b2b4 server_cookie=0 in_seq=0 out_seq=0
2023-03-27T11:58:44.300 INFO:teuthology.orchestra.run.smithi098.stdout:/usr/bin/ceph: stderr
2023-03-27T11:58:43.725+0000 7fd2c67fc700 1 -- 172.21.15.98:0/97446549 <== mon.0 v2:172.21.15.98:3300/0 1 ==== mon_map magic: 0 v1 ==== 205+0+0 (secure 0 0 0) 0x7fd2b0004160 con 0x7fd2c81069a0
2023-03-27T11:58:44.300 INFO:teuthology.orchestra.run.smithi098.stdout:/usr/bin/ceph: stderr
2023-03-27T11:58:43.725+0000 7fd2c67fc700 1 -- 172.21.15.98:0/97446549 <== mon.0 v2:172.21.15.98:3300/0 2 ==== config(26 keys) v1 ==== 1074+0+0 (secure 0 0 0) 0x7fd2b00042c0 con 0x7fd2c81069a0
2023-03-27T11:58:44.300 INFO:teuthology.orchestra.run.smithi098.stdout:/usr/bin/ceph: stderr
2023-03-27T11:58:43.725+0000 7fd2c67fc700 1 -- 172.21.15.98:0/97446549 <== mon.0 v2:172.21.15.98:3300/0 3 ==== mon_map magic: 0 v1 ==== 205+0+0 (secure 0 0 0) 0x7fd2b0011a00 con 0x7fd2c81069a0
2023-03-27T11:58:44.300 INFO:teuthology.orchestra.run.smithi098.stdout:/usr/bin/ceph: stderr
2023-03-27T11:58:43.726+0000 7fd2cdb28700 1 -- 172.21.15.98:0/97446549 >> [v2:172.21.15.98:3300/0,v1:172.21.15.98:6789/0] conn(0x7fd2c81069a0 msgr2=0x7fd2c8106db0 secure :-1 s=STATE_CONNECTION_ESTABLISHED l=1).mark_down
2023-03-27T11:58:44.300 INFO:teuthology.orchestra.run.smithi098.stdout:/usr/bin/ceph: stderr
2023-03-27T11:58:43.726+0000 7fd2cdb28700 1 --2- 172.21.15.98:0/97446549 >> [v2:172.21.15.98:3300/0,v1:172.21.15.98:6789/0] conn(0x7fd2c81069a0 0x7fd2c8106db0 secure :-1 s=READY pgs=41 cs=0 l=1 rev1=1 crypto rx=0x7fd2b00098a0 tx=0x7fd2b0009bb0 comp rx=0 tx=0).stop
2023-03-27T11:58:44.301 INFO:teuthology.orchestra.run.smithi098.stdout:/usr/bin/ceph: stderr
2023-03-27T11:58:43.726+0000 7fd2cdb28700 1 -- 172.21.15.98:0/97446549 shutdown_connections
2023-03-27T11:58:44.301 INFO:teuthology.orchestra.run.smithi098.stdout:/usr/bin/ceph: stderr
2023-03-27T11:58:43.726+0000 7fd2cdb28700 1 --2- 172.21.15.98:0/97446549 >> [v2:172.21.15.98:3300/0,v1:172.21.15.98:6789/0] conn(0x7fd2c81069a0 0x7fd2c8106db0 unknown :-1 s=CLOSED pgs=41 cs=0 l=1 rev1=1 crypto rx=0 tx=0 comp rx=0 tx=0).stop
2023-03-27T11:58:44.301 INFO:teuthology.orchestra.run.smithi098.stdout:/usr/bin/ceph: stderr
2023-03-27T11:58:43.726+0000 7fd2cdb28700 1 -- 172.21.15.98:0/97446549 >> 172.21.15.98:0/97446549 conn(0x7fd2c80ff090 msgr2=0x7fd2c81014a0 unknown :-1 s=STATE_NONE l=0).mark_down
2023-03-27T11:58:44.301 INFO:teuthology.orchestra.run.smithi098.stdout:/usr/bin/ceph: stderr
2023-03-27T11:58:43.726+0000 7fd2cdb28700 1 -- 172.21.15.98:0/97446549 shutdown_connections
2023-03-27T11:58:44.301 INFO:teuthology.orchestra.run.smithi098.stdout:/usr/bin/ceph: stderr
2023-03-27T11:58:43.726+0000 7fd2cdb28700 1 -- 172.21.15.98:0/97446549 wait complete.
2023-03-27T11:58:44.301 INFO:teuthology.orchestra.run.smithi098.stdout:/usr/bin/ceph: stderr
2023-03-27T11:58:43.727+0000 7fd2cdb28700 1 Processor -- start
2023-03-27T11:58:44.301 INFO:teuthology.orchestra.run.smithi098.stdout:/usr/bin/ceph: stderr
2023-03-27T11:58:43.727+0000 7fd2cdb28700 1 -- start start
2023-03-27T11:58:44.301 INFO:teuthology.orchestra.run.smithi098.stdout:/usr/bin/ceph: stderr
2023-03-27T11:58:43.727+0000 7fd2cdb28700 1 --2- >> [v2:172.21.15.98:3300/0,v1:172.21.15.98:6789/0] conn(0x7fd2c81069a0 0x7fd2c8199080 unknown :-1 s=NONE pgs=0 cs=0 l=1 rev1=0 crypto rx=0 tx=0 comp rx=0 tx=0).connect
2023-03-27T11:58:44.302 INFO:teuthology.orchestra.run.smithi098.stdout:/usr/bin/ceph: stderr
2023-03-27T11:58:43.727+0000 7fd2cdb28700 1 -- --> [v2:172.21.15.98:3300/0,v1:172.21.15.98:6789/0] -- mon_getmap magic: 0 v1 -- 0x7fd2c81995c0 con 0x7fd2c81069a0
2023-03-27T11:58:44.302 INFO:teuthology.orchestra.run.smithi098.stdout:/usr/bin/ceph: stderr
2023-03-27T11:58:43.727+0000 7fd2c77fe700 1 --2- >> [v2:172.21.15.98:3300/0,v1:172.21.15.98:6789/0] conn(0x7fd2c81069a0 0x7fd2c8199080 unknown :-1 s=BANNER_CONNECTING pgs=0 cs=0 l=1 rev1=0 crypto rx=0 tx=0 comp rx=0 tx=0)._handle_peer_banner_payload supported=3 required=0
2023-03-27T11:58:44.302 INFO:teuthology.orchestra.run.smithi098.stdout:/usr/bin/ceph: stderr
2023-03-27T11:58:43.727+0000 7fd2c77fe700 1 --2- >> [v2:172.21.15.98:3300/0,v1:172.21.15.98:6789/0] conn(0x7fd2c81069a0 0x7fd2c8199080 unknown :-1 s=HELLO_CONNECTING pgs=0 cs=0 l=1 rev1=1 crypto rx=0 tx=0 comp rx=0 tx=0).handle_hello peer v2:172.21.15.98:3300/0 says I am v2:172.21.15.98:47096/0 (socket says 172.21.15.98:47096)
2023-03-27T11:58:44.302 INFO:teuthology.orchestra.run.smithi098.stdout:/usr/bin/ceph: stderr
2023-03-27T11:58:43.727+0000 7fd2c77fe700 1 -- 172.21.15.98:0/640666908 learned_addr learned my addr 172.21.15.98:0/640666908 (peer_addr_for_me v2:172.21.15.98:0/0)
2023-03-27T11:58:44.302 INFO:teuthology.orchestra.run.smithi098.stdout:/usr/bin/ceph: stderr
2023-03-27T11:58:43.728+0000 7fd2c77fe700 1 -- 172.21.15.98:0/640666908 --> [v2:172.21.15.98:3300/0,v1:172.21.15.98:6789/0] -- mon_subscribe({config=0+,monmap=0+}) v3 -- 0x7fd2b0009550 con 0x7fd2c81069a0
2023-03-27T11:58:44.302 INFO:teuthology.orchestra.run.smithi098.stdout:/usr/bin/ceph: stderr
2023-03-27T11:58:43.728+0000 7fd2c77fe700 1 --2- 172.21.15.98:0/640666908 >> [v2:172.21.15.98:3300/0,v1:172.21.15.98:6789/0] conn(0x7fd2c81069a0 0x7fd2c8199080 secure :-1 s=READY pgs=42 cs=0 l=1 rev1=1 crypto rx=0x7fd2b0009fb0 tx=0x7fd2b0011ad0 comp rx=0 tx=0).ready entity=mon.0 client_cookie=0 server_cookie=0 in_seq=0 out_seq=0
2023-03-27T11:58:44.302 INFO:teuthology.orchestra.run.smithi098.stdout:/usr/bin/ceph: stderr
2023-03-27T11:58:43.728+0000 7fd2c4ff9700 1 -- 172.21.15.98:0/640666908 <== mon.0 v2:172.21.15.98:3300/0 1 ==== mon_map magic: 0 v1 ==== 205+0+0 (secure 0 0 0) 0x7fd2b0003930 con 0x7fd2c81069a0
2023-03-27T11:58:44.302 INFO:teuthology.orchestra.run.smithi098.stdout:/usr/bin/ceph: stderr
2023-03-27T11:58:43.728+0000 7fd2c4ff9700 1 -- 172.21.15.98:0/640666908 <== mon.0 v2:172.21.15.98:3300/0 2 ==== config(26 keys) v1 ==== 1074+0+0 (secure 0 0 0) 0x7fd2b0003a90 con 0x7fd2c81069a0
2023-03-27T11:58:44.303 INFO:teuthology.orchestra.run.smithi098.stdout:/usr/bin/ceph: stderr
2023-03-27T11:58:43.728+0000 7fd2cdb28700 1 -- 172.21.15.98:0/640666908 --> [v2:172.21.15.98:3300/0,v1:172.21.15.98:6789/0] -- mon_subscribe({mgrmap=0+}) v3 -- 0x7fd2c81040a0 con 0x7fd2c81069a0
2023-03-27T11:58:44.303 INFO:teuthology.orchestra.run.smithi098.stdout:/usr/bin/ceph: stderr
2023-03-27T11:58:43.728+0000 7fd2c4ff9700 1 -- 172.21.15.98:0/640666908 <== mon.0 v2:172.21.15.98:3300/0 3 ==== mon_map magic: 0 v1 ==== 205+0+0 (secure 0 0 0) 0x7fd2b0019610 con 0x7fd2c81069a0
2023-03-27T11:58:44.303 INFO:teuthology.orchestra.run.smithi098.stdout:/usr/bin/ceph: stderr
2023-03-27T11:58:43.728+0000 7fd2cdb28700 1 -- 172.21.15.98:0/640666908 --> [v2:172.21.15.98:3300/0,v1:172.21.15.98:6789/0] -- mon_subscribe({osdmap=0}) v3 -- 0x7fd2c8103f10 con 0x7fd2c81069a0
2023-03-27T11:58:44.303 INFO:teuthology.orchestra.run.smithi098.stdout:/usr/bin/ceph: stderr
2023-03-27T11:58:43.729+0000 7fd2c4ff9700 1 -- 172.21.15.98:0/640666908 <== mon.0 v2:172.21.15.98:3300/0 4 ==== mgrmap(e 8) v1 ==== 43509+0+0 (secure 0 0 0) 0x7fd2b002a020 con 0x7fd2c81069a0
2023-03-27T11:58:44.303 INFO:teuthology.orchestra.run.smithi098.stdout:/usr/bin/ceph: stderr
2023-03-27T11:58:43.729+0000 7fd2c4ff9700 1 --2- 172.21.15.98:0/640666908 >> [v2:172.21.15.98:6800/628476232,v1:172.21.15.98:6801/628476232] conn(0x7fd2b4036710 0x7fd2b4038bc0 unknown :-1 s=NONE pgs=0 cs=0 l=1 rev1=0 crypto rx=0 tx=0 comp rx=0 tx=0).connect
2023-03-27T11:58:44.303 INFO:teuthology.orchestra.run.smithi098.stdout:/usr/bin/ceph: stderr
2023-03-27T11:58:43.729+0000 7fd2c4ff9700 1 -- 172.21.15.98:0/640666908 <== mon.0 v2:172.21.15.98:3300/0 5 ==== osd_map(2..2 src has 1..2) v4 ==== 940+0+0 (secure 0 0 0) 0x7fd2b0049cf0 con 0x7fd2c81069a0
2023-03-27T11:58:44.303 INFO:teuthology.orchestra.run.smithi098.stdout:/usr/bin/ceph: stderr
2023-03-27T11:58:43.729+0000 7fd2cdb28700 1 -- 172.21.15.98:0/640666908 --> [v2:172.21.15.98:3300/0,v1:172.21.15.98:6789/0] -- mon_command({"prefix": "get_command_descriptions"} v 0) v1 -- 0x7fd2c8061e00 con 0x7fd2c81069a0
2023-03-27T11:58:44.304 INFO:teuthology.orchestra.run.smithi098.stdout:/usr/bin/ceph: stderr
2023-03-27T11:58:43.729+0000 7fd2c6ffd700 1 --2- 172.21.15.98:0/640666908 >> [v2:172.21.15.98:6800/628476232,v1:172.21.15.98:6801/628476232] conn(0x7fd2b4036710 0x7fd2b4038bc0 unknown :-1 s=BANNER_CONNECTING pgs=0 cs=0 l=1 rev1=0 crypto rx=0 tx=0 comp rx=0 tx=0)._handle_peer_banner_payload supported=3 required=0
2023-03-27T11:58:44.304 INFO:teuthology.orchestra.run.smithi098.stdout:/usr/bin/ceph: stderr
2023-03-27T11:58:43.729+0000 7fd2c6ffd700 1 --2- 172.21.15.98:0/640666908 >> [v2:172.21.15.98:6800/628476232,v1:172.21.15.98:6801/628476232] conn(0x7fd2b4036710 0x7fd2b4038bc0 secure :-1 s=READY pgs=10 cs=0 l=1 rev1=1 crypto rx=0x7fd2b8006fd0 tx=0x7fd2b8006e40 comp rx=0 tx=0).ready entity=mgr.14118 client_cookie=0 server_cookie=0 in_seq=0 out_seq=0
2023-03-27T11:58:44.304 INFO:teuthology.orchestra.run.smithi098.stdout:/usr/bin/ceph: stderr
2023-03-27T11:58:43.734+0000 7fd2c4ff9700 1 -- 172.21.15.98:0/640666908 <== mon.0 v2:172.21.15.98:3300/0 6 ==== mon_command_ack([{"prefix": "get_command_descriptions"}]=0 v0) v1 ==== 72+0+174404 (secure 0 0 0) 0x7fd2b002d440 con 0x7fd2c81069a0
2023-03-27T11:58:44.304 INFO:teuthology.orchestra.run.smithi098.stdout:/usr/bin/ceph: stderr
2023-03-27T11:58:43.917+0000 7fd2cdb28700 1 -- 172.21.15.98:0/640666908 --> [v2:172.21.15.98:6800/628476232,v1:172.21.15.98:6801/628476232] -- mgr_command(tid 0: {"prefix": "cephadm get-pub-key", "target": ["mon-mgr", ""]}) v1 -- 0x7fd2c8100570 con 0x7fd2b4036710
2023-03-27T11:58:44.304 INFO:teuthology.orchestra.run.smithi098.stdout:/usr/bin/ceph: stderr
2023-03-27T11:58:43.918+0000 7fd2c4ff9700 1 -- 172.21.15.98:0/640666908 <== mgr.14118 v2:172.21.15.98:6800/628476232 1 ==== mgr_command_reply(tid 0: 0 ) v1 ==== 8+0+595 (secure 0 0 0) 0x7fd2c8100570 con 0x7fd2b4036710
2023-03-27T11:58:44.304 INFO:teuthology.orchestra.run.smithi098.stdout:/usr/bin/ceph: stderr
2023-03-27T11:58:43.920+0000 7fd2cdb28700 1 -- 172.21.15.98:0/640666908 >> [v2:172.21.15.98:6800/628476232,v1:172.21.15.98:6801/628476232] conn(0x7fd2b4036710 msgr2=0x7fd2b4038bc0 secure :-1 s=STATE_CONNECTION_ESTABLISHED l=1).mark_down
2023-03-27T11:58:44.304 INFO:teuthology.orchestra.run.smithi098.stdout:/usr/bin/ceph: stderr
2023-03-27T11:58:43.920+0000 7fd2cdb28700 1 --2- 172.21.15.98:0/640666908 >> [v2:172.21.15.98:6800/628476232,v1:172.21.15.98:6801/628476232] conn(0x7fd2b4036710 0x7fd2b4038bc0 secure :-1 s=READY pgs=10 cs=0 l=1 rev1=1 crypto rx=0x7fd2b8006fd0 tx=0x7fd2b8006e40 comp rx=0 tx=0).stop
2023-03-27T11:58:44.304 INFO:teuthology.orchestra.run.smithi098.stdout:/usr/bin/ceph: stderr
2023-03-27T11:58:43.920+0000 7fd2cdb28700 1 -- 172.21.15.98:0/640666908 >> [v2:172.21.15.98:3300/0,v1:172.21.15.98:6789/0] conn(0x7fd2c81069a0 msgr2=0x7fd2c8199080 secure :-1 s=STATE_CONNECTION_ESTABLISHED l=1).mark_down
2023-03-27T11:58:44.305 INFO:teuthology.orchestra.run.smithi098.stdout:/usr/bin/ceph: stderr
2023-03-27T11:58:43.920+0000 7fd2cdb28700 1 --2- 172.21.15.98:0/640666908 >> [v2:172.21.15.98:3300/0,v1:172.21.15.98:6789/0] conn(0x7fd2c81069a0 0x7fd2c8199080 secure :-1 s=READY pgs=42 cs=0 l=1 rev1=1 crypto rx=0x7fd2b0009fb0 tx=0x7fd2b0011ad0 comp rx=0 tx=0).stop
2023-03-27T11:58:44.305 INFO:teuthology.orchestra.run.smithi098.stdout:/usr/bin/ceph: stderr
2023-03-27T11:58:43.920+0000 7fd2cdb28700 1 -- 172.21.15.98:0/640666908 shutdown_connections
2023-03-27T11:58:44.305 INFO:teuthology.orchestra.run.smithi098.stdout:/usr/bin/ceph: stderr
2023-03-27T11:58:43.920+0000 7fd2cdb28700 1 --2- 172.21.15.98:0/640666908 >> [v2:172.21.15.98:6800/628476232,v1:172.21.15.98:6801/628476232] conn(0x7fd2b4036710 0x7fd2b4038bc0 unknown :-1 s=CLOSED pgs=10 cs=0 l=1 rev1=1 crypto rx=0 tx=0 comp rx=0 tx=0).stop
2023-03-27T11:58:44.305 INFO:teuthology.orchestra.run.smithi098.stdout:/usr/bin/ceph: stderr
2023-03-27T11:58:43.920+0000 7fd2cdb28700 1 --2- 172.21.15.98:0/640666908 >> [v2:172.21.15.98:3300/0,v1:172.21.15.98:6789/0] conn(0x7fd2c81069a0 0x7fd2c8199080 unknown :-1 s=CLOSED pgs=42 cs=0 l=1 rev1=1 crypto rx=0 tx=0 comp rx=0 tx=0).stop
2023-03-27T11:58:44.305 INFO:teuthology.orchestra.run.smithi098.stdout:/usr/bin/ceph: stderr
2023-03-27T11:58:43.920+0000 7fd2cdb28700 1 -- 172.21.15.98:0/640666908 >> 172.21.15.98:0/640666908 conn(0x7fd2c80ff090 msgr2=0x7fd2c80ffe60 unknown :-1 s=STATE_NONE l=0).mark_down
2023-03-27T11:58:44.305 INFO:teuthology.orchestra.run.smithi098.stdout:/usr/bin/ceph: stderr
2023-03-27T11:58:43.920+0000 7fd2cdb28700 1 -- 172.21.15.98:0/640666908 shutdown_connections
2023-03-27T11:58:44.305 INFO:teuthology.orchestra.run.smithi098.stdout:/usr/bin/ceph: stderr
2023-03-27T11:58:43.920+0000 7fd2cdb28700 1 -- 172.21.15.98:0/640666908 wait complete.
2023-03-27T11:58:44.306 INFO:teuthology.orchestra.run.smithi098.stdout:Wrote public SSH key to /home/ubuntu/cephtest/ceph.pub
2023-03-27T11:58:44.306 INFO:teuthology.orchestra.run.smithi098.stdout:Adding key to root@localhost authorized_keys...
2023-03-27T11:58:44.306 INFO:teuthology.orchestra.run.smithi098.stdout:Adding host smithi098...
2023-03-27T11:58:45.090 INFO:journalctl@ceph.mon.a.smithi098.stdout:Mar 27 11:58:44 smithi098 ceph-mon[93017]: from='client.14136 -' entity='client.admin' cmd=[{"prefix": "cephadm get-pub-key", "target": ["mon-mgr", ""]}]: dispatch
2023-03-27T11:58:45.865 INFO:journalctl@ceph.mon.a.smithi098.stdout:Mar 27 11:58:45 smithi098 ceph-mon[93017]: from='client.14138 -' entity='client.admin' cmd=[{"prefix": "orch host add", "hostname": "smithi098", "addr": "172.21.15.98", "target": ["mon-mgr", ""]}]: dispatch
2023-03-27T11:58:47.252 INFO:teuthology.orchestra.run.smithi098.stdout:/usr/bin/ceph: stdout Added host 'smithi098' with addr '172.21.15.98'
2023-03-27T11:58:47.252 INFO:teuthology.orchestra.run.smithi098.stdout:/usr/bin/ceph: stderr
2023-03-27T11:58:44.770+0000 7f896a14c700 1 Processor -- start
2023-03-27T11:58:47.252 INFO:teuthology.orchestra.run.smithi098.stdout:/usr/bin/ceph: stderr
2023-03-27T11:58:44.770+0000 7f896a14c700 1 -- start start
2023-03-27T11:58:47.252 INFO:teuthology.orchestra.run.smithi098.stdout:/usr/bin/ceph: stderr
2023-03-27T11:58:44.770+0000 7f896a14c700 1 --2- >> [v2:172.21.15.98:3300/0,v1:172.21.15.98:6789/0] conn(0x7f8964104280 0x7f8964104690 unknown :-1 s=NONE pgs=0 cs=0 l=0 rev1=0 crypto rx=0 tx=0 comp rx=0 tx=0).connect
2023-03-27T11:58:47.253 INFO:teuthology.orchestra.run.smithi098.stdout:/usr/bin/ceph: stderr
2023-03-27T11:58:44.770+0000 7f896a14c700 1 -- --> [v2:172.21.15.98:3300/0,v1:172.21.15.98:6789/0] -- mon_getmap magic: 0 v1 -- 0x7f8964104bd0 con 0x7f8964104280
2023-03-27T11:58:47.253 INFO:teuthology.orchestra.run.smithi098.stdout:/usr/bin/ceph: stderr
2023-03-27T11:58:44.770+0000 7f89637fe700 1 --2- >> [v2:172.21.15.98:3300/0,v1:172.21.15.98:6789/0] conn(0x7f8964104280 0x7f8964104690 unknown :-1 s=BANNER_CONNECTING pgs=0 cs=0 l=0 rev1=0 crypto rx=0 tx=0 comp rx=0 tx=0)._handle_peer_banner_payload supported=3 required=0
2023-03-27T11:58:47.253 INFO:teuthology.orchestra.run.smithi098.stdout:/usr/bin/ceph: stderr
2023-03-27T11:58:44.771+0000 7f89637fe700 1 --2- >> [v2:172.21.15.98:3300/0,v1:172.21.15.98:6789/0] conn(0x7f8964104280 0x7f8964104690 unknown :-1 s=HELLO_CONNECTING pgs=0 cs=0 l=0 rev1=1 crypto rx=0 tx=0 comp rx=0 tx=0).handle_hello peer v2:172.21.15.98:3300/0 says I am v2:172.21.15.98:47100/0 (socket says 172.21.15.98:47100)
2023-03-27T11:58:47.253 INFO:teuthology.orchestra.run.smithi098.stdout:/usr/bin/ceph: stderr
2023-03-27T11:58:44.771+0000 7f89637fe700 1 -- 172.21.15.98:0/4053519439 learned_addr learned my addr 172.21.15.98:0/4053519439 (peer_addr_for_me v2:172.21.15.98:0/0)
2023-03-27T11:58:47.253 INFO:teuthology.orchestra.run.smithi098.stdout:/usr/bin/ceph: stderr
2023-03-27T11:58:44.771+0000 7f89637fe700 1 -- 172.21.15.98:0/4053519439 --> [v2:172.21.15.98:3300/0,v1:172.21.15.98:6789/0] -- mon_subscribe({config=0+,monmap=0+}) v3 -- 0x7f8964104d10 con 0x7f8964104280
2023-03-27T11:58:47.253 INFO:teuthology.orchestra.run.smithi098.stdout:/usr/bin/ceph: stderr
2023-03-27T11:58:44.771+0000 7f89637fe700 1 --2- 172.21.15.98:0/4053519439 >> [v2:172.21.15.98:3300/0,v1:172.21.15.98:6789/0] conn(0x7f8964104280 0x7f8964104690 secure :-1 s=READY pgs=43 cs=0 l=1 rev1=1 crypto rx=0x7f895800bb40 tx=0x7f895800be50 comp rx=0 tx=0).ready entity=mon.0 client_cookie=6d3809693f052ba0 server_cookie=0 in_seq=0 out_seq=0
2023-03-27T11:58:47.253 INFO:teuthology.orchestra.run.smithi098.stdout:/usr/bin/ceph: stderr
2023-03-27T11:58:44.771+0000 7f89627fc700 1 -- 172.21.15.98:0/4053519439 <== mon.0 v2:172.21.15.98:3300/0 1 ==== mon_map magic: 0 v1 ==== 205+0+0 (secure 0 0 0) 0x7f895800dbe0 con 0x7f8964104280
2023-03-27T11:58:47.254 INFO:teuthology.orchestra.run.smithi098.stdout:/usr/bin/ceph: stderr
2023-03-27T11:58:44.771+0000 7f89627fc700 1 -- 172.21.15.98:0/4053519439 <== mon.0 v2:172.21.15.98:3300/0 2 ==== config(26 keys) v1 ==== 1074+0+0 (secure 0 0 0) 0x7f89580044d0 con 0x7f8964104280
2023-03-27T11:58:47.254 INFO:teuthology.orchestra.run.smithi098.stdout:/usr/bin/ceph: stderr
2023-03-27T11:58:44.771+0000 7f89627fc700 1 -- 172.21.15.98:0/4053519439 <== mon.0 v2:172.21.15.98:3300/0 3 ==== mon_map magic: 0 v1 ==== 205+0+0 (secure 0 0 0) 0x7f8958010470 con 0x7f8964104280
2023-03-27T11:58:47.254 INFO:teuthology.orchestra.run.smithi098.stdout:/usr/bin/ceph: stderr
2023-03-27T11:58:44.772+0000 7f896a14c700 1 -- 172.21.15.98:0/4053519439 >> [v2:172.21.15.98:3300/0,v1:172.21.15.98:6789/0] conn(0x7f8964104280 msgr2=0x7f8964104690 secure :-1 s=STATE_CONNECTION_ESTABLISHED l=1).mark_down
2023-03-27T11:58:47.254 INFO:teuthology.orchestra.run.smithi098.stdout:/usr/bin/ceph: stderr
2023-03-27T11:58:44.772+0000 7f896a14c700 1 --2- 172.21.15.98:0/4053519439 >> [v2:172.21.15.98:3300/0,v1:172.21.15.98:6789/0] conn(0x7f8964104280 0x7f8964104690 secure :-1 s=READY pgs=43 cs=0 l=1 rev1=1 crypto rx=0x7f895800bb40 tx=0x7f895800be50 comp rx=0 tx=0).stop
2023-03-27T11:58:47.254 INFO:teuthology.orchestra.run.smithi098.stdout:/usr/bin/ceph: stderr
2023-03-27T11:58:44.772+0000 7f896a14c700 1 -- 172.21.15.98:0/4053519439 shutdown_connections
2023-03-27T11:58:47.254 INFO:teuthology.orchestra.run.smithi098.stdout:/usr/bin/ceph: stderr
2023-03-27T11:58:44.772+0000 7f896a14c700 1 --2- 172.21.15.98:0/4053519439 >> [v2:172.21.15.98:3300/0,v1:172.21.15.98:6789/0] conn(0x7f8964104280 0x7f8964104690 unknown :-1 s=CLOSED pgs=43 cs=0 l=1 rev1=1 crypto rx=0 tx=0 comp rx=0 tx=0).stop
2023-03-27T11:58:47.254 INFO:teuthology.orchestra.run.smithi098.stdout:/usr/bin/ceph: stderr
2023-03-27T11:58:44.772+0000 7f896a14c700 1 -- 172.21.15.98:0/4053519439 >> 172.21.15.98:0/4053519439 conn(0x7f89640ff910 msgr2=0x7f8964101d20 unknown :-1 s=STATE_NONE l=0).mark_down
2023-03-27T11:58:47.254 INFO:teuthology.orchestra.run.smithi098.stdout:/usr/bin/ceph: stderr
2023-03-27T11:58:44.772+0000 7f896a14c700 1 -- 172.21.15.98:0/4053519439 shutdown_connections
2023-03-27T11:58:47.255 INFO:teuthology.orchestra.run.smithi098.stdout:/usr/bin/ceph: stderr
2023-03-27T11:58:44.772+0000 7f896a14c700 1 -- 172.21.15.98:0/4053519439 wait complete.
2023-03-27T11:58:47.255 INFO:teuthology.orchestra.run.smithi098.stdout:/usr/bin/ceph: stderr
2023-03-27T11:58:44.772+0000 7f896a14c700 1 Processor -- start
2023-03-27T11:58:47.255 INFO:teuthology.orchestra.run.smithi098.stdout:/usr/bin/ceph: stderr
2023-03-27T11:58:44.773+0000 7f896a14c700 1 -- start start
2023-03-27T11:58:47.255 INFO:teuthology.orchestra.run.smithi098.stdout:/usr/bin/ceph: stderr
2023-03-27T11:58:44.773+0000 7f896a14c700 1 --2- >> [v2:172.21.15.98:3300/0,v1:172.21.15.98:6789/0] conn(0x7f8964104280 0x7f8964196ea0 unknown :-1 s=NONE pgs=0 cs=0 l=1 rev1=0 crypto rx=0 tx=0 comp rx=0 tx=0).connect
2023-03-27T11:58:47.255 INFO:teuthology.orchestra.run.smithi098.stdout:/usr/bin/ceph: stderr
2023-03-27T11:58:44.773+0000 7f896a14c700 1 -- --> [v2:172.21.15.98:3300/0,v1:172.21.15.98:6789/0] -- mon_getmap magic: 0 v1 -- 0x7f89641973e0 con 0x7f8964104280
2023-03-27T11:58:47.255 INFO:teuthology.orchestra.run.smithi098.stdout:/usr/bin/ceph: stderr
2023-03-27T11:58:44.773+0000 7f89637fe700 1 --2- >> [v2:172.21.15.98:3300/0,v1:172.21.15.98:6789/0] conn(0x7f8964104280 0x7f8964196ea0 unknown :-1 s=BANNER_CONNECTING pgs=0 cs=0 l=1 rev1=0 crypto rx=0 tx=0 comp rx=0 tx=0)._handle_peer_banner_payload supported=3 required=0
2023-03-27T11:58:47.255 INFO:teuthology.orchestra.run.smithi098.stdout:/usr/bin/ceph: stderr
2023-03-27T11:58:44.773+0000 7f89637fe700 1 --2- >> [v2:172.21.15.98:3300/0,v1:172.21.15.98:6789/0] conn(0x7f8964104280 0x7f8964196ea0 unknown :-1 s=HELLO_CONNECTING pgs=0 cs=0 l=1 rev1=1 crypto rx=0 tx=0 comp rx=0 tx=0).handle_hello peer v2:172.21.15.98:3300/0 says I am v2:172.21.15.98:47102/0 (socket says 172.21.15.98:47102)
2023-03-27T11:58:47.256 INFO:teuthology.orchestra.run.smithi098.stdout:/usr/bin/ceph: stderr
2023-03-27T11:58:44.773+0000 7f89637fe700 1 -- 172.21.15.98:0/1373831582 learned_addr learned my addr 172.21.15.98:0/1373831582 (peer_addr_for_me v2:172.21.15.98:0/0)
2023-03-27T11:58:47.256 INFO:teuthology.orchestra.run.smithi098.stdout:/usr/bin/ceph: stderr
2023-03-27T11:58:44.773+0000 7f89637fe700 1 -- 172.21.15.98:0/1373831582 --> [v2:172.21.15.98:3300/0,v1:172.21.15.98:6789/0] -- mon_subscribe({config=0+,monmap=0+}) v3 -- 0x7f895800b7f0 con 0x7f8964104280
2023-03-27T11:58:47.256 INFO:teuthology.orchestra.run.smithi098.stdout:/usr/bin/ceph: stderr
2023-03-27T11:58:44.773+0000 7f89637fe700 1 --2- 172.21.15.98:0/1373831582 >> [v2:172.21.15.98:3300/0,v1:172.21.15.98:6789/0] conn(0x7f8964104280 0x7f8964196ea0 secure :-1 s=READY pgs=44 cs=0 l=1 rev1=1 crypto rx=0x7f895800b340 tx=0x7f8958003df0 comp rx=0 tx=0).ready entity=mon.0 client_cookie=0 server_cookie=0 in_seq=0 out_seq=0
2023-03-27T11:58:47.256 INFO:teuthology.orchestra.run.smithi098.stdout:/usr/bin/ceph: stderr
2023-03-27T11:58:44.773+0000 7f8960ff9700 1 -- 172.21.15.98:0/1373831582 <== mon.0 v2:172.21.15.98:3300/0 1 ==== mon_map magic: 0 v1 ==== 205+0+0 (secure 0 0 0) 0x7f895801e070 con 0x7f8964104280
2023-03-27T11:58:47.256 INFO:teuthology.orchestra.run.smithi098.stdout:/usr/bin/ceph: stderr
2023-03-27T11:58:44.773+0000 7f8960ff9700 1 -- 172.21.15.98:0/1373831582 <== mon.0 v2:172.21.15.98:3300/0 2 ==== config(26 keys) v1 ==== 1074+0+0 (secure 0 0 0) 0x7f8958004300 con 0x7f8964104280
2023-03-27T11:58:47.256 INFO:teuthology.orchestra.run.smithi098.stdout:/usr/bin/ceph: stderr
2023-03-27T11:58:44.773+0000 7f8960ff9700 1 -- 172.21.15.98:0/1373831582 <== mon.0 v2:172.21.15.98:3300/0 3 ==== mon_map magic: 0 v1 ==== 205+0+0 (secure 0 0 0) 0x7f8958022ac0 con 0x7f8964104280
2023-03-27T11:58:47.256 INFO:teuthology.orchestra.run.smithi098.stdout:/usr/bin/ceph: stderr
2023-03-27T11:58:44.773+0000 7f896a14c700 1 -- 172.21.15.98:0/1373831582 --> [v2:172.21.15.98:3300/0,v1:172.21.15.98:6789/0] -- mon_subscribe({mgrmap=0+}) v3 -- 0x7f89641062d0 con 0x7f8964104280
2023-03-27T11:58:47.256 INFO:teuthology.orchestra.run.smithi098.stdout:/usr/bin/ceph: stderr
2023-03-27T11:58:44.773+0000 7f896a14c700 1 -- 172.21.15.98:0/1373831582 --> [v2:172.21.15.98:3300/0,v1:172.21.15.98:6789/0] -- mon_subscribe({osdmap=0}) v3 -- 0x7f8964106140 con 0x7f8964104280
2023-03-27T11:58:47.257 INFO:teuthology.orchestra.run.smithi098.stdout:/usr/bin/ceph: stderr
2023-03-27T11:58:44.774+0000 7f8960ff9700 1 -- 172.21.15.98:0/1373831582 <== mon.0 v2:172.21.15.98:3300/0 4 ==== mgrmap(e 8) v1 ==== 43509+0+0 (secure 0 0 0) 0x7f8958029030 con 0x7f8964104280
2023-03-27T11:58:47.257 INFO:teuthology.orchestra.run.smithi098.stdout:/usr/bin/ceph: stderr
