2023-05-18T18:10:55.491+0000 7fb456558700 1 --2- 172.21.15.70:0/1073190300 >> [v2:172.21.15.70:3300/0,v1:172.21.15.70:6789/0] conn(0x7fb4501065c0 0x7fb4501089a0 unknown :-1 s=CLOSED pgs=43 cs=0 l=1 rev1=1 crypto rx=0 tx=0 comp rx=0 tx=0).stop
2023-05-18T18:10:56.004 INFO:teuthology.orchestra.run.smithi070.stdout:/usr/bin/ceph: stderr
2023-05-18T18:10:55.491+0000 7fb456558700 1 -- 172.21.15.70:0/1073190300 >> 172.21.15.70:0/1073190300 conn(0x7fb4500fffa0 msgr2=0x7fb4501023f0 unknown :-1 s=STATE_NONE l=0).mark_down
2023-05-18T18:10:56.004 INFO:teuthology.orchestra.run.smithi070.stdout:/usr/bin/ceph: stderr
2023-05-18T18:10:55.491+0000 7fb456558700 1 -- 172.21.15.70:0/1073190300 shutdown_connections
2023-05-18T18:10:56.004 INFO:teuthology.orchestra.run.smithi070.stdout:/usr/bin/ceph: stderr
2023-05-18T18:10:55.491+0000 7fb456558700 1 -- 172.21.15.70:0/1073190300 wait complete.
2023-05-18T18:10:56.004 INFO:teuthology.orchestra.run.smithi070.stdout:/usr/bin/ceph: stderr
2023-05-18T18:10:55.492+0000 7fb456558700 1 Processor -- start
2023-05-18T18:10:56.005 INFO:teuthology.orchestra.run.smithi070.stdout:/usr/bin/ceph: stderr
2023-05-18T18:10:55.492+0000 7fb456558700 1 -- start start
2023-05-18T18:10:56.005 INFO:teuthology.orchestra.run.smithi070.stdout:/usr/bin/ceph: stderr
2023-05-18T18:10:55.492+0000 7fb456558700 1 --2- >> [v2:172.21.15.70:3300/0,v1:172.21.15.70:6789/0] conn(0x7fb4501065c0 0x7fb450105f20 unknown :-1 s=NONE pgs=0 cs=0 l=1 rev1=0 crypto rx=0 tx=0 comp rx=0 tx=0).connect
2023-05-18T18:10:56.005 INFO:teuthology.orchestra.run.smithi070.stdout:/usr/bin/ceph: stderr
2023-05-18T18:10:55.492+0000 7fb456558700 1 -- --> [v2:172.21.15.70:3300/0,v1:172.21.15.70:6789/0] -- mon_getmap magic: 0 v1 -- 0x7fb450106460 con 0x7fb4501065c0
2023-05-18T18:10:56.005 INFO:teuthology.orchestra.run.smithi070.stdout:/usr/bin/ceph: stderr
2023-05-18T18:10:55.492+0000 7fb44ffff700 1 --2- >> [v2:172.21.15.70:3300/0,v1:172.21.15.70:6789/0] conn(0x7fb4501065c0 0x7fb450105f20 unknown :-1 s=BANNER_CONNECTING pgs=0 cs=0 l=1 rev1=0 crypto rx=0 tx=0 comp rx=0 tx=0)._handle_peer_banner_payload supported=3 required=0
2023-05-18T18:10:56.005 INFO:teuthology.orchestra.run.smithi070.stdout:/usr/bin/ceph: stderr
2023-05-18T18:10:55.492+0000 7fb44ffff700 1 --2- >> [v2:172.21.15.70:3300/0,v1:172.21.15.70:6789/0] conn(0x7fb4501065c0 0x7fb450105f20 unknown :-1 s=HELLO_CONNECTING pgs=0 cs=0 l=1 rev1=1 crypto rx=0 tx=0 comp rx=0 tx=0).handle_hello peer v2:172.21.15.70:3300/0 says I am v2:172.21.15.70:40306/0 (socket says 172.21.15.70:40306)
2023-05-18T18:10:56.005 INFO:teuthology.orchestra.run.smithi070.stdout:/usr/bin/ceph: stderr
2023-05-18T18:10:55.492+0000 7fb44ffff700 1 -- 172.21.15.70:0/3929057259 learned_addr learned my addr 172.21.15.70:0/3929057259 (peer_addr_for_me v2:172.21.15.70:0/0)
2023-05-18T18:10:56.005 INFO:teuthology.orchestra.run.smithi070.stdout:/usr/bin/ceph: stderr
2023-05-18T18:10:55.492+0000 7fb44ffff700 1 -- 172.21.15.70:0/3929057259 --> [v2:172.21.15.70:3300/0,v1:172.21.15.70:6789/0] -- mon_subscribe({config=0+,monmap=0+}) v3 -- 0x7fb440009550 con 0x7fb4501065c0
2023-05-18T18:10:56.006 INFO:teuthology.orchestra.run.smithi070.stdout:/usr/bin/ceph: stderr
2023-05-18T18:10:55.493+0000 7fb44ffff700 1 --2- 172.21.15.70:0/3929057259 >> [v2:172.21.15.70:3300/0,v1:172.21.15.70:6789/0] conn(0x7fb4501065c0 0x7fb450105f20 secure :-1 s=READY pgs=44 cs=0 l=1 rev1=1 crypto rx=0x7fb440006af0 tx=0x7fb440011ad0 comp rx=0 tx=0).ready entity=mon.0 client_cookie=0 server_cookie=0 in_seq=0 out_seq=0
2023-05-18T18:10:56.006 INFO:teuthology.orchestra.run.smithi070.stdout:/usr/bin/ceph: stderr
2023-05-18T18:10:55.493+0000 7fb44d7fa700 1 -- 172.21.15.70:0/3929057259 <== mon.0 v2:172.21.15.70:3300/0 1 ==== mon_map magic: 0 v1 ==== 205+0+0 (secure 0 0 0) 0x7fb440003a40 con 0x7fb4501065c0
2023-05-18T18:10:56.006 INFO:teuthology.orchestra.run.smithi070.stdout:/usr/bin/ceph: stderr
2023-05-18T18:10:55.493+0000 7fb44d7fa700 1 -- 172.21.15.70:0/3929057259 <== mon.0 v2:172.21.15.70:3300/0 2 ==== config(26 keys) v1 ==== 1074+0+0 (secure 0 0 0) 0x7fb440003ba0 con 0x7fb4501065c0
2023-05-18T18:10:56.007 INFO:teuthology.orchestra.run.smithi070.stdout:/usr/bin/ceph: stderr
2023-05-18T18:10:55.493+0000 7fb456558700 1 -- 172.21.15.70:0/3929057259 --> [v2:172.21.15.70:3300/0,v1:172.21.15.70:6789/0] -- mon_subscribe({mgrmap=0+}) v3 -- 0x7fb450109c70 con 0x7fb4501065c0
2023-05-18T18:10:56.007 INFO:teuthology.orchestra.run.smithi070.stdout:/usr/bin/ceph: stderr
2023-05-18T18:10:55.493+0000 7fb44d7fa700 1 -- 172.21.15.70:0/3929057259 <== mon.0 v2:172.21.15.70:3300/0 3 ==== mon_map magic: 0 v1 ==== 205+0+0 (secure 0 0 0) 0x7fb44001a700 con 0x7fb4501065c0
2023-05-18T18:10:56.007 INFO:teuthology.orchestra.run.smithi070.stdout:/usr/bin/ceph: stderr
2023-05-18T18:10:55.493+0000 7fb456558700 1 -- 172.21.15.70:0/3929057259 --> [v2:172.21.15.70:3300/0,v1:172.21.15.70:6789/0] -- mon_subscribe({osdmap=0}) v3 -- 0x7fb450109ae0 con 0x7fb4501065c0
2023-05-18T18:10:56.007 INFO:teuthology.orchestra.run.smithi070.stdout:/usr/bin/ceph: stderr
2023-05-18T18:10:55.494+0000 7fb44d7fa700 1 -- 172.21.15.70:0/3929057259 <== mon.0 v2:172.21.15.70:3300/0 4 ==== mgrmap(e 8) v1 ==== 45483+0+0 (secure 0 0 0) 0x7fb44001a930 con 0x7fb4501065c0
2023-05-18T18:10:56.008 INFO:teuthology.orchestra.run.smithi070.stdout:/usr/bin/ceph: stderr
2023-05-18T18:10:55.494+0000 7fb44d7fa700 1 --2- 172.21.15.70:0/3929057259 >> [v2:172.21.15.70:6800/991315630,v1:172.21.15.70:6801/991315630] conn(0x7fb438038820 0x7fb43803acd0 unknown :-1 s=NONE pgs=0 cs=0 l=1 rev1=0 crypto rx=0 tx=0 comp rx=0 tx=0).connect
2023-05-18T18:10:56.008 INFO:teuthology.orchestra.run.smithi070.stdout:/usr/bin/ceph: stderr
2023-05-18T18:10:55.494+0000 7fb456558700 1 -- 172.21.15.70:0/3929057259 --> [v2:172.21.15.70:3300/0,v1:172.21.15.70:6789/0] -- mon_command({"prefix": "get_command_descriptions"} v 0) v1 -- 0x7fb450062120 con 0x7fb4501065c0
2023-05-18T18:10:56.008 INFO:teuthology.orchestra.run.smithi070.stdout:/usr/bin/ceph: stderr
2023-05-18T18:10:55.494+0000 7fb44d7fa700 1 -- 172.21.15.70:0/3929057259 <== mon.0 v2:172.21.15.70:3300/0 5 ==== osd_map(2..2 src has 1..2) v4 ==== 940+0+0 (secure 0 0 0) 0x7fb44004c8e0 con 0x7fb4501065c0
2023-05-18T18:10:56.008 INFO:teuthology.orchestra.run.smithi070.stdout:/usr/bin/ceph: stderr
2023-05-18T18:10:55.495+0000 7fb44f7fe700 1 --2- 172.21.15.70:0/3929057259 >> [v2:172.21.15.70:6800/991315630,v1:172.21.15.70:6801/991315630] conn(0x7fb438038820 0x7fb43803acd0 unknown :-1 s=BANNER_CONNECTING pgs=0 cs=0 l=1 rev1=0 crypto rx=0 tx=0 comp rx=0 tx=0)._handle_peer_banner_payload supported=3 required=0
2023-05-18T18:10:56.008 INFO:teuthology.orchestra.run.smithi070.stdout:/usr/bin/ceph: stderr
2023-05-18T18:10:55.495+0000 7fb44f7fe700 1 --2- 172.21.15.70:0/3929057259 >> [v2:172.21.15.70:6800/991315630,v1:172.21.15.70:6801/991315630] conn(0x7fb438038820 0x7fb43803acd0 secure :-1 s=READY pgs=10 cs=0 l=1 rev1=1 crypto rx=0x7fb444006fd0 tx=0x7fb444006e40 comp rx=0 tx=0).ready entity=mgr.14120 client_cookie=0 server_cookie=0 in_seq=0 out_seq=0
2023-05-18T18:10:56.008 INFO:teuthology.orchestra.run.smithi070.stdout:/usr/bin/ceph: stderr
2023-05-18T18:10:55.499+0000 7fb44d7fa700 1 -- 172.21.15.70:0/3929057259 <== mon.0 v2:172.21.15.70:3300/0 6 ==== mon_command_ack([{"prefix": "get_command_descriptions"}]=0 v0) v1 ==== 72+0+177948 (secure 0 0 0) 0x7fb440018b80 con 0x7fb4501065c0
2023-05-18T18:10:56.009 INFO:teuthology.orchestra.run.smithi070.stdout:/usr/bin/ceph: stderr
2023-05-18T18:10:55.688+0000 7fb456558700 1 -- 172.21.15.70:0/3929057259 --> [v2:172.21.15.70:6800/991315630,v1:172.21.15.70:6801/991315630] -- mgr_command(tid 0: {"prefix": "cephadm get-pub-key", "target": ["mon-mgr", ""]}) v1 -- 0x7fb450101370 con 0x7fb438038820
2023-05-18T18:10:56.009 INFO:teuthology.orchestra.run.smithi070.stdout:/usr/bin/ceph: stderr
2023-05-18T18:10:55.689+0000 7fb44d7fa700 1 -- 172.21.15.70:0/3929057259 <== mgr.14120 v2:172.21.15.70:6800/991315630 1 ==== mgr_command_reply(tid 0: 0 ) v1 ==== 8+0+595 (secure 0 0 0) 0x7fb450101370 con 0x7fb438038820
2023-05-18T18:10:56.009 INFO:teuthology.orchestra.run.smithi070.stdout:/usr/bin/ceph: stderr
2023-05-18T18:10:55.691+0000 7fb456558700 1 -- 172.21.15.70:0/3929057259 >> [v2:172.21.15.70:6800/991315630,v1:172.21.15.70:6801/991315630] conn(0x7fb438038820 msgr2=0x7fb43803acd0 secure :-1 s=STATE_CONNECTION_ESTABLISHED l=1).mark_down
2023-05-18T18:10:56.009 INFO:teuthology.orchestra.run.smithi070.stdout:/usr/bin/ceph: stderr
2023-05-18T18:10:55.691+0000 7fb456558700 1 --2- 172.21.15.70:0/3929057259 >> [v2:172.21.15.70:6800/991315630,v1:172.21.15.70:6801/991315630] conn(0x7fb438038820 0x7fb43803acd0 secure :-1 s=READY pgs=10 cs=0 l=1 rev1=1 crypto rx=0x7fb444006fd0 tx=0x7fb444006e40 comp rx=0 tx=0).stop
2023-05-18T18:10:56.010 INFO:teuthology.orchestra.run.smithi070.stdout:/usr/bin/ceph: stderr
2023-05-18T18:10:55.691+0000 7fb456558700 1 -- 172.21.15.70:0/3929057259 >> [v2:172.21.15.70:3300/0,v1:172.21.15.70:6789/0] conn(0x7fb4501065c0 msgr2=0x7fb450105f20 secure :-1 s=STATE_CONNECTION_ESTABLISHED l=1).mark_down
2023-05-18T18:10:56.010 INFO:teuthology.orchestra.run.smithi070.stdout:/usr/bin/ceph: stderr
2023-05-18T18:10:55.691+0000 7fb456558700 1 --2- 172.21.15.70:0/3929057259 >> [v2:172.21.15.70:3300/0,v1:172.21.15.70:6789/0] conn(0x7fb4501065c0 0x7fb450105f20 secure :-1 s=READY pgs=44 cs=0 l=1 rev1=1 crypto rx=0x7fb440006af0 tx=0x7fb440011ad0 comp rx=0 tx=0).stop
2023-05-18T18:10:56.010 INFO:teuthology.orchestra.run.smithi070.stdout:/usr/bin/ceph: stderr
2023-05-18T18:10:55.691+0000 7fb456558700 1 -- 172.21.15.70:0/3929057259 shutdown_connections
2023-05-18T18:10:56.010 INFO:teuthology.orchestra.run.smithi070.stdout:/usr/bin/ceph: stderr
2023-05-18T18:10:55.691+0000 7fb456558700 1 --2- 172.21.15.70:0/3929057259 >> [v2:172.21.15.70:6800/991315630,v1:172.21.15.70:6801/991315630] conn(0x7fb438038820 0x7fb43803acd0 unknown :-1 s=CLOSED pgs=10 cs=0 l=1 rev1=1 crypto rx=0 tx=0 comp rx=0 tx=0).stop
2023-05-18T18:10:56.010 INFO:teuthology.orchestra.run.smithi070.stdout:/usr/bin/ceph: stderr
2023-05-18T18:10:55.691+0000 7fb456558700 1 --2- 172.21.15.70:0/3929057259 >> [v2:172.21.15.70:3300/0,v1:172.21.15.70:6789/0] conn(0x7fb4501065c0 0x7fb450105f20 unknown :-1 s=CLOSED pgs=44 cs=0 l=1 rev1=1 crypto rx=0 tx=0 comp rx=0 tx=0).stop
2023-05-18T18:10:56.010 INFO:teuthology.orchestra.run.smithi070.stdout:/usr/bin/ceph: stderr
2023-05-18T18:10:55.691+0000 7fb456558700 1 -- 172.21.15.70:0/3929057259 >> 172.21.15.70:0/3929057259 conn(0x7fb4500fffa0 msgr2=0x7fb450100c60 unknown :-1 s=STATE_NONE l=0).mark_down
2023-05-18T18:10:56.010 INFO:teuthology.orchestra.run.smithi070.stdout:/usr/bin/ceph: stderr
2023-05-18T18:10:55.691+0000 7fb456558700 1 -- 172.21.15.70:0/3929057259 shutdown_connections
2023-05-18T18:10:56.011 INFO:teuthology.orchestra.run.smithi070.stdout:/usr/bin/ceph: stderr
2023-05-18T18:10:55.691+0000 7fb456558700 1 -- 172.21.15.70:0/3929057259 wait complete.
2023-05-18T18:10:56.011 INFO:teuthology.orchestra.run.smithi070.stdout:Wrote public SSH key to /home/ubuntu/cephtest/ceph.pub
2023-05-18T18:10:56.011 INFO:teuthology.orchestra.run.smithi070.stdout:Adding key to root@localhost authorized_keys...
2023-05-18T18:10:56.011 INFO:teuthology.orchestra.run.smithi070.stdout:Adding host smithi070...
2023-05-18T18:10:56.922 INFO:journalctl@ceph.mon.a.smithi070.stdout:May 18 18:10:56 smithi070 ceph-mon[94064]: from='client.14138 -' entity='client.admin' cmd=[{"prefix": "cephadm get-pub-key", "target": ["mon-mgr", ""]}]: dispatch
2023-05-18T18:10:57.817 INFO:journalctl@ceph.mon.a.smithi070.stdout:May 18 18:10:57 smithi070 ceph-mon[94064]: from='client.14140 -' entity='client.admin' cmd=[{"prefix": "orch host add", "hostname": "smithi070", "addr": "172.21.15.70", "target": ["mon-mgr", ""]}]: dispatch
2023-05-18T18:10:57.818 INFO:journalctl@ceph.mon.a.smithi070.stdout:May 18 18:10:57 smithi070 ceph-mon[94064]: Deploying cephadm binary to smithi070
2023-05-18T18:10:59.053 INFO:teuthology.orchestra.run.smithi070.stdout:/usr/bin/ceph: stdout Added host 'smithi070' with addr '172.21.15.70'
2023-05-18T18:10:59.054 INFO:teuthology.orchestra.run.smithi070.stdout:/usr/bin/ceph: stderr
2023-05-18T18:10:56.450+0000 7fbf3f351700 1 Processor -- start
2023-05-18T18:10:59.054 INFO:teuthology.orchestra.run.smithi070.stdout:/usr/bin/ceph: stderr
2023-05-18T18:10:56.451+0000 7fbf3f351700 1 -- start start
2023-05-18T18:10:59.054 INFO:teuthology.orchestra.run.smithi070.stdout:/usr/bin/ceph: stderr
2023-05-18T18:10:56.451+0000 7fbf3f351700 1 --2- >> [v2:172.21.15.70:3300/0,v1:172.21.15.70:6789/0] conn(0x7fbf38104980 0x7fbf38104d90 unknown :-1 s=NONE pgs=0 cs=0 l=0 rev1=0 crypto rx=0 tx=0 comp rx=0 tx=0).connect
2023-05-18T18:10:59.054 INFO:teuthology.orchestra.run.smithi070.stdout:/usr/bin/ceph: stderr
2023-05-18T18:10:56.451+0000 7fbf3f351700 1 -- --> [v2:172.21.15.70:3300/0,v1:172.21.15.70:6789/0] -- mon_getmap magic: 0 v1 -- 0x7fbf381052d0 con 0x7fbf38104980
2023-05-18T18:10:59.054 INFO:teuthology.orchestra.run.smithi070.stdout:/usr/bin/ceph: stderr
2023-05-18T18:10:56.451+0000 7fbf3d0ed700 1 --2- >> [v2:172.21.15.70:3300/0,v1:172.21.15.70:6789/0] conn(0x7fbf38104980 0x7fbf38104d90 unknown :-1 s=BANNER_CONNECTING pgs=0 cs=0 l=0 rev1=0 crypto rx=0 tx=0 comp rx=0 tx=0)._handle_peer_banner_payload supported=3 required=0
2023-05-18T18:10:59.054 INFO:teuthology.orchestra.run.smithi070.stdout:/usr/bin/ceph: stderr
2023-05-18T18:10:56.451+0000 7fbf3d0ed700 1 --2- >> [v2:172.21.15.70:3300/0,v1:172.21.15.70:6789/0] conn(0x7fbf38104980 0x7fbf38104d90 unknown :-1 s=HELLO_CONNECTING pgs=0 cs=0 l=0 rev1=1 crypto rx=0 tx=0 comp rx=0 tx=0).handle_hello peer v2:172.21.15.70:3300/0 says I am v2:172.21.15.70:40310/0 (socket says 172.21.15.70:40310)
2023-05-18T18:10:59.055 INFO:teuthology.orchestra.run.smithi070.stdout:/usr/bin/ceph: stderr
2023-05-18T18:10:56.451+0000 7fbf3d0ed700 1 -- 172.21.15.70:0/1317976397 learned_addr learned my addr 172.21.15.70:0/1317976397 (peer_addr_for_me v2:172.21.15.70:0/0)
2023-05-18T18:10:59.055 INFO:teuthology.orchestra.run.smithi070.stdout:/usr/bin/ceph: stderr
2023-05-18T18:10:56.451+0000 7fbf3d0ed700 1 -- 172.21.15.70:0/1317976397 --> [v2:172.21.15.70:3300/0,v1:172.21.15.70:6789/0] -- mon_subscribe({config=0+,monmap=0+}) v3 -- 0x7fbf38105410 con 0x7fbf38104980
2023-05-18T18:10:59.055 INFO:teuthology.orchestra.run.smithi070.stdout:/usr/bin/ceph: stderr
2023-05-18T18:10:56.451+0000 7fbf3d0ed700 1 --2- 172.21.15.70:0/1317976397 >> [v2:172.21.15.70:3300/0,v1:172.21.15.70:6789/0] conn(0x7fbf38104980 0x7fbf38104d90 secure :-1 s=READY pgs=45 cs=0 l=1 rev1=1 crypto rx=0x7fbf280098a0 tx=0x7fbf28009bb0 comp rx=0 tx=0).ready entity=mon.0 client_cookie=fa93bc0c87f29447 server_cookie=0 in_seq=0 out_seq=0
2023-05-18T18:10:59.055 INFO:teuthology.orchestra.run.smithi070.stdout:/usr/bin/ceph: stderr
2023-05-18T18:10:56.452+0000 7fbf2ffff700 1 -- 172.21.15.70:0/1317976397 <== mon.0 v2:172.21.15.70:3300/0 1 ==== mon_map magic: 0 v1 ==== 205+0+0 (secure 0 0 0) 0x7fbf28004160 con 0x7fbf38104980
2023-05-18T18:10:59.055 INFO:teuthology.orchestra.run.smithi070.stdout:/usr/bin/ceph: stderr
2023-05-18T18:10:56.452+0000 7fbf2ffff700 1 -- 172.21.15.70:0/1317976397 <== mon.0 v2:172.21.15.70:3300/0 2 ==== config(26 keys) v1 ==== 1074+0+0 (secure 0 0 0) 0x7fbf280042c0 con 0x7fbf38104980
2023-05-18T18:10:59.055 INFO:teuthology.orchestra.run.smithi070.stdout:/usr/bin/ceph: stderr
2023-05-18T18:10:56.452+0000 7fbf2ffff700 1 -- 172.21.15.70:0/1317976397 <== mon.0 v2:172.21.15.70:3300/0 3 ==== mon_map magic: 0 v1 ==== 205+0+0 (secure 0 0 0) 0x7fbf28011a00 con 0x7fbf38104980
2023-05-18T18:10:59.056 INFO:teuthology.orchestra.run.smithi070.stdout:/usr/bin/ceph: stderr
2023-05-18T18:10:56.452+0000 7fbf3f351700 1 -- 172.21.15.70:0/1317976397 >> [v2:172.21.15.70:3300/0,v1:172.21.15.70:6789/0] conn(0x7fbf38104980 msgr2=0x7fbf38104d90 secure :-1 s=STATE_CONNECTION_ESTABLISHED l=1).mark_down
2023-05-18T18:10:59.056 INFO:teuthology.orchestra.run.smithi070.stdout:/usr/bin/ceph: stderr
2023-05-18T18:10:56.452+0000 7fbf3f351700 1 --2- 172.21.15.70:0/1317976397 >> [v2:172.21.15.70:3300/0,v1:172.21.15.70:6789/0] conn(0x7fbf38104980 0x7fbf38104d90 secure :-1 s=READY pgs=45 cs=0 l=1 rev1=1 crypto rx=0x7fbf280098a0 tx=0x7fbf28009bb0 comp rx=0 tx=0).stop
2023-05-18T18:10:59.056 INFO:teuthology.orchestra.run.smithi070.stdout:/usr/bin/ceph: stderr
2023-05-18T18:10:56.452+0000 7fbf3f351700 1 -- 172.21.15.70:0/1317976397 shutdown_connections
2023-05-18T18:10:59.056 INFO:teuthology.orchestra.run.smithi070.stdout:/usr/bin/ceph: stderr
2023-05-18T18:10:56.452+0000 7fbf3f351700 1 --2- 172.21.15.70:0/1317976397 >> [v2:172.21.15.70:3300/0,v1:172.21.15.70:6789/0] conn(0x7fbf38104980 0x7fbf38104d90 unknown :-1 s=CLOSED pgs=45 cs=0 l=1 rev1=1 crypto rx=0 tx=0 comp rx=0 tx=0).stop
2023-05-18T18:10:59.056 INFO:teuthology.orchestra.run.smithi070.stdout:/usr/bin/ceph: stderr
2023-05-18T18:10:56.452+0000 7fbf3f351700 1 -- 172.21.15.70:0/1317976397 >> 172.21.15.70:0/1317976397 conn(0x7fbf380fffd0 msgr2=0x7fbf38102400 unknown :-1 s=STATE_NONE l=0).mark_down
2023-05-18T18:10:59.056 INFO:teuthology.orchestra.run.smithi070.stdout:/usr/bin/ceph: stderr
2023-05-18T18:10:56.452+0000 7fbf3f351700 1 -- 172.21.15.70:0/1317976397 shutdown_connections
2023-05-18T18:10:59.056 INFO:teuthology.orchestra.run.smithi070.stdout:/usr/bin/ceph: stderr
2023-05-18T18:10:56.452+0000 7fbf3f351700 1 -- 172.21.15.70:0/1317976397 wait complete.
2023-05-18T18:10:59.057 INFO:teuthology.orchestra.run.smithi070.stdout:/usr/bin/ceph: stderr
2023-05-18T18:10:56.453+0000 7fbf3f351700 1 Processor -- start
2023-05-18T18:10:59.057 INFO:teuthology.orchestra.run.smithi070.stdout:/usr/bin/ceph: stderr
2023-05-18T18:10:56.453+0000 7fbf3f351700 1 -- start start
2023-05-18T18:10:59.057 INFO:teuthology.orchestra.run.smithi070.stdout:/usr/bin/ceph: stderr
2023-05-18T18:10:56.453+0000 7fbf3f351700 1 --2- >> [v2:172.21.15.70:3300/0,v1:172.21.15.70:6789/0] conn(0x7fbf38104980 0x7fbf38198550 unknown :-1 s=NONE pgs=0 cs=0 l=1 rev1=0 crypto rx=0 tx=0 comp rx=0 tx=0).connect
2023-05-18T18:10:59.057 INFO:teuthology.orchestra.run.smithi070.stdout:/usr/bin/ceph: stderr
2023-05-18T18:10:56.453+0000 7fbf3f351700 1 -- --> [v2:172.21.15.70:3300/0,v1:172.21.15.70:6789/0] -- mon_getmap magic: 0 v1 -- 0x7fbf38198a90 con 0x7fbf38104980
2023-05-18T18:10:59.057 INFO:teuthology.orchestra.run.smithi070.stdout:/usr/bin/ceph: stderr
2023-05-18T18:10:56.453+0000 7fbf3d0ed700 1 --2- >> [v2:172.21.15.70:3300/0,v1:172.21.15.70:6789/0] conn(0x7fbf38104980 0x7fbf38198550 unknown :-1 s=BANNER_CONNECTING pgs=0 cs=0 l=1 rev1=0 crypto rx=0 tx=0 comp rx=0 tx=0)._handle_peer_banner_payload supported=3 required=0
2023-05-18T18:10:59.057 INFO:teuthology.orchestra.run.smithi070.stdout:/usr/bin/ceph: stderr
2023-05-18T18:10:56.454+0000 7fbf3d0ed700 1 --2- >> [v2:172.21.15.70:3300/0,v1:172.21.15.70:6789/0] conn(0x7fbf38104980 0x7fbf38198550 unknown :-1 s=HELLO_CONNECTING pgs=0 cs=0 l=1 rev1=1 crypto rx=0 tx=0 comp rx=0 tx=0).handle_hello peer v2:172.21.15.70:3300/0 says I am v2:172.21.15.70:40312/0 (socket says 172.21.15.70:40312)
2023-05-18T18:10:59.057 INFO:teuthology.orchestra.run.smithi070.stdout:/usr/bin/ceph: stderr
2023-05-18T18:10:56.454+0000 7fbf3d0ed700 1 -- 172.21.15.70:0/3316962029 learned_addr learned my addr 172.21.15.70:0/3316962029 (peer_addr_for_me v2:172.21.15.70:0/0)
2023-05-18T18:10:59.058 INFO:teuthology.orchestra.run.smithi070.stdout:/usr/bin/ceph: stderr
2023-05-18T18:10:56.454+0000 7fbf3d0ed700 1 -- 172.21.15.70:0/3316962029 --> [v2:172.21.15.70:3300/0,v1:172.21.15.70:6789/0] -- mon_subscribe({config=0+,monmap=0+}) v3 -- 0x7fbf28009550 con 0x7fbf38104980
2023-05-18T18:10:59.058 INFO:teuthology.orchestra.run.smithi070.stdout:/usr/bin/ceph: stderr
2023-05-18T18:10:56.454+0000 7fbf3d0ed700 1 --2- 172.21.15.70:0/3316962029 >> [v2:172.21.15.70:3300/0,v1:172.21.15.70:6789/0] conn(0x7fbf38104980 0x7fbf38198550 secure :-1 s=READY pgs=46 cs=0 l=1 rev1=1 crypto rx=0x7fbf28003eb0 tx=0x7fbf28003980 comp rx=0 tx=0).ready entity=mon.0 client_cookie=0 server_cookie=0 in_seq=0 out_seq=0
2023-05-18T18:10:59.058 INFO:teuthology.orchestra.run.smithi070.stdout:/usr/bin/ceph: stderr
2023-05-18T18:10:56.454+0000 7fbf2e7fc700 1 -- 172.21.15.70:0/3316962029 <== mon.0 v2:172.21.15.70:3300/0 1 ==== mon_map magic: 0 v1 ==== 205+0+0 (secure 0 0 0) 0x7fbf28003ba0 con 0x7fbf38104980
2023-05-18T18:10:59.058 INFO:teuthology.orchestra.run.smithi070.stdout:/usr/bin/ceph: stderr
2023-05-18T18:10:56.454+0000 7fbf2e7fc700 1 -- 172.21.15.70:0/3316962029 <== mon.0 v2:172.21.15.70:3300/0 2 ==== config(26 keys) v1 ==== 1074+0+0 (secure 0 0 0) 0x7fbf28020070 con 0x7fbf38104980
2023-05-18T18:10:59.058 INFO:teuthology.orchestra.run.smithi070.stdout:/usr/bin/ceph: stderr
2023-05-18T18:10:56.454+0000 7fbf3f351700 1 -- 172.21.15.70:0/3316962029 --> [v2:172.21.15.70:3300/0,v1:172.21.15.70:6789/0] -- mon_subscribe({mgrmap=0+}) v3 -- 0x7fbf381069d0 con 0x7fbf38104980
2023-05-18T18:10:59.058 INFO:teuthology.orchestra.run.smithi070.stdout:/usr/bin/ceph: stderr
2023-05-18T18:10:56.454+0000 7fbf2e7fc700 1 -- 172.21.15.70:0/3316962029 <== mon.0 v2:172.21.15.70:3300/0 3 ==== mon_map magic: 0 v1 ==== 205+0+0 (secure 0 0 0) 0x7fbf2801c670 con 0x7fbf38104980
2023-05-18T18:10:59.058 INFO:teuthology.orchestra.run.smithi070.stdout:/usr/bin/ceph: stderr
2023-05-18T18:10:56.454+0000 7fbf3f351700 1 -- 172.21.15.70:0/3316962029 --> [v2:172.21.15.70:3300/0,v1:172.21.15.70:6789/0] -- mon_subscribe({osdmap=0}) v3 -- 0x7fbf38106840 con 0x7fbf38104980
2023-05-18T18:10:59.059 INFO:teuthology.orchestra.run.smithi070.stdout:/usr/bin/ceph: stderr
2023-05-18T18:10:56.455+0000 7fbf2e7fc700 1 -- 172.21.15.70:0/3316962029 <== mon.0 v2:172.21.15.70:3300/0 4 ==== mgrmap(e 8) v1 ==== 45483+0+0 (secure 0 0 0) 0x7fbf28022030 con 0x7fbf38104980
2023-05-18T18:10:59.059 INFO:teuthology.orchestra.run.smithi070.stdout:/usr/bin/ceph: stderr
2023-05-18T18:10:56.455+0000 7fbf3f351700 1 -- 172.21.15.70:0/3316962029 --> [v2:172.21.15.70:3300/0,v1:172.21.15.70:6789/0] -- mon_command({"prefix": "get_command_descriptions"} v 0) v1 -- 0x7fbf38062120 con 0x7fbf38104980
2023-05-18T18:10:59.059 INFO:teuthology.orchestra.run.smithi070.stdout:/usr/bin/ceph: stderr
2023-05-18T18:10:56.455+0000 7fbf2e7fc700 1 --2- 172.21.15.70:0/3316962029 >> [v2:172.21.15.70:6800/991315630,v1:172.21.15.70:6801/991315630] conn(0x7fbf240387d0 0x7fbf2403ac80 unknown :-1 s=NONE pgs=0 cs=0 l=1 rev1=0 crypto rx=0 tx=0 comp rx=0 tx=0).connect
2023-05-18T18:10:59.059 INFO:teuthology.orchestra.run.smithi070.stdout:/usr/bin/ceph: stderr
2023-05-18T18:10:56.455+0000 7fbf2e7fc700 1 -- 172.21.15.70:0/3316962029 <== mon.0 v2:172.21.15.70:3300/0 5 ==== osd_map(2..2 src has 1..2) v4 ==== 940+0+0 (secure 0 0 0) 0x7fbf2804ec70 con 0x7fbf38104980
2023-05-18T18:10:59.059 INFO:teuthology.orchestra.run.smithi070.stdout:/usr/bin/ceph: stderr
2023-05-18T18:10:56.455+0000 7fbf3c8ec700 1 --2- 172.21.15.70:0/3316962029 >> [v2:172.21.15.70:6800/991315630,v1:172.21.15.70:6801/991315630] conn(0x7fbf240387d0 0x7fbf2403ac80 unknown :-1 s=BANNER_CONNECTING pgs=0 cs=0 l=1 rev1=0 crypto rx=0 tx=0 comp rx=0 tx=0)._handle_peer_banner_payload supported=3 required=0
2023-05-18T18:10:59.059 INFO:teuthology.orchestra.run.smithi070.stdout:/usr/bin/ceph: stderr
2023-05-18T18:10:56.455+0000 7fbf3c8ec700 1 --2- 172.21.15.70:0/3316962029 >> [v2:172.21.15.70:6800/991315630,v1:172.21.15.70:6801/991315630] conn(0x7fbf240387d0 0x7fbf2403ac80 secure :-1 s=READY pgs=11 cs=0 l=1 rev1=1 crypto rx=0x7fbf34006fd0 tx=0x7fbf34006e40 comp rx=0 tx=0).ready entity=mgr.14120 client_cookie=0 server_cookie=0 in_seq=0 out_seq=0
2023-05-18T18:10:59.059 INFO:teuthology.orchestra.run.smithi070.stdout:/usr/bin/ceph: stderr
2023-05-18T18:10:56.460+0000 7fbf2e7fc700 1 -- 172.21.15.70:0/3316962029 <== mon.0 v2:172.21.15.70:3300/0 6 ==== mon_command_ack([{"prefix": "get_command_descriptions"}]=0 v0) v1 ==== 72+0+177948 (secure 0 0 0) 0x7fbf2802d580 con 0x7fbf38104980
2023-05-18T18:10:59.060 INFO:teuthology.orchestra.run.smithi070.stdout:/usr/bin/ceph: stderr
2023-05-18T18:10:56.649+0000 7fbf3f351700 1 -- 172.21.15.70:0/3316962029 --> [v2:172.21.15.70:6800/991315630,v1:172.21.15.70:6801/991315630] -- mgr_command(tid 0: {"prefix": "orch host add", "hostname": "smithi070", "addr": "172.21.15.70", "target": ["mon-mgr", ""]}) v1 -- 0x7fbf38101340 con 0x7fbf240387d0
2023-05-18T18:10:59.060 INFO:teuthology.orchestra.run.smithi070.stdout:/usr/bin/ceph: stderr
2023-05-18T18:10:58.703+0000 7fbf2e7fc700 1 -- 172.21.15.70:0/3316962029 <== mgr.14120 v2:172.21.15.70:6800/991315630 1 ==== mgr_command_reply(tid 0: 0 ) v1 ==== 8+0+48 (secure 0 0 0) 0x7fbf38101340 con 0x7fbf240387d0
2023-05-18T18:10:59.060 INFO:teuthology.orchestra.run.smithi070.stdout:/usr/bin/ceph: stderr
2023-05-18T18:10:58.705+0000 7fbf3f351700 1 -- 172.21.15.70:0/3316962029 >> [v2:172.21.15.70:6800/991315630,v1:172.21.15.70:6801/991315630] conn(0x7fbf240387d0 msgr2=0x7fbf2403ac80 secure :-1 s=STATE_CONNECTION_ESTABLISHED l=1).mark_down
2023-05-18T18:10:59.060 INFO:teuthology.orchestra.run.smithi070.stdout:/usr/bin/ceph: stderr
2023-05-18T18:10:58.705+0000 7fbf3f351700 1 --2- 172.21.15.70:0/3316962029 >> [v2:172.21.15.70:6800/991315630,v1:172.21.15.70:6801/991315630] conn(0x7fbf240387d0 0x7fbf2403ac80 secure :-1 s=READY pgs=11 cs=0 l=1 rev1=1 crypto rx=0x7fbf34006fd0 tx=0x7fbf34006e40 comp rx=0 tx=0).stop
2023-05-18T18:10:59.060 INFO:teuthology.orchestra.run.smithi070.stdout:/usr/bin/ceph: stderr
2023-05-18T18:10:58.706+0000 7fbf3f351700 1 -- 172.21.15.70:0/3316962029 >> [v2:172.21.15.70:3300/0,v1:172.21.15.70:6789/0] conn(0x7fbf38104980 msgr2=0x7fbf38198550 secure :-1 s=STATE_CONNECTION_ESTABLISHED l=1).mark_down
2023-05-18T18:10:59.060 INFO:teuthology.orchestra.run.smithi070.stdout:/usr/bin/ceph: stderr
2023-05-18T18:10:58.706+0000 7fbf3f351700 1 --2- 172.21.15.70:0/3316962029 >> [v2:172.21.15.70:3300/0,v1:172.21.15.70:6789/0] conn(0x7fbf38104980 0x7fbf38198550 secure :-1 s=READY pgs=46 cs=0 l=1 rev1=1 crypto rx=0x7fbf28003eb0 tx=0x7fbf28003980 comp rx=0 tx=0).stop
2023-05-18T18:10:59.061 INFO:teuthology.orchestra.run.smithi070.stdout:/usr/bin/ceph: stderr
2023-05-18T18:10:58.706+0000 7fbf3f351700 1 -- 172.21.15.70:0/3316962029 shutdown_connections
2023-05-18T18:10:59.061 INFO:teuthology.orchestra.run.smithi070.stdout:/usr/bin/ceph: stderr
2023-05-18T18:10:58.706+0000 7fbf3f351700 1 --2- 172.21.15.70:0/3316962029 >> [v2:172.21.15.70:6800/991315630,v1:172.21.15.70:6801/991315630] conn(0x7fbf240387d0 0x7fbf2403ac80 unknown :-1 s=CLOSED pgs=11 cs=0 l=1 rev1=1 crypto rx=0 tx=0 comp rx=0 tx=0).stop
2023-05-18T18:10:59.061 INFO:teuthology.orchestra.run.smithi070.stdout:/usr/bin/ceph: stderr
2023-05-18T18:10:58.706+0000 7fbf3f351700 1 --2- 172.21.15.70:0/3316962029 >> [v2:172.21.15.70:3300/0,v1:172.21.15.70:6789/0] conn(0x7fbf38104980 0x7fbf38198550 unknown :-1 s=CLOSED pgs=46 cs=0 l=1 rev1=1 crypto rx=0 tx=0 comp rx=0 tx=0).stop
2023-05-18T18:10:59.061 INFO:teuthology.orchestra.run.smithi070.stdout:/usr/bin/ceph: stderr
2023-05-18T18:10:58.706+0000 7fbf3f351700 1 -- 172.21.15.70:0/3316962029 >> 172.21.15.70:0/3316962029 conn(0x7fbf380fffd0 msgr2=0x7fbf38100c30 unknown :-1 s=STATE_NONE l=0).mark_down
2023-05-18T18:10:59.061 INFO:teuthology.orchestra.run.smithi070.stdout:/usr/bin/ceph: stderr
2023-05-18T18:10:58.706+0000 7fbf3f351700 1 -- 172.21.15.70:0/3316962029 shutdown_connections
2023-05-18T18:10:59.061 INFO:teuthology.orchestra.run.smithi070.stdout:/usr/bin/ceph: stderr
2023-05-18T18:10:58.706+0000 7fbf3f351700 1 -- 172.21.15.70:0/3316962029 wait complete.
2023-05-18T18:10:59.061 INFO:teuthology.orchestra.run.smithi070.stdout:Deploying unmanaged mon service...
2023-05-18T18:11:00.047 INFO:journalctl@ceph.mon.a.smithi070.stdout:May 18 18:10:59 smithi070 ceph-mon[94064]: from='mgr.14120 172.21.15.70:0/468644885' entity='mgr.x'
2023-05-18T18:11:00.047 INFO:journalctl@ceph.mon.a.smithi070.stdout:May 18 18:10:59 smithi070 ceph-mon[94064]: Added host smithi070
2023-05-18T18:11:00.048 INFO:journalctl@ceph.mon.a.smithi070.stdout:May 18 18:10:59 smithi070 ceph-mon[94064]: from='mgr.14120 172.21.15.70:0/468644885' entity='mgr.x' cmd=[{"prefix": "config dump", "format": "json"}]: dispatch
2023-05-18T18:11:00.099 INFO:teuthology.orchestra.run.smithi070.stdout:/usr/bin/ceph: stdout Scheduled mon update...
2023-05-18T18:11:00.099 INFO:teuthology.orchestra.run.smithi070.stdout:/usr/bin/ceph: stderr
2023-05-18T18:10:59.507+0000 7fc4801cd700 1 Processor -- start
2023-05-18T18:11:00.099 INFO:teuthology.orchestra.run.smithi070.stdout:/usr/bin/ceph: stderr
2023-05-18T18:10:59.507+0000 7fc4801cd700 1 -- start start
2023-05-18T18:11:00.100 INFO:teuthology.orchestra.run.smithi070.stdout:/usr/bin/ceph: stderr
2023-05-18T18:10:59.507+0000 7fc4801cd700 1 --2- >> [v2:172.21.15.70:3300/0,v1:172.21.15.70:6789/0] conn(0x7fc478106590 0x7fc478108970 unknown :-1 s=NONE pgs=0 cs=0 l=0 rev1=0 crypto rx=0 tx=0 comp rx=0 tx=0).connect
2023-05-18T18:11:00.100 INFO:teuthology.orchestra.run.smithi070.stdout:/usr/bin/ceph: stderr
2023-05-18T18:10:59.507+0000 7fc4801cd700 1 -- --> [v2:172.21.15.70:3300/0,v1:172.21.15.70:6789/0] -- mon_getmap magic: 0 v1 -- 0x7fc4780740c0 con 0x7fc478106590
2023-05-18T18:11:00.100 INFO:teuthology.orchestra.run.smithi070.stdout:/usr/bin/ceph: stderr
2023-05-18T18:10:59.508+0000 7fc47df69700 1 --2- >> [v2:172.21.15.70:3300/0,v1:172.21.15.70:6789/0] conn(0x7fc478106590 0x7fc478108970 unknown :-1 s=BANNER_CONNECTING pgs=0 cs=0 l=0 rev1=0 crypto rx=0 tx=0 comp rx=0 tx=0)._handle_peer_banner_payload supported=3 required=0
2023-05-18T18:11:00.100 INFO:teuthology.orchestra.run.smithi070.stdout:/usr/bin/ceph: stderr
2023-05-18T18:10:59.508+0000 7fc47df69700 1 --2- >> [v2:172.21.15.70:3300/0,v1:172.21.15.70:6789/0] conn(0x7fc478106590 0x7fc478108970 unknown :-1 s=HELLO_CONNECTING pgs=0 cs=0 l=0 rev1=1 crypto rx=0 tx=0 comp rx=0 tx=0).handle_hello peer v2:172.21.15.70:3300/0 says I am v2:172.21.15.70:40346/0 (socket says 172.21.15.70:40346)
2023-05-18T18:11:00.100 INFO:teuthology.orchestra.run.smithi070.stdout:/usr/bin/ceph: stderr
2023-05-18T18:10:59.508+0000 7fc47df69700 1 -- 172.21.15.70:0/174791403 learned_addr learned my addr 172.21.15.70:0/174791403 (peer_addr_for_me v2:172.21.15.70:0/0)
2023-05-18T18:11:00.100 INFO:teuthology.orchestra.run.smithi070.stdout:/usr/bin/ceph: stderr
2023-05-18T18:10:59.508+0000 7fc47df69700 1 -- 172.21.15.70:0/174791403 --> [v2:172.21.15.70:3300/0,v1:172.21.15.70:6789/0] -- mon_subscribe({config=0+,monmap=0+}) v3 -- 0x7fc478074200 con 0x7fc478106590
2023-05-18T18:11:00.100 INFO:teuthology.orchestra.run.smithi070.stdout:/usr/bin/ceph: stderr
2023-05-18T18:10:59.508+0000 7fc47df69700 1 --2- 172.21.15.70:0/174791403 >> [v2:172.21.15.70:3300/0,v1:172.21.15.70:6789/0] conn(0x7fc478106590 0x7fc478108970 secure :-1 s=READY pgs=47 cs=0 l=1 rev1=1 crypto rx=0x7fc4680098a0 tx=0x7fc468009bb0 comp rx=0 tx=0).ready entity=mon.0 client_cookie=974e831669c8cec0 server_cookie=0 in_seq=0 out_seq=0
2023-05-18T18:11:00.101 INFO:teuthology.orchestra.run.smithi070.stdout:/usr/bin/ceph: stderr
2023-05-18T18:10:59.508+0000 7fc47cf67700 1 -- 172.21.15.70:0/174791403 <== mon.0 v2:172.21.15.70:3300/0 1 ==== mon_map magic: 0 v1 ==== 205+0+0 (secure 0 0 0) 0x7fc468004160 con 0x7fc478106590
2023-05-18T18:11:00.101 INFO:teuthology.orchestra.run.smithi070.stdout:/usr/bin/ceph: stderr
2023-05-18T18:10:59.508+0000 7fc47cf67700 1 -- 172.21.15.70:0/174791403 <== mon.0 v2:172.21.15.70:3300/0 2 ==== config(26 keys) v1 ==== 1074+0+0 (secure 0 0 0) 0x7fc4680042c0 con 0x7fc478106590
2023-05-18T18:11:00.101 INFO:teuthology.orchestra.run.smithi070.stdout:/usr/bin/ceph: stderr
2023-05-18T18:10:59.508+0000 7fc47cf67700 1 -- 172.21.15.70:0/174791403 <== mon.0 v2:172.21.15.70:3300/0 3 ==== mon_map magic: 0 v1 ==== 205+0+0 (secure 0 0 0) 0x7fc468011a00 con 0x7fc478106590
2023-05-18T18:11:00.101 INFO:teuthology.orchestra.run.smithi070.stdout:/usr/bin/ceph: stderr
2023-05-18T18:10:59.509+0000 7fc4801cd700 1 -- 172.21.15.70:0/174791403 >> [v2:172.21.15.70:3300/0,v1:172.21.15.70:6789/0] conn(0x7fc478106590 msgr2=0x7fc478108970 secure :-1 s=STATE_CONNECTION_ESTABLISHED l=1).mark_down
2023-05-18T18:11:00.101 INFO:teuthology.orchestra.run.smithi070.stdout:/usr/bin/ceph: stderr
2023-05-18T18:10:59.509+0000 7fc4801cd700 1 --2- 172.21.15.70:0/174791403 >> [v2:172.21.15.70:3300/0,v1:172.21.15.70:6789/0] conn(0x7fc478106590 0x7fc478108970 secure :-1 s=READY pgs=47 cs=0 l=1 rev1=1 crypto rx=0x7fc4680098a0 tx=0x7fc468009bb0 comp rx=0 tx=0).stop
2023-05-18T18:11:00.101 INFO:teuthology.orchestra.run.smithi070.stdout:/usr/bin/ceph: stderr
2023-05-18T18:10:59.509+0000 7fc4801cd700 1 -- 172.21.15.70:0/174791403 shutdown_connections
2023-05-18T18:11:00.101 INFO:teuthology.orchestra.run.smithi070.stdout:/usr/bin/ceph: stderr
2023-05-18T18:10:59.509+0000 7fc4801cd700 1 --2- 172.21.15.70:0/174791403 >> [v2:172.21.15.70:3300/0,v1:172.21.15.70:6789/0] conn(0x7fc478106590 0x7fc478108970 unknown :-1 s=CLOSED pgs=47 cs=0 l=1 rev1=1 crypto rx=0 tx=0 comp rx=0 tx=0).stop
2023-05-18T18:11:00.102 INFO:teuthology.orchestra.run.smithi070.stdout:/usr/bin/ceph: stderr
2023-05-18T18:10:59.509+0000 7fc4801cd700 1 -- 172.21.15.70:0/174791403 >> 172.21.15.70:0/174791403 conn(0x7fc4780fffd0 msgr2=0x7fc478102400 unknown :-1 s=STATE_NONE l=0).mark_down
2023-05-18T18:11:00.102 INFO:teuthology.orchestra.run.smithi070.stdout:/usr/bin/ceph: stderr
2023-05-18T18:10:59.509+0000 7fc4801cd700 1 -- 172.21.15.70:0/174791403 shutdown_connections
2023-05-18T18:11:00.102 INFO:teuthology.orchestra.run.smithi070.stdout:/usr/bin/ceph: stderr
2023-05-18T18:10:59.509+0000 7fc4801cd700 1 -- 172.21.15.70:0/174791403 wait complete.
2023-05-18T18:11:00.103 INFO:teuthology.orchestra.run.smithi070.stdout:/usr/bin/ceph: stderr
2023-05-18T18:10:59.510+0000 7fc4801cd700 1 Processor -- start
2023-05-18T18:11:00.103 INFO:teuthology.orchestra.run.smithi070.stdout:/usr/bin/ceph: stderr
2023-05-18T18:10:59.510+0000 7fc4801cd700 1 -- start start
2023-05-18T18:11:00.103 INFO:teuthology.orchestra.run.smithi070.stdout:/usr/bin/ceph: stderr
2023-05-18T18:10:59.510+0000 7fc4801cd700 1 --2- >> [v2:172.21.15.70:3300/0,v1:172.21.15.70:6789/0] conn(0x7fc478106590 0x7fc478105ef0 unknown :-1 s=NONE pgs=0 cs=0 l=1 rev1=0 crypto rx=0 tx=0 comp rx=0 tx=0).connect
2023-05-18T18:11:00.104 INFO:teuthology.orchestra.run.smithi070.stdout:/usr/bin/ceph: stderr
2023-05-18T18:10:59.510+0000 7fc4801cd700 1 -- --> [v2:172.21.15.70:3300/0,v1:172.21.15.70:6789/0] -- mon_getmap magic: 0 v1 -- 0x7fc478106430 con 0x7fc478106590
2023-05-18T18:11:00.104 INFO:teuthology.orchestra.run.smithi070.stdout:/usr/bin/ceph: stderr
2023-05-18T18:10:59.510+0000 7fc47df69700 1 --2- >> [v2:172.21.15.70:3300/0,v1:172.21.15.70:6789/0] conn(0x7fc478106590 0x7fc478105ef0 unknown :-1 s=BANNER_CONNECTING pgs=0 cs=0 l=1 rev1=0 crypto rx=0 tx=0 comp rx=0 tx=0)._handle_peer_banner_payload supported=3 required=0
2023-05-18T18:11:00.104 INFO:teuthology.orchestra.run.smithi070.stdout:/usr/bin/ceph: stderr
2023-05-18T18:10:59.510+0000 7fc47df69700 1 --2- >> [v2:172.21.15.70:3300/0,v1:172.21.15.70:6789/0] conn(0x7fc478106590 0x7fc478105ef0 unknown :-1 s=HELLO_CONNECTING pgs=0 cs=0 l=1 rev1=1 crypto rx=0 tx=0 comp rx=0 tx=0).handle_hello peer v2:172.21.15.70:3300/0 says I am v2:172.21.15.70:40348/0 (socket says 172.21.15.70:40348)
2023-05-18T18:11:00.104 INFO:teuthology.orchestra.run.smithi070.stdout:/usr/bin/ceph: stderr
2023-05-18T18:10:59.510+0000 7fc47df69700 1 -- 172.21.15.70:0/100195285 learned_addr learned my addr 172.21.15.70:0/100195285 (peer_addr_for_me v2:172.21.15.70:0/0)
2023-05-18T18:11:00.105 INFO:teuthology.orchestra.run.smithi070.stdout:/usr/bin/ceph: stderr
2023-05-18T18:10:59.510+0000 7fc47df69700 1 -- 172.21.15.70:0/100195285 --> [v2:172.21.15.70:3300/0,v1:172.21.15.70:6789/0] -- mon_subscribe({config=0+,monmap=0+}) v3 -- 0x7fc468009550 con 0x7fc478106590
2023-05-18T18:11:00.105 INFO:teuthology.orchestra.run.smithi070.stdout:/usr/bin/ceph: stderr
2023-05-18T18:10:59.510+0000 7fc47df69700 1 --2- 172.21.15.70:0/100195285 >> [v2:172.21.15.70:3300/0,v1:172.21.15.70:6789/0] conn(0x7fc478106590 0x7fc478105ef0 secure :-1 s=READY pgs=48 cs=0 l=1 rev1=1 crypto rx=0x7fc468006af0 tx=0x7fc468011ad0 comp rx=0 tx=0).ready entity=mon.0 client_cookie=0 server_cookie=0 in_seq=0 out_seq=0
2023-05-18T18:11:00.105 INFO:teuthology.orchestra.run.smithi070.stdout:/usr/bin/ceph: stderr
2023-05-18T18:10:59.510+0000 7fc46effd700 1 -- 172.21.15.70:0/100195285 <== mon.0 v2:172.21.15.70:3300/0 1 ==== mon_map magic: 0 v1 ==== 205+0+0 (secure 0 0 0) 0x7fc468003a40 con 0x7fc478106590
2023-05-18T18:11:00.106 INFO:teuthology.orchestra.run.smithi070.stdout:/usr/bin/ceph: stderr
2023-05-18T18:10:59.510+0000 7fc46effd700 1 -- 172.21.15.70:0/100195285 <== mon.0 v2:172.21.15.70:3300/0 2 ==== config(26 keys) v1 ==== 1074+0+0 (secure 0 0 0) 0x7fc468003ba0 con 0x7fc478106590
2023-05-18T18:11:00.106 INFO:teuthology.orchestra.run.smithi070.stdout:/usr/bin/ceph: stderr
2023-05-18T18:10:59.510+0000 7fc4801cd700 1 -- 172.21.15.70:0/100195285 --> [v2:172.21.15.70:3300/0,v1:172.21.15.70:6789/0] -- mon_subscribe({mgrmap=0+}) v3 -- 0x7fc478109d10 con 0x7fc478106590
2023-05-18T18:11:00.106 INFO:teuthology.orchestra.run.smithi070.stdout:/usr/bin/ceph: stderr
2023-05-18T18:10:59.511+0000 7fc46effd700 1 -- 172.21.15.70:0/100195285 <== mon.0 v2:172.21.15.70:3300/0 3 ==== mon_map magic: 0 v1 ==== 205+0+0 (secure 0 0 0) 0x7fc46801a700 con 0x7fc478106590
2023-05-18T18:11:00.106 INFO:teuthology.orchestra.run.smithi070.stdout:/usr/bin/ceph: stderr
2023-05-18T18:10:59.511+0000 7fc4801cd700 1 -- 172.21.15.70:0/100195285 --> [v2:172.21.15.70:3300/0,v1:172.21.15.70:6789/0] -- mon_subscribe({osdmap=0}) v3 -- 0x7fc478109b80 con 0x7fc478106590
2023-05-18T18:11:00.106 INFO:teuthology.orchestra.run.smithi070.stdout:/usr/bin/ceph: stderr
2023-05-18T18:10:59.511+0000 7fc46effd700 1 -- 172.21.15.70:0/100195285 <== mon.0 v2:172.21.15.70:3300/0 4 ==== mgrmap(e 8) v1 ==== 45483+0+0 (secure 0 0 0) 0x7fc46801a980 con 0x7fc478106590
2023-05-18T18:11:00.106 INFO:teuthology.orchestra.run.smithi070.stdout:/usr/bin/ceph: stderr
2023-05-18T18:10:59.512+0000 7fc4801cd700 1 -- 172.21.15.70:0/100195285 --> [v2:172.21.15.70:3300/0,v1:172.21.15.70:6789/0] -- mon_command({"prefix": "get_command_descriptions"} v 0) v1 -- 0x7fc478062120 con 0x7fc478106590
2023-05-18T18:11:00.107 INFO:teuthology.orchestra.run.smithi070.stdout:/usr/bin/ceph: stderr
2023-05-18T18:10:59.512+0000 7fc46effd700 1 --2- 172.21.15.70:0/100195285 >> [v2:172.21.15.70:6800/991315630,v1:172.21.15.70:6801/991315630] conn(0x7fc4640387d0 0x7fc46403ac80 unknown :-1 s=NONE pgs=0 cs=0 l=1 rev1=0 crypto rx=0 tx=0 comp rx=0 tx=0).connect
2023-05-18T18:11:00.107 INFO:teuthology.orchestra.run.smithi070.stdout:/usr/bin/ceph: stderr
2023-05-18T18:10:59.512+0000 7fc46effd700 1 -- 172.21.15.70:0/100195285 <== mon.0 v2:172.21.15.70:3300/0 5 ==== osd_map(2..2 src has 1..2) v4 ==== 940+0+0 (secure 0 0 0) 0x7fc46804c8c0 con 0x7fc478106590
2023-05-18T18:11:00.107 INFO:teuthology.orchestra.run.smithi070.stdout:/usr/bin/ceph: stderr
2023-05-18T18:10:59.512+0000 7fc47d768700 1 --2- 172.21.15.70:0/100195285 >> [v2:172.21.15.70:6800/991315630,v1:172.21.15.70:6801/991315630] conn(0x7fc4640387d0 0x7fc46403ac80 unknown :-1 s=BANNER_CONNECTING pgs=0 cs=0 l=1 rev1=0 crypto rx=0 tx=0 comp rx=0 tx=0)._handle_peer_banner_payload supported=3 required=0
2023-05-18T18:11:00.107 INFO:teuthology.orchestra.run.smithi070.stdout:/usr/bin/ceph: stderr
2023-05-18T18:10:59.512+0000 7fc47d768700 1 --2- 172.21.15.70:0/100195285 >> [v2:172.21.15.70:6800/991315630,v1:172.21.15.70:6801/991315630] conn(0x7fc4640387d0 0x7fc46403ac80 secure :-1 s=READY pgs=12 cs=0 l=1 rev1=1 crypto rx=0x7fc474006fd0 tx=0x7fc474006e40 comp rx=0 tx=0).ready entity=mgr.14120 client_cookie=0 server_cookie=0 in_seq=0 out_seq=0
2023-05-18T18:11:00.107 INFO:teuthology.orchestra.run.smithi070.stdout:/usr/bin/ceph: stderr
2023-05-18T18:10:59.516+0000 7fc46effd700 1 -- 172.21.15.70:0/100195285 <== mon.0 v2:172.21.15.70:3300/0 6 ==== mon_command_ack([{"prefix": "get_command_descriptions"}]=0 v0) v1 ==== 72+0+177948 (secure 0 0 0) 0x7fc468018530 con 0x7fc478106590
2023-05-18T18:11:00.107 INFO:teuthology.orchestra.run.smithi070.stdout:/usr/bin/ceph: stderr
2023-05-18T18:10:59.720+0000 7fc4801cd700 1 -- 172.21.15.70:0/100195285 --> [v2:172.21.15.70:6800/991315630,v1:172.21.15.70:6801/991315630] -- mgr_command(tid 0: {"prefix": "orch apply", "service_type": "mon", "unmanaged": true, "target": ["mon-mgr", ""]}) v1 -- 0x7fc478101360 con 0x7fc4640387d0
2023-05-18T18:11:00.107 INFO:teuthology.orchestra.run.smithi070.stdout:/usr/bin/ceph: stderr
2023-05-18T18:10:59.725+0000 7fc46effd700 1 -- 172.21.15.70:0/100195285 <== mgr.14120 v2:172.21.15.70:6800/991315630 1 ==== mgr_command_reply(tid 0: 0 ) v1 ==== 8+0+24 (secure 0 0 0) 0x7fc478101360 con 0x7fc4640387d0
2023-05-18T18:11:00.108 INFO:teuthology.orchestra.run.smithi070.stdout:/usr/bin/ceph: stderr
2023-05-18T18:10:59.727+0000 7fc4801cd700 1 -- 172.21.15.70:0/100195285 >> [v2:172.21.15.70:6800/991315630,v1:172.21.15.70:6801/991315630] conn(0x7fc4640387d0 msgr2=0x7fc46403ac80 secure :-1 s=STATE_CONNECTION_ESTABLISHED l=1).mark_down
2023-05-18T18:11:00.108 INFO:teuthology.orchestra.run.smithi070.stdout:/usr/bin/ceph: stderr
2023-05-18T18:10:59.727+0000 7fc4801cd700 1 --2- 172.21.15.70:0/100195285 >> [v2:172.21.15.70:6800/991315630,v1:172.21.15.70:6801/991315630] conn(0x7fc4640387d0 0x7fc46403ac80 secure :-1 s=READY pgs=12 cs=0 l=1 rev1=1 crypto rx=0x7fc474006fd0 tx=0x7fc474006e40 comp rx=0 tx=0).stop
2023-05-18T18:11:00.108 INFO:teuthology.orchestra.run.smithi070.stdout:/usr/bin/ceph: stderr
2023-05-18T18:10:59.727+0000 7fc4801cd700 1 -- 172.21.15.70:0/100195285 >> [v2:172.21.15.70:3300/0,v1:172.21.15.70:6789/0] conn(0x7fc478106590 msgr2=0x7fc478105ef0 secure :-1 s=STATE_CONNECTION_ESTABLISHED l=1).mark_down
2023-05-18T18:11:00.108 INFO:teuthology.orchestra.run.smithi070.stdout:/usr/bin/ceph: stderr
2023-05-18T18:10:59.727+0000 7fc4801cd700 1 --2- 172.21.15.70:0/100195285 >> [v2:172.21.15.70:3300/0,v1:172.21.15.70:6789/0] conn(0x7fc478106590 0x7fc478105ef0 secure :-1 s=READY pgs=48 cs=0 l=1 rev1=1 crypto rx=0x7fc468006af0 tx=0x7fc468011ad0 comp rx=0 tx=0).stop
2023-05-18T18:11:00.108 INFO:teuthology.orchestra.run.smithi070.stdout:/usr/bin/ceph: stderr
2023-05-18T18:10:59.727+0000 7fc4801cd700 1 -- 172.21.15.70:0/100195285 shutdown_connections
2023-05-18T18:11:00.108 INFO:teuthology.orchestra.run.smithi070.stdout:/usr/bin/ceph: stderr
2023-05-18T18:10:59.727+0000 7fc4801cd700 1 --2- 172.21.15.70:0/100195285 >> [v2:172.21.15.70:6800/991315630,v1:172.21.15.70:6801/991315630] conn(0x7fc4640387d0 0x7fc46403ac80 unknown :-1 s=CLOSED pgs=12 cs=0 l=1 rev1=1 crypto rx=0 tx=0 comp rx=0 tx=0).stop
2023-05-18T18:11:00.108 INFO:teuthology.orchestra.run.smithi070.stdout:/usr/bin/ceph: stderr
2023-05-18T18:10:59.727+0000 7fc4801cd700 1 --2- 172.21.15.70:0/100195285 >> [v2:172.21.15.70:3300/0,v1:172.21.15.70:6789/0] conn(0x7fc478106590 0x7fc478105ef0 unknown :-1 s=CLOSED pgs=48 cs=0 l=1 rev1=1 crypto rx=0 tx=0 comp rx=0 tx=0).stop
2023-05-18T18:11:00.109 INFO:teuthology.orchestra.run.smithi070.stdout:/usr/bin/ceph: stderr
2023-05-18T18:10:59.727+0000 7fc4801cd700 1 -- 172.21.15.70:0/100195285 >> 172.21.15.70:0/100195285 conn(0x7fc4780fffd0 msgr2=0x7fc478100c50 unknown :-1 s=STATE_NONE l=0).mark_down
2023-05-18T18:11:00.109 INFO:teuthology.orchestra.run.smithi070.stdout:/usr/bin/ceph: stderr
2023-05-18T18:10:59.727+0000 7fc4801cd700 1 -- 172.21.15.70:0/100195285 shutdown_connections
2023-05-18T18:11:00.109 INFO:teuthology.orchestra.run.smithi070.stdout:/usr/bin/ceph: stderr
2023-05-18T18:10:59.727+0000 7fc4801cd700 1 -- 172.21.15.70:0/100195285 wait complete.
2023-05-18T18:11:00.109 INFO:teuthology.orchestra.run.smithi070.stdout:Deploying unmanaged mgr service...
2023-05-18T18:11:01.067 INFO:journalctl@ceph.mon.a.smithi070.stdout:May 18 18:11:00 smithi070 ceph-mon[94064]: from='client.14142 -' entity='client.admin' cmd=[{"prefix": "orch apply", "service_type": "mon", "unmanaged": true, "target": ["mon-mgr", ""]}]: dispatch
2023-05-18T18:11:01.068 INFO:journalctl@ceph.mon.a.smithi070.stdout:May 18 18:11:00 smithi070 ceph-mon[94064]: Saving service mon spec with placement count:5
2023-05-18T18:11:01.068 INFO:journalctl@ceph.mon.a.smithi070.stdout:May 18 18:11:00 smithi070 ceph-mon[94064]: from='mgr.14120 172.21.15.70:0/468644885' entity='mgr.x'
2023-05-18T18:11:01.144 INFO:teuthology.orchestra.run.smithi070.stdout:/usr/bin/ceph: stdout Scheduled mgr update...
2023-05-18T18:11:01.145 INFO:teuthology.orchestra.run.smithi070.stdout:/usr/bin/ceph: stderr
2023-05-18T18:11:00.620+0000 7f4ff774e700 1 Processor -- start
2023-05-18T18:11:01.145 INFO:teuthology.orchestra.run.smithi070.stdout:/usr/bin/ceph: stderr
2023-05-18T18:11:00.620+0000 7f4ff774e700 1 -- start start
2023-05-18T18:11:01.145 INFO:teuthology.orchestra.run.smithi070.stdout:/usr/bin/ceph: stderr
2023-05-18T18:11:00.620+0000 7f4ff774e700 1 --2- >> [v2:172.21.15.70:3300/0,v1:172.21.15.70:6789/0] conn(0x7f4ff0104330 0x7f4ff0104740 unknown :-1 s=NONE pgs=0 cs=0 l=0 rev1=0 crypto rx=0 tx=0 comp rx=0 tx=0).connect
2023-05-18T18:11:01.145 INFO:teuthology.orchestra.run.smithi070.stdout:/usr/bin/ceph: stderr
2023-05-18T18:11:00.620+0000 7f4ff774e700 1 -- --> [v2:172.21.15.70:3300/0,v1:172.21.15.70:6789/0] -- mon_getmap magic: 0 v1 -- 0x7f4ff0104c80 con 0x7f4ff0104330
2023-05-18T18:11:01.145 INFO:teuthology.orchestra.run.smithi070.stdout:/usr/bin/ceph: stderr
2023-05-18T18:11:00.620+0000 7f4ff54ea700 1 --2- >> [v2:172.21.15.70:3300/0,v1:172.21.15.70:6789/0] conn(0x7f4ff0104330 0x7f4ff0104740 unknown :-1 s=BANNER_CONNECTING pgs=0 cs=0 l=0 rev1=0 crypto rx=0 tx=0 comp rx=0 tx=0)._handle_peer_banner_payload supported=3 required=0
2023-05-18T18:11:01.145 INFO:teuthology.orchestra.run.smithi070.stdout:/usr/bin/ceph: stderr
2023-05-18T18:11:00.620+0000 7f4ff54ea700 1 --2- >> [v2:172.21.15.70:3300/0,v1:172.21.15.70:6789/0] conn(0x7f4ff0104330 0x7f4ff0104740 unknown :-1 s=HELLO_CONNECTING pgs=0 cs=0 l=0 rev1=1 crypto rx=0 tx=0 comp rx=0 tx=0).handle_hello peer v2:172.21.15.70:3300/0 says I am v2:172.21.15.70:40352/0 (socket says 172.21.15.70:40352)
2023-05-18T18:11:01.146 INFO:teuthology.orchestra.run.smithi070.stdout:/usr/bin/ceph: stderr
2023-05-18T18:11:00.620+0000 7f4ff54ea700 1 -- 172.21.15.70:0/4275548147 learned_addr learned my addr 172.21.15.70:0/4275548147 (peer_addr_for_me v2:172.21.15.70:0/0)
2023-05-18T18:11:01.146 INFO:teuthology.orchestra.run.smithi070.stdout:/usr/bin/ceph: stderr
2023-05-18T18:11:00.621+0000 7f4ff54ea700 1 -- 172.21.15.70:0/4275548147 --> [v2:172.21.15.70:3300/0,v1:172.21.15.70:6789/0] -- mon_subscribe({config=0+,monmap=0+}) v3 -- 0x7f4ff0104dc0 con 0x7f4ff0104330
2023-05-18T18:11:01.146 INFO:teuthology.orchestra.run.smithi070.stdout:/usr/bin/ceph: stderr
2023-05-18T18:11:00.621+0000 7f4ff54ea700 1 --2- 172.21.15.70:0/4275548147 >> [v2:172.21.15.70:3300/0,v1:172.21.15.70:6789/0] conn(0x7f4ff0104330 0x7f4ff0104740 secure :-1 s=READY pgs=49 cs=0 l=1 rev1=1 crypto rx=0x7f4fe000bb40 tx=0x7f4fe000be50 comp rx=0 tx=0).ready entity=mon.0 client_cookie=643c284ac2037418 server_cookie=0 in_seq=0 out_seq=0
2023-05-18T18:11:01.146 INFO:teuthology.orchestra.run.smithi070.stdout:/usr/bin/ceph: stderr
2023-05-18T18:11:00.621+0000 7f4fe7fff700 1 -- 172.21.15.70:0/4275548147 <== mon.0 v2:172.21.15.70:3300/0 1 ==== mon_map magic: 0 v1 ==== 205+0+0 (secure 0 0 0) 0x7f4fe000dad0 con 0x7f4ff0104330
2023-05-18T18:11:01.146 INFO:teuthology.orchestra.run.smithi070.stdout:/usr/bin/ceph: stderr
2023-05-18T18:11:00.621+0000 7f4fe7fff700 1 -- 172.21.15.70:0/4275548147 <== mon.0 v2:172.21.15.70:3300/0 2 ==== config(26 keys) v1 ==== 1074+0+0 (secure 0 0 0) 0x7f4fe00044d0 con 0x7f4ff0104330
2023-05-18T18:11:01.146 INFO:teuthology.orchestra.run.smithi070.stdout:/usr/bin/ceph: stderr
2023-05-18T18:11:00.621+0000 7f4fe7fff700 1 -- 172.21.15.70:0/4275548147 <== mon.0 v2:172.21.15.70:3300/0 3 ==== mon_map magic: 0 v1 ==== 205+0+0 (secure 0 0 0) 0x7f4fe0003e40 con 0x7f4ff0104330
2023-05-18T18:11:01.147 INFO:teuthology.orchestra.run.smithi070.stdout:/usr/bin/ceph: stderr
2023-05-18T18:11:00.621+0000 7f4ff774e700 1 -- 172.21.15.70:0/4275548147 >> [v2:172.21.15.70:3300/0,v1:172.21.15.70:6789/0] conn(0x7f4ff0104330 msgr2=0x7f4ff0104740 secure :-1 s=STATE_CONNECTION_ESTABLISHED l=1).mark_down
2023-05-18T18:11:01.147 INFO:teuthology.orchestra.run.smithi070.stdout:/usr/bin/ceph: stderr
2023-05-18T18:11:00.621+0000 7f4ff774e700 1 --2- 172.21.15.70:0/4275548147 >> [v2:172.21.15.70:3300/0,v1:172.21.15.70:6789/0] conn(0x7f4ff0104330 0x7f4ff0104740 secure :-1 s=READY pgs=49 cs=0 l=1 rev1=1 crypto rx=0x7f4fe000bb40 tx=0x7f4fe000be50 comp rx=0 tx=0).stop
2023-05-18T18:11:01.147 INFO:teuthology.orchestra.run.smithi070.stdout:/usr/bin/ceph: stderr
2023-05-18T18:11:00.621+0000 7f4ff774e700 1 -- 172.21.15.70:0/4275548147 shutdown_connections
2023-05-18T18:11:01.147 INFO:teuthology.orchestra.run.smithi070.stdout:/usr/bin/ceph: stderr
2023-05-18T18:11:00.621+0000 7f4ff774e700 1 --2- 172.21.15.70:0/4275548147 >> [v2:172.21.15.70:3300/0,v1:172.21.15.70:6789/0] conn(0x7f4ff0104330 0x7f4ff0104740 unknown :-1 s=CLOSED pgs=49 cs=0 l=1 rev1=1 crypto rx=0 tx=0 comp rx=0 tx=0).stop
2023-05-18T18:11:01.147 INFO:teuthology.orchestra.run.smithi070.stdout:/usr/bin/ceph: stderr
2023-05-18T18:11:00.621+0000 7f4ff774e700 1 -- 172.21.15.70:0/4275548147 >> 172.21.15.70:0/4275548147 conn(0x7f4ff00ff9a0 msgr2=0x7f4ff0101db0 unknown :-1 s=STATE_NONE l=0).mark_down
2023-05-18T18:11:01.147 INFO:teuthology.orchestra.run.smithi070.stdout:/usr/bin/ceph: stderr
2023-05-18T18:11:00.621+0000 7f4ff774e700 1 -- 172.21.15.70:0/4275548147 shutdown_connections
2023-05-18T18:11:01.147 INFO:teuthology.orchestra.run.smithi070.stdout:/usr/bin/ceph: stderr
