2023-06-09T11:03:21.330+0000 7f5de7fff700 1 -- 172.21.15.88:0/1294865221 learned_addr learned my addr 172.21.15.88:0/1294865221 (peer_addr_for_me v2:172.21.15.88:0/0)
2023-06-09T11:03:21.988 INFO:teuthology.orchestra.run.smithi088.stdout:/usr/bin/ceph: stderr
2023-06-09T11:03:21.330+0000 7f5de7fff700 1 -- 172.21.15.88:0/1294865221 --> [v2:172.21.15.88:3300/0,v1:172.21.15.88:6789/0] -- mon_subscribe({config=0+,monmap=0+}) v3 -- 0x7f5de807a930 con 0x7f5de807bdb0
2023-06-09T11:03:21.988 INFO:teuthology.orchestra.run.smithi088.stdout:/usr/bin/ceph: stderr
2023-06-09T11:03:21.331+0000 7f5de7fff700 1 --2- 172.21.15.88:0/1294865221 >> [v2:172.21.15.88:3300/0,v1:172.21.15.88:6789/0] conn(0x7f5de807bdb0 0x7f5de807a2b0 secure :-1 s=READY pgs=39 cs=0 l=1 rev1=1 crypto rx=0x7f5dd80098a0 tx=0x7f5dd8009bb0 comp rx=0 tx=0).ready entity=mon.0 client_cookie=16abd90c7dbe7c05 server_cookie=0 in_seq=0 out_seq=0
2023-06-09T11:03:21.988 INFO:teuthology.orchestra.run.smithi088.stdout:/usr/bin/ceph: stderr
2023-06-09T11:03:21.331+0000 7f5de6ffd700 1 -- 172.21.15.88:0/1294865221 <== mon.0 v2:172.21.15.88:3300/0 1 ==== mon_map magic: 0 v1 ==== 205+0+0 (secure 0 0 0) 0x7f5dd8004160 con 0x7f5de807bdb0
2023-06-09T11:03:21.988 INFO:teuthology.orchestra.run.smithi088.stdout:/usr/bin/ceph: stderr
2023-06-09T11:03:21.331+0000 7f5de6ffd700 1 -- 172.21.15.88:0/1294865221 <== mon.0 v2:172.21.15.88:3300/0 2 ==== config(26 keys) v1 ==== 1074+0+0 (secure 0 0 0) 0x7f5dd80042c0 con 0x7f5de807bdb0
2023-06-09T11:03:21.988 INFO:teuthology.orchestra.run.smithi088.stdout:/usr/bin/ceph: stderr
2023-06-09T11:03:21.331+0000 7f5de6ffd700 1 -- 172.21.15.88:0/1294865221 <== mon.0 v2:172.21.15.88:3300/0 3 ==== mon_map magic: 0 v1 ==== 205+0+0 (secure 0 0 0) 0x7f5dd8011a00 con 0x7f5de807bdb0
2023-06-09T11:03:21.989 INFO:teuthology.orchestra.run.smithi088.stdout:/usr/bin/ceph: stderr
2023-06-09T11:03:21.332+0000 7f5dee5c1700 1 -- 172.21.15.88:0/1294865221 >> [v2:172.21.15.88:3300/0,v1:172.21.15.88:6789/0] conn(0x7f5de807bdb0 msgr2=0x7f5de807a2b0 secure :-1 s=STATE_CONNECTION_ESTABLISHED l=1).mark_down
2023-06-09T11:03:21.989 INFO:teuthology.orchestra.run.smithi088.stdout:/usr/bin/ceph: stderr
2023-06-09T11:03:21.332+0000 7f5dee5c1700 1 --2- 172.21.15.88:0/1294865221 >> [v2:172.21.15.88:3300/0,v1:172.21.15.88:6789/0] conn(0x7f5de807bdb0 0x7f5de807a2b0 secure :-1 s=READY pgs=39 cs=0 l=1 rev1=1 crypto rx=0x7f5dd80098a0 tx=0x7f5dd8009bb0 comp rx=0 tx=0).stop
2023-06-09T11:03:21.989 INFO:teuthology.orchestra.run.smithi088.stdout:/usr/bin/ceph: stderr
2023-06-09T11:03:21.332+0000 7f5dee5c1700 1 -- 172.21.15.88:0/1294865221 shutdown_connections
2023-06-09T11:03:21.989 INFO:teuthology.orchestra.run.smithi088.stdout:/usr/bin/ceph: stderr
2023-06-09T11:03:21.332+0000 7f5dee5c1700 1 --2- 172.21.15.88:0/1294865221 >> [v2:172.21.15.88:3300/0,v1:172.21.15.88:6789/0] conn(0x7f5de807bdb0 0x7f5de807a2b0 unknown :-1 s=CLOSED pgs=39 cs=0 l=1 rev1=1 crypto rx=0 tx=0 comp rx=0 tx=0).stop
2023-06-09T11:03:21.989 INFO:teuthology.orchestra.run.smithi088.stdout:/usr/bin/ceph: stderr
2023-06-09T11:03:21.332+0000 7f5dee5c1700 1 -- 172.21.15.88:0/1294865221 >> 172.21.15.88:0/1294865221 conn(0x7f5de8100ff0 msgr2=0x7f5de8103400 unknown :-1 s=STATE_NONE l=0).mark_down
2023-06-09T11:03:21.989 INFO:teuthology.orchestra.run.smithi088.stdout:/usr/bin/ceph: stderr
2023-06-09T11:03:21.332+0000 7f5dee5c1700 1 -- 172.21.15.88:0/1294865221 shutdown_connections
2023-06-09T11:03:21.989 INFO:teuthology.orchestra.run.smithi088.stdout:/usr/bin/ceph: stderr
2023-06-09T11:03:21.332+0000 7f5dee5c1700 1 -- 172.21.15.88:0/1294865221 wait complete.
2023-06-09T11:03:21.990 INFO:teuthology.orchestra.run.smithi088.stdout:/usr/bin/ceph: stderr
2023-06-09T11:03:21.333+0000 7f5dee5c1700 1 Processor -- start
2023-06-09T11:03:21.990 INFO:teuthology.orchestra.run.smithi088.stdout:/usr/bin/ceph: stderr
2023-06-09T11:03:21.333+0000 7f5dee5c1700 1 -- start start
2023-06-09T11:03:21.990 INFO:teuthology.orchestra.run.smithi088.stdout:/usr/bin/ceph: stderr
2023-06-09T11:03:21.333+0000 7f5dee5c1700 1 --2- >> [v2:172.21.15.88:3300/0,v1:172.21.15.88:6789/0] conn(0x7f5de807bdb0 0x7f5de819b950 unknown :-1 s=NONE pgs=0 cs=0 l=1 rev1=0 crypto rx=0 tx=0 comp rx=0 tx=0).connect
2023-06-09T11:03:21.990 INFO:teuthology.orchestra.run.smithi088.stdout:/usr/bin/ceph: stderr
2023-06-09T11:03:21.333+0000 7f5dee5c1700 1 -- --> [v2:172.21.15.88:3300/0,v1:172.21.15.88:6789/0] -- mon_getmap magic: 0 v1 -- 0x7f5de819be90 con 0x7f5de807bdb0
2023-06-09T11:03:21.990 INFO:teuthology.orchestra.run.smithi088.stdout:/usr/bin/ceph: stderr
2023-06-09T11:03:21.333+0000 7f5de7fff700 1 --2- >> [v2:172.21.15.88:3300/0,v1:172.21.15.88:6789/0] conn(0x7f5de807bdb0 0x7f5de819b950 unknown :-1 s=BANNER_CONNECTING pgs=0 cs=0 l=1 rev1=0 crypto rx=0 tx=0 comp rx=0 tx=0)._handle_peer_banner_payload supported=3 required=0
2023-06-09T11:03:21.990 INFO:teuthology.orchestra.run.smithi088.stdout:/usr/bin/ceph: stderr
2023-06-09T11:03:21.333+0000 7f5de7fff700 1 --2- >> [v2:172.21.15.88:3300/0,v1:172.21.15.88:6789/0] conn(0x7f5de807bdb0 0x7f5de819b950 unknown :-1 s=HELLO_CONNECTING pgs=0 cs=0 l=1 rev1=1 crypto rx=0 tx=0 comp rx=0 tx=0).handle_hello peer v2:172.21.15.88:3300/0 says I am v2:172.21.15.88:45222/0 (socket says 172.21.15.88:45222)
2023-06-09T11:03:21.990 INFO:teuthology.orchestra.run.smithi088.stdout:/usr/bin/ceph: stderr
2023-06-09T11:03:21.333+0000 7f5de7fff700 1 -- 172.21.15.88:0/2006551586 learned_addr learned my addr 172.21.15.88:0/2006551586 (peer_addr_for_me v2:172.21.15.88:0/0)
2023-06-09T11:03:21.991 INFO:teuthology.orchestra.run.smithi088.stdout:/usr/bin/ceph: stderr
2023-06-09T11:03:21.334+0000 7f5de7fff700 1 -- 172.21.15.88:0/2006551586 --> [v2:172.21.15.88:3300/0,v1:172.21.15.88:6789/0] -- mon_subscribe({config=0+,monmap=0+}) v3 -- 0x7f5dd8009550 con 0x7f5de807bdb0
2023-06-09T11:03:21.991 INFO:teuthology.orchestra.run.smithi088.stdout:/usr/bin/ceph: stderr
2023-06-09T11:03:21.334+0000 7f5de7fff700 1 --2- 172.21.15.88:0/2006551586 >> [v2:172.21.15.88:3300/0,v1:172.21.15.88:6789/0] conn(0x7f5de807bdb0 0x7f5de819b950 secure :-1 s=READY pgs=40 cs=0 l=1 rev1=1 crypto rx=0x7f5dd8006af0 tx=0x7f5dd8011ad0 comp rx=0 tx=0).ready entity=mon.0 client_cookie=0 server_cookie=0 in_seq=0 out_seq=0
2023-06-09T11:03:21.991 INFO:teuthology.orchestra.run.smithi088.stdout:/usr/bin/ceph: stderr
2023-06-09T11:03:21.334+0000 7f5de57fa700 1 -- 172.21.15.88:0/2006551586 <== mon.0 v2:172.21.15.88:3300/0 1 ==== mon_map magic: 0 v1 ==== 205+0+0 (secure 0 0 0) 0x7f5dd8003a40 con 0x7f5de807bdb0
2023-06-09T11:03:21.991 INFO:teuthology.orchestra.run.smithi088.stdout:/usr/bin/ceph: stderr
2023-06-09T11:03:21.334+0000 7f5de57fa700 1 -- 172.21.15.88:0/2006551586 <== mon.0 v2:172.21.15.88:3300/0 2 ==== config(26 keys) v1 ==== 1074+0+0 (secure 0 0 0) 0x7f5dd8003ba0 con 0x7f5de807bdb0
2023-06-09T11:03:21.991 INFO:teuthology.orchestra.run.smithi088.stdout:/usr/bin/ceph: stderr
2023-06-09T11:03:21.334+0000 7f5dee5c1700 1 -- 172.21.15.88:0/2006551586 --> [v2:172.21.15.88:3300/0,v1:172.21.15.88:6789/0] -- mon_subscribe({mgrmap=0+}) v3 -- 0x7f5de810be50 con 0x7f5de807bdb0
2023-06-09T11:03:21.991 INFO:teuthology.orchestra.run.smithi088.stdout:/usr/bin/ceph: stderr
2023-06-09T11:03:21.334+0000 7f5de57fa700 1 -- 172.21.15.88:0/2006551586 <== mon.0 v2:172.21.15.88:3300/0 3 ==== mon_map magic: 0 v1 ==== 205+0+0 (secure 0 0 0) 0x7f5dd801a700 con 0x7f5de807bdb0
2023-06-09T11:03:21.992 INFO:teuthology.orchestra.run.smithi088.stdout:/usr/bin/ceph: stderr
2023-06-09T11:03:21.334+0000 7f5dee5c1700 1 -- 172.21.15.88:0/2006551586 --> [v2:172.21.15.88:3300/0,v1:172.21.15.88:6789/0] -- mon_subscribe({osdmap=0}) v3 -- 0x7f5de810bcc0 con 0x7f5de807bdb0
2023-06-09T11:03:21.992 INFO:teuthology.orchestra.run.smithi088.stdout:/usr/bin/ceph: stderr
2023-06-09T11:03:21.335+0000 7f5de57fa700 1 -- 172.21.15.88:0/2006551586 <== mon.0 v2:172.21.15.88:3300/0 4 ==== mgrmap(e 8) v1 ==== 45483+0+0 (secure 0 0 0) 0x7f5dd8024ad0 con 0x7f5de807bdb0
2023-06-09T11:03:21.992 INFO:teuthology.orchestra.run.smithi088.stdout:/usr/bin/ceph: stderr
2023-06-09T11:03:21.335+0000 7f5dee5c1700 1 -- 172.21.15.88:0/2006551586 --> [v2:172.21.15.88:3300/0,v1:172.21.15.88:6789/0] -- mon_command({"prefix": "get_command_descriptions"} v 0) v1 -- 0x7f5de810bfe0 con 0x7f5de807bdb0
2023-06-09T11:03:21.992 INFO:teuthology.orchestra.run.smithi088.stdout:/usr/bin/ceph: stderr
2023-06-09T11:03:21.336+0000 7f5de57fa700 1 --2- 172.21.15.88:0/2006551586 >> [v2:172.21.15.88:6800/2918562911,v1:172.21.15.88:6801/2918562911] conn(0x7f5dd0038710 0x7f5dd003abc0 unknown :-1 s=NONE pgs=0 cs=0 l=1 rev1=0 crypto rx=0 tx=0 comp rx=0 tx=0).connect
2023-06-09T11:03:21.992 INFO:teuthology.orchestra.run.smithi088.stdout:/usr/bin/ceph: stderr
2023-06-09T11:03:21.336+0000 7f5de57fa700 1 -- 172.21.15.88:0/2006551586 <== mon.0 v2:172.21.15.88:3300/0 5 ==== osd_map(2..2 src has 1..2) v4 ==== 940+0+0 (secure 0 0 0) 0x7f5dd804c7f0 con 0x7f5de807bdb0
2023-06-09T11:03:21.992 INFO:teuthology.orchestra.run.smithi088.stdout:/usr/bin/ceph: stderr
2023-06-09T11:03:21.336+0000 7f5de77fe700 1 --2- 172.21.15.88:0/2006551586 >> [v2:172.21.15.88:6800/2918562911,v1:172.21.15.88:6801/2918562911] conn(0x7f5dd0038710 0x7f5dd003abc0 unknown :-1 s=BANNER_CONNECTING pgs=0 cs=0 l=1 rev1=0 crypto rx=0 tx=0 comp rx=0 tx=0)._handle_peer_banner_payload supported=3 required=0
2023-06-09T11:03:21.992 INFO:teuthology.orchestra.run.smithi088.stdout:/usr/bin/ceph: stderr
2023-06-09T11:03:21.337+0000 7f5de77fe700 1 --2- 172.21.15.88:0/2006551586 >> [v2:172.21.15.88:6800/2918562911,v1:172.21.15.88:6801/2918562911] conn(0x7f5dd0038710 0x7f5dd003abc0 secure :-1 s=READY pgs=8 cs=0 l=1 rev1=1 crypto rx=0x7f5ddc006fd0 tx=0x7f5ddc006e40 comp rx=0 tx=0).ready entity=mgr.14120 client_cookie=0 server_cookie=0 in_seq=0 out_seq=0
2023-06-09T11:03:21.993 INFO:teuthology.orchestra.run.smithi088.stdout:/usr/bin/ceph: stderr
2023-06-09T11:03:21.341+0000 7f5de57fa700 1 -- 172.21.15.88:0/2006551586 <== mon.0 v2:172.21.15.88:3300/0 6 ==== mon_command_ack([{"prefix": "get_command_descriptions"}]=0 v0) v1 ==== 72+0+177948 (secure 0 0 0) 0x7f5dd8018b80 con 0x7f5de807bdb0
2023-06-09T11:03:21.993 INFO:teuthology.orchestra.run.smithi088.stdout:/usr/bin/ceph: stderr
2023-06-09T11:03:21.540+0000 7f5dee5c1700 1 -- 172.21.15.88:0/2006551586 --> [v2:172.21.15.88:6800/2918562911,v1:172.21.15.88:6801/2918562911] -- mgr_command(tid 0: {"prefix": "cephadm set-user", "user": "root", "target": ["mon-mgr", ""]}) v1 -- 0x7f5de8103320 con 0x7f5dd0038710
2023-06-09T11:03:21.993 INFO:teuthology.orchestra.run.smithi088.stdout:/usr/bin/ceph: stderr
2023-06-09T11:03:21.541+0000 7f5de57fa700 1 -- 172.21.15.88:0/2006551586 <== mgr.14120 v2:172.21.15.88:6800/2918562911 1 ==== mgr_command_reply(tid 0: 0 ) v1 ==== 8+0+16 (secure 0 0 0) 0x7f5de8103320 con 0x7f5dd0038710
2023-06-09T11:03:21.993 INFO:teuthology.orchestra.run.smithi088.stdout:/usr/bin/ceph: stderr
2023-06-09T11:03:21.543+0000 7f5dee5c1700 1 -- 172.21.15.88:0/2006551586 >> [v2:172.21.15.88:6800/2918562911,v1:172.21.15.88:6801/2918562911] conn(0x7f5dd0038710 msgr2=0x7f5dd003abc0 secure :-1 s=STATE_CONNECTION_ESTABLISHED l=1).mark_down
2023-06-09T11:03:21.993 INFO:teuthology.orchestra.run.smithi088.stdout:/usr/bin/ceph: stderr
2023-06-09T11:03:21.543+0000 7f5dee5c1700 1 --2- 172.21.15.88:0/2006551586 >> [v2:172.21.15.88:6800/2918562911,v1:172.21.15.88:6801/2918562911] conn(0x7f5dd0038710 0x7f5dd003abc0 secure :-1 s=READY pgs=8 cs=0 l=1 rev1=1 crypto rx=0x7f5ddc006fd0 tx=0x7f5ddc006e40 comp rx=0 tx=0).stop
2023-06-09T11:03:21.993 INFO:teuthology.orchestra.run.smithi088.stdout:/usr/bin/ceph: stderr
2023-06-09T11:03:21.543+0000 7f5dee5c1700 1 -- 172.21.15.88:0/2006551586 >> [v2:172.21.15.88:3300/0,v1:172.21.15.88:6789/0] conn(0x7f5de807bdb0 msgr2=0x7f5de819b950 secure :-1 s=STATE_CONNECTION_ESTABLISHED l=1).mark_down
2023-06-09T11:03:21.993 INFO:teuthology.orchestra.run.smithi088.stdout:/usr/bin/ceph: stderr
2023-06-09T11:03:21.543+0000 7f5dee5c1700 1 --2- 172.21.15.88:0/2006551586 >> [v2:172.21.15.88:3300/0,v1:172.21.15.88:6789/0] conn(0x7f5de807bdb0 0x7f5de819b950 secure :-1 s=READY pgs=40 cs=0 l=1 rev1=1 crypto rx=0x7f5dd8006af0 tx=0x7f5dd8011ad0 comp rx=0 tx=0).stop
2023-06-09T11:03:21.994 INFO:teuthology.orchestra.run.smithi088.stdout:/usr/bin/ceph: stderr
2023-06-09T11:03:21.543+0000 7f5dee5c1700 1 -- 172.21.15.88:0/2006551586 shutdown_connections
2023-06-09T11:03:21.994 INFO:teuthology.orchestra.run.smithi088.stdout:/usr/bin/ceph: stderr
2023-06-09T11:03:21.543+0000 7f5dee5c1700 1 --2- 172.21.15.88:0/2006551586 >> [v2:172.21.15.88:6800/2918562911,v1:172.21.15.88:6801/2918562911] conn(0x7f5dd0038710 0x7f5dd003abc0 unknown :-1 s=CLOSED pgs=8 cs=0 l=1 rev1=1 crypto rx=0 tx=0 comp rx=0 tx=0).stop
2023-06-09T11:03:21.994 INFO:teuthology.orchestra.run.smithi088.stdout:/usr/bin/ceph: stderr
2023-06-09T11:03:21.543+0000 7f5dee5c1700 1 --2- 172.21.15.88:0/2006551586 >> [v2:172.21.15.88:3300/0,v1:172.21.15.88:6789/0] conn(0x7f5de807bdb0 0x7f5de819b950 unknown :-1 s=CLOSED pgs=40 cs=0 l=1 rev1=1 crypto rx=0 tx=0 comp rx=0 tx=0).stop
2023-06-09T11:03:21.994 INFO:teuthology.orchestra.run.smithi088.stdout:/usr/bin/ceph: stderr
2023-06-09T11:03:21.543+0000 7f5dee5c1700 1 -- 172.21.15.88:0/2006551586 >> 172.21.15.88:0/2006551586 conn(0x7f5de8100ff0 msgr2=0x7f5de81026c0 unknown :-1 s=STATE_NONE l=0).mark_down
2023-06-09T11:03:21.994 INFO:teuthology.orchestra.run.smithi088.stdout:/usr/bin/ceph: stderr
2023-06-09T11:03:21.544+0000 7f5dee5c1700 1 -- 172.21.15.88:0/2006551586 shutdown_connections
2023-06-09T11:03:21.994 INFO:teuthology.orchestra.run.smithi088.stdout:/usr/bin/ceph: stderr
2023-06-09T11:03:21.544+0000 7f5dee5c1700 1 -- 172.21.15.88:0/2006551586 wait complete.
2023-06-09T11:03:21.994 INFO:teuthology.orchestra.run.smithi088.stdout:Generating ssh key...
2023-06-09T11:03:22.507 INFO:journalctl@ceph.mon.a.smithi088.stdout:Jun 09 11:03:22 smithi088 ceph-mon[94649]: from='client.14134 -' entity='client.admin' cmd=[{"prefix": "cephadm set-user", "user": "root", "target": ["mon-mgr", ""]}]: dispatch
2023-06-09T11:03:23.228 INFO:journalctl@ceph.mgr.x.smithi088.stdout:Jun 09 11:03:22 smithi088 ceph-0aa8defe-06b5-11ee-9b1e-001a4aab830c-mgr-x[94895]: Generating public/private rsa key pair.
2023-06-09T11:03:23.228 INFO:journalctl@ceph.mgr.x.smithi088.stdout:Jun 09 11:03:22 smithi088 ceph-0aa8defe-06b5-11ee-9b1e-001a4aab830c-mgr-x[94895]: Your identification has been saved in /tmp/tmp2a2xtdfp/key.
2023-06-09T11:03:23.228 INFO:journalctl@ceph.mgr.x.smithi088.stdout:Jun 09 11:03:22 smithi088 ceph-0aa8defe-06b5-11ee-9b1e-001a4aab830c-mgr-x[94895]: Your public key has been saved in /tmp/tmp2a2xtdfp/key.pub.
2023-06-09T11:03:23.229 INFO:journalctl@ceph.mgr.x.smithi088.stdout:Jun 09 11:03:22 smithi088 ceph-0aa8defe-06b5-11ee-9b1e-001a4aab830c-mgr-x[94895]: The key fingerprint is:
2023-06-09T11:03:23.229 INFO:journalctl@ceph.mgr.x.smithi088.stdout:Jun 09 11:03:22 smithi088 ceph-0aa8defe-06b5-11ee-9b1e-001a4aab830c-mgr-x[94895]: SHA256:6lJERKbsaopIp68hu/awk1ev08vagQBlPGGdPk+flLU ceph-0aa8defe-06b5-11ee-9b1e-001a4aab830c
2023-06-09T11:03:23.229 INFO:journalctl@ceph.mgr.x.smithi088.stdout:Jun 09 11:03:22 smithi088 ceph-0aa8defe-06b5-11ee-9b1e-001a4aab830c-mgr-x[94895]: The key's randomart image is:
2023-06-09T11:03:23.229 INFO:journalctl@ceph.mgr.x.smithi088.stdout:Jun 09 11:03:22 smithi088 ceph-0aa8defe-06b5-11ee-9b1e-001a4aab830c-mgr-x[94895]: +---[RSA 3072]----+
2023-06-09T11:03:23.229 INFO:journalctl@ceph.mgr.x.smithi088.stdout:Jun 09 11:03:22 smithi088 ceph-0aa8defe-06b5-11ee-9b1e-001a4aab830c-mgr-x[94895]: | .=oo= |
2023-06-09T11:03:23.229 INFO:journalctl@ceph.mgr.x.smithi088.stdout:Jun 09 11:03:22 smithi088 ceph-0aa8defe-06b5-11ee-9b1e-001a4aab830c-mgr-x[94895]: | ++ =. . |
2023-06-09T11:03:23.229 INFO:journalctl@ceph.mgr.x.smithi088.stdout:Jun 09 11:03:22 smithi088 ceph-0aa8defe-06b5-11ee-9b1e-001a4aab830c-mgr-x[94895]: | . =. o . |
2023-06-09T11:03:23.230 INFO:journalctl@ceph.mgr.x.smithi088.stdout:Jun 09 11:03:22 smithi088 ceph-0aa8defe-06b5-11ee-9b1e-001a4aab830c-mgr-x[94895]: | .. o.. o E |
2023-06-09T11:03:23.230 INFO:journalctl@ceph.mgr.x.smithi088.stdout:Jun 09 11:03:22 smithi088 ceph-0aa8defe-06b5-11ee-9b1e-001a4aab830c-mgr-x[94895]: | ...+ S . |
2023-06-09T11:03:23.230 INFO:journalctl@ceph.mgr.x.smithi088.stdout:Jun 09 11:03:22 smithi088 ceph-0aa8defe-06b5-11ee-9b1e-001a4aab830c-mgr-x[94895]: | ...oo o |
2023-06-09T11:03:23.230 INFO:journalctl@ceph.mgr.x.smithi088.stdout:Jun 09 11:03:22 smithi088 ceph-0aa8defe-06b5-11ee-9b1e-001a4aab830c-mgr-x[94895]: |.++..o+. |
2023-06-09T11:03:23.230 INFO:journalctl@ceph.mgr.x.smithi088.stdout:Jun 09 11:03:22 smithi088 ceph-0aa8defe-06b5-11ee-9b1e-001a4aab830c-mgr-x[94895]: |=B*..ooo. |
2023-06-09T11:03:23.230 INFO:journalctl@ceph.mgr.x.smithi088.stdout:Jun 09 11:03:22 smithi088 ceph-0aa8defe-06b5-11ee-9b1e-001a4aab830c-mgr-x[94895]: |B=*o +=+. |
2023-06-09T11:03:23.230 INFO:journalctl@ceph.mgr.x.smithi088.stdout:Jun 09 11:03:22 smithi088 ceph-0aa8defe-06b5-11ee-9b1e-001a4aab830c-mgr-x[94895]: +----[SHA256]-----+
2023-06-09T11:03:23.357 INFO:teuthology.orchestra.run.smithi088.stdout:/usr/bin/ceph: stderr
2023-06-09T11:03:22.502+0000 7f58d64bb700 1 Processor -- start
2023-06-09T11:03:23.358 INFO:teuthology.orchestra.run.smithi088.stdout:/usr/bin/ceph: stderr
2023-06-09T11:03:22.502+0000 7f58d64bb700 1 -- start start
2023-06-09T11:03:23.358 INFO:teuthology.orchestra.run.smithi088.stdout:/usr/bin/ceph: stderr
2023-06-09T11:03:22.503+0000 7f58d64bb700 1 --2- >> [v2:172.21.15.88:3300/0,v1:172.21.15.88:6789/0] conn(0x7f58d007bdd0 0x7f58d007a2d0 unknown :-1 s=NONE pgs=0 cs=0 l=0 rev1=0 crypto rx=0 tx=0 comp rx=0 tx=0).connect
2023-06-09T11:03:23.358 INFO:teuthology.orchestra.run.smithi088.stdout:/usr/bin/ceph: stderr
2023-06-09T11:03:22.503+0000 7f58d64bb700 1 -- --> [v2:172.21.15.88:3300/0,v1:172.21.15.88:6789/0] -- mon_getmap magic: 0 v1 -- 0x7f58d007a810 con 0x7f58d007bdd0
2023-06-09T11:03:23.358 INFO:teuthology.orchestra.run.smithi088.stdout:/usr/bin/ceph: stderr
2023-06-09T11:03:22.503+0000 7f58cffff700 1 --2- >> [v2:172.21.15.88:3300/0,v1:172.21.15.88:6789/0] conn(0x7f58d007bdd0 0x7f58d007a2d0 unknown :-1 s=BANNER_CONNECTING pgs=0 cs=0 l=0 rev1=0 crypto rx=0 tx=0 comp rx=0 tx=0)._handle_peer_banner_payload supported=3 required=0
2023-06-09T11:03:23.358 INFO:teuthology.orchestra.run.smithi088.stdout:/usr/bin/ceph: stderr
2023-06-09T11:03:22.503+0000 7f58cffff700 1 --2- >> [v2:172.21.15.88:3300/0,v1:172.21.15.88:6789/0] conn(0x7f58d007bdd0 0x7f58d007a2d0 unknown :-1 s=HELLO_CONNECTING pgs=0 cs=0 l=0 rev1=1 crypto rx=0 tx=0 comp rx=0 tx=0).handle_hello peer v2:172.21.15.88:3300/0 says I am v2:172.21.15.88:45230/0 (socket says 172.21.15.88:45230)
2023-06-09T11:03:23.358 INFO:teuthology.orchestra.run.smithi088.stdout:/usr/bin/ceph: stderr
2023-06-09T11:03:22.503+0000 7f58cffff700 1 -- 172.21.15.88:0/1528583951 learned_addr learned my addr 172.21.15.88:0/1528583951 (peer_addr_for_me v2:172.21.15.88:0/0)
2023-06-09T11:03:23.359 INFO:teuthology.orchestra.run.smithi088.stdout:/usr/bin/ceph: stderr
2023-06-09T11:03:22.503+0000 7f58cffff700 1 -- 172.21.15.88:0/1528583951 --> [v2:172.21.15.88:3300/0,v1:172.21.15.88:6789/0] -- mon_subscribe({config=0+,monmap=0+}) v3 -- 0x7f58d007a950 con 0x7f58d007bdd0
2023-06-09T11:03:23.359 INFO:teuthology.orchestra.run.smithi088.stdout:/usr/bin/ceph: stderr
2023-06-09T11:03:22.504+0000 7f58cffff700 1 --2- 172.21.15.88:0/1528583951 >> [v2:172.21.15.88:3300/0,v1:172.21.15.88:6789/0] conn(0x7f58d007bdd0 0x7f58d007a2d0 secure :-1 s=READY pgs=41 cs=0 l=1 rev1=1 crypto rx=0x7f58c00098a0 tx=0x7f58c0009bb0 comp rx=0 tx=0).ready entity=mon.0 client_cookie=1364336fe14983eb server_cookie=0 in_seq=0 out_seq=0
2023-06-09T11:03:23.359 INFO:teuthology.orchestra.run.smithi088.stdout:/usr/bin/ceph: stderr
2023-06-09T11:03:22.504+0000 7f58ceffd700 1 -- 172.21.15.88:0/1528583951 <== mon.0 v2:172.21.15.88:3300/0 1 ==== mon_map magic: 0 v1 ==== 205+0+0 (secure 0 0 0) 0x7f58c0004160 con 0x7f58d007bdd0
2023-06-09T11:03:23.359 INFO:teuthology.orchestra.run.smithi088.stdout:/usr/bin/ceph: stderr
2023-06-09T11:03:22.504+0000 7f58ceffd700 1 -- 172.21.15.88:0/1528583951 <== mon.0 v2:172.21.15.88:3300/0 2 ==== config(26 keys) v1 ==== 1074+0+0 (secure 0 0 0) 0x7f58c00042c0 con 0x7f58d007bdd0
2023-06-09T11:03:23.359 INFO:teuthology.orchestra.run.smithi088.stdout:/usr/bin/ceph: stderr
2023-06-09T11:03:22.504+0000 7f58ceffd700 1 -- 172.21.15.88:0/1528583951 <== mon.0 v2:172.21.15.88:3300/0 3 ==== mon_map magic: 0 v1 ==== 205+0+0 (secure 0 0 0) 0x7f58c0011a00 con 0x7f58d007bdd0
2023-06-09T11:03:23.359 INFO:teuthology.orchestra.run.smithi088.stdout:/usr/bin/ceph: stderr
2023-06-09T11:03:22.504+0000 7f58d64bb700 1 -- 172.21.15.88:0/1528583951 >> [v2:172.21.15.88:3300/0,v1:172.21.15.88:6789/0] conn(0x7f58d007bdd0 msgr2=0x7f58d007a2d0 secure :-1 s=STATE_CONNECTION_ESTABLISHED l=1).mark_down
2023-06-09T11:03:23.359 INFO:teuthology.orchestra.run.smithi088.stdout:/usr/bin/ceph: stderr
2023-06-09T11:03:22.504+0000 7f58d64bb700 1 --2- 172.21.15.88:0/1528583951 >> [v2:172.21.15.88:3300/0,v1:172.21.15.88:6789/0] conn(0x7f58d007bdd0 0x7f58d007a2d0 secure :-1 s=READY pgs=41 cs=0 l=1 rev1=1 crypto rx=0x7f58c00098a0 tx=0x7f58c0009bb0 comp rx=0 tx=0).stop
2023-06-09T11:03:23.360 INFO:teuthology.orchestra.run.smithi088.stdout:/usr/bin/ceph: stderr
2023-06-09T11:03:22.504+0000 7f58d64bb700 1 -- 172.21.15.88:0/1528583951 shutdown_connections
2023-06-09T11:03:23.360 INFO:teuthology.orchestra.run.smithi088.stdout:/usr/bin/ceph: stderr
2023-06-09T11:03:22.504+0000 7f58d64bb700 1 --2- 172.21.15.88:0/1528583951 >> [v2:172.21.15.88:3300/0,v1:172.21.15.88:6789/0] conn(0x7f58d007bdd0 0x7f58d007a2d0 unknown :-1 s=CLOSED pgs=41 cs=0 l=1 rev1=1 crypto rx=0 tx=0 comp rx=0 tx=0).stop
2023-06-09T11:03:23.360 INFO:teuthology.orchestra.run.smithi088.stdout:/usr/bin/ceph: stderr
2023-06-09T11:03:22.504+0000 7f58d64bb700 1 -- 172.21.15.88:0/1528583951 >> 172.21.15.88:0/1528583951 conn(0x7f58d0100ff0 msgr2=0x7f58d0103400 unknown :-1 s=STATE_NONE l=0).mark_down
2023-06-09T11:03:23.360 INFO:teuthology.orchestra.run.smithi088.stdout:/usr/bin/ceph: stderr
2023-06-09T11:03:22.505+0000 7f58d64bb700 1 -- 172.21.15.88:0/1528583951 shutdown_connections
2023-06-09T11:03:23.360 INFO:teuthology.orchestra.run.smithi088.stdout:/usr/bin/ceph: stderr
2023-06-09T11:03:22.505+0000 7f58d64bb700 1 -- 172.21.15.88:0/1528583951 wait complete.
2023-06-09T11:03:23.360 INFO:teuthology.orchestra.run.smithi088.stdout:/usr/bin/ceph: stderr
2023-06-09T11:03:22.506+0000 7f58d64bb700 1 Processor -- start
2023-06-09T11:03:23.360 INFO:teuthology.orchestra.run.smithi088.stdout:/usr/bin/ceph: stderr
2023-06-09T11:03:22.506+0000 7f58d64bb700 1 -- start start
2023-06-09T11:03:23.363 INFO:teuthology.orchestra.run.smithi088.stdout:/usr/bin/ceph: stderr
2023-06-09T11:03:22.506+0000 7f58d64bb700 1 --2- >> [v2:172.21.15.88:3300/0,v1:172.21.15.88:6789/0] conn(0x7f58d007bdd0 0x7f58d019b980 unknown :-1 s=NONE pgs=0 cs=0 l=1 rev1=0 crypto rx=0 tx=0 comp rx=0 tx=0).connect
2023-06-09T11:03:23.363 INFO:teuthology.orchestra.run.smithi088.stdout:/usr/bin/ceph: stderr
2023-06-09T11:03:22.506+0000 7f58d64bb700 1 -- --> [v2:172.21.15.88:3300/0,v1:172.21.15.88:6789/0] -- mon_getmap magic: 0 v1 -- 0x7f58d019bec0 con 0x7f58d007bdd0
2023-06-09T11:03:23.363 INFO:teuthology.orchestra.run.smithi088.stdout:/usr/bin/ceph: stderr
2023-06-09T11:03:22.506+0000 7f58cffff700 1 --2- >> [v2:172.21.15.88:3300/0,v1:172.21.15.88:6789/0] conn(0x7f58d007bdd0 0x7f58d019b980 unknown :-1 s=BANNER_CONNECTING pgs=0 cs=0 l=1 rev1=0 crypto rx=0 tx=0 comp rx=0 tx=0)._handle_peer_banner_payload supported=3 required=0
2023-06-09T11:03:23.363 INFO:teuthology.orchestra.run.smithi088.stdout:/usr/bin/ceph: stderr
2023-06-09T11:03:22.506+0000 7f58cffff700 1 --2- >> [v2:172.21.15.88:3300/0,v1:172.21.15.88:6789/0] conn(0x7f58d007bdd0 0x7f58d019b980 unknown :-1 s=HELLO_CONNECTING pgs=0 cs=0 l=1 rev1=1 crypto rx=0 tx=0 comp rx=0 tx=0).handle_hello peer v2:172.21.15.88:3300/0 says I am v2:172.21.15.88:45246/0 (socket says 172.21.15.88:45246)
2023-06-09T11:03:23.364 INFO:teuthology.orchestra.run.smithi088.stdout:/usr/bin/ceph: stderr
2023-06-09T11:03:22.506+0000 7f58cffff700 1 -- 172.21.15.88:0/3287144465 learned_addr learned my addr 172.21.15.88:0/3287144465 (peer_addr_for_me v2:172.21.15.88:0/0)
2023-06-09T11:03:23.364 INFO:teuthology.orchestra.run.smithi088.stdout:/usr/bin/ceph: stderr
2023-06-09T11:03:22.507+0000 7f58cffff700 1 -- 172.21.15.88:0/3287144465 --> [v2:172.21.15.88:3300/0,v1:172.21.15.88:6789/0] -- mon_subscribe({config=0+,monmap=0+}) v3 -- 0x7f58c0009550 con 0x7f58d007bdd0
2023-06-09T11:03:23.364 INFO:teuthology.orchestra.run.smithi088.stdout:/usr/bin/ceph: stderr
2023-06-09T11:03:22.507+0000 7f58cffff700 1 --2- 172.21.15.88:0/3287144465 >> [v2:172.21.15.88:3300/0,v1:172.21.15.88:6789/0] conn(0x7f58d007bdd0 0x7f58d019b980 secure :-1 s=READY pgs=42 cs=0 l=1 rev1=1 crypto rx=0x7f58c0006b20 tx=0x7f58c0011ad0 comp rx=0 tx=0).ready entity=mon.0 client_cookie=0 server_cookie=0 in_seq=0 out_seq=0
2023-06-09T11:03:23.364 INFO:teuthology.orchestra.run.smithi088.stdout:/usr/bin/ceph: stderr
2023-06-09T11:03:22.507+0000 7f58cd7fa700 1 -- 172.21.15.88:0/3287144465 <== mon.0 v2:172.21.15.88:3300/0 1 ==== mon_map magic: 0 v1 ==== 205+0+0 (secure 0 0 0) 0x7f58c0003b70 con 0x7f58d007bdd0
2023-06-09T11:03:23.364 INFO:teuthology.orchestra.run.smithi088.stdout:/usr/bin/ceph: stderr
2023-06-09T11:03:22.507+0000 7f58cd7fa700 1 -- 172.21.15.88:0/3287144465 <== mon.0 v2:172.21.15.88:3300/0 2 ==== config(26 keys) v1 ==== 1074+0+0 (secure 0 0 0) 0x7f58c0003cd0 con 0x7f58d007bdd0
2023-06-09T11:03:23.364 INFO:teuthology.orchestra.run.smithi088.stdout:/usr/bin/ceph: stderr
2023-06-09T11:03:22.507+0000 7f58d64bb700 1 -- 172.21.15.88:0/3287144465 --> [v2:172.21.15.88:3300/0,v1:172.21.15.88:6789/0] -- mon_subscribe({mgrmap=0+}) v3 -- 0x7f58d010be30 con 0x7f58d007bdd0
2023-06-09T11:03:23.364 INFO:teuthology.orchestra.run.smithi088.stdout:/usr/bin/ceph: stderr
2023-06-09T11:03:22.507+0000 7f58cd7fa700 1 -- 172.21.15.88:0/3287144465 <== mon.0 v2:172.21.15.88:3300/0 3 ==== mon_map magic: 0 v1 ==== 205+0+0 (secure 0 0 0) 0x7f58c00247c0 con 0x7f58d007bdd0
2023-06-09T11:03:23.365 INFO:teuthology.orchestra.run.smithi088.stdout:/usr/bin/ceph: stderr
2023-06-09T11:03:22.507+0000 7f58d64bb700 1 -- 172.21.15.88:0/3287144465 --> [v2:172.21.15.88:3300/0,v1:172.21.15.88:6789/0] -- mon_subscribe({osdmap=0}) v3 -- 0x7f58d010bca0 con 0x7f58d007bdd0
2023-06-09T11:03:23.365 INFO:teuthology.orchestra.run.smithi088.stdout:/usr/bin/ceph: stderr
2023-06-09T11:03:22.508+0000 7f58d64bb700 1 -- 172.21.15.88:0/3287144465 --> [v2:172.21.15.88:3300/0,v1:172.21.15.88:6789/0] -- mon_command({"prefix": "get_command_descriptions"} v 0) v1 -- 0x7f58d010bfc0 con 0x7f58d007bdd0
2023-06-09T11:03:23.365 INFO:teuthology.orchestra.run.smithi088.stdout:/usr/bin/ceph: stderr
2023-06-09T11:03:22.508+0000 7f58cd7fa700 1 -- 172.21.15.88:0/3287144465 <== mon.0 v2:172.21.15.88:3300/0 4 ==== mgrmap(e 8) v1 ==== 45483+0+0 (secure 0 0 0) 0x7f58c001ab40 con 0x7f58d007bdd0
2023-06-09T11:03:23.366 INFO:teuthology.orchestra.run.smithi088.stdout:/usr/bin/ceph: stderr
2023-06-09T11:03:22.509+0000 7f58cd7fa700 1 --2- 172.21.15.88:0/3287144465 >> [v2:172.21.15.88:6800/2918562911,v1:172.21.15.88:6801/2918562911] conn(0x7f58b8038760 0x7f58b803ac10 unknown :-1 s=NONE pgs=0 cs=0 l=1 rev1=0 crypto rx=0 tx=0 comp rx=0 tx=0).connect
2023-06-09T11:03:23.366 INFO:teuthology.orchestra.run.smithi088.stdout:/usr/bin/ceph: stderr
2023-06-09T11:03:22.509+0000 7f58cd7fa700 1 -- 172.21.15.88:0/3287144465 <== mon.0 v2:172.21.15.88:3300/0 5 ==== osd_map(2..2 src has 1..2) v4 ==== 940+0+0 (secure 0 0 0) 0x7f58c004c9a0 con 0x7f58d007bdd0
2023-06-09T11:03:23.366 INFO:teuthology.orchestra.run.smithi088.stdout:/usr/bin/ceph: stderr
2023-06-09T11:03:22.509+0000 7f58cf7fe700 1 --2- 172.21.15.88:0/3287144465 >> [v2:172.21.15.88:6800/2918562911,v1:172.21.15.88:6801/2918562911] conn(0x7f58b8038760 0x7f58b803ac10 unknown :-1 s=BANNER_CONNECTING pgs=0 cs=0 l=1 rev1=0 crypto rx=0 tx=0 comp rx=0 tx=0)._handle_peer_banner_payload supported=3 required=0
2023-06-09T11:03:23.366 INFO:teuthology.orchestra.run.smithi088.stdout:/usr/bin/ceph: stderr
2023-06-09T11:03:22.510+0000 7f58cf7fe700 1 --2- 172.21.15.88:0/3287144465 >> [v2:172.21.15.88:6800/2918562911,v1:172.21.15.88:6801/2918562911] conn(0x7f58b8038760 0x7f58b803ac10 secure :-1 s=READY pgs=9 cs=0 l=1 rev1=1 crypto rx=0x7f58c4006fd0 tx=0x7f58c4006e40 comp rx=0 tx=0).ready entity=mgr.14120 client_cookie=0 server_cookie=0 in_seq=0 out_seq=0
2023-06-09T11:03:23.366 INFO:teuthology.orchestra.run.smithi088.stdout:/usr/bin/ceph: stderr
2023-06-09T11:03:22.514+0000 7f58cd7fa700 1 -- 172.21.15.88:0/3287144465 <== mon.0 v2:172.21.15.88:3300/0 6 ==== mon_command_ack([{"prefix": "get_command_descriptions"}]=0 v0) v1 ==== 72+0+177948 (secure 0 0 0) 0x7f58c001a950 con 0x7f58d007bdd0
2023-06-09T11:03:23.367 INFO:teuthology.orchestra.run.smithi088.stdout:/usr/bin/ceph: stderr
2023-06-09T11:03:22.712+0000 7f58d64bb700 1 -- 172.21.15.88:0/3287144465 --> [v2:172.21.15.88:6800/2918562911,v1:172.21.15.88:6801/2918562911] -- mgr_command(tid 0: {"prefix": "cephadm generate-key", "target": ["mon-mgr", ""]}) v1 -- 0x7f58d019c670 con 0x7f58b8038760
2023-06-09T11:03:23.367 INFO:teuthology.orchestra.run.smithi088.stdout:/usr/bin/ceph: stderr
2023-06-09T11:03:22.934+0000 7f58cd7fa700 1 -- 172.21.15.88:0/3287144465 <== mgr.14120 v2:172.21.15.88:6800/2918562911 1 ==== mgr_command_reply(tid 0: 0 ) v1 ==== 8+0+0 (secure 0 0 0) 0x7f58d019c670 con 0x7f58b8038760
2023-06-09T11:03:23.367 INFO:teuthology.orchestra.run.smithi088.stdout:/usr/bin/ceph: stderr
2023-06-09T11:03:22.937+0000 7f58d64bb700 1 -- 172.21.15.88:0/3287144465 >> [v2:172.21.15.88:6800/2918562911,v1:172.21.15.88:6801/2918562911] conn(0x7f58b8038760 msgr2=0x7f58b803ac10 secure :-1 s=STATE_CONNECTION_ESTABLISHED l=1).mark_down
2023-06-09T11:03:23.367 INFO:teuthology.orchestra.run.smithi088.stdout:/usr/bin/ceph: stderr
2023-06-09T11:03:22.937+0000 7f58d64bb700 1 --2- 172.21.15.88:0/3287144465 >> [v2:172.21.15.88:6800/2918562911,v1:172.21.15.88:6801/2918562911] conn(0x7f58b8038760 0x7f58b803ac10 secure :-1 s=READY pgs=9 cs=0 l=1 rev1=1 crypto rx=0x7f58c4006fd0 tx=0x7f58c4006e40 comp rx=0 tx=0).stop
2023-06-09T11:03:23.367 INFO:teuthology.orchestra.run.smithi088.stdout:/usr/bin/ceph: stderr
2023-06-09T11:03:22.937+0000 7f58d64bb700 1 -- 172.21.15.88:0/3287144465 >> [v2:172.21.15.88:3300/0,v1:172.21.15.88:6789/0] conn(0x7f58d007bdd0 msgr2=0x7f58d019b980 secure :-1 s=STATE_CONNECTION_ESTABLISHED l=1).mark_down
2023-06-09T11:03:23.367 INFO:teuthology.orchestra.run.smithi088.stdout:/usr/bin/ceph: stderr
2023-06-09T11:03:22.937+0000 7f58d64bb700 1 --2- 172.21.15.88:0/3287144465 >> [v2:172.21.15.88:3300/0,v1:172.21.15.88:6789/0] conn(0x7f58d007bdd0 0x7f58d019b980 secure :-1 s=READY pgs=42 cs=0 l=1 rev1=1 crypto rx=0x7f58c0006b20 tx=0x7f58c0011ad0 comp rx=0 tx=0).stop
2023-06-09T11:03:23.367 INFO:teuthology.orchestra.run.smithi088.stdout:/usr/bin/ceph: stderr
2023-06-09T11:03:22.937+0000 7f58d64bb700 1 -- 172.21.15.88:0/3287144465 shutdown_connections
2023-06-09T11:03:23.368 INFO:teuthology.orchestra.run.smithi088.stdout:/usr/bin/ceph: stderr
2023-06-09T11:03:22.937+0000 7f58d64bb700 1 --2- 172.21.15.88:0/3287144465 >> [v2:172.21.15.88:6800/2918562911,v1:172.21.15.88:6801/2918562911] conn(0x7f58b8038760 0x7f58b803ac10 unknown :-1 s=CLOSED pgs=9 cs=0 l=1 rev1=1 crypto rx=0 tx=0 comp rx=0 tx=0).stop
2023-06-09T11:03:23.368 INFO:teuthology.orchestra.run.smithi088.stdout:/usr/bin/ceph: stderr
2023-06-09T11:03:22.937+0000 7f58d64bb700 1 --2- 172.21.15.88:0/3287144465 >> [v2:172.21.15.88:3300/0,v1:172.21.15.88:6789/0] conn(0x7f58d007bdd0 0x7f58d019b980 unknown :-1 s=CLOSED pgs=42 cs=0 l=1 rev1=1 crypto rx=0 tx=0 comp rx=0 tx=0).stop
2023-06-09T11:03:23.368 INFO:teuthology.orchestra.run.smithi088.stdout:/usr/bin/ceph: stderr
2023-06-09T11:03:22.937+0000 7f58d64bb700 1 -- 172.21.15.88:0/3287144465 >> 172.21.15.88:0/3287144465 conn(0x7f58d0100ff0 msgr2=0x7f58d01026a0 unknown :-1 s=STATE_NONE l=0).mark_down
2023-06-09T11:03:23.368 INFO:teuthology.orchestra.run.smithi088.stdout:/usr/bin/ceph: stderr
2023-06-09T11:03:22.937+0000 7f58d64bb700 1 -- 172.21.15.88:0/3287144465 shutdown_connections
2023-06-09T11:03:23.368 INFO:teuthology.orchestra.run.smithi088.stdout:/usr/bin/ceph: stderr
2023-06-09T11:03:22.937+0000 7f58d64bb700 1 -- 172.21.15.88:0/3287144465 wait complete.
2023-06-09T11:03:23.507 INFO:journalctl@ceph.mon.a.smithi088.stdout:Jun 09 11:03:23 smithi088 ceph-mon[94649]: from='client.14136 -' entity='client.admin' cmd=[{"prefix": "cephadm generate-key", "target": ["mon-mgr", ""]}]: dispatch
2023-06-09T11:03:23.507 INFO:journalctl@ceph.mon.a.smithi088.stdout:Jun 09 11:03:23 smithi088 ceph-mon[94649]: Generating ssh key...
2023-06-09T11:03:23.507 INFO:journalctl@ceph.mon.a.smithi088.stdout:Jun 09 11:03:23 smithi088 ceph-mon[94649]: from='mgr.14120 172.21.15.88:0/339706135' entity='mgr.x'
2023-06-09T11:03:23.508 INFO:journalctl@ceph.mon.a.smithi088.stdout:Jun 09 11:03:23 smithi088 ceph-mon[94649]: from='mgr.14120 172.21.15.88:0/339706135' entity='mgr.x'
2023-06-09T11:03:24.541 INFO:teuthology.orchestra.run.smithi088.stdout:/usr/bin/ceph: stdout ssh-rsa AAAAB3NzaC1yc2EAAAADAQABAAABgQC9W3llIwvAIewli9ae1FHGGfnngPcfG4eQ7papXdXuUn2aFxiDeyYAA9Wtbd8/M1FZPB47ELE7MllFNG6kz8R/mwP+/nKJG1vQKt2H02BzrnJKDiiHYA+KxIFfZRkx11whFd27THv3hgXcWsGjaLi89Cill++A+5D1uutPjzZs9JfDBmkEALbnOb816me2smEefyKjHd2sjuABt40X0VVAN2wsAilajNcLiKk2IzC1ROk7WH8AQJqBNL+cJmbzXBb7toZOqXV/BoHSahM/UYN/x+N9CJExZQ36qQoreAvoYYYZnQ6kT6fIh6U780keAhhpZXdqbPbkZtT/o9zwkXLfo9DQG1S03mt6w8UcqyVXWC5V0rU5dfdaPPnOeLS0HsvsS9bWVX9sEYmz1mNa/Ayw72Yf6b4mNOjdFkbzKlgoh6wb6KGh2Z4f9RW5FCPrGWEoJbfs/k+vxxAaSZvI2n4/OqdZKptkGFkaabcvfyY/ZYH6PU2eKecBhuhMmQhHAQ8= ceph-0aa8defe-06b5-11ee-9b1e-001a4aab830c
2023-06-09T11:03:24.541 INFO:teuthology.orchestra.run.smithi088.stdout:/usr/bin/ceph: stderr
2023-06-09T11:03:23.853+0000 7eff77bbb700 1 Processor -- start
2023-06-09T11:03:24.542 INFO:teuthology.orchestra.run.smithi088.stdout:/usr/bin/ceph: stderr
2023-06-09T11:03:23.853+0000 7eff77bbb700 1 -- start start
2023-06-09T11:03:24.542 INFO:teuthology.orchestra.run.smithi088.stdout:/usr/bin/ceph: stderr
2023-06-09T11:03:23.854+0000 7eff77bbb700 1 --2- >> [v2:172.21.15.88:3300/0,v1:172.21.15.88:6789/0] conn(0x7eff7007bdb0 0x7eff7007a2b0 unknown :-1 s=NONE pgs=0 cs=0 l=0 rev1=0 crypto rx=0 tx=0 comp rx=0 tx=0).connect
2023-06-09T11:03:24.542 INFO:teuthology.orchestra.run.smithi088.stdout:/usr/bin/ceph: stderr
2023-06-09T11:03:23.854+0000 7eff77bbb700 1 -- --> [v2:172.21.15.88:3300/0,v1:172.21.15.88:6789/0] -- mon_getmap magic: 0 v1 -- 0x7eff7007a7f0 con 0x7eff7007bdb0
2023-06-09T11:03:24.542 INFO:teuthology.orchestra.run.smithi088.stdout:/usr/bin/ceph: stderr
2023-06-09T11:03:23.854+0000 7eff75957700 1 --2- >> [v2:172.21.15.88:3300/0,v1:172.21.15.88:6789/0] conn(0x7eff7007bdb0 0x7eff7007a2b0 unknown :-1 s=BANNER_CONNECTING pgs=0 cs=0 l=0 rev1=0 crypto rx=0 tx=0 comp rx=0 tx=0)._handle_peer_banner_payload supported=3 required=0
2023-06-09T11:03:24.542 INFO:teuthology.orchestra.run.smithi088.stdout:/usr/bin/ceph: stderr
2023-06-09T11:03:23.854+0000 7eff75957700 1 --2- >> [v2:172.21.15.88:3300/0,v1:172.21.15.88:6789/0] conn(0x7eff7007bdb0 0x7eff7007a2b0 unknown :-1 s=HELLO_CONNECTING pgs=0 cs=0 l=0 rev1=1 crypto rx=0 tx=0 comp rx=0 tx=0).handle_hello peer v2:172.21.15.88:3300/0 says I am v2:172.21.15.88:45258/0 (socket says 172.21.15.88:45258)
2023-06-09T11:03:24.543 INFO:teuthology.orchestra.run.smithi088.stdout:/usr/bin/ceph: stderr
2023-06-09T11:03:23.854+0000 7eff75957700 1 -- 172.21.15.88:0/3242189281 learned_addr learned my addr 172.21.15.88:0/3242189281 (peer_addr_for_me v2:172.21.15.88:0/0)
2023-06-09T11:03:24.543 INFO:teuthology.orchestra.run.smithi088.stdout:/usr/bin/ceph: stderr
2023-06-09T11:03:23.854+0000 7eff75957700 1 -- 172.21.15.88:0/3242189281 --> [v2:172.21.15.88:3300/0,v1:172.21.15.88:6789/0] -- mon_subscribe({config=0+,monmap=0+}) v3 -- 0x7eff7007a930 con 0x7eff7007bdb0
2023-06-09T11:03:24.544 INFO:teuthology.orchestra.run.smithi088.stdout:/usr/bin/ceph: stderr
2023-06-09T11:03:23.855+0000 7eff75957700 1 --2- 172.21.15.88:0/3242189281 >> [v2:172.21.15.88:3300/0,v1:172.21.15.88:6789/0] conn(0x7eff7007bdb0 0x7eff7007a2b0 secure :-1 s=READY pgs=43 cs=0 l=1 rev1=1 crypto rx=0x7eff6c0098a0 tx=0x7eff6c009bb0 comp rx=0 tx=0).ready entity=mon.0 client_cookie=a5b0550e20817731 server_cookie=0 in_seq=0 out_seq=0
2023-06-09T11:03:24.544 INFO:teuthology.orchestra.run.smithi088.stdout:/usr/bin/ceph: stderr
2023-06-09T11:03:23.855+0000 7eff74955700 1 -- 172.21.15.88:0/3242189281 <== mon.0 v2:172.21.15.88:3300/0 1 ==== mon_map magic: 0 v1 ==== 205+0+0 (secure 0 0 0) 0x7eff6c004160 con 0x7eff7007bdb0
2023-06-09T11:03:24.544 INFO:teuthology.orchestra.run.smithi088.stdout:/usr/bin/ceph: stderr
2023-06-09T11:03:23.855+0000 7eff74955700 1 -- 172.21.15.88:0/3242189281 <== mon.0 v2:172.21.15.88:3300/0 2 ==== config(26 keys) v1 ==== 1074+0+0 (secure 0 0 0) 0x7eff6c0042c0 con 0x7eff7007bdb0
2023-06-09T11:03:24.544 INFO:teuthology.orchestra.run.smithi088.stdout:/usr/bin/ceph: stderr
2023-06-09T11:03:23.855+0000 7eff74955700 1 -- 172.21.15.88:0/3242189281 <== mon.0 v2:172.21.15.88:3300/0 3 ==== mon_map magic: 0 v1 ==== 205+0+0 (secure 0 0 0) 0x7eff6c011a00 con 0x7eff7007bdb0
2023-06-09T11:03:24.544 INFO:teuthology.orchestra.run.smithi088.stdout:/usr/bin/ceph: stderr
2023-06-09T11:03:23.855+0000 7eff77bbb700 1 -- 172.21.15.88:0/3242189281 >> [v2:172.21.15.88:3300/0,v1:172.21.15.88:6789/0] conn(0x7eff7007bdb0 msgr2=0x7eff7007a2b0 secure :-1 s=STATE_CONNECTION_ESTABLISHED l=1).mark_down
2023-06-09T11:03:24.544 INFO:teuthology.orchestra.run.smithi088.stdout:/usr/bin/ceph: stderr
2023-06-09T11:03:23.855+0000 7eff77bbb700 1 --2- 172.21.15.88:0/3242189281 >> [v2:172.21.15.88:3300/0,v1:172.21.15.88:6789/0] conn(0x7eff7007bdb0 0x7eff7007a2b0 secure :-1 s=READY pgs=43 cs=0 l=1 rev1=1 crypto rx=0x7eff6c0098a0 tx=0x7eff6c009bb0 comp rx=0 tx=0).stop
2023-06-09T11:03:24.545 INFO:teuthology.orchestra.run.smithi088.stdout:/usr/bin/ceph: stderr
2023-06-09T11:03:23.856+0000 7eff77bbb700 1 -- 172.21.15.88:0/3242189281 shutdown_connections
2023-06-09T11:03:24.545 INFO:teuthology.orchestra.run.smithi088.stdout:/usr/bin/ceph: stderr
2023-06-09T11:03:23.856+0000 7eff77bbb700 1 --2- 172.21.15.88:0/3242189281 >> [v2:172.21.15.88:3300/0,v1:172.21.15.88:6789/0] conn(0x7eff7007bdb0 0x7eff7007a2b0 unknown :-1 s=CLOSED pgs=43 cs=0 l=1 rev1=1 crypto rx=0 tx=0 comp rx=0 tx=0).stop
2023-06-09T11:03:24.545 INFO:teuthology.orchestra.run.smithi088.stdout:/usr/bin/ceph: stderr
2023-06-09T11:03:23.856+0000 7eff77bbb700 1 -- 172.21.15.88:0/3242189281 >> 172.21.15.88:0/3242189281 conn(0x7eff70100ff0 msgr2=0x7eff70103400 unknown :-1 s=STATE_NONE l=0).mark_down
2023-06-09T11:03:24.545 INFO:teuthology.orchestra.run.smithi088.stdout:/usr/bin/ceph: stderr
2023-06-09T11:03:23.856+0000 7eff77bbb700 1 -- 172.21.15.88:0/3242189281 shutdown_connections
2023-06-09T11:03:24.545 INFO:teuthology.orchestra.run.smithi088.stdout:/usr/bin/ceph: stderr
2023-06-09T11:03:23.856+0000 7eff77bbb700 1 -- 172.21.15.88:0/3242189281 wait complete.
2023-06-09T11:03:24.546 INFO:teuthology.orchestra.run.smithi088.stdout:/usr/bin/ceph: stderr
2023-06-09T11:03:23.857+0000 7eff77bbb700 1 Processor -- start
2023-06-09T11:03:24.546 INFO:teuthology.orchestra.run.smithi088.stdout:/usr/bin/ceph: stderr
2023-06-09T11:03:23.857+0000 7eff77bbb700 1 -- start start
2023-06-09T11:03:24.546 INFO:teuthology.orchestra.run.smithi088.stdout:/usr/bin/ceph: stderr
2023-06-09T11:03:23.857+0000 7eff77bbb700 1 --2- >> [v2:172.21.15.88:3300/0,v1:172.21.15.88:6789/0] conn(0x7eff7007bdb0 0x7eff7019b950 unknown :-1 s=NONE pgs=0 cs=0 l=1 rev1=0 crypto rx=0 tx=0 comp rx=0 tx=0).connect
2023-06-09T11:03:24.546 INFO:teuthology.orchestra.run.smithi088.stdout:/usr/bin/ceph: stderr
2023-06-09T11:03:23.857+0000 7eff77bbb700 1 -- --> [v2:172.21.15.88:3300/0,v1:172.21.15.88:6789/0] -- mon_getmap magic: 0 v1 -- 0x7eff7019be90 con 0x7eff7007bdb0
2023-06-09T11:03:24.546 INFO:teuthology.orchestra.run.smithi088.stdout:/usr/bin/ceph: stderr
2023-06-09T11:03:23.857+0000 7eff75957700 1 --2- >> [v2:172.21.15.88:3300/0,v1:172.21.15.88:6789/0] conn(0x7eff7007bdb0 0x7eff7019b950 unknown :-1 s=BANNER_CONNECTING pgs=0 cs=0 l=1 rev1=0 crypto rx=0 tx=0 comp rx=0 tx=0)._handle_peer_banner_payload supported=3 required=0
2023-06-09T11:03:24.546 INFO:teuthology.orchestra.run.smithi088.stdout:/usr/bin/ceph: stderr
2023-06-09T11:03:23.857+0000 7eff75957700 1 --2- >> [v2:172.21.15.88:3300/0,v1:172.21.15.88:6789/0] conn(0x7eff7007bdb0 0x7eff7019b950 unknown :-1 s=HELLO_CONNECTING pgs=0 cs=0 l=1 rev1=1 crypto rx=0 tx=0 comp rx=0 tx=0).handle_hello peer v2:172.21.15.88:3300/0 says I am v2:172.21.15.88:45272/0 (socket says 172.21.15.88:45272)
2023-06-09T11:03:24.547 INFO:teuthology.orchestra.run.smithi088.stdout:/usr/bin/ceph: stderr
2023-06-09T11:03:23.857+0000 7eff75957700 1 -- 172.21.15.88:0/3036989995 learned_addr learned my addr 172.21.15.88:0/3036989995 (peer_addr_for_me v2:172.21.15.88:0/0)
2023-06-09T11:03:24.547 INFO:teuthology.orchestra.run.smithi088.stdout:/usr/bin/ceph: stderr
2023-06-09T11:03:23.858+0000 7eff75957700 1 -- 172.21.15.88:0/3036989995 --> [v2:172.21.15.88:3300/0,v1:172.21.15.88:6789/0] -- mon_subscribe({config=0+,monmap=0+}) v3 -- 0x7eff6c009550 con 0x7eff7007bdb0
2023-06-09T11:03:24.547 INFO:teuthology.orchestra.run.smithi088.stdout:/usr/bin/ceph: stderr
2023-06-09T11:03:23.858+0000 7eff75957700 1 --2- 172.21.15.88:0/3036989995 >> [v2:172.21.15.88:3300/0,v1:172.21.15.88:6789/0] conn(0x7eff7007bdb0 0x7eff7019b950 secure :-1 s=READY pgs=44 cs=0 l=1 rev1=1 crypto rx=0x7eff6c006af0 tx=0x7eff6c011ad0 comp rx=0 tx=0).ready entity=mon.0 client_cookie=0 server_cookie=0 in_seq=0 out_seq=0
2023-06-09T11:03:24.547 INFO:teuthology.orchestra.run.smithi088.stdout:/usr/bin/ceph: stderr
2023-06-09T11:03:23.858+0000 7eff66ffd700 1 -- 172.21.15.88:0/3036989995 <== mon.0 v2:172.21.15.88:3300/0 1 ==== mon_map magic: 0 v1 ==== 205+0+0 (secure 0 0 0) 0x7eff6c003a40 con 0x7eff7007bdb0
2023-06-09T11:03:24.547 INFO:teuthology.orchestra.run.smithi088.stdout:/usr/bin/ceph: stderr
2023-06-09T11:03:23.858+0000 7eff66ffd700 1 -- 172.21.15.88:0/3036989995 <== mon.0 v2:172.21.15.88:3300/0 2 ==== config(26 keys) v1 ==== 1074+0+0 (secure 0 0 0) 0x7eff6c003ba0 con 0x7eff7007bdb0
2023-06-09T11:03:24.547 INFO:teuthology.orchestra.run.smithi088.stdout:/usr/bin/ceph: stderr
2023-06-09T11:03:23.858+0000 7eff77bbb700 1 -- 172.21.15.88:0/3036989995 --> [v2:172.21.15.88:3300/0,v1:172.21.15.88:6789/0] -- mon_subscribe({mgrmap=0+}) v3 -- 0x7eff7010be50 con 0x7eff7007bdb0
2023-06-09T11:03:24.547 INFO:teuthology.orchestra.run.smithi088.stdout:/usr/bin/ceph: stderr
2023-06-09T11:03:23.858+0000 7eff66ffd700 1 -- 172.21.15.88:0/3036989995 <== mon.0 v2:172.21.15.88:3300/0 3 ==== mon_map magic: 0 v1 ==== 205+0+0 (secure 0 0 0) 0x7eff6c01a700 con 0x7eff7007bdb0
2023-06-09T11:03:24.548 INFO:teuthology.orchestra.run.smithi088.stdout:/usr/bin/ceph: stderr
2023-06-09T11:03:23.858+0000 7eff77bbb700 1 -- 172.21.15.88:0/3036989995 --> [v2:172.21.15.88:3300/0,v1:172.21.15.88:6789/0] -- mon_subscribe({osdmap=0}) v3 -- 0x7eff7010bcc0 con 0x7eff7007bdb0
2023-06-09T11:03:24.548 INFO:teuthology.orchestra.run.smithi088.stdout:/usr/bin/ceph: stderr
2023-06-09T11:03:23.859+0000 7eff66ffd700 1 -- 172.21.15.88:0/3036989995 <== mon.0 v2:172.21.15.88:3300/0 4 ==== mgrmap(e 8) v1 ==== 45483+0+0 (secure 0 0 0) 0x7eff6c024ad0 con 0x7eff7007bdb0
2023-06-09T11:03:24.548 INFO:teuthology.orchestra.run.smithi088.stdout:/usr/bin/ceph: stderr
2023-06-09T11:03:23.859+0000 7eff77bbb700 1 -- 172.21.15.88:0/3036989995 --> [v2:172.21.15.88:3300/0,v1:172.21.15.88:6789/0] -- mon_command({"prefix": "get_command_descriptions"} v 0) v1 -- 0x7eff7010bfe0 con 0x7eff7007bdb0
2023-06-09T11:03:24.548 INFO:teuthology.orchestra.run.smithi088.stdout:/usr/bin/ceph: stderr
2023-06-09T11:03:23.860+0000 7eff66ffd700 1 --2- 172.21.15.88:0/3036989995 >> [v2:172.21.15.88:6800/2918562911,v1:172.21.15.88:6801/2918562911] conn(0x7eff5c038760 0x7eff5c03ac10 unknown :-1 s=NONE pgs=0 cs=0 l=1 rev1=0 crypto rx=0 tx=0 comp rx=0 tx=0).connect
2023-06-09T11:03:24.548 INFO:teuthology.orchestra.run.smithi088.stdout:/usr/bin/ceph: stderr
2023-06-09T11:03:23.860+0000 7eff66ffd700 1 -- 172.21.15.88:0/3036989995 <== mon.0 v2:172.21.15.88:3300/0 5 ==== osd_map(2..2 src has 1..2) v4 ==== 940+0+0 (secure 0 0 0) 0x7eff6c04c730 con 0x7eff7007bdb0
2023-06-09T11:03:24.548 INFO:teuthology.orchestra.run.smithi088.stdout:/usr/bin/ceph: stderr
2023-06-09T11:03:23.860+0000 7eff75156700 1 --2- 172.21.15.88:0/3036989995 >> [v2:172.21.15.88:6800/2918562911,v1:172.21.15.88:6801/2918562911] conn(0x7eff5c038760 0x7eff5c03ac10 unknown :-1 s=BANNER_CONNECTING pgs=0 cs=0 l=1 rev1=0 crypto rx=0 tx=0 comp rx=0 tx=0)._handle_peer_banner_payload supported=3 required=0
2023-06-09T11:03:24.548 INFO:teuthology.orchestra.run.smithi088.stdout:/usr/bin/ceph: stderr
2023-06-09T11:03:23.861+0000 7eff75156700 1 --2- 172.21.15.88:0/3036989995 >> [v2:172.21.15.88:6800/2918562911,v1:172.21.15.88:6801/2918562911] conn(0x7eff5c038760 0x7eff5c03ac10 secure :-1 s=READY pgs=10 cs=0 l=1 rev1=1 crypto rx=0x7eff60006fd0 tx=0x7eff60006e40 comp rx=0 tx=0).ready entity=mgr.14120 client_cookie=0 server_cookie=0 in_seq=0 out_seq=0
2023-06-09T11:03:24.549 INFO:teuthology.orchestra.run.smithi088.stdout:/usr/bin/ceph: stderr
2023-06-09T11:03:23.865+0000 7eff66ffd700 1 -- 172.21.15.88:0/3036989995 <== mon.0 v2:172.21.15.88:3300/0 6 ==== mon_command_ack([{"prefix": "get_command_descriptions"}]=0 v0) v1 ==== 72+0+177948 (secure 0 0 0) 0x7eff6c018b80 con 0x7eff7007bdb0
2023-06-09T11:03:24.549 INFO:teuthology.orchestra.run.smithi088.stdout:/usr/bin/ceph: stderr
2023-06-09T11:03:24.063+0000 7eff77bbb700 1 -- 172.21.15.88:0/3036989995 --> [v2:172.21.15.88:6800/2918562911,v1:172.21.15.88:6801/2918562911] -- mgr_command(tid 0: {"prefix": "cephadm get-pub-key", "target": ["mon-mgr", ""]}) v1 -- 0x7eff70103320 con 0x7eff5c038760
2023-06-09T11:03:24.549 INFO:teuthology.orchestra.run.smithi088.stdout:/usr/bin/ceph: stderr
2023-06-09T11:03:24.064+0000 7eff66ffd700 1 -- 172.21.15.88:0/3036989995 <== mgr.14120 v2:172.21.15.88:6800/2918562911 1 ==== mgr_command_reply(tid 0: 0 ) v1 ==== 8+0+595 (secure 0 0 0) 0x7eff70103320 con 0x7eff5c038760
2023-06-09T11:03:24.549 INFO:teuthology.orchestra.run.smithi088.stdout:/usr/bin/ceph: stderr
2023-06-09T11:03:24.066+0000 7eff77bbb700 1 -- 172.21.15.88:0/3036989995 >> [v2:172.21.15.88:6800/2918562911,v1:172.21.15.88:6801/2918562911] conn(0x7eff5c038760 msgr2=0x7eff5c03ac10 secure :-1 s=STATE_CONNECTION_ESTABLISHED l=1).mark_down
2023-06-09T11:03:24.549 INFO:teuthology.orchestra.run.smithi088.stdout:/usr/bin/ceph: stderr
2023-06-09T11:03:24.066+0000 7eff77bbb700 1 --2- 172.21.15.88:0/3036989995 >> [v2:172.21.15.88:6800/2918562911,v1:172.21.15.88:6801/2918562911] conn(0x7eff5c038760 0x7eff5c03ac10 secure :-1 s=READY pgs=10 cs=0 l=1 rev1=1 crypto rx=0x7eff60006fd0 tx=0x7eff60006e40 comp rx=0 tx=0).stop
2023-06-09T11:03:24.549 INFO:teuthology.orchestra.run.smithi088.stdout:/usr/bin/ceph: stderr
2023-06-09T11:03:24.066+0000 7eff77bbb700 1 -- 172.21.15.88:0/3036989995 >> [v2:172.21.15.88:3300/0,v1:172.21.15.88:6789/0] conn(0x7eff7007bdb0 msgr2=0x7eff7019b950 secure :-1 s=STATE_CONNECTION_ESTABLISHED l=1).mark_down
2023-06-09T11:03:24.549 INFO:teuthology.orchestra.run.smithi088.stdout:/usr/bin/ceph: stderr
2023-06-09T11:03:24.066+0000 7eff77bbb700 1 --2- 172.21.15.88:0/3036989995 >> [v2:172.21.15.88:3300/0,v1:172.21.15.88:6789/0] conn(0x7eff7007bdb0 0x7eff7019b950 secure :-1 s=READY pgs=44 cs=0 l=1 rev1=1 crypto rx=0x7eff6c006af0 tx=0x7eff6c011ad0 comp rx=0 tx=0).stop
2023-06-09T11:03:24.550 INFO:teuthology.orchestra.run.smithi088.stdout:/usr/bin/ceph: stderr
2023-06-09T11:03:24.067+0000 7eff77bbb700 1 -- 172.21.15.88:0/3036989995 shutdown_connections
2023-06-09T11:03:24.550 INFO:teuthology.orchestra.run.smithi088.stdout:/usr/bin/ceph: stderr
2023-06-09T11:03:24.067+0000 7eff77bbb700 1 --2- 172.21.15.88:0/3036989995 >> [v2:172.21.15.88:6800/2918562911,v1:172.21.15.88:6801/2918562911] conn(0x7eff5c038760 0x7eff5c03ac10 unknown :-1 s=CLOSED pgs=10 cs=0 l=1 rev1=1 crypto rx=0 tx=0 comp rx=0 tx=0).stop
2023-06-09T11:03:24.550 INFO:teuthology.orchestra.run.smithi088.stdout:/usr/bin/ceph: stderr
2023-06-09T11:03:24.067+0000 7eff77bbb700 1 --2- 172.21.15.88:0/3036989995 >> [v2:172.21.15.88:3300/0,v1:172.21.15.88:6789/0] conn(0x7eff7007bdb0 0x7eff7019b950 unknown :-1 s=CLOSED pgs=44 cs=0 l=1 rev1=1 crypto rx=0 tx=0 comp rx=0 tx=0).stop
2023-06-09T11:03:24.550 INFO:teuthology.orchestra.run.smithi088.stdout:/usr/bin/ceph: stderr
2023-06-09T11:03:24.067+0000 7eff77bbb700 1 -- 172.21.15.88:0/3036989995 >> 172.21.15.88:0/3036989995 conn(0x7eff70100ff0 msgr2=0x7eff701026c0 unknown :-1 s=STATE_NONE l=0).mark_down
2023-06-09T11:03:24.550 INFO:teuthology.orchestra.run.smithi088.stdout:/usr/bin/ceph: stderr
2023-06-09T11:03:24.067+0000 7eff77bbb700 1 -- 172.21.15.88:0/3036989995 shutdown_connections
2023-06-09T11:03:24.550 INFO:teuthology.orchestra.run.smithi088.stdout:/usr/bin/ceph: stderr
2023-06-09T11:03:24.067+0000 7eff77bbb700 1 -- 172.21.15.88:0/3036989995 wait complete.
2023-06-09T11:03:24.550 INFO:teuthology.orchestra.run.smithi088.stdout:Wrote public SSH key to /home/ubuntu/cephtest/ceph.pub
2023-06-09T11:03:24.551 INFO:teuthology.orchestra.run.smithi088.stdout:Adding key to root@localhost authorized_keys...
2023-06-09T11:03:24.552 INFO:teuthology.orchestra.run.smithi088.stdout:Adding host smithi088...
2023-06-09T11:03:25.257 INFO:journalctl@ceph.mon.a.smithi088.stdout:Jun 09 11:03:24 smithi088 ceph-mon[94649]: from='client.14138 -' entity='client.admin' cmd=[{"prefix": "cephadm get-pub-key", "target": ["mon-mgr", ""]}]: dispatch
