2023-06-09T11:03:08.963 INFO:teuthology.orchestra.run.smithi088.stdout:/usr/bin/ceph: stderr
2023-06-09T11:03:08.198+0000 7fcc577fe700 1 -- 172.21.15.88:0/3785091117 learned_addr learned my addr 172.21.15.88:0/3785091117 (peer_addr_for_me v2:172.21.15.88:0/0)
2023-06-09T11:03:08.963 INFO:teuthology.orchestra.run.smithi088.stdout:/usr/bin/ceph: stderr
2023-06-09T11:03:08.198+0000 7fcc577fe700 1 -- 172.21.15.88:0/3785091117 --> [v2:172.21.15.88:3300/0,v1:172.21.15.88:6789/0] -- mon_subscribe({config=0+,monmap=0+}) v3 -- 0x7fcc5807a930 con 0x7fcc5807bdb0
2023-06-09T11:03:08.963 INFO:teuthology.orchestra.run.smithi088.stdout:/usr/bin/ceph: stderr
2023-06-09T11:03:08.199+0000 7fcc577fe700 1 --2- 172.21.15.88:0/3785091117 >> [v2:172.21.15.88:3300/0,v1:172.21.15.88:6789/0] conn(0x7fcc5807bdb0 0x7fcc5807a2b0 secure :-1 s=READY pgs=20 cs=0 l=1 rev1=1 crypto rx=0x7fcc480098a0 tx=0x7fcc48009bb0 comp rx=0 tx=0).ready entity=mon.0 client_cookie=df9314e7e43a38e2 server_cookie=0 in_seq=0 out_seq=0
2023-06-09T11:03:08.964 INFO:teuthology.orchestra.run.smithi088.stdout:/usr/bin/ceph: stderr
2023-06-09T11:03:08.199+0000 7fcc567fc700 1 -- 172.21.15.88:0/3785091117 <== mon.0 v2:172.21.15.88:3300/0 1 ==== mon_map magic: 0 v1 ==== 205+0+0 (secure 0 0 0) 0x7fcc48004160 con 0x7fcc5807bdb0
2023-06-09T11:03:08.964 INFO:teuthology.orchestra.run.smithi088.stdout:/usr/bin/ceph: stderr
2023-06-09T11:03:08.199+0000 7fcc567fc700 1 -- 172.21.15.88:0/3785091117 <== mon.0 v2:172.21.15.88:3300/0 2 ==== config(26 keys) v1 ==== 1074+0+0 (secure 0 0 0) 0x7fcc480042c0 con 0x7fcc5807bdb0
2023-06-09T11:03:08.964 INFO:teuthology.orchestra.run.smithi088.stdout:/usr/bin/ceph: stderr
2023-06-09T11:03:08.199+0000 7fcc567fc700 1 -- 172.21.15.88:0/3785091117 <== mon.0 v2:172.21.15.88:3300/0 3 ==== mon_map magic: 0 v1 ==== 205+0+0 (secure 0 0 0) 0x7fcc48011a00 con 0x7fcc5807bdb0
2023-06-09T11:03:08.965 INFO:teuthology.orchestra.run.smithi088.stdout:/usr/bin/ceph: stderr
2023-06-09T11:03:08.199+0000 7fcc5db98700 1 -- 172.21.15.88:0/3785091117 >> [v2:172.21.15.88:3300/0,v1:172.21.15.88:6789/0] conn(0x7fcc5807bdb0 msgr2=0x7fcc5807a2b0 secure :-1 s=STATE_CONNECTION_ESTABLISHED l=1).mark_down
2023-06-09T11:03:08.965 INFO:teuthology.orchestra.run.smithi088.stdout:/usr/bin/ceph: stderr
2023-06-09T11:03:08.199+0000 7fcc5db98700 1 --2- 172.21.15.88:0/3785091117 >> [v2:172.21.15.88:3300/0,v1:172.21.15.88:6789/0] conn(0x7fcc5807bdb0 0x7fcc5807a2b0 secure :-1 s=READY pgs=20 cs=0 l=1 rev1=1 crypto rx=0x7fcc480098a0 tx=0x7fcc48009bb0 comp rx=0 tx=0).stop
2023-06-09T11:03:08.965 INFO:teuthology.orchestra.run.smithi088.stdout:/usr/bin/ceph: stderr
2023-06-09T11:03:08.200+0000 7fcc5db98700 1 -- 172.21.15.88:0/3785091117 shutdown_connections
2023-06-09T11:03:08.966 INFO:teuthology.orchestra.run.smithi088.stdout:/usr/bin/ceph: stderr
2023-06-09T11:03:08.200+0000 7fcc5db98700 1 --2- 172.21.15.88:0/3785091117 >> [v2:172.21.15.88:3300/0,v1:172.21.15.88:6789/0] conn(0x7fcc5807bdb0 0x7fcc5807a2b0 unknown :-1 s=CLOSED pgs=20 cs=0 l=1 rev1=1 crypto rx=0 tx=0 comp rx=0 tx=0).stop
2023-06-09T11:03:08.966 INFO:teuthology.orchestra.run.smithi088.stdout:/usr/bin/ceph: stderr
2023-06-09T11:03:08.200+0000 7fcc5db98700 1 -- 172.21.15.88:0/3785091117 >> 172.21.15.88:0/3785091117 conn(0x7fcc58100ff0 msgr2=0x7fcc58103400 unknown :-1 s=STATE_NONE l=0).mark_down
2023-06-09T11:03:08.966 INFO:teuthology.orchestra.run.smithi088.stdout:/usr/bin/ceph: stderr
2023-06-09T11:03:08.200+0000 7fcc5db98700 1 -- 172.21.15.88:0/3785091117 shutdown_connections
2023-06-09T11:03:08.966 INFO:teuthology.orchestra.run.smithi088.stdout:/usr/bin/ceph: stderr
2023-06-09T11:03:08.200+0000 7fcc5db98700 1 -- 172.21.15.88:0/3785091117 wait complete.
2023-06-09T11:03:08.966 INFO:teuthology.orchestra.run.smithi088.stdout:/usr/bin/ceph: stderr
2023-06-09T11:03:08.201+0000 7fcc5db98700 1 Processor -- start
2023-06-09T11:03:08.966 INFO:teuthology.orchestra.run.smithi088.stdout:/usr/bin/ceph: stderr
2023-06-09T11:03:08.201+0000 7fcc5db98700 1 -- start start
2023-06-09T11:03:08.966 INFO:teuthology.orchestra.run.smithi088.stdout:/usr/bin/ceph: stderr
2023-06-09T11:03:08.201+0000 7fcc5db98700 1 --2- >> [v2:172.21.15.88:3300/0,v1:172.21.15.88:6789/0] conn(0x7fcc5807bdb0 0x7fcc5819b950 unknown :-1 s=NONE pgs=0 cs=0 l=1 rev1=0 crypto rx=0 tx=0 comp rx=0 tx=0).connect
2023-06-09T11:03:08.967 INFO:teuthology.orchestra.run.smithi088.stdout:/usr/bin/ceph: stderr
2023-06-09T11:03:08.201+0000 7fcc5db98700 1 -- --> [v2:172.21.15.88:3300/0,v1:172.21.15.88:6789/0] -- mon_getmap magic: 0 v1 -- 0x7fcc5819be90 con 0x7fcc5807bdb0
2023-06-09T11:03:08.967 INFO:teuthology.orchestra.run.smithi088.stdout:/usr/bin/ceph: stderr
2023-06-09T11:03:08.201+0000 7fcc577fe700 1 --2- >> [v2:172.21.15.88:3300/0,v1:172.21.15.88:6789/0] conn(0x7fcc5807bdb0 0x7fcc5819b950 unknown :-1 s=BANNER_CONNECTING pgs=0 cs=0 l=1 rev1=0 crypto rx=0 tx=0 comp rx=0 tx=0)._handle_peer_banner_payload supported=3 required=0
2023-06-09T11:03:08.967 INFO:teuthology.orchestra.run.smithi088.stdout:/usr/bin/ceph: stderr
2023-06-09T11:03:08.201+0000 7fcc577fe700 1 --2- >> [v2:172.21.15.88:3300/0,v1:172.21.15.88:6789/0] conn(0x7fcc5807bdb0 0x7fcc5819b950 unknown :-1 s=HELLO_CONNECTING pgs=0 cs=0 l=1 rev1=1 crypto rx=0 tx=0 comp rx=0 tx=0).handle_hello peer v2:172.21.15.88:3300/0 says I am v2:172.21.15.88:49886/0 (socket says 172.21.15.88:49886)
2023-06-09T11:03:08.967 INFO:teuthology.orchestra.run.smithi088.stdout:/usr/bin/ceph: stderr
2023-06-09T11:03:08.201+0000 7fcc577fe700 1 -- 172.21.15.88:0/1570942806 learned_addr learned my addr 172.21.15.88:0/1570942806 (peer_addr_for_me v2:172.21.15.88:0/0)
2023-06-09T11:03:08.967 INFO:teuthology.orchestra.run.smithi088.stdout:/usr/bin/ceph: stderr
2023-06-09T11:03:08.202+0000 7fcc577fe700 1 -- 172.21.15.88:0/1570942806 --> [v2:172.21.15.88:3300/0,v1:172.21.15.88:6789/0] -- mon_subscribe({config=0+,monmap=0+}) v3 -- 0x7fcc48009550 con 0x7fcc5807bdb0
2023-06-09T11:03:08.967 INFO:teuthology.orchestra.run.smithi088.stdout:/usr/bin/ceph: stderr
2023-06-09T11:03:08.202+0000 7fcc577fe700 1 --2- 172.21.15.88:0/1570942806 >> [v2:172.21.15.88:3300/0,v1:172.21.15.88:6789/0] conn(0x7fcc5807bdb0 0x7fcc5819b950 secure :-1 s=READY pgs=21 cs=0 l=1 rev1=1 crypto rx=0x7fcc48006af0 tx=0x7fcc48011ad0 comp rx=0 tx=0).ready entity=mon.0 client_cookie=0 server_cookie=0 in_seq=0 out_seq=0
2023-06-09T11:03:08.967 INFO:teuthology.orchestra.run.smithi088.stdout:/usr/bin/ceph: stderr
2023-06-09T11:03:08.202+0000 7fcc54ff9700 1 -- 172.21.15.88:0/1570942806 <== mon.0 v2:172.21.15.88:3300/0 1 ==== mon_map magic: 0 v1 ==== 205+0+0 (secure 0 0 0) 0x7fcc48003a40 con 0x7fcc5807bdb0
2023-06-09T11:03:08.968 INFO:teuthology.orchestra.run.smithi088.stdout:/usr/bin/ceph: stderr
2023-06-09T11:03:08.202+0000 7fcc54ff9700 1 -- 172.21.15.88:0/1570942806 <== mon.0 v2:172.21.15.88:3300/0 2 ==== config(26 keys) v1 ==== 1074+0+0 (secure 0 0 0) 0x7fcc48003ba0 con 0x7fcc5807bdb0
2023-06-09T11:03:08.968 INFO:teuthology.orchestra.run.smithi088.stdout:/usr/bin/ceph: stderr
2023-06-09T11:03:08.202+0000 7fcc5db98700 1 -- 172.21.15.88:0/1570942806 --> [v2:172.21.15.88:3300/0,v1:172.21.15.88:6789/0] -- mon_subscribe({mgrmap=0+}) v3 -- 0x7fcc5810be50 con 0x7fcc5807bdb0
2023-06-09T11:03:08.968 INFO:teuthology.orchestra.run.smithi088.stdout:/usr/bin/ceph: stderr
2023-06-09T11:03:08.202+0000 7fcc54ff9700 1 -- 172.21.15.88:0/1570942806 <== mon.0 v2:172.21.15.88:3300/0 3 ==== mon_map magic: 0 v1 ==== 205+0+0 (secure 0 0 0) 0x7fcc4801a700 con 0x7fcc5807bdb0
2023-06-09T11:03:08.968 INFO:teuthology.orchestra.run.smithi088.stdout:/usr/bin/ceph: stderr
2023-06-09T11:03:08.202+0000 7fcc5db98700 1 -- 172.21.15.88:0/1570942806 --> [v2:172.21.15.88:3300/0,v1:172.21.15.88:6789/0] -- mon_subscribe({osdmap=0}) v3 -- 0x7fcc5810bcc0 con 0x7fcc5807bdb0
2023-06-09T11:03:08.968 INFO:teuthology.orchestra.run.smithi088.stdout:/usr/bin/ceph: stderr
2023-06-09T11:03:08.203+0000 7fcc54ff9700 1 -- 172.21.15.88:0/1570942806 <== mon.0 v2:172.21.15.88:3300/0 4 ==== mgrmap(e 4) v1 ==== 45472+0+0 (secure 0 0 0) 0x7fcc48024430 con 0x7fcc5807bdb0
2023-06-09T11:03:08.968 INFO:teuthology.orchestra.run.smithi088.stdout:/usr/bin/ceph: stderr
2023-06-09T11:03:08.203+0000 7fcc5db98700 1 -- 172.21.15.88:0/1570942806 --> [v2:172.21.15.88:3300/0,v1:172.21.15.88:6789/0] -- mon_command({"prefix": "get_command_descriptions"} v 0) v1 -- 0x7fcc5810bfe0 con 0x7fcc5807bdb0
2023-06-09T11:03:08.969 INFO:teuthology.orchestra.run.smithi088.stdout:/usr/bin/ceph: stderr
2023-06-09T11:03:08.204+0000 7fcc54ff9700 1 --2- 172.21.15.88:0/1570942806 >> [v2:172.21.15.88:6800/2154849149,v1:172.21.15.88:6801/2154849149] conn(0x7fcc400386c0 0x7fcc4003ab70 unknown :-1 s=NONE pgs=0 cs=0 l=1 rev1=0 crypto rx=0 tx=0 comp rx=0 tx=0).connect
2023-06-09T11:03:08.969 INFO:teuthology.orchestra.run.smithi088.stdout:/usr/bin/ceph: stderr
2023-06-09T11:03:08.204+0000 7fcc54ff9700 1 -- 172.21.15.88:0/1570942806 <== mon.0 v2:172.21.15.88:3300/0 5 ==== osd_map(1..1 src has 1..1) v4 ==== 725+0+0 (secure 0 0 0) 0x7fcc4804c660 con 0x7fcc5807bdb0
2023-06-09T11:03:08.969 INFO:teuthology.orchestra.run.smithi088.stdout:/usr/bin/ceph: stderr
2023-06-09T11:03:08.204+0000 7fcc56ffd700 1 --2- 172.21.15.88:0/1570942806 >> [v2:172.21.15.88:6800/2154849149,v1:172.21.15.88:6801/2154849149] conn(0x7fcc400386c0 0x7fcc4003ab70 unknown :-1 s=BANNER_CONNECTING pgs=0 cs=0 l=1 rev1=0 crypto rx=0 tx=0 comp rx=0 tx=0)._handle_peer_banner_payload supported=3 required=0
2023-06-09T11:03:08.969 INFO:teuthology.orchestra.run.smithi088.stdout:/usr/bin/ceph: stderr
2023-06-09T11:03:08.205+0000 7fcc56ffd700 1 --2- 172.21.15.88:0/1570942806 >> [v2:172.21.15.88:6800/2154849149,v1:172.21.15.88:6801/2154849149] conn(0x7fcc400386c0 0x7fcc4003ab70 secure :-1 s=READY pgs=7 cs=0 l=1 rev1=1 crypto rx=0x7fcc4c006fd0 tx=0x7fcc4c006e40 comp rx=0 tx=0).ready entity=mgr.14100 client_cookie=0 server_cookie=0 in_seq=0 out_seq=0
2023-06-09T11:03:08.969 INFO:teuthology.orchestra.run.smithi088.stdout:/usr/bin/ceph: stderr
2023-06-09T11:03:08.209+0000 7fcc54ff9700 1 -- 172.21.15.88:0/1570942806 <== mon.0 v2:172.21.15.88:3300/0 6 ==== mon_command_ack([{"prefix": "get_command_descriptions"}]=0 v0) v1 ==== 72+0+177948 (secure 0 0 0) 0x7fcc48018710 con 0x7fcc5807bdb0
2023-06-09T11:03:08.970 INFO:teuthology.orchestra.run.smithi088.stdout:/usr/bin/ceph: stderr
2023-06-09T11:03:08.404+0000 7fcc5db98700 1 -- 172.21.15.88:0/1570942806 --> [v2:172.21.15.88:3300/0,v1:172.21.15.88:6789/0] -- mon_command({"prefix": "config assimilate-conf"} v 0) v1 -- 0x7fcc581a0700 con 0x7fcc5807bdb0
2023-06-09T11:03:08.970 INFO:teuthology.orchestra.run.smithi088.stdout:/usr/bin/ceph: stderr
2023-06-09T11:03:08.405+0000 7fcc54ff9700 1 -- 172.21.15.88:0/1570942806 <== mon.0 v2:172.21.15.88:3300/0 7 ==== mon_command_ack([{"prefix": "config assimilate-conf"}]=0 v3) v1 ==== 70+0+373 (secure 0 0 0) 0x7fcc48018350 con 0x7fcc5807bdb0
2023-06-09T11:03:08.970 INFO:teuthology.orchestra.run.smithi088.stdout:/usr/bin/ceph: stderr
2023-06-09T11:03:08.407+0000 7fcc5db98700 1 -- 172.21.15.88:0/1570942806 >> [v2:172.21.15.88:6800/2154849149,v1:172.21.15.88:6801/2154849149] conn(0x7fcc400386c0 msgr2=0x7fcc4003ab70 secure :-1 s=STATE_CONNECTION_ESTABLISHED l=1).mark_down
2023-06-09T11:03:08.970 INFO:teuthology.orchestra.run.smithi088.stdout:/usr/bin/ceph: stderr
2023-06-09T11:03:08.407+0000 7fcc5db98700 1 --2- 172.21.15.88:0/1570942806 >> [v2:172.21.15.88:6800/2154849149,v1:172.21.15.88:6801/2154849149] conn(0x7fcc400386c0 0x7fcc4003ab70 secure :-1 s=READY pgs=7 cs=0 l=1 rev1=1 crypto rx=0x7fcc4c006fd0 tx=0x7fcc4c006e40 comp rx=0 tx=0).stop
2023-06-09T11:03:08.970 INFO:teuthology.orchestra.run.smithi088.stdout:/usr/bin/ceph: stderr
2023-06-09T11:03:08.407+0000 7fcc5db98700 1 -- 172.21.15.88:0/1570942806 >> [v2:172.21.15.88:3300/0,v1:172.21.15.88:6789/0] conn(0x7fcc5807bdb0 msgr2=0x7fcc5819b950 secure :-1 s=STATE_CONNECTION_ESTABLISHED l=1).mark_down
2023-06-09T11:03:08.970 INFO:teuthology.orchestra.run.smithi088.stdout:/usr/bin/ceph: stderr
2023-06-09T11:03:08.407+0000 7fcc5db98700 1 --2- 172.21.15.88:0/1570942806 >> [v2:172.21.15.88:3300/0,v1:172.21.15.88:6789/0] conn(0x7fcc5807bdb0 0x7fcc5819b950 secure :-1 s=READY pgs=21 cs=0 l=1 rev1=1 crypto rx=0x7fcc48006af0 tx=0x7fcc48011ad0 comp rx=0 tx=0).stop
2023-06-09T11:03:08.970 INFO:teuthology.orchestra.run.smithi088.stdout:/usr/bin/ceph: stderr
2023-06-09T11:03:08.408+0000 7fcc5db98700 1 -- 172.21.15.88:0/1570942806 shutdown_connections
2023-06-09T11:03:08.971 INFO:teuthology.orchestra.run.smithi088.stdout:/usr/bin/ceph: stderr
2023-06-09T11:03:08.408+0000 7fcc5db98700 1 --2- 172.21.15.88:0/1570942806 >> [v2:172.21.15.88:6800/2154849149,v1:172.21.15.88:6801/2154849149] conn(0x7fcc400386c0 0x7fcc4003ab70 unknown :-1 s=CLOSED pgs=7 cs=0 l=1 rev1=1 crypto rx=0 tx=0 comp rx=0 tx=0).stop
2023-06-09T11:03:08.971 INFO:teuthology.orchestra.run.smithi088.stdout:/usr/bin/ceph: stderr
2023-06-09T11:03:08.408+0000 7fcc5db98700 1 --2- 172.21.15.88:0/1570942806 >> [v2:172.21.15.88:3300/0,v1:172.21.15.88:6789/0] conn(0x7fcc5807bdb0 0x7fcc5819b950 unknown :-1 s=CLOSED pgs=21 cs=0 l=1 rev1=1 crypto rx=0 tx=0 comp rx=0 tx=0).stop
2023-06-09T11:03:08.971 INFO:teuthology.orchestra.run.smithi088.stdout:/usr/bin/ceph: stderr
2023-06-09T11:03:08.408+0000 7fcc5db98700 1 -- 172.21.15.88:0/1570942806 >> 172.21.15.88:0/1570942806 conn(0x7fcc58100ff0 msgr2=0x7fcc581026c0 unknown :-1 s=STATE_NONE l=0).mark_down
2023-06-09T11:03:08.971 INFO:teuthology.orchestra.run.smithi088.stdout:/usr/bin/ceph: stderr
2023-06-09T11:03:08.408+0000 7fcc5db98700 1 -- 172.21.15.88:0/1570942806 shutdown_connections
2023-06-09T11:03:08.971 INFO:teuthology.orchestra.run.smithi088.stdout:/usr/bin/ceph: stderr
2023-06-09T11:03:08.408+0000 7fcc5db98700 1 -- 172.21.15.88:0/1570942806 wait complete.
2023-06-09T11:03:08.971 INFO:teuthology.orchestra.run.smithi088.stdout:Enabling cephadm module...
2023-06-09T11:03:10.060 INFO:journalctl@ceph.mgr.x.smithi088.stdout:Jun 09 11:03:09 smithi088 ceph-0aa8defe-06b5-11ee-9b1e-001a4aab830c-mgr-x[94895]: ignoring --setuser ceph since I am not root
2023-06-09T11:03:10.060 INFO:journalctl@ceph.mgr.x.smithi088.stdout:Jun 09 11:03:09 smithi088 ceph-0aa8defe-06b5-11ee-9b1e-001a4aab830c-mgr-x[94895]: ignoring --setgroup ceph since I am not root
2023-06-09T11:03:10.061 INFO:journalctl@ceph.mon.a.smithi088.stdout:Jun 09 11:03:09 smithi088 ceph-mon[94649]: from='client.? 172.21.15.88:0/2240355107' entity='client.admin' cmd=[{"prefix": "mgr module enable", "module": "cephadm"}]: dispatch
2023-06-09T11:03:10.336 INFO:teuthology.orchestra.run.smithi088.stdout:/usr/bin/ceph: stderr
2023-06-09T11:03:09.476+0000 7f0801aa5700 1 Processor -- start
2023-06-09T11:03:10.336 INFO:teuthology.orchestra.run.smithi088.stdout:/usr/bin/ceph: stderr
2023-06-09T11:03:09.476+0000 7f0801aa5700 1 -- start start
2023-06-09T11:03:10.337 INFO:teuthology.orchestra.run.smithi088.stdout:/usr/bin/ceph: stderr
2023-06-09T11:03:09.477+0000 7f0801aa5700 1 --2- >> [v2:172.21.15.88:3300/0,v1:172.21.15.88:6789/0] conn(0x7f07fc105960 0x7f07fc105d70 unknown :-1 s=NONE pgs=0 cs=0 l=0 rev1=0 crypto rx=0 tx=0 comp rx=0 tx=0).connect
2023-06-09T11:03:10.337 INFO:teuthology.orchestra.run.smithi088.stdout:/usr/bin/ceph: stderr
2023-06-09T11:03:09.477+0000 7f0801aa5700 1 -- --> [v2:172.21.15.88:3300/0,v1:172.21.15.88:6789/0] -- mon_getmap magic: 0 v1 -- 0x7f07fc1062b0 con 0x7f07fc105960
2023-06-09T11:03:10.337 INFO:teuthology.orchestra.run.smithi088.stdout:/usr/bin/ceph: stderr
2023-06-09T11:03:09.477+0000 7f07fb7fe700 1 --2- >> [v2:172.21.15.88:3300/0,v1:172.21.15.88:6789/0] conn(0x7f07fc105960 0x7f07fc105d70 unknown :-1 s=BANNER_CONNECTING pgs=0 cs=0 l=0 rev1=0 crypto rx=0 tx=0 comp rx=0 tx=0)._handle_peer_banner_payload supported=3 required=0
2023-06-09T11:03:10.337 INFO:teuthology.orchestra.run.smithi088.stdout:/usr/bin/ceph: stderr
2023-06-09T11:03:09.477+0000 7f07fb7fe700 1 --2- >> [v2:172.21.15.88:3300/0,v1:172.21.15.88:6789/0] conn(0x7f07fc105960 0x7f07fc105d70 unknown :-1 s=HELLO_CONNECTING pgs=0 cs=0 l=0 rev1=1 crypto rx=0 tx=0 comp rx=0 tx=0).handle_hello peer v2:172.21.15.88:3300/0 says I am v2:172.21.15.88:49902/0 (socket says 172.21.15.88:49902)
2023-06-09T11:03:10.337 INFO:teuthology.orchestra.run.smithi088.stdout:/usr/bin/ceph: stderr
2023-06-09T11:03:09.477+0000 7f07fb7fe700 1 -- 172.21.15.88:0/3833592987 learned_addr learned my addr 172.21.15.88:0/3833592987 (peer_addr_for_me v2:172.21.15.88:0/0)
2023-06-09T11:03:10.338 INFO:teuthology.orchestra.run.smithi088.stdout:/usr/bin/ceph: stderr
2023-06-09T11:03:09.477+0000 7f07fb7fe700 1 -- 172.21.15.88:0/3833592987 --> [v2:172.21.15.88:3300/0,v1:172.21.15.88:6789/0] -- mon_subscribe({config=0+,monmap=0+}) v3 -- 0x7f07fc1063f0 con 0x7f07fc105960
2023-06-09T11:03:10.338 INFO:teuthology.orchestra.run.smithi088.stdout:/usr/bin/ceph: stderr
2023-06-09T11:03:09.478+0000 7f07fb7fe700 1 --2- 172.21.15.88:0/3833592987 >> [v2:172.21.15.88:3300/0,v1:172.21.15.88:6789/0] conn(0x7f07fc105960 0x7f07fc105d70 secure :-1 s=READY pgs=22 cs=0 l=1 rev1=1 crypto rx=0x7f07ec0098a0 tx=0x7f07ec009bb0 comp rx=0 tx=0).ready entity=mon.0 client_cookie=7229f463f8318e41 server_cookie=0 in_seq=0 out_seq=0
2023-06-09T11:03:10.338 INFO:teuthology.orchestra.run.smithi088.stdout:/usr/bin/ceph: stderr
2023-06-09T11:03:09.478+0000 7f07fa7fc700 1 -- 172.21.15.88:0/3833592987 <== mon.0 v2:172.21.15.88:3300/0 1 ==== mon_map magic: 0 v1 ==== 205+0+0 (secure 0 0 0) 0x7f07ec004160 con 0x7f07fc105960
2023-06-09T11:03:10.338 INFO:teuthology.orchestra.run.smithi088.stdout:/usr/bin/ceph: stderr
2023-06-09T11:03:09.478+0000 7f07fa7fc700 1 -- 172.21.15.88:0/3833592987 <== mon.0 v2:172.21.15.88:3300/0 2 ==== config(26 keys) v1 ==== 1074+0+0 (secure 0 0 0) 0x7f07ec0042c0 con 0x7f07fc105960
2023-06-09T11:03:10.339 INFO:teuthology.orchestra.run.smithi088.stdout:/usr/bin/ceph: stderr
2023-06-09T11:03:09.478+0000 7f07fa7fc700 1 -- 172.21.15.88:0/3833592987 <== mon.0 v2:172.21.15.88:3300/0 3 ==== mon_map magic: 0 v1 ==== 205+0+0 (secure 0 0 0) 0x7f07ec011a00 con 0x7f07fc105960
2023-06-09T11:03:10.339 INFO:teuthology.orchestra.run.smithi088.stdout:/usr/bin/ceph: stderr
2023-06-09T11:03:09.478+0000 7f0801aa5700 1 -- 172.21.15.88:0/3833592987 >> [v2:172.21.15.88:3300/0,v1:172.21.15.88:6789/0] conn(0x7f07fc105960 msgr2=0x7f07fc105d70 secure :-1 s=STATE_CONNECTION_ESTABLISHED l=1).mark_down
2023-06-09T11:03:10.339 INFO:teuthology.orchestra.run.smithi088.stdout:/usr/bin/ceph: stderr
2023-06-09T11:03:09.478+0000 7f0801aa5700 1 --2- 172.21.15.88:0/3833592987 >> [v2:172.21.15.88:3300/0,v1:172.21.15.88:6789/0] conn(0x7f07fc105960 0x7f07fc105d70 secure :-1 s=READY pgs=22 cs=0 l=1 rev1=1 crypto rx=0x7f07ec0098a0 tx=0x7f07ec009bb0 comp rx=0 tx=0).stop
2023-06-09T11:03:10.340 INFO:teuthology.orchestra.run.smithi088.stdout:/usr/bin/ceph: stderr
2023-06-09T11:03:09.478+0000 7f0801aa5700 1 -- 172.21.15.88:0/3833592987 shutdown_connections
2023-06-09T11:03:10.340 INFO:teuthology.orchestra.run.smithi088.stdout:/usr/bin/ceph: stderr
2023-06-09T11:03:09.478+0000 7f0801aa5700 1 --2- 172.21.15.88:0/3833592987 >> [v2:172.21.15.88:3300/0,v1:172.21.15.88:6789/0] conn(0x7f07fc105960 0x7f07fc105d70 unknown :-1 s=CLOSED pgs=22 cs=0 l=1 rev1=1 crypto rx=0 tx=0 comp rx=0 tx=0).stop
2023-06-09T11:03:10.340 INFO:teuthology.orchestra.run.smithi088.stdout:/usr/bin/ceph: stderr
2023-06-09T11:03:09.478+0000 7f0801aa5700 1 -- 172.21.15.88:0/3833592987 >> 172.21.15.88:0/3833592987 conn(0x7f07fc100ff0 msgr2=0x7f07fc103400 unknown :-1 s=STATE_NONE l=0).mark_down
2023-06-09T11:03:10.340 INFO:teuthology.orchestra.run.smithi088.stdout:/usr/bin/ceph: stderr
2023-06-09T11:03:09.478+0000 7f0801aa5700 1 -- 172.21.15.88:0/3833592987 shutdown_connections
2023-06-09T11:03:10.341 INFO:teuthology.orchestra.run.smithi088.stdout:/usr/bin/ceph: stderr
2023-06-09T11:03:09.479+0000 7f0801aa5700 1 -- 172.21.15.88:0/3833592987 wait complete.
2023-06-09T11:03:10.341 INFO:teuthology.orchestra.run.smithi088.stdout:/usr/bin/ceph: stderr
2023-06-09T11:03:09.479+0000 7f0801aa5700 1 Processor -- start
2023-06-09T11:03:10.341 INFO:teuthology.orchestra.run.smithi088.stdout:/usr/bin/ceph: stderr
2023-06-09T11:03:09.480+0000 7f0801aa5700 1 -- start start
2023-06-09T11:03:10.342 INFO:teuthology.orchestra.run.smithi088.stdout:/usr/bin/ceph: stderr
2023-06-09T11:03:09.480+0000 7f0801aa5700 1 --2- >> [v2:172.21.15.88:3300/0,v1:172.21.15.88:6789/0] conn(0x7f07fc105960 0x7f07fc19b940 unknown :-1 s=NONE pgs=0 cs=0 l=1 rev1=0 crypto rx=0 tx=0 comp rx=0 tx=0).connect
2023-06-09T11:03:10.342 INFO:teuthology.orchestra.run.smithi088.stdout:/usr/bin/ceph: stderr
2023-06-09T11:03:09.480+0000 7f0801aa5700 1 -- --> [v2:172.21.15.88:3300/0,v1:172.21.15.88:6789/0] -- mon_getmap magic: 0 v1 -- 0x7f07fc19be80 con 0x7f07fc105960
2023-06-09T11:03:10.342 INFO:teuthology.orchestra.run.smithi088.stdout:/usr/bin/ceph: stderr
2023-06-09T11:03:09.480+0000 7f07fb7fe700 1 --2- >> [v2:172.21.15.88:3300/0,v1:172.21.15.88:6789/0] conn(0x7f07fc105960 0x7f07fc19b940 unknown :-1 s=BANNER_CONNECTING pgs=0 cs=0 l=1 rev1=0 crypto rx=0 tx=0 comp rx=0 tx=0)._handle_peer_banner_payload supported=3 required=0
2023-06-09T11:03:10.342 INFO:teuthology.orchestra.run.smithi088.stdout:/usr/bin/ceph: stderr
2023-06-09T11:03:09.480+0000 7f07fb7fe700 1 --2- >> [v2:172.21.15.88:3300/0,v1:172.21.15.88:6789/0] conn(0x7f07fc105960 0x7f07fc19b940 unknown :-1 s=HELLO_CONNECTING pgs=0 cs=0 l=1 rev1=1 crypto rx=0 tx=0 comp rx=0 tx=0).handle_hello peer v2:172.21.15.88:3300/0 says I am v2:172.21.15.88:49904/0 (socket says 172.21.15.88:49904)
2023-06-09T11:03:10.343 INFO:teuthology.orchestra.run.smithi088.stdout:/usr/bin/ceph: stderr
2023-06-09T11:03:09.480+0000 7f07fb7fe700 1 -- 172.21.15.88:0/2240355107 learned_addr learned my addr 172.21.15.88:0/2240355107 (peer_addr_for_me v2:172.21.15.88:0/0)
2023-06-09T11:03:10.343 INFO:teuthology.orchestra.run.smithi088.stdout:/usr/bin/ceph: stderr
2023-06-09T11:03:09.480+0000 7f07fb7fe700 1 -- 172.21.15.88:0/2240355107 --> [v2:172.21.15.88:3300/0,v1:172.21.15.88:6789/0] -- mon_subscribe({config=0+,monmap=0+}) v3 -- 0x7f07ec009550 con 0x7f07fc105960
2023-06-09T11:03:10.343 INFO:teuthology.orchestra.run.smithi088.stdout:/usr/bin/ceph: stderr
2023-06-09T11:03:09.481+0000 7f07fb7fe700 1 --2- 172.21.15.88:0/2240355107 >> [v2:172.21.15.88:3300/0,v1:172.21.15.88:6789/0] conn(0x7f07fc105960 0x7f07fc19b940 secure :-1 s=READY pgs=23 cs=0 l=1 rev1=1 crypto rx=0x7f07ec006af0 tx=0x7f07ec011ad0 comp rx=0 tx=0).ready entity=mon.0 client_cookie=0 server_cookie=0 in_seq=0 out_seq=0
2023-06-09T11:03:10.344 INFO:teuthology.orchestra.run.smithi088.stdout:/usr/bin/ceph: stderr
2023-06-09T11:03:09.481+0000 7f07f8ff9700 1 -- 172.21.15.88:0/2240355107 <== mon.0 v2:172.21.15.88:3300/0 1 ==== mon_map magic: 0 v1 ==== 205+0+0 (secure 0 0 0) 0x7f07ec003a40 con 0x7f07fc105960
2023-06-09T11:03:10.344 INFO:teuthology.orchestra.run.smithi088.stdout:/usr/bin/ceph: stderr
2023-06-09T11:03:09.481+0000 7f07f8ff9700 1 -- 172.21.15.88:0/2240355107 <== mon.0 v2:172.21.15.88:3300/0 2 ==== config(26 keys) v1 ==== 1074+0+0 (secure 0 0 0) 0x7f07ec003ba0 con 0x7f07fc105960
2023-06-09T11:03:10.344 INFO:teuthology.orchestra.run.smithi088.stdout:/usr/bin/ceph: stderr
2023-06-09T11:03:09.481+0000 7f07f8ff9700 1 -- 172.21.15.88:0/2240355107 <== mon.0 v2:172.21.15.88:3300/0 3 ==== mon_map magic: 0 v1 ==== 205+0+0 (secure 0 0 0) 0x7f07ec01a6e0 con 0x7f07fc105960
2023-06-09T11:03:10.345 INFO:teuthology.orchestra.run.smithi088.stdout:/usr/bin/ceph: stderr
2023-06-09T11:03:09.481+0000 7f0801aa5700 1 -- 172.21.15.88:0/2240355107 --> [v2:172.21.15.88:3300/0,v1:172.21.15.88:6789/0] -- mon_subscribe({mgrmap=0+}) v3 -- 0x7f07fc1079b0 con 0x7f07fc105960
2023-06-09T11:03:10.345 INFO:teuthology.orchestra.run.smithi088.stdout:/usr/bin/ceph: stderr
2023-06-09T11:03:09.481+0000 7f0801aa5700 1 -- 172.21.15.88:0/2240355107 --> [v2:172.21.15.88:3300/0,v1:172.21.15.88:6789/0] -- mon_subscribe({osdmap=0}) v3 -- 0x7f07fc107820 con 0x7f07fc105960
2023-06-09T11:03:10.345 INFO:teuthology.orchestra.run.smithi088.stdout:/usr/bin/ceph: stderr
2023-06-09T11:03:09.482+0000 7f07f8ff9700 1 -- 172.21.15.88:0/2240355107 <== mon.0 v2:172.21.15.88:3300/0 4 ==== mgrmap(e 4) v1 ==== 45472+0+0 (secure 0 0 0) 0x7f07ec024a60 con 0x7f07fc105960
2023-06-09T11:03:10.345 INFO:teuthology.orchestra.run.smithi088.stdout:/usr/bin/ceph: stderr
2023-06-09T11:03:09.482+0000 7f0801aa5700 1 -- 172.21.15.88:0/2240355107 --> [v2:172.21.15.88:3300/0,v1:172.21.15.88:6789/0] -- mon_command({"prefix": "get_command_descriptions"} v 0) v1 -- 0x7f07fc109e30 con 0x7f07fc105960
2023-06-09T11:03:10.345 INFO:teuthology.orchestra.run.smithi088.stdout:/usr/bin/ceph: stderr
2023-06-09T11:03:09.483+0000 7f07f8ff9700 1 --2- 172.21.15.88:0/2240355107 >> [v2:172.21.15.88:6800/2154849149,v1:172.21.15.88:6801/2154849149] conn(0x7f07e4038710 0x7f07e403abc0 unknown :-1 s=NONE pgs=0 cs=0 l=1 rev1=0 crypto rx=0 tx=0 comp rx=0 tx=0).connect
2023-06-09T11:03:10.345 INFO:teuthology.orchestra.run.smithi088.stdout:/usr/bin/ceph: stderr
2023-06-09T11:03:09.483+0000 7f07f8ff9700 1 -- 172.21.15.88:0/2240355107 <== mon.0 v2:172.21.15.88:3300/0 5 ==== osd_map(1..1 src has 1..1) v4 ==== 725+0+0 (secure 0 0 0) 0x7f07ec04c690 con 0x7f07fc105960
2023-06-09T11:03:10.345 INFO:teuthology.orchestra.run.smithi088.stdout:/usr/bin/ceph: stderr
2023-06-09T11:03:09.483+0000 7f07faffd700 1 --2- 172.21.15.88:0/2240355107 >> [v2:172.21.15.88:6800/2154849149,v1:172.21.15.88:6801/2154849149] conn(0x7f07e4038710 0x7f07e403abc0 unknown :-1 s=BANNER_CONNECTING pgs=0 cs=0 l=1 rev1=0 crypto rx=0 tx=0 comp rx=0 tx=0)._handle_peer_banner_payload supported=3 required=0
2023-06-09T11:03:10.346 INFO:teuthology.orchestra.run.smithi088.stdout:/usr/bin/ceph: stderr
2023-06-09T11:03:09.483+0000 7f07faffd700 1 --2- 172.21.15.88:0/2240355107 >> [v2:172.21.15.88:6800/2154849149,v1:172.21.15.88:6801/2154849149] conn(0x7f07e4038710 0x7f07e403abc0 secure :-1 s=READY pgs=8 cs=0 l=1 rev1=1 crypto rx=0x7f07f0006fd0 tx=0x7f07f0006e40 comp rx=0 tx=0).ready entity=mgr.14100 client_cookie=0 server_cookie=0 in_seq=0 out_seq=0
2023-06-09T11:03:10.346 INFO:teuthology.orchestra.run.smithi088.stdout:/usr/bin/ceph: stderr
2023-06-09T11:03:09.487+0000 7f07f8ff9700 1 -- 172.21.15.88:0/2240355107 <== mon.0 v2:172.21.15.88:3300/0 6 ==== mon_command_ack([{"prefix": "get_command_descriptions"}]=0 v0) v1 ==== 72+0+177948 (secure 0 0 0) 0x7f07ec024430 con 0x7f07fc105960
2023-06-09T11:03:10.346 INFO:teuthology.orchestra.run.smithi088.stdout:/usr/bin/ceph: stderr
2023-06-09T11:03:09.735+0000 7f0801aa5700 1 -- 172.21.15.88:0/2240355107 --> [v2:172.21.15.88:3300/0,v1:172.21.15.88:6789/0] -- mon_command({"prefix": "mgr module enable", "module": "cephadm"} v 0) v1 -- 0x7f07fc19f590 con 0x7f07fc105960
2023-06-09T11:03:10.346 INFO:teuthology.orchestra.run.smithi088.stdout:/usr/bin/ceph: stderr
2023-06-09T11:03:09.788+0000 7f07f8ff9700 1 -- 172.21.15.88:0/2240355107 <== mon.0 v2:172.21.15.88:3300/0 7 ==== mgrmap(e 5) v1 ==== 45483+0+0 (secure 0 0 0) 0x7f07ec02d910 con 0x7f07fc105960
2023-06-09T11:03:10.346 INFO:teuthology.orchestra.run.smithi088.stdout:/usr/bin/ceph: stderr
2023-06-09T11:03:09.790+0000 7f07f8ff9700 1 -- 172.21.15.88:0/2240355107 <== mon.0 v2:172.21.15.88:3300/0 8 ==== mon_command_ack([{"prefix": "mgr module enable", "module": "cephadm"}]=0 v5) v1 ==== 86+0+0 (secure 0 0 0) 0x7f07ec02c350 con 0x7f07fc105960
2023-06-09T11:03:10.346 INFO:teuthology.orchestra.run.smithi088.stdout:/usr/bin/ceph: stderr
2023-06-09T11:03:09.793+0000 7f0801aa5700 1 -- 172.21.15.88:0/2240355107 >> [v2:172.21.15.88:6800/2154849149,v1:172.21.15.88:6801/2154849149] conn(0x7f07e4038710 msgr2=0x7f07e403abc0 secure :-1 s=STATE_CONNECTION_ESTABLISHED l=1).mark_down
2023-06-09T11:03:10.346 INFO:teuthology.orchestra.run.smithi088.stdout:/usr/bin/ceph: stderr
2023-06-09T11:03:09.793+0000 7f0801aa5700 1 --2- 172.21.15.88:0/2240355107 >> [v2:172.21.15.88:6800/2154849149,v1:172.21.15.88:6801/2154849149] conn(0x7f07e4038710 0x7f07e403abc0 secure :-1 s=READY pgs=8 cs=0 l=1 rev1=1 crypto rx=0x7f07f0006fd0 tx=0x7f07f0006e40 comp rx=0 tx=0).stop
2023-06-09T11:03:10.346 INFO:teuthology.orchestra.run.smithi088.stdout:/usr/bin/ceph: stderr
2023-06-09T11:03:09.793+0000 7f0801aa5700 1 -- 172.21.15.88:0/2240355107 >> [v2:172.21.15.88:3300/0,v1:172.21.15.88:6789/0] conn(0x7f07fc105960 msgr2=0x7f07fc19b940 secure :-1 s=STATE_CONNECTION_ESTABLISHED l=1).mark_down
2023-06-09T11:03:10.347 INFO:teuthology.orchestra.run.smithi088.stdout:/usr/bin/ceph: stderr
2023-06-09T11:03:09.793+0000 7f0801aa5700 1 --2- 172.21.15.88:0/2240355107 >> [v2:172.21.15.88:3300/0,v1:172.21.15.88:6789/0] conn(0x7f07fc105960 0x7f07fc19b940 secure :-1 s=READY pgs=23 cs=0 l=1 rev1=1 crypto rx=0x7f07ec006af0 tx=0x7f07ec011ad0 comp rx=0 tx=0).stop
2023-06-09T11:03:10.347 INFO:teuthology.orchestra.run.smithi088.stdout:/usr/bin/ceph: stderr
2023-06-09T11:03:09.793+0000 7f0801aa5700 1 -- 172.21.15.88:0/2240355107 shutdown_connections
2023-06-09T11:03:10.347 INFO:teuthology.orchestra.run.smithi088.stdout:/usr/bin/ceph: stderr
2023-06-09T11:03:09.793+0000 7f0801aa5700 1 --2- 172.21.15.88:0/2240355107 >> [v2:172.21.15.88:6800/2154849149,v1:172.21.15.88:6801/2154849149] conn(0x7f07e4038710 0x7f07e403abc0 unknown :-1 s=CLOSED pgs=8 cs=0 l=1 rev1=1 crypto rx=0 tx=0 comp rx=0 tx=0).stop
2023-06-09T11:03:10.347 INFO:teuthology.orchestra.run.smithi088.stdout:/usr/bin/ceph: stderr
2023-06-09T11:03:09.793+0000 7f0801aa5700 1 --2- 172.21.15.88:0/2240355107 >> [v2:172.21.15.88:3300/0,v1:172.21.15.88:6789/0] conn(0x7f07fc105960 0x7f07fc19b940 unknown :-1 s=CLOSED pgs=23 cs=0 l=1 rev1=1 crypto rx=0 tx=0 comp rx=0 tx=0).stop
2023-06-09T11:03:10.347 INFO:teuthology.orchestra.run.smithi088.stdout:/usr/bin/ceph: stderr
2023-06-09T11:03:09.793+0000 7f0801aa5700 1 -- 172.21.15.88:0/2240355107 >> 172.21.15.88:0/2240355107 conn(0x7f07fc100ff0 msgr2=0x7f07fc102630 unknown :-1 s=STATE_NONE l=0).mark_down
2023-06-09T11:03:10.347 INFO:teuthology.orchestra.run.smithi088.stdout:/usr/bin/ceph: stderr
2023-06-09T11:03:09.793+0000 7f0801aa5700 1 -- 172.21.15.88:0/2240355107 shutdown_connections
2023-06-09T11:03:10.347 INFO:teuthology.orchestra.run.smithi088.stdout:/usr/bin/ceph: stderr
2023-06-09T11:03:09.793+0000 7f0801aa5700 1 -- 172.21.15.88:0/2240355107 wait complete.
2023-06-09T11:03:10.348 INFO:journalctl@ceph.mgr.x.smithi088.stdout:Jun 09 11:03:10 smithi088 ceph-0aa8defe-06b5-11ee-9b1e-001a4aab830c-mgr-x[94895]:
2023-06-09T11:03:10.055+0000 7fd79144d200 -1 mgr[py] Module devicehealth has missing NOTIFY_TYPES member
2023-06-09T11:03:10.348 INFO:journalctl@ceph.mgr.x.smithi088.stdout:Jun 09 11:03:10 smithi088 ceph-0aa8defe-06b5-11ee-9b1e-001a4aab830c-mgr-x[94895]:
2023-06-09T11:03:10.159+0000 7fd79144d200 -1 mgr[py] Module osd_support has missing NOTIFY_TYPES member
2023-06-09T11:03:10.349 INFO:journalctl@ceph.mgr.x.smithi088.stdout:Jun 09 11:03:10 smithi088 ceph-0aa8defe-06b5-11ee-9b1e-001a4aab830c-mgr-x[94895]:
2023-06-09T11:03:10.273+0000 7fd79144d200 -1 mgr[py] Module snap_schedule has missing NOTIFY_TYPES member
2023-06-09T11:03:10.613 INFO:journalctl@ceph.mgr.x.smithi088.stdout:Jun 09 11:03:10 smithi088 ceph-0aa8defe-06b5-11ee-9b1e-001a4aab830c-mgr-x[94895]:
2023-06-09T11:03:10.409+0000 7fd79144d200 -1 mgr[py] Module zabbix has missing NOTIFY_TYPES member
2023-06-09T11:03:11.007 INFO:journalctl@ceph.mon.a.smithi088.stdout:Jun 09 11:03:10 smithi088 ceph-mon[94649]: from='client.? 172.21.15.88:0/2240355107' entity='client.admin' cmd='[{"prefix": "mgr module enable", "module": "cephadm"}]': finished
2023-06-09T11:03:11.007 INFO:journalctl@ceph.mon.a.smithi088.stdout:Jun 09 11:03:10 smithi088 ceph-mon[94649]: mgrmap e5: x(active, since 4s)
2023-06-09T11:03:11.007 INFO:journalctl@ceph.mgr.x.smithi088.stdout:Jun 09 11:03:10 smithi088 ceph-0aa8defe-06b5-11ee-9b1e-001a4aab830c-mgr-x[94895]:
2023-06-09T11:03:10.637+0000 7fd79144d200 -1 mgr[py] Module crash has missing NOTIFY_TYPES member
2023-06-09T11:03:11.306 INFO:journalctl@ceph.mgr.x.smithi088.stdout:Jun 09 11:03:11 smithi088 ceph-0aa8defe-06b5-11ee-9b1e-001a4aab830c-mgr-x[94895]:
2023-06-09T11:03:11.040+0000 7fd79144d200 -1 mgr[py] Module prometheus has missing NOTIFY_TYPES member
2023-06-09T11:03:11.306 INFO:journalctl@ceph.mgr.x.smithi088.stdout:Jun 09 11:03:11 smithi088 ceph-0aa8defe-06b5-11ee-9b1e-001a4aab830c-mgr-x[94895]:
2023-06-09T11:03:11.156+0000 7fd79144d200 -1 mgr[py] Module status has missing NOTIFY_TYPES member
2023-06-09T11:03:11.580 INFO:journalctl@ceph.mgr.x.smithi088.stdout:Jun 09 11:03:11 smithi088 ceph-0aa8defe-06b5-11ee-9b1e-001a4aab830c-mgr-x[94895]:
2023-06-09T11:03:11.340+0000 7fd79144d200 -1 mgr[py] Module selftest has missing NOTIFY_TYPES member
2023-06-09T11:03:11.581 INFO:journalctl@ceph.mgr.x.smithi088.stdout:Jun 09 11:03:11 smithi088 ceph-0aa8defe-06b5-11ee-9b1e-001a4aab830c-mgr-x[94895]:
2023-06-09T11:03:11.465+0000 7fd79144d200 -1 mgr[py] Module alerts has missing NOTIFY_TYPES member
2023-06-09T11:03:11.622 INFO:teuthology.orchestra.run.smithi088.stdout:/usr/bin/ceph: stdout {
2023-06-09T11:03:11.623 INFO:teuthology.orchestra.run.smithi088.stdout:/usr/bin/ceph: stdout "epoch": 5,
2023-06-09T11:03:11.623 INFO:teuthology.orchestra.run.smithi088.stdout:/usr/bin/ceph: stdout "available": true,
2023-06-09T11:03:11.623 INFO:teuthology.orchestra.run.smithi088.stdout:/usr/bin/ceph: stdout "active_name": "x",
2023-06-09T11:03:11.623 INFO:teuthology.orchestra.run.smithi088.stdout:/usr/bin/ceph: stdout "num_standby": 0
2023-06-09T11:03:11.623 INFO:teuthology.orchestra.run.smithi088.stdout:/usr/bin/ceph: stdout }
2023-06-09T11:03:11.623 INFO:teuthology.orchestra.run.smithi088.stdout:/usr/bin/ceph: stderr
2023-06-09T11:03:10.877+0000 7ff83e146700 1 Processor -- start
2023-06-09T11:03:11.624 INFO:teuthology.orchestra.run.smithi088.stdout:/usr/bin/ceph: stderr
2023-06-09T11:03:10.877+0000 7ff83e146700 1 -- start start
2023-06-09T11:03:11.624 INFO:teuthology.orchestra.run.smithi088.stdout:/usr/bin/ceph: stderr
2023-06-09T11:03:10.878+0000 7ff83e146700 1 --2- >> [v2:172.21.15.88:3300/0,v1:172.21.15.88:6789/0] conn(0x7ff83807bdd0 0x7ff83807a2d0 unknown :-1 s=NONE pgs=0 cs=0 l=0 rev1=0 crypto rx=0 tx=0 comp rx=0 tx=0).connect
2023-06-09T11:03:11.624 INFO:teuthology.orchestra.run.smithi088.stdout:/usr/bin/ceph: stderr
2023-06-09T11:03:10.878+0000 7ff83e146700 1 -- --> [v2:172.21.15.88:3300/0,v1:172.21.15.88:6789/0] -- mon_getmap magic: 0 v1 -- 0x7ff83807a810 con 0x7ff83807bdd0
2023-06-09T11:03:11.624 INFO:teuthology.orchestra.run.smithi088.stdout:/usr/bin/ceph: stderr
2023-06-09T11:03:10.878+0000 7ff8377fe700 1 --2- >> [v2:172.21.15.88:3300/0,v1:172.21.15.88:6789/0] conn(0x7ff83807bdd0 0x7ff83807a2d0 unknown :-1 s=BANNER_CONNECTING pgs=0 cs=0 l=0 rev1=0 crypto rx=0 tx=0 comp rx=0 tx=0)._handle_peer_banner_payload supported=3 required=0
2023-06-09T11:03:11.627 INFO:teuthology.orchestra.run.smithi088.stdout:/usr/bin/ceph: stderr
2023-06-09T11:03:10.878+0000 7ff8377fe700 1 --2- >> [v2:172.21.15.88:3300/0,v1:172.21.15.88:6789/0] conn(0x7ff83807bdd0 0x7ff83807a2d0 unknown :-1 s=HELLO_CONNECTING pgs=0 cs=0 l=0 rev1=1 crypto rx=0 tx=0 comp rx=0 tx=0).handle_hello peer v2:172.21.15.88:3300/0 says I am v2:172.21.15.88:49922/0 (socket says 172.21.15.88:49922)
2023-06-09T11:03:11.628 INFO:teuthology.orchestra.run.smithi088.stdout:/usr/bin/ceph: stderr
2023-06-09T11:03:10.878+0000 7ff8377fe700 1 -- 172.21.15.88:0/3368498427 learned_addr learned my addr 172.21.15.88:0/3368498427 (peer_addr_for_me v2:172.21.15.88:0/0)
2023-06-09T11:03:11.628 INFO:teuthology.orchestra.run.smithi088.stdout:/usr/bin/ceph: stderr
2023-06-09T11:03:10.878+0000 7ff8377fe700 1 -- 172.21.15.88:0/3368498427 --> [v2:172.21.15.88:3300/0,v1:172.21.15.88:6789/0] -- mon_subscribe({config=0+,monmap=0+}) v3 -- 0x7ff83807a950 con 0x7ff83807bdd0
2023-06-09T11:03:11.628 INFO:teuthology.orchestra.run.smithi088.stdout:/usr/bin/ceph: stderr
2023-06-09T11:03:10.879+0000 7ff8377fe700 1 --2- 172.21.15.88:0/3368498427 >> [v2:172.21.15.88:3300/0,v1:172.21.15.88:6789/0] conn(0x7ff83807bdd0 0x7ff83807a2d0 secure :-1 s=READY pgs=26 cs=0 l=1 rev1=1 crypto rx=0x7ff8280098a0 tx=0x7ff828009bb0 comp rx=0 tx=0).ready entity=mon.0 client_cookie=8270466e2880f723 server_cookie=0 in_seq=0 out_seq=0
2023-06-09T11:03:11.628 INFO:teuthology.orchestra.run.smithi088.stdout:/usr/bin/ceph: stderr
2023-06-09T11:03:10.879+0000 7ff8367fc700 1 -- 172.21.15.88:0/3368498427 <== mon.0 v2:172.21.15.88:3300/0 1 ==== mon_map magic: 0 v1 ==== 205+0+0 (secure 0 0 0) 0x7ff828004160 con 0x7ff83807bdd0
2023-06-09T11:03:11.628 INFO:teuthology.orchestra.run.smithi088.stdout:/usr/bin/ceph: stderr
2023-06-09T11:03:10.879+0000 7ff8367fc700 1 -- 172.21.15.88:0/3368498427 <== mon.0 v2:172.21.15.88:3300/0 2 ==== config(26 keys) v1 ==== 1074+0+0 (secure 0 0 0) 0x7ff8280042c0 con 0x7ff83807bdd0
2023-06-09T11:03:11.629 INFO:teuthology.orchestra.run.smithi088.stdout:/usr/bin/ceph: stderr
2023-06-09T11:03:10.879+0000 7ff8367fc700 1 -- 172.21.15.88:0/3368498427 <== mon.0 v2:172.21.15.88:3300/0 3 ==== mon_map magic: 0 v1 ==== 205+0+0 (secure 0 0 0) 0x7ff828011a00 con 0x7ff83807bdd0
2023-06-09T11:03:11.629 INFO:teuthology.orchestra.run.smithi088.stdout:/usr/bin/ceph: stderr
2023-06-09T11:03:10.880+0000 7ff83e146700 1 -- 172.21.15.88:0/3368498427 >> [v2:172.21.15.88:3300/0,v1:172.21.15.88:6789/0] conn(0x7ff83807bdd0 msgr2=0x7ff83807a2d0 secure :-1 s=STATE_CONNECTION_ESTABLISHED l=1).mark_down
2023-06-09T11:03:11.629 INFO:teuthology.orchestra.run.smithi088.stdout:/usr/bin/ceph: stderr
2023-06-09T11:03:10.880+0000 7ff83e146700 1 --2- 172.21.15.88:0/3368498427 >> [v2:172.21.15.88:3300/0,v1:172.21.15.88:6789/0] conn(0x7ff83807bdd0 0x7ff83807a2d0 secure :-1 s=READY pgs=26 cs=0 l=1 rev1=1 crypto rx=0x7ff8280098a0 tx=0x7ff828009bb0 comp rx=0 tx=0).stop
2023-06-09T11:03:11.629 INFO:teuthology.orchestra.run.smithi088.stdout:/usr/bin/ceph: stderr
2023-06-09T11:03:10.880+0000 7ff83e146700 1 -- 172.21.15.88:0/3368498427 shutdown_connections
2023-06-09T11:03:11.629 INFO:teuthology.orchestra.run.smithi088.stdout:/usr/bin/ceph: stderr
2023-06-09T11:03:10.880+0000 7ff83e146700 1 --2- 172.21.15.88:0/3368498427 >> [v2:172.21.15.88:3300/0,v1:172.21.15.88:6789/0] conn(0x7ff83807bdd0 0x7ff83807a2d0 unknown :-1 s=CLOSED pgs=26 cs=0 l=1 rev1=1 crypto rx=0 tx=0 comp rx=0 tx=0).stop
2023-06-09T11:03:11.629 INFO:teuthology.orchestra.run.smithi088.stdout:/usr/bin/ceph: stderr
2023-06-09T11:03:10.880+0000 7ff83e146700 1 -- 172.21.15.88:0/3368498427 >> 172.21.15.88:0/3368498427 conn(0x7ff838100ff0 msgr2=0x7ff838103400 unknown :-1 s=STATE_NONE l=0).mark_down
2023-06-09T11:03:11.629 INFO:teuthology.orchestra.run.smithi088.stdout:/usr/bin/ceph: stderr
2023-06-09T11:03:10.880+0000 7ff83e146700 1 -- 172.21.15.88:0/3368498427 shutdown_connections
2023-06-09T11:03:11.630 INFO:teuthology.orchestra.run.smithi088.stdout:/usr/bin/ceph: stderr
2023-06-09T11:03:10.880+0000 7ff83e146700 1 -- 172.21.15.88:0/3368498427 wait complete.
2023-06-09T11:03:11.630 INFO:teuthology.orchestra.run.smithi088.stdout:/usr/bin/ceph: stderr
2023-06-09T11:03:10.881+0000 7ff83e146700 1 Processor -- start
2023-06-09T11:03:11.630 INFO:teuthology.orchestra.run.smithi088.stdout:/usr/bin/ceph: stderr
2023-06-09T11:03:10.881+0000 7ff83e146700 1 -- start start
2023-06-09T11:03:11.630 INFO:teuthology.orchestra.run.smithi088.stdout:/usr/bin/ceph: stderr
2023-06-09T11:03:10.881+0000 7ff83e146700 1 --2- >> [v2:172.21.15.88:3300/0,v1:172.21.15.88:6789/0] conn(0x7ff83807bdd0 0x7ff83819b980 unknown :-1 s=NONE pgs=0 cs=0 l=1 rev1=0 crypto rx=0 tx=0 comp rx=0 tx=0).connect
2023-06-09T11:03:11.630 INFO:teuthology.orchestra.run.smithi088.stdout:/usr/bin/ceph: stderr
2023-06-09T11:03:10.881+0000 7ff83e146700 1 -- --> [v2:172.21.15.88:3300/0,v1:172.21.15.88:6789/0] -- mon_getmap magic: 0 v1 -- 0x7ff83819bec0 con 0x7ff83807bdd0
2023-06-09T11:03:11.630 INFO:teuthology.orchestra.run.smithi088.stdout:/usr/bin/ceph: stderr
2023-06-09T11:03:10.881+0000 7ff8377fe700 1 --2- >> [v2:172.21.15.88:3300/0,v1:172.21.15.88:6789/0] conn(0x7ff83807bdd0 0x7ff83819b980 unknown :-1 s=BANNER_CONNECTING pgs=0 cs=0 l=1 rev1=0 crypto rx=0 tx=0 comp rx=0 tx=0)._handle_peer_banner_payload supported=3 required=0
2023-06-09T11:03:11.630 INFO:teuthology.orchestra.run.smithi088.stdout:/usr/bin/ceph: stderr
2023-06-09T11:03:10.882+0000 7ff8377fe700 1 --2- >> [v2:172.21.15.88:3300/0,v1:172.21.15.88:6789/0] conn(0x7ff83807bdd0 0x7ff83819b980 unknown :-1 s=HELLO_CONNECTING pgs=0 cs=0 l=1 rev1=1 crypto rx=0 tx=0 comp rx=0 tx=0).handle_hello peer v2:172.21.15.88:3300/0 says I am v2:172.21.15.88:49936/0 (socket says 172.21.15.88:49936)
2023-06-09T11:03:11.631 INFO:teuthology.orchestra.run.smithi088.stdout:/usr/bin/ceph: stderr
2023-06-09T11:03:10.882+0000 7ff8377fe700 1 -- 172.21.15.88:0/385545798 learned_addr learned my addr 172.21.15.88:0/385545798 (peer_addr_for_me v2:172.21.15.88:0/0)
2023-06-09T11:03:11.631 INFO:teuthology.orchestra.run.smithi088.stdout:/usr/bin/ceph: stderr
2023-06-09T11:03:10.882+0000 7ff8377fe700 1 -- 172.21.15.88:0/385545798 --> [v2:172.21.15.88:3300/0,v1:172.21.15.88:6789/0] -- mon_subscribe({config=0+,monmap=0+}) v3 -- 0x7ff828009550 con 0x7ff83807bdd0
2023-06-09T11:03:11.631 INFO:teuthology.orchestra.run.smithi088.stdout:/usr/bin/ceph: stderr
2023-06-09T11:03:10.882+0000 7ff8377fe700 1 --2- 172.21.15.88:0/385545798 >> [v2:172.21.15.88:3300/0,v1:172.21.15.88:6789/0] conn(0x7ff83807bdd0 0x7ff83819b980 secure :-1 s=READY pgs=27 cs=0 l=1 rev1=1 crypto rx=0x7ff828006b20 tx=0x7ff828011ad0 comp rx=0 tx=0).ready entity=mon.0 client_cookie=0 server_cookie=0 in_seq=0 out_seq=0
2023-06-09T11:03:11.631 INFO:teuthology.orchestra.run.smithi088.stdout:/usr/bin/ceph: stderr
2023-06-09T11:03:10.882+0000 7ff834ff9700 1 -- 172.21.15.88:0/385545798 <== mon.0 v2:172.21.15.88:3300/0 1 ==== mon_map magic: 0 v1 ==== 205+0+0 (secure 0 0 0) 0x7ff828003b70 con 0x7ff83807bdd0
2023-06-09T11:03:11.631 INFO:teuthology.orchestra.run.smithi088.stdout:/usr/bin/ceph: stderr
2023-06-09T11:03:10.882+0000 7ff834ff9700 1 -- 172.21.15.88:0/385545798 <== mon.0 v2:172.21.15.88:3300/0 2 ==== config(26 keys) v1 ==== 1074+0+0 (secure 0 0 0) 0x7ff828003cd0 con 0x7ff83807bdd0
2023-06-09T11:03:11.632 INFO:teuthology.orchestra.run.smithi088.stdout:/usr/bin/ceph: stderr
2023-06-09T11:03:10.882+0000 7ff834ff9700 1 -- 172.21.15.88:0/385545798 <== mon.0 v2:172.21.15.88:3300/0 3 ==== mon_map magic: 0 v1 ==== 205+0+0 (secure 0 0 0) 0x7ff8280247c0 con 0x7ff83807bdd0
2023-06-09T11:03:11.632 INFO:teuthology.orchestra.run.smithi088.stdout:/usr/bin/ceph: stderr
2023-06-09T11:03:10.882+0000 7ff83e146700 1 -- 172.21.15.88:0/385545798 --> [v2:172.21.15.88:3300/0,v1:172.21.15.88:6789/0] -- mon_subscribe({mgrmap=0+}) v3 -- 0x7ff83810be30 con 0x7ff83807bdd0
2023-06-09T11:03:11.632 INFO:teuthology.orchestra.run.smithi088.stdout:/usr/bin/ceph: stderr
2023-06-09T11:03:10.883+0000 7ff83e146700 1 -- 172.21.15.88:0/385545798 --> [v2:172.21.15.88:3300/0,v1:172.21.15.88:6789/0] -- mon_subscribe({osdmap=0}) v3 -- 0x7ff83810bca0 con 0x7ff83807bdd0
2023-06-09T11:03:11.632 INFO:teuthology.orchestra.run.smithi088.stdout:/usr/bin/ceph: stderr
2023-06-09T11:03:10.883+0000 7ff83e146700 1 -- 172.21.15.88:0/385545798 --> [v2:172.21.15.88:3300/0,v1:172.21.15.88:6789/0] -- mon_command({"prefix": "get_command_descriptions"} v 0) v1 -- 0x7ff83810bfc0 con 0x7ff83807bdd0
2023-06-09T11:03:11.632 INFO:teuthology.orchestra.run.smithi088.stdout:/usr/bin/ceph: stderr
2023-06-09T11:03:10.884+0000 7ff834ff9700 1 -- 172.21.15.88:0/385545798 <== mon.0 v2:172.21.15.88:3300/0 4 ==== mgrmap(e 5) v1 ==== 45483+0+0 (secure 0 0 0) 0x7ff82801ab40 con 0x7ff83807bdd0
2023-06-09T11:03:11.632 INFO:teuthology.orchestra.run.smithi088.stdout:/usr/bin/ceph: stderr
2023-06-09T11:03:10.884+0000 7ff834ff9700 1 --2- 172.21.15.88:0/385545798 >> [v2:172.21.15.88:6800/2154849149,v1:172.21.15.88:6801/2154849149] conn(0x7ff820038760 0x7ff82003ac10 unknown :-1 s=NONE pgs=0 cs=0 l=1 rev1=0 crypto rx=0 tx=0 comp rx=0 tx=0).connect
2023-06-09T11:03:11.632 INFO:teuthology.orchestra.run.smithi088.stdout:/usr/bin/ceph: stderr
2023-06-09T11:03:10.884+0000 7ff834ff9700 1 -- 172.21.15.88:0/385545798 <== mon.0 v2:172.21.15.88:3300/0 5 ==== osd_map(1..1 src has 1..1) v4 ==== 725+0+0 (secure 0 0 0) 0x7ff82804c5b0 con 0x7ff83807bdd0
2023-06-09T11:03:11.633 INFO:teuthology.orchestra.run.smithi088.stdout:/usr/bin/ceph: stderr
2023-06-09T11:03:10.884+0000 7ff836ffd700 1 -- 172.21.15.88:0/385545798 >> [v2:172.21.15.88:6800/2154849149,v1:172.21.15.88:6801/2154849149] conn(0x7ff820038760 msgr2=0x7ff82003ac10 unknown :-1 s=STATE_CONNECTING_RE l=1).process reconnect failed to v2:172.21.15.88:6800/2154849149
2023-06-09T11:03:11.633 INFO:teuthology.orchestra.run.smithi088.stdout:/usr/bin/ceph: stderr
2023-06-09T11:03:10.884+0000 7ff836ffd700 1 --2- 172.21.15.88:0/385545798 >> [v2:172.21.15.88:6800/2154849149,v1:172.21.15.88:6801/2154849149] conn(0x7ff820038760 0x7ff82003ac10 unknown :-1 s=START_CONNECT pgs=0 cs=0 l=1 rev1=0 crypto rx=0 tx=0 comp rx=0 tx=0)._fault waiting 0.200000
2023-06-09T11:03:11.633 INFO:teuthology.orchestra.run.smithi088.stdout:/usr/bin/ceph: stderr
2023-06-09T11:03:10.889+0000 7ff834ff9700 1 -- 172.21.15.88:0/385545798 <== mon.0 v2:172.21.15.88:3300/0 6 ==== mon_command_ack([{"prefix": "get_command_descriptions"}]=0 v0) v1 ==== 72+0+177948 (secure 0 0 0) 0x7ff82801a950 con 0x7ff83807bdd0
2023-06-09T11:03:11.633 INFO:teuthology.orchestra.run.smithi088.stdout:/usr/bin/ceph: stderr
2023-06-09T11:03:11.086+0000 7ff836ffd700 1 -- 172.21.15.88:0/385545798 >> [v2:172.21.15.88:6800/2154849149,v1:172.21.15.88:6801/2154849149] conn(0x7ff820038760 msgr2=0x7ff82003ac10 unknown :-1 s=STATE_CONNECTING_RE l=1).process reconnect failed to v2:172.21.15.88:6800/2154849149
2023-06-09T11:03:11.633 INFO:teuthology.orchestra.run.smithi088.stdout:/usr/bin/ceph: stderr
2023-06-09T11:03:11.086+0000 7ff836ffd700 1 --2- 172.21.15.88:0/385545798 >> [v2:172.21.15.88:6800/2154849149,v1:172.21.15.88:6801/2154849149] conn(0x7ff820038760 0x7ff82003ac10 unknown :-1 s=START_CONNECT pgs=0 cs=0 l=1 rev1=0 crypto rx=0 tx=0 comp rx=0 tx=0)._fault waiting 0.400000
2023-06-09T11:03:11.633 INFO:teuthology.orchestra.run.smithi088.stdout:/usr/bin/ceph: stderr
2023-06-09T11:03:11.144+0000 7ff83e146700 1 -- 172.21.15.88:0/385545798 --> [v2:172.21.15.88:3300/0,v1:172.21.15.88:6789/0] -- mon_command({"prefix": "mgr stat"} v 0) v1 -- 0x7ff83819f5c0 con 0x7ff83807bdd0
2023-06-09T11:03:11.633 INFO:teuthology.orchestra.run.smithi088.stdout:/usr/bin/ceph: stderr
2023-06-09T11:03:11.144+0000 7ff834ff9700 1 -- 172.21.15.88:0/385545798 <== mon.0 v2:172.21.15.88:3300/0 7 ==== mon_command_ack([{"prefix": "mgr stat"}]=0 v5) v1 ==== 56+0+88 (secure 0 0 0) 0x7ff82800b3e0 con 0x7ff83807bdd0
2023-06-09T11:03:11.634 INFO:teuthology.orchestra.run.smithi088.stdout:/usr/bin/ceph: stderr
2023-06-09T11:03:11.146+0000 7ff83e146700 1 -- 172.21.15.88:0/385545798 >> [v2:172.21.15.88:6800/2154849149,v1:172.21.15.88:6801/2154849149] conn(0x7ff820038760 msgr2=0x7ff82003ac10 unknown :-1 s=STATE_CONNECTING l=1).mark_down
2023-06-09T11:03:11.634 INFO:teuthology.orchestra.run.smithi088.stdout:/usr/bin/ceph: stderr
2023-06-09T11:03:11.146+0000 7ff83e146700 1 --2- 172.21.15.88:0/385545798 >> [v2:172.21.15.88:6800/2154849149,v1:172.21.15.88:6801/2154849149] conn(0x7ff820038760 0x7ff82003ac10 unknown :-1 s=START_CONNECT pgs=0 cs=0 l=1 rev1=0 crypto rx=0 tx=0 comp rx=0 tx=0).stop
2023-06-09T11:03:11.634 INFO:teuthology.orchestra.run.smithi088.stdout:/usr/bin/ceph: stderr
2023-06-09T11:03:11.146+0000 7ff83e146700 1 -- 172.21.15.88:0/385545798 >> [v2:172.21.15.88:3300/0,v1:172.21.15.88:6789/0] conn(0x7ff83807bdd0 msgr2=0x7ff83819b980 secure :-1 s=STATE_CONNECTION_ESTABLISHED l=1).mark_down
2023-06-09T11:03:11.634 INFO:teuthology.orchestra.run.smithi088.stdout:/usr/bin/ceph: stderr
2023-06-09T11:03:11.146+0000 7ff83e146700 1 --2- 172.21.15.88:0/385545798 >> [v2:172.21.15.88:3300/0,v1:172.21.15.88:6789/0] conn(0x7ff83807bdd0 0x7ff83819b980 secure :-1 s=READY pgs=27 cs=0 l=1 rev1=1 crypto rx=0x7ff828006b20 tx=0x7ff828011ad0 comp rx=0 tx=0).stop
2023-06-09T11:03:11.634 INFO:teuthology.orchestra.run.smithi088.stdout:/usr/bin/ceph: stderr
2023-06-09T11:03:11.146+0000 7ff83e146700 1 -- 172.21.15.88:0/385545798 shutdown_connections
2023-06-09T11:03:11.634 INFO:teuthology.orchestra.run.smithi088.stdout:/usr/bin/ceph: stderr
2023-06-09T11:03:11.146+0000 7ff83e146700 1 --2- 172.21.15.88:0/385545798 >> [v2:172.21.15.88:6800/2154849149,v1:172.21.15.88:6801/2154849149] conn(0x7ff820038760 0x7ff82003ac10 unknown :-1 s=CLOSED pgs=0 cs=0 l=1 rev1=0 crypto rx=0 tx=0 comp rx=0 tx=0).stop
2023-06-09T11:03:11.634 INFO:teuthology.orchestra.run.smithi088.stdout:/usr/bin/ceph: stderr
2023-06-09T11:03:11.146+0000 7ff83e146700 1 --2- 172.21.15.88:0/385545798 >> [v2:172.21.15.88:3300/0,v1:172.21.15.88:6789/0] conn(0x7ff83807bdd0 0x7ff83819b980 unknown :-1 s=CLOSED pgs=27 cs=0 l=1 rev1=1 crypto rx=0 tx=0 comp rx=0 tx=0).stop
2023-06-09T11:03:11.634 INFO:teuthology.orchestra.run.smithi088.stdout:/usr/bin/ceph: stderr
2023-06-09T11:03:11.146+0000 7ff83e146700 1 -- 172.21.15.88:0/385545798 >> 172.21.15.88:0/385545798 conn(0x7ff838100ff0 msgr2=0x7ff8381026a0 unknown :-1 s=STATE_NONE l=0).mark_down
2023-06-09T11:03:11.635 INFO:teuthology.orchestra.run.smithi088.stdout:/usr/bin/ceph: stderr
2023-06-09T11:03:11.147+0000 7ff83e146700 1 -- 172.21.15.88:0/385545798 shutdown_connections
2023-06-09T11:03:11.635 INFO:teuthology.orchestra.run.smithi088.stdout:/usr/bin/ceph: stderr
2023-06-09T11:03:11.147+0000 7ff83e146700 1 -- 172.21.15.88:0/385545798 wait complete.
2023-06-09T11:03:11.635 INFO:teuthology.orchestra.run.smithi088.stdout:Waiting for the mgr to restart...
2023-06-09T11:03:11.635 INFO:teuthology.orchestra.run.smithi088.stdout:Waiting for mgr epoch 5...
2023-06-09T11:03:11.872 INFO:journalctl@ceph.mon.a.smithi088.stdout:Jun 09 11:03:11 smithi088 ceph-mon[94649]: from='client.? 172.21.15.88:0/385545798' entity='client.admin' cmd=[{"prefix": "mgr stat"}]: dispatch
