2023-06-09T11:03:12.257 INFO:journalctl@ceph.mgr.x.smithi088.stdout:Jun 09 11:03:12 smithi088 ceph-0aa8defe-06b5-11ee-9b1e-001a4aab830c-mgr-x[94895]:
2023-06-09T11:03:12.032+0000 7fd79144d200 -1 mgr[py] Module progress has missing NOTIFY_TYPES member
2023-06-09T11:03:13.257 INFO:journalctl@ceph.mgr.x.smithi088.stdout:Jun 09 11:03:12 smithi088 ceph-0aa8defe-06b5-11ee-9b1e-001a4aab830c-mgr-x[94895]:
2023-06-09T11:03:12.765+0000 7fd79144d200 -1 mgr[py] Module rook has missing NOTIFY_TYPES member
2023-06-09T11:03:13.257 INFO:journalctl@ceph.mgr.x.smithi088.stdout:Jun 09 11:03:12 smithi088 ceph-0aa8defe-06b5-11ee-9b1e-001a4aab830c-mgr-x[94895]:
2023-06-09T11:03:12.969+0000 7fd79144d200 -1 mgr[py] Module iostat has missing NOTIFY_TYPES member
2023-06-09T11:03:14.235 INFO:journalctl@ceph.mgr.x.smithi088.stdout:Jun 09 11:03:13 smithi088 ceph-0aa8defe-06b5-11ee-9b1e-001a4aab830c-mgr-x[94895]:
2023-06-09T11:03:13.892+0000 7fd79144d200 -1 mgr[py] Module test_orchestrator has missing NOTIFY_TYPES member
2023-06-09T11:03:14.236 INFO:journalctl@ceph.mgr.x.smithi088.stdout:Jun 09 11:03:14 smithi088 ceph-0aa8defe-06b5-11ee-9b1e-001a4aab830c-mgr-x[94895]:
2023-06-09T11:03:14.010+0000 7fd79144d200 -1 mgr[py] Module osd_perf_query has missing NOTIFY_TYPES member
2023-06-09T11:03:14.507 INFO:journalctl@ceph.mgr.x.smithi088.stdout:Jun 09 11:03:14 smithi088 ceph-0aa8defe-06b5-11ee-9b1e-001a4aab830c-mgr-x[94895]:
2023-06-09T11:03:14.231+0000 7fd79144d200 -1 mgr[py] Module orchestrator has missing NOTIFY_TYPES member
2023-06-09T11:03:14.864 INFO:journalctl@ceph.mgr.x.smithi088.stdout:Jun 09 11:03:14 smithi088 ceph-0aa8defe-06b5-11ee-9b1e-001a4aab830c-mgr-x[94895]:
2023-06-09T11:03:14.588+0000 7fd79144d200 -1 mgr[py] Module rgw has missing NOTIFY_TYPES member
2023-06-09T11:03:15.257 INFO:journalctl@ceph.mgr.x.smithi088.stdout:Jun 09 11:03:14 smithi088 ceph-0aa8defe-06b5-11ee-9b1e-001a4aab830c-mgr-x[94895]:
2023-06-09T11:03:14.859+0000 7fd79144d200 -1 mgr[py] Module influx has missing NOTIFY_TYPES member
2023-06-09T11:03:15.257 INFO:journalctl@ceph.mgr.x.smithi088.stdout:Jun 09 11:03:15 smithi088 ceph-0aa8defe-06b5-11ee-9b1e-001a4aab830c-mgr-x[94895]:
2023-06-09T11:03:15.047+0000 7fd79144d200 -1 mgr[py] Module telemetry has missing NOTIFY_TYPES member
2023-06-09T11:03:15.757 INFO:journalctl@ceph.mgr.x.smithi088.stdout:Jun 09 11:03:15 smithi088 ceph-0aa8defe-06b5-11ee-9b1e-001a4aab830c-mgr-x[94895]:
2023-06-09T11:03:15.386+0000 7fd79144d200 -1 mgr[py] Module telegraf has missing NOTIFY_TYPES member
2023-06-09T11:03:16.707 INFO:journalctl@ceph.mgr.x.smithi088.stdout:Jun 09 11:03:16 smithi088 ceph-0aa8defe-06b5-11ee-9b1e-001a4aab830c-mgr-x[94895]:
2023-06-09T11:03:16.293+0000 7fd79144d200 -1 mgr[py] Module balancer has missing NOTIFY_TYPES member
2023-06-09T11:03:16.707 INFO:journalctl@ceph.mgr.x.smithi088.stdout:Jun 09 11:03:16 smithi088 ceph-0aa8defe-06b5-11ee-9b1e-001a4aab830c-mgr-x[94895]:
2023-06-09T11:03:16.461+0000 7fd79144d200 -1 mgr[py] Module diskprediction_local has missing NOTIFY_TYPES member
2023-06-09T11:03:17.007 INFO:journalctl@ceph.mgr.x.smithi088.stdout:Jun 09 11:03:16 smithi088 ceph-0aa8defe-06b5-11ee-9b1e-001a4aab830c-mgr-x[94895]:
2023-06-09T11:03:16.702+0000 7fd79144d200 -1 mgr[py] Module nfs has missing NOTIFY_TYPES member
2023-06-09T11:03:17.007 INFO:journalctl@ceph.mgr.x.smithi088.stdout:Jun 09 11:03:16 smithi088 ceph-0aa8defe-06b5-11ee-9b1e-001a4aab830c-mgr-x[94895]:
2023-06-09T11:03:16.845+0000 7fd79144d200 -1 mgr[py] Module rbd_support has missing NOTIFY_TYPES member
2023-06-09T11:03:17.507 INFO:journalctl@ceph.mgr.x.smithi088.stdout:Jun 09 11:03:17 smithi088 ceph-0aa8defe-06b5-11ee-9b1e-001a4aab830c-mgr-x[94895]:
2023-06-09T11:03:17.116+0000 7fd79144d200 -1 mgr[py] Module volumes has missing NOTIFY_TYPES member
2023-06-09T11:03:18.507 INFO:journalctl@ceph.mgr.x.smithi088.stdout:Jun 09 11:03:18 smithi088 ceph-0aa8defe-06b5-11ee-9b1e-001a4aab830c-mgr-x[94895]:
2023-06-09T11:03:18.162+0000 7fd79144d200 -1 mgr[py] Module pg_autoscaler has missing NOTIFY_TYPES member
2023-06-09T11:03:19.313 INFO:journalctl@ceph.mon.a.smithi088.stdout:Jun 09 11:03:19 smithi088 ceph-mon[94649]: Active manager daemon x restarted
2023-06-09T11:03:19.313 INFO:journalctl@ceph.mon.a.smithi088.stdout:Jun 09 11:03:19 smithi088 ceph-mon[94649]: Activating manager daemon x
2023-06-09T11:03:19.313 INFO:journalctl@ceph.mon.a.smithi088.stdout:Jun 09 11:03:19 smithi088 ceph-mon[94649]: osdmap e2: 0 total, 0 up, 0 in
2023-06-09T11:03:19.313 INFO:journalctl@ceph.mon.a.smithi088.stdout:Jun 09 11:03:19 smithi088 ceph-mon[94649]: mgrmap e6: x(active, starting, since 0.00379817s)
2023-06-09T11:03:19.314 INFO:journalctl@ceph.mon.a.smithi088.stdout:Jun 09 11:03:19 smithi088 ceph-mon[94649]: from='mgr.14120 172.21.15.88:0/339706135' entity='mgr.x' cmd=[{"prefix": "mon metadata", "id": "a"}]: dispatch
2023-06-09T11:03:19.314 INFO:journalctl@ceph.mon.a.smithi088.stdout:Jun 09 11:03:19 smithi088 ceph-mon[94649]: from='mgr.14120 172.21.15.88:0/339706135' entity='mgr.x' cmd=[{"prefix": "mgr metadata", "who": "x", "id": "x"}]: dispatch
2023-06-09T11:03:19.314 INFO:journalctl@ceph.mon.a.smithi088.stdout:Jun 09 11:03:19 smithi088 ceph-mon[94649]: from='mgr.14120 172.21.15.88:0/339706135' entity='mgr.x' cmd=[{"prefix": "mds metadata"}]: dispatch
2023-06-09T11:03:19.314 INFO:journalctl@ceph.mon.a.smithi088.stdout:Jun 09 11:03:19 smithi088 ceph-mon[94649]: from='mgr.14120 172.21.15.88:0/339706135' entity='mgr.x' cmd=[{"prefix": "osd metadata"}]: dispatch
2023-06-09T11:03:19.314 INFO:journalctl@ceph.mon.a.smithi088.stdout:Jun 09 11:03:19 smithi088 ceph-mon[94649]: from='mgr.14120 172.21.15.88:0/339706135' entity='mgr.x' cmd=[{"prefix": "mon metadata"}]: dispatch
2023-06-09T11:03:19.314 INFO:journalctl@ceph.mon.a.smithi088.stdout:Jun 09 11:03:19 smithi088 ceph-mon[94649]: Manager daemon x is now available
2023-06-09T11:03:19.314 INFO:journalctl@ceph.mon.a.smithi088.stdout:Jun 09 11:03:19 smithi088 ceph-mon[94649]: Found migration_current of "None". Setting to last migration.
2023-06-09T11:03:19.315 INFO:journalctl@ceph.mon.a.smithi088.stdout:Jun 09 11:03:19 smithi088 ceph-mon[94649]: from='mgr.14120 172.21.15.88:0/339706135' entity='mgr.x'
2023-06-09T11:03:19.315 INFO:journalctl@ceph.mon.a.smithi088.stdout:Jun 09 11:03:19 smithi088 ceph-mon[94649]: from='mgr.14120 172.21.15.88:0/339706135' entity='mgr.x'
2023-06-09T11:03:19.315 INFO:journalctl@ceph.mon.a.smithi088.stdout:Jun 09 11:03:19 smithi088 ceph-mon[94649]: from='mgr.14120 172.21.15.88:0/339706135' entity='mgr.x' cmd=[{"prefix": "config dump", "format": "json"}]: dispatch
2023-06-09T11:03:19.315 INFO:journalctl@ceph.mon.a.smithi088.stdout:Jun 09 11:03:19 smithi088 ceph-mon[94649]: from='mgr.14120 172.21.15.88:0/339706135' entity='mgr.x' cmd=[{"prefix": "config dump", "format": "json"}]: dispatch
2023-06-09T11:03:19.315 INFO:journalctl@ceph.mon.a.smithi088.stdout:Jun 09 11:03:19 smithi088 ceph-mon[94649]: from='mgr.14120 172.21.15.88:0/339706135' entity='mgr.x' cmd=[{"prefix": "config dump", "format": "json"}]: dispatch
2023-06-09T11:03:19.315 INFO:journalctl@ceph.mon.a.smithi088.stdout:Jun 09 11:03:19 smithi088 ceph-mon[94649]: from='mgr.14120 172.21.15.88:0/339706135' entity='mgr.x' cmd=[{"prefix":"config rm","who":"mgr","name":"mgr/rbd_support/x/mirror_snapshot_schedule"}]: dispatch
2023-06-09T11:03:19.315 INFO:journalctl@ceph.mon.a.smithi088.stdout:Jun 09 11:03:19 smithi088 ceph-mon[94649]: from='mgr.14120 172.21.15.88:0/339706135' entity='mgr.x' cmd=[{"prefix":"config rm","who":"mgr","name":"mgr/rbd_support/x/trash_purge_schedule"}]: dispatch
2023-06-09T11:03:19.315 INFO:journalctl@ceph.mon.a.smithi088.stdout:Jun 09 11:03:19 smithi088 ceph-mon[94649]: from='mgr.14120 172.21.15.88:0/339706135' entity='mgr.x'
2023-06-09T11:03:19.316 INFO:journalctl@ceph.mon.a.smithi088.stdout:Jun 09 11:03:19 smithi088 ceph-mon[94649]: from='mgr.14120 172.21.15.88:0/339706135' entity='mgr.x'
2023-06-09T11:03:19.625 INFO:teuthology.orchestra.run.smithi088.stdout:/usr/bin/ceph: stdout {
2023-06-09T11:03:19.626 INFO:teuthology.orchestra.run.smithi088.stdout:/usr/bin/ceph: stdout "mgrmap_epoch": 7,
2023-06-09T11:03:19.626 INFO:teuthology.orchestra.run.smithi088.stdout:/usr/bin/ceph: stdout "initialized": true
2023-06-09T11:03:19.626 INFO:teuthology.orchestra.run.smithi088.stdout:/usr/bin/ceph: stdout }
2023-06-09T11:03:19.626 INFO:teuthology.orchestra.run.smithi088.stdout:/usr/bin/ceph: stderr
2023-06-09T11:03:12.138+0000 7fb2682ea700 1 Processor -- start
2023-06-09T11:03:19.626 INFO:teuthology.orchestra.run.smithi088.stdout:/usr/bin/ceph: stderr
2023-06-09T11:03:12.139+0000 7fb2682ea700 1 -- start start
2023-06-09T11:03:19.626 INFO:teuthology.orchestra.run.smithi088.stdout:/usr/bin/ceph: stderr
2023-06-09T11:03:12.139+0000 7fb2682ea700 1 --2- >> [v2:172.21.15.88:3300/0,v1:172.21.15.88:6789/0] conn(0x7fb26007be10 0x7fb26007a310 unknown :-1 s=NONE pgs=0 cs=0 l=0 rev1=0 crypto rx=0 tx=0 comp rx=0 tx=0).connect
2023-06-09T11:03:19.627 INFO:teuthology.orchestra.run.smithi088.stdout:/usr/bin/ceph: stderr
2023-06-09T11:03:12.139+0000 7fb2682ea700 1 -- --> [v2:172.21.15.88:3300/0,v1:172.21.15.88:6789/0] -- mon_getmap magic: 0 v1 -- 0x7fb26007a850 con 0x7fb26007be10
2023-06-09T11:03:19.627 INFO:teuthology.orchestra.run.smithi088.stdout:/usr/bin/ceph: stderr
2023-06-09T11:03:12.139+0000 7fb266086700 1 --2- >> [v2:172.21.15.88:3300/0,v1:172.21.15.88:6789/0] conn(0x7fb26007be10 0x7fb26007a310 unknown :-1 s=BANNER_CONNECTING pgs=0 cs=0 l=0 rev1=0 crypto rx=0 tx=0 comp rx=0 tx=0)._handle_peer_banner_payload supported=3 required=0
2023-06-09T11:03:19.627 INFO:teuthology.orchestra.run.smithi088.stdout:/usr/bin/ceph: stderr
2023-06-09T11:03:12.139+0000 7fb266086700 1 --2- >> [v2:172.21.15.88:3300/0,v1:172.21.15.88:6789/0] conn(0x7fb26007be10 0x7fb26007a310 unknown :-1 s=HELLO_CONNECTING pgs=0 cs=0 l=0 rev1=1 crypto rx=0 tx=0 comp rx=0 tx=0).handle_hello peer v2:172.21.15.88:3300/0 says I am v2:172.21.15.88:49938/0 (socket says 172.21.15.88:49938)
2023-06-09T11:03:19.627 INFO:teuthology.orchestra.run.smithi088.stdout:/usr/bin/ceph: stderr
2023-06-09T11:03:12.139+0000 7fb266086700 1 -- 172.21.15.88:0/899504562 learned_addr learned my addr 172.21.15.88:0/899504562 (peer_addr_for_me v2:172.21.15.88:0/0)
2023-06-09T11:03:19.627 INFO:teuthology.orchestra.run.smithi088.stdout:/usr/bin/ceph: stderr
2023-06-09T11:03:12.140+0000 7fb266086700 1 -- 172.21.15.88:0/899504562 --> [v2:172.21.15.88:3300/0,v1:172.21.15.88:6789/0] -- mon_subscribe({config=0+,monmap=0+}) v3 -- 0x7fb26007a990 con 0x7fb26007be10
2023-06-09T11:03:19.627 INFO:teuthology.orchestra.run.smithi088.stdout:/usr/bin/ceph: stderr
2023-06-09T11:03:12.140+0000 7fb266086700 1 --2- 172.21.15.88:0/899504562 >> [v2:172.21.15.88:3300/0,v1:172.21.15.88:6789/0] conn(0x7fb26007be10 0x7fb26007a310 secure :-1 s=READY pgs=28 cs=0 l=1 rev1=1 crypto rx=0x7fb25c0098a0 tx=0x7fb25c009bb0 comp rx=0 tx=0).ready entity=mon.0 client_cookie=679f9be1a0e92638 server_cookie=0 in_seq=0 out_seq=0
2023-06-09T11:03:19.627 INFO:teuthology.orchestra.run.smithi088.stdout:/usr/bin/ceph: stderr
2023-06-09T11:03:12.140+0000 7fb265084700 1 -- 172.21.15.88:0/899504562 <== mon.0 v2:172.21.15.88:3300/0 1 ==== mon_map magic: 0 v1 ==== 205+0+0 (secure 0 0 0) 0x7fb25c004160 con 0x7fb26007be10
2023-06-09T11:03:19.627 INFO:teuthology.orchestra.run.smithi088.stdout:/usr/bin/ceph: stderr
2023-06-09T11:03:12.140+0000 7fb265084700 1 -- 172.21.15.88:0/899504562 <== mon.0 v2:172.21.15.88:3300/0 2 ==== config(26 keys) v1 ==== 1074+0+0 (secure 0 0 0) 0x7fb25c0042c0 con 0x7fb26007be10
2023-06-09T11:03:19.628 INFO:teuthology.orchestra.run.smithi088.stdout:/usr/bin/ceph: stderr
2023-06-09T11:03:12.140+0000 7fb265084700 1 -- 172.21.15.88:0/899504562 <== mon.0 v2:172.21.15.88:3300/0 3 ==== mon_map magic: 0 v1 ==== 205+0+0 (secure 0 0 0) 0x7fb25c011a00 con 0x7fb26007be10
2023-06-09T11:03:19.628 INFO:teuthology.orchestra.run.smithi088.stdout:/usr/bin/ceph: stderr
2023-06-09T11:03:12.141+0000 7fb2682ea700 1 -- 172.21.15.88:0/899504562 >> [v2:172.21.15.88:3300/0,v1:172.21.15.88:6789/0] conn(0x7fb26007be10 msgr2=0x7fb26007a310 secure :-1 s=STATE_CONNECTION_ESTABLISHED l=1).mark_down
2023-06-09T11:03:19.628 INFO:teuthology.orchestra.run.smithi088.stdout:/usr/bin/ceph: stderr
2023-06-09T11:03:12.141+0000 7fb2682ea700 1 --2- 172.21.15.88:0/899504562 >> [v2:172.21.15.88:3300/0,v1:172.21.15.88:6789/0] conn(0x7fb26007be10 0x7fb26007a310 secure :-1 s=READY pgs=28 cs=0 l=1 rev1=1 crypto rx=0x7fb25c0098a0 tx=0x7fb25c009bb0 comp rx=0 tx=0).stop
2023-06-09T11:03:19.628 INFO:teuthology.orchestra.run.smithi088.stdout:/usr/bin/ceph: stderr
2023-06-09T11:03:12.141+0000 7fb2682ea700 1 -- 172.21.15.88:0/899504562 shutdown_connections
2023-06-09T11:03:19.628 INFO:teuthology.orchestra.run.smithi088.stdout:/usr/bin/ceph: stderr
2023-06-09T11:03:12.141+0000 7fb2682ea700 1 --2- 172.21.15.88:0/899504562 >> [v2:172.21.15.88:3300/0,v1:172.21.15.88:6789/0] conn(0x7fb26007be10 0x7fb26007a310 unknown :-1 s=CLOSED pgs=28 cs=0 l=1 rev1=1 crypto rx=0 tx=0 comp rx=0 tx=0).stop
2023-06-09T11:03:19.628 INFO:teuthology.orchestra.run.smithi088.stdout:/usr/bin/ceph: stderr
2023-06-09T11:03:12.141+0000 7fb2682ea700 1 -- 172.21.15.88:0/899504562 >> 172.21.15.88:0/899504562 conn(0x7fb260100ff0 msgr2=0x7fb260103400 unknown :-1 s=STATE_NONE l=0).mark_down
2023-06-09T11:03:19.628 INFO:teuthology.orchestra.run.smithi088.stdout:/usr/bin/ceph: stderr
2023-06-09T11:03:12.141+0000 7fb2682ea700 1 -- 172.21.15.88:0/899504562 shutdown_connections
2023-06-09T11:03:19.629 INFO:teuthology.orchestra.run.smithi088.stdout:/usr/bin/ceph: stderr
2023-06-09T11:03:12.141+0000 7fb2682ea700 1 -- 172.21.15.88:0/899504562 wait complete.
2023-06-09T11:03:19.629 INFO:teuthology.orchestra.run.smithi088.stdout:/usr/bin/ceph: stderr
2023-06-09T11:03:12.142+0000 7fb2682ea700 1 Processor -- start
2023-06-09T11:03:19.629 INFO:teuthology.orchestra.run.smithi088.stdout:/usr/bin/ceph: stderr
2023-06-09T11:03:12.142+0000 7fb2682ea700 1 -- start start
2023-06-09T11:03:19.629 INFO:teuthology.orchestra.run.smithi088.stdout:/usr/bin/ceph: stderr
2023-06-09T11:03:12.142+0000 7fb2682ea700 1 --2- >> [v2:172.21.15.88:3300/0,v1:172.21.15.88:6789/0] conn(0x7fb26007be10 0x7fb26019b900 unknown :-1 s=NONE pgs=0 cs=0 l=1 rev1=0 crypto rx=0 tx=0 comp rx=0 tx=0).connect
2023-06-09T11:03:19.629 INFO:teuthology.orchestra.run.smithi088.stdout:/usr/bin/ceph: stderr
2023-06-09T11:03:12.142+0000 7fb2682ea700 1 -- --> [v2:172.21.15.88:3300/0,v1:172.21.15.88:6789/0] -- mon_getmap magic: 0 v1 -- 0x7fb26019be40 con 0x7fb26007be10
2023-06-09T11:03:19.629 INFO:teuthology.orchestra.run.smithi088.stdout:/usr/bin/ceph: stderr
2023-06-09T11:03:12.143+0000 7fb266086700 1 --2- >> [v2:172.21.15.88:3300/0,v1:172.21.15.88:6789/0] conn(0x7fb26007be10 0x7fb26019b900 unknown :-1 s=BANNER_CONNECTING pgs=0 cs=0 l=1 rev1=0 crypto rx=0 tx=0 comp rx=0 tx=0)._handle_peer_banner_payload supported=3 required=0
2023-06-09T11:03:19.629 INFO:teuthology.orchestra.run.smithi088.stdout:/usr/bin/ceph: stderr
2023-06-09T11:03:12.143+0000 7fb266086700 1 --2- >> [v2:172.21.15.88:3300/0,v1:172.21.15.88:6789/0] conn(0x7fb26007be10 0x7fb26019b900 unknown :-1 s=HELLO_CONNECTING pgs=0 cs=0 l=1 rev1=1 crypto rx=0 tx=0 comp rx=0 tx=0).handle_hello peer v2:172.21.15.88:3300/0 says I am v2:172.21.15.88:49952/0 (socket says 172.21.15.88:49952)
2023-06-09T11:03:19.630 INFO:teuthology.orchestra.run.smithi088.stdout:/usr/bin/ceph: stderr
2023-06-09T11:03:12.143+0000 7fb266086700 1 -- 172.21.15.88:0/3452908112 learned_addr learned my addr 172.21.15.88:0/3452908112 (peer_addr_for_me v2:172.21.15.88:0/0)
2023-06-09T11:03:19.630 INFO:teuthology.orchestra.run.smithi088.stdout:/usr/bin/ceph: stderr
2023-06-09T11:03:12.143+0000 7fb266086700 1 -- 172.21.15.88:0/3452908112 --> [v2:172.21.15.88:3300/0,v1:172.21.15.88:6789/0] -- mon_subscribe({config=0+,monmap=0+}) v3 -- 0x7fb25c009550 con 0x7fb26007be10
2023-06-09T11:03:19.630 INFO:teuthology.orchestra.run.smithi088.stdout:/usr/bin/ceph: stderr
2023-06-09T11:03:12.143+0000 7fb266086700 1 --2- 172.21.15.88:0/3452908112 >> [v2:172.21.15.88:3300/0,v1:172.21.15.88:6789/0] conn(0x7fb26007be10 0x7fb26019b900 secure :-1 s=READY pgs=29 cs=0 l=1 rev1=1 crypto rx=0x7fb25c006af0 tx=0x7fb25c011ad0 comp rx=0 tx=0).ready entity=mon.0 client_cookie=0 server_cookie=0 in_seq=0 out_seq=0
2023-06-09T11:03:19.630 INFO:teuthology.orchestra.run.smithi088.stdout:/usr/bin/ceph: stderr
2023-06-09T11:03:12.144+0000 7fb2577fe700 1 -- 172.21.15.88:0/3452908112 <== mon.0 v2:172.21.15.88:3300/0 1 ==== mon_map magic: 0 v1 ==== 205+0+0 (secure 0 0 0) 0x7fb25c003a40 con 0x7fb26007be10
2023-06-09T11:03:19.630 INFO:teuthology.orchestra.run.smithi088.stdout:/usr/bin/ceph: stderr
2023-06-09T11:03:12.144+0000 7fb2577fe700 1 -- 172.21.15.88:0/3452908112 <== mon.0 v2:172.21.15.88:3300/0 2 ==== config(26 keys) v1 ==== 1074+0+0 (secure 0 0 0) 0x7fb25c003ba0 con 0x7fb26007be10
2023-06-09T11:03:19.630 INFO:teuthology.orchestra.run.smithi088.stdout:/usr/bin/ceph: stderr
2023-06-09T11:03:12.144+0000 7fb2682ea700 1 -- 172.21.15.88:0/3452908112 --> [v2:172.21.15.88:3300/0,v1:172.21.15.88:6789/0] -- mon_subscribe({mgrmap=0+}) v3 -- 0x7fb26010bdf0 con 0x7fb26007be10
2023-06-09T11:03:19.630 INFO:teuthology.orchestra.run.smithi088.stdout:/usr/bin/ceph: stderr
2023-06-09T11:03:12.144+0000 7fb2577fe700 1 -- 172.21.15.88:0/3452908112 <== mon.0 v2:172.21.15.88:3300/0 3 ==== mon_map magic: 0 v1 ==== 205+0+0 (secure 0 0 0) 0x7fb25c01a700 con 0x7fb26007be10
2023-06-09T11:03:19.630 INFO:teuthology.orchestra.run.smithi088.stdout:/usr/bin/ceph: stderr
2023-06-09T11:03:12.144+0000 7fb2682ea700 1 -- 172.21.15.88:0/3452908112 --> [v2:172.21.15.88:3300/0,v1:172.21.15.88:6789/0] -- mon_subscribe({osdmap=0}) v3 -- 0x7fb26010bc60 con 0x7fb26007be10
2023-06-09T11:03:19.631 INFO:teuthology.orchestra.run.smithi088.stdout:/usr/bin/ceph: stderr
2023-06-09T11:03:12.145+0000 7fb2577fe700 1 -- 172.21.15.88:0/3452908112 <== mon.0 v2:172.21.15.88:3300/0 4 ==== mgrmap(e 5) v1 ==== 45483+0+0 (secure 0 0 0) 0x7fb25c01a930 con 0x7fb26007be10
2023-06-09T11:03:19.631 INFO:teuthology.orchestra.run.smithi088.stdout:/usr/bin/ceph: stderr
2023-06-09T11:03:12.145+0000 7fb2577fe700 1 --2- 172.21.15.88:0/3452908112 >> [v2:172.21.15.88:6800/2154849149,v1:172.21.15.88:6801/2154849149] conn(0x7fb24c038760 0x7fb24c03ac10 unknown :-1 s=NONE pgs=0 cs=0 l=1 rev1=0 crypto rx=0 tx=0 comp rx=0 tx=0).connect
2023-06-09T11:03:19.631 INFO:teuthology.orchestra.run.smithi088.stdout:/usr/bin/ceph: stderr
2023-06-09T11:03:12.145+0000 7fb2682ea700 1 -- 172.21.15.88:0/3452908112 --> [v2:172.21.15.88:6800/2154849149,v1:172.21.15.88:6801/2154849149] -- command(tid 0: {"prefix": "get_command_descriptions"}) v1 -- 0x7fb26010bf80 con 0x7fb24c038760
2023-06-09T11:03:19.631 INFO:teuthology.orchestra.run.smithi088.stdout:/usr/bin/ceph: stderr
2023-06-09T11:03:12.145+0000 7fb2577fe700 1 -- 172.21.15.88:0/3452908112 <== mon.0 v2:172.21.15.88:3300/0 5 ==== osd_map(1..1 src has 1..1) v4 ==== 725+0+0 (secure 0 0 0) 0x7fb25c04c6b0 con 0x7fb26007be10
2023-06-09T11:03:19.631 INFO:teuthology.orchestra.run.smithi088.stdout:/usr/bin/ceph: stderr
2023-06-09T11:03:12.145+0000 7fb265885700 1 -- 172.21.15.88:0/3452908112 >> [v2:172.21.15.88:6800/2154849149,v1:172.21.15.88:6801/2154849149] conn(0x7fb24c038760 msgr2=0x7fb24c03ac10 unknown :-1 s=STATE_CONNECTING_RE l=1).process reconnect failed to v2:172.21.15.88:6800/2154849149
2023-06-09T11:03:19.631 INFO:teuthology.orchestra.run.smithi088.stdout:/usr/bin/ceph: stderr
2023-06-09T11:03:12.145+0000 7fb265885700 1 --2- 172.21.15.88:0/3452908112 >> [v2:172.21.15.88:6800/2154849149,v1:172.21.15.88:6801/2154849149] conn(0x7fb24c038760 0x7fb24c03ac10 unknown :-1 s=START_CONNECT pgs=0 cs=0 l=1 rev1=0 crypto rx=0 tx=0 comp rx=0 tx=0)._fault waiting 0.200000
2023-06-09T11:03:19.631 INFO:teuthology.orchestra.run.smithi088.stdout:/usr/bin/ceph: stderr
2023-06-09T11:03:12.346+0000 7fb265885700 1 -- 172.21.15.88:0/3452908112 >> [v2:172.21.15.88:6800/2154849149,v1:172.21.15.88:6801/2154849149] conn(0x7fb24c038760 msgr2=0x7fb24c03ac10 unknown :-1 s=STATE_CONNECTING_RE l=1).process reconnect failed to v2:172.21.15.88:6800/2154849149
2023-06-09T11:03:19.632 INFO:teuthology.orchestra.run.smithi088.stdout:/usr/bin/ceph: stderr
2023-06-09T11:03:12.346+0000 7fb265885700 1 --2- 172.21.15.88:0/3452908112 >> [v2:172.21.15.88:6800/2154849149,v1:172.21.15.88:6801/2154849149] conn(0x7fb24c038760 0x7fb24c03ac10 unknown :-1 s=START_CONNECT pgs=0 cs=0 l=1 rev1=0 crypto rx=0 tx=0 comp rx=0 tx=0)._fault waiting 0.400000
2023-06-09T11:03:19.632 INFO:teuthology.orchestra.run.smithi088.stdout:/usr/bin/ceph: stderr
2023-06-09T11:03:12.747+0000 7fb265885700 1 -- 172.21.15.88:0/3452908112 >> [v2:172.21.15.88:6800/2154849149,v1:172.21.15.88:6801/2154849149] conn(0x7fb24c038760 msgr2=0x7fb24c03ac10 unknown :-1 s=STATE_CONNECTING_RE l=1).process reconnect failed to v2:172.21.15.88:6800/2154849149
2023-06-09T11:03:19.632 INFO:teuthology.orchestra.run.smithi088.stdout:/usr/bin/ceph: stderr
2023-06-09T11:03:12.747+0000 7fb265885700 1 --2- 172.21.15.88:0/3452908112 >> [v2:172.21.15.88:6800/2154849149,v1:172.21.15.88:6801/2154849149] conn(0x7fb24c038760 0x7fb24c03ac10 unknown :-1 s=START_CONNECT pgs=0 cs=0 l=1 rev1=0 crypto rx=0 tx=0 comp rx=0 tx=0)._fault waiting 0.800000
2023-06-09T11:03:19.632 INFO:teuthology.orchestra.run.smithi088.stdout:/usr/bin/ceph: stderr
2023-06-09T11:03:13.548+0000 7fb265885700 1 -- 172.21.15.88:0/3452908112 >> [v2:172.21.15.88:6800/2154849149,v1:172.21.15.88:6801/2154849149] conn(0x7fb24c038760 msgr2=0x7fb24c03ac10 unknown :-1 s=STATE_CONNECTING_RE l=1).process reconnect failed to v2:172.21.15.88:6800/2154849149
2023-06-09T11:03:19.632 INFO:teuthology.orchestra.run.smithi088.stdout:/usr/bin/ceph: stderr
2023-06-09T11:03:13.548+0000 7fb265885700 1 --2- 172.21.15.88:0/3452908112 >> [v2:172.21.15.88:6800/2154849149,v1:172.21.15.88:6801/2154849149] conn(0x7fb24c038760 0x7fb24c03ac10 unknown :-1 s=START_CONNECT pgs=0 cs=0 l=1 rev1=0 crypto rx=0 tx=0 comp rx=0 tx=0)._fault waiting 1.600000
2023-06-09T11:03:19.632 INFO:teuthology.orchestra.run.smithi088.stdout:/usr/bin/ceph: stderr
2023-06-09T11:03:15.149+0000 7fb265885700 1 -- 172.21.15.88:0/3452908112 >> [v2:172.21.15.88:6800/2154849149,v1:172.21.15.88:6801/2154849149] conn(0x7fb24c038760 msgr2=0x7fb24c03ac10 unknown :-1 s=STATE_CONNECTING_RE l=1).process reconnect failed to v2:172.21.15.88:6800/2154849149
2023-06-09T11:03:19.632 INFO:teuthology.orchestra.run.smithi088.stdout:/usr/bin/ceph: stderr
2023-06-09T11:03:15.149+0000 7fb265885700 1 --2- 172.21.15.88:0/3452908112 >> [v2:172.21.15.88:6800/2154849149,v1:172.21.15.88:6801/2154849149] conn(0x7fb24c038760 0x7fb24c03ac10 unknown :-1 s=START_CONNECT pgs=0 cs=0 l=1 rev1=0 crypto rx=0 tx=0 comp rx=0 tx=0)._fault waiting 3.200000
2023-06-09T11:03:19.632 INFO:teuthology.orchestra.run.smithi088.stdout:/usr/bin/ceph: stderr
2023-06-09T11:03:18.167+0000 7fb2577fe700 1 -- 172.21.15.88:0/3452908112 <== mon.0 v2:172.21.15.88:3300/0 6 ==== mgrmap(e 6) v1 ==== 45250+0+0 (secure 0 0 0) 0x7fb25c02d910 con 0x7fb26007be10
2023-06-09T11:03:19.633 INFO:teuthology.orchestra.run.smithi088.stdout:/usr/bin/ceph: stderr
2023-06-09T11:03:18.167+0000 7fb2577fe700 1 -- 172.21.15.88:0/3452908112 >> [v2:172.21.15.88:6800/2154849149,v1:172.21.15.88:6801/2154849149] conn(0x7fb24c038760 msgr2=0x7fb24c03ac10 unknown :-1 s=STATE_CONNECTING l=1).mark_down
2023-06-09T11:03:19.633 INFO:teuthology.orchestra.run.smithi088.stdout:/usr/bin/ceph: stderr
2023-06-09T11:03:18.167+0000 7fb2577fe700 1 --2- 172.21.15.88:0/3452908112 >> [v2:172.21.15.88:6800/2154849149,v1:172.21.15.88:6801/2154849149] conn(0x7fb24c038760 0x7fb24c03ac10 unknown :-1 s=START_CONNECT pgs=0 cs=0 l=1 rev1=0 crypto rx=0 tx=0 comp rx=0 tx=0).stop
2023-06-09T11:03:19.633 INFO:teuthology.orchestra.run.smithi088.stdout:/usr/bin/ceph: stderr
2023-06-09T11:03:19.168+0000 7fb2577fe700 1 -- 172.21.15.88:0/3452908112 <== mon.0 v2:172.21.15.88:3300/0 7 ==== mgrmap(e 7) v1 ==== 45377+0+0 (secure 0 0 0) 0x7fb25c02d3f0 con 0x7fb26007be10
2023-06-09T11:03:19.633 INFO:teuthology.orchestra.run.smithi088.stdout:/usr/bin/ceph: stderr
2023-06-09T11:03:19.168+0000 7fb2577fe700 1 --2- 172.21.15.88:0/3452908112 >> [v2:172.21.15.88:6800/2918562911,v1:172.21.15.88:6801/2918562911] conn(0x7fb24c03be80 0x7fb24c03e260 unknown :-1 s=NONE pgs=0 cs=0 l=1 rev1=0 crypto rx=0 tx=0 comp rx=0 tx=0).connect
2023-06-09T11:03:19.634 INFO:teuthology.orchestra.run.smithi088.stdout:/usr/bin/ceph: stderr
2023-06-09T11:03:19.169+0000 7fb2577fe700 1 -- 172.21.15.88:0/3452908112 --> [v2:172.21.15.88:6800/2918562911,v1:172.21.15.88:6801/2918562911] -- command(tid 0: {"prefix": "get_command_descriptions"}) v1 -- 0x7fb26010bf80 con 0x7fb24c03be80
2023-06-09T11:03:19.634 INFO:teuthology.orchestra.run.smithi088.stdout:/usr/bin/ceph: stderr
2023-06-09T11:03:19.169+0000 7fb265885700 1 --2- 172.21.15.88:0/3452908112 >> [v2:172.21.15.88:6800/2918562911,v1:172.21.15.88:6801/2918562911] conn(0x7fb24c03be80 0x7fb24c03e260 unknown :-1 s=BANNER_CONNECTING pgs=0 cs=0 l=1 rev1=0 crypto rx=0 tx=0 comp rx=0 tx=0)._handle_peer_banner_payload supported=3 required=0
2023-06-09T11:03:19.634 INFO:teuthology.orchestra.run.smithi088.stdout:/usr/bin/ceph: stderr
2023-06-09T11:03:19.170+0000 7fb265885700 1 --2- 172.21.15.88:0/3452908112 >> [v2:172.21.15.88:6800/2918562911,v1:172.21.15.88:6801/2918562911] conn(0x7fb24c03be80 0x7fb24c03e260 secure :-1 s=READY pgs=1 cs=0 l=1 rev1=1 crypto rx=0x7fb250003a10 tx=0x7fb2500092b0 comp rx=0 tx=0).ready entity=mgr.14120 client_cookie=0 server_cookie=0 in_seq=0 out_seq=0
2023-06-09T11:03:19.634 INFO:teuthology.orchestra.run.smithi088.stdout:/usr/bin/ceph: stderr
2023-06-09T11:03:19.171+0000 7fb2577fe700 1 -- 172.21.15.88:0/3452908112 <== mgr.14120 v2:172.21.15.88:6800/2918562911 1 ==== command_reply(tid 0: 0 ) v1 ==== 8+0+6910 (secure 0 0 0) 0x7fb26010bf80 con 0x7fb24c03be80
2023-06-09T11:03:19.634 INFO:teuthology.orchestra.run.smithi088.stdout:/usr/bin/ceph: stderr
2023-06-09T11:03:19.177+0000 7fb2682ea700 1 -- 172.21.15.88:0/3452908112 --> [v2:172.21.15.88:6800/2918562911,v1:172.21.15.88:6801/2918562911] -- command(tid 1: {"prefix": "mgr_status"}) v1 -- 0x7fb26019cc40 con 0x7fb24c03be80
2023-06-09T11:03:19.634 INFO:teuthology.orchestra.run.smithi088.stdout:/usr/bin/ceph: stderr
2023-06-09T11:03:19.178+0000 7fb2577fe700 1 -- 172.21.15.88:0/3452908112 <== mgr.14120 v2:172.21.15.88:6800/2918562911 2 ==== command_reply(tid 1: 0 ) v1 ==== 8+0+51 (secure 0 0 0) 0x7fb26019cc40 con 0x7fb24c03be80
2023-06-09T11:03:19.634 INFO:teuthology.orchestra.run.smithi088.stdout:/usr/bin/ceph: stderr
2023-06-09T11:03:19.178+0000 7fb2682ea700 1 -- 172.21.15.88:0/3452908112 >> [v2:172.21.15.88:6800/2918562911,v1:172.21.15.88:6801/2918562911] conn(0x7fb24c03be80 msgr2=0x7fb24c03e260 secure :-1 s=STATE_CONNECTION_ESTABLISHED l=1).mark_down
2023-06-09T11:03:19.635 INFO:teuthology.orchestra.run.smithi088.stdout:/usr/bin/ceph: stderr
2023-06-09T11:03:19.178+0000 7fb2682ea700 1 --2- 172.21.15.88:0/3452908112 >> [v2:172.21.15.88:6800/2918562911,v1:172.21.15.88:6801/2918562911] conn(0x7fb24c03be80 0x7fb24c03e260 secure :-1 s=READY pgs=1 cs=0 l=1 rev1=1 crypto rx=0x7fb250003a10 tx=0x7fb2500092b0 comp rx=0 tx=0).stop
2023-06-09T11:03:19.635 INFO:teuthology.orchestra.run.smithi088.stdout:/usr/bin/ceph: stderr
2023-06-09T11:03:19.178+0000 7fb2682ea700 1 -- 172.21.15.88:0/3452908112 >> [v2:172.21.15.88:3300/0,v1:172.21.15.88:6789/0] conn(0x7fb26007be10 msgr2=0x7fb26019b900 secure :-1 s=STATE_CONNECTION_ESTABLISHED l=1).mark_down
2023-06-09T11:03:19.635 INFO:teuthology.orchestra.run.smithi088.stdout:/usr/bin/ceph: stderr
2023-06-09T11:03:19.178+0000 7fb2682ea700 1 --2- 172.21.15.88:0/3452908112 >> [v2:172.21.15.88:3300/0,v1:172.21.15.88:6789/0] conn(0x7fb26007be10 0x7fb26019b900 secure :-1 s=READY pgs=29 cs=0 l=1 rev1=1 crypto rx=0x7fb25c006af0 tx=0x7fb25c011ad0 comp rx=0 tx=0).stop
2023-06-09T11:03:19.635 INFO:teuthology.orchestra.run.smithi088.stdout:/usr/bin/ceph: stderr
2023-06-09T11:03:19.178+0000 7fb2682ea700 1 -- 172.21.15.88:0/3452908112 shutdown_connections
2023-06-09T11:03:19.635 INFO:teuthology.orchestra.run.smithi088.stdout:/usr/bin/ceph: stderr
2023-06-09T11:03:19.178+0000 7fb2682ea700 1 --2- 172.21.15.88:0/3452908112 >> [v2:172.21.15.88:3300/0,v1:172.21.15.88:6789/0] conn(0x7fb26007be10 0x7fb26019b900 unknown :-1 s=CLOSED pgs=29 cs=0 l=1 rev1=1 crypto rx=0 tx=0 comp rx=0 tx=0).stop
2023-06-09T11:03:19.635 INFO:teuthology.orchestra.run.smithi088.stdout:/usr/bin/ceph: stderr
2023-06-09T11:03:19.178+0000 7fb2682ea700 1 --2- 172.21.15.88:0/3452908112 >> [v2:172.21.15.88:6800/2918562911,v1:172.21.15.88:6801/2918562911] conn(0x7fb24c03be80 0x7fb24c03e260 unknown :-1 s=CLOSED pgs=1 cs=0 l=1 rev1=1 crypto rx=0 tx=0 comp rx=0 tx=0).stop
2023-06-09T11:03:19.635 INFO:teuthology.orchestra.run.smithi088.stdout:/usr/bin/ceph: stderr
2023-06-09T11:03:19.178+0000 7fb2682ea700 1 --2- 172.21.15.88:0/3452908112 >> [v2:172.21.15.88:6800/2154849149,v1:172.21.15.88:6801/2154849149] conn(0x7fb24c038760 0x7fb24c03ac10 unknown :-1 s=CLOSED pgs=0 cs=0 l=1 rev1=0 crypto rx=0 tx=0 comp rx=0 tx=0).stop
2023-06-09T11:03:19.635 INFO:teuthology.orchestra.run.smithi088.stdout:/usr/bin/ceph: stderr
2023-06-09T11:03:19.178+0000 7fb2682ea700 1 -- 172.21.15.88:0/3452908112 >> 172.21.15.88:0/3452908112 conn(0x7fb260100ff0 msgr2=0x7fb2601026b0 unknown :-1 s=STATE_NONE l=0).mark_down
2023-06-09T11:03:19.636 INFO:teuthology.orchestra.run.smithi088.stdout:/usr/bin/ceph: stderr
2023-06-09T11:03:19.178+0000 7fb2682ea700 1 -- 172.21.15.88:0/3452908112 shutdown_connections
2023-06-09T11:03:19.636 INFO:teuthology.orchestra.run.smithi088.stdout:/usr/bin/ceph: stderr
2023-06-09T11:03:19.178+0000 7fb2682ea700 1 -- 172.21.15.88:0/3452908112 wait complete.
2023-06-09T11:03:19.636 INFO:teuthology.orchestra.run.smithi088.stdout:mgr epoch 5 is available
2023-06-09T11:03:19.636 INFO:teuthology.orchestra.run.smithi088.stdout:Setting orchestrator backend to cephadm...
2023-06-09T11:03:20.257 INFO:journalctl@ceph.mon.a.smithi088.stdout:Jun 09 11:03:20 smithi088 ceph-mon[94649]: [09/Jun/2023:11:03:19] ENGINE Bus STARTING
2023-06-09T11:03:20.257 INFO:journalctl@ceph.mon.a.smithi088.stdout:Jun 09 11:03:20 smithi088 ceph-mon[94649]: mgrmap e7: x(active, since 1.00631s)
2023-06-09T11:03:20.257 INFO:journalctl@ceph.mon.a.smithi088.stdout:Jun 09 11:03:20 smithi088 ceph-mon[94649]: from='client.14124 -' entity='client.admin' cmd=[{"prefix": "get_command_descriptions"}]: dispatch
2023-06-09T11:03:20.258 INFO:journalctl@ceph.mon.a.smithi088.stdout:Jun 09 11:03:20 smithi088 ceph-mon[94649]: from='client.14124 -' entity='client.admin' cmd=[{"prefix": "mgr_status"}]: dispatch
2023-06-09T11:03:20.258 INFO:journalctl@ceph.mon.a.smithi088.stdout:Jun 09 11:03:20 smithi088 ceph-mon[94649]: [09/Jun/2023:11:03:19] ENGINE Serving on https://172.21.15.88:7150
2023-06-09T11:03:20.258 INFO:journalctl@ceph.mon.a.smithi088.stdout:Jun 09 11:03:20 smithi088 ceph-mon[94649]: [09/Jun/2023:11:03:19] ENGINE Serving on http://172.21.15.88:8765
2023-06-09T11:03:20.258 INFO:journalctl@ceph.mon.a.smithi088.stdout:Jun 09 11:03:20 smithi088 ceph-mon[94649]: [09/Jun/2023:11:03:19] ENGINE Bus STARTED
2023-06-09T11:03:20.258 INFO:journalctl@ceph.mon.a.smithi088.stdout:Jun 09 11:03:20 smithi088 ceph-mon[94649]: from='mgr.14120 172.21.15.88:0/339706135' entity='mgr.x' cmd=[{"prefix": "config dump", "format": "json"}]: dispatch
2023-06-09T11:03:20.800 INFO:teuthology.orchestra.run.smithi088.stdout:/usr/bin/ceph: stderr
2023-06-09T11:03:20.157+0000 7f67a3f21700 1 Processor -- start
2023-06-09T11:03:20.800 INFO:teuthology.orchestra.run.smithi088.stdout:/usr/bin/ceph: stderr
2023-06-09T11:03:20.158+0000 7f67a3f21700 1 -- start start
2023-06-09T11:03:20.800 INFO:teuthology.orchestra.run.smithi088.stdout:/usr/bin/ceph: stderr
2023-06-09T11:03:20.158+0000 7f67a3f21700 1 --2- >> [v2:172.21.15.88:3300/0,v1:172.21.15.88:6789/0] conn(0x7f679c07bdb0 0x7f679c07a2b0 unknown :-1 s=NONE pgs=0 cs=0 l=0 rev1=0 crypto rx=0 tx=0 comp rx=0 tx=0).connect
2023-06-09T11:03:20.800 INFO:teuthology.orchestra.run.smithi088.stdout:/usr/bin/ceph: stderr
2023-06-09T11:03:20.158+0000 7f67a3f21700 1 -- --> [v2:172.21.15.88:3300/0,v1:172.21.15.88:6789/0] -- mon_getmap magic: 0 v1 -- 0x7f679c07a7f0 con 0x7f679c07bdb0
2023-06-09T11:03:20.801 INFO:teuthology.orchestra.run.smithi088.stdout:/usr/bin/ceph: stderr
2023-06-09T11:03:20.158+0000 7f67a1cbd700 1 --2- >> [v2:172.21.15.88:3300/0,v1:172.21.15.88:6789/0] conn(0x7f679c07bdb0 0x7f679c07a2b0 unknown :-1 s=BANNER_CONNECTING pgs=0 cs=0 l=0 rev1=0 crypto rx=0 tx=0 comp rx=0 tx=0)._handle_peer_banner_payload supported=3 required=0
2023-06-09T11:03:20.801 INFO:teuthology.orchestra.run.smithi088.stdout:/usr/bin/ceph: stderr
2023-06-09T11:03:20.158+0000 7f67a1cbd700 1 --2- >> [v2:172.21.15.88:3300/0,v1:172.21.15.88:6789/0] conn(0x7f679c07bdb0 0x7f679c07a2b0 unknown :-1 s=HELLO_CONNECTING pgs=0 cs=0 l=0 rev1=1 crypto rx=0 tx=0 comp rx=0 tx=0).handle_hello peer v2:172.21.15.88:3300/0 says I am v2:172.21.15.88:45200/0 (socket says 172.21.15.88:45200)
2023-06-09T11:03:20.801 INFO:teuthology.orchestra.run.smithi088.stdout:/usr/bin/ceph: stderr
2023-06-09T11:03:20.158+0000 7f67a1cbd700 1 -- 172.21.15.88:0/2476774439 learned_addr learned my addr 172.21.15.88:0/2476774439 (peer_addr_for_me v2:172.21.15.88:0/0)
2023-06-09T11:03:20.801 INFO:teuthology.orchestra.run.smithi088.stdout:/usr/bin/ceph: stderr
2023-06-09T11:03:20.159+0000 7f67a1cbd700 1 -- 172.21.15.88:0/2476774439 --> [v2:172.21.15.88:3300/0,v1:172.21.15.88:6789/0] -- mon_subscribe({config=0+,monmap=0+}) v3 -- 0x7f679c07a930 con 0x7f679c07bdb0
2023-06-09T11:03:20.801 INFO:teuthology.orchestra.run.smithi088.stdout:/usr/bin/ceph: stderr
2023-06-09T11:03:20.159+0000 7f67a1cbd700 1 --2- 172.21.15.88:0/2476774439 >> [v2:172.21.15.88:3300/0,v1:172.21.15.88:6789/0] conn(0x7f679c07bdb0 0x7f679c07a2b0 secure :-1 s=READY pgs=37 cs=0 l=1 rev1=1 crypto rx=0x7f67980098a0 tx=0x7f6798009bb0 comp rx=0 tx=0).ready entity=mon.0 client_cookie=deca2274d61349d6 server_cookie=0 in_seq=0 out_seq=0
2023-06-09T11:03:20.801 INFO:teuthology.orchestra.run.smithi088.stdout:/usr/bin/ceph: stderr
2023-06-09T11:03:20.159+0000 7f67a0cbb700 1 -- 172.21.15.88:0/2476774439 <== mon.0 v2:172.21.15.88:3300/0 1 ==== mon_map magic: 0 v1 ==== 205+0+0 (secure 0 0 0) 0x7f6798004160 con 0x7f679c07bdb0
2023-06-09T11:03:20.801 INFO:teuthology.orchestra.run.smithi088.stdout:/usr/bin/ceph: stderr
2023-06-09T11:03:20.159+0000 7f67a0cbb700 1 -- 172.21.15.88:0/2476774439 <== mon.0 v2:172.21.15.88:3300/0 2 ==== config(26 keys) v1 ==== 1074+0+0 (secure 0 0 0) 0x7f67980042c0 con 0x7f679c07bdb0
2023-06-09T11:03:20.802 INFO:teuthology.orchestra.run.smithi088.stdout:/usr/bin/ceph: stderr
2023-06-09T11:03:20.159+0000 7f67a0cbb700 1 -- 172.21.15.88:0/2476774439 <== mon.0 v2:172.21.15.88:3300/0 3 ==== mon_map magic: 0 v1 ==== 205+0+0 (secure 0 0 0) 0x7f6798011a00 con 0x7f679c07bdb0
2023-06-09T11:03:20.802 INFO:teuthology.orchestra.run.smithi088.stdout:/usr/bin/ceph: stderr
2023-06-09T11:03:20.160+0000 7f67a3f21700 1 -- 172.21.15.88:0/2476774439 >> [v2:172.21.15.88:3300/0,v1:172.21.15.88:6789/0] conn(0x7f679c07bdb0 msgr2=0x7f679c07a2b0 secure :-1 s=STATE_CONNECTION_ESTABLISHED l=1).mark_down
2023-06-09T11:03:20.802 INFO:teuthology.orchestra.run.smithi088.stdout:/usr/bin/ceph: stderr
2023-06-09T11:03:20.160+0000 7f67a3f21700 1 --2- 172.21.15.88:0/2476774439 >> [v2:172.21.15.88:3300/0,v1:172.21.15.88:6789/0] conn(0x7f679c07bdb0 0x7f679c07a2b0 secure :-1 s=READY pgs=37 cs=0 l=1 rev1=1 crypto rx=0x7f67980098a0 tx=0x7f6798009bb0 comp rx=0 tx=0).stop
2023-06-09T11:03:20.802 INFO:teuthology.orchestra.run.smithi088.stdout:/usr/bin/ceph: stderr
2023-06-09T11:03:20.160+0000 7f67a3f21700 1 -- 172.21.15.88:0/2476774439 shutdown_connections
2023-06-09T11:03:20.802 INFO:teuthology.orchestra.run.smithi088.stdout:/usr/bin/ceph: stderr
2023-06-09T11:03:20.160+0000 7f67a3f21700 1 --2- 172.21.15.88:0/2476774439 >> [v2:172.21.15.88:3300/0,v1:172.21.15.88:6789/0] conn(0x7f679c07bdb0 0x7f679c07a2b0 unknown :-1 s=CLOSED pgs=37 cs=0 l=1 rev1=1 crypto rx=0 tx=0 comp rx=0 tx=0).stop
2023-06-09T11:03:20.802 INFO:teuthology.orchestra.run.smithi088.stdout:/usr/bin/ceph: stderr
2023-06-09T11:03:20.160+0000 7f67a3f21700 1 -- 172.21.15.88:0/2476774439 >> 172.21.15.88:0/2476774439 conn(0x7f679c100ff0 msgr2=0x7f679c103400 unknown :-1 s=STATE_NONE l=0).mark_down
2023-06-09T11:03:20.802 INFO:teuthology.orchestra.run.smithi088.stdout:/usr/bin/ceph: stderr
2023-06-09T11:03:20.160+0000 7f67a3f21700 1 -- 172.21.15.88:0/2476774439 shutdown_connections
2023-06-09T11:03:20.802 INFO:teuthology.orchestra.run.smithi088.stdout:/usr/bin/ceph: stderr
2023-06-09T11:03:20.160+0000 7f67a3f21700 1 -- 172.21.15.88:0/2476774439 wait complete.
2023-06-09T11:03:20.803 INFO:teuthology.orchestra.run.smithi088.stdout:/usr/bin/ceph: stderr
2023-06-09T11:03:20.161+0000 7f67a3f21700 1 Processor -- start
2023-06-09T11:03:20.805 INFO:teuthology.orchestra.run.smithi088.stdout:/usr/bin/ceph: stderr
2023-06-09T11:03:20.161+0000 7f67a3f21700 1 -- start start
2023-06-09T11:03:20.805 INFO:teuthology.orchestra.run.smithi088.stdout:/usr/bin/ceph: stderr
2023-06-09T11:03:20.161+0000 7f67a3f21700 1 --2- >> [v2:172.21.15.88:3300/0,v1:172.21.15.88:6789/0] conn(0x7f679c07bdb0 0x7f679c19b950 unknown :-1 s=NONE pgs=0 cs=0 l=1 rev1=0 crypto rx=0 tx=0 comp rx=0 tx=0).connect
2023-06-09T11:03:20.806 INFO:teuthology.orchestra.run.smithi088.stdout:/usr/bin/ceph: stderr
2023-06-09T11:03:20.161+0000 7f67a3f21700 1 -- --> [v2:172.21.15.88:3300/0,v1:172.21.15.88:6789/0] -- mon_getmap magic: 0 v1 -- 0x7f679c19be90 con 0x7f679c07bdb0
2023-06-09T11:03:20.806 INFO:teuthology.orchestra.run.smithi088.stdout:/usr/bin/ceph: stderr
2023-06-09T11:03:20.162+0000 7f67a1cbd700 1 --2- >> [v2:172.21.15.88:3300/0,v1:172.21.15.88:6789/0] conn(0x7f679c07bdb0 0x7f679c19b950 unknown :-1 s=BANNER_CONNECTING pgs=0 cs=0 l=1 rev1=0 crypto rx=0 tx=0 comp rx=0 tx=0)._handle_peer_banner_payload supported=3 required=0
2023-06-09T11:03:20.806 INFO:teuthology.orchestra.run.smithi088.stdout:/usr/bin/ceph: stderr
2023-06-09T11:03:20.162+0000 7f67a1cbd700 1 --2- >> [v2:172.21.15.88:3300/0,v1:172.21.15.88:6789/0] conn(0x7f679c07bdb0 0x7f679c19b950 unknown :-1 s=HELLO_CONNECTING pgs=0 cs=0 l=1 rev1=1 crypto rx=0 tx=0 comp rx=0 tx=0).handle_hello peer v2:172.21.15.88:3300/0 says I am v2:172.21.15.88:45204/0 (socket says 172.21.15.88:45204)
2023-06-09T11:03:20.806 INFO:teuthology.orchestra.run.smithi088.stdout:/usr/bin/ceph: stderr
2023-06-09T11:03:20.162+0000 7f67a1cbd700 1 -- 172.21.15.88:0/3641660720 learned_addr learned my addr 172.21.15.88:0/3641660720 (peer_addr_for_me v2:172.21.15.88:0/0)
2023-06-09T11:03:20.806 INFO:teuthology.orchestra.run.smithi088.stdout:/usr/bin/ceph: stderr
2023-06-09T11:03:20.162+0000 7f67a1cbd700 1 -- 172.21.15.88:0/3641660720 --> [v2:172.21.15.88:3300/0,v1:172.21.15.88:6789/0] -- mon_subscribe({config=0+,monmap=0+}) v3 -- 0x7f6798009550 con 0x7f679c07bdb0
2023-06-09T11:03:20.806 INFO:teuthology.orchestra.run.smithi088.stdout:/usr/bin/ceph: stderr
2023-06-09T11:03:20.162+0000 7f67a1cbd700 1 --2- 172.21.15.88:0/3641660720 >> [v2:172.21.15.88:3300/0,v1:172.21.15.88:6789/0] conn(0x7f679c07bdb0 0x7f679c19b950 secure :-1 s=READY pgs=38 cs=0 l=1 rev1=1 crypto rx=0x7f6798009fb0 tx=0x7f6798011ad0 comp rx=0 tx=0).ready entity=mon.0 client_cookie=0 server_cookie=0 in_seq=0 out_seq=0
2023-06-09T11:03:20.806 INFO:teuthology.orchestra.run.smithi088.stdout:/usr/bin/ceph: stderr
2023-06-09T11:03:20.162+0000 7f6792ffd700 1 -- 172.21.15.88:0/3641660720 <== mon.0 v2:172.21.15.88:3300/0 1 ==== mon_map magic: 0 v1 ==== 205+0+0 (secure 0 0 0) 0x7f6798003930 con 0x7f679c07bdb0
2023-06-09T11:03:20.807 INFO:teuthology.orchestra.run.smithi088.stdout:/usr/bin/ceph: stderr
2023-06-09T11:03:20.162+0000 7f6792ffd700 1 -- 172.21.15.88:0/3641660720 <== mon.0 v2:172.21.15.88:3300/0 2 ==== config(26 keys) v1 ==== 1074+0+0 (secure 0 0 0) 0x7f6798003a90 con 0x7f679c07bdb0
2023-06-09T11:03:20.807 INFO:teuthology.orchestra.run.smithi088.stdout:/usr/bin/ceph: stderr
2023-06-09T11:03:20.162+0000 7f6792ffd700 1 -- 172.21.15.88:0/3641660720 <== mon.0 v2:172.21.15.88:3300/0 3 ==== mon_map magic: 0 v1 ==== 205+0+0 (secure 0 0 0) 0x7f67980195e0 con 0x7f679c07bdb0
2023-06-09T11:03:20.807 INFO:teuthology.orchestra.run.smithi088.stdout:/usr/bin/ceph: stderr
2023-06-09T11:03:20.162+0000 7f67a3f21700 1 -- 172.21.15.88:0/3641660720 --> [v2:172.21.15.88:3300/0,v1:172.21.15.88:6789/0] -- mon_subscribe({mgrmap=0+}) v3 -- 0x7f679c10be50 con 0x7f679c07bdb0
2023-06-09T11:03:20.807 INFO:teuthology.orchestra.run.smithi088.stdout:/usr/bin/ceph: stderr
2023-06-09T11:03:20.162+0000 7f67a3f21700 1 -- 172.21.15.88:0/3641660720 --> [v2:172.21.15.88:3300/0,v1:172.21.15.88:6789/0] -- mon_subscribe({osdmap=0}) v3 -- 0x7f679c10bcc0 con 0x7f679c07bdb0
2023-06-09T11:03:20.808 INFO:teuthology.orchestra.run.smithi088.stdout:/usr/bin/ceph: stderr
2023-06-09T11:03:20.163+0000 7f6792ffd700 1 -- 172.21.15.88:0/3641660720 <== mon.0 v2:172.21.15.88:3300/0 4 ==== mgrmap(e 7) v1 ==== 45377+0+0 (secure 0 0 0) 0x7f679801a430 con 0x7f679c07bdb0
2023-06-09T11:03:20.808 INFO:teuthology.orchestra.run.smithi088.stdout:/usr/bin/ceph: stderr
2023-06-09T11:03:20.164+0000 7f67a3f21700 1 -- 172.21.15.88:0/3641660720 --> [v2:172.21.15.88:3300/0,v1:172.21.15.88:6789/0] -- mon_command({"prefix": "get_command_descriptions"} v 0) v1 -- 0x7f679c10bfe0 con 0x7f679c07bdb0
2023-06-09T11:03:20.808 INFO:teuthology.orchestra.run.smithi088.stdout:/usr/bin/ceph: stderr
2023-06-09T11:03:20.164+0000 7f6792ffd700 1 --2- 172.21.15.88:0/3641660720 >> [v2:172.21.15.88:6800/2918562911,v1:172.21.15.88:6801/2918562911] conn(0x7f67880385f0 0x7f678803aaa0 unknown :-1 s=NONE pgs=0 cs=0 l=1 rev1=0 crypto rx=0 tx=0 comp rx=0 tx=0).connect
2023-06-09T11:03:20.809 INFO:teuthology.orchestra.run.smithi088.stdout:/usr/bin/ceph: stderr
2023-06-09T11:03:20.164+0000 7f6792ffd700 1 -- 172.21.15.88:0/3641660720 <== mon.0 v2:172.21.15.88:3300/0 5 ==== osd_map(2..2 src has 1..2) v4 ==== 940+0+0 (secure 0 0 0) 0x7f679804c660 con 0x7f679c07bdb0
2023-06-09T11:03:20.809 INFO:teuthology.orchestra.run.smithi088.stdout:/usr/bin/ceph: stderr
2023-06-09T11:03:20.164+0000 7f67a14bc700 1 --2- 172.21.15.88:0/3641660720 >> [v2:172.21.15.88:6800/2918562911,v1:172.21.15.88:6801/2918562911] conn(0x7f67880385f0 0x7f678803aaa0 unknown :-1 s=BANNER_CONNECTING pgs=0 cs=0 l=1 rev1=0 crypto rx=0 tx=0 comp rx=0 tx=0)._handle_peer_banner_payload supported=3 required=0
2023-06-09T11:03:20.809 INFO:teuthology.orchestra.run.smithi088.stdout:/usr/bin/ceph: stderr
2023-06-09T11:03:20.165+0000 7f67a14bc700 1 --2- 172.21.15.88:0/3641660720 >> [v2:172.21.15.88:6800/2918562911,v1:172.21.15.88:6801/2918562911] conn(0x7f67880385f0 0x7f678803aaa0 secure :-1 s=READY pgs=7 cs=0 l=1 rev1=1 crypto rx=0x7f678c006fd0 tx=0x7f678c006e40 comp rx=0 tx=0).ready entity=mgr.14120 client_cookie=0 server_cookie=0 in_seq=0 out_seq=0
2023-06-09T11:03:20.809 INFO:teuthology.orchestra.run.smithi088.stdout:/usr/bin/ceph: stderr
2023-06-09T11:03:20.170+0000 7f6792ffd700 1 -- 172.21.15.88:0/3641660720 <== mon.0 v2:172.21.15.88:3300/0 6 ==== mon_command_ack([{"prefix": "get_command_descriptions"}]=0 v0) v1 ==== 72+0+177948 (secure 0 0 0) 0x7f6798023840 con 0x7f679c07bdb0
2023-06-09T11:03:20.809 INFO:teuthology.orchestra.run.smithi088.stdout:/usr/bin/ceph: stderr
2023-06-09T11:03:20.222+0000 7f6792ffd700 1 -- 172.21.15.88:0/3641660720 <== mon.0 v2:172.21.15.88:3300/0 7 ==== mgrmap(e 8) v1 ==== 45483+0+0 (secure 0 0 0) 0x7f6798019940 con 0x7f679c07bdb0
2023-06-09T11:03:20.809 INFO:teuthology.orchestra.run.smithi088.stdout:/usr/bin/ceph: stderr
2023-06-09T11:03:20.385+0000 7f67a3f21700 1 -- 172.21.15.88:0/3641660720 --> [v2:172.21.15.88:6800/2918562911,v1:172.21.15.88:6801/2918562911] -- mgr_command(tid 0: {"prefix": "orch set backend", "module_name": "cephadm", "target": ["mon-mgr", ""]}) v1 -- 0x7f679c103310 con 0x7f67880385f0
2023-06-09T11:03:20.809 INFO:teuthology.orchestra.run.smithi088.stdout:/usr/bin/ceph: stderr
2023-06-09T11:03:20.392+0000 7f6792ffd700 1 -- 172.21.15.88:0/3641660720 <== mgr.14120 v2:172.21.15.88:6800/2918562911 1 ==== mgr_command_reply(tid 0: 0 ) v1 ==== 8+0+0 (secure 0 0 0) 0x7f679c103310 con 0x7f67880385f0
2023-06-09T11:03:20.810 INFO:teuthology.orchestra.run.smithi088.stdout:/usr/bin/ceph: stderr
2023-06-09T11:03:20.395+0000 7f67a3f21700 1 -- 172.21.15.88:0/3641660720 >> [v2:172.21.15.88:6800/2918562911,v1:172.21.15.88:6801/2918562911] conn(0x7f67880385f0 msgr2=0x7f678803aaa0 secure :-1 s=STATE_CONNECTION_ESTABLISHED l=1).mark_down
2023-06-09T11:03:20.810 INFO:teuthology.orchestra.run.smithi088.stdout:/usr/bin/ceph: stderr
2023-06-09T11:03:20.395+0000 7f67a3f21700 1 --2- 172.21.15.88:0/3641660720 >> [v2:172.21.15.88:6800/2918562911,v1:172.21.15.88:6801/2918562911] conn(0x7f67880385f0 0x7f678803aaa0 secure :-1 s=READY pgs=7 cs=0 l=1 rev1=1 crypto rx=0x7f678c006fd0 tx=0x7f678c006e40 comp rx=0 tx=0).stop
2023-06-09T11:03:20.810 INFO:teuthology.orchestra.run.smithi088.stdout:/usr/bin/ceph: stderr
2023-06-09T11:03:20.395+0000 7f67a3f21700 1 -- 172.21.15.88:0/3641660720 >> [v2:172.21.15.88:3300/0,v1:172.21.15.88:6789/0] conn(0x7f679c07bdb0 msgr2=0x7f679c19b950 secure :-1 s=STATE_CONNECTION_ESTABLISHED l=1).mark_down
2023-06-09T11:03:20.810 INFO:teuthology.orchestra.run.smithi088.stdout:/usr/bin/ceph: stderr
2023-06-09T11:03:20.395+0000 7f67a3f21700 1 --2- 172.21.15.88:0/3641660720 >> [v2:172.21.15.88:3300/0,v1:172.21.15.88:6789/0] conn(0x7f679c07bdb0 0x7f679c19b950 secure :-1 s=READY pgs=38 cs=0 l=1 rev1=1 crypto rx=0x7f6798009fb0 tx=0x7f6798011ad0 comp rx=0 tx=0).stop
2023-06-09T11:03:20.810 INFO:teuthology.orchestra.run.smithi088.stdout:/usr/bin/ceph: stderr
2023-06-09T11:03:20.395+0000 7f67a3f21700 1 -- 172.21.15.88:0/3641660720 shutdown_connections
2023-06-09T11:03:20.810 INFO:teuthology.orchestra.run.smithi088.stdout:/usr/bin/ceph: stderr
2023-06-09T11:03:20.395+0000 7f67a3f21700 1 --2- 172.21.15.88:0/3641660720 >> [v2:172.21.15.88:6800/2918562911,v1:172.21.15.88:6801/2918562911] conn(0x7f67880385f0 0x7f678803aaa0 unknown :-1 s=CLOSED pgs=7 cs=0 l=1 rev1=1 crypto rx=0 tx=0 comp rx=0 tx=0).stop
2023-06-09T11:03:20.810 INFO:teuthology.orchestra.run.smithi088.stdout:/usr/bin/ceph: stderr
2023-06-09T11:03:20.395+0000 7f67a3f21700 1 --2- 172.21.15.88:0/3641660720 >> [v2:172.21.15.88:3300/0,v1:172.21.15.88:6789/0] conn(0x7f679c07bdb0 0x7f679c19b950 unknown :-1 s=CLOSED pgs=38 cs=0 l=1 rev1=1 crypto rx=0 tx=0 comp rx=0 tx=0).stop
2023-06-09T11:03:20.810 INFO:teuthology.orchestra.run.smithi088.stdout:/usr/bin/ceph: stderr
2023-06-09T11:03:20.395+0000 7f67a3f21700 1 -- 172.21.15.88:0/3641660720 >> 172.21.15.88:0/3641660720 conn(0x7f679c100ff0 msgr2=0x7f679c1026b0 unknown :-1 s=STATE_NONE l=0).mark_down
2023-06-09T11:03:20.811 INFO:teuthology.orchestra.run.smithi088.stdout:/usr/bin/ceph: stderr
2023-06-09T11:03:20.395+0000 7f67a3f21700 1 -- 172.21.15.88:0/3641660720 shutdown_connections
2023-06-09T11:03:20.811 INFO:teuthology.orchestra.run.smithi088.stdout:/usr/bin/ceph: stderr
2023-06-09T11:03:20.395+0000 7f67a3f21700 1 -- 172.21.15.88:0/3641660720 wait complete.
2023-06-09T11:03:21.507 INFO:journalctl@ceph.mon.a.smithi088.stdout:Jun 09 11:03:21 smithi088 ceph-mon[94649]: mgrmap e8: x(active, since 2s)
2023-06-09T11:03:21.507 INFO:journalctl@ceph.mon.a.smithi088.stdout:Jun 09 11:03:21 smithi088 ceph-mon[94649]: from='client.14132 -' entity='client.admin' cmd=[{"prefix": "orch set backend", "module_name": "cephadm", "target": ["mon-mgr", ""]}]: dispatch
2023-06-09T11:03:21.507 INFO:journalctl@ceph.mon.a.smithi088.stdout:Jun 09 11:03:21 smithi088 ceph-mon[94649]: from='mgr.14120 172.21.15.88:0/339706135' entity='mgr.x'
2023-06-09T11:03:21.507 INFO:journalctl@ceph.mon.a.smithi088.stdout:Jun 09 11:03:21 smithi088 ceph-mon[94649]: from='mgr.14120 172.21.15.88:0/339706135' entity='mgr.x' cmd=[{"prefix": "config dump", "format": "json"}]: dispatch
2023-06-09T11:03:21.985 INFO:teuthology.orchestra.run.smithi088.stdout:/usr/bin/ceph: stdout value unchanged
2023-06-09T11:03:21.986 INFO:teuthology.orchestra.run.smithi088.stdout:/usr/bin/ceph: stderr
2023-06-09T11:03:21.329+0000 7f5dee5c1700 1 Processor -- start
2023-06-09T11:03:21.986 INFO:teuthology.orchestra.run.smithi088.stdout:/usr/bin/ceph: stderr
2023-06-09T11:03:21.329+0000 7f5dee5c1700 1 -- start start
2023-06-09T11:03:21.986 INFO:teuthology.orchestra.run.smithi088.stdout:/usr/bin/ceph: stderr
2023-06-09T11:03:21.330+0000 7f5dee5c1700 1 --2- >> [v2:172.21.15.88:3300/0,v1:172.21.15.88:6789/0] conn(0x7f5de807bdb0 0x7f5de807a2b0 unknown :-1 s=NONE pgs=0 cs=0 l=0 rev1=0 crypto rx=0 tx=0 comp rx=0 tx=0).connect
2023-06-09T11:03:21.986 INFO:teuthology.orchestra.run.smithi088.stdout:/usr/bin/ceph: stderr
2023-06-09T11:03:21.330+0000 7f5dee5c1700 1 -- --> [v2:172.21.15.88:3300/0,v1:172.21.15.88:6789/0] -- mon_getmap magic: 0 v1 -- 0x7f5de807a7f0 con 0x7f5de807bdb0
2023-06-09T11:03:21.987 INFO:teuthology.orchestra.run.smithi088.stdout:/usr/bin/ceph: stderr
2023-06-09T11:03:21.330+0000 7f5de7fff700 1 --2- >> [v2:172.21.15.88:3300/0,v1:172.21.15.88:6789/0] conn(0x7f5de807bdb0 0x7f5de807a2b0 unknown :-1 s=BANNER_CONNECTING pgs=0 cs=0 l=0 rev1=0 crypto rx=0 tx=0 comp rx=0 tx=0)._handle_peer_banner_payload supported=3 required=0
2023-06-09T11:03:21.988 INFO:teuthology.orchestra.run.smithi088.stdout:/usr/bin/ceph: stderr
2023-06-09T11:03:21.330+0000 7f5de7fff700 1 --2- >> [v2:172.21.15.88:3300/0,v1:172.21.15.88:6789/0] conn(0x7f5de807bdb0 0x7f5de807a2b0 unknown :-1 s=HELLO_CONNECTING pgs=0 cs=0 l=0 rev1=1 crypto rx=0 tx=0 comp rx=0 tx=0).handle_hello peer v2:172.21.15.88:3300/0 says I am v2:172.21.15.88:45210/0 (socket says 172.21.15.88:45210)
2023-06-09T11:03:21.988 INFO:teuthology.orchestra.run.smithi088.stdout:/usr/bin/ceph: stderr
