2023-06-09T11:03:26.257 INFO:journalctl@ceph.mon.a.smithi088.stdout:Jun 09 11:03:25 smithi088 ceph-mon[94649]: from='client.14140 -' entity='client.admin' cmd=[{"prefix": "orch host add", "hostname": "smithi088", "addr": "172.21.15.88", "target": ["mon-mgr", ""]}]: dispatch
2023-06-09T11:03:27.257 INFO:journalctl@ceph.mon.a.smithi088.stdout:Jun 09 11:03:26 smithi088 ceph-mon[94649]: Deploying cephadm binary to smithi088
2023-06-09T11:03:28.631 INFO:teuthology.orchestra.run.smithi088.stdout:/usr/bin/ceph: stdout Added host 'smithi088' with addr '172.21.15.88'
2023-06-09T11:03:28.631 INFO:teuthology.orchestra.run.smithi088.stdout:/usr/bin/ceph: stderr
2023-06-09T11:03:25.088+0000 7ff269429700 1 Processor -- start
2023-06-09T11:03:28.631 INFO:teuthology.orchestra.run.smithi088.stdout:/usr/bin/ceph: stderr
2023-06-09T11:03:25.089+0000 7ff269429700 1 -- start start
2023-06-09T11:03:28.631 INFO:teuthology.orchestra.run.smithi088.stdout:/usr/bin/ceph: stderr
2023-06-09T11:03:25.089+0000 7ff269429700 1 --2- >> [v2:172.21.15.88:3300/0,v1:172.21.15.88:6789/0] conn(0x7ff26407bdb0 0x7ff26407a2b0 unknown :-1 s=NONE pgs=0 cs=0 l=0 rev1=0 crypto rx=0 tx=0 comp rx=0 tx=0).connect
2023-06-09T11:03:28.631 INFO:teuthology.orchestra.run.smithi088.stdout:/usr/bin/ceph: stderr
2023-06-09T11:03:25.089+0000 7ff269429700 1 -- --> [v2:172.21.15.88:3300/0,v1:172.21.15.88:6789/0] -- mon_getmap magic: 0 v1 -- 0x7ff26407a7f0 con 0x7ff26407bdb0
2023-06-09T11:03:28.632 INFO:teuthology.orchestra.run.smithi088.stdout:/usr/bin/ceph: stderr
2023-06-09T11:03:25.089+0000 7ff262ffd700 1 --2- >> [v2:172.21.15.88:3300/0,v1:172.21.15.88:6789/0] conn(0x7ff26407bdb0 0x7ff26407a2b0 unknown :-1 s=BANNER_CONNECTING pgs=0 cs=0 l=0 rev1=0 crypto rx=0 tx=0 comp rx=0 tx=0)._handle_peer_banner_payload supported=3 required=0
2023-06-09T11:03:28.632 INFO:teuthology.orchestra.run.smithi088.stdout:/usr/bin/ceph: stderr
2023-06-09T11:03:25.089+0000 7ff262ffd700 1 --2- >> [v2:172.21.15.88:3300/0,v1:172.21.15.88:6789/0] conn(0x7ff26407bdb0 0x7ff26407a2b0 unknown :-1 s=HELLO_CONNECTING pgs=0 cs=0 l=0 rev1=1 crypto rx=0 tx=0 comp rx=0 tx=0).handle_hello peer v2:172.21.15.88:3300/0 says I am v2:172.21.15.88:45282/0 (socket says 172.21.15.88:45282)
2023-06-09T11:03:28.632 INFO:teuthology.orchestra.run.smithi088.stdout:/usr/bin/ceph: stderr
2023-06-09T11:03:25.089+0000 7ff262ffd700 1 -- 172.21.15.88:0/1118302439 learned_addr learned my addr 172.21.15.88:0/1118302439 (peer_addr_for_me v2:172.21.15.88:0/0)
2023-06-09T11:03:28.632 INFO:teuthology.orchestra.run.smithi088.stdout:/usr/bin/ceph: stderr
2023-06-09T11:03:25.090+0000 7ff262ffd700 1 -- 172.21.15.88:0/1118302439 --> [v2:172.21.15.88:3300/0,v1:172.21.15.88:6789/0] -- mon_subscribe({config=0+,monmap=0+}) v3 -- 0x7ff26407a930 con 0x7ff26407bdb0
2023-06-09T11:03:28.632 INFO:teuthology.orchestra.run.smithi088.stdout:/usr/bin/ceph: stderr
2023-06-09T11:03:25.090+0000 7ff262ffd700 1 --2- 172.21.15.88:0/1118302439 >> [v2:172.21.15.88:3300/0,v1:172.21.15.88:6789/0] conn(0x7ff26407bdb0 0x7ff26407a2b0 secure :-1 s=READY pgs=45 cs=0 l=1 rev1=1 crypto rx=0x7ff2540098a0 tx=0x7ff254009bb0 comp rx=0 tx=0).ready entity=mon.0 client_cookie=7d9fcba0956608a5 server_cookie=0 in_seq=0 out_seq=0
2023-06-09T11:03:28.632 INFO:teuthology.orchestra.run.smithi088.stdout:/usr/bin/ceph: stderr
2023-06-09T11:03:25.090+0000 7ff261ffb700 1 -- 172.21.15.88:0/1118302439 <== mon.0 v2:172.21.15.88:3300/0 1 ==== mon_map magic: 0 v1 ==== 205+0+0 (secure 0 0 0) 0x7ff254004160 con 0x7ff26407bdb0
2023-06-09T11:03:28.632 INFO:teuthology.orchestra.run.smithi088.stdout:/usr/bin/ceph: stderr
2023-06-09T11:03:25.090+0000 7ff261ffb700 1 -- 172.21.15.88:0/1118302439 <== mon.0 v2:172.21.15.88:3300/0 2 ==== config(26 keys) v1 ==== 1074+0+0 (secure 0 0 0) 0x7ff2540042c0 con 0x7ff26407bdb0
2023-06-09T11:03:28.633 INFO:teuthology.orchestra.run.smithi088.stdout:/usr/bin/ceph: stderr
2023-06-09T11:03:25.090+0000 7ff261ffb700 1 -- 172.21.15.88:0/1118302439 <== mon.0 v2:172.21.15.88:3300/0 3 ==== mon_map magic: 0 v1 ==== 205+0+0 (secure 0 0 0) 0x7ff254011a00 con 0x7ff26407bdb0
2023-06-09T11:03:28.633 INFO:teuthology.orchestra.run.smithi088.stdout:/usr/bin/ceph: stderr
2023-06-09T11:03:25.091+0000 7ff269429700 1 -- 172.21.15.88:0/1118302439 >> [v2:172.21.15.88:3300/0,v1:172.21.15.88:6789/0] conn(0x7ff26407bdb0 msgr2=0x7ff26407a2b0 secure :-1 s=STATE_CONNECTION_ESTABLISHED l=1).mark_down
2023-06-09T11:03:28.633 INFO:teuthology.orchestra.run.smithi088.stdout:/usr/bin/ceph: stderr
2023-06-09T11:03:25.091+0000 7ff269429700 1 --2- 172.21.15.88:0/1118302439 >> [v2:172.21.15.88:3300/0,v1:172.21.15.88:6789/0] conn(0x7ff26407bdb0 0x7ff26407a2b0 secure :-1 s=READY pgs=45 cs=0 l=1 rev1=1 crypto rx=0x7ff2540098a0 tx=0x7ff254009bb0 comp rx=0 tx=0).stop
2023-06-09T11:03:28.633 INFO:teuthology.orchestra.run.smithi088.stdout:/usr/bin/ceph: stderr
2023-06-09T11:03:25.091+0000 7ff269429700 1 -- 172.21.15.88:0/1118302439 shutdown_connections
2023-06-09T11:03:28.633 INFO:teuthology.orchestra.run.smithi088.stdout:/usr/bin/ceph: stderr
2023-06-09T11:03:25.091+0000 7ff269429700 1 --2- 172.21.15.88:0/1118302439 >> [v2:172.21.15.88:3300/0,v1:172.21.15.88:6789/0] conn(0x7ff26407bdb0 0x7ff26407a2b0 unknown :-1 s=CLOSED pgs=45 cs=0 l=1 rev1=1 crypto rx=0 tx=0 comp rx=0 tx=0).stop
2023-06-09T11:03:28.633 INFO:teuthology.orchestra.run.smithi088.stdout:/usr/bin/ceph: stderr
2023-06-09T11:03:25.091+0000 7ff269429700 1 -- 172.21.15.88:0/1118302439 >> 172.21.15.88:0/1118302439 conn(0x7ff264100f70 msgr2=0x7ff264103380 unknown :-1 s=STATE_NONE l=0).mark_down
2023-06-09T11:03:28.633 INFO:teuthology.orchestra.run.smithi088.stdout:/usr/bin/ceph: stderr
2023-06-09T11:03:25.091+0000 7ff269429700 1 -- 172.21.15.88:0/1118302439 shutdown_connections
2023-06-09T11:03:28.634 INFO:teuthology.orchestra.run.smithi088.stdout:/usr/bin/ceph: stderr
2023-06-09T11:03:25.091+0000 7ff269429700 1 -- 172.21.15.88:0/1118302439 wait complete.
2023-06-09T11:03:28.634 INFO:teuthology.orchestra.run.smithi088.stdout:/usr/bin/ceph: stderr
2023-06-09T11:03:25.092+0000 7ff269429700 1 Processor -- start
2023-06-09T11:03:28.634 INFO:teuthology.orchestra.run.smithi088.stdout:/usr/bin/ceph: stderr
2023-06-09T11:03:25.092+0000 7ff269429700 1 -- start start
2023-06-09T11:03:28.634 INFO:teuthology.orchestra.run.smithi088.stdout:/usr/bin/ceph: stderr
2023-06-09T11:03:25.093+0000 7ff269429700 1 --2- >> [v2:172.21.15.88:3300/0,v1:172.21.15.88:6789/0] conn(0x7ff26407bdb0 0x7ff26419b8d0 unknown :-1 s=NONE pgs=0 cs=0 l=1 rev1=0 crypto rx=0 tx=0 comp rx=0 tx=0).connect
2023-06-09T11:03:28.634 INFO:teuthology.orchestra.run.smithi088.stdout:/usr/bin/ceph: stderr
2023-06-09T11:03:25.093+0000 7ff269429700 1 -- --> [v2:172.21.15.88:3300/0,v1:172.21.15.88:6789/0] -- mon_getmap magic: 0 v1 -- 0x7ff26419be10 con 0x7ff26407bdb0
2023-06-09T11:03:28.634 INFO:teuthology.orchestra.run.smithi088.stdout:/usr/bin/ceph: stderr
2023-06-09T11:03:25.093+0000 7ff262ffd700 1 --2- >> [v2:172.21.15.88:3300/0,v1:172.21.15.88:6789/0] conn(0x7ff26407bdb0 0x7ff26419b8d0 unknown :-1 s=BANNER_CONNECTING pgs=0 cs=0 l=1 rev1=0 crypto rx=0 tx=0 comp rx=0 tx=0)._handle_peer_banner_payload supported=3 required=0
2023-06-09T11:03:28.634 INFO:teuthology.orchestra.run.smithi088.stdout:/usr/bin/ceph: stderr
2023-06-09T11:03:25.093+0000 7ff262ffd700 1 --2- >> [v2:172.21.15.88:3300/0,v1:172.21.15.88:6789/0] conn(0x7ff26407bdb0 0x7ff26419b8d0 unknown :-1 s=HELLO_CONNECTING pgs=0 cs=0 l=1 rev1=1 crypto rx=0 tx=0 comp rx=0 tx=0).handle_hello peer v2:172.21.15.88:3300/0 says I am v2:172.21.15.88:45286/0 (socket says 172.21.15.88:45286)
2023-06-09T11:03:28.635 INFO:teuthology.orchestra.run.smithi088.stdout:/usr/bin/ceph: stderr
2023-06-09T11:03:25.093+0000 7ff262ffd700 1 -- 172.21.15.88:0/336899984 learned_addr learned my addr 172.21.15.88:0/336899984 (peer_addr_for_me v2:172.21.15.88:0/0)
2023-06-09T11:03:28.635 INFO:teuthology.orchestra.run.smithi088.stdout:/usr/bin/ceph: stderr
2023-06-09T11:03:25.093+0000 7ff262ffd700 1 -- 172.21.15.88:0/336899984 --> [v2:172.21.15.88:3300/0,v1:172.21.15.88:6789/0] -- mon_subscribe({config=0+,monmap=0+}) v3 -- 0x7ff254009550 con 0x7ff26407bdb0
2023-06-09T11:03:28.635 INFO:teuthology.orchestra.run.smithi088.stdout:/usr/bin/ceph: stderr
2023-06-09T11:03:25.093+0000 7ff262ffd700 1 --2- 172.21.15.88:0/336899984 >> [v2:172.21.15.88:3300/0,v1:172.21.15.88:6789/0] conn(0x7ff26407bdb0 0x7ff26419b8d0 secure :-1 s=READY pgs=46 cs=0 l=1 rev1=1 crypto rx=0x7ff254009130 tx=0x7ff254011ad0 comp rx=0 tx=0).ready entity=mon.0 client_cookie=0 server_cookie=0 in_seq=0 out_seq=0
2023-06-09T11:03:28.635 INFO:teuthology.orchestra.run.smithi088.stdout:/usr/bin/ceph: stderr
2023-06-09T11:03:25.094+0000 7ff24bfff700 1 -- 172.21.15.88:0/336899984 <== mon.0 v2:172.21.15.88:3300/0 1 ==== mon_map magic: 0 v1 ==== 205+0+0 (secure 0 0 0) 0x7ff254003ab0 con 0x7ff26407bdb0
2023-06-09T11:03:28.636 INFO:teuthology.orchestra.run.smithi088.stdout:/usr/bin/ceph: stderr
2023-06-09T11:03:25.094+0000 7ff24bfff700 1 -- 172.21.15.88:0/336899984 <== mon.0 v2:172.21.15.88:3300/0 2 ==== config(26 keys) v1 ==== 1074+0+0 (secure 0 0 0) 0x7ff254003c10 con 0x7ff26407bdb0
2023-06-09T11:03:28.636 INFO:teuthology.orchestra.run.smithi088.stdout:/usr/bin/ceph: stderr
2023-06-09T11:03:25.094+0000 7ff24bfff700 1 -- 172.21.15.88:0/336899984 <== mon.0 v2:172.21.15.88:3300/0 3 ==== mon_map magic: 0 v1 ==== 205+0+0 (secure 0 0 0) 0x7ff2540247d0 con 0x7ff26407bdb0
2023-06-09T11:03:28.636 INFO:teuthology.orchestra.run.smithi088.stdout:/usr/bin/ceph: stderr
2023-06-09T11:03:25.094+0000 7ff269429700 1 -- 172.21.15.88:0/336899984 --> [v2:172.21.15.88:3300/0,v1:172.21.15.88:6789/0] -- mon_subscribe({mgrmap=0+}) v3 -- 0x7ff26410bdf0 con 0x7ff26407bdb0
2023-06-09T11:03:28.636 INFO:teuthology.orchestra.run.smithi088.stdout:/usr/bin/ceph: stderr
2023-06-09T11:03:25.094+0000 7ff269429700 1 -- 172.21.15.88:0/336899984 --> [v2:172.21.15.88:3300/0,v1:172.21.15.88:6789/0] -- mon_subscribe({osdmap=0}) v3 -- 0x7ff26410bc60 con 0x7ff26407bdb0
2023-06-09T11:03:28.636 INFO:teuthology.orchestra.run.smithi088.stdout:/usr/bin/ceph: stderr
2023-06-09T11:03:25.095+0000 7ff24bfff700 1 -- 172.21.15.88:0/336899984 <== mon.0 v2:172.21.15.88:3300/0 4 ==== mgrmap(e 8) v1 ==== 45483+0+0 (secure 0 0 0) 0x7ff25401abb0 con 0x7ff26407bdb0
2023-06-09T11:03:28.636 INFO:teuthology.orchestra.run.smithi088.stdout:/usr/bin/ceph: stderr
2023-06-09T11:03:25.095+0000 7ff269429700 1 -- 172.21.15.88:0/336899984 --> [v2:172.21.15.88:3300/0,v1:172.21.15.88:6789/0] -- mon_command({"prefix": "get_command_descriptions"} v 0) v1 -- 0x7ff26410bf80 con 0x7ff26407bdb0
2023-06-09T11:03:28.637 INFO:teuthology.orchestra.run.smithi088.stdout:/usr/bin/ceph: stderr
2023-06-09T11:03:25.095+0000 7ff24bfff700 1 --2- 172.21.15.88:0/336899984 >> [v2:172.21.15.88:6800/2918562911,v1:172.21.15.88:6801/2918562911] conn(0x7ff24c038760 0x7ff24c03ac10 unknown :-1 s=NONE pgs=0 cs=0 l=1 rev1=0 crypto rx=0 tx=0 comp rx=0 tx=0).connect
2023-06-09T11:03:28.637 INFO:teuthology.orchestra.run.smithi088.stdout:/usr/bin/ceph: stderr
2023-06-09T11:03:25.095+0000 7ff24bfff700 1 -- 172.21.15.88:0/336899984 <== mon.0 v2:172.21.15.88:3300/0 5 ==== osd_map(2..2 src has 1..2) v4 ==== 940+0+0 (secure 0 0 0) 0x7ff25404c850 con 0x7ff26407bdb0
2023-06-09T11:03:28.637 INFO:teuthology.orchestra.run.smithi088.stdout:/usr/bin/ceph: stderr
2023-06-09T11:03:25.095+0000 7ff2627fc700 1 --2- 172.21.15.88:0/336899984 >> [v2:172.21.15.88:6800/2918562911,v1:172.21.15.88:6801/2918562911] conn(0x7ff24c038760 0x7ff24c03ac10 unknown :-1 s=BANNER_CONNECTING pgs=0 cs=0 l=1 rev1=0 crypto rx=0 tx=0 comp rx=0 tx=0)._handle_peer_banner_payload supported=3 required=0
2023-06-09T11:03:28.637 INFO:teuthology.orchestra.run.smithi088.stdout:/usr/bin/ceph: stderr
2023-06-09T11:03:25.096+0000 7ff2627fc700 1 --2- 172.21.15.88:0/336899984 >> [v2:172.21.15.88:6800/2918562911,v1:172.21.15.88:6801/2918562911] conn(0x7ff24c038760 0x7ff24c03ac10 secure :-1 s=READY pgs=11 cs=0 l=1 rev1=1 crypto rx=0x7ff258006fd0 tx=0x7ff258006e40 comp rx=0 tx=0).ready entity=mgr.14120 client_cookie=0 server_cookie=0 in_seq=0 out_seq=0
2023-06-09T11:03:28.637 INFO:teuthology.orchestra.run.smithi088.stdout:/usr/bin/ceph: stderr
2023-06-09T11:03:25.100+0000 7ff24bfff700 1 -- 172.21.15.88:0/336899984 <== mon.0 v2:172.21.15.88:3300/0 6 ==== mon_command_ack([{"prefix": "get_command_descriptions"}]=0 v0) v1 ==== 72+0+177948 (secure 0 0 0) 0x7ff254018530 con 0x7ff26407bdb0
2023-06-09T11:03:28.637 INFO:teuthology.orchestra.run.smithi088.stdout:/usr/bin/ceph: stderr
2023-06-09T11:03:25.300+0000 7ff269429700 1 -- 172.21.15.88:0/336899984 --> [v2:172.21.15.88:6800/2918562911,v1:172.21.15.88:6801/2918562911] -- mgr_command(tid 0: {"prefix": "orch host add", "hostname": "smithi088", "addr": "172.21.15.88", "target": ["mon-mgr", ""]}) v1 -- 0x7ff2641032b0 con 0x7ff24c038760
2023-06-09T11:03:28.637 INFO:teuthology.orchestra.run.smithi088.stdout:/usr/bin/ceph: stderr
2023-06-09T11:03:28.242+0000 7ff24bfff700 1 -- 172.21.15.88:0/336899984 <== mgr.14120 v2:172.21.15.88:6800/2918562911 1 ==== mgr_command_reply(tid 0: 0 ) v1 ==== 8+0+48 (secure 0 0 0) 0x7ff2641032b0 con 0x7ff24c038760
2023-06-09T11:03:28.638 INFO:teuthology.orchestra.run.smithi088.stdout:/usr/bin/ceph: stderr
2023-06-09T11:03:28.245+0000 7ff269429700 1 -- 172.21.15.88:0/336899984 >> [v2:172.21.15.88:6800/2918562911,v1:172.21.15.88:6801/2918562911] conn(0x7ff24c038760 msgr2=0x7ff24c03ac10 secure :-1 s=STATE_CONNECTION_ESTABLISHED l=1).mark_down
2023-06-09T11:03:28.638 INFO:teuthology.orchestra.run.smithi088.stdout:/usr/bin/ceph: stderr
2023-06-09T11:03:28.245+0000 7ff269429700 1 --2- 172.21.15.88:0/336899984 >> [v2:172.21.15.88:6800/2918562911,v1:172.21.15.88:6801/2918562911] conn(0x7ff24c038760 0x7ff24c03ac10 secure :-1 s=READY pgs=11 cs=0 l=1 rev1=1 crypto rx=0x7ff258006fd0 tx=0x7ff258006e40 comp rx=0 tx=0).stop
2023-06-09T11:03:28.638 INFO:teuthology.orchestra.run.smithi088.stdout:/usr/bin/ceph: stderr
2023-06-09T11:03:28.245+0000 7ff269429700 1 -- 172.21.15.88:0/336899984 >> [v2:172.21.15.88:3300/0,v1:172.21.15.88:6789/0] conn(0x7ff26407bdb0 msgr2=0x7ff26419b8d0 secure :-1 s=STATE_CONNECTION_ESTABLISHED l=1).mark_down
2023-06-09T11:03:28.638 INFO:teuthology.orchestra.run.smithi088.stdout:/usr/bin/ceph: stderr
2023-06-09T11:03:28.245+0000 7ff269429700 1 --2- 172.21.15.88:0/336899984 >> [v2:172.21.15.88:3300/0,v1:172.21.15.88:6789/0] conn(0x7ff26407bdb0 0x7ff26419b8d0 secure :-1 s=READY pgs=46 cs=0 l=1 rev1=1 crypto rx=0x7ff254009130 tx=0x7ff254011ad0 comp rx=0 tx=0).stop
2023-06-09T11:03:28.638 INFO:teuthology.orchestra.run.smithi088.stdout:/usr/bin/ceph: stderr
2023-06-09T11:03:28.245+0000 7ff269429700 1 -- 172.21.15.88:0/336899984 shutdown_connections
2023-06-09T11:03:28.638 INFO:teuthology.orchestra.run.smithi088.stdout:/usr/bin/ceph: stderr
2023-06-09T11:03:28.245+0000 7ff269429700 1 --2- 172.21.15.88:0/336899984 >> [v2:172.21.15.88:6800/2918562911,v1:172.21.15.88:6801/2918562911] conn(0x7ff24c038760 0x7ff24c03ac10 unknown :-1 s=CLOSED pgs=11 cs=0 l=1 rev1=1 crypto rx=0 tx=0 comp rx=0 tx=0).stop
2023-06-09T11:03:28.638 INFO:teuthology.orchestra.run.smithi088.stdout:/usr/bin/ceph: stderr
2023-06-09T11:03:28.245+0000 7ff269429700 1 --2- 172.21.15.88:0/336899984 >> [v2:172.21.15.88:3300/0,v1:172.21.15.88:6789/0] conn(0x7ff26407bdb0 0x7ff26419b8d0 unknown :-1 s=CLOSED pgs=46 cs=0 l=1 rev1=1 crypto rx=0 tx=0 comp rx=0 tx=0).stop
2023-06-09T11:03:28.639 INFO:teuthology.orchestra.run.smithi088.stdout:/usr/bin/ceph: stderr
2023-06-09T11:03:28.245+0000 7ff269429700 1 -- 172.21.15.88:0/336899984 >> 172.21.15.88:0/336899984 conn(0x7ff264100f70 msgr2=0x7ff264102690 unknown :-1 s=STATE_NONE l=0).mark_down
2023-06-09T11:03:28.639 INFO:teuthology.orchestra.run.smithi088.stdout:/usr/bin/ceph: stderr
2023-06-09T11:03:28.245+0000 7ff269429700 1 -- 172.21.15.88:0/336899984 shutdown_connections
2023-06-09T11:03:28.639 INFO:teuthology.orchestra.run.smithi088.stdout:/usr/bin/ceph: stderr
2023-06-09T11:03:28.245+0000 7ff269429700 1 -- 172.21.15.88:0/336899984 wait complete.
2023-06-09T11:03:28.639 INFO:teuthology.orchestra.run.smithi088.stdout:Deploying unmanaged mon service...
2023-06-09T11:03:29.507 INFO:journalctl@ceph.mon.a.smithi088.stdout:Jun 09 11:03:29 smithi088 ceph-mon[94649]: from='mgr.14120 172.21.15.88:0/339706135' entity='mgr.x'
2023-06-09T11:03:29.507 INFO:journalctl@ceph.mon.a.smithi088.stdout:Jun 09 11:03:29 smithi088 ceph-mon[94649]: Added host smithi088
2023-06-09T11:03:29.507 INFO:journalctl@ceph.mon.a.smithi088.stdout:Jun 09 11:03:29 smithi088 ceph-mon[94649]: from='mgr.14120 172.21.15.88:0/339706135' entity='mgr.x' cmd=[{"prefix": "config dump", "format": "json"}]: dispatch
2023-06-09T11:03:29.910 INFO:teuthology.orchestra.run.smithi088.stdout:/usr/bin/ceph: stdout Scheduled mon update...
2023-06-09T11:03:29.911 INFO:teuthology.orchestra.run.smithi088.stdout:/usr/bin/ceph: stderr
2023-06-09T11:03:29.178+0000 7effab0c5700 1 Processor -- start
2023-06-09T11:03:29.911 INFO:teuthology.orchestra.run.smithi088.stdout:/usr/bin/ceph: stderr
2023-06-09T11:03:29.178+0000 7effab0c5700 1 -- start start
2023-06-09T11:03:29.911 INFO:teuthology.orchestra.run.smithi088.stdout:/usr/bin/ceph: stderr
2023-06-09T11:03:29.178+0000 7effab0c5700 1 --2- >> [v2:172.21.15.88:3300/0,v1:172.21.15.88:6789/0] conn(0x7effa407bdf0 0x7effa407a2f0 unknown :-1 s=NONE pgs=0 cs=0 l=0 rev1=0 crypto rx=0 tx=0 comp rx=0 tx=0).connect
2023-06-09T11:03:29.911 INFO:teuthology.orchestra.run.smithi088.stdout:/usr/bin/ceph: stderr
2023-06-09T11:03:29.178+0000 7effab0c5700 1 -- --> [v2:172.21.15.88:3300/0,v1:172.21.15.88:6789/0] -- mon_getmap magic: 0 v1 -- 0x7effa407a830 con 0x7effa407bdf0
2023-06-09T11:03:29.911 INFO:teuthology.orchestra.run.smithi088.stdout:/usr/bin/ceph: stderr
2023-06-09T11:03:29.178+0000 7effa8e61700 1 --2- >> [v2:172.21.15.88:3300/0,v1:172.21.15.88:6789/0] conn(0x7effa407bdf0 0x7effa407a2f0 unknown :-1 s=BANNER_CONNECTING pgs=0 cs=0 l=0 rev1=0 crypto rx=0 tx=0 comp rx=0 tx=0)._handle_peer_banner_payload supported=3 required=0
2023-06-09T11:03:29.911 INFO:teuthology.orchestra.run.smithi088.stdout:/usr/bin/ceph: stderr
2023-06-09T11:03:29.178+0000 7effa8e61700 1 --2- >> [v2:172.21.15.88:3300/0,v1:172.21.15.88:6789/0] conn(0x7effa407bdf0 0x7effa407a2f0 unknown :-1 s=HELLO_CONNECTING pgs=0 cs=0 l=0 rev1=1 crypto rx=0 tx=0 comp rx=0 tx=0).handle_hello peer v2:172.21.15.88:3300/0 says I am v2:172.21.15.88:34426/0 (socket says 172.21.15.88:34426)
2023-06-09T11:03:29.912 INFO:teuthology.orchestra.run.smithi088.stdout:/usr/bin/ceph: stderr
2023-06-09T11:03:29.178+0000 7effa8e61700 1 -- 172.21.15.88:0/2911875966 learned_addr learned my addr 172.21.15.88:0/2911875966 (peer_addr_for_me v2:172.21.15.88:0/0)
2023-06-09T11:03:29.912 INFO:teuthology.orchestra.run.smithi088.stdout:/usr/bin/ceph: stderr
2023-06-09T11:03:29.179+0000 7effa8e61700 1 -- 172.21.15.88:0/2911875966 --> [v2:172.21.15.88:3300/0,v1:172.21.15.88:6789/0] -- mon_subscribe({config=0+,monmap=0+}) v3 -- 0x7effa407a970 con 0x7effa407bdf0
2023-06-09T11:03:29.912 INFO:teuthology.orchestra.run.smithi088.stdout:/usr/bin/ceph: stderr
2023-06-09T11:03:29.179+0000 7effa8e61700 1 --2- 172.21.15.88:0/2911875966 >> [v2:172.21.15.88:3300/0,v1:172.21.15.88:6789/0] conn(0x7effa407bdf0 0x7effa407a2f0 secure :-1 s=READY pgs=47 cs=0 l=1 rev1=1 crypto rx=0x7eff980098a0 tx=0x7eff98009bb0 comp rx=0 tx=0).ready entity=mon.0 client_cookie=ced06ac76ee658cc server_cookie=0 in_seq=0 out_seq=0
2023-06-09T11:03:29.912 INFO:teuthology.orchestra.run.smithi088.stdout:/usr/bin/ceph: stderr
2023-06-09T11:03:29.179+0000 7effa37fe700 1 -- 172.21.15.88:0/2911875966 <== mon.0 v2:172.21.15.88:3300/0 1 ==== mon_map magic: 0 v1 ==== 205+0+0 (secure 0 0 0) 0x7eff98004160 con 0x7effa407bdf0
2023-06-09T11:03:29.912 INFO:teuthology.orchestra.run.smithi088.stdout:/usr/bin/ceph: stderr
2023-06-09T11:03:29.179+0000 7effa37fe700 1 -- 172.21.15.88:0/2911875966 <== mon.0 v2:172.21.15.88:3300/0 2 ==== config(26 keys) v1 ==== 1074+0+0 (secure 0 0 0) 0x7eff980042c0 con 0x7effa407bdf0
2023-06-09T11:03:29.912 INFO:teuthology.orchestra.run.smithi088.stdout:/usr/bin/ceph: stderr
2023-06-09T11:03:29.179+0000 7effa37fe700 1 -- 172.21.15.88:0/2911875966 <== mon.0 v2:172.21.15.88:3300/0 3 ==== mon_map magic: 0 v1 ==== 205+0+0 (secure 0 0 0) 0x7eff98011a00 con 0x7effa407bdf0
2023-06-09T11:03:29.912 INFO:teuthology.orchestra.run.smithi088.stdout:/usr/bin/ceph: stderr
2023-06-09T11:03:29.180+0000 7effab0c5700 1 -- 172.21.15.88:0/2911875966 >> [v2:172.21.15.88:3300/0,v1:172.21.15.88:6789/0] conn(0x7effa407bdf0 msgr2=0x7effa407a2f0 secure :-1 s=STATE_CONNECTION_ESTABLISHED l=1).mark_down
2023-06-09T11:03:29.913 INFO:teuthology.orchestra.run.smithi088.stdout:/usr/bin/ceph: stderr
2023-06-09T11:03:29.180+0000 7effab0c5700 1 --2- 172.21.15.88:0/2911875966 >> [v2:172.21.15.88:3300/0,v1:172.21.15.88:6789/0] conn(0x7effa407bdf0 0x7effa407a2f0 secure :-1 s=READY pgs=47 cs=0 l=1 rev1=1 crypto rx=0x7eff980098a0 tx=0x7eff98009bb0 comp rx=0 tx=0).stop
2023-06-09T11:03:29.913 INFO:teuthology.orchestra.run.smithi088.stdout:/usr/bin/ceph: stderr
2023-06-09T11:03:29.180+0000 7effab0c5700 1 -- 172.21.15.88:0/2911875966 shutdown_connections
2023-06-09T11:03:29.913 INFO:teuthology.orchestra.run.smithi088.stdout:/usr/bin/ceph: stderr
2023-06-09T11:03:29.180+0000 7effab0c5700 1 --2- 172.21.15.88:0/2911875966 >> [v2:172.21.15.88:3300/0,v1:172.21.15.88:6789/0] conn(0x7effa407bdf0 0x7effa407a2f0 unknown :-1 s=CLOSED pgs=47 cs=0 l=1 rev1=1 crypto rx=0 tx=0 comp rx=0 tx=0).stop
2023-06-09T11:03:29.913 INFO:teuthology.orchestra.run.smithi088.stdout:/usr/bin/ceph: stderr
2023-06-09T11:03:29.180+0000 7effab0c5700 1 -- 172.21.15.88:0/2911875966 >> 172.21.15.88:0/2911875966 conn(0x7effa4100ff0 msgr2=0x7effa4103400 unknown :-1 s=STATE_NONE l=0).mark_down
2023-06-09T11:03:29.913 INFO:teuthology.orchestra.run.smithi088.stdout:/usr/bin/ceph: stderr
2023-06-09T11:03:29.180+0000 7effab0c5700 1 -- 172.21.15.88:0/2911875966 shutdown_connections
2023-06-09T11:03:29.913 INFO:teuthology.orchestra.run.smithi088.stdout:/usr/bin/ceph: stderr
2023-06-09T11:03:29.180+0000 7effab0c5700 1 -- 172.21.15.88:0/2911875966 wait complete.
2023-06-09T11:03:29.913 INFO:teuthology.orchestra.run.smithi088.stdout:/usr/bin/ceph: stderr
2023-06-09T11:03:29.181+0000 7effab0c5700 1 Processor -- start
2023-06-09T11:03:29.914 INFO:teuthology.orchestra.run.smithi088.stdout:/usr/bin/ceph: stderr
2023-06-09T11:03:29.181+0000 7effab0c5700 1 -- start start
2023-06-09T11:03:29.914 INFO:teuthology.orchestra.run.smithi088.stdout:/usr/bin/ceph: stderr
2023-06-09T11:03:29.181+0000 7effab0c5700 1 --2- >> [v2:172.21.15.88:3300/0,v1:172.21.15.88:6789/0] conn(0x7effa407bdf0 0x7effa419b960 unknown :-1 s=NONE pgs=0 cs=0 l=1 rev1=0 crypto rx=0 tx=0 comp rx=0 tx=0).connect
2023-06-09T11:03:29.914 INFO:teuthology.orchestra.run.smithi088.stdout:/usr/bin/ceph: stderr
2023-06-09T11:03:29.181+0000 7effab0c5700 1 -- --> [v2:172.21.15.88:3300/0,v1:172.21.15.88:6789/0] -- mon_getmap magic: 0 v1 -- 0x7effa419bea0 con 0x7effa407bdf0
2023-06-09T11:03:29.914 INFO:teuthology.orchestra.run.smithi088.stdout:/usr/bin/ceph: stderr
2023-06-09T11:03:29.182+0000 7effa8e61700 1 --2- >> [v2:172.21.15.88:3300/0,v1:172.21.15.88:6789/0] conn(0x7effa407bdf0 0x7effa419b960 unknown :-1 s=BANNER_CONNECTING pgs=0 cs=0 l=1 rev1=0 crypto rx=0 tx=0 comp rx=0 tx=0)._handle_peer_banner_payload supported=3 required=0
2023-06-09T11:03:29.914 INFO:teuthology.orchestra.run.smithi088.stdout:/usr/bin/ceph: stderr
2023-06-09T11:03:29.182+0000 7effa8e61700 1 --2- >> [v2:172.21.15.88:3300/0,v1:172.21.15.88:6789/0] conn(0x7effa407bdf0 0x7effa419b960 unknown :-1 s=HELLO_CONNECTING pgs=0 cs=0 l=1 rev1=1 crypto rx=0 tx=0 comp rx=0 tx=0).handle_hello peer v2:172.21.15.88:3300/0 says I am v2:172.21.15.88:34436/0 (socket says 172.21.15.88:34436)
2023-06-09T11:03:29.914 INFO:teuthology.orchestra.run.smithi088.stdout:/usr/bin/ceph: stderr
2023-06-09T11:03:29.182+0000 7effa8e61700 1 -- 172.21.15.88:0/3368190226 learned_addr learned my addr 172.21.15.88:0/3368190226 (peer_addr_for_me v2:172.21.15.88:0/0)
2023-06-09T11:03:29.915 INFO:teuthology.orchestra.run.smithi088.stdout:/usr/bin/ceph: stderr
2023-06-09T11:03:29.182+0000 7effa8e61700 1 -- 172.21.15.88:0/3368190226 --> [v2:172.21.15.88:3300/0,v1:172.21.15.88:6789/0] -- mon_subscribe({config=0+,monmap=0+}) v3 -- 0x7eff98009550 con 0x7effa407bdf0
2023-06-09T11:03:29.917 INFO:teuthology.orchestra.run.smithi088.stdout:/usr/bin/ceph: stderr
2023-06-09T11:03:29.182+0000 7effa8e61700 1 --2- 172.21.15.88:0/3368190226 >> [v2:172.21.15.88:3300/0,v1:172.21.15.88:6789/0] conn(0x7effa407bdf0 0x7effa419b960 secure :-1 s=READY pgs=48 cs=0 l=1 rev1=1 crypto rx=0x7eff98009fb0 tx=0x7eff98011ad0 comp rx=0 tx=0).ready entity=mon.0 client_cookie=0 server_cookie=0 in_seq=0 out_seq=0
2023-06-09T11:03:29.918 INFO:teuthology.orchestra.run.smithi088.stdout:/usr/bin/ceph: stderr
2023-06-09T11:03:29.182+0000 7effa1ffb700 1 -- 172.21.15.88:0/3368190226 <== mon.0 v2:172.21.15.88:3300/0 1 ==== mon_map magic: 0 v1 ==== 205+0+0 (secure 0 0 0) 0x7eff98003930 con 0x7effa407bdf0
2023-06-09T11:03:29.918 INFO:teuthology.orchestra.run.smithi088.stdout:/usr/bin/ceph: stderr
2023-06-09T11:03:29.183+0000 7effa1ffb700 1 -- 172.21.15.88:0/3368190226 <== mon.0 v2:172.21.15.88:3300/0 2 ==== config(26 keys) v1 ==== 1074+0+0 (secure 0 0 0) 0x7eff98003a90 con 0x7effa407bdf0
2023-06-09T11:03:29.918 INFO:teuthology.orchestra.run.smithi088.stdout:/usr/bin/ceph: stderr
2023-06-09T11:03:29.183+0000 7effab0c5700 1 -- 172.21.15.88:0/3368190226 --> [v2:172.21.15.88:3300/0,v1:172.21.15.88:6789/0] -- mon_subscribe({mgrmap=0+}) v3 -- 0x7effa410be10 con 0x7effa407bdf0
2023-06-09T11:03:29.919 INFO:teuthology.orchestra.run.smithi088.stdout:/usr/bin/ceph: stderr
2023-06-09T11:03:29.183+0000 7effa1ffb700 1 -- 172.21.15.88:0/3368190226 <== mon.0 v2:172.21.15.88:3300/0 3 ==== mon_map magic: 0 v1 ==== 205+0+0 (secure 0 0 0) 0x7eff980195e0 con 0x7effa407bdf0
2023-06-09T11:03:29.919 INFO:teuthology.orchestra.run.smithi088.stdout:/usr/bin/ceph: stderr
2023-06-09T11:03:29.183+0000 7effab0c5700 1 -- 172.21.15.88:0/3368190226 --> [v2:172.21.15.88:3300/0,v1:172.21.15.88:6789/0] -- mon_subscribe({osdmap=0}) v3 -- 0x7effa410bc80 con 0x7effa407bdf0
2023-06-09T11:03:29.919 INFO:teuthology.orchestra.run.smithi088.stdout:/usr/bin/ceph: stderr
2023-06-09T11:03:29.184+0000 7effa1ffb700 1 -- 172.21.15.88:0/3368190226 <== mon.0 v2:172.21.15.88:3300/0 4 ==== mgrmap(e 8) v1 ==== 45483+0+0 (secure 0 0 0) 0x7eff9801a430 con 0x7effa407bdf0
2023-06-09T11:03:29.919 INFO:teuthology.orchestra.run.smithi088.stdout:/usr/bin/ceph: stderr
2023-06-09T11:03:29.184+0000 7effab0c5700 1 -- 172.21.15.88:0/3368190226 --> [v2:172.21.15.88:3300/0,v1:172.21.15.88:6789/0] -- mon_command({"prefix": "get_command_descriptions"} v 0) v1 -- 0x7effa410bfa0 con 0x7effa407bdf0
2023-06-09T11:03:29.920 INFO:teuthology.orchestra.run.smithi088.stdout:/usr/bin/ceph: stderr
2023-06-09T11:03:29.184+0000 7effa1ffb700 1 --2- 172.21.15.88:0/3368190226 >> [v2:172.21.15.88:6800/2918562911,v1:172.21.15.88:6801/2918562911] conn(0x7eff94038710 0x7eff9403abc0 unknown :-1 s=NONE pgs=0 cs=0 l=1 rev1=0 crypto rx=0 tx=0 comp rx=0 tx=0).connect
2023-06-09T11:03:29.920 INFO:teuthology.orchestra.run.smithi088.stdout:/usr/bin/ceph: stderr
2023-06-09T11:03:29.184+0000 7effa1ffb700 1 -- 172.21.15.88:0/3368190226 <== mon.0 v2:172.21.15.88:3300/0 5 ==== osd_map(2..2 src has 1..2) v4 ==== 940+0+0 (secure 0 0 0) 0x7eff9804c820 con 0x7effa407bdf0
2023-06-09T11:03:29.920 INFO:teuthology.orchestra.run.smithi088.stdout:/usr/bin/ceph: stderr
2023-06-09T11:03:29.184+0000 7effa3fff700 1 --2- 172.21.15.88:0/3368190226 >> [v2:172.21.15.88:6800/2918562911,v1:172.21.15.88:6801/2918562911] conn(0x7eff94038710 0x7eff9403abc0 unknown :-1 s=BANNER_CONNECTING pgs=0 cs=0 l=1 rev1=0 crypto rx=0 tx=0 comp rx=0 tx=0)._handle_peer_banner_payload supported=3 required=0
2023-06-09T11:03:29.921 INFO:teuthology.orchestra.run.smithi088.stdout:/usr/bin/ceph: stderr
2023-06-09T11:03:29.185+0000 7effa3fff700 1 --2- 172.21.15.88:0/3368190226 >> [v2:172.21.15.88:6800/2918562911,v1:172.21.15.88:6801/2918562911] conn(0x7eff94038710 0x7eff9403abc0 secure :-1 s=READY pgs=12 cs=0 l=1 rev1=1 crypto rx=0x7eff90006fd0 tx=0x7eff90006e40 comp rx=0 tx=0).ready entity=mgr.14120 client_cookie=0 server_cookie=0 in_seq=0 out_seq=0
2023-06-09T11:03:29.921 INFO:teuthology.orchestra.run.smithi088.stdout:/usr/bin/ceph: stderr
2023-06-09T11:03:29.189+0000 7effa1ffb700 1 -- 172.21.15.88:0/3368190226 <== mon.0 v2:172.21.15.88:3300/0 6 ==== mon_command_ack([{"prefix": "get_command_descriptions"}]=0 v0) v1 ==== 72+0+177948 (secure 0 0 0) 0x7eff98023800 con 0x7effa407bdf0
2023-06-09T11:03:29.921 INFO:teuthology.orchestra.run.smithi088.stdout:/usr/bin/ceph: stderr
2023-06-09T11:03:29.402+0000 7effab0c5700 1 -- 172.21.15.88:0/3368190226 --> [v2:172.21.15.88:6800/2918562911,v1:172.21.15.88:6801/2918562911] -- mgr_command(tid 0: {"prefix": "orch apply", "service_type": "mon", "unmanaged": true, "target": ["mon-mgr", ""]}) v1 -- 0x7effa419c650 con 0x7eff94038710
2023-06-09T11:03:29.921 INFO:teuthology.orchestra.run.smithi088.stdout:/usr/bin/ceph: stderr
2023-06-09T11:03:29.408+0000 7effa1ffb700 1 -- 172.21.15.88:0/3368190226 <== mgr.14120 v2:172.21.15.88:6800/2918562911 1 ==== mgr_command_reply(tid 0: 0 ) v1 ==== 8+0+24 (secure 0 0 0) 0x7effa419c650 con 0x7eff94038710
2023-06-09T11:03:29.922 INFO:teuthology.orchestra.run.smithi088.stdout:/usr/bin/ceph: stderr
2023-06-09T11:03:29.410+0000 7effab0c5700 1 -- 172.21.15.88:0/3368190226 >> [v2:172.21.15.88:6800/2918562911,v1:172.21.15.88:6801/2918562911] conn(0x7eff94038710 msgr2=0x7eff9403abc0 secure :-1 s=STATE_CONNECTION_ESTABLISHED l=1).mark_down
2023-06-09T11:03:29.922 INFO:teuthology.orchestra.run.smithi088.stdout:/usr/bin/ceph: stderr
2023-06-09T11:03:29.410+0000 7effab0c5700 1 --2- 172.21.15.88:0/3368190226 >> [v2:172.21.15.88:6800/2918562911,v1:172.21.15.88:6801/2918562911] conn(0x7eff94038710 0x7eff9403abc0 secure :-1 s=READY pgs=12 cs=0 l=1 rev1=1 crypto rx=0x7eff90006fd0 tx=0x7eff90006e40 comp rx=0 tx=0).stop
2023-06-09T11:03:29.922 INFO:teuthology.orchestra.run.smithi088.stdout:/usr/bin/ceph: stderr
2023-06-09T11:03:29.411+0000 7effab0c5700 1 -- 172.21.15.88:0/3368190226 >> [v2:172.21.15.88:3300/0,v1:172.21.15.88:6789/0] conn(0x7effa407bdf0 msgr2=0x7effa419b960 secure :-1 s=STATE_CONNECTION_ESTABLISHED l=1).mark_down
2023-06-09T11:03:29.922 INFO:teuthology.orchestra.run.smithi088.stdout:/usr/bin/ceph: stderr
2023-06-09T11:03:29.411+0000 7effab0c5700 1 --2- 172.21.15.88:0/3368190226 >> [v2:172.21.15.88:3300/0,v1:172.21.15.88:6789/0] conn(0x7effa407bdf0 0x7effa419b960 secure :-1 s=READY pgs=48 cs=0 l=1 rev1=1 crypto rx=0x7eff98009fb0 tx=0x7eff98011ad0 comp rx=0 tx=0).stop
2023-06-09T11:03:29.923 INFO:teuthology.orchestra.run.smithi088.stdout:/usr/bin/ceph: stderr
2023-06-09T11:03:29.412+0000 7effab0c5700 1 -- 172.21.15.88:0/3368190226 shutdown_connections
2023-06-09T11:03:29.923 INFO:teuthology.orchestra.run.smithi088.stdout:/usr/bin/ceph: stderr
2023-06-09T11:03:29.412+0000 7effab0c5700 1 --2- 172.21.15.88:0/3368190226 >> [v2:172.21.15.88:6800/2918562911,v1:172.21.15.88:6801/2918562911] conn(0x7eff94038710 0x7eff9403abc0 unknown :-1 s=CLOSED pgs=12 cs=0 l=1 rev1=1 crypto rx=0 tx=0 comp rx=0 tx=0).stop
2023-06-09T11:03:29.924 INFO:teuthology.orchestra.run.smithi088.stdout:/usr/bin/ceph: stderr
2023-06-09T11:03:29.412+0000 7effab0c5700 1 --2- 172.21.15.88:0/3368190226 >> [v2:172.21.15.88:3300/0,v1:172.21.15.88:6789/0] conn(0x7effa407bdf0 0x7effa419b960 unknown :-1 s=CLOSED pgs=48 cs=0 l=1 rev1=1 crypto rx=0 tx=0 comp rx=0 tx=0).stop
2023-06-09T11:03:29.924 INFO:teuthology.orchestra.run.smithi088.stdout:/usr/bin/ceph: stderr
2023-06-09T11:03:29.412+0000 7effab0c5700 1 -- 172.21.15.88:0/3368190226 >> 172.21.15.88:0/3368190226 conn(0x7effa4100ff0 msgr2=0x7effa41026a0 unknown :-1 s=STATE_NONE l=0).mark_down
2023-06-09T11:03:29.924 INFO:teuthology.orchestra.run.smithi088.stdout:/usr/bin/ceph: stderr
2023-06-09T11:03:29.412+0000 7effab0c5700 1 -- 172.21.15.88:0/3368190226 shutdown_connections
2023-06-09T11:03:29.925 INFO:teuthology.orchestra.run.smithi088.stdout:/usr/bin/ceph: stderr
2023-06-09T11:03:29.412+0000 7effab0c5700 1 -- 172.21.15.88:0/3368190226 wait complete.
2023-06-09T11:03:29.925 INFO:teuthology.orchestra.run.smithi088.stdout:Deploying unmanaged mgr service...
2023-06-09T11:03:30.569 INFO:journalctl@ceph.mon.a.smithi088.stdout:Jun 09 11:03:30 smithi088 ceph-mon[94649]: from='client.14142 -' entity='client.admin' cmd=[{"prefix": "orch apply", "service_type": "mon", "unmanaged": true, "target": ["mon-mgr", ""]}]: dispatch
2023-06-09T11:03:30.569 INFO:journalctl@ceph.mon.a.smithi088.stdout:Jun 09 11:03:30 smithi088 ceph-mon[94649]: Saving service mon spec with placement count:5
2023-06-09T11:03:30.569 INFO:journalctl@ceph.mon.a.smithi088.stdout:Jun 09 11:03:30 smithi088 ceph-mon[94649]: from='mgr.14120 172.21.15.88:0/339706135' entity='mgr.x'
2023-06-09T11:03:31.498 INFO:teuthology.orchestra.run.smithi088.stdout:/usr/bin/ceph: stdout Scheduled mgr update...
2023-06-09T11:03:31.498 INFO:teuthology.orchestra.run.smithi088.stdout:/usr/bin/ceph: stderr
2023-06-09T11:03:30.754+0000 7f1bbab57700 1 Processor -- start
2023-06-09T11:03:31.498 INFO:teuthology.orchestra.run.smithi088.stdout:/usr/bin/ceph: stderr
2023-06-09T11:03:30.754+0000 7f1bbab57700 1 -- start start
2023-06-09T11:03:31.499 INFO:teuthology.orchestra.run.smithi088.stdout:/usr/bin/ceph: stderr
2023-06-09T11:03:30.755+0000 7f1bbab57700 1 --2- >> [v2:172.21.15.88:3300/0,v1:172.21.15.88:6789/0] conn(0x7f1bb407bdb0 0x7f1bb407a2b0 unknown :-1 s=NONE pgs=0 cs=0 l=0 rev1=0 crypto rx=0 tx=0 comp rx=0 tx=0).connect
2023-06-09T11:03:31.499 INFO:teuthology.orchestra.run.smithi088.stdout:/usr/bin/ceph: stderr
2023-06-09T11:03:30.755+0000 7f1bbab57700 1 -- --> [v2:172.21.15.88:3300/0,v1:172.21.15.88:6789/0] -- mon_getmap magic: 0 v1 -- 0x7f1bb407a7f0 con 0x7f1bb407bdb0
2023-06-09T11:03:31.499 INFO:teuthology.orchestra.run.smithi088.stdout:/usr/bin/ceph: stderr
2023-06-09T11:03:30.755+0000 7f1bb88f3700 1 --2- >> [v2:172.21.15.88:3300/0,v1:172.21.15.88:6789/0] conn(0x7f1bb407bdb0 0x7f1bb407a2b0 unknown :-1 s=BANNER_CONNECTING pgs=0 cs=0 l=0 rev1=0 crypto rx=0 tx=0 comp rx=0 tx=0)._handle_peer_banner_payload supported=3 required=0
2023-06-09T11:03:31.499 INFO:teuthology.orchestra.run.smithi088.stdout:/usr/bin/ceph: stderr
2023-06-09T11:03:30.755+0000 7f1bb88f3700 1 --2- >> [v2:172.21.15.88:3300/0,v1:172.21.15.88:6789/0] conn(0x7f1bb407bdb0 0x7f1bb407a2b0 unknown :-1 s=HELLO_CONNECTING pgs=0 cs=0 l=0 rev1=1 crypto rx=0 tx=0 comp rx=0 tx=0).handle_hello peer v2:172.21.15.88:3300/0 says I am v2:172.21.15.88:34446/0 (socket says 172.21.15.88:34446)
2023-06-09T11:03:31.499 INFO:teuthology.orchestra.run.smithi088.stdout:/usr/bin/ceph: stderr
2023-06-09T11:03:30.755+0000 7f1bb88f3700 1 -- 172.21.15.88:0/3313365352 learned_addr learned my addr 172.21.15.88:0/3313365352 (peer_addr_for_me v2:172.21.15.88:0/0)
2023-06-09T11:03:31.499 INFO:teuthology.orchestra.run.smithi088.stdout:/usr/bin/ceph: stderr
2023-06-09T11:03:30.755+0000 7f1bb88f3700 1 -- 172.21.15.88:0/3313365352 --> [v2:172.21.15.88:3300/0,v1:172.21.15.88:6789/0] -- mon_subscribe({config=0+,monmap=0+}) v3 -- 0x7f1bb407a930 con 0x7f1bb407bdb0
2023-06-09T11:03:31.499 INFO:teuthology.orchestra.run.smithi088.stdout:/usr/bin/ceph: stderr
2023-06-09T11:03:30.756+0000 7f1bb88f3700 1 --2- 172.21.15.88:0/3313365352 >> [v2:172.21.15.88:3300/0,v1:172.21.15.88:6789/0] conn(0x7f1bb407bdb0 0x7f1bb407a2b0 secure :-1 s=READY pgs=49 cs=0 l=1 rev1=1 crypto rx=0x7f1ba80098a0 tx=0x7f1ba8009bb0 comp rx=0 tx=0).ready entity=mon.0 client_cookie=82f305c3b63506e0 server_cookie=0 in_seq=0 out_seq=0
2023-06-09T11:03:31.500 INFO:teuthology.orchestra.run.smithi088.stdout:/usr/bin/ceph: stderr
2023-06-09T11:03:30.756+0000 7f1bb37fe700 1 -- 172.21.15.88:0/3313365352 <== mon.0 v2:172.21.15.88:3300/0 1 ==== mon_map magic: 0 v1 ==== 205+0+0 (secure 0 0 0) 0x7f1ba8004160 con 0x7f1bb407bdb0
2023-06-09T11:03:31.500 INFO:teuthology.orchestra.run.smithi088.stdout:/usr/bin/ceph: stderr
2023-06-09T11:03:30.756+0000 7f1bb37fe700 1 -- 172.21.15.88:0/3313365352 <== mon.0 v2:172.21.15.88:3300/0 2 ==== config(26 keys) v1 ==== 1074+0+0 (secure 0 0 0) 0x7f1ba80042c0 con 0x7f1bb407bdb0
2023-06-09T11:03:31.500 INFO:teuthology.orchestra.run.smithi088.stdout:/usr/bin/ceph: stderr
2023-06-09T11:03:30.756+0000 7f1bb37fe700 1 -- 172.21.15.88:0/3313365352 <== mon.0 v2:172.21.15.88:3300/0 3 ==== mon_map magic: 0 v1 ==== 205+0+0 (secure 0 0 0) 0x7f1ba8011a00 con 0x7f1bb407bdb0
2023-06-09T11:03:31.500 INFO:teuthology.orchestra.run.smithi088.stdout:/usr/bin/ceph: stderr
2023-06-09T11:03:30.757+0000 7f1bbab57700 1 -- 172.21.15.88:0/3313365352 >> [v2:172.21.15.88:3300/0,v1:172.21.15.88:6789/0] conn(0x7f1bb407bdb0 msgr2=0x7f1bb407a2b0 secure :-1 s=STATE_CONNECTION_ESTABLISHED l=1).mark_down
2023-06-09T11:03:31.500 INFO:teuthology.orchestra.run.smithi088.stdout:/usr/bin/ceph: stderr
2023-06-09T11:03:30.757+0000 7f1bbab57700 1 --2- 172.21.15.88:0/3313365352 >> [v2:172.21.15.88:3300/0,v1:172.21.15.88:6789/0] conn(0x7f1bb407bdb0 0x7f1bb407a2b0 secure :-1 s=READY pgs=49 cs=0 l=1 rev1=1 crypto rx=0x7f1ba80098a0 tx=0x7f1ba8009bb0 comp rx=0 tx=0).stop
2023-06-09T11:03:31.500 INFO:teuthology.orchestra.run.smithi088.stdout:/usr/bin/ceph: stderr
2023-06-09T11:03:30.757+0000 7f1bbab57700 1 -- 172.21.15.88:0/3313365352 shutdown_connections
2023-06-09T11:03:31.500 INFO:teuthology.orchestra.run.smithi088.stdout:/usr/bin/ceph: stderr
2023-06-09T11:03:30.757+0000 7f1bbab57700 1 --2- 172.21.15.88:0/3313365352 >> [v2:172.21.15.88:3300/0,v1:172.21.15.88:6789/0] conn(0x7f1bb407bdb0 0x7f1bb407a2b0 unknown :-1 s=CLOSED pgs=49 cs=0 l=1 rev1=1 crypto rx=0 tx=0 comp rx=0 tx=0).stop
2023-06-09T11:03:31.501 INFO:teuthology.orchestra.run.smithi088.stdout:/usr/bin/ceph: stderr
2023-06-09T11:03:30.757+0000 7f1bbab57700 1 -- 172.21.15.88:0/3313365352 >> 172.21.15.88:0/3313365352 conn(0x7f1bb4100ff0 msgr2=0x7f1bb4103400 unknown :-1 s=STATE_NONE l=0).mark_down
2023-06-09T11:03:31.501 INFO:teuthology.orchestra.run.smithi088.stdout:/usr/bin/ceph: stderr
2023-06-09T11:03:30.757+0000 7f1bbab57700 1 -- 172.21.15.88:0/3313365352 shutdown_connections
2023-06-09T11:03:31.501 INFO:teuthology.orchestra.run.smithi088.stdout:/usr/bin/ceph: stderr
2023-06-09T11:03:30.757+0000 7f1bbab57700 1 -- 172.21.15.88:0/3313365352 wait complete.
2023-06-09T11:03:31.501 INFO:teuthology.orchestra.run.smithi088.stdout:/usr/bin/ceph: stderr
2023-06-09T11:03:30.758+0000 7f1bbab57700 1 Processor -- start
2023-06-09T11:03:31.501 INFO:teuthology.orchestra.run.smithi088.stdout:/usr/bin/ceph: stderr
2023-06-09T11:03:30.758+0000 7f1bbab57700 1 -- start start
2023-06-09T11:03:31.501 INFO:teuthology.orchestra.run.smithi088.stdout:/usr/bin/ceph: stderr
2023-06-09T11:03:30.758+0000 7f1bbab57700 1 --2- >> [v2:172.21.15.88:3300/0,v1:172.21.15.88:6789/0] conn(0x7f1bb407bdb0 0x7f1bb419b950 unknown :-1 s=NONE pgs=0 cs=0 l=1 rev1=0 crypto rx=0 tx=0 comp rx=0 tx=0).connect
2023-06-09T11:03:31.501 INFO:teuthology.orchestra.run.smithi088.stdout:/usr/bin/ceph: stderr
2023-06-09T11:03:30.758+0000 7f1bbab57700 1 -- --> [v2:172.21.15.88:3300/0,v1:172.21.15.88:6789/0] -- mon_getmap magic: 0 v1 -- 0x7f1bb419be90 con 0x7f1bb407bdb0
2023-06-09T11:03:31.501 INFO:teuthology.orchestra.run.smithi088.stdout:/usr/bin/ceph: stderr
2023-06-09T11:03:30.759+0000 7f1bb88f3700 1 --2- >> [v2:172.21.15.88:3300/0,v1:172.21.15.88:6789/0] conn(0x7f1bb407bdb0 0x7f1bb419b950 unknown :-1 s=BANNER_CONNECTING pgs=0 cs=0 l=1 rev1=0 crypto rx=0 tx=0 comp rx=0 tx=0)._handle_peer_banner_payload supported=3 required=0
2023-06-09T11:03:31.502 INFO:teuthology.orchestra.run.smithi088.stdout:/usr/bin/ceph: stderr
2023-06-09T11:03:30.759+0000 7f1bb88f3700 1 --2- >> [v2:172.21.15.88:3300/0,v1:172.21.15.88:6789/0] conn(0x7f1bb407bdb0 0x7f1bb419b950 unknown :-1 s=HELLO_CONNECTING pgs=0 cs=0 l=1 rev1=1 crypto rx=0 tx=0 comp rx=0 tx=0).handle_hello peer v2:172.21.15.88:3300/0 says I am v2:172.21.15.88:34462/0 (socket says 172.21.15.88:34462)
2023-06-09T11:03:31.502 INFO:teuthology.orchestra.run.smithi088.stdout:/usr/bin/ceph: stderr
2023-06-09T11:03:30.759+0000 7f1bb88f3700 1 -- 172.21.15.88:0/173954162 learned_addr learned my addr 172.21.15.88:0/173954162 (peer_addr_for_me v2:172.21.15.88:0/0)
2023-06-09T11:03:31.502 INFO:teuthology.orchestra.run.smithi088.stdout:/usr/bin/ceph: stderr
2023-06-09T11:03:30.759+0000 7f1bb88f3700 1 -- 172.21.15.88:0/173954162 --> [v2:172.21.15.88:3300/0,v1:172.21.15.88:6789/0] -- mon_subscribe({config=0+,monmap=0+}) v3 -- 0x7f1ba8009550 con 0x7f1bb407bdb0
2023-06-09T11:03:31.502 INFO:teuthology.orchestra.run.smithi088.stdout:/usr/bin/ceph: stderr
2023-06-09T11:03:30.759+0000 7f1bb88f3700 1 --2- 172.21.15.88:0/173954162 >> [v2:172.21.15.88:3300/0,v1:172.21.15.88:6789/0] conn(0x7f1bb407bdb0 0x7f1bb419b950 secure :-1 s=READY pgs=50 cs=0 l=1 rev1=1 crypto rx=0x7f1ba8006af0 tx=0x7f1ba8011ad0 comp rx=0 tx=0).ready entity=mon.0 client_cookie=0 server_cookie=0 in_seq=0 out_seq=0
2023-06-09T11:03:31.502 INFO:teuthology.orchestra.run.smithi088.stdout:/usr/bin/ceph: stderr
2023-06-09T11:03:30.760+0000 7f1bb1ffb700 1 -- 172.21.15.88:0/173954162 <== mon.0 v2:172.21.15.88:3300/0 1 ==== mon_map magic: 0 v1 ==== 205+0+0 (secure 0 0 0) 0x7f1ba8003a40 con 0x7f1bb407bdb0
2023-06-09T11:03:31.502 INFO:teuthology.orchestra.run.smithi088.stdout:/usr/bin/ceph: stderr
2023-06-09T11:03:30.760+0000 7f1bb1ffb700 1 -- 172.21.15.88:0/173954162 <== mon.0 v2:172.21.15.88:3300/0 2 ==== config(26 keys) v1 ==== 1074+0+0 (secure 0 0 0) 0x7f1ba8003ba0 con 0x7f1bb407bdb0
2023-06-09T11:03:31.502 INFO:teuthology.orchestra.run.smithi088.stdout:/usr/bin/ceph: stderr
2023-06-09T11:03:30.760+0000 7f1bb1ffb700 1 -- 172.21.15.88:0/173954162 <== mon.0 v2:172.21.15.88:3300/0 3 ==== mon_map magic: 0 v1 ==== 205+0+0 (secure 0 0 0) 0x7f1ba801a700 con 0x7f1bb407bdb0
2023-06-09T11:03:31.503 INFO:teuthology.orchestra.run.smithi088.stdout:/usr/bin/ceph: stderr
2023-06-09T11:03:30.760+0000 7f1bbab57700 1 -- 172.21.15.88:0/173954162 --> [v2:172.21.15.88:3300/0,v1:172.21.15.88:6789/0] -- mon_subscribe({mgrmap=0+}) v3 -- 0x7f1bb410be50 con 0x7f1bb407bdb0
2023-06-09T11:03:31.503 INFO:teuthology.orchestra.run.smithi088.stdout:/usr/bin/ceph: stderr
2023-06-09T11:03:30.760+0000 7f1bbab57700 1 -- 172.21.15.88:0/173954162 --> [v2:172.21.15.88:3300/0,v1:172.21.15.88:6789/0] -- mon_subscribe({osdmap=0}) v3 -- 0x7f1bb410bcc0 con 0x7f1bb407bdb0
2023-06-09T11:03:31.503 INFO:teuthology.orchestra.run.smithi088.stdout:/usr/bin/ceph: stderr
2023-06-09T11:03:30.761+0000 7f1bb1ffb700 1 -- 172.21.15.88:0/173954162 <== mon.0 v2:172.21.15.88:3300/0 4 ==== mgrmap(e 8) v1 ==== 45483+0+0 (secure 0 0 0) 0x7f1ba801a930 con 0x7f1bb407bdb0
2023-06-09T11:03:31.503 INFO:teuthology.orchestra.run.smithi088.stdout:/usr/bin/ceph: stderr
2023-06-09T11:03:30.761+0000 7f1bbab57700 1 -- 172.21.15.88:0/173954162 --> [v2:172.21.15.88:3300/0,v1:172.21.15.88:6789/0] -- mon_command({"prefix": "get_command_descriptions"} v 0) v1 -- 0x7f1bb410bfe0 con 0x7f1bb407bdb0
2023-06-09T11:03:31.504 INFO:teuthology.orchestra.run.smithi088.stdout:/usr/bin/ceph: stderr
2023-06-09T11:03:30.761+0000 7f1bb1ffb700 1 --2- 172.21.15.88:0/173954162 >> [v2:172.21.15.88:6800/2918562911,v1:172.21.15.88:6801/2918562911] conn(0x7f1ba4038760 0x7f1ba403ac10 unknown :-1 s=NONE pgs=0 cs=0 l=1 rev1=0 crypto rx=0 tx=0 comp rx=0 tx=0).connect
2023-06-09T11:03:31.504 INFO:teuthology.orchestra.run.smithi088.stdout:/usr/bin/ceph: stderr
2023-06-09T11:03:30.761+0000 7f1bb1ffb700 1 -- 172.21.15.88:0/173954162 <== mon.0 v2:172.21.15.88:3300/0 5 ==== osd_map(2..2 src has 1..2) v4 ==== 940+0+0 (secure 0 0 0) 0x7f1ba804c990 con 0x7f1bb407bdb0
2023-06-09T11:03:31.505 INFO:teuthology.orchestra.run.smithi088.stdout:/usr/bin/ceph: stderr
2023-06-09T11:03:30.762+0000 7f1bb3fff700 1 --2- 172.21.15.88:0/173954162 >> [v2:172.21.15.88:6800/2918562911,v1:172.21.15.88:6801/2918562911] conn(0x7f1ba4038760 0x7f1ba403ac10 unknown :-1 s=BANNER_CONNECTING pgs=0 cs=0 l=1 rev1=0 crypto rx=0 tx=0 comp rx=0 tx=0)._handle_peer_banner_payload supported=3 required=0
2023-06-09T11:03:31.505 INFO:teuthology.orchestra.run.smithi088.stdout:/usr/bin/ceph: stderr
2023-06-09T11:03:30.762+0000 7f1bb3fff700 1 --2- 172.21.15.88:0/173954162 >> [v2:172.21.15.88:6800/2918562911,v1:172.21.15.88:6801/2918562911] conn(0x7f1ba4038760 0x7f1ba403ac10 secure :-1 s=READY pgs=13 cs=0 l=1 rev1=1 crypto rx=0x7f1ba0006fd0 tx=0x7f1ba0006e40 comp rx=0 tx=0).ready entity=mgr.14120 client_cookie=0 server_cookie=0 in_seq=0 out_seq=0
2023-06-09T11:03:31.505 INFO:teuthology.orchestra.run.smithi088.stdout:/usr/bin/ceph: stderr
2023-06-09T11:03:30.766+0000 7f1bb1ffb700 1 -- 172.21.15.88:0/173954162 <== mon.0 v2:172.21.15.88:3300/0 6 ==== mon_command_ack([{"prefix": "get_command_descriptions"}]=0 v0) v1 ==== 72+0+177948 (secure 0 0 0) 0x7f1ba801abe0 con 0x7f1bb407bdb0
2023-06-09T11:03:31.505 INFO:teuthology.orchestra.run.smithi088.stdout:/usr/bin/ceph: stderr
2023-06-09T11:03:30.836+0000 7f1bb1ffb700 1 -- 172.21.15.88:0/173954162 <== mon.0 v2:172.21.15.88:3300/0 7 ==== config(26 keys) v1 ==== 1105+0+0 (secure 0 0 0) 0x7f1ba802ce70 con 0x7f1bb407bdb0
2023-06-09T11:03:31.506 INFO:teuthology.orchestra.run.smithi088.stdout:/usr/bin/ceph: stderr
2023-06-09T11:03:31.001+0000 7f1bbab57700 1 -- 172.21.15.88:0/173954162 --> [v2:172.21.15.88:6800/2918562911,v1:172.21.15.88:6801/2918562911] -- mgr_command(tid 0: {"prefix": "orch apply", "service_type": "mgr", "unmanaged": true, "target": ["mon-mgr", ""]}) v1 -- 0x7f1bb4103310 con 0x7f1ba4038760
2023-06-09T11:03:31.506 INFO:teuthology.orchestra.run.smithi088.stdout:/usr/bin/ceph: stderr
2023-06-09T11:03:31.008+0000 7f1bb1ffb700 1 -- 172.21.15.88:0/173954162 <== mgr.14120 v2:172.21.15.88:6800/2918562911 1 ==== mgr_command_reply(tid 0: 0 ) v1 ==== 8+0+24 (secure 0 0 0) 0x7f1bb4103310 con 0x7f1ba4038760
2023-06-09T11:03:31.506 INFO:teuthology.orchestra.run.smithi088.stdout:/usr/bin/ceph: stderr
2023-06-09T11:03:31.011+0000 7f1bbab57700 1 -- 172.21.15.88:0/173954162 >> [v2:172.21.15.88:6800/2918562911,v1:172.21.15.88:6801/2918562911] conn(0x7f1ba4038760 msgr2=0x7f1ba403ac10 secure :-1 s=STATE_CONNECTION_ESTABLISHED l=1).mark_down
2023-06-09T11:03:31.507 INFO:teuthology.orchestra.run.smithi088.stdout:/usr/bin/ceph: stderr
2023-06-09T11:03:31.011+0000 7f1bbab57700 1 --2- 172.21.15.88:0/173954162 >> [v2:172.21.15.88:6800/2918562911,v1:172.21.15.88:6801/2918562911] conn(0x7f1ba4038760 0x7f1ba403ac10 secure :-1 s=READY pgs=13 cs=0 l=1 rev1=1 crypto rx=0x7f1ba0006fd0 tx=0x7f1ba0006e40 comp rx=0 tx=0).stop
2023-06-09T11:03:31.507 INFO:teuthology.orchestra.run.smithi088.stdout:/usr/bin/ceph: stderr
2023-06-09T11:03:31.011+0000 7f1bbab57700 1 -- 172.21.15.88:0/173954162 >> [v2:172.21.15.88:3300/0,v1:172.21.15.88:6789/0] conn(0x7f1bb407bdb0 msgr2=0x7f1bb419b950 secure :-1 s=STATE_CONNECTION_ESTABLISHED l=1).mark_down
2023-06-09T11:03:31.507 INFO:teuthology.orchestra.run.smithi088.stdout:/usr/bin/ceph: stderr
2023-06-09T11:03:31.011+0000 7f1bbab57700 1 --2- 172.21.15.88:0/173954162 >> [v2:172.21.15.88:3300/0,v1:172.21.15.88:6789/0] conn(0x7f1bb407bdb0 0x7f1bb419b950 secure :-1 s=READY pgs=50 cs=0 l=1 rev1=1 crypto rx=0x7f1ba8006af0 tx=0x7f1ba8011ad0 comp rx=0 tx=0).stop
2023-06-09T11:03:31.507 INFO:teuthology.orchestra.run.smithi088.stdout:/usr/bin/ceph: stderr
2023-06-09T11:03:31.011+0000 7f1bbab57700 1 -- 172.21.15.88:0/173954162 shutdown_connections
2023-06-09T11:03:31.508 INFO:teuthology.orchestra.run.smithi088.stdout:/usr/bin/ceph: stderr
2023-06-09T11:03:31.011+0000 7f1bbab57700 1 --2- 172.21.15.88:0/173954162 >> [v2:172.21.15.88:6800/2918562911,v1:172.21.15.88:6801/2918562911] conn(0x7f1ba4038760 0x7f1ba403ac10 unknown :-1 s=CLOSED pgs=13 cs=0 l=1 rev1=1 crypto rx=0 tx=0 comp rx=0 tx=0).stop
2023-06-09T11:03:31.508 INFO:teuthology.orchestra.run.smithi088.stdout:/usr/bin/ceph: stderr
2023-06-09T11:03:31.011+0000 7f1bbab57700 1 --2- 172.21.15.88:0/173954162 >> [v2:172.21.15.88:3300/0,v1:172.21.15.88:6789/0] conn(0x7f1bb407bdb0 0x7f1bb419b950 unknown :-1 s=CLOSED pgs=50 cs=0 l=1 rev1=1 crypto rx=0 tx=0 comp rx=0 tx=0).stop
2023-06-09T11:03:31.508 INFO:teuthology.orchestra.run.smithi088.stdout:/usr/bin/ceph: stderr
2023-06-09T11:03:31.011+0000 7f1bbab57700 1 -- 172.21.15.88:0/173954162 >> 172.21.15.88:0/173954162 conn(0x7f1bb4100ff0 msgr2=0x7f1bb41026b0 unknown :-1 s=STATE_NONE l=0).mark_down
2023-06-09T11:03:31.509 INFO:teuthology.orchestra.run.smithi088.stdout:/usr/bin/ceph: stderr
2023-06-09T11:03:31.011+0000 7f1bbab57700 1 -- 172.21.15.88:0/173954162 shutdown_connections
2023-06-09T11:03:31.509 INFO:teuthology.orchestra.run.smithi088.stdout:/usr/bin/ceph: stderr
2023-06-09T11:03:31.011+0000 7f1bbab57700 1 -- 172.21.15.88:0/173954162 wait complete.
2023-06-09T11:03:32.257 INFO:journalctl@ceph.mon.a.smithi088.stdout:Jun 09 11:03:31 smithi088 ceph-mon[94649]: from='mgr.14120 172.21.15.88:0/339706135' entity='mgr.x'
2023-06-09T11:03:32.257 INFO:journalctl@ceph.mon.a.smithi088.stdout:Jun 09 11:03:31 smithi088 ceph-mon[94649]: from='mgr.14120 172.21.15.88:0/339706135' entity='mgr.x'
2023-06-09T11:03:32.257 INFO:journalctl@ceph.mon.a.smithi088.stdout:Jun 09 11:03:31 smithi088 ceph-mon[94649]: from='mgr.14120 172.21.15.88:0/339706135' entity='mgr.x'
2023-06-09T11:03:32.674 INFO:teuthology.orchestra.run.smithi088.stdout:/usr/bin/ceph: stderr
2023-06-09T11:03:32.055+0000 7f6aaa7e9700 1 Processor -- start
2023-06-09T11:03:32.675 INFO:teuthology.orchestra.run.smithi088.stdout:/usr/bin/ceph: stderr
2023-06-09T11:03:32.055+0000 7f6aaa7e9700 1 -- start start
2023-06-09T11:03:32.675 INFO:teuthology.orchestra.run.smithi088.stdout:/usr/bin/ceph: stderr
