2023-06-23T18:14:43.447+0000 7f00c1e34700 1 Processor -- start
2023-06-23T18:14:44.310 INFO:teuthology.orchestra.run.smithi002.stdout:/usr/bin/ceph: stderr
2023-06-23T18:14:43.447+0000 7f00c1e34700 1 -- start start
2023-06-23T18:14:44.311 INFO:teuthology.orchestra.run.smithi002.stdout:/usr/bin/ceph: stderr
2023-06-23T18:14:43.447+0000 7f00c1e34700 1 --2- >> [v2:172.21.15.2:3300/0,v1:172.21.15.2:6789/0] conn(0x7f00bc103420 0x7f00bc105db0 unknown :-1 s=NONE pgs=0 cs=0 l=1 rev1=0 crypto rx=0 tx=0 comp rx=0 tx=0).connect
2023-06-23T18:14:44.311 INFO:teuthology.orchestra.run.smithi002.stdout:/usr/bin/ceph: stderr
2023-06-23T18:14:43.447+0000 7f00c1e34700 1 -- --> [v2:172.21.15.2:3300/0,v1:172.21.15.2:6789/0] -- mon_getmap magic: 0 v1 -- 0x7f00bc1062f0 con 0x7f00bc103420
2023-06-23T18:14:44.311 INFO:teuthology.orchestra.run.smithi002.stdout:/usr/bin/ceph: stderr
2023-06-23T18:14:43.447+0000 7f00bb7fe700 1 --2- >> [v2:172.21.15.2:3300/0,v1:172.21.15.2:6789/0] conn(0x7f00bc103420 0x7f00bc105db0 unknown :-1 s=BANNER_CONNECTING pgs=0 cs=0 l=1 rev1=0 crypto rx=0 tx=0 comp rx=0 tx=0)._handle_peer_banner_payload supported=3 required=0
2023-06-23T18:14:44.311 INFO:teuthology.orchestra.run.smithi002.stdout:/usr/bin/ceph: stderr
2023-06-23T18:14:43.447+0000 7f00bb7fe700 1 --2- >> [v2:172.21.15.2:3300/0,v1:172.21.15.2:6789/0] conn(0x7f00bc103420 0x7f00bc105db0 unknown :-1 s=HELLO_CONNECTING pgs=0 cs=0 l=1 rev1=1 crypto rx=0 tx=0 comp rx=0 tx=0).handle_hello peer v2:172.21.15.2:3300/0 says I am v2:172.21.15.2:51414/0 (socket says 172.21.15.2:51414)
2023-06-23T18:14:44.311 INFO:teuthology.orchestra.run.smithi002.stdout:/usr/bin/ceph: stderr
2023-06-23T18:14:43.447+0000 7f00bb7fe700 1 -- 172.21.15.2:0/1537438185 learned_addr learned my addr 172.21.15.2:0/1537438185 (peer_addr_for_me v2:172.21.15.2:0/0)
2023-06-23T18:14:44.311 INFO:teuthology.orchestra.run.smithi002.stdout:/usr/bin/ceph: stderr
2023-06-23T18:14:43.448+0000 7f00bb7fe700 1 -- 172.21.15.2:0/1537438185 --> [v2:172.21.15.2:3300/0,v1:172.21.15.2:6789/0] -- mon_subscribe({config=0+,monmap=0+}) v3 -- 0x7f00ac009550 con 0x7f00bc103420
2023-06-23T18:14:44.311 INFO:teuthology.orchestra.run.smithi002.stdout:/usr/bin/ceph: stderr
2023-06-23T18:14:43.448+0000 7f00bb7fe700 1 --2- 172.21.15.2:0/1537438185 >> [v2:172.21.15.2:3300/0,v1:172.21.15.2:6789/0] conn(0x7f00bc103420 0x7f00bc105db0 secure :-1 s=READY pgs=75 cs=0 l=1 rev1=1 crypto rx=0x7f00ac003e30 tx=0x7f00ac0119a0 comp rx=0 tx=0).ready entity=mon.0 client_cookie=0 server_cookie=0 in_seq=0 out_seq=0
2023-06-23T18:14:44.311 INFO:teuthology.orchestra.run.smithi002.stdout:/usr/bin/ceph: stderr
2023-06-23T18:14:43.448+0000 7f00b8ff9700 1 -- 172.21.15.2:0/1537438185 <== mon.0 v2:172.21.15.2:3300/0 1 ==== mon_map magic: 0 v1 ==== 205+0+0 (secure 0 0 0) 0x7f00ac0036a0 con 0x7f00bc103420
2023-06-23T18:14:44.312 INFO:teuthology.orchestra.run.smithi002.stdout:/usr/bin/ceph: stderr
2023-06-23T18:14:43.448+0000 7f00b8ff9700 1 -- 172.21.15.2:0/1537438185 <== mon.0 v2:172.21.15.2:3300/0 2 ==== config(25 keys) v1 ==== 1067+0+0 (secure 0 0 0) 0x7f00ac01b440 con 0x7f00bc103420
2023-06-23T18:14:44.312 INFO:teuthology.orchestra.run.smithi002.stdout:/usr/bin/ceph: stderr
2023-06-23T18:14:43.448+0000 7f00c1e34700 1 -- 172.21.15.2:0/1537438185 --> [v2:172.21.15.2:3300/0,v1:172.21.15.2:6789/0] -- mon_subscribe({mgrmap=0+}) v3 -- 0x7f00bc104400 con 0x7f00bc103420
2023-06-23T18:14:44.312 INFO:teuthology.orchestra.run.smithi002.stdout:/usr/bin/ceph: stderr
2023-06-23T18:14:43.448+0000 7f00b8ff9700 1 -- 172.21.15.2:0/1537438185 <== mon.0 v2:172.21.15.2:3300/0 3 ==== mon_map magic: 0 v1 ==== 205+0+0 (secure 0 0 0) 0x7f00ac023400 con 0x7f00bc103420
2023-06-23T18:14:44.312 INFO:teuthology.orchestra.run.smithi002.stdout:/usr/bin/ceph: stderr
2023-06-23T18:14:43.448+0000 7f00c1e34700 1 -- 172.21.15.2:0/1537438185 --> [v2:172.21.15.2:3300/0,v1:172.21.15.2:6789/0] -- mon_subscribe({osdmap=0}) v3 -- 0x7f00bc104820 con 0x7f00bc103420
2023-06-23T18:14:44.312 INFO:teuthology.orchestra.run.smithi002.stdout:/usr/bin/ceph: stderr
2023-06-23T18:14:43.449+0000 7f00b8ff9700 1 -- 172.21.15.2:0/1537438185 <== mon.0 v2:172.21.15.2:3300/0 4 ==== mgrmap(e 12) v1 ==== 45496+0+0 (secure 0 0 0) 0x7f00ac023680 con 0x7f00bc103420
2023-06-23T18:14:44.312 INFO:teuthology.orchestra.run.smithi002.stdout:/usr/bin/ceph: stderr
2023-06-23T18:14:43.449+0000 7f00b8ff9700 1 --2- 172.21.15.2:0/1537438185 >> [v2:172.21.15.2:6800/3622114004,v1:172.21.15.2:6801/3622114004] conn(0x7f00a4038760 0x7f00a403ac10 unknown :-1 s=NONE pgs=0 cs=0 l=1 rev1=0 crypto rx=0 tx=0 comp rx=0 tx=0).connect
2023-06-23T18:14:44.312 INFO:teuthology.orchestra.run.smithi002.stdout:/usr/bin/ceph: stderr
2023-06-23T18:14:43.449+0000 7f00b8ff9700 1 -- 172.21.15.2:0/1537438185 <== mon.0 v2:172.21.15.2:3300/0 5 ==== osd_map(3..3 src has 1..3) v4 ==== 1155+0+0 (secure 0 0 0) 0x7f00ac04c790 con 0x7f00bc103420
2023-06-23T18:14:44.313 INFO:teuthology.orchestra.run.smithi002.stdout:/usr/bin/ceph: stderr
2023-06-23T18:14:43.449+0000 7f00c1e34700 1 -- 172.21.15.2:0/1537438185 --> [v2:172.21.15.2:3300/0,v1:172.21.15.2:6789/0] -- mon_command({"prefix": "get_command_descriptions"} v 0) v1 -- 0x7f00bc061b00 con 0x7f00bc103420
2023-06-23T18:14:44.313 INFO:teuthology.orchestra.run.smithi002.stdout:/usr/bin/ceph: stderr
2023-06-23T18:14:43.449+0000 7f00baffd700 1 --2- 172.21.15.2:0/1537438185 >> [v2:172.21.15.2:6800/3622114004,v1:172.21.15.2:6801/3622114004] conn(0x7f00a4038760 0x7f00a403ac10 unknown :-1 s=BANNER_CONNECTING pgs=0 cs=0 l=1 rev1=0 crypto rx=0 tx=0 comp rx=0 tx=0)._handle_peer_banner_payload supported=3 required=0
2023-06-23T18:14:44.313 INFO:teuthology.orchestra.run.smithi002.stdout:/usr/bin/ceph: stderr
2023-06-23T18:14:43.450+0000 7f00baffd700 1 --2- 172.21.15.2:0/1537438185 >> [v2:172.21.15.2:6800/3622114004,v1:172.21.15.2:6801/3622114004] conn(0x7f00a4038760 0x7f00a403ac10 secure :-1 s=READY pgs=10 cs=0 l=1 rev1=1 crypto rx=0x7f00b0006fd0 tx=0x7f00b0006e40 comp rx=0 tx=0).ready entity=mgr.14150 client_cookie=0 server_cookie=0 in_seq=0 out_seq=0
2023-06-23T18:14:44.313 INFO:teuthology.orchestra.run.smithi002.stdout:/usr/bin/ceph: stderr
2023-06-23T18:14:43.454+0000 7f00b8ff9700 1 -- 172.21.15.2:0/1537438185 <== mon.0 v2:172.21.15.2:3300/0 6 ==== mon_command_ack([{"prefix": "get_command_descriptions"}]=0 v0) v1 ==== 72+0+178008 (secure 0 0 0) 0x7f00ac018350 con 0x7f00bc103420
2023-06-23T18:14:44.313 INFO:teuthology.orchestra.run.smithi002.stdout:/usr/bin/ceph: stderr
2023-06-23T18:14:43.674+0000 7f00b8ff9700 1 -- 172.21.15.2:0/1537438185 <== mon.0 v2:172.21.15.2:3300/0 7 ==== mgrmap(e 13) v1 ==== 45538+0+0 (secure 0 0 0) 0x7f00ac01b5b0 con 0x7f00bc103420
2023-06-23T18:14:44.313 INFO:teuthology.orchestra.run.smithi002.stdout:/usr/bin/ceph: stderr
2023-06-23T18:14:43.811+0000 7f00c1e34700 1 -- 172.21.15.2:0/1537438185 --> [v2:172.21.15.2:3300/0,v1:172.21.15.2:6789/0] -- mon_command([{prefix=config set, name=osd_memory_target_autotune}] v 0) v1 -- 0x7f00bc104e80 con 0x7f00bc103420
2023-06-23T18:14:44.313 INFO:teuthology.orchestra.run.smithi002.stdout:/usr/bin/ceph: stderr
2023-06-23T18:14:43.811+0000 7f00b8ff9700 1 -- 172.21.15.2:0/1537438185 <== mon.0 v2:172.21.15.2:3300/0 8 ==== mon_command_ack([{prefix=config set, name=osd_memory_target_autotune}]=0 v8)=0 v8) v1 ==== 127+0+0 (secure 0 0 0) 0x7f00ac018350 con 0x7f00bc103420
2023-06-23T18:14:44.314 INFO:teuthology.orchestra.run.smithi002.stdout:/usr/bin/ceph: stderr
2023-06-23T18:14:43.813+0000 7f00c1e34700 1 -- 172.21.15.2:0/1537438185 >> [v2:172.21.15.2:6800/3622114004,v1:172.21.15.2:6801/3622114004] conn(0x7f00a4038760 msgr2=0x7f00a403ac10 secure :-1 s=STATE_CONNECTION_ESTABLISHED l=1).mark_down
2023-06-23T18:14:44.314 INFO:teuthology.orchestra.run.smithi002.stdout:/usr/bin/ceph: stderr
2023-06-23T18:14:43.813+0000 7f00c1e34700 1 --2- 172.21.15.2:0/1537438185 >> [v2:172.21.15.2:6800/3622114004,v1:172.21.15.2:6801/3622114004] conn(0x7f00a4038760 0x7f00a403ac10 secure :-1 s=READY pgs=10 cs=0 l=1 rev1=1 crypto rx=0x7f00b0006fd0 tx=0x7f00b0006e40 comp rx=0 tx=0).stop
2023-06-23T18:14:44.314 INFO:teuthology.orchestra.run.smithi002.stdout:/usr/bin/ceph: stderr
2023-06-23T18:14:43.813+0000 7f00c1e34700 1 -- 172.21.15.2:0/1537438185 >> [v2:172.21.15.2:3300/0,v1:172.21.15.2:6789/0] conn(0x7f00bc103420 msgr2=0x7f00bc105db0 secure :-1 s=STATE_CONNECTION_ESTABLISHED l=1).mark_down
2023-06-23T18:14:44.314 INFO:teuthology.orchestra.run.smithi002.stdout:/usr/bin/ceph: stderr
2023-06-23T18:14:43.813+0000 7f00c1e34700 1 --2- 172.21.15.2:0/1537438185 >> [v2:172.21.15.2:3300/0,v1:172.21.15.2:6789/0] conn(0x7f00bc103420 0x7f00bc105db0 secure :-1 s=READY pgs=75 cs=0 l=1 rev1=1 crypto rx=0x7f00ac003e30 tx=0x7f00ac0119a0 comp rx=0 tx=0).stop
2023-06-23T18:14:44.314 INFO:teuthology.orchestra.run.smithi002.stdout:/usr/bin/ceph: stderr
2023-06-23T18:14:43.813+0000 7f00c1e34700 1 -- 172.21.15.2:0/1537438185 shutdown_connections
2023-06-23T18:14:44.314 INFO:teuthology.orchestra.run.smithi002.stdout:/usr/bin/ceph: stderr
2023-06-23T18:14:43.813+0000 7f00c1e34700 1 --2- 172.21.15.2:0/1537438185 >> [v2:172.21.15.2:6800/3622114004,v1:172.21.15.2:6801/3622114004] conn(0x7f00a4038760 0x7f00a403ac10 unknown :-1 s=CLOSED pgs=10 cs=0 l=1 rev1=1 crypto rx=0 tx=0 comp rx=0 tx=0).stop
2023-06-23T18:14:44.314 INFO:teuthology.orchestra.run.smithi002.stdout:/usr/bin/ceph: stderr
2023-06-23T18:14:43.813+0000 7f00c1e34700 1 --2- 172.21.15.2:0/1537438185 >> [v2:172.21.15.2:3300/0,v1:172.21.15.2:6789/0] conn(0x7f00bc103420 0x7f00bc105db0 unknown :-1 s=CLOSED pgs=75 cs=0 l=1 rev1=1 crypto rx=0 tx=0 comp rx=0 tx=0).stop
2023-06-23T18:14:44.314 INFO:teuthology.orchestra.run.smithi002.stdout:/usr/bin/ceph: stderr
2023-06-23T18:14:43.813+0000 7f00c1e34700 1 -- 172.21.15.2:0/1537438185 >> 172.21.15.2:0/1537438185 conn(0x7f00bc0fee20 msgr2=0x7f00bc1004b0 unknown :-1 s=STATE_NONE l=0).mark_down
2023-06-23T18:14:44.315 INFO:teuthology.orchestra.run.smithi002.stdout:/usr/bin/ceph: stderr
2023-06-23T18:14:43.813+0000 7f00c1e34700 1 -- 172.21.15.2:0/1537438185 shutdown_connections
2023-06-23T18:14:44.315 INFO:teuthology.orchestra.run.smithi002.stdout:/usr/bin/ceph: stderr
2023-06-23T18:14:43.813+0000 7f00c1e34700 1 -- 172.21.15.2:0/1537438185 wait complete.
2023-06-23T18:14:44.801 INFO:journalctl@ceph.mon.a.smithi002.stdout:Jun 23 18:14:44 smithi002 ceph-mon[95947]: mgrmap e13: x(active, since 7s)
2023-06-23T18:14:45.853 INFO:teuthology.orchestra.run.smithi002.stdout:/usr/bin/ceph: stderr
2023-06-23T18:14:44.822+0000 7f428672c700 1 Processor -- start
2023-06-23T18:14:45.853 INFO:teuthology.orchestra.run.smithi002.stdout:/usr/bin/ceph: stderr
2023-06-23T18:14:44.822+0000 7f428672c700 1 -- start start
2023-06-23T18:14:45.853 INFO:teuthology.orchestra.run.smithi002.stdout:/usr/bin/ceph: stderr
2023-06-23T18:14:44.823+0000 7f428672c700 1 --2- >> [v2:172.21.15.2:3300/0,v1:172.21.15.2:6789/0] conn(0x7f4280103420 0x7f4280103830 unknown :-1 s=NONE pgs=0 cs=0 l=0 rev1=0 crypto rx=0 tx=0 comp rx=0 tx=0).connect
2023-06-23T18:14:45.854 INFO:teuthology.orchestra.run.smithi002.stdout:/usr/bin/ceph: stderr
2023-06-23T18:14:44.823+0000 7f428672c700 1 -- --> [v2:172.21.15.2:3300/0,v1:172.21.15.2:6789/0] -- mon_getmap magic: 0 v1 -- 0x7f4280103d70 con 0x7f4280103420
2023-06-23T18:14:45.854 INFO:teuthology.orchestra.run.smithi002.stdout:/usr/bin/ceph: stderr
2023-06-23T18:14:44.823+0000 7f427ffff700 1 --2- >> [v2:172.21.15.2:3300/0,v1:172.21.15.2:6789/0] conn(0x7f4280103420 0x7f4280103830 unknown :-1 s=BANNER_CONNECTING pgs=0 cs=0 l=0 rev1=0 crypto rx=0 tx=0 comp rx=0 tx=0)._handle_peer_banner_payload supported=3 required=0
2023-06-23T18:14:45.854 INFO:teuthology.orchestra.run.smithi002.stdout:/usr/bin/ceph: stderr
2023-06-23T18:14:44.823+0000 7f427ffff700 1 --2- >> [v2:172.21.15.2:3300/0,v1:172.21.15.2:6789/0] conn(0x7f4280103420 0x7f4280103830 unknown :-1 s=HELLO_CONNECTING pgs=0 cs=0 l=0 rev1=1 crypto rx=0 tx=0 comp rx=0 tx=0).handle_hello peer v2:172.21.15.2:3300/0 says I am v2:172.21.15.2:51418/0 (socket says 172.21.15.2:51418)
2023-06-23T18:14:45.854 INFO:teuthology.orchestra.run.smithi002.stdout:/usr/bin/ceph: stderr
2023-06-23T18:14:44.823+0000 7f427ffff700 1 -- 172.21.15.2:0/3263416529 learned_addr learned my addr 172.21.15.2:0/3263416529 (peer_addr_for_me v2:172.21.15.2:0/0)
2023-06-23T18:14:45.854 INFO:teuthology.orchestra.run.smithi002.stdout:/usr/bin/ceph: stderr
2023-06-23T18:14:44.823+0000 7f427ffff700 1 -- 172.21.15.2:0/3263416529 --> [v2:172.21.15.2:3300/0,v1:172.21.15.2:6789/0] -- mon_subscribe({config=0+,monmap=0+}) v3 -- 0x7f4280103eb0 con 0x7f4280103420
2023-06-23T18:14:45.854 INFO:teuthology.orchestra.run.smithi002.stdout:/usr/bin/ceph: stderr
2023-06-23T18:14:44.823+0000 7f427ffff700 1 --2- 172.21.15.2:0/3263416529 >> [v2:172.21.15.2:3300/0,v1:172.21.15.2:6789/0] conn(0x7f4280103420 0x7f4280103830 secure :-1 s=READY pgs=76 cs=0 l=1 rev1=1 crypto rx=0x7f42700098a0 tx=0x7f4270009bb0 comp rx=0 tx=0).ready entity=mon.0 client_cookie=40e0a1ba33b236e9 server_cookie=0 in_seq=0 out_seq=0
2023-06-23T18:14:45.854 INFO:teuthology.orchestra.run.smithi002.stdout:/usr/bin/ceph: stderr
2023-06-23T18:14:44.823+0000 7f427effd700 1 -- 172.21.15.2:0/3263416529 <== mon.0 v2:172.21.15.2:3300/0 1 ==== mon_map magic: 0 v1 ==== 205+0+0 (secure 0 0 0) 0x7f4270004160 con 0x7f4280103420
2023-06-23T18:14:45.855 INFO:teuthology.orchestra.run.smithi002.stdout:/usr/bin/ceph: stderr
2023-06-23T18:14:44.823+0000 7f427effd700 1 -- 172.21.15.2:0/3263416529 <== mon.0 v2:172.21.15.2:3300/0 2 ==== config(25 keys) v1 ==== 1067+0+0 (secure 0 0 0) 0x7f42700042c0 con 0x7f4280103420
2023-06-23T18:14:45.855 INFO:teuthology.orchestra.run.smithi002.stdout:/usr/bin/ceph: stderr
2023-06-23T18:14:44.823+0000 7f427effd700 1 -- 172.21.15.2:0/3263416529 <== mon.0 v2:172.21.15.2:3300/0 3 ==== mon_map magic: 0 v1 ==== 205+0+0 (secure 0 0 0) 0x7f42700118e0 con 0x7f4280103420
2023-06-23T18:14:45.855 INFO:teuthology.orchestra.run.smithi002.stdout:/usr/bin/ceph: stderr
2023-06-23T18:14:44.824+0000 7f428672c700 1 -- 172.21.15.2:0/3263416529 >> [v2:172.21.15.2:3300/0,v1:172.21.15.2:6789/0] conn(0x7f4280103420 msgr2=0x7f4280103830 secure :-1 s=STATE_CONNECTION_ESTABLISHED l=1).mark_down
2023-06-23T18:14:45.855 INFO:teuthology.orchestra.run.smithi002.stdout:/usr/bin/ceph: stderr
2023-06-23T18:14:44.824+0000 7f428672c700 1 --2- 172.21.15.2:0/3263416529 >> [v2:172.21.15.2:3300/0,v1:172.21.15.2:6789/0] conn(0x7f4280103420 0x7f4280103830 secure :-1 s=READY pgs=76 cs=0 l=1 rev1=1 crypto rx=0x7f42700098a0 tx=0x7f4270009bb0 comp rx=0 tx=0).stop
2023-06-23T18:14:45.855 INFO:teuthology.orchestra.run.smithi002.stdout:/usr/bin/ceph: stderr
2023-06-23T18:14:44.824+0000 7f428672c700 1 -- 172.21.15.2:0/3263416529 shutdown_connections
2023-06-23T18:14:45.855 INFO:teuthology.orchestra.run.smithi002.stdout:/usr/bin/ceph: stderr
2023-06-23T18:14:44.824+0000 7f428672c700 1 --2- 172.21.15.2:0/3263416529 >> [v2:172.21.15.2:3300/0,v1:172.21.15.2:6789/0] conn(0x7f4280103420 0x7f4280103830 unknown :-1 s=CLOSED pgs=76 cs=0 l=1 rev1=1 crypto rx=0 tx=0 comp rx=0 tx=0).stop
2023-06-23T18:14:45.855 INFO:teuthology.orchestra.run.smithi002.stdout:/usr/bin/ceph: stderr
2023-06-23T18:14:44.824+0000 7f428672c700 1 -- 172.21.15.2:0/3263416529 >> 172.21.15.2:0/3263416529 conn(0x7f42800fee20 msgr2=0x7f4280101230 unknown :-1 s=STATE_NONE l=0).mark_down
2023-06-23T18:14:45.855 INFO:teuthology.orchestra.run.smithi002.stdout:/usr/bin/ceph: stderr
2023-06-23T18:14:44.824+0000 7f428672c700 1 -- 172.21.15.2:0/3263416529 shutdown_connections
2023-06-23T18:14:45.856 INFO:teuthology.orchestra.run.smithi002.stdout:/usr/bin/ceph: stderr
2023-06-23T18:14:44.824+0000 7f428672c700 1 -- 172.21.15.2:0/3263416529 wait complete.
2023-06-23T18:14:45.856 INFO:teuthology.orchestra.run.smithi002.stdout:/usr/bin/ceph: stderr
2023-06-23T18:14:44.825+0000 7f428672c700 1 Processor -- start
2023-06-23T18:14:45.856 INFO:teuthology.orchestra.run.smithi002.stdout:/usr/bin/ceph: stderr
2023-06-23T18:14:44.825+0000 7f428672c700 1 -- start start
2023-06-23T18:14:45.856 INFO:teuthology.orchestra.run.smithi002.stdout:/usr/bin/ceph: stderr
2023-06-23T18:14:44.825+0000 7f428672c700 1 --2- >> [v2:172.21.15.2:3300/0,v1:172.21.15.2:6789/0] conn(0x7f4280103420 0x7f4280198e40 unknown :-1 s=NONE pgs=0 cs=0 l=1 rev1=0 crypto rx=0 tx=0 comp rx=0 tx=0).connect
2023-06-23T18:14:45.856 INFO:teuthology.orchestra.run.smithi002.stdout:/usr/bin/ceph: stderr
2023-06-23T18:14:44.825+0000 7f428672c700 1 -- --> [v2:172.21.15.2:3300/0,v1:172.21.15.2:6789/0] -- mon_getmap magic: 0 v1 -- 0x7f4280199380 con 0x7f4280103420
2023-06-23T18:14:45.856 INFO:teuthology.orchestra.run.smithi002.stdout:/usr/bin/ceph: stderr
2023-06-23T18:14:44.825+0000 7f427ffff700 1 --2- >> [v2:172.21.15.2:3300/0,v1:172.21.15.2:6789/0] conn(0x7f4280103420 0x7f4280198e40 unknown :-1 s=BANNER_CONNECTING pgs=0 cs=0 l=1 rev1=0 crypto rx=0 tx=0 comp rx=0 tx=0)._handle_peer_banner_payload supported=3 required=0
2023-06-23T18:14:45.856 INFO:teuthology.orchestra.run.smithi002.stdout:/usr/bin/ceph: stderr
2023-06-23T18:14:44.825+0000 7f427ffff700 1 --2- >> [v2:172.21.15.2:3300/0,v1:172.21.15.2:6789/0] conn(0x7f4280103420 0x7f4280198e40 unknown :-1 s=HELLO_CONNECTING pgs=0 cs=0 l=1 rev1=1 crypto rx=0 tx=0 comp rx=0 tx=0).handle_hello peer v2:172.21.15.2:3300/0 says I am v2:172.21.15.2:51420/0 (socket says 172.21.15.2:51420)
2023-06-23T18:14:45.857 INFO:teuthology.orchestra.run.smithi002.stdout:/usr/bin/ceph: stderr
2023-06-23T18:14:44.825+0000 7f427ffff700 1 -- 172.21.15.2:0/2623793153 learned_addr learned my addr 172.21.15.2:0/2623793153 (peer_addr_for_me v2:172.21.15.2:0/0)
2023-06-23T18:14:45.857 INFO:teuthology.orchestra.run.smithi002.stdout:/usr/bin/ceph: stderr
2023-06-23T18:14:44.826+0000 7f427ffff700 1 -- 172.21.15.2:0/2623793153 --> [v2:172.21.15.2:3300/0,v1:172.21.15.2:6789/0] -- mon_subscribe({config=0+,monmap=0+}) v3 -- 0x7f4270009550 con 0x7f4280103420
2023-06-23T18:14:45.857 INFO:teuthology.orchestra.run.smithi002.stdout:/usr/bin/ceph: stderr
2023-06-23T18:14:44.826+0000 7f427ffff700 1 --2- 172.21.15.2:0/2623793153 >> [v2:172.21.15.2:3300/0,v1:172.21.15.2:6789/0] conn(0x7f4280103420 0x7f4280198e40 secure :-1 s=READY pgs=77 cs=0 l=1 rev1=1 crypto rx=0x7f4270003e30 tx=0x7f42700119a0 comp rx=0 tx=0).ready entity=mon.0 client_cookie=0 server_cookie=0 in_seq=0 out_seq=0
2023-06-23T18:14:45.857 INFO:teuthology.orchestra.run.smithi002.stdout:/usr/bin/ceph: stderr
2023-06-23T18:14:44.826+0000 7f427d7fa700 1 -- 172.21.15.2:0/2623793153 <== mon.0 v2:172.21.15.2:3300/0 1 ==== mon_map magic: 0 v1 ==== 205+0+0 (secure 0 0 0) 0x7f42700036a0 con 0x7f4280103420
2023-06-23T18:14:45.857 INFO:teuthology.orchestra.run.smithi002.stdout:/usr/bin/ceph: stderr
2023-06-23T18:14:44.826+0000 7f427d7fa700 1 -- 172.21.15.2:0/2623793153 <== mon.0 v2:172.21.15.2:3300/0 2 ==== config(25 keys) v1 ==== 1067+0+0 (secure 0 0 0) 0x7f427001b440 con 0x7f4280103420
2023-06-23T18:14:45.857 INFO:teuthology.orchestra.run.smithi002.stdout:/usr/bin/ceph: stderr
2023-06-23T18:14:44.826+0000 7f428672c700 1 -- 172.21.15.2:0/2623793153 --> [v2:172.21.15.2:3300/0,v1:172.21.15.2:6789/0] -- mon_subscribe({mgrmap=0+}) v3 -- 0x7f4280199580 con 0x7f4280103420
2023-06-23T18:14:45.857 INFO:teuthology.orchestra.run.smithi002.stdout:/usr/bin/ceph: stderr
2023-06-23T18:14:44.826+0000 7f427d7fa700 1 -- 172.21.15.2:0/2623793153 <== mon.0 v2:172.21.15.2:3300/0 3 ==== mon_map magic: 0 v1 ==== 205+0+0 (secure 0 0 0) 0x7f4270023400 con 0x7f4280103420
2023-06-23T18:14:45.857 INFO:teuthology.orchestra.run.smithi002.stdout:/usr/bin/ceph: stderr
2023-06-23T18:14:44.826+0000 7f428672c700 1 -- 172.21.15.2:0/2623793153 --> [v2:172.21.15.2:3300/0,v1:172.21.15.2:6789/0] -- mon_subscribe({osdmap=0}) v3 -- 0x7f42801999a0 con 0x7f4280103420
2023-06-23T18:14:45.858 INFO:teuthology.orchestra.run.smithi002.stdout:/usr/bin/ceph: stderr
2023-06-23T18:14:44.827+0000 7f427d7fa700 1 -- 172.21.15.2:0/2623793153 <== mon.0 v2:172.21.15.2:3300/0 4 ==== mgrmap(e 13) v1 ==== 45538+0+0 (secure 0 0 0) 0x7f4270023630 con 0x7f4280103420
2023-06-23T18:14:45.858 INFO:teuthology.orchestra.run.smithi002.stdout:/usr/bin/ceph: stderr
2023-06-23T18:14:44.827+0000 7f428672c700 1 -- 172.21.15.2:0/2623793153 --> [v2:172.21.15.2:3300/0,v1:172.21.15.2:6789/0] -- mon_command({"prefix": "get_command_descriptions"} v 0) v1 -- 0x7f4280061b00 con 0x7f4280103420
2023-06-23T18:14:45.858 INFO:teuthology.orchestra.run.smithi002.stdout:/usr/bin/ceph: stderr
2023-06-23T18:14:44.827+0000 7f427d7fa700 1 --2- 172.21.15.2:0/2623793153 >> [v2:172.21.15.2:6800/3622114004,v1:172.21.15.2:6801/3622114004] conn(0x7f42680388a0 0x7f426803ad50 unknown :-1 s=NONE pgs=0 cs=0 l=1 rev1=0 crypto rx=0 tx=0 comp rx=0 tx=0).connect
2023-06-23T18:14:45.858 INFO:teuthology.orchestra.run.smithi002.stdout:/usr/bin/ceph: stderr
2023-06-23T18:14:44.827+0000 7f427d7fa700 1 -- 172.21.15.2:0/2623793153 <== mon.0 v2:172.21.15.2:3300/0 5 ==== osd_map(3..3 src has 1..3) v4 ==== 1155+0+0 (secure 0 0 0) 0x7f427004c9f0 con 0x7f4280103420
2023-06-23T18:14:45.858 INFO:teuthology.orchestra.run.smithi002.stdout:/usr/bin/ceph: stderr
2023-06-23T18:14:44.827+0000 7f427f7fe700 1 --2- 172.21.15.2:0/2623793153 >> [v2:172.21.15.2:6800/3622114004,v1:172.21.15.2:6801/3622114004] conn(0x7f42680388a0 0x7f426803ad50 unknown :-1 s=BANNER_CONNECTING pgs=0 cs=0 l=1 rev1=0 crypto rx=0 tx=0 comp rx=0 tx=0)._handle_peer_banner_payload supported=3 required=0
2023-06-23T18:14:45.858 INFO:teuthology.orchestra.run.smithi002.stdout:/usr/bin/ceph: stderr
2023-06-23T18:14:44.828+0000 7f427f7fe700 1 --2- 172.21.15.2:0/2623793153 >> [v2:172.21.15.2:6800/3622114004,v1:172.21.15.2:6801/3622114004] conn(0x7f42680388a0 0x7f426803ad50 secure :-1 s=READY pgs=11 cs=0 l=1 rev1=1 crypto rx=0x7f4274006fd0 tx=0x7f4274006e40 comp rx=0 tx=0).ready entity=mgr.14150 client_cookie=0 server_cookie=0 in_seq=0 out_seq=0
2023-06-23T18:14:45.858 INFO:teuthology.orchestra.run.smithi002.stdout:/usr/bin/ceph: stderr
2023-06-23T18:14:44.832+0000 7f427d7fa700 1 -- 172.21.15.2:0/2623793153 <== mon.0 v2:172.21.15.2:3300/0 6 ==== mon_command_ack([{"prefix": "get_command_descriptions"}]=0 v0) v1 ==== 72+0+178008 (secure 0 0 0) 0x7f427002b710 con 0x7f4280103420
2023-06-23T18:14:45.859 INFO:teuthology.orchestra.run.smithi002.stdout:/usr/bin/ceph: stderr
2023-06-23T18:14:45.401+0000 7f428672c700 1 -- 172.21.15.2:0/2623793153 --> [v2:172.21.15.2:3300/0,v1:172.21.15.2:6789/0] -- mon_command([{prefix=config-key set, key=mgr/dashboard/cluster/status}] v 0) v1 -- 0x7f428019c800 con 0x7f4280103420
2023-06-23T18:14:45.859 INFO:teuthology.orchestra.run.smithi002.stdout:/usr/bin/ceph: stderr
2023-06-23T18:14:45.403+0000 7f427d7fa700 1 -- 172.21.15.2:0/2623793153 <== mon.0 v2:172.21.15.2:3300/0 7 ==== mon_command_ack([{prefix=config-key set, key=mgr/dashboard/cluster/status}]=0 set mgr/dashboard/cluster/status v28)=0 set mgr/dashboard/cluster/status v28) v1 ==== 153+0+0 (secure 0 0 0) 0x7f427002b350 con 0x7f4280103420
2023-06-23T18:14:45.859 INFO:teuthology.orchestra.run.smithi002.stdout:/usr/bin/ceph: stderr
2023-06-23T18:14:45.406+0000 7f428672c700 1 -- 172.21.15.2:0/2623793153 >> [v2:172.21.15.2:6800/3622114004,v1:172.21.15.2:6801/3622114004] conn(0x7f42680388a0 msgr2=0x7f426803ad50 secure :-1 s=STATE_CONNECTION_ESTABLISHED l=1).mark_down
2023-06-23T18:14:45.859 INFO:teuthology.orchestra.run.smithi002.stdout:/usr/bin/ceph: stderr
2023-06-23T18:14:45.406+0000 7f428672c700 1 --2- 172.21.15.2:0/2623793153 >> [v2:172.21.15.2:6800/3622114004,v1:172.21.15.2:6801/3622114004] conn(0x7f42680388a0 0x7f426803ad50 secure :-1 s=READY pgs=11 cs=0 l=1 rev1=1 crypto rx=0x7f4274006fd0 tx=0x7f4274006e40 comp rx=0 tx=0).stop
2023-06-23T18:14:45.859 INFO:teuthology.orchestra.run.smithi002.stdout:/usr/bin/ceph: stderr
2023-06-23T18:14:45.406+0000 7f428672c700 1 -- 172.21.15.2:0/2623793153 >> [v2:172.21.15.2:3300/0,v1:172.21.15.2:6789/0] conn(0x7f4280103420 msgr2=0x7f4280198e40 secure :-1 s=STATE_CONNECTION_ESTABLISHED l=1).mark_down
2023-06-23T18:14:45.859 INFO:teuthology.orchestra.run.smithi002.stdout:/usr/bin/ceph: stderr
2023-06-23T18:14:45.406+0000 7f428672c700 1 --2- 172.21.15.2:0/2623793153 >> [v2:172.21.15.2:3300/0,v1:172.21.15.2:6789/0] conn(0x7f4280103420 0x7f4280198e40 secure :-1 s=READY pgs=77 cs=0 l=1 rev1=1 crypto rx=0x7f4270003e30 tx=0x7f42700119a0 comp rx=0 tx=0).stop
2023-06-23T18:14:45.859 INFO:teuthology.orchestra.run.smithi002.stdout:/usr/bin/ceph: stderr
2023-06-23T18:14:45.406+0000 7f428672c700 1 -- 172.21.15.2:0/2623793153 shutdown_connections
2023-06-23T18:14:45.859 INFO:teuthology.orchestra.run.smithi002.stdout:/usr/bin/ceph: stderr
2023-06-23T18:14:45.406+0000 7f428672c700 1 --2- 172.21.15.2:0/2623793153 >> [v2:172.21.15.2:6800/3622114004,v1:172.21.15.2:6801/3622114004] conn(0x7f42680388a0 0x7f426803ad50 unknown :-1 s=CLOSED pgs=11 cs=0 l=1 rev1=1 crypto rx=0 tx=0 comp rx=0 tx=0).stop
2023-06-23T18:14:45.860 INFO:teuthology.orchestra.run.smithi002.stdout:/usr/bin/ceph: stderr
2023-06-23T18:14:45.406+0000 7f428672c700 1 --2- 172.21.15.2:0/2623793153 >> [v2:172.21.15.2:3300/0,v1:172.21.15.2:6789/0] conn(0x7f4280103420 0x7f4280198e40 unknown :-1 s=CLOSED pgs=77 cs=0 l=1 rev1=1 crypto rx=0 tx=0 comp rx=0 tx=0).stop
2023-06-23T18:14:45.860 INFO:teuthology.orchestra.run.smithi002.stdout:/usr/bin/ceph: stderr
2023-06-23T18:14:45.406+0000 7f428672c700 1 -- 172.21.15.2:0/2623793153 >> 172.21.15.2:0/2623793153 conn(0x7f42800fee20 msgr2=0x7f42801004b0 unknown :-1 s=STATE_NONE l=0).mark_down
2023-06-23T18:14:45.860 INFO:teuthology.orchestra.run.smithi002.stdout:/usr/bin/ceph: stderr
2023-06-23T18:14:45.406+0000 7f428672c700 1 -- 172.21.15.2:0/2623793153 shutdown_connections
2023-06-23T18:14:45.860 INFO:teuthology.orchestra.run.smithi002.stdout:/usr/bin/ceph: stderr
2023-06-23T18:14:45.406+0000 7f428672c700 1 -- 172.21.15.2:0/2623793153 wait complete.
2023-06-23T18:14:45.860 INFO:teuthology.orchestra.run.smithi002.stdout:/usr/bin/ceph: stderr set mgr/dashboard/cluster/status
2023-06-23T18:14:45.860 INFO:teuthology.orchestra.run.smithi002.stdout:You can access the Ceph CLI as following in case of multi-cluster or non-default config:
2023-06-23T18:14:45.860 INFO:teuthology.orchestra.run.smithi002.stdout:
2023-06-23T18:14:45.861 INFO:teuthology.orchestra.run.smithi002.stdout: sudo /home/ubuntu/cephtest/cephadm shell --fsid 902733cc-11f1-11ee-9b2b-001a4aab830c -c /etc/ceph/ceph.conf -k /etc/ceph/ceph.client.admin.keyring
2023-06-23T18:14:45.861 INFO:teuthology.orchestra.run.smithi002.stdout:
2023-06-23T18:14:45.861 INFO:teuthology.orchestra.run.smithi002.stdout:Or, if you are only running a single cluster on this host:
2023-06-23T18:14:45.861 INFO:teuthology.orchestra.run.smithi002.stdout:
2023-06-23T18:14:45.861 INFO:teuthology.orchestra.run.smithi002.stdout: sudo /home/ubuntu/cephtest/cephadm shell
2023-06-23T18:14:45.861 INFO:teuthology.orchestra.run.smithi002.stdout:
2023-06-23T18:14:45.861 INFO:teuthology.orchestra.run.smithi002.stdout:Please consider enabling telemetry to help improve Ceph:
2023-06-23T18:14:45.861 INFO:teuthology.orchestra.run.smithi002.stdout:
2023-06-23T18:14:45.862 INFO:teuthology.orchestra.run.smithi002.stdout: ceph telemetry on
2023-06-23T18:14:45.862 INFO:teuthology.orchestra.run.smithi002.stdout:
2023-06-23T18:14:45.862 INFO:teuthology.orchestra.run.smithi002.stdout:For more information see:
2023-06-23T18:14:45.862 INFO:teuthology.orchestra.run.smithi002.stdout:
2023-06-23T18:14:45.862 INFO:teuthology.orchestra.run.smithi002.stdout: https://docs.ceph.com/en/latest/mgr/telemetry/
2023-06-23T18:14:45.862 INFO:teuthology.orchestra.run.smithi002.stdout:
2023-06-23T18:14:45.862 INFO:teuthology.orchestra.run.smithi002.stdout:Bootstrap complete.
2023-06-23T18:14:45.890 INFO:tasks.cephadm:Fetching config...
2023-06-23T18:14:45.891 DEBUG:teuthology.orchestra.run.smithi002:> set -ex
2023-06-23T18:14:45.891 DEBUG:teuthology.orchestra.run.smithi002:> dd if=/etc/ceph/ceph.conf of=/dev/stdout
2023-06-23T18:14:45.908 INFO:tasks.cephadm:Fetching client.admin keyring...
2023-06-23T18:14:45.909 DEBUG:teuthology.orchestra.run.smithi002:> set -ex
2023-06-23T18:14:45.909 DEBUG:teuthology.orchestra.run.smithi002:> dd if=/etc/ceph/ceph.client.admin.keyring of=/dev/stdout
2023-06-23T18:14:45.967 INFO:tasks.cephadm:Fetching mon keyring...
2023-06-23T18:14:45.968 DEBUG:teuthology.orchestra.run.smithi002:> set -ex
2023-06-23T18:14:45.968 DEBUG:teuthology.orchestra.run.smithi002:> sudo dd if=/var/lib/ceph/902733cc-11f1-11ee-9b2b-001a4aab830c/mon.a/keyring of=/dev/stdout
2023-06-23T18:14:46.035 INFO:tasks.cephadm:Fetching pub ssh key...
2023-06-23T18:14:46.036 DEBUG:teuthology.orchestra.run.smithi002:> set -ex
2023-06-23T18:14:46.036 DEBUG:teuthology.orchestra.run.smithi002:> dd if=/home/ubuntu/cephtest/ceph.pub of=/dev/stdout
2023-06-23T18:14:46.093 INFO:tasks.cephadm:Installing pub ssh key for root users...
2023-06-23T18:14:46.093 DEBUG:teuthology.orchestra.run.smithi002:> sudo install -d -m 0700 /root/.ssh && echo 'ssh-rsa AAAAB3NzaC1yc2EAAAADAQABAAABgQC3UxW0vk5sj0hepuJozcIPkmmrGMuP/+LjXr4Z2Xn1b49oxRm9b5g3Hj3AEvNSW8mn5BuOueRSh1aINIKQ0eia4W3kwEUvjDmQKj4qHefoMSua5U9pbFLlJEpGtHTrUguH7ppsEoLzeqAuBAleLTN49gPPC/UKgFwCtgKsnGINPFLSd5ebdAg5hIz0+6eps+oKe/eo5seyr5b6FgukxtFxNa8aiaVKrMNo7PhKbvwloMFeeWU/QpaMODQvQ1jSWr1AHpbQZuTySK9jDPE/1TGlHyt0A2hiRaJSNAdbbxRa0JYGCtT1aay0nzG7xiDuoPqE4pYal2gDzZX54RWbb0TthtgrJ3xxMZi6qYqALYgobFvebJQBbUhgng0B8SdvEpUIQRCTmgddWaqaUo+BFOt2QPmkaFryGKMx9ubX2LdCL/YKPGgKWJe/acmoO6XVqMUBkG1z2wi4PyfJEllH6CwAENvo2hlc27gDC+oiZ73xAgho1+tFB93HZ+RW600vJD8= ceph-902733cc-11f1-11ee-9b2b-001a4aab830c' | sudo tee -a /root/.ssh/authorized_keys && sudo chmod 0600 /root/.ssh/authorized_keys
2023-06-23T18:14:46.170 INFO:teuthology.orchestra.run.smithi002.stdout:ssh-rsa AAAAB3NzaC1yc2EAAAADAQABAAABgQC3UxW0vk5sj0hepuJozcIPkmmrGMuP/+LjXr4Z2Xn1b49oxRm9b5g3Hj3AEvNSW8mn5BuOueRSh1aINIKQ0eia4W3kwEUvjDmQKj4qHefoMSua5U9pbFLlJEpGtHTrUguH7ppsEoLzeqAuBAleLTN49gPPC/UKgFwCtgKsnGINPFLSd5ebdAg5hIz0+6eps+oKe/eo5seyr5b6FgukxtFxNa8aiaVKrMNo7PhKbvwloMFeeWU/QpaMODQvQ1jSWr1AHpbQZuTySK9jDPE/1TGlHyt0A2hiRaJSNAdbbxRa0JYGCtT1aay0nzG7xiDuoPqE4pYal2gDzZX54RWbb0TthtgrJ3xxMZi6qYqALYgobFvebJQBbUhgng0B8SdvEpUIQRCTmgddWaqaUo+BFOt2QPmkaFryGKMx9ubX2LdCL/YKPGgKWJe/acmoO6XVqMUBkG1z2wi4PyfJEllH6CwAENvo2hlc27gDC+oiZ73xAgho1+tFB93HZ+RW600vJD8= ceph-902733cc-11f1-11ee-9b2b-001a4aab830c
2023-06-23T18:14:46.182 DEBUG:teuthology.orchestra.run.smithi017:> sudo install -d -m 0700 /root/.ssh && echo 'ssh-rsa AAAAB3NzaC1yc2EAAAADAQABAAABgQC3UxW0vk5sj0hepuJozcIPkmmrGMuP/+LjXr4Z2Xn1b49oxRm9b5g3Hj3AEvNSW8mn5BuOueRSh1aINIKQ0eia4W3kwEUvjDmQKj4qHefoMSua5U9pbFLlJEpGtHTrUguH7ppsEoLzeqAuBAleLTN49gPPC/UKgFwCtgKsnGINPFLSd5ebdAg5hIz0+6eps+oKe/eo5seyr5b6FgukxtFxNa8aiaVKrMNo7PhKbvwloMFeeWU/QpaMODQvQ1jSWr1AHpbQZuTySK9jDPE/1TGlHyt0A2hiRaJSNAdbbxRa0JYGCtT1aay0nzG7xiDuoPqE4pYal2gDzZX54RWbb0TthtgrJ3xxMZi6qYqALYgobFvebJQBbUhgng0B8SdvEpUIQRCTmgddWaqaUo+BFOt2QPmkaFryGKMx9ubX2LdCL/YKPGgKWJe/acmoO6XVqMUBkG1z2wi4PyfJEllH6CwAENvo2hlc27gDC+oiZ73xAgho1+tFB93HZ+RW600vJD8= ceph-902733cc-11f1-11ee-9b2b-001a4aab830c' | sudo tee -a /root/.ssh/authorized_keys && sudo chmod 0600 /root/.ssh/authorized_keys
2023-06-23T18:14:46.229 INFO:teuthology.orchestra.run.smithi017.stdout:ssh-rsa AAAAB3NzaC1yc2EAAAADAQABAAABgQC3UxW0vk5sj0hepuJozcIPkmmrGMuP/+LjXr4Z2Xn1b49oxRm9b5g3Hj3AEvNSW8mn5BuOueRSh1aINIKQ0eia4W3kwEUvjDmQKj4qHefoMSua5U9pbFLlJEpGtHTrUguH7ppsEoLzeqAuBAleLTN49gPPC/UKgFwCtgKsnGINPFLSd5ebdAg5hIz0+6eps+oKe/eo5seyr5b6FgukxtFxNa8aiaVKrMNo7PhKbvwloMFeeWU/QpaMODQvQ1jSWr1AHpbQZuTySK9jDPE/1TGlHyt0A2hiRaJSNAdbbxRa0JYGCtT1aay0nzG7xiDuoPqE4pYal2gDzZX54RWbb0TthtgrJ3xxMZi6qYqALYgobFvebJQBbUhgng0B8SdvEpUIQRCTmgddWaqaUo+BFOt2QPmkaFryGKMx9ubX2LdCL/YKPGgKWJe/acmoO6XVqMUBkG1z2wi4PyfJEllH6CwAENvo2hlc27gDC+oiZ73xAgho1+tFB93HZ+RW600vJD8= ceph-902733cc-11f1-11ee-9b2b-001a4aab830c
2023-06-23T18:14:46.242 DEBUG:teuthology.orchestra.run.smithi082:> sudo install -d -m 0700 /root/.ssh && echo 'ssh-rsa AAAAB3NzaC1yc2EAAAADAQABAAABgQC3UxW0vk5sj0hepuJozcIPkmmrGMuP/+LjXr4Z2Xn1b49oxRm9b5g3Hj3AEvNSW8mn5BuOueRSh1aINIKQ0eia4W3kwEUvjDmQKj4qHefoMSua5U9pbFLlJEpGtHTrUguH7ppsEoLzeqAuBAleLTN49gPPC/UKgFwCtgKsnGINPFLSd5ebdAg5hIz0+6eps+oKe/eo5seyr5b6FgukxtFxNa8aiaVKrMNo7PhKbvwloMFeeWU/QpaMODQvQ1jSWr1AHpbQZuTySK9jDPE/1TGlHyt0A2hiRaJSNAdbbxRa0JYGCtT1aay0nzG7xiDuoPqE4pYal2gDzZX54RWbb0TthtgrJ3xxMZi6qYqALYgobFvebJQBbUhgng0B8SdvEpUIQRCTmgddWaqaUo+BFOt2QPmkaFryGKMx9ubX2LdCL/YKPGgKWJe/acmoO6XVqMUBkG1z2wi4PyfJEllH6CwAENvo2hlc27gDC+oiZ73xAgho1+tFB93HZ+RW600vJD8= ceph-902733cc-11f1-11ee-9b2b-001a4aab830c' | sudo tee -a /root/.ssh/authorized_keys && sudo chmod 0600 /root/.ssh/authorized_keys
2023-06-23T18:14:46.287 INFO:teuthology.orchestra.run.smithi082.stdout:ssh-rsa AAAAB3NzaC1yc2EAAAADAQABAAABgQC3UxW0vk5sj0hepuJozcIPkmmrGMuP/+LjXr4Z2Xn1b49oxRm9b5g3Hj3AEvNSW8mn5BuOueRSh1aINIKQ0eia4W3kwEUvjDmQKj4qHefoMSua5U9pbFLlJEpGtHTrUguH7ppsEoLzeqAuBAleLTN49gPPC/UKgFwCtgKsnGINPFLSd5ebdAg5hIz0+6eps+oKe/eo5seyr5b6FgukxtFxNa8aiaVKrMNo7PhKbvwloMFeeWU/QpaMODQvQ1jSWr1AHpbQZuTySK9jDPE/1TGlHyt0A2hiRaJSNAdbbxRa0JYGCtT1aay0nzG7xiDuoPqE4pYal2gDzZX54RWbb0TthtgrJ3xxMZi6qYqALYgobFvebJQBbUhgng0B8SdvEpUIQRCTmgddWaqaUo+BFOt2QPmkaFryGKMx9ubX2LdCL/YKPGgKWJe/acmoO6XVqMUBkG1z2wi4PyfJEllH6CwAENvo2hlc27gDC+oiZ73xAgho1+tFB93HZ+RW600vJD8= ceph-902733cc-11f1-11ee-9b2b-001a4aab830c
2023-06-23T18:14:46.301 DEBUG:teuthology.orchestra.run.smithi002:> sudo /home/ubuntu/cephtest/cephadm --image quay-quay-quay.apps.os.sepia.ceph.com/ceph-ci/ceph:8627af3e0adcb765a3c249fcc209cba9f4873e1b shell -c /etc/ceph/ceph.conf -k /etc/ceph/ceph.client.admin.keyring --fsid 902733cc-11f1-11ee-9b2b-001a4aab830c -- ceph config set mgr mgr/cephadm/allow_ptrace true
2023-06-23T18:14:46.551 INFO:journalctl@ceph.mon.a.smithi002.stdout:Jun 23 18:14:46 smithi002 ceph-mon[95947]: from='client.? 172.21.15.2:0/2623793153' entity='client.admin'
2023-06-23T18:14:46.867 INFO:teuthology.orchestra.run.smithi002.stderr:Inferring config /var/lib/ceph/902733cc-11f1-11ee-9b2b-001a4aab830c/mon.a/config
2023-06-23T18:14:48.405 INFO:teuthology.orchestra.run.smithi002.stderr:2023-06-23T18:14:48.397+0000 7faf65b9e700 1 -- 172.21.15.2:0/1795751197 >> [v2:172.21.15.2:3300/0,v1:172.21.15.2:6789/0] conn(0x7faf600fe4a0 msgr2=0x7faf600fe8b0 secure :-1 s=STATE_CONNECTION_ESTABLISHED l=1).mark_down
2023-06-23T18:14:48.405 INFO:teuthology.orchestra.run.smithi002.stderr:2023-06-23T18:14:48.397+0000 7faf65b9e700 1 --2- 172.21.15.2:0/1795751197 >> [v2:172.21.15.2:3300/0,v1:172.21.15.2:6789/0] conn(0x7faf600fe4a0 0x7faf600fe8b0 secure :-1 s=READY pgs=78 cs=0 l=1 rev1=1 crypto rx=0x7faf50009910 tx=0x7faf50009c20 comp rx=0 tx=0).stop
2023-06-23T18:14:48.405 INFO:teuthology.orchestra.run.smithi002.stderr:2023-06-23T18:14:48.397+0000 7faf65b9e700 1 -- 172.21.15.2:0/1795751197 shutdown_connections
2023-06-23T18:14:48.406 INFO:teuthology.orchestra.run.smithi002.stderr:2023-06-23T18:14:48.397+0000 7faf65b9e700 1 --2- 172.21.15.2:0/1795751197 >> [v2:172.21.15.2:3300/0,v1:172.21.15.2:6789/0] conn(0x7faf600fe4a0 0x7faf600fe8b0 unknown :-1 s=CLOSED pgs=78 cs=0 l=1 rev1=1 crypto rx=0 tx=0 comp rx=0 tx=0).stop
2023-06-23T18:14:48.406 INFO:teuthology.orchestra.run.smithi002.stderr:2023-06-23T18:14:48.397+0000 7faf65b9e700 1 -- 172.21.15.2:0/1795751197 >> 172.21.15.2:0/1795751197 conn(0x7faf600f9a30 msgr2=0x7faf600fbe80 unknown :-1 s=STATE_NONE l=0).mark_down
2023-06-23T18:14:48.406 INFO:teuthology.orchestra.run.smithi002.stderr:2023-06-23T18:14:48.397+0000 7faf65b9e700 1 -- 172.21.15.2:0/1795751197 shutdown_connections
2023-06-23T18:14:48.406 INFO:teuthology.orchestra.run.smithi002.stderr:2023-06-23T18:14:48.397+0000 7faf65b9e700 1 -- 172.21.15.2:0/1795751197 wait complete.
2023-06-23T18:14:48.406 INFO:teuthology.orchestra.run.smithi002.stderr:2023-06-23T18:14:48.398+0000 7faf65b9e700 1 Processor -- start
2023-06-23T18:14:48.406 INFO:teuthology.orchestra.run.smithi002.stderr:2023-06-23T18:14:48.398+0000 7faf65b9e700 1 -- start start
2023-06-23T18:14:48.406 INFO:teuthology.orchestra.run.smithi002.stderr:2023-06-23T18:14:48.398+0000 7faf65b9e700 1 --2- >> [v2:172.21.15.2:3300/0,v1:172.21.15.2:6789/0] conn(0x7faf600fe4a0 0x7faf60196880 unknown :-1 s=NONE pgs=0 cs=0 l=1 rev1=0 crypto rx=0 tx=0 comp rx=0 tx=0).connect
2023-06-23T18:14:48.407 INFO:teuthology.orchestra.run.smithi002.stderr:2023-06-23T18:14:48.398+0000 7faf65b9e700 1 -- --> [v2:172.21.15.2:3300/0,v1:172.21.15.2:6789/0] -- mon_getmap magic: 0 v1 -- 0x7faf60196dc0 con 0x7faf600fe4a0
2023-06-23T18:14:48.407 INFO:teuthology.orchestra.run.smithi002.stderr:2023-06-23T18:14:48.398+0000 7faf5f7fe700 1 --2- >> [v2:172.21.15.2:3300/0,v1:172.21.15.2:6789/0] conn(0x7faf600fe4a0 0x7faf60196880 unknown :-1 s=BANNER_CONNECTING pgs=0 cs=0 l=1 rev1=0 crypto rx=0 tx=0 comp rx=0 tx=0)._handle_peer_banner_payload supported=3 required=0
2023-06-23T18:14:48.407 INFO:teuthology.orchestra.run.smithi002.stderr:2023-06-23T18:14:48.398+0000 7faf5f7fe700 1 --2- >> [v2:172.21.15.2:3300/0,v1:172.21.15.2:6789/0] conn(0x7faf600fe4a0 0x7faf60196880 unknown :-1 s=HELLO_CONNECTING pgs=0 cs=0 l=1 rev1=1 crypto rx=0 tx=0 comp rx=0 tx=0).handle_hello peer v2:172.21.15.2:3300/0 says I am v2:172.21.15.2:51426/0 (socket says 172.21.15.2:51426)
2023-06-23T18:14:48.407 INFO:teuthology.orchestra.run.smithi002.stderr:2023-06-23T18:14:48.398+0000 7faf5f7fe700 1 -- 172.21.15.2:0/4227176386 learned_addr learned my addr 172.21.15.2:0/4227176386 (peer_addr_for_me v2:172.21.15.2:0/0)
2023-06-23T18:14:48.407 INFO:teuthology.orchestra.run.smithi002.stderr:2023-06-23T18:14:48.398+0000 7faf5f7fe700 1 -- 172.21.15.2:0/4227176386 --> [v2:172.21.15.2:3300/0,v1:172.21.15.2:6789/0] -- mon_subscribe({config=0+,monmap=0+}) v3 -- 0x7faf500095f0 con 0x7faf600fe4a0
2023-06-23T18:14:48.407 INFO:teuthology.orchestra.run.smithi002.stderr:2023-06-23T18:14:48.399+0000 7faf5f7fe700 1 --2- 172.21.15.2:0/4227176386 >> [v2:172.21.15.2:3300/0,v1:172.21.15.2:6789/0] conn(0x7faf600fe4a0 0x7faf60196880 secure :-1 s=READY pgs=79 cs=0 l=1 rev1=1 crypto rx=0x7faf50006010 tx=0x7faf50005810 comp rx=0 tx=0).ready entity=mon.0 client_cookie=0 server_cookie=0 in_seq=0 out_seq=0
2023-06-23T18:14:48.407 INFO:teuthology.orchestra.run.smithi002.stderr:2023-06-23T18:14:48.399+0000 7faf5cff9700 1 -- 172.21.15.2:0/4227176386 <== mon.0 v2:172.21.15.2:3300/0 1 ==== mon_map magic: 0 v1 ==== 205+0+0 (secure 0 0 0) 0x7faf5000ba90 con 0x7faf600fe4a0
2023-06-23T18:14:48.408 INFO:teuthology.orchestra.run.smithi002.stderr:2023-06-23T18:14:48.399+0000 7faf5cff9700 1 -- 172.21.15.2:0/4227176386 <== mon.0 v2:172.21.15.2:3300/0 2 ==== config(25 keys) v1 ==== 1067+0+0 (secure 0 0 0) 0x7faf5000bbf0 con 0x7faf600fe4a0
2023-06-23T18:14:48.408 INFO:teuthology.orchestra.run.smithi002.stderr:2023-06-23T18:14:48.399+0000 7faf65b9e700 1 -- 172.21.15.2:0/4227176386 --> [v2:172.21.15.2:3300/0,v1:172.21.15.2:6789/0] -- mon_subscribe({mgrmap=0+}) v3 -- 0x7faf60196fc0 con 0x7faf600fe4a0
2023-06-23T18:14:48.408 INFO:teuthology.orchestra.run.smithi002.stderr:2023-06-23T18:14:48.399+0000 7faf5cff9700 1 -- 172.21.15.2:0/4227176386 <== mon.0 v2:172.21.15.2:3300/0 3 ==== mon_map magic: 0 v1 ==== 205+0+0 (secure 0 0 0) 0x7faf50017440 con 0x7faf600fe4a0
2023-06-23T18:14:48.408 INFO:teuthology.orchestra.run.smithi002.stderr:2023-06-23T18:14:48.399+0000 7faf65b9e700 1 -- 172.21.15.2:0/4227176386 --> [v2:172.21.15.2:3300/0,v1:172.21.15.2:6789/0] -- mon_subscribe({osdmap=0}) v3 -- 0x7faf60197460 con 0x7faf600fe4a0
2023-06-23T18:14:48.409 INFO:teuthology.orchestra.run.smithi002.stderr:2023-06-23T18:14:48.400+0000 7faf5cff9700 1 -- 172.21.15.2:0/4227176386 <== mon.0 v2:172.21.15.2:3300/0 4 ==== mgrmap(e 13) v1 ==== 45538+0+0 (secure 0 0 0) 0x7faf500175a0 con 0x7faf600fe4a0
2023-06-23T18:14:48.409 INFO:teuthology.orchestra.run.smithi002.stderr:2023-06-23T18:14:48.400+0000 7faf65b9e700 1 -- 172.21.15.2:0/4227176386 --> [v2:172.21.15.2:3300/0,v1:172.21.15.2:6789/0] -- mon_command({"prefix": "get_command_descriptions"} v 0) v1 -- 0x7faf60190330 con 0x7faf600fe4a0
2023-06-23T18:14:48.410 INFO:teuthology.orchestra.run.smithi002.stderr:2023-06-23T18:14:48.400+0000 7faf5cff9700 1 --2- 172.21.15.2:0/4227176386 >> [v2:172.21.15.2:6800/3622114004,v1:172.21.15.2:6801/3622114004] conn(0x7faf4c038850 0x7faf4c03ad00 unknown :-1 s=NONE pgs=0 cs=0 l=1 rev1=0 crypto rx=0 tx=0 comp rx=0 tx=0).connect
2023-06-23T18:14:48.410 INFO:teuthology.orchestra.run.smithi002.stderr:2023-06-23T18:14:48.400+0000 7faf5cff9700 1 -- 172.21.15.2:0/4227176386 <== mon.0 v2:172.21.15.2:3300/0 5 ==== osd_map(3..3 src has 1..3) v4 ==== 1155+0+0 (secure 0 0 0) 0x7faf5004cc70 con 0x7faf600fe4a0
2023-06-23T18:14:48.410 INFO:teuthology.orchestra.run.smithi002.stderr:2023-06-23T18:14:48.400+0000 7faf5effd700 1 --2- 172.21.15.2:0/4227176386 >> [v2:172.21.15.2:6800/3622114004,v1:172.21.15.2:6801/3622114004] conn(0x7faf4c038850 0x7faf4c03ad00 unknown :-1 s=BANNER_CONNECTING pgs=0 cs=0 l=1 rev1=0 crypto rx=0 tx=0 comp rx=0 tx=0)._handle_peer_banner_payload supported=3 required=0
2023-06-23T18:14:48.410 INFO:teuthology.orchestra.run.smithi002.stderr:2023-06-23T18:14:48.401+0000 7faf5effd700 1 --2- 172.21.15.2:0/4227176386 >> [v2:172.21.15.2:6800/3622114004,v1:172.21.15.2:6801/3622114004] conn(0x7faf4c038850 0x7faf4c03ad00 secure :-1 s=READY pgs=12 cs=0 l=1 rev1=1 crypto rx=0x7faf48006fd0 tx=0x7faf48006e40 comp rx=0 tx=0).ready entity=mgr.14150 client_cookie=0 server_cookie=0 in_seq=0 out_seq=0
2023-06-23T18:14:48.410 INFO:teuthology.orchestra.run.smithi002.stderr:2023-06-23T18:14:48.405+0000 7faf5cff9700 1 -- 172.21.15.2:0/4227176386 <== mon.0 v2:172.21.15.2:3300/0 6 ==== mon_command_ack([{"prefix": "get_command_descriptions"}]=0 v0) v1 ==== 72+0+178008 (secure 0 0 0) 0x7faf50015350 con 0x7faf600fe4a0
2023-06-23T18:14:48.617 INFO:teuthology.orchestra.run.smithi002.stderr:2023-06-23T18:14:48.612+0000 7faf65b9e700 1 -- 172.21.15.2:0/4227176386 --> [v2:172.21.15.2:3300/0,v1:172.21.15.2:6789/0] -- mon_command([{prefix=config set, name=mgr/cephadm/allow_ptrace}] v 0) v1 -- 0x7faf6002cc80 con 0x7faf600fe4a0
2023-06-23T18:14:48.620 INFO:teuthology.orchestra.run.smithi002.stderr:2023-06-23T18:14:48.615+0000 7faf5cff9700 1 -- 172.21.15.2:0/4227176386 <== mon.0 v2:172.21.15.2:3300/0 7 ==== mon_command_ack([{prefix=config set, name=mgr/cephadm/allow_ptrace}]=0 v9)=0 v9) v1 ==== 125+0+0 (secure 0 0 0) 0x7faf50027030 con 0x7faf600fe4a0
2023-06-23T18:14:48.622 INFO:teuthology.orchestra.run.smithi002.stderr:2023-06-23T18:14:48.617+0000 7faf65b9e700 1 -- 172.21.15.2:0/4227176386 >> [v2:172.21.15.2:6800/3622114004,v1:172.21.15.2:6801/3622114004] conn(0x7faf4c038850 msgr2=0x7faf4c03ad00 secure :-1 s=STATE_CONNECTION_ESTABLISHED l=1).mark_down
2023-06-23T18:14:48.623 INFO:teuthology.orchestra.run.smithi002.stderr:2023-06-23T18:14:48.617+0000 7faf65b9e700 1 --2- 172.21.15.2:0/4227176386 >> [v2:172.21.15.2:6800/3622114004,v1:172.21.15.2:6801/3622114004] conn(0x7faf4c038850 0x7faf4c03ad00 secure :-1 s=READY pgs=12 cs=0 l=1 rev1=1 crypto rx=0x7faf48006fd0 tx=0x7faf48006e40 comp rx=0 tx=0).stop
2023-06-23T18:14:48.623 INFO:teuthology.orchestra.run.smithi002.stderr:2023-06-23T18:14:48.617+0000 7faf65b9e700 1 -- 172.21.15.2:0/4227176386 >> [v2:172.21.15.2:3300/0,v1:172.21.15.2:6789/0] conn(0x7faf600fe4a0 msgr2=0x7faf60196880 secure :-1 s=STATE_CONNECTION_ESTABLISHED l=1).mark_down
2023-06-23T18:14:48.623 INFO:teuthology.orchestra.run.smithi002.stderr:2023-06-23T18:14:48.617+0000 7faf65b9e700 1 --2- 172.21.15.2:0/4227176386 >> [v2:172.21.15.2:3300/0,v1:172.21.15.2:6789/0] conn(0x7faf600fe4a0 0x7faf60196880 secure :-1 s=READY pgs=79 cs=0 l=1 rev1=1 crypto rx=0x7faf50006010 tx=0x7faf50005810 comp rx=0 tx=0).stop
2023-06-23T18:14:48.623 INFO:teuthology.orchestra.run.smithi002.stderr:2023-06-23T18:14:48.617+0000 7faf65b9e700 1 -- 172.21.15.2:0/4227176386 shutdown_connections
2023-06-23T18:14:48.623 INFO:teuthology.orchestra.run.smithi002.stderr:2023-06-23T18:14:48.617+0000 7faf65b9e700 1 --2- 172.21.15.2:0/4227176386 >> [v2:172.21.15.2:6800/3622114004,v1:172.21.15.2:6801/3622114004] conn(0x7faf4c038850 0x7faf4c03ad00 unknown :-1 s=CLOSED pgs=12 cs=0 l=1 rev1=1 crypto rx=0 tx=0 comp rx=0 tx=0).stop
2023-06-23T18:14:48.623 INFO:teuthology.orchestra.run.smithi002.stderr:2023-06-23T18:14:48.617+0000 7faf65b9e700 1 --2- 172.21.15.2:0/4227176386 >> [v2:172.21.15.2:3300/0,v1:172.21.15.2:6789/0] conn(0x7faf600fe4a0 0x7faf60196880 unknown :-1 s=CLOSED pgs=79 cs=0 l=1 rev1=1 crypto rx=0 tx=0 comp rx=0 tx=0).stop
2023-06-23T18:14:48.624 INFO:teuthology.orchestra.run.smithi002.stderr:2023-06-23T18:14:48.617+0000 7faf65b9e700 1 -- 172.21.15.2:0/4227176386 >> 172.21.15.2:0/4227176386 conn(0x7faf600f9a30 msgr2=0x7faf60068060 unknown :-1 s=STATE_NONE l=0).mark_down
2023-06-23T18:14:48.624 INFO:teuthology.orchestra.run.smithi002.stderr:2023-06-23T18:14:48.617+0000 7faf65b9e700 1 -- 172.21.15.2:0/4227176386 shutdown_connections
2023-06-23T18:14:48.624 INFO:teuthology.orchestra.run.smithi002.stderr:2023-06-23T18:14:48.617+0000 7faf65b9e700 1 -- 172.21.15.2:0/4227176386 wait complete.
2023-06-23T18:14:49.124 INFO:tasks.cephadm:Distributing conf and client.admin keyring to all hosts + 0755
2023-06-23T18:14:49.124 DEBUG:teuthology.orchestra.run.smithi002:> sudo /home/ubuntu/cephtest/cephadm --image quay-quay-quay.apps.os.sepia.ceph.com/ceph-ci/ceph:8627af3e0adcb765a3c249fcc209cba9f4873e1b shell -c /etc/ceph/ceph.conf -k /etc/ceph/ceph.client.admin.keyring --fsid 902733cc-11f1-11ee-9b2b-001a4aab830c -- ceph orch client-keyring set client.admin '*' --mode 0755
2023-06-23T18:14:49.736 INFO:teuthology.orchestra.run.smithi002.stderr:Inferring config /var/lib/ceph/902733cc-11f1-11ee-9b2b-001a4aab830c/mon.a/config
2023-06-23T18:14:49.755 INFO:journalctl@ceph.mon.a.smithi002.stdout:Jun 23 18:14:49 smithi002 ceph-mon[95947]: from='client.? 172.21.15.2:0/4227176386' entity='client.admin'
2023-06-23T18:14:49.756 INFO:journalctl@ceph.mon.a.smithi002.stdout:Jun 23 18:14:49 smithi002 ceph-mon[95947]: from='mgr.14150 172.21.15.2:0/378385680' entity='mgr.x'
2023-06-23T18:14:49.756 INFO:journalctl@ceph.mon.a.smithi002.stdout:Jun 23 18:14:49 smithi002 ceph-mon[95947]: from='mgr.14150 172.21.15.2:0/378385680' entity='mgr.x'
2023-06-23T18:14:49.756 INFO:journalctl@ceph.mon.a.smithi002.stdout:Jun 23 18:14:49 smithi002 ceph-mon[95947]: from='mgr.14150 172.21.15.2:0/378385680' entity='mgr.x' cmd=[{"prefix": "config rm", "who": "osd/host:smithi002", "name": "osd_memory_target"}]: dispatch
2023-06-23T18:14:49.756 INFO:journalctl@ceph.mon.a.smithi002.stdout:Jun 23 18:14:49 smithi002 ceph-mon[95947]: from='mgr.14150 172.21.15.2:0/378385680' entity='mgr.x'
2023-06-23T18:14:49.756 INFO:journalctl@ceph.mon.a.smithi002.stdout:Jun 23 18:14:49 smithi002 ceph-mon[95947]: from='mgr.14150 172.21.15.2:0/378385680' entity='mgr.x' cmd=[{"prefix": "config dump", "format": "json"}]: dispatch
2023-06-23T18:14:49.756 INFO:journalctl@ceph.mon.a.smithi002.stdout:Jun 23 18:14:49 smithi002 ceph-mon[95947]: from='mgr.14150 172.21.15.2:0/378385680' entity='mgr.x'
2023-06-23T18:14:51.239 INFO:teuthology.orchestra.run.smithi002.stderr:2023-06-23T18:14:51.181+0000 7f7ed6132700 1 -- 172.21.15.2:0/2065187913 >> [v2:172.21.15.2:3300/0,v1:172.21.15.2:6789/0] conn(0x7f7ed00ff5b0 msgr2=0x7f7ed00ff9c0 secure :-1 s=STATE_CONNECTION_ESTABLISHED l=1).mark_down
2023-06-23T18:14:51.239 INFO:teuthology.orchestra.run.smithi002.stderr:2023-06-23T18:14:51.181+0000 7f7ed6132700 1 --2- 172.21.15.2:0/2065187913 >> [v2:172.21.15.2:3300/0,v1:172.21.15.2:6789/0] conn(0x7f7ed00ff5b0 0x7f7ed00ff9c0 secure :-1 s=READY pgs=80 cs=0 l=1 rev1=1 crypto rx=0x7f7ec0009910 tx=0x7f7ec0009c20 comp rx=0 tx=0).stop
2023-06-23T18:14:51.239 INFO:teuthology.orchestra.run.smithi002.stderr:2023-06-23T18:14:51.181+0000 7f7ed6132700 1 -- 172.21.15.2:0/2065187913 shutdown_connections
2023-06-23T18:14:51.240 INFO:teuthology.orchestra.run.smithi002.stderr:2023-06-23T18:14:51.181+0000 7f7ed6132700 1 --2- 172.21.15.2:0/2065187913 >> [v2:172.21.15.2:3300/0,v1:172.21.15.2:6789/0] conn(0x7f7ed00ff5b0 0x7f7ed00ff9c0 unknown :-1 s=CLOSED pgs=80 cs=0 l=1 rev1=1 crypto rx=0 tx=0 comp rx=0 tx=0).stop
2023-06-23T18:14:51.240 INFO:teuthology.orchestra.run.smithi002.stderr:2023-06-23T18:14:51.181+0000 7f7ed6132700 1 -- 172.21.15.2:0/2065187913 >> 172.21.15.2:0/2065187913 conn(0x7f7ed00fab40 msgr2=0x7f7ed00fcf90 unknown :-1 s=STATE_NONE l=0).mark_down
2023-06-23T18:14:51.240 INFO:teuthology.orchestra.run.smithi002.stderr:2023-06-23T18:14:51.181+0000 7f7ed6132700 1 -- 172.21.15.2:0/2065187913 shutdown_connections
2023-06-23T18:14:51.240 INFO:teuthology.orchestra.run.smithi002.stderr:2023-06-23T18:14:51.181+0000 7f7ed6132700 1 -- 172.21.15.2:0/2065187913 wait complete.
2023-06-23T18:14:51.240 INFO:teuthology.orchestra.run.smithi002.stderr:2023-06-23T18:14:51.182+0000 7f7ed6132700 1 Processor -- start
2023-06-23T18:14:51.240 INFO:teuthology.orchestra.run.smithi002.stderr:2023-06-23T18:14:51.183+0000 7f7ed6132700 1 -- start start
2023-06-23T18:14:51.241 INFO:teuthology.orchestra.run.smithi002.stderr:2023-06-23T18:14:51.183+0000 7f7ed6132700 1 --2- >> [v2:172.21.15.2:3300/0,v1:172.21.15.2:6789/0] conn(0x7f7ed00ff5b0 0x7f7ed0194630 unknown :-1 s=NONE pgs=0 cs=0 l=1 rev1=0 crypto rx=0 tx=0 comp rx=0 tx=0).connect
2023-06-23T18:14:51.241 INFO:teuthology.orchestra.run.smithi002.stderr:2023-06-23T18:14:51.183+0000 7f7ed6132700 1 -- --> [v2:172.21.15.2:3300/0,v1:172.21.15.2:6789/0] -- mon_getmap magic: 0 v1 -- 0x7f7ed0194b70 con 0x7f7ed00ff5b0
2023-06-23T18:14:51.241 INFO:teuthology.orchestra.run.smithi002.stderr:2023-06-23T18:14:51.183+0000 7f7ecf7fe700 1 --2- >> [v2:172.21.15.2:3300/0,v1:172.21.15.2:6789/0] conn(0x7f7ed00ff5b0 0x7f7ed0194630 unknown :-1 s=BANNER_CONNECTING pgs=0 cs=0 l=1 rev1=0 crypto rx=0 tx=0 comp rx=0 tx=0)._handle_peer_banner_payload supported=3 required=0
