2023-06-23T18:15:58.403+0000 7fdf630f6700 1 --2- >> [v2:172.21.15.26:3300/0,v1:172.21.15.26:6789/0] conn(0x7fdf5c105f60 0x7fdf5c199070 unknown :-1 s=NONE pgs=0 cs=0 l=1 rev1=0 crypto rx=0 tx=0 comp rx=0 tx=0).connect
2023-06-23T18:15:59.236 INFO:teuthology.orchestra.run.smithi026.stdout:/usr/bin/ceph: stderr
2023-06-23T18:15:58.403+0000 7fdf630f6700 1 -- --> [v2:172.21.15.26:3300/0,v1:172.21.15.26:6789/0] -- mon_getmap magic: 0 v1 -- 0x7fdf5c1995b0 con 0x7fdf5c105f60
2023-06-23T18:15:59.237 INFO:teuthology.orchestra.run.smithi026.stdout:/usr/bin/ceph: stderr
2023-06-23T18:15:58.403+0000 7fdf60e92700 1 --2- >> [v2:172.21.15.26:3300/0,v1:172.21.15.26:6789/0] conn(0x7fdf5c105f60 0x7fdf5c199070 unknown :-1 s=BANNER_CONNECTING pgs=0 cs=0 l=1 rev1=0 crypto rx=0 tx=0 comp rx=0 tx=0)._handle_peer_banner_payload supported=3 required=0
2023-06-23T18:15:59.237 INFO:teuthology.orchestra.run.smithi026.stdout:/usr/bin/ceph: stderr
2023-06-23T18:15:58.403+0000 7fdf60e92700 1 --2- >> [v2:172.21.15.26:3300/0,v1:172.21.15.26:6789/0] conn(0x7fdf5c105f60 0x7fdf5c199070 unknown :-1 s=HELLO_CONNECTING pgs=0 cs=0 l=1 rev1=1 crypto rx=0 tx=0 comp rx=0 tx=0).handle_hello peer v2:172.21.15.26:3300/0 says I am v2:172.21.15.26:58898/0 (socket says 172.21.15.26:58898)
2023-06-23T18:15:59.237 INFO:teuthology.orchestra.run.smithi026.stdout:/usr/bin/ceph: stderr
2023-06-23T18:15:58.403+0000 7fdf60e92700 1 -- 172.21.15.26:0/1811923015 learned_addr learned my addr 172.21.15.26:0/1811923015 (peer_addr_for_me v2:172.21.15.26:0/0)
2023-06-23T18:15:59.237 INFO:teuthology.orchestra.run.smithi026.stdout:/usr/bin/ceph: stderr
2023-06-23T18:15:58.403+0000 7fdf60e92700 1 -- 172.21.15.26:0/1811923015 --> [v2:172.21.15.26:3300/0,v1:172.21.15.26:6789/0] -- mon_subscribe({config=0+,monmap=0+}) v3 -- 0x7fdf50009550 con 0x7fdf5c105f60
2023-06-23T18:15:59.237 INFO:teuthology.orchestra.run.smithi026.stdout:/usr/bin/ceph: stderr
2023-06-23T18:15:58.403+0000 7fdf60e92700 1 --2- 172.21.15.26:0/1811923015 >> [v2:172.21.15.26:3300/0,v1:172.21.15.26:6789/0] conn(0x7fdf5c105f60 0x7fdf5c199070 secure :-1 s=READY pgs=38 cs=0 l=1 rev1=1 crypto rx=0x7fdf50009130 tx=0x7fdf50011ad0 comp rx=0 tx=0).ready entity=mon.0 client_cookie=0 server_cookie=0 in_seq=0 out_seq=0
2023-06-23T18:15:59.237 INFO:teuthology.orchestra.run.smithi026.stdout:/usr/bin/ceph: stderr
2023-06-23T18:15:58.403+0000 7fdf59ffb700 1 -- 172.21.15.26:0/1811923015 <== mon.0 v2:172.21.15.26:3300/0 1 ==== mon_map magic: 0 v1 ==== 205+0+0 (secure 0 0 0) 0x7fdf50003ab0 con 0x7fdf5c105f60
2023-06-23T18:15:59.237 INFO:teuthology.orchestra.run.smithi026.stdout:/usr/bin/ceph: stderr
2023-06-23T18:15:58.403+0000 7fdf59ffb700 1 -- 172.21.15.26:0/1811923015 <== mon.0 v2:172.21.15.26:3300/0 2 ==== config(26 keys) v1 ==== 1074+0+0 (secure 0 0 0) 0x7fdf50003c10 con 0x7fdf5c105f60
2023-06-23T18:15:59.238 INFO:teuthology.orchestra.run.smithi026.stdout:/usr/bin/ceph: stderr
2023-06-23T18:15:58.403+0000 7fdf59ffb700 1 -- 172.21.15.26:0/1811923015 <== mon.0 v2:172.21.15.26:3300/0 3 ==== mon_map magic: 0 v1 ==== 205+0+0 (secure 0 0 0) 0x7fdf500247d0 con 0x7fdf5c105f60
2023-06-23T18:15:59.238 INFO:teuthology.orchestra.run.smithi026.stdout:/usr/bin/ceph: stderr
2023-06-23T18:15:58.403+0000 7fdf630f6700 1 -- 172.21.15.26:0/1811923015 --> [v2:172.21.15.26:3300/0,v1:172.21.15.26:6789/0] -- mon_subscribe({mgrmap=0+}) v3 -- 0x7fdf5c199810 con 0x7fdf5c105f60
2023-06-23T18:15:59.238 INFO:teuthology.orchestra.run.smithi026.stdout:/usr/bin/ceph: stderr
2023-06-23T18:15:58.404+0000 7fdf630f6700 1 -- 172.21.15.26:0/1811923015 --> [v2:172.21.15.26:3300/0,v1:172.21.15.26:6789/0] -- mon_subscribe({osdmap=0}) v3 -- 0x7fdf5c199c90 con 0x7fdf5c105f60
2023-06-23T18:15:59.238 INFO:teuthology.orchestra.run.smithi026.stdout:/usr/bin/ceph: stderr
2023-06-23T18:15:58.404+0000 7fdf59ffb700 1 -- 172.21.15.26:0/1811923015 <== mon.0 v2:172.21.15.26:3300/0 4 ==== mgrmap(e 7) v1 ==== 45377+0+0 (secure 0 0 0) 0x7fdf5001abb0 con 0x7fdf5c105f60
2023-06-23T18:15:59.238 INFO:teuthology.orchestra.run.smithi026.stdout:/usr/bin/ceph: stderr
2023-06-23T18:15:58.404+0000 7fdf59ffb700 1 --2- 172.21.15.26:0/1811923015 >> [v2:172.21.15.26:6800/1250869388,v1:172.21.15.26:6801/1250869388] conn(0x7fdf4c0386f0 0x7fdf4c03aba0 unknown :-1 s=NONE pgs=0 cs=0 l=1 rev1=0 crypto rx=0 tx=0 comp rx=0 tx=0).connect
2023-06-23T18:15:59.238 INFO:teuthology.orchestra.run.smithi026.stdout:/usr/bin/ceph: stderr
2023-06-23T18:15:58.405+0000 7fdf59ffb700 1 -- 172.21.15.26:0/1811923015 <== mon.0 v2:172.21.15.26:3300/0 5 ==== osd_map(2..2 src has 1..2) v4 ==== 940+0+0 (secure 0 0 0) 0x7fdf5004c600 con 0x7fdf5c105f60
2023-06-23T18:15:59.238 INFO:teuthology.orchestra.run.smithi026.stdout:/usr/bin/ceph: stderr
2023-06-23T18:15:58.405+0000 7fdf630f6700 1 -- 172.21.15.26:0/1811923015 --> [v2:172.21.15.26:3300/0,v1:172.21.15.26:6789/0] -- mon_command({"prefix": "get_command_descriptions"} v 0) v1 -- 0x7fdf5c109480 con 0x7fdf5c105f60
2023-06-23T18:15:59.239 INFO:teuthology.orchestra.run.smithi026.stdout:/usr/bin/ceph: stderr
2023-06-23T18:15:58.405+0000 7fdf5bfff700 1 --2- 172.21.15.26:0/1811923015 >> [v2:172.21.15.26:6800/1250869388,v1:172.21.15.26:6801/1250869388] conn(0x7fdf4c0386f0 0x7fdf4c03aba0 unknown :-1 s=BANNER_CONNECTING pgs=0 cs=0 l=1 rev1=0 crypto rx=0 tx=0 comp rx=0 tx=0)._handle_peer_banner_payload supported=3 required=0
2023-06-23T18:15:59.239 INFO:teuthology.orchestra.run.smithi026.stdout:/usr/bin/ceph: stderr
2023-06-23T18:15:58.405+0000 7fdf5bfff700 1 --2- 172.21.15.26:0/1811923015 >> [v2:172.21.15.26:6800/1250869388,v1:172.21.15.26:6801/1250869388] conn(0x7fdf4c0386f0 0x7fdf4c03aba0 secure :-1 s=READY pgs=7 cs=0 l=1 rev1=1 crypto rx=0x7fdf48006fd0 tx=0x7fdf48006e40 comp rx=0 tx=0).ready entity=mgr.14120 client_cookie=0 server_cookie=0 in_seq=0 out_seq=0
2023-06-23T18:15:59.239 INFO:teuthology.orchestra.run.smithi026.stdout:/usr/bin/ceph: stderr
2023-06-23T18:15:58.410+0000 7fdf59ffb700 1 -- 172.21.15.26:0/1811923015 <== mon.0 v2:172.21.15.26:3300/0 6 ==== mon_command_ack([{"prefix": "get_command_descriptions"}]=0 v0) v1 ==== 72+0+178008 (secure 0 0 0) 0x7fdf5002d3f0 con 0x7fdf5c105f60
2023-06-23T18:15:59.239 INFO:teuthology.orchestra.run.smithi026.stdout:/usr/bin/ceph: stderr
2023-06-23T18:15:58.490+0000 7fdf59ffb700 1 -- 172.21.15.26:0/1811923015 <== mon.0 v2:172.21.15.26:3300/0 7 ==== mgrmap(e 8) v1 ==== 45483+0+0 (secure 0 0 0) 0x7fdf5002d770 con 0x7fdf5c105f60
2023-06-23T18:15:59.239 INFO:teuthology.orchestra.run.smithi026.stdout:/usr/bin/ceph: stderr
2023-06-23T18:15:58.799+0000 7fdf630f6700 1 -- 172.21.15.26:0/1811923015 --> [v2:172.21.15.26:6800/1250869388,v1:172.21.15.26:6801/1250869388] -- mgr_command(tid 0: {"prefix": "orch set backend", "module_name": "cephadm", "target": ["mon-mgr", ""]}) v1 -- 0x7fdf5c100df0 con 0x7fdf4c0386f0
2023-06-23T18:15:59.239 INFO:teuthology.orchestra.run.smithi026.stdout:/usr/bin/ceph: stderr
2023-06-23T18:15:58.806+0000 7fdf59ffb700 1 -- 172.21.15.26:0/1811923015 <== mgr.14120 v2:172.21.15.26:6800/1250869388 1 ==== mgr_command_reply(tid 0: 0 ) v1 ==== 8+0+0 (secure 0 0 0) 0x7fdf5c100df0 con 0x7fdf4c0386f0
2023-06-23T18:15:59.239 INFO:teuthology.orchestra.run.smithi026.stdout:/usr/bin/ceph: stderr
2023-06-23T18:15:58.808+0000 7fdf630f6700 1 -- 172.21.15.26:0/1811923015 >> [v2:172.21.15.26:6800/1250869388,v1:172.21.15.26:6801/1250869388] conn(0x7fdf4c0386f0 msgr2=0x7fdf4c03aba0 secure :-1 s=STATE_CONNECTION_ESTABLISHED l=1).mark_down
2023-06-23T18:15:59.240 INFO:teuthology.orchestra.run.smithi026.stdout:/usr/bin/ceph: stderr
2023-06-23T18:15:58.808+0000 7fdf630f6700 1 --2- 172.21.15.26:0/1811923015 >> [v2:172.21.15.26:6800/1250869388,v1:172.21.15.26:6801/1250869388] conn(0x7fdf4c0386f0 0x7fdf4c03aba0 secure :-1 s=READY pgs=7 cs=0 l=1 rev1=1 crypto rx=0x7fdf48006fd0 tx=0x7fdf48006e40 comp rx=0 tx=0).stop
2023-06-23T18:15:59.240 INFO:teuthology.orchestra.run.smithi026.stdout:/usr/bin/ceph: stderr
2023-06-23T18:15:58.808+0000 7fdf630f6700 1 -- 172.21.15.26:0/1811923015 >> [v2:172.21.15.26:3300/0,v1:172.21.15.26:6789/0] conn(0x7fdf5c105f60 msgr2=0x7fdf5c199070 secure :-1 s=STATE_CONNECTION_ESTABLISHED l=1).mark_down
2023-06-23T18:15:59.240 INFO:teuthology.orchestra.run.smithi026.stdout:/usr/bin/ceph: stderr
2023-06-23T18:15:58.808+0000 7fdf630f6700 1 --2- 172.21.15.26:0/1811923015 >> [v2:172.21.15.26:3300/0,v1:172.21.15.26:6789/0] conn(0x7fdf5c105f60 0x7fdf5c199070 secure :-1 s=READY pgs=38 cs=0 l=1 rev1=1 crypto rx=0x7fdf50009130 tx=0x7fdf50011ad0 comp rx=0 tx=0).stop
2023-06-23T18:15:59.240 INFO:teuthology.orchestra.run.smithi026.stdout:/usr/bin/ceph: stderr
2023-06-23T18:15:58.808+0000 7fdf630f6700 1 -- 172.21.15.26:0/1811923015 shutdown_connections
2023-06-23T18:15:59.240 INFO:teuthology.orchestra.run.smithi026.stdout:/usr/bin/ceph: stderr
2023-06-23T18:15:58.808+0000 7fdf630f6700 1 --2- 172.21.15.26:0/1811923015 >> [v2:172.21.15.26:6800/1250869388,v1:172.21.15.26:6801/1250869388] conn(0x7fdf4c0386f0 0x7fdf4c03aba0 unknown :-1 s=CLOSED pgs=7 cs=0 l=1 rev1=1 crypto rx=0 tx=0 comp rx=0 tx=0).stop
2023-06-23T18:15:59.240 INFO:teuthology.orchestra.run.smithi026.stdout:/usr/bin/ceph: stderr
2023-06-23T18:15:58.808+0000 7fdf630f6700 1 --2- 172.21.15.26:0/1811923015 >> [v2:172.21.15.26:3300/0,v1:172.21.15.26:6789/0] conn(0x7fdf5c105f60 0x7fdf5c199070 unknown :-1 s=CLOSED pgs=38 cs=0 l=1 rev1=1 crypto rx=0 tx=0 comp rx=0 tx=0).stop
2023-06-23T18:15:59.240 INFO:teuthology.orchestra.run.smithi026.stdout:/usr/bin/ceph: stderr
2023-06-23T18:15:58.808+0000 7fdf630f6700 1 -- 172.21.15.26:0/1811923015 >> 172.21.15.26:0/1811923015 conn(0x7fdf5c0ff980 msgr2=0x7fdf5c1006e0 unknown :-1 s=STATE_NONE l=0).mark_down
2023-06-23T18:15:59.241 INFO:teuthology.orchestra.run.smithi026.stdout:/usr/bin/ceph: stderr
2023-06-23T18:15:58.809+0000 7fdf630f6700 1 -- 172.21.15.26:0/1811923015 shutdown_connections
2023-06-23T18:15:59.241 INFO:teuthology.orchestra.run.smithi026.stdout:/usr/bin/ceph: stderr
2023-06-23T18:15:58.809+0000 7fdf630f6700 1 -- 172.21.15.26:0/1811923015 wait complete.
2023-06-23T18:15:59.571 INFO:journalctl@ceph.mon.a.smithi026.stdout:Jun 23 18:15:59 smithi026 ceph-mon[95914]: [23/Jun/2023:18:15:57] ENGINE Bus STARTING
2023-06-23T18:15:59.571 INFO:journalctl@ceph.mon.a.smithi026.stdout:Jun 23 18:15:59 smithi026 ceph-mon[95914]: [23/Jun/2023:18:15:57] ENGINE Serving on http://172.21.15.26:8765
2023-06-23T18:15:59.571 INFO:journalctl@ceph.mon.a.smithi026.stdout:Jun 23 18:15:59 smithi026 ceph-mon[95914]: [23/Jun/2023:18:15:57] ENGINE Serving on https://172.21.15.26:7150
2023-06-23T18:15:59.571 INFO:journalctl@ceph.mon.a.smithi026.stdout:Jun 23 18:15:59 smithi026 ceph-mon[95914]: [23/Jun/2023:18:15:57] ENGINE Bus STARTED
2023-06-23T18:15:59.571 INFO:journalctl@ceph.mon.a.smithi026.stdout:Jun 23 18:15:59 smithi026 ceph-mon[95914]: mgrmap e8: x(active, since 2s)
2023-06-23T18:15:59.571 INFO:journalctl@ceph.mon.a.smithi026.stdout:Jun 23 18:15:59 smithi026 ceph-mon[95914]: from='mgr.14120 172.21.15.26:0/1171409273' entity='mgr.x'
2023-06-23T18:15:59.572 INFO:journalctl@ceph.mon.a.smithi026.stdout:Jun 23 18:15:59 smithi026 ceph-mon[95914]: from='mgr.14120 172.21.15.26:0/1171409273' entity='mgr.x' cmd=[{"prefix": "config dump", "format": "json"}]: dispatch
2023-06-23T18:16:00.481 INFO:teuthology.orchestra.run.smithi026.stdout:/usr/bin/ceph: stdout value unchanged
2023-06-23T18:16:00.481 INFO:teuthology.orchestra.run.smithi026.stdout:/usr/bin/ceph: stderr
2023-06-23T18:15:59.713+0000 7f935358f700 1 Processor -- start
2023-06-23T18:16:00.481 INFO:teuthology.orchestra.run.smithi026.stdout:/usr/bin/ceph: stderr
2023-06-23T18:15:59.714+0000 7f935358f700 1 -- start start
2023-06-23T18:16:00.481 INFO:teuthology.orchestra.run.smithi026.stdout:/usr/bin/ceph: stderr
2023-06-23T18:15:59.714+0000 7f935358f700 1 --2- >> [v2:172.21.15.26:3300/0,v1:172.21.15.26:6789/0] conn(0x7f934c105f50 0x7f934c108330 unknown :-1 s=NONE pgs=0 cs=0 l=0 rev1=0 crypto rx=0 tx=0 comp rx=0 tx=0).connect
2023-06-23T18:16:00.482 INFO:teuthology.orchestra.run.smithi026.stdout:/usr/bin/ceph: stderr
2023-06-23T18:15:59.714+0000 7f935358f700 1 -- --> [v2:172.21.15.26:3300/0,v1:172.21.15.26:6789/0] -- mon_getmap magic: 0 v1 -- 0x7f934c079d30 con 0x7f934c105f50
2023-06-23T18:16:00.482 INFO:teuthology.orchestra.run.smithi026.stdout:/usr/bin/ceph: stderr
2023-06-23T18:15:59.714+0000 7f935132b700 1 --2- >> [v2:172.21.15.26:3300/0,v1:172.21.15.26:6789/0] conn(0x7f934c105f50 0x7f934c108330 unknown :-1 s=BANNER_CONNECTING pgs=0 cs=0 l=0 rev1=0 crypto rx=0 tx=0 comp rx=0 tx=0)._handle_peer_banner_payload supported=3 required=0
2023-06-23T18:16:00.482 INFO:teuthology.orchestra.run.smithi026.stdout:/usr/bin/ceph: stderr
2023-06-23T18:15:59.714+0000 7f935132b700 1 --2- >> [v2:172.21.15.26:3300/0,v1:172.21.15.26:6789/0] conn(0x7f934c105f50 0x7f934c108330 unknown :-1 s=HELLO_CONNECTING pgs=0 cs=0 l=0 rev1=1 crypto rx=0 tx=0 comp rx=0 tx=0).handle_hello peer v2:172.21.15.26:3300/0 says I am v2:172.21.15.26:58902/0 (socket says 172.21.15.26:58902)
2023-06-23T18:16:00.482 INFO:teuthology.orchestra.run.smithi026.stdout:/usr/bin/ceph: stderr
2023-06-23T18:15:59.714+0000 7f935132b700 1 -- 172.21.15.26:0/2205550946 learned_addr learned my addr 172.21.15.26:0/2205550946 (peer_addr_for_me v2:172.21.15.26:0/0)
2023-06-23T18:16:00.482 INFO:teuthology.orchestra.run.smithi026.stdout:/usr/bin/ceph: stderr
2023-06-23T18:15:59.714+0000 7f935132b700 1 -- 172.21.15.26:0/2205550946 --> [v2:172.21.15.26:3300/0,v1:172.21.15.26:6789/0] -- mon_subscribe({config=0+,monmap=0+}) v3 -- 0x7f934c079e70 con 0x7f934c105f50
2023-06-23T18:16:00.482 INFO:teuthology.orchestra.run.smithi026.stdout:/usr/bin/ceph: stderr
2023-06-23T18:15:59.714+0000 7f935132b700 1 --2- 172.21.15.26:0/2205550946 >> [v2:172.21.15.26:3300/0,v1:172.21.15.26:6789/0] conn(0x7f934c105f50 0x7f934c108330 secure :-1 s=READY pgs=39 cs=0 l=1 rev1=1 crypto rx=0x7f93480098a0 tx=0x7f9348009bb0 comp rx=0 tx=0).ready entity=mon.0 client_cookie=7cbc995c1100726f server_cookie=0 in_seq=0 out_seq=0
2023-06-23T18:16:00.482 INFO:teuthology.orchestra.run.smithi026.stdout:/usr/bin/ceph: stderr
2023-06-23T18:15:59.715+0000 7f933ffff700 1 -- 172.21.15.26:0/2205550946 <== mon.0 v2:172.21.15.26:3300/0 1 ==== mon_map magic: 0 v1 ==== 205+0+0 (secure 0 0 0) 0x7f9348004160 con 0x7f934c105f50
2023-06-23T18:16:00.483 INFO:teuthology.orchestra.run.smithi026.stdout:/usr/bin/ceph: stderr
2023-06-23T18:15:59.715+0000 7f933ffff700 1 -- 172.21.15.26:0/2205550946 <== mon.0 v2:172.21.15.26:3300/0 2 ==== config(26 keys) v1 ==== 1074+0+0 (secure 0 0 0) 0x7f93480042c0 con 0x7f934c105f50
2023-06-23T18:16:00.483 INFO:teuthology.orchestra.run.smithi026.stdout:/usr/bin/ceph: stderr
2023-06-23T18:15:59.715+0000 7f933ffff700 1 -- 172.21.15.26:0/2205550946 <== mon.0 v2:172.21.15.26:3300/0 3 ==== mon_map magic: 0 v1 ==== 205+0+0 (secure 0 0 0) 0x7f9348011a00 con 0x7f934c105f50
2023-06-23T18:16:00.483 INFO:teuthology.orchestra.run.smithi026.stdout:/usr/bin/ceph: stderr
2023-06-23T18:15:59.715+0000 7f935358f700 1 -- 172.21.15.26:0/2205550946 >> [v2:172.21.15.26:3300/0,v1:172.21.15.26:6789/0] conn(0x7f934c105f50 msgr2=0x7f934c108330 secure :-1 s=STATE_CONNECTION_ESTABLISHED l=1).mark_down
2023-06-23T18:16:00.483 INFO:teuthology.orchestra.run.smithi026.stdout:/usr/bin/ceph: stderr
2023-06-23T18:15:59.715+0000 7f935358f700 1 --2- 172.21.15.26:0/2205550946 >> [v2:172.21.15.26:3300/0,v1:172.21.15.26:6789/0] conn(0x7f934c105f50 0x7f934c108330 secure :-1 s=READY pgs=39 cs=0 l=1 rev1=1 crypto rx=0x7f93480098a0 tx=0x7f9348009bb0 comp rx=0 tx=0).stop
2023-06-23T18:16:00.483 INFO:teuthology.orchestra.run.smithi026.stdout:/usr/bin/ceph: stderr
2023-06-23T18:15:59.715+0000 7f935358f700 1 -- 172.21.15.26:0/2205550946 shutdown_connections
2023-06-23T18:16:00.483 INFO:teuthology.orchestra.run.smithi026.stdout:/usr/bin/ceph: stderr
2023-06-23T18:15:59.715+0000 7f935358f700 1 --2- 172.21.15.26:0/2205550946 >> [v2:172.21.15.26:3300/0,v1:172.21.15.26:6789/0] conn(0x7f934c105f50 0x7f934c108330 unknown :-1 s=CLOSED pgs=39 cs=0 l=1 rev1=1 crypto rx=0 tx=0 comp rx=0 tx=0).stop
2023-06-23T18:16:00.483 INFO:teuthology.orchestra.run.smithi026.stdout:/usr/bin/ceph: stderr
2023-06-23T18:15:59.715+0000 7f935358f700 1 -- 172.21.15.26:0/2205550946 >> 172.21.15.26:0/2205550946 conn(0x7f934c0ff9b0 msgr2=0x7f934c101dc0 unknown :-1 s=STATE_NONE l=0).mark_down
2023-06-23T18:16:00.483 INFO:teuthology.orchestra.run.smithi026.stdout:/usr/bin/ceph: stderr
2023-06-23T18:15:59.715+0000 7f935358f700 1 -- 172.21.15.26:0/2205550946 shutdown_connections
2023-06-23T18:16:00.484 INFO:teuthology.orchestra.run.smithi026.stdout:/usr/bin/ceph: stderr
2023-06-23T18:15:59.715+0000 7f935358f700 1 -- 172.21.15.26:0/2205550946 wait complete.
2023-06-23T18:16:00.484 INFO:teuthology.orchestra.run.smithi026.stdout:/usr/bin/ceph: stderr
2023-06-23T18:15:59.716+0000 7f935358f700 1 Processor -- start
2023-06-23T18:16:00.484 INFO:teuthology.orchestra.run.smithi026.stdout:/usr/bin/ceph: stderr
2023-06-23T18:15:59.716+0000 7f935358f700 1 -- start start
2023-06-23T18:16:00.484 INFO:teuthology.orchestra.run.smithi026.stdout:/usr/bin/ceph: stderr
2023-06-23T18:15:59.716+0000 7f935358f700 1 --2- >> [v2:172.21.15.26:3300/0,v1:172.21.15.26:6789/0] conn(0x7f934c105f50 0x7f934c1058b0 unknown :-1 s=NONE pgs=0 cs=0 l=1 rev1=0 crypto rx=0 tx=0 comp rx=0 tx=0).connect
2023-06-23T18:16:00.484 INFO:teuthology.orchestra.run.smithi026.stdout:/usr/bin/ceph: stderr
2023-06-23T18:15:59.716+0000 7f935358f700 1 -- --> [v2:172.21.15.26:3300/0,v1:172.21.15.26:6789/0] -- mon_getmap magic: 0 v1 -- 0x7f934c105df0 con 0x7f934c105f50
2023-06-23T18:16:00.484 INFO:teuthology.orchestra.run.smithi026.stdout:/usr/bin/ceph: stderr
2023-06-23T18:15:59.716+0000 7f935132b700 1 --2- >> [v2:172.21.15.26:3300/0,v1:172.21.15.26:6789/0] conn(0x7f934c105f50 0x7f934c1058b0 unknown :-1 s=BANNER_CONNECTING pgs=0 cs=0 l=1 rev1=0 crypto rx=0 tx=0 comp rx=0 tx=0)._handle_peer_banner_payload supported=3 required=0
2023-06-23T18:16:00.484 INFO:teuthology.orchestra.run.smithi026.stdout:/usr/bin/ceph: stderr
2023-06-23T18:15:59.716+0000 7f935132b700 1 --2- >> [v2:172.21.15.26:3300/0,v1:172.21.15.26:6789/0] conn(0x7f934c105f50 0x7f934c1058b0 unknown :-1 s=HELLO_CONNECTING pgs=0 cs=0 l=1 rev1=1 crypto rx=0 tx=0 comp rx=0 tx=0).handle_hello peer v2:172.21.15.26:3300/0 says I am v2:172.21.15.26:58904/0 (socket says 172.21.15.26:58904)
2023-06-23T18:16:00.485 INFO:teuthology.orchestra.run.smithi026.stdout:/usr/bin/ceph: stderr
2023-06-23T18:15:59.716+0000 7f935132b700 1 -- 172.21.15.26:0/1032312268 learned_addr learned my addr 172.21.15.26:0/1032312268 (peer_addr_for_me v2:172.21.15.26:0/0)
2023-06-23T18:16:00.485 INFO:teuthology.orchestra.run.smithi026.stdout:/usr/bin/ceph: stderr
2023-06-23T18:15:59.717+0000 7f935132b700 1 -- 172.21.15.26:0/1032312268 --> [v2:172.21.15.26:3300/0,v1:172.21.15.26:6789/0] -- mon_subscribe({config=0+,monmap=0+}) v3 -- 0x7f9348009550 con 0x7f934c105f50
2023-06-23T18:16:00.485 INFO:teuthology.orchestra.run.smithi026.stdout:/usr/bin/ceph: stderr
2023-06-23T18:15:59.717+0000 7f935132b700 1 --2- 172.21.15.26:0/1032312268 >> [v2:172.21.15.26:3300/0,v1:172.21.15.26:6789/0] conn(0x7f934c105f50 0x7f934c1058b0 secure :-1 s=READY pgs=40 cs=0 l=1 rev1=1 crypto rx=0x7f9348009130 tx=0x7f9348011ad0 comp rx=0 tx=0).ready entity=mon.0 client_cookie=0 server_cookie=0 in_seq=0 out_seq=0
2023-06-23T18:16:00.485 INFO:teuthology.orchestra.run.smithi026.stdout:/usr/bin/ceph: stderr
2023-06-23T18:15:59.717+0000 7f933e7fc700 1 -- 172.21.15.26:0/1032312268 <== mon.0 v2:172.21.15.26:3300/0 1 ==== mon_map magic: 0 v1 ==== 205+0+0 (secure 0 0 0) 0x7f9348003ab0 con 0x7f934c105f50
2023-06-23T18:16:00.485 INFO:teuthology.orchestra.run.smithi026.stdout:/usr/bin/ceph: stderr
2023-06-23T18:15:59.717+0000 7f933e7fc700 1 -- 172.21.15.26:0/1032312268 <== mon.0 v2:172.21.15.26:3300/0 2 ==== config(26 keys) v1 ==== 1074+0+0 (secure 0 0 0) 0x7f9348003c10 con 0x7f934c105f50
2023-06-23T18:16:00.485 INFO:teuthology.orchestra.run.smithi026.stdout:/usr/bin/ceph: stderr
2023-06-23T18:15:59.717+0000 7f935358f700 1 -- 172.21.15.26:0/1032312268 --> [v2:172.21.15.26:3300/0,v1:172.21.15.26:6789/0] -- mon_subscribe({mgrmap=0+}) v3 -- 0x7f934c103f60 con 0x7f934c105f50
2023-06-23T18:16:00.485 INFO:teuthology.orchestra.run.smithi026.stdout:/usr/bin/ceph: stderr
2023-06-23T18:15:59.717+0000 7f933e7fc700 1 -- 172.21.15.26:0/1032312268 <== mon.0 v2:172.21.15.26:3300/0 3 ==== mon_map magic: 0 v1 ==== 205+0+0 (secure 0 0 0) 0x7f93480247d0 con 0x7f934c105f50
2023-06-23T18:16:00.485 INFO:teuthology.orchestra.run.smithi026.stdout:/usr/bin/ceph: stderr
2023-06-23T18:15:59.717+0000 7f935358f700 1 -- 172.21.15.26:0/1032312268 --> [v2:172.21.15.26:3300/0,v1:172.21.15.26:6789/0] -- mon_subscribe({osdmap=0}) v3 -- 0x7f934c1043e0 con 0x7f934c105f50
2023-06-23T18:16:00.486 INFO:teuthology.orchestra.run.smithi026.stdout:/usr/bin/ceph: stderr
2023-06-23T18:15:59.718+0000 7f933e7fc700 1 -- 172.21.15.26:0/1032312268 <== mon.0 v2:172.21.15.26:3300/0 4 ==== mgrmap(e 8) v1 ==== 45483+0+0 (secure 0 0 0) 0x7f934802d3f0 con 0x7f934c105f50
2023-06-23T18:16:00.486 INFO:teuthology.orchestra.run.smithi026.stdout:/usr/bin/ceph: stderr
2023-06-23T18:15:59.718+0000 7f933e7fc700 1 --2- 172.21.15.26:0/1032312268 >> [v2:172.21.15.26:6800/1250869388,v1:172.21.15.26:6801/1250869388] conn(0x7f9338038820 0x7f933803acd0 unknown :-1 s=NONE pgs=0 cs=0 l=1 rev1=0 crypto rx=0 tx=0 comp rx=0 tx=0).connect
2023-06-23T18:16:00.486 INFO:teuthology.orchestra.run.smithi026.stdout:/usr/bin/ceph: stderr
2023-06-23T18:15:59.718+0000 7f933e7fc700 1 -- 172.21.15.26:0/1032312268 <== mon.0 v2:172.21.15.26:3300/0 5 ==== osd_map(2..2 src has 1..2) v4 ==== 940+0+0 (secure 0 0 0) 0x7f934804c8b0 con 0x7f934c105f50
2023-06-23T18:16:00.486 INFO:teuthology.orchestra.run.smithi026.stdout:/usr/bin/ceph: stderr
2023-06-23T18:15:59.718+0000 7f935358f700 1 -- 172.21.15.26:0/1032312268 --> [v2:172.21.15.26:3300/0,v1:172.21.15.26:6789/0] -- mon_command({"prefix": "get_command_descriptions"} v 0) v1 -- 0x7f934c109470 con 0x7f934c105f50
2023-06-23T18:16:00.486 INFO:teuthology.orchestra.run.smithi026.stdout:/usr/bin/ceph: stderr
2023-06-23T18:15:59.718+0000 7f9350b2a700 1 --2- 172.21.15.26:0/1032312268 >> [v2:172.21.15.26:6800/1250869388,v1:172.21.15.26:6801/1250869388] conn(0x7f9338038820 0x7f933803acd0 unknown :-1 s=BANNER_CONNECTING pgs=0 cs=0 l=1 rev1=0 crypto rx=0 tx=0 comp rx=0 tx=0)._handle_peer_banner_payload supported=3 required=0
2023-06-23T18:16:00.486 INFO:teuthology.orchestra.run.smithi026.stdout:/usr/bin/ceph: stderr
2023-06-23T18:15:59.719+0000 7f9350b2a700 1 --2- 172.21.15.26:0/1032312268 >> [v2:172.21.15.26:6800/1250869388,v1:172.21.15.26:6801/1250869388] conn(0x7f9338038820 0x7f933803acd0 secure :-1 s=READY pgs=8 cs=0 l=1 rev1=1 crypto rx=0x7f9340006fd0 tx=0x7f9340006e40 comp rx=0 tx=0).ready entity=mgr.14120 client_cookie=0 server_cookie=0 in_seq=0 out_seq=0
2023-06-23T18:16:00.486 INFO:teuthology.orchestra.run.smithi026.stdout:/usr/bin/ceph: stderr
2023-06-23T18:15:59.723+0000 7f933e7fc700 1 -- 172.21.15.26:0/1032312268 <== mon.0 v2:172.21.15.26:3300/0 6 ==== mon_command_ack([{"prefix": "get_command_descriptions"}]=0 v0) v1 ==== 72+0+178008 (secure 0 0 0) 0x7f9348010740 con 0x7f934c105f50
2023-06-23T18:16:00.487 INFO:teuthology.orchestra.run.smithi026.stdout:/usr/bin/ceph: stderr
2023-06-23T18:16:00.081+0000 7f935358f700 1 -- 172.21.15.26:0/1032312268 --> [v2:172.21.15.26:6800/1250869388,v1:172.21.15.26:6801/1250869388] -- mgr_command(tid 0: {"prefix": "cephadm set-user", "user": "root", "target": ["mon-mgr", ""]}) v1 -- 0x7f934c100e40 con 0x7f9338038820
2023-06-23T18:16:00.487 INFO:teuthology.orchestra.run.smithi026.stdout:/usr/bin/ceph: stderr
2023-06-23T18:16:00.082+0000 7f933e7fc700 1 -- 172.21.15.26:0/1032312268 <== mgr.14120 v2:172.21.15.26:6800/1250869388 1 ==== mgr_command_reply(tid 0: 0 ) v1 ==== 8+0+16 (secure 0 0 0) 0x7f934c100e40 con 0x7f9338038820
2023-06-23T18:16:00.487 INFO:teuthology.orchestra.run.smithi026.stdout:/usr/bin/ceph: stderr
2023-06-23T18:16:00.084+0000 7f935358f700 1 -- 172.21.15.26:0/1032312268 >> [v2:172.21.15.26:6800/1250869388,v1:172.21.15.26:6801/1250869388] conn(0x7f9338038820 msgr2=0x7f933803acd0 secure :-1 s=STATE_CONNECTION_ESTABLISHED l=1).mark_down
2023-06-23T18:16:00.487 INFO:teuthology.orchestra.run.smithi026.stdout:/usr/bin/ceph: stderr
2023-06-23T18:16:00.084+0000 7f935358f700 1 --2- 172.21.15.26:0/1032312268 >> [v2:172.21.15.26:6800/1250869388,v1:172.21.15.26:6801/1250869388] conn(0x7f9338038820 0x7f933803acd0 secure :-1 s=READY pgs=8 cs=0 l=1 rev1=1 crypto rx=0x7f9340006fd0 tx=0x7f9340006e40 comp rx=0 tx=0).stop
2023-06-23T18:16:00.487 INFO:teuthology.orchestra.run.smithi026.stdout:/usr/bin/ceph: stderr
2023-06-23T18:16:00.084+0000 7f935358f700 1 -- 172.21.15.26:0/1032312268 >> [v2:172.21.15.26:3300/0,v1:172.21.15.26:6789/0] conn(0x7f934c105f50 msgr2=0x7f934c1058b0 secure :-1 s=STATE_CONNECTION_ESTABLISHED l=1).mark_down
2023-06-23T18:16:00.487 INFO:teuthology.orchestra.run.smithi026.stdout:/usr/bin/ceph: stderr
2023-06-23T18:16:00.084+0000 7f935358f700 1 --2- 172.21.15.26:0/1032312268 >> [v2:172.21.15.26:3300/0,v1:172.21.15.26:6789/0] conn(0x7f934c105f50 0x7f934c1058b0 secure :-1 s=READY pgs=40 cs=0 l=1 rev1=1 crypto rx=0x7f9348009130 tx=0x7f9348011ad0 comp rx=0 tx=0).stop
2023-06-23T18:16:00.487 INFO:teuthology.orchestra.run.smithi026.stdout:/usr/bin/ceph: stderr
2023-06-23T18:16:00.085+0000 7f935358f700 1 -- 172.21.15.26:0/1032312268 shutdown_connections
2023-06-23T18:16:00.488 INFO:teuthology.orchestra.run.smithi026.stdout:/usr/bin/ceph: stderr
2023-06-23T18:16:00.085+0000 7f935358f700 1 --2- 172.21.15.26:0/1032312268 >> [v2:172.21.15.26:6800/1250869388,v1:172.21.15.26:6801/1250869388] conn(0x7f9338038820 0x7f933803acd0 unknown :-1 s=CLOSED pgs=8 cs=0 l=1 rev1=1 crypto rx=0 tx=0 comp rx=0 tx=0).stop
2023-06-23T18:16:00.488 INFO:teuthology.orchestra.run.smithi026.stdout:/usr/bin/ceph: stderr
2023-06-23T18:16:00.085+0000 7f935358f700 1 --2- 172.21.15.26:0/1032312268 >> [v2:172.21.15.26:3300/0,v1:172.21.15.26:6789/0] conn(0x7f934c105f50 0x7f934c1058b0 unknown :-1 s=CLOSED pgs=40 cs=0 l=1 rev1=1 crypto rx=0 tx=0 comp rx=0 tx=0).stop
2023-06-23T18:16:00.488 INFO:teuthology.orchestra.run.smithi026.stdout:/usr/bin/ceph: stderr
2023-06-23T18:16:00.085+0000 7f935358f700 1 -- 172.21.15.26:0/1032312268 >> 172.21.15.26:0/1032312268 conn(0x7f934c0ff9b0 msgr2=0x7f934c100730 unknown :-1 s=STATE_NONE l=0).mark_down
2023-06-23T18:16:00.488 INFO:teuthology.orchestra.run.smithi026.stdout:/usr/bin/ceph: stderr
2023-06-23T18:16:00.085+0000 7f935358f700 1 -- 172.21.15.26:0/1032312268 shutdown_connections
2023-06-23T18:16:00.488 INFO:teuthology.orchestra.run.smithi026.stdout:/usr/bin/ceph: stderr
2023-06-23T18:16:00.085+0000 7f935358f700 1 -- 172.21.15.26:0/1032312268 wait complete.
2023-06-23T18:16:00.488 INFO:teuthology.orchestra.run.smithi026.stdout:Generating ssh key...
2023-06-23T18:16:00.735 INFO:journalctl@ceph.mon.a.smithi026.stdout:Jun 23 18:16:00 smithi026 ceph-mon[95914]: from='client.14132 -' entity='client.admin' cmd=[{"prefix": "orch set backend", "module_name": "cephadm", "target": ["mon-mgr", ""]}]: dispatch
2023-06-23T18:16:01.820 INFO:journalctl@ceph.mon.a.smithi026.stdout:Jun 23 18:16:01 smithi026 ceph-mon[95914]: from='client.14134 -' entity='client.admin' cmd=[{"prefix": "cephadm set-user", "user": "root", "target": ["mon-mgr", ""]}]: dispatch
2023-06-23T18:16:02.228 INFO:teuthology.orchestra.run.smithi026.stdout:/usr/bin/ceph: stderr
2023-06-23T18:16:00.983+0000 7f43a5999700 1 Processor -- start
2023-06-23T18:16:02.228 INFO:teuthology.orchestra.run.smithi026.stdout:/usr/bin/ceph: stderr
2023-06-23T18:16:00.983+0000 7f43a5999700 1 -- start start
2023-06-23T18:16:02.229 INFO:teuthology.orchestra.run.smithi026.stdout:/usr/bin/ceph: stderr
2023-06-23T18:16:00.983+0000 7f43a5999700 1 --2- >> [v2:172.21.15.26:3300/0,v1:172.21.15.26:6789/0] conn(0x7f43a0105f10 0x7f43a01082f0 unknown :-1 s=NONE pgs=0 cs=0 l=0 rev1=0 crypto rx=0 tx=0 comp rx=0 tx=0).connect
2023-06-23T18:16:02.229 INFO:teuthology.orchestra.run.smithi026.stdout:/usr/bin/ceph: stderr
2023-06-23T18:16:00.983+0000 7f43a5999700 1 -- --> [v2:172.21.15.26:3300/0,v1:172.21.15.26:6789/0] -- mon_getmap magic: 0 v1 -- 0x7f43a0079d70 con 0x7f43a0105f10
2023-06-23T18:16:02.229 INFO:teuthology.orchestra.run.smithi026.stdout:/usr/bin/ceph: stderr
2023-06-23T18:16:00.983+0000 7f439effd700 1 --2- >> [v2:172.21.15.26:3300/0,v1:172.21.15.26:6789/0] conn(0x7f43a0105f10 0x7f43a01082f0 unknown :-1 s=BANNER_CONNECTING pgs=0 cs=0 l=0 rev1=0 crypto rx=0 tx=0 comp rx=0 tx=0)._handle_peer_banner_payload supported=3 required=0
2023-06-23T18:16:02.229 INFO:teuthology.orchestra.run.smithi026.stdout:/usr/bin/ceph: stderr
2023-06-23T18:16:00.983+0000 7f439effd700 1 --2- >> [v2:172.21.15.26:3300/0,v1:172.21.15.26:6789/0] conn(0x7f43a0105f10 0x7f43a01082f0 unknown :-1 s=HELLO_CONNECTING pgs=0 cs=0 l=0 rev1=1 crypto rx=0 tx=0 comp rx=0 tx=0).handle_hello peer v2:172.21.15.26:3300/0 says I am v2:172.21.15.26:58908/0 (socket says 172.21.15.26:58908)
2023-06-23T18:16:02.230 INFO:teuthology.orchestra.run.smithi026.stdout:/usr/bin/ceph: stderr
2023-06-23T18:16:00.983+0000 7f439effd700 1 -- 172.21.15.26:0/179643740 learned_addr learned my addr 172.21.15.26:0/179643740 (peer_addr_for_me v2:172.21.15.26:0/0)
2023-06-23T18:16:02.230 INFO:teuthology.orchestra.run.smithi026.stdout:/usr/bin/ceph: stderr
2023-06-23T18:16:00.983+0000 7f439effd700 1 -- 172.21.15.26:0/179643740 --> [v2:172.21.15.26:3300/0,v1:172.21.15.26:6789/0] -- mon_subscribe({config=0+,monmap=0+}) v3 -- 0x7f43a0079eb0 con 0x7f43a0105f10
2023-06-23T18:16:02.230 INFO:teuthology.orchestra.run.smithi026.stdout:/usr/bin/ceph: stderr
2023-06-23T18:16:00.984+0000 7f439effd700 1 --2- 172.21.15.26:0/179643740 >> [v2:172.21.15.26:3300/0,v1:172.21.15.26:6789/0] conn(0x7f43a0105f10 0x7f43a01082f0 secure :-1 s=READY pgs=41 cs=0 l=1 rev1=1 crypto rx=0x7f43940098a0 tx=0x7f4394009bb0 comp rx=0 tx=0).ready entity=mon.0 client_cookie=e0fbe6b6efe3cd2a server_cookie=0 in_seq=0 out_seq=0
2023-06-23T18:16:02.230 INFO:teuthology.orchestra.run.smithi026.stdout:/usr/bin/ceph: stderr
2023-06-23T18:16:00.984+0000 7f439dffb700 1 -- 172.21.15.26:0/179643740 <== mon.0 v2:172.21.15.26:3300/0 1 ==== mon_map magic: 0 v1 ==== 205+0+0 (secure 0 0 0) 0x7f4394004160 con 0x7f43a0105f10
2023-06-23T18:16:02.231 INFO:teuthology.orchestra.run.smithi026.stdout:/usr/bin/ceph: stderr
2023-06-23T18:16:00.984+0000 7f439dffb700 1 -- 172.21.15.26:0/179643740 <== mon.0 v2:172.21.15.26:3300/0 2 ==== config(26 keys) v1 ==== 1074+0+0 (secure 0 0 0) 0x7f43940042c0 con 0x7f43a0105f10
2023-06-23T18:16:02.231 INFO:teuthology.orchestra.run.smithi026.stdout:/usr/bin/ceph: stderr
2023-06-23T18:16:00.984+0000 7f439dffb700 1 -- 172.21.15.26:0/179643740 <== mon.0 v2:172.21.15.26:3300/0 3 ==== mon_map magic: 0 v1 ==== 205+0+0 (secure 0 0 0) 0x7f4394011a00 con 0x7f43a0105f10
2023-06-23T18:16:02.231 INFO:teuthology.orchestra.run.smithi026.stdout:/usr/bin/ceph: stderr
2023-06-23T18:16:00.984+0000 7f43a5999700 1 -- 172.21.15.26:0/179643740 >> [v2:172.21.15.26:3300/0,v1:172.21.15.26:6789/0] conn(0x7f43a0105f10 msgr2=0x7f43a01082f0 secure :-1 s=STATE_CONNECTION_ESTABLISHED l=1).mark_down
2023-06-23T18:16:02.231 INFO:teuthology.orchestra.run.smithi026.stdout:/usr/bin/ceph: stderr
2023-06-23T18:16:00.984+0000 7f43a5999700 1 --2- 172.21.15.26:0/179643740 >> [v2:172.21.15.26:3300/0,v1:172.21.15.26:6789/0] conn(0x7f43a0105f10 0x7f43a01082f0 secure :-1 s=READY pgs=41 cs=0 l=1 rev1=1 crypto rx=0x7f43940098a0 tx=0x7f4394009bb0 comp rx=0 tx=0).stop
2023-06-23T18:16:02.231 INFO:teuthology.orchestra.run.smithi026.stdout:/usr/bin/ceph: stderr
2023-06-23T18:16:00.984+0000 7f43a5999700 1 -- 172.21.15.26:0/179643740 shutdown_connections
2023-06-23T18:16:02.231 INFO:teuthology.orchestra.run.smithi026.stdout:/usr/bin/ceph: stderr
2023-06-23T18:16:00.984+0000 7f43a5999700 1 --2- 172.21.15.26:0/179643740 >> [v2:172.21.15.26:3300/0,v1:172.21.15.26:6789/0] conn(0x7f43a0105f10 0x7f43a01082f0 unknown :-1 s=CLOSED pgs=41 cs=0 l=1 rev1=1 crypto rx=0 tx=0 comp rx=0 tx=0).stop
2023-06-23T18:16:02.232 INFO:teuthology.orchestra.run.smithi026.stdout:/usr/bin/ceph: stderr
2023-06-23T18:16:00.984+0000 7f43a5999700 1 -- 172.21.15.26:0/179643740 >> 172.21.15.26:0/179643740 conn(0x7f43a00ff9b0 msgr2=0x7f43a0101dc0 unknown :-1 s=STATE_NONE l=0).mark_down
2023-06-23T18:16:02.232 INFO:teuthology.orchestra.run.smithi026.stdout:/usr/bin/ceph: stderr
2023-06-23T18:16:00.985+0000 7f43a5999700 1 -- 172.21.15.26:0/179643740 shutdown_connections
2023-06-23T18:16:02.232 INFO:teuthology.orchestra.run.smithi026.stdout:/usr/bin/ceph: stderr
2023-06-23T18:16:00.985+0000 7f43a5999700 1 -- 172.21.15.26:0/179643740 wait complete.
2023-06-23T18:16:02.232 INFO:teuthology.orchestra.run.smithi026.stdout:/usr/bin/ceph: stderr
2023-06-23T18:16:00.985+0000 7f43a5999700 1 Processor -- start
2023-06-23T18:16:02.232 INFO:teuthology.orchestra.run.smithi026.stdout:/usr/bin/ceph: stderr
2023-06-23T18:16:00.985+0000 7f43a5999700 1 -- start start
2023-06-23T18:16:02.232 INFO:teuthology.orchestra.run.smithi026.stdout:/usr/bin/ceph: stderr
2023-06-23T18:16:00.985+0000 7f43a5999700 1 --2- >> [v2:172.21.15.26:3300/0,v1:172.21.15.26:6789/0] conn(0x7f43a0105f10 0x7f43a01990e0 unknown :-1 s=NONE pgs=0 cs=0 l=1 rev1=0 crypto rx=0 tx=0 comp rx=0 tx=0).connect
2023-06-23T18:16:02.232 INFO:teuthology.orchestra.run.smithi026.stdout:/usr/bin/ceph: stderr
2023-06-23T18:16:00.985+0000 7f43a5999700 1 -- --> [v2:172.21.15.26:3300/0,v1:172.21.15.26:6789/0] -- mon_getmap magic: 0 v1 -- 0x7f43a0199620 con 0x7f43a0105f10
2023-06-23T18:16:02.233 INFO:teuthology.orchestra.run.smithi026.stdout:/usr/bin/ceph: stderr
2023-06-23T18:16:00.986+0000 7f439effd700 1 --2- >> [v2:172.21.15.26:3300/0,v1:172.21.15.26:6789/0] conn(0x7f43a0105f10 0x7f43a01990e0 unknown :-1 s=BANNER_CONNECTING pgs=0 cs=0 l=1 rev1=0 crypto rx=0 tx=0 comp rx=0 tx=0)._handle_peer_banner_payload supported=3 required=0
2023-06-23T18:16:02.233 INFO:teuthology.orchestra.run.smithi026.stdout:/usr/bin/ceph: stderr
2023-06-23T18:16:00.986+0000 7f439effd700 1 --2- >> [v2:172.21.15.26:3300/0,v1:172.21.15.26:6789/0] conn(0x7f43a0105f10 0x7f43a01990e0 unknown :-1 s=HELLO_CONNECTING pgs=0 cs=0 l=1 rev1=1 crypto rx=0 tx=0 comp rx=0 tx=0).handle_hello peer v2:172.21.15.26:3300/0 says I am v2:172.21.15.26:58910/0 (socket says 172.21.15.26:58910)
2023-06-23T18:16:02.233 INFO:teuthology.orchestra.run.smithi026.stdout:/usr/bin/ceph: stderr
2023-06-23T18:16:00.986+0000 7f439effd700 1 -- 172.21.15.26:0/997605528 learned_addr learned my addr 172.21.15.26:0/997605528 (peer_addr_for_me v2:172.21.15.26:0/0)
2023-06-23T18:16:02.233 INFO:teuthology.orchestra.run.smithi026.stdout:/usr/bin/ceph: stderr
2023-06-23T18:16:00.986+0000 7f439effd700 1 -- 172.21.15.26:0/997605528 --> [v2:172.21.15.26:3300/0,v1:172.21.15.26:6789/0] -- mon_subscribe({config=0+,monmap=0+}) v3 -- 0x7f4394009550 con 0x7f43a0105f10
2023-06-23T18:16:02.233 INFO:teuthology.orchestra.run.smithi026.stdout:/usr/bin/ceph: stderr
2023-06-23T18:16:00.986+0000 7f439effd700 1 --2- 172.21.15.26:0/997605528 >> [v2:172.21.15.26:3300/0,v1:172.21.15.26:6789/0] conn(0x7f43a0105f10 0x7f43a01990e0 secure :-1 s=READY pgs=42 cs=0 l=1 rev1=1 crypto rx=0x7f4394009fb0 tx=0x7f4394011ad0 comp rx=0 tx=0).ready entity=mon.0 client_cookie=0 server_cookie=0 in_seq=0 out_seq=0
2023-06-23T18:16:02.233 INFO:teuthology.orchestra.run.smithi026.stdout:/usr/bin/ceph: stderr
2023-06-23T18:16:00.986+0000 7f43a4997700 1 -- 172.21.15.26:0/997605528 <== mon.0 v2:172.21.15.26:3300/0 1 ==== mon_map magic: 0 v1 ==== 205+0+0 (secure 0 0 0) 0x7f4394003a40 con 0x7f43a0105f10
2023-06-23T18:16:02.233 INFO:teuthology.orchestra.run.smithi026.stdout:/usr/bin/ceph: stderr
2023-06-23T18:16:00.986+0000 7f43a4997700 1 -- 172.21.15.26:0/997605528 <== mon.0 v2:172.21.15.26:3300/0 2 ==== config(26 keys) v1 ==== 1074+0+0 (secure 0 0 0) 0x7f4394003ba0 con 0x7f43a0105f10
2023-06-23T18:16:02.234 INFO:teuthology.orchestra.run.smithi026.stdout:/usr/bin/ceph: stderr
2023-06-23T18:16:00.986+0000 7f43a4997700 1 -- 172.21.15.26:0/997605528 <== mon.0 v2:172.21.15.26:3300/0 3 ==== mon_map magic: 0 v1 ==== 205+0+0 (secure 0 0 0) 0x7f439401a750 con 0x7f43a0105f10
2023-06-23T18:16:02.234 INFO:teuthology.orchestra.run.smithi026.stdout:/usr/bin/ceph: stderr
2023-06-23T18:16:00.986+0000 7f43a5999700 1 -- 172.21.15.26:0/997605528 --> [v2:172.21.15.26:3300/0,v1:172.21.15.26:6789/0] -- mon_subscribe({mgrmap=0+}) v3 -- 0x7f43a0199820 con 0x7f43a0105f10
2023-06-23T18:16:02.234 INFO:teuthology.orchestra.run.smithi026.stdout:/usr/bin/ceph: stderr
2023-06-23T18:16:00.986+0000 7f43a5999700 1 -- 172.21.15.26:0/997605528 --> [v2:172.21.15.26:3300/0,v1:172.21.15.26:6789/0] -- mon_subscribe({osdmap=0}) v3 -- 0x7f43a0199c40 con 0x7f43a0105f10
2023-06-23T18:16:02.234 INFO:teuthology.orchestra.run.smithi026.stdout:/usr/bin/ceph: stderr
2023-06-23T18:16:00.987+0000 7f43a4997700 1 -- 172.21.15.26:0/997605528 <== mon.0 v2:172.21.15.26:3300/0 4 ==== mgrmap(e 8) v1 ==== 45483+0+0 (secure 0 0 0) 0x7f439401a980 con 0x7f43a0105f10
2023-06-23T18:16:02.234 INFO:teuthology.orchestra.run.smithi026.stdout:/usr/bin/ceph: stderr
2023-06-23T18:16:00.987+0000 7f43a4997700 1 --2- 172.21.15.26:0/997605528 >> [v2:172.21.15.26:6800/1250869388,v1:172.21.15.26:6801/1250869388] conn(0x7f43880387d0 0x7f438803ac80 unknown :-1 s=NONE pgs=0 cs=0 l=1 rev1=0 crypto rx=0 tx=0 comp rx=0 tx=0).connect
2023-06-23T18:16:02.234 INFO:teuthology.orchestra.run.smithi026.stdout:/usr/bin/ceph: stderr
2023-06-23T18:16:00.987+0000 7f43a4997700 1 -- 172.21.15.26:0/997605528 <== mon.0 v2:172.21.15.26:3300/0 5 ==== osd_map(2..2 src has 1..2) v4 ==== 940+0+0 (secure 0 0 0) 0x7f439404c6a0 con 0x7f43a0105f10
2023-06-23T18:16:02.234 INFO:teuthology.orchestra.run.smithi026.stdout:/usr/bin/ceph: stderr
2023-06-23T18:16:00.988+0000 7f439e7fc700 1 --2- 172.21.15.26:0/997605528 >> [v2:172.21.15.26:6800/1250869388,v1:172.21.15.26:6801/1250869388] conn(0x7f43880387d0 0x7f438803ac80 unknown :-1 s=BANNER_CONNECTING pgs=0 cs=0 l=1 rev1=0 crypto rx=0 tx=0 comp rx=0 tx=0)._handle_peer_banner_payload supported=3 required=0
2023-06-23T18:16:02.234 INFO:teuthology.orchestra.run.smithi026.stdout:/usr/bin/ceph: stderr
2023-06-23T18:16:00.988+0000 7f43a5999700 1 -- 172.21.15.26:0/997605528 --> [v2:172.21.15.26:3300/0,v1:172.21.15.26:6789/0] -- mon_command({"prefix": "get_command_descriptions"} v 0) v1 -- 0x7f43a0061b00 con 0x7f43a0105f10
2023-06-23T18:16:02.235 INFO:teuthology.orchestra.run.smithi026.stdout:/usr/bin/ceph: stderr
2023-06-23T18:16:00.988+0000 7f439e7fc700 1 --2- 172.21.15.26:0/997605528 >> [v2:172.21.15.26:6800/1250869388,v1:172.21.15.26:6801/1250869388] conn(0x7f43880387d0 0x7f438803ac80 secure :-1 s=READY pgs=9 cs=0 l=1 rev1=1 crypto rx=0x7f4390006fd0 tx=0x7f4390006e40 comp rx=0 tx=0).ready entity=mgr.14120 client_cookie=0 server_cookie=0 in_seq=0 out_seq=0
2023-06-23T18:16:02.235 INFO:teuthology.orchestra.run.smithi026.stdout:/usr/bin/ceph: stderr
2023-06-23T18:16:00.993+0000 7f43a4997700 1 -- 172.21.15.26:0/997605528 <== mon.0 v2:172.21.15.26:3300/0 6 ==== mon_command_ack([{"prefix": "get_command_descriptions"}]=0 v0) v1 ==== 72+0+178008 (secure 0 0 0) 0x7f439401ac30 con 0x7f43a0105f10
2023-06-23T18:16:02.235 INFO:teuthology.orchestra.run.smithi026.stdout:/usr/bin/ceph: stderr
2023-06-23T18:16:01.355+0000 7f43a5999700 1 -- 172.21.15.26:0/997605528 --> [v2:172.21.15.26:6800/1250869388,v1:172.21.15.26:6801/1250869388] -- mgr_command(tid 0: {"prefix": "cephadm generate-key", "target": ["mon-mgr", ""]}) v1 -- 0x7f43a0100e80 con 0x7f43880387d0
2023-06-23T18:16:02.235 INFO:teuthology.orchestra.run.smithi026.stdout:/usr/bin/ceph: stderr
2023-06-23T18:16:01.846+0000 7f43a4997700 1 -- 172.21.15.26:0/997605528 <== mgr.14120 v2:172.21.15.26:6800/1250869388 1 ==== mgr_command_reply(tid 0: 0 ) v1 ==== 8+0+0 (secure 0 0 0) 0x7f43a0100e80 con 0x7f43880387d0
2023-06-23T18:16:02.235 INFO:teuthology.orchestra.run.smithi026.stdout:/usr/bin/ceph: stderr
2023-06-23T18:16:01.848+0000 7f43a5999700 1 -- 172.21.15.26:0/997605528 >> [v2:172.21.15.26:6800/1250869388,v1:172.21.15.26:6801/1250869388] conn(0x7f43880387d0 msgr2=0x7f438803ac80 secure :-1 s=STATE_CONNECTION_ESTABLISHED l=1).mark_down
2023-06-23T18:16:02.235 INFO:teuthology.orchestra.run.smithi026.stdout:/usr/bin/ceph: stderr
2023-06-23T18:16:01.848+0000 7f43a5999700 1 --2- 172.21.15.26:0/997605528 >> [v2:172.21.15.26:6800/1250869388,v1:172.21.15.26:6801/1250869388] conn(0x7f43880387d0 0x7f438803ac80 secure :-1 s=READY pgs=9 cs=0 l=1 rev1=1 crypto rx=0x7f4390006fd0 tx=0x7f4390006e40 comp rx=0 tx=0).stop
2023-06-23T18:16:02.235 INFO:teuthology.orchestra.run.smithi026.stdout:/usr/bin/ceph: stderr
2023-06-23T18:16:01.848+0000 7f43a5999700 1 -- 172.21.15.26:0/997605528 >> [v2:172.21.15.26:3300/0,v1:172.21.15.26:6789/0] conn(0x7f43a0105f10 msgr2=0x7f43a01990e0 secure :-1 s=STATE_CONNECTION_ESTABLISHED l=1).mark_down
2023-06-23T18:16:02.236 INFO:teuthology.orchestra.run.smithi026.stdout:/usr/bin/ceph: stderr
2023-06-23T18:16:01.848+0000 7f43a5999700 1 --2- 172.21.15.26:0/997605528 >> [v2:172.21.15.26:3300/0,v1:172.21.15.26:6789/0] conn(0x7f43a0105f10 0x7f43a01990e0 secure :-1 s=READY pgs=42 cs=0 l=1 rev1=1 crypto rx=0x7f4394009fb0 tx=0x7f4394011ad0 comp rx=0 tx=0).stop
2023-06-23T18:16:02.236 INFO:teuthology.orchestra.run.smithi026.stdout:/usr/bin/ceph: stderr
2023-06-23T18:16:01.848+0000 7f43a5999700 1 -- 172.21.15.26:0/997605528 shutdown_connections
2023-06-23T18:16:02.236 INFO:teuthology.orchestra.run.smithi026.stdout:/usr/bin/ceph: stderr
2023-06-23T18:16:01.848+0000 7f43a5999700 1 --2- 172.21.15.26:0/997605528 >> [v2:172.21.15.26:6800/1250869388,v1:172.21.15.26:6801/1250869388] conn(0x7f43880387d0 0x7f438803ac80 unknown :-1 s=CLOSED pgs=9 cs=0 l=1 rev1=1 crypto rx=0 tx=0 comp rx=0 tx=0).stop
2023-06-23T18:16:02.236 INFO:teuthology.orchestra.run.smithi026.stdout:/usr/bin/ceph: stderr
2023-06-23T18:16:01.848+0000 7f43a5999700 1 --2- 172.21.15.26:0/997605528 >> [v2:172.21.15.26:3300/0,v1:172.21.15.26:6789/0] conn(0x7f43a0105f10 0x7f43a01990e0 unknown :-1 s=CLOSED pgs=42 cs=0 l=1 rev1=1 crypto rx=0 tx=0 comp rx=0 tx=0).stop
2023-06-23T18:16:02.236 INFO:teuthology.orchestra.run.smithi026.stdout:/usr/bin/ceph: stderr
2023-06-23T18:16:01.848+0000 7f43a5999700 1 -- 172.21.15.26:0/997605528 >> 172.21.15.26:0/997605528 conn(0x7f43a00ff9b0 msgr2=0x7f43a0100770 unknown :-1 s=STATE_NONE l=0).mark_down
2023-06-23T18:16:02.236 INFO:teuthology.orchestra.run.smithi026.stdout:/usr/bin/ceph: stderr
2023-06-23T18:16:01.849+0000 7f43a5999700 1 -- 172.21.15.26:0/997605528 shutdown_connections
2023-06-23T18:16:02.236 INFO:teuthology.orchestra.run.smithi026.stdout:/usr/bin/ceph: stderr
2023-06-23T18:16:01.849+0000 7f43a5999700 1 -- 172.21.15.26:0/997605528 wait complete.
2023-06-23T18:16:02.250 INFO:journalctl@ceph.mgr.x.smithi026.stdout:Jun 23 18:16:01 smithi026 ceph-c708b94c-11f1-11ee-9b2b-001a4aab830c-mgr-x[96157]: Generating public/private rsa key pair.
2023-06-23T18:16:02.250 INFO:journalctl@ceph.mgr.x.smithi026.stdout:Jun 23 18:16:01 smithi026 ceph-c708b94c-11f1-11ee-9b2b-001a4aab830c-mgr-x[96157]: Your identification has been saved in /tmp/tmphjzatmcf/key.
2023-06-23T18:16:02.251 INFO:journalctl@ceph.mgr.x.smithi026.stdout:Jun 23 18:16:01 smithi026 ceph-c708b94c-11f1-11ee-9b2b-001a4aab830c-mgr-x[96157]: Your public key has been saved in /tmp/tmphjzatmcf/key.pub.
2023-06-23T18:16:02.251 INFO:journalctl@ceph.mgr.x.smithi026.stdout:Jun 23 18:16:01 smithi026 ceph-c708b94c-11f1-11ee-9b2b-001a4aab830c-mgr-x[96157]: The key fingerprint is:
2023-06-23T18:16:02.251 INFO:journalctl@ceph.mgr.x.smithi026.stdout:Jun 23 18:16:01 smithi026 ceph-c708b94c-11f1-11ee-9b2b-001a4aab830c-mgr-x[96157]: SHA256:I6WA1n7gNqkH6lcvcvpWpcMJ7bpBmnT7xzmPgRayNqQ ceph-c708b94c-11f1-11ee-9b2b-001a4aab830c
2023-06-23T18:16:02.251 INFO:journalctl@ceph.mgr.x.smithi026.stdout:Jun 23 18:16:01 smithi026 ceph-c708b94c-11f1-11ee-9b2b-001a4aab830c-mgr-x[96157]: The key's randomart image is:
2023-06-23T18:16:02.251 INFO:journalctl@ceph.mgr.x.smithi026.stdout:Jun 23 18:16:01 smithi026 ceph-c708b94c-11f1-11ee-9b2b-001a4aab830c-mgr-x[96157]: +---[RSA 3072]----+
2023-06-23T18:16:02.251 INFO:journalctl@ceph.mgr.x.smithi026.stdout:Jun 23 18:16:01 smithi026 ceph-c708b94c-11f1-11ee-9b2b-001a4aab830c-mgr-x[96157]: | |
2023-06-23T18:16:02.252 INFO:journalctl@ceph.mgr.x.smithi026.stdout:Jun 23 18:16:01 smithi026 ceph-c708b94c-11f1-11ee-9b2b-001a4aab830c-mgr-x[96157]: | o |
2023-06-23T18:16:02.252 INFO:journalctl@ceph.mgr.x.smithi026.stdout:Jun 23 18:16:01 smithi026 ceph-c708b94c-11f1-11ee-9b2b-001a4aab830c-mgr-x[96157]: | o + . . |
2023-06-23T18:16:02.252 INFO:journalctl@ceph.mgr.x.smithi026.stdout:Jun 23 18:16:01 smithi026 ceph-c708b94c-11f1-11ee-9b2b-001a4aab830c-mgr-x[96157]: | . o = + . |
2023-06-23T18:16:02.252 INFO:journalctl@ceph.mgr.x.smithi026.stdout:Jun 23 18:16:01 smithi026 ceph-c708b94c-11f1-11ee-9b2b-001a4aab830c-mgr-x[96157]: | ..*=B.S |
2023-06-23T18:16:02.252 INFO:journalctl@ceph.mgr.x.smithi026.stdout:Jun 23 18:16:01 smithi026 ceph-c708b94c-11f1-11ee-9b2b-001a4aab830c-mgr-x[96157]: | ..+B++Oo. |
2023-06-23T18:16:02.253 INFO:journalctl@ceph.mgr.x.smithi026.stdout:Jun 23 18:16:01 smithi026 ceph-c708b94c-11f1-11ee-9b2b-001a4aab830c-mgr-x[96157]: |. .Eo*+oo.. |
2023-06-23T18:16:02.253 INFO:journalctl@ceph.mgr.x.smithi026.stdout:Jun 23 18:16:01 smithi026 ceph-c708b94c-11f1-11ee-9b2b-001a4aab830c-mgr-x[96157]: |. +.==. =o |
2023-06-23T18:16:02.253 INFO:journalctl@ceph.mgr.x.smithi026.stdout:Jun 23 18:16:01 smithi026 ceph-c708b94c-11f1-11ee-9b2b-001a4aab830c-mgr-x[96157]: | ...*oo...o. |
2023-06-23T18:16:02.253 INFO:journalctl@ceph.mgr.x.smithi026.stdout:Jun 23 18:16:01 smithi026 ceph-c708b94c-11f1-11ee-9b2b-001a4aab830c-mgr-x[96157]: +----[SHA256]-----+
2023-06-23T18:16:02.570 INFO:journalctl@ceph.mon.a.smithi026.stdout:Jun 23 18:16:02 smithi026 ceph-mon[95914]: from='client.14136 -' entity='client.admin' cmd=[{"prefix": "cephadm generate-key", "target": ["mon-mgr", ""]}]: dispatch
2023-06-23T18:16:02.571 INFO:journalctl@ceph.mon.a.smithi026.stdout:Jun 23 18:16:02 smithi026 ceph-mon[95914]: Generating ssh key...
2023-06-23T18:16:02.571 INFO:journalctl@ceph.mon.a.smithi026.stdout:Jun 23 18:16:02 smithi026 ceph-mon[95914]: from='mgr.14120 172.21.15.26:0/1171409273' entity='mgr.x'
2023-06-23T18:16:02.571 INFO:journalctl@ceph.mon.a.smithi026.stdout:Jun 23 18:16:02 smithi026 ceph-mon[95914]: from='mgr.14120 172.21.15.26:0/1171409273' entity='mgr.x'
2023-06-23T18:16:03.474 INFO:teuthology.orchestra.run.smithi026.stdout:/usr/bin/ceph: stdout ssh-rsa AAAAB3NzaC1yc2EAAAADAQABAAABgQDG6PzhSYOzCyzUKc9eVtkYWqw/Zd4fJaH1xukhhkJ1b1UqBm1xtE9Uc82LJOs2S2gubjgCDfGl7PBqrPDYHFvCpC/552yqugSiwGM440UF3fvNPB1g8cwaNK1HALU2yahvYC6zLehbwwYD0QAgZQBsz+EnEBOyDdl64yULzxwXcWMFI6H9IqpdqRes48WeFo1D7b+DBH/1kY+xUJXm56OYty34P4QwEOpV2tlsqhroui2YMziOju1JJXgByxxNNFoI96ORLk1K5cCf+ZY9OfJAEQQl6csLVwejz3LhI+CNFbucAZH+KtPQf+K2TDSNij1zlh1nBTWbGizhnsO/c5eYURe46tFeS6SeUwFbV6U/7hawnmlRJ6dH9xu+ne2tcHzZAuBIvGW8Rf8uziBtqnxbwCCxpVO+AetVu5tOw8uYjjhL4hs2kW5FtE3nAz3wp8xj+1Ss8UbJ+7NQ0jlyqN4/lB4JszdKYefX8VHSIlHAIAwIi+6vZmL9htm95JbfZls= ceph-c708b94c-11f1-11ee-9b2b-001a4aab830c
2023-06-23T18:16:03.475 INFO:teuthology.orchestra.run.smithi026.stdout:/usr/bin/ceph: stderr
2023-06-23T18:16:02.695+0000 7f67f3be7700 1 Processor -- start
2023-06-23T18:16:03.475 INFO:teuthology.orchestra.run.smithi026.stdout:/usr/bin/ceph: stderr
2023-06-23T18:16:02.696+0000 7f67f3be7700 1 -- start start
2023-06-23T18:16:03.475 INFO:teuthology.orchestra.run.smithi026.stdout:/usr/bin/ceph: stderr
2023-06-23T18:16:02.696+0000 7f67f3be7700 1 --2- >> [v2:172.21.15.26:3300/0,v1:172.21.15.26:6789/0] conn(0x7f67ec105f20 0x7f67ec108300 unknown :-1 s=NONE pgs=0 cs=0 l=0 rev1=0 crypto rx=0 tx=0 comp rx=0 tx=0).connect
2023-06-23T18:16:03.475 INFO:teuthology.orchestra.run.smithi026.stdout:/usr/bin/ceph: stderr
2023-06-23T18:16:02.696+0000 7f67f3be7700 1 -- --> [v2:172.21.15.26:3300/0,v1:172.21.15.26:6789/0] -- mon_getmap magic: 0 v1 -- 0x7f67ec073c30 con 0x7f67ec105f20
2023-06-23T18:16:03.475 INFO:teuthology.orchestra.run.smithi026.stdout:/usr/bin/ceph: stderr
2023-06-23T18:16:02.696+0000 7f67f1983700 1 --2- >> [v2:172.21.15.26:3300/0,v1:172.21.15.26:6789/0] conn(0x7f67ec105f20 0x7f67ec108300 unknown :-1 s=BANNER_CONNECTING pgs=0 cs=0 l=0 rev1=0 crypto rx=0 tx=0 comp rx=0 tx=0)._handle_peer_banner_payload supported=3 required=0
2023-06-23T18:16:03.475 INFO:teuthology.orchestra.run.smithi026.stdout:/usr/bin/ceph: stderr
2023-06-23T18:16:02.696+0000 7f67f1983700 1 --2- >> [v2:172.21.15.26:3300/0,v1:172.21.15.26:6789/0] conn(0x7f67ec105f20 0x7f67ec108300 unknown :-1 s=HELLO_CONNECTING pgs=0 cs=0 l=0 rev1=1 crypto rx=0 tx=0 comp rx=0 tx=0).handle_hello peer v2:172.21.15.26:3300/0 says I am v2:172.21.15.26:58914/0 (socket says 172.21.15.26:58914)
2023-06-23T18:16:03.475 INFO:teuthology.orchestra.run.smithi026.stdout:/usr/bin/ceph: stderr
2023-06-23T18:16:02.696+0000 7f67f1983700 1 -- 172.21.15.26:0/3746951088 learned_addr learned my addr 172.21.15.26:0/3746951088 (peer_addr_for_me v2:172.21.15.26:0/0)
2023-06-23T18:16:03.476 INFO:teuthology.orchestra.run.smithi026.stdout:/usr/bin/ceph: stderr
2023-06-23T18:16:02.696+0000 7f67f1983700 1 -- 172.21.15.26:0/3746951088 --> [v2:172.21.15.26:3300/0,v1:172.21.15.26:6789/0] -- mon_subscribe({config=0+,monmap=0+}) v3 -- 0x7f67ec073d70 con 0x7f67ec105f20
2023-06-23T18:16:03.476 INFO:teuthology.orchestra.run.smithi026.stdout:/usr/bin/ceph: stderr
2023-06-23T18:16:02.696+0000 7f67f1983700 1 --2- 172.21.15.26:0/3746951088 >> [v2:172.21.15.26:3300/0,v1:172.21.15.26:6789/0] conn(0x7f67ec105f20 0x7f67ec108300 secure :-1 s=READY pgs=43 cs=0 l=1 rev1=1 crypto rx=0x7f67dc0098a0 tx=0x7f67dc009bb0 comp rx=0 tx=0).ready entity=mon.0 client_cookie=f006d28cdfbacc1a server_cookie=0 in_seq=0 out_seq=0
2023-06-23T18:16:03.476 INFO:teuthology.orchestra.run.smithi026.stdout:/usr/bin/ceph: stderr
