2023-06-23T18:16:02.697+0000 7f67f0981700 1 -- 172.21.15.26:0/3746951088 <== mon.0 v2:172.21.15.26:3300/0 1 ==== mon_map magic: 0 v1 ==== 205+0+0 (secure 0 0 0) 0x7f67dc004160 con 0x7f67ec105f20
2023-06-23T18:16:03.476 INFO:teuthology.orchestra.run.smithi026.stdout:/usr/bin/ceph: stderr
2023-06-23T18:16:02.697+0000 7f67f0981700 1 -- 172.21.15.26:0/3746951088 <== mon.0 v2:172.21.15.26:3300/0 2 ==== config(26 keys) v1 ==== 1074+0+0 (secure 0 0 0) 0x7f67dc0042c0 con 0x7f67ec105f20
2023-06-23T18:16:03.476 INFO:teuthology.orchestra.run.smithi026.stdout:/usr/bin/ceph: stderr
2023-06-23T18:16:02.697+0000 7f67f0981700 1 -- 172.21.15.26:0/3746951088 <== mon.0 v2:172.21.15.26:3300/0 3 ==== mon_map magic: 0 v1 ==== 205+0+0 (secure 0 0 0) 0x7f67dc011a00 con 0x7f67ec105f20
2023-06-23T18:16:03.476 INFO:teuthology.orchestra.run.smithi026.stdout:/usr/bin/ceph: stderr
2023-06-23T18:16:02.697+0000 7f67f3be7700 1 -- 172.21.15.26:0/3746951088 >> [v2:172.21.15.26:3300/0,v1:172.21.15.26:6789/0] conn(0x7f67ec105f20 msgr2=0x7f67ec108300 secure :-1 s=STATE_CONNECTION_ESTABLISHED l=1).mark_down
2023-06-23T18:16:03.477 INFO:teuthology.orchestra.run.smithi026.stdout:/usr/bin/ceph: stderr
2023-06-23T18:16:02.697+0000 7f67f3be7700 1 --2- 172.21.15.26:0/3746951088 >> [v2:172.21.15.26:3300/0,v1:172.21.15.26:6789/0] conn(0x7f67ec105f20 0x7f67ec108300 secure :-1 s=READY pgs=43 cs=0 l=1 rev1=1 crypto rx=0x7f67dc0098a0 tx=0x7f67dc009bb0 comp rx=0 tx=0).stop
2023-06-23T18:16:03.477 INFO:teuthology.orchestra.run.smithi026.stdout:/usr/bin/ceph: stderr
2023-06-23T18:16:02.697+0000 7f67f3be7700 1 -- 172.21.15.26:0/3746951088 shutdown_connections
2023-06-23T18:16:03.477 INFO:teuthology.orchestra.run.smithi026.stdout:/usr/bin/ceph: stderr
2023-06-23T18:16:02.697+0000 7f67f3be7700 1 --2- 172.21.15.26:0/3746951088 >> [v2:172.21.15.26:3300/0,v1:172.21.15.26:6789/0] conn(0x7f67ec105f20 0x7f67ec108300 unknown :-1 s=CLOSED pgs=43 cs=0 l=1 rev1=1 crypto rx=0 tx=0 comp rx=0 tx=0).stop
2023-06-23T18:16:03.477 INFO:teuthology.orchestra.run.smithi026.stdout:/usr/bin/ceph: stderr
2023-06-23T18:16:02.697+0000 7f67f3be7700 1 -- 172.21.15.26:0/3746951088 >> 172.21.15.26:0/3746951088 conn(0x7f67ec0ff980 msgr2=0x7f67ec101d90 unknown :-1 s=STATE_NONE l=0).mark_down
2023-06-23T18:16:03.477 INFO:teuthology.orchestra.run.smithi026.stdout:/usr/bin/ceph: stderr
2023-06-23T18:16:02.698+0000 7f67f3be7700 1 -- 172.21.15.26:0/3746951088 shutdown_connections
2023-06-23T18:16:03.477 INFO:teuthology.orchestra.run.smithi026.stdout:/usr/bin/ceph: stderr
2023-06-23T18:16:02.698+0000 7f67f3be7700 1 -- 172.21.15.26:0/3746951088 wait complete.
2023-06-23T18:16:03.477 INFO:teuthology.orchestra.run.smithi026.stdout:/usr/bin/ceph: stderr
2023-06-23T18:16:02.698+0000 7f67f3be7700 1 Processor -- start
2023-06-23T18:16:03.478 INFO:teuthology.orchestra.run.smithi026.stdout:/usr/bin/ceph: stderr
2023-06-23T18:16:02.698+0000 7f67f3be7700 1 -- start start
2023-06-23T18:16:03.478 INFO:teuthology.orchestra.run.smithi026.stdout:/usr/bin/ceph: stderr
2023-06-23T18:16:02.698+0000 7f67f3be7700 1 --2- >> [v2:172.21.15.26:3300/0,v1:172.21.15.26:6789/0] conn(0x7f67ec105f20 0x7f67ec1990d0 unknown :-1 s=NONE pgs=0 cs=0 l=1 rev1=0 crypto rx=0 tx=0 comp rx=0 tx=0).connect
2023-06-23T18:16:03.478 INFO:teuthology.orchestra.run.smithi026.stdout:/usr/bin/ceph: stderr
2023-06-23T18:16:02.698+0000 7f67f3be7700 1 -- --> [v2:172.21.15.26:3300/0,v1:172.21.15.26:6789/0] -- mon_getmap magic: 0 v1 -- 0x7f67ec199610 con 0x7f67ec105f20
2023-06-23T18:16:03.478 INFO:teuthology.orchestra.run.smithi026.stdout:/usr/bin/ceph: stderr
2023-06-23T18:16:02.698+0000 7f67f1983700 1 --2- >> [v2:172.21.15.26:3300/0,v1:172.21.15.26:6789/0] conn(0x7f67ec105f20 0x7f67ec1990d0 unknown :-1 s=BANNER_CONNECTING pgs=0 cs=0 l=1 rev1=0 crypto rx=0 tx=0 comp rx=0 tx=0)._handle_peer_banner_payload supported=3 required=0
2023-06-23T18:16:03.478 INFO:teuthology.orchestra.run.smithi026.stdout:/usr/bin/ceph: stderr
2023-06-23T18:16:02.698+0000 7f67f1983700 1 --2- >> [v2:172.21.15.26:3300/0,v1:172.21.15.26:6789/0] conn(0x7f67ec105f20 0x7f67ec1990d0 unknown :-1 s=HELLO_CONNECTING pgs=0 cs=0 l=1 rev1=1 crypto rx=0 tx=0 comp rx=0 tx=0).handle_hello peer v2:172.21.15.26:3300/0 says I am v2:172.21.15.26:58916/0 (socket says 172.21.15.26:58916)
2023-06-23T18:16:03.478 INFO:teuthology.orchestra.run.smithi026.stdout:/usr/bin/ceph: stderr
2023-06-23T18:16:02.698+0000 7f67f1983700 1 -- 172.21.15.26:0/64438328 learned_addr learned my addr 172.21.15.26:0/64438328 (peer_addr_for_me v2:172.21.15.26:0/0)
2023-06-23T18:16:03.479 INFO:teuthology.orchestra.run.smithi026.stdout:/usr/bin/ceph: stderr
2023-06-23T18:16:02.699+0000 7f67f1983700 1 -- 172.21.15.26:0/64438328 --> [v2:172.21.15.26:3300/0,v1:172.21.15.26:6789/0] -- mon_subscribe({config=0+,monmap=0+}) v3 -- 0x7f67dc009550 con 0x7f67ec105f20
2023-06-23T18:16:03.479 INFO:teuthology.orchestra.run.smithi026.stdout:/usr/bin/ceph: stderr
2023-06-23T18:16:02.699+0000 7f67f1983700 1 --2- 172.21.15.26:0/64438328 >> [v2:172.21.15.26:3300/0,v1:172.21.15.26:6789/0] conn(0x7f67ec105f20 0x7f67ec1990d0 secure :-1 s=READY pgs=44 cs=0 l=1 rev1=1 crypto rx=0x7f67dc009130 tx=0x7f67dc011ad0 comp rx=0 tx=0).ready entity=mon.0 client_cookie=0 server_cookie=0 in_seq=0 out_seq=0
2023-06-23T18:16:03.479 INFO:teuthology.orchestra.run.smithi026.stdout:/usr/bin/ceph: stderr
2023-06-23T18:16:02.699+0000 7f67e2ffd700 1 -- 172.21.15.26:0/64438328 <== mon.0 v2:172.21.15.26:3300/0 1 ==== mon_map magic: 0 v1 ==== 205+0+0 (secure 0 0 0) 0x7f67dc003ab0 con 0x7f67ec105f20
2023-06-23T18:16:03.479 INFO:teuthology.orchestra.run.smithi026.stdout:/usr/bin/ceph: stderr
2023-06-23T18:16:02.699+0000 7f67e2ffd700 1 -- 172.21.15.26:0/64438328 <== mon.0 v2:172.21.15.26:3300/0 2 ==== config(26 keys) v1 ==== 1074+0+0 (secure 0 0 0) 0x7f67dc003c10 con 0x7f67ec105f20
2023-06-23T18:16:03.479 INFO:teuthology.orchestra.run.smithi026.stdout:/usr/bin/ceph: stderr
2023-06-23T18:16:02.699+0000 7f67f3be7700 1 -- 172.21.15.26:0/64438328 --> [v2:172.21.15.26:3300/0,v1:172.21.15.26:6789/0] -- mon_subscribe({mgrmap=0+}) v3 -- 0x7f67ec199810 con 0x7f67ec105f20
2023-06-23T18:16:03.479 INFO:teuthology.orchestra.run.smithi026.stdout:/usr/bin/ceph: stderr
2023-06-23T18:16:02.699+0000 7f67e2ffd700 1 -- 172.21.15.26:0/64438328 <== mon.0 v2:172.21.15.26:3300/0 3 ==== mon_map magic: 0 v1 ==== 205+0+0 (secure 0 0 0) 0x7f67dc0247d0 con 0x7f67ec105f20
2023-06-23T18:16:03.480 INFO:teuthology.orchestra.run.smithi026.stdout:/usr/bin/ceph: stderr
2023-06-23T18:16:02.699+0000 7f67f3be7700 1 -- 172.21.15.26:0/64438328 --> [v2:172.21.15.26:3300/0,v1:172.21.15.26:6789/0] -- mon_subscribe({osdmap=0}) v3 -- 0x7f67ec199c30 con 0x7f67ec105f20
2023-06-23T18:16:03.480 INFO:teuthology.orchestra.run.smithi026.stdout:/usr/bin/ceph: stderr
2023-06-23T18:16:02.700+0000 7f67e2ffd700 1 -- 172.21.15.26:0/64438328 <== mon.0 v2:172.21.15.26:3300/0 4 ==== mgrmap(e 8) v1 ==== 45483+0+0 (secure 0 0 0) 0x7f67dc01a430 con 0x7f67ec105f20
2023-06-23T18:16:03.480 INFO:teuthology.orchestra.run.smithi026.stdout:/usr/bin/ceph: stderr
2023-06-23T18:16:02.700+0000 7f67f3be7700 1 -- 172.21.15.26:0/64438328 --> [v2:172.21.15.26:3300/0,v1:172.21.15.26:6789/0] -- mon_command({"prefix": "get_command_descriptions"} v 0) v1 -- 0x7f67ec061b00 con 0x7f67ec105f20
2023-06-23T18:16:03.480 INFO:teuthology.orchestra.run.smithi026.stdout:/usr/bin/ceph: stderr
2023-06-23T18:16:02.700+0000 7f67e2ffd700 1 --2- 172.21.15.26:0/64438328 >> [v2:172.21.15.26:6800/1250869388,v1:172.21.15.26:6801/1250869388] conn(0x7f67d8038820 0x7f67d803acd0 unknown :-1 s=NONE pgs=0 cs=0 l=1 rev1=0 crypto rx=0 tx=0 comp rx=0 tx=0).connect
2023-06-23T18:16:03.480 INFO:teuthology.orchestra.run.smithi026.stdout:/usr/bin/ceph: stderr
2023-06-23T18:16:02.700+0000 7f67e2ffd700 1 -- 172.21.15.26:0/64438328 <== mon.0 v2:172.21.15.26:3300/0 5 ==== osd_map(2..2 src has 1..2) v4 ==== 940+0+0 (secure 0 0 0) 0x7f67dc04c7a0 con 0x7f67ec105f20
2023-06-23T18:16:03.480 INFO:teuthology.orchestra.run.smithi026.stdout:/usr/bin/ceph: stderr
2023-06-23T18:16:02.700+0000 7f67f1182700 1 --2- 172.21.15.26:0/64438328 >> [v2:172.21.15.26:6800/1250869388,v1:172.21.15.26:6801/1250869388] conn(0x7f67d8038820 0x7f67d803acd0 unknown :-1 s=BANNER_CONNECTING pgs=0 cs=0 l=1 rev1=0 crypto rx=0 tx=0 comp rx=0 tx=0)._handle_peer_banner_payload supported=3 required=0
2023-06-23T18:16:03.481 INFO:teuthology.orchestra.run.smithi026.stdout:/usr/bin/ceph: stderr
2023-06-23T18:16:02.701+0000 7f67f1182700 1 --2- 172.21.15.26:0/64438328 >> [v2:172.21.15.26:6800/1250869388,v1:172.21.15.26:6801/1250869388] conn(0x7f67d8038820 0x7f67d803acd0 secure :-1 s=READY pgs=10 cs=0 l=1 rev1=1 crypto rx=0x7f67e8006fd0 tx=0x7f67e8006e40 comp rx=0 tx=0).ready entity=mgr.14120 client_cookie=0 server_cookie=0 in_seq=0 out_seq=0
2023-06-23T18:16:03.481 INFO:teuthology.orchestra.run.smithi026.stdout:/usr/bin/ceph: stderr
2023-06-23T18:16:02.705+0000 7f67e2ffd700 1 -- 172.21.15.26:0/64438328 <== mon.0 v2:172.21.15.26:3300/0 6 ==== mon_command_ack([{"prefix": "get_command_descriptions"}]=0 v0) v1 ==== 72+0+178008 (secure 0 0 0) 0x7f67dc018b40 con 0x7f67ec105f20
2023-06-23T18:16:03.481 INFO:teuthology.orchestra.run.smithi026.stdout:/usr/bin/ceph: stderr
2023-06-23T18:16:03.066+0000 7f67f3be7700 1 -- 172.21.15.26:0/64438328 --> [v2:172.21.15.26:6800/1250869388,v1:172.21.15.26:6801/1250869388] -- mgr_command(tid 0: {"prefix": "cephadm get-pub-key", "target": ["mon-mgr", ""]}) v1 -- 0x7f67ec100df0 con 0x7f67d8038820
2023-06-23T18:16:03.481 INFO:teuthology.orchestra.run.smithi026.stdout:/usr/bin/ceph: stderr
2023-06-23T18:16:03.067+0000 7f67e2ffd700 1 -- 172.21.15.26:0/64438328 <== mgr.14120 v2:172.21.15.26:6800/1250869388 1 ==== mgr_command_reply(tid 0: 0 ) v1 ==== 8+0+595 (secure 0 0 0) 0x7f67ec100df0 con 0x7f67d8038820
2023-06-23T18:16:03.481 INFO:teuthology.orchestra.run.smithi026.stdout:/usr/bin/ceph: stderr
2023-06-23T18:16:03.069+0000 7f67f3be7700 1 -- 172.21.15.26:0/64438328 >> [v2:172.21.15.26:6800/1250869388,v1:172.21.15.26:6801/1250869388] conn(0x7f67d8038820 msgr2=0x7f67d803acd0 secure :-1 s=STATE_CONNECTION_ESTABLISHED l=1).mark_down
2023-06-23T18:16:03.481 INFO:teuthology.orchestra.run.smithi026.stdout:/usr/bin/ceph: stderr
2023-06-23T18:16:03.069+0000 7f67f3be7700 1 --2- 172.21.15.26:0/64438328 >> [v2:172.21.15.26:6800/1250869388,v1:172.21.15.26:6801/1250869388] conn(0x7f67d8038820 0x7f67d803acd0 secure :-1 s=READY pgs=10 cs=0 l=1 rev1=1 crypto rx=0x7f67e8006fd0 tx=0x7f67e8006e40 comp rx=0 tx=0).stop
2023-06-23T18:16:03.481 INFO:teuthology.orchestra.run.smithi026.stdout:/usr/bin/ceph: stderr
2023-06-23T18:16:03.069+0000 7f67f3be7700 1 -- 172.21.15.26:0/64438328 >> [v2:172.21.15.26:3300/0,v1:172.21.15.26:6789/0] conn(0x7f67ec105f20 msgr2=0x7f67ec1990d0 secure :-1 s=STATE_CONNECTION_ESTABLISHED l=1).mark_down
2023-06-23T18:16:03.482 INFO:teuthology.orchestra.run.smithi026.stdout:/usr/bin/ceph: stderr
2023-06-23T18:16:03.069+0000 7f67f3be7700 1 --2- 172.21.15.26:0/64438328 >> [v2:172.21.15.26:3300/0,v1:172.21.15.26:6789/0] conn(0x7f67ec105f20 0x7f67ec1990d0 secure :-1 s=READY pgs=44 cs=0 l=1 rev1=1 crypto rx=0x7f67dc009130 tx=0x7f67dc011ad0 comp rx=0 tx=0).stop
2023-06-23T18:16:03.482 INFO:teuthology.orchestra.run.smithi026.stdout:/usr/bin/ceph: stderr
2023-06-23T18:16:03.069+0000 7f67f3be7700 1 -- 172.21.15.26:0/64438328 shutdown_connections
2023-06-23T18:16:03.482 INFO:teuthology.orchestra.run.smithi026.stdout:/usr/bin/ceph: stderr
2023-06-23T18:16:03.069+0000 7f67f3be7700 1 --2- 172.21.15.26:0/64438328 >> [v2:172.21.15.26:6800/1250869388,v1:172.21.15.26:6801/1250869388] conn(0x7f67d8038820 0x7f67d803acd0 unknown :-1 s=CLOSED pgs=10 cs=0 l=1 rev1=1 crypto rx=0 tx=0 comp rx=0 tx=0).stop
2023-06-23T18:16:03.482 INFO:teuthology.orchestra.run.smithi026.stdout:/usr/bin/ceph: stderr
2023-06-23T18:16:03.069+0000 7f67f3be7700 1 --2- 172.21.15.26:0/64438328 >> [v2:172.21.15.26:3300/0,v1:172.21.15.26:6789/0] conn(0x7f67ec105f20 0x7f67ec1990d0 unknown :-1 s=CLOSED pgs=44 cs=0 l=1 rev1=1 crypto rx=0 tx=0 comp rx=0 tx=0).stop
2023-06-23T18:16:03.482 INFO:teuthology.orchestra.run.smithi026.stdout:/usr/bin/ceph: stderr
2023-06-23T18:16:03.069+0000 7f67f3be7700 1 -- 172.21.15.26:0/64438328 >> 172.21.15.26:0/64438328 conn(0x7f67ec0ff980 msgr2=0x7f67ec1006e0 unknown :-1 s=STATE_NONE l=0).mark_down
2023-06-23T18:16:03.482 INFO:teuthology.orchestra.run.smithi026.stdout:/usr/bin/ceph: stderr
2023-06-23T18:16:03.069+0000 7f67f3be7700 1 -- 172.21.15.26:0/64438328 shutdown_connections
2023-06-23T18:16:03.482 INFO:teuthology.orchestra.run.smithi026.stdout:/usr/bin/ceph: stderr
2023-06-23T18:16:03.069+0000 7f67f3be7700 1 -- 172.21.15.26:0/64438328 wait complete.
2023-06-23T18:16:03.483 INFO:teuthology.orchestra.run.smithi026.stdout:Wrote public SSH key to /home/ubuntu/cephtest/ceph.pub
2023-06-23T18:16:03.483 INFO:teuthology.orchestra.run.smithi026.stdout:Adding key to root@localhost authorized_keys...
2023-06-23T18:16:03.483 INFO:teuthology.orchestra.run.smithi026.stdout:Adding host smithi026...
2023-06-23T18:16:03.739 INFO:journalctl@ceph.mon.a.smithi026.stdout:Jun 23 18:16:03 smithi026 ceph-mon[95914]: from='client.14138 -' entity='client.admin' cmd=[{"prefix": "cephadm get-pub-key", "target": ["mon-mgr", ""]}]: dispatch
2023-06-23T18:16:04.654 INFO:journalctl@ceph.mon.a.smithi026.stdout:Jun 23 18:16:04 smithi026 ceph-mon[95914]: from='client.14140 -' entity='client.admin' cmd=[{"prefix": "orch host add", "hostname": "smithi026", "addr": "172.21.15.26", "target": ["mon-mgr", ""]}]: dispatch
2023-06-23T18:16:05.820 INFO:journalctl@ceph.mon.a.smithi026.stdout:Jun 23 18:16:05 smithi026 ceph-mon[95914]: Deploying cephadm binary to smithi026
2023-06-23T18:16:07.429 INFO:teuthology.orchestra.run.smithi026.stdout:/usr/bin/ceph: stdout Added host 'smithi026' with addr '172.21.15.26'
2023-06-23T18:16:07.429 INFO:teuthology.orchestra.run.smithi026.stdout:/usr/bin/ceph: stderr
2023-06-23T18:16:03.981+0000 7fc7c3e73700 1 Processor -- start
2023-06-23T18:16:07.430 INFO:teuthology.orchestra.run.smithi026.stdout:/usr/bin/ceph: stderr
2023-06-23T18:16:03.981+0000 7fc7c3e73700 1 -- start start
2023-06-23T18:16:07.430 INFO:teuthology.orchestra.run.smithi026.stdout:/usr/bin/ceph: stderr
2023-06-23T18:16:03.981+0000 7fc7c3e73700 1 --2- >> [v2:172.21.15.26:3300/0,v1:172.21.15.26:6789/0] conn(0x7fc7bc105f20 0x7fc7bc108300 unknown :-1 s=NONE pgs=0 cs=0 l=0 rev1=0 crypto rx=0 tx=0 comp rx=0 tx=0).connect
2023-06-23T18:16:07.430 INFO:teuthology.orchestra.run.smithi026.stdout:/usr/bin/ceph: stderr
2023-06-23T18:16:03.981+0000 7fc7c3e73700 1 -- --> [v2:172.21.15.26:3300/0,v1:172.21.15.26:6789/0] -- mon_getmap magic: 0 v1 -- 0x7fc7bc073c30 con 0x7fc7bc105f20
2023-06-23T18:16:07.430 INFO:teuthology.orchestra.run.smithi026.stdout:/usr/bin/ceph: stderr
2023-06-23T18:16:03.981+0000 7fc7c1c0f700 1 --2- >> [v2:172.21.15.26:3300/0,v1:172.21.15.26:6789/0] conn(0x7fc7bc105f20 0x7fc7bc108300 unknown :-1 s=BANNER_CONNECTING pgs=0 cs=0 l=0 rev1=0 crypto rx=0 tx=0 comp rx=0 tx=0)._handle_peer_banner_payload supported=3 required=0
2023-06-23T18:16:07.430 INFO:teuthology.orchestra.run.smithi026.stdout:/usr/bin/ceph: stderr
2023-06-23T18:16:03.981+0000 7fc7c1c0f700 1 --2- >> [v2:172.21.15.26:3300/0,v1:172.21.15.26:6789/0] conn(0x7fc7bc105f20 0x7fc7bc108300 unknown :-1 s=HELLO_CONNECTING pgs=0 cs=0 l=0 rev1=1 crypto rx=0 tx=0 comp rx=0 tx=0).handle_hello peer v2:172.21.15.26:3300/0 says I am v2:172.21.15.26:58920/0 (socket says 172.21.15.26:58920)
2023-06-23T18:16:07.430 INFO:teuthology.orchestra.run.smithi026.stdout:/usr/bin/ceph: stderr
2023-06-23T18:16:03.981+0000 7fc7c1c0f700 1 -- 172.21.15.26:0/2954405931 learned_addr learned my addr 172.21.15.26:0/2954405931 (peer_addr_for_me v2:172.21.15.26:0/0)
2023-06-23T18:16:07.430 INFO:teuthology.orchestra.run.smithi026.stdout:/usr/bin/ceph: stderr
2023-06-23T18:16:03.982+0000 7fc7c1c0f700 1 -- 172.21.15.26:0/2954405931 --> [v2:172.21.15.26:3300/0,v1:172.21.15.26:6789/0] -- mon_subscribe({config=0+,monmap=0+}) v3 -- 0x7fc7bc073d70 con 0x7fc7bc105f20
2023-06-23T18:16:07.431 INFO:teuthology.orchestra.run.smithi026.stdout:/usr/bin/ceph: stderr
2023-06-23T18:16:03.982+0000 7fc7c1c0f700 1 --2- 172.21.15.26:0/2954405931 >> [v2:172.21.15.26:3300/0,v1:172.21.15.26:6789/0] conn(0x7fc7bc105f20 0x7fc7bc108300 secure :-1 s=READY pgs=45 cs=0 l=1 rev1=1 crypto rx=0x7fc7b80098a0 tx=0x7fc7b8009bb0 comp rx=0 tx=0).ready entity=mon.0 client_cookie=5b1e67a2e5d54c2 server_cookie=0 in_seq=0 out_seq=0
2023-06-23T18:16:07.431 INFO:teuthology.orchestra.run.smithi026.stdout:/usr/bin/ceph: stderr
2023-06-23T18:16:03.982+0000 7fc7c0c0d700 1 -- 172.21.15.26:0/2954405931 <== mon.0 v2:172.21.15.26:3300/0 1 ==== mon_map magic: 0 v1 ==== 205+0+0 (secure 0 0 0) 0x7fc7b8004160 con 0x7fc7bc105f20
2023-06-23T18:16:07.431 INFO:teuthology.orchestra.run.smithi026.stdout:/usr/bin/ceph: stderr
2023-06-23T18:16:03.982+0000 7fc7c0c0d700 1 -- 172.21.15.26:0/2954405931 <== mon.0 v2:172.21.15.26:3300/0 2 ==== config(26 keys) v1 ==== 1074+0+0 (secure 0 0 0) 0x7fc7b80042c0 con 0x7fc7bc105f20
2023-06-23T18:16:07.431 INFO:teuthology.orchestra.run.smithi026.stdout:/usr/bin/ceph: stderr
2023-06-23T18:16:03.982+0000 7fc7c0c0d700 1 -- 172.21.15.26:0/2954405931 <== mon.0 v2:172.21.15.26:3300/0 3 ==== mon_map magic: 0 v1 ==== 205+0+0 (secure 0 0 0) 0x7fc7b8011a00 con 0x7fc7bc105f20
2023-06-23T18:16:07.431 INFO:teuthology.orchestra.run.smithi026.stdout:/usr/bin/ceph: stderr
2023-06-23T18:16:03.983+0000 7fc7c3e73700 1 -- 172.21.15.26:0/2954405931 >> [v2:172.21.15.26:3300/0,v1:172.21.15.26:6789/0] conn(0x7fc7bc105f20 msgr2=0x7fc7bc108300 secure :-1 s=STATE_CONNECTION_ESTABLISHED l=1).mark_down
2023-06-23T18:16:07.431 INFO:teuthology.orchestra.run.smithi026.stdout:/usr/bin/ceph: stderr
2023-06-23T18:16:03.983+0000 7fc7c3e73700 1 --2- 172.21.15.26:0/2954405931 >> [v2:172.21.15.26:3300/0,v1:172.21.15.26:6789/0] conn(0x7fc7bc105f20 0x7fc7bc108300 secure :-1 s=READY pgs=45 cs=0 l=1 rev1=1 crypto rx=0x7fc7b80098a0 tx=0x7fc7b8009bb0 comp rx=0 tx=0).stop
2023-06-23T18:16:07.431 INFO:teuthology.orchestra.run.smithi026.stdout:/usr/bin/ceph: stderr
2023-06-23T18:16:03.983+0000 7fc7c3e73700 1 -- 172.21.15.26:0/2954405931 shutdown_connections
2023-06-23T18:16:07.432 INFO:teuthology.orchestra.run.smithi026.stdout:/usr/bin/ceph: stderr
2023-06-23T18:16:03.983+0000 7fc7c3e73700 1 --2- 172.21.15.26:0/2954405931 >> [v2:172.21.15.26:3300/0,v1:172.21.15.26:6789/0] conn(0x7fc7bc105f20 0x7fc7bc108300 unknown :-1 s=CLOSED pgs=45 cs=0 l=1 rev1=1 crypto rx=0 tx=0 comp rx=0 tx=0).stop
2023-06-23T18:16:07.432 INFO:teuthology.orchestra.run.smithi026.stdout:/usr/bin/ceph: stderr
2023-06-23T18:16:03.983+0000 7fc7c3e73700 1 -- 172.21.15.26:0/2954405931 >> 172.21.15.26:0/2954405931 conn(0x7fc7bc0ff980 msgr2=0x7fc7bc101d90 unknown :-1 s=STATE_NONE l=0).mark_down
2023-06-23T18:16:07.432 INFO:teuthology.orchestra.run.smithi026.stdout:/usr/bin/ceph: stderr
2023-06-23T18:16:03.983+0000 7fc7c3e73700 1 -- 172.21.15.26:0/2954405931 shutdown_connections
2023-06-23T18:16:07.432 INFO:teuthology.orchestra.run.smithi026.stdout:/usr/bin/ceph: stderr
2023-06-23T18:16:03.983+0000 7fc7c3e73700 1 -- 172.21.15.26:0/2954405931 wait complete.
2023-06-23T18:16:07.432 INFO:teuthology.orchestra.run.smithi026.stdout:/usr/bin/ceph: stderr
2023-06-23T18:16:03.983+0000 7fc7c3e73700 1 Processor -- start
2023-06-23T18:16:07.432 INFO:teuthology.orchestra.run.smithi026.stdout:/usr/bin/ceph: stderr
2023-06-23T18:16:03.983+0000 7fc7c3e73700 1 -- start start
2023-06-23T18:16:07.432 INFO:teuthology.orchestra.run.smithi026.stdout:/usr/bin/ceph: stderr
2023-06-23T18:16:03.984+0000 7fc7c3e73700 1 --2- >> [v2:172.21.15.26:3300/0,v1:172.21.15.26:6789/0] conn(0x7fc7bc105f20 0x7fc7bc105880 unknown :-1 s=NONE pgs=0 cs=0 l=1 rev1=0 crypto rx=0 tx=0 comp rx=0 tx=0).connect
2023-06-23T18:16:07.433 INFO:teuthology.orchestra.run.smithi026.stdout:/usr/bin/ceph: stderr
2023-06-23T18:16:03.984+0000 7fc7c3e73700 1 -- --> [v2:172.21.15.26:3300/0,v1:172.21.15.26:6789/0] -- mon_getmap magic: 0 v1 -- 0x7fc7bc105dc0 con 0x7fc7bc105f20
2023-06-23T18:16:07.433 INFO:teuthology.orchestra.run.smithi026.stdout:/usr/bin/ceph: stderr
2023-06-23T18:16:03.984+0000 7fc7c1c0f700 1 --2- >> [v2:172.21.15.26:3300/0,v1:172.21.15.26:6789/0] conn(0x7fc7bc105f20 0x7fc7bc105880 unknown :-1 s=BANNER_CONNECTING pgs=0 cs=0 l=1 rev1=0 crypto rx=0 tx=0 comp rx=0 tx=0)._handle_peer_banner_payload supported=3 required=0
2023-06-23T18:16:07.433 INFO:teuthology.orchestra.run.smithi026.stdout:/usr/bin/ceph: stderr
2023-06-23T18:16:03.984+0000 7fc7c1c0f700 1 --2- >> [v2:172.21.15.26:3300/0,v1:172.21.15.26:6789/0] conn(0x7fc7bc105f20 0x7fc7bc105880 unknown :-1 s=HELLO_CONNECTING pgs=0 cs=0 l=1 rev1=1 crypto rx=0 tx=0 comp rx=0 tx=0).handle_hello peer v2:172.21.15.26:3300/0 says I am v2:172.21.15.26:58922/0 (socket says 172.21.15.26:58922)
2023-06-23T18:16:07.433 INFO:teuthology.orchestra.run.smithi026.stdout:/usr/bin/ceph: stderr
2023-06-23T18:16:03.984+0000 7fc7c1c0f700 1 -- 172.21.15.26:0/785443910 learned_addr learned my addr 172.21.15.26:0/785443910 (peer_addr_for_me v2:172.21.15.26:0/0)
2023-06-23T18:16:07.433 INFO:teuthology.orchestra.run.smithi026.stdout:/usr/bin/ceph: stderr
2023-06-23T18:16:03.984+0000 7fc7c1c0f700 1 -- 172.21.15.26:0/785443910 --> [v2:172.21.15.26:3300/0,v1:172.21.15.26:6789/0] -- mon_subscribe({config=0+,monmap=0+}) v3 -- 0x7fc7b8009550 con 0x7fc7bc105f20
2023-06-23T18:16:07.433 INFO:teuthology.orchestra.run.smithi026.stdout:/usr/bin/ceph: stderr
2023-06-23T18:16:03.984+0000 7fc7c1c0f700 1 --2- 172.21.15.26:0/785443910 >> [v2:172.21.15.26:3300/0,v1:172.21.15.26:6789/0] conn(0x7fc7bc105f20 0x7fc7bc105880 secure :-1 s=READY pgs=46 cs=0 l=1 rev1=1 crypto rx=0x7fc7b8009130 tx=0x7fc7b8011ad0 comp rx=0 tx=0).ready entity=mon.0 client_cookie=0 server_cookie=0 in_seq=0 out_seq=0
2023-06-23T18:16:07.433 INFO:teuthology.orchestra.run.smithi026.stdout:/usr/bin/ceph: stderr
2023-06-23T18:16:03.984+0000 7fc7b2ffd700 1 -- 172.21.15.26:0/785443910 <== mon.0 v2:172.21.15.26:3300/0 1 ==== mon_map magic: 0 v1 ==== 205+0+0 (secure 0 0 0) 0x7fc7b8003ab0 con 0x7fc7bc105f20
2023-06-23T18:16:07.433 INFO:teuthology.orchestra.run.smithi026.stdout:/usr/bin/ceph: stderr
2023-06-23T18:16:03.984+0000 7fc7b2ffd700 1 -- 172.21.15.26:0/785443910 <== mon.0 v2:172.21.15.26:3300/0 2 ==== config(26 keys) v1 ==== 1074+0+0 (secure 0 0 0) 0x7fc7b8003c10 con 0x7fc7bc105f20
2023-06-23T18:16:07.434 INFO:teuthology.orchestra.run.smithi026.stdout:/usr/bin/ceph: stderr
2023-06-23T18:16:03.984+0000 7fc7c3e73700 1 -- 172.21.15.26:0/785443910 --> [v2:172.21.15.26:3300/0,v1:172.21.15.26:6789/0] -- mon_subscribe({mgrmap=0+}) v3 -- 0x7fc7bc103ed0 con 0x7fc7bc105f20
2023-06-23T18:16:07.434 INFO:teuthology.orchestra.run.smithi026.stdout:/usr/bin/ceph: stderr
2023-06-23T18:16:03.984+0000 7fc7b2ffd700 1 -- 172.21.15.26:0/785443910 <== mon.0 v2:172.21.15.26:3300/0 3 ==== mon_map magic: 0 v1 ==== 205+0+0 (secure 0 0 0) 0x7fc7b80247d0 con 0x7fc7bc105f20
2023-06-23T18:16:07.434 INFO:teuthology.orchestra.run.smithi026.stdout:/usr/bin/ceph: stderr
2023-06-23T18:16:03.984+0000 7fc7c3e73700 1 -- 172.21.15.26:0/785443910 --> [v2:172.21.15.26:3300/0,v1:172.21.15.26:6789/0] -- mon_subscribe({osdmap=0}) v3 -- 0x7fc7bc1042f0 con 0x7fc7bc105f20
2023-06-23T18:16:07.434 INFO:teuthology.orchestra.run.smithi026.stdout:/usr/bin/ceph: stderr
2023-06-23T18:16:03.985+0000 7fc7b2ffd700 1 -- 172.21.15.26:0/785443910 <== mon.0 v2:172.21.15.26:3300/0 4 ==== mgrmap(e 8) v1 ==== 45483+0+0 (secure 0 0 0) 0x7fc7b802d3f0 con 0x7fc7bc105f20
2023-06-23T18:16:07.434 INFO:teuthology.orchestra.run.smithi026.stdout:/usr/bin/ceph: stderr
2023-06-23T18:16:03.985+0000 7fc7b2ffd700 1 --2- 172.21.15.26:0/785443910 >> [v2:172.21.15.26:6800/1250869388,v1:172.21.15.26:6801/1250869388] conn(0x7fc7a8038820 0x7fc7a803acd0 unknown :-1 s=NONE pgs=0 cs=0 l=1 rev1=0 crypto rx=0 tx=0 comp rx=0 tx=0).connect
2023-06-23T18:16:07.434 INFO:teuthology.orchestra.run.smithi026.stdout:/usr/bin/ceph: stderr
2023-06-23T18:16:03.985+0000 7fc7b2ffd700 1 -- 172.21.15.26:0/785443910 <== mon.0 v2:172.21.15.26:3300/0 5 ==== osd_map(2..2 src has 1..2) v4 ==== 940+0+0 (secure 0 0 0) 0x7fc7b804c7e0 con 0x7fc7bc105f20
2023-06-23T18:16:07.434 INFO:teuthology.orchestra.run.smithi026.stdout:/usr/bin/ceph: stderr
2023-06-23T18:16:03.986+0000 7fc7c140e700 1 --2- 172.21.15.26:0/785443910 >> [v2:172.21.15.26:6800/1250869388,v1:172.21.15.26:6801/1250869388] conn(0x7fc7a8038820 0x7fc7a803acd0 unknown :-1 s=BANNER_CONNECTING pgs=0 cs=0 l=1 rev1=0 crypto rx=0 tx=0 comp rx=0 tx=0)._handle_peer_banner_payload supported=3 required=0
2023-06-23T18:16:07.435 INFO:teuthology.orchestra.run.smithi026.stdout:/usr/bin/ceph: stderr
2023-06-23T18:16:03.986+0000 7fc7c3e73700 1 -- 172.21.15.26:0/785443910 --> [v2:172.21.15.26:3300/0,v1:172.21.15.26:6789/0] -- mon_command({"prefix": "get_command_descriptions"} v 0) v1 -- 0x7fc7bc109510 con 0x7fc7bc105f20
2023-06-23T18:16:07.435 INFO:teuthology.orchestra.run.smithi026.stdout:/usr/bin/ceph: stderr
2023-06-23T18:16:03.986+0000 7fc7c140e700 1 --2- 172.21.15.26:0/785443910 >> [v2:172.21.15.26:6800/1250869388,v1:172.21.15.26:6801/1250869388] conn(0x7fc7a8038820 0x7fc7a803acd0 secure :-1 s=READY pgs=11 cs=0 l=1 rev1=1 crypto rx=0x7fc7ac006fd0 tx=0x7fc7ac006e40 comp rx=0 tx=0).ready entity=mgr.14120 client_cookie=0 server_cookie=0 in_seq=0 out_seq=0
2023-06-23T18:16:07.435 INFO:teuthology.orchestra.run.smithi026.stdout:/usr/bin/ceph: stderr
2023-06-23T18:16:03.991+0000 7fc7b2ffd700 1 -- 172.21.15.26:0/785443910 <== mon.0 v2:172.21.15.26:3300/0 6 ==== mon_command_ack([{"prefix": "get_command_descriptions"}]=0 v0) v1 ==== 72+0+178008 (secure 0 0 0) 0x7fc7b802d6f0 con 0x7fc7bc105f20
2023-06-23T18:16:07.435 INFO:teuthology.orchestra.run.smithi026.stdout:/usr/bin/ceph: stderr
2023-06-23T18:16:04.355+0000 7fc7c3e73700 1 -- 172.21.15.26:0/785443910 --> [v2:172.21.15.26:6800/1250869388,v1:172.21.15.26:6801/1250869388] -- mgr_command(tid 0: {"prefix": "orch host add", "hostname": "smithi026", "addr": "172.21.15.26", "target": ["mon-mgr", ""]}) v1 -- 0x7fc7bc104dd0 con 0x7fc7a8038820
2023-06-23T18:16:07.435 INFO:teuthology.orchestra.run.smithi026.stdout:/usr/bin/ceph: stderr
2023-06-23T18:16:07.092+0000 7fc7b2ffd700 1 -- 172.21.15.26:0/785443910 <== mgr.14120 v2:172.21.15.26:6800/1250869388 1 ==== mgr_command_reply(tid 0: 0 ) v1 ==== 8+0+48 (secure 0 0 0) 0x7fc7bc104dd0 con 0x7fc7a8038820
2023-06-23T18:16:07.435 INFO:teuthology.orchestra.run.smithi026.stdout:/usr/bin/ceph: stderr
2023-06-23T18:16:07.094+0000 7fc7c3e73700 1 -- 172.21.15.26:0/785443910 >> [v2:172.21.15.26:6800/1250869388,v1:172.21.15.26:6801/1250869388] conn(0x7fc7a8038820 msgr2=0x7fc7a803acd0 secure :-1 s=STATE_CONNECTION_ESTABLISHED l=1).mark_down
2023-06-23T18:16:07.435 INFO:teuthology.orchestra.run.smithi026.stdout:/usr/bin/ceph: stderr
2023-06-23T18:16:07.094+0000 7fc7c3e73700 1 --2- 172.21.15.26:0/785443910 >> [v2:172.21.15.26:6800/1250869388,v1:172.21.15.26:6801/1250869388] conn(0x7fc7a8038820 0x7fc7a803acd0 secure :-1 s=READY pgs=11 cs=0 l=1 rev1=1 crypto rx=0x7fc7ac006fd0 tx=0x7fc7ac006e40 comp rx=0 tx=0).stop
2023-06-23T18:16:07.436 INFO:teuthology.orchestra.run.smithi026.stdout:/usr/bin/ceph: stderr
2023-06-23T18:16:07.094+0000 7fc7c3e73700 1 -- 172.21.15.26:0/785443910 >> [v2:172.21.15.26:3300/0,v1:172.21.15.26:6789/0] conn(0x7fc7bc105f20 msgr2=0x7fc7bc105880 secure :-1 s=STATE_CONNECTION_ESTABLISHED l=1).mark_down
2023-06-23T18:16:07.436 INFO:teuthology.orchestra.run.smithi026.stdout:/usr/bin/ceph: stderr
2023-06-23T18:16:07.094+0000 7fc7c3e73700 1 --2- 172.21.15.26:0/785443910 >> [v2:172.21.15.26:3300/0,v1:172.21.15.26:6789/0] conn(0x7fc7bc105f20 0x7fc7bc105880 secure :-1 s=READY pgs=46 cs=0 l=1 rev1=1 crypto rx=0x7fc7b8009130 tx=0x7fc7b8011ad0 comp rx=0 tx=0).stop
2023-06-23T18:16:07.436 INFO:teuthology.orchestra.run.smithi026.stdout:/usr/bin/ceph: stderr
2023-06-23T18:16:07.094+0000 7fc7c3e73700 1 -- 172.21.15.26:0/785443910 shutdown_connections
2023-06-23T18:16:07.436 INFO:teuthology.orchestra.run.smithi026.stdout:/usr/bin/ceph: stderr
2023-06-23T18:16:07.094+0000 7fc7c3e73700 1 --2- 172.21.15.26:0/785443910 >> [v2:172.21.15.26:6800/1250869388,v1:172.21.15.26:6801/1250869388] conn(0x7fc7a8038820 0x7fc7a803acd0 unknown :-1 s=CLOSED pgs=11 cs=0 l=1 rev1=1 crypto rx=0 tx=0 comp rx=0 tx=0).stop
2023-06-23T18:16:07.436 INFO:teuthology.orchestra.run.smithi026.stdout:/usr/bin/ceph: stderr
2023-06-23T18:16:07.095+0000 7fc7c3e73700 1 --2- 172.21.15.26:0/785443910 >> [v2:172.21.15.26:3300/0,v1:172.21.15.26:6789/0] conn(0x7fc7bc105f20 0x7fc7bc105880 unknown :-1 s=CLOSED pgs=46 cs=0 l=1 rev1=1 crypto rx=0 tx=0 comp rx=0 tx=0).stop
2023-06-23T18:16:07.436 INFO:teuthology.orchestra.run.smithi026.stdout:/usr/bin/ceph: stderr
2023-06-23T18:16:07.095+0000 7fc7c3e73700 1 -- 172.21.15.26:0/785443910 >> 172.21.15.26:0/785443910 conn(0x7fc7bc0ff980 msgr2=0x7fc7bc1006e0 unknown :-1 s=STATE_NONE l=0).mark_down
2023-06-23T18:16:07.436 INFO:teuthology.orchestra.run.smithi026.stdout:/usr/bin/ceph: stderr
2023-06-23T18:16:07.095+0000 7fc7c3e73700 1 -- 172.21.15.26:0/785443910 shutdown_connections
2023-06-23T18:16:07.437 INFO:teuthology.orchestra.run.smithi026.stdout:/usr/bin/ceph: stderr
2023-06-23T18:16:07.095+0000 7fc7c3e73700 1 -- 172.21.15.26:0/785443910 wait complete.
2023-06-23T18:16:07.437 INFO:teuthology.orchestra.run.smithi026.stdout:Deploying unmanaged mon service...
2023-06-23T18:16:08.369 INFO:journalctl@ceph.mon.a.smithi026.stdout:Jun 23 18:16:08 smithi026 ceph-mon[95914]: from='mgr.14120 172.21.15.26:0/1171409273' entity='mgr.x'
2023-06-23T18:16:08.369 INFO:journalctl@ceph.mon.a.smithi026.stdout:Jun 23 18:16:08 smithi026 ceph-mon[95914]: Added host smithi026
2023-06-23T18:16:08.370 INFO:journalctl@ceph.mon.a.smithi026.stdout:Jun 23 18:16:08 smithi026 ceph-mon[95914]: from='mgr.14120 172.21.15.26:0/1171409273' entity='mgr.x' cmd=[{"prefix": "config dump", "format": "json"}]: dispatch
2023-06-23T18:16:08.972 INFO:teuthology.orchestra.run.smithi026.stdout:/usr/bin/ceph: stdout Scheduled mon update...
2023-06-23T18:16:08.977 INFO:teuthology.orchestra.run.smithi026.stdout:/usr/bin/ceph: stderr
2023-06-23T18:16:07.942+0000 7f8415e14700 1 Processor -- start
2023-06-23T18:16:08.978 INFO:teuthology.orchestra.run.smithi026.stdout:/usr/bin/ceph: stderr
2023-06-23T18:16:07.942+0000 7f8415e14700 1 -- start start
2023-06-23T18:16:08.978 INFO:teuthology.orchestra.run.smithi026.stdout:/usr/bin/ceph: stderr
2023-06-23T18:16:07.942+0000 7f8415e14700 1 --2- >> [v2:172.21.15.26:3300/0,v1:172.21.15.26:6789/0] conn(0x7f84101036f0 0x7f8410103b00 unknown :-1 s=NONE pgs=0 cs=0 l=0 rev1=0 crypto rx=0 tx=0 comp rx=0 tx=0).connect
2023-06-23T18:16:08.979 INFO:teuthology.orchestra.run.smithi026.stdout:/usr/bin/ceph: stderr
2023-06-23T18:16:07.942+0000 7f8415e14700 1 -- --> [v2:172.21.15.26:3300/0,v1:172.21.15.26:6789/0] -- mon_getmap magic: 0 v1 -- 0x7f8410104040 con 0x7f84101036f0
2023-06-23T18:16:08.979 INFO:teuthology.orchestra.run.smithi026.stdout:/usr/bin/ceph: stderr
2023-06-23T18:16:07.942+0000 7f840f7fe700 1 --2- >> [v2:172.21.15.26:3300/0,v1:172.21.15.26:6789/0] conn(0x7f84101036f0 0x7f8410103b00 unknown :-1 s=BANNER_CONNECTING pgs=0 cs=0 l=0 rev1=0 crypto rx=0 tx=0 comp rx=0 tx=0)._handle_peer_banner_payload supported=3 required=0
2023-06-23T18:16:08.979 INFO:teuthology.orchestra.run.smithi026.stdout:/usr/bin/ceph: stderr
2023-06-23T18:16:07.943+0000 7f840f7fe700 1 --2- >> [v2:172.21.15.26:3300/0,v1:172.21.15.26:6789/0] conn(0x7f84101036f0 0x7f8410103b00 unknown :-1 s=HELLO_CONNECTING pgs=0 cs=0 l=0 rev1=1 crypto rx=0 tx=0 comp rx=0 tx=0).handle_hello peer v2:172.21.15.26:3300/0 says I am v2:172.21.15.26:58956/0 (socket says 172.21.15.26:58956)
2023-06-23T18:16:08.979 INFO:teuthology.orchestra.run.smithi026.stdout:/usr/bin/ceph: stderr
2023-06-23T18:16:07.943+0000 7f840f7fe700 1 -- 172.21.15.26:0/183788650 learned_addr learned my addr 172.21.15.26:0/183788650 (peer_addr_for_me v2:172.21.15.26:0/0)
2023-06-23T18:16:08.980 INFO:teuthology.orchestra.run.smithi026.stdout:/usr/bin/ceph: stderr
2023-06-23T18:16:07.943+0000 7f840f7fe700 1 -- 172.21.15.26:0/183788650 --> [v2:172.21.15.26:3300/0,v1:172.21.15.26:6789/0] -- mon_subscribe({config=0+,monmap=0+}) v3 -- 0x7f8410104180 con 0x7f84101036f0
2023-06-23T18:16:08.980 INFO:teuthology.orchestra.run.smithi026.stdout:/usr/bin/ceph: stderr
2023-06-23T18:16:07.943+0000 7f840f7fe700 1 --2- 172.21.15.26:0/183788650 >> [v2:172.21.15.26:3300/0,v1:172.21.15.26:6789/0] conn(0x7f84101036f0 0x7f8410103b00 secure :-1 s=READY pgs=47 cs=0 l=1 rev1=1 crypto rx=0x7f83f80098a0 tx=0x7f83f8009bb0 comp rx=0 tx=0).ready entity=mon.0 client_cookie=c1a94594998c7190 server_cookie=0 in_seq=0 out_seq=0
2023-06-23T18:16:08.980 INFO:teuthology.orchestra.run.smithi026.stdout:/usr/bin/ceph: stderr
2023-06-23T18:16:07.943+0000 7f840e7fc700 1 -- 172.21.15.26:0/183788650 <== mon.0 v2:172.21.15.26:3300/0 1 ==== mon_map magic: 0 v1 ==== 205+0+0 (secure 0 0 0) 0x7f83f8004160 con 0x7f84101036f0
2023-06-23T18:16:08.981 INFO:teuthology.orchestra.run.smithi026.stdout:/usr/bin/ceph: stderr
2023-06-23T18:16:07.943+0000 7f840e7fc700 1 -- 172.21.15.26:0/183788650 <== mon.0 v2:172.21.15.26:3300/0 2 ==== config(26 keys) v1 ==== 1074+0+0 (secure 0 0 0) 0x7f83f80042c0 con 0x7f84101036f0
2023-06-23T18:16:08.981 INFO:teuthology.orchestra.run.smithi026.stdout:/usr/bin/ceph: stderr
2023-06-23T18:16:07.943+0000 7f840e7fc700 1 -- 172.21.15.26:0/183788650 <== mon.0 v2:172.21.15.26:3300/0 3 ==== mon_map magic: 0 v1 ==== 205+0+0 (secure 0 0 0) 0x7f83f8011a00 con 0x7f84101036f0
2023-06-23T18:16:08.981 INFO:teuthology.orchestra.run.smithi026.stdout:/usr/bin/ceph: stderr
2023-06-23T18:16:07.944+0000 7f8415e14700 1 -- 172.21.15.26:0/183788650 >> [v2:172.21.15.26:3300/0,v1:172.21.15.26:6789/0] conn(0x7f84101036f0 msgr2=0x7f8410103b00 secure :-1 s=STATE_CONNECTION_ESTABLISHED l=1).mark_down
2023-06-23T18:16:08.982 INFO:teuthology.orchestra.run.smithi026.stdout:/usr/bin/ceph: stderr
2023-06-23T18:16:07.944+0000 7f8415e14700 1 --2- 172.21.15.26:0/183788650 >> [v2:172.21.15.26:3300/0,v1:172.21.15.26:6789/0] conn(0x7f84101036f0 0x7f8410103b00 secure :-1 s=READY pgs=47 cs=0 l=1 rev1=1 crypto rx=0x7f83f80098a0 tx=0x7f83f8009bb0 comp rx=0 tx=0).stop
2023-06-23T18:16:08.982 INFO:teuthology.orchestra.run.smithi026.stdout:/usr/bin/ceph: stderr
2023-06-23T18:16:07.944+0000 7f8415e14700 1 -- 172.21.15.26:0/183788650 shutdown_connections
2023-06-23T18:16:08.982 INFO:teuthology.orchestra.run.smithi026.stdout:/usr/bin/ceph: stderr
2023-06-23T18:16:07.944+0000 7f8415e14700 1 --2- 172.21.15.26:0/183788650 >> [v2:172.21.15.26:3300/0,v1:172.21.15.26:6789/0] conn(0x7f84101036f0 0x7f8410103b00 unknown :-1 s=CLOSED pgs=47 cs=0 l=1 rev1=1 crypto rx=0 tx=0 comp rx=0 tx=0).stop
2023-06-23T18:16:08.982 INFO:teuthology.orchestra.run.smithi026.stdout:/usr/bin/ceph: stderr
2023-06-23T18:16:07.944+0000 7f8415e14700 1 -- 172.21.15.26:0/183788650 >> 172.21.15.26:0/183788650 conn(0x7f84100ff0f0 msgr2=0x7f8410101500 unknown :-1 s=STATE_NONE l=0).mark_down
2023-06-23T18:16:08.983 INFO:teuthology.orchestra.run.smithi026.stdout:/usr/bin/ceph: stderr
2023-06-23T18:16:07.944+0000 7f8415e14700 1 -- 172.21.15.26:0/183788650 shutdown_connections
2023-06-23T18:16:08.983 INFO:teuthology.orchestra.run.smithi026.stdout:/usr/bin/ceph: stderr
2023-06-23T18:16:07.944+0000 7f8415e14700 1 -- 172.21.15.26:0/183788650 wait complete.
2023-06-23T18:16:08.983 INFO:teuthology.orchestra.run.smithi026.stdout:/usr/bin/ceph: stderr
2023-06-23T18:16:07.944+0000 7f8415e14700 1 Processor -- start
2023-06-23T18:16:08.984 INFO:teuthology.orchestra.run.smithi026.stdout:/usr/bin/ceph: stderr
2023-06-23T18:16:07.945+0000 7f8415e14700 1 -- start start
2023-06-23T18:16:08.984 INFO:teuthology.orchestra.run.smithi026.stdout:/usr/bin/ceph: stderr
2023-06-23T18:16:07.945+0000 7f8415e14700 1 --2- >> [v2:172.21.15.26:3300/0,v1:172.21.15.26:6789/0] conn(0x7f84101036f0 0x7f8410106080 unknown :-1 s=NONE pgs=0 cs=0 l=1 rev1=0 crypto rx=0 tx=0 comp rx=0 tx=0).connect
2023-06-23T18:16:08.984 INFO:teuthology.orchestra.run.smithi026.stdout:/usr/bin/ceph: stderr
2023-06-23T18:16:07.945+0000 7f8415e14700 1 -- --> [v2:172.21.15.26:3300/0,v1:172.21.15.26:6789/0] -- mon_getmap magic: 0 v1 -- 0x7f84101065c0 con 0x7f84101036f0
2023-06-23T18:16:08.985 INFO:teuthology.orchestra.run.smithi026.stdout:/usr/bin/ceph: stderr
2023-06-23T18:16:07.945+0000 7f840f7fe700 1 --2- >> [v2:172.21.15.26:3300/0,v1:172.21.15.26:6789/0] conn(0x7f84101036f0 0x7f8410106080 unknown :-1 s=BANNER_CONNECTING pgs=0 cs=0 l=1 rev1=0 crypto rx=0 tx=0 comp rx=0 tx=0)._handle_peer_banner_payload supported=3 required=0
2023-06-23T18:16:08.985 INFO:teuthology.orchestra.run.smithi026.stdout:/usr/bin/ceph: stderr
2023-06-23T18:16:07.945+0000 7f840f7fe700 1 --2- >> [v2:172.21.15.26:3300/0,v1:172.21.15.26:6789/0] conn(0x7f84101036f0 0x7f8410106080 unknown :-1 s=HELLO_CONNECTING pgs=0 cs=0 l=1 rev1=1 crypto rx=0 tx=0 comp rx=0 tx=0).handle_hello peer v2:172.21.15.26:3300/0 says I am v2:172.21.15.26:58958/0 (socket says 172.21.15.26:58958)
2023-06-23T18:16:08.985 INFO:teuthology.orchestra.run.smithi026.stdout:/usr/bin/ceph: stderr
2023-06-23T18:16:07.945+0000 7f840f7fe700 1 -- 172.21.15.26:0/689371430 learned_addr learned my addr 172.21.15.26:0/689371430 (peer_addr_for_me v2:172.21.15.26:0/0)
2023-06-23T18:16:08.986 INFO:teuthology.orchestra.run.smithi026.stdout:/usr/bin/ceph: stderr
2023-06-23T18:16:07.945+0000 7f840f7fe700 1 -- 172.21.15.26:0/689371430 --> [v2:172.21.15.26:3300/0,v1:172.21.15.26:6789/0] -- mon_subscribe({config=0+,monmap=0+}) v3 -- 0x7f83f8009550 con 0x7f84101036f0
2023-06-23T18:16:08.986 INFO:teuthology.orchestra.run.smithi026.stdout:/usr/bin/ceph: stderr
2023-06-23T18:16:07.945+0000 7f840f7fe700 1 --2- 172.21.15.26:0/689371430 >> [v2:172.21.15.26:3300/0,v1:172.21.15.26:6789/0] conn(0x7f84101036f0 0x7f8410106080 secure :-1 s=READY pgs=48 cs=0 l=1 rev1=1 crypto rx=0x7f83f8009130 tx=0x7f83f8011ad0 comp rx=0 tx=0).ready entity=mon.0 client_cookie=0 server_cookie=0 in_seq=0 out_seq=0
2023-06-23T18:16:08.986 INFO:teuthology.orchestra.run.smithi026.stdout:/usr/bin/ceph: stderr
2023-06-23T18:16:07.945+0000 7f840cff9700 1 -- 172.21.15.26:0/689371430 <== mon.0 v2:172.21.15.26:3300/0 1 ==== mon_map magic: 0 v1 ==== 205+0+0 (secure 0 0 0) 0x7f83f8003ab0 con 0x7f84101036f0
2023-06-23T18:16:08.986 INFO:teuthology.orchestra.run.smithi026.stdout:/usr/bin/ceph: stderr
2023-06-23T18:16:07.945+0000 7f840cff9700 1 -- 172.21.15.26:0/689371430 <== mon.0 v2:172.21.15.26:3300/0 2 ==== config(26 keys) v1 ==== 1074+0+0 (secure 0 0 0) 0x7f83f8003c10 con 0x7f84101036f0
2023-06-23T18:16:08.987 INFO:teuthology.orchestra.run.smithi026.stdout:/usr/bin/ceph: stderr
2023-06-23T18:16:07.945+0000 7f8415e14700 1 -- 172.21.15.26:0/689371430 --> [v2:172.21.15.26:3300/0,v1:172.21.15.26:6789/0] -- mon_subscribe({mgrmap=0+}) v3 -- 0x7f84101046d0 con 0x7f84101036f0
2023-06-23T18:16:08.987 INFO:teuthology.orchestra.run.smithi026.stdout:/usr/bin/ceph: stderr
2023-06-23T18:16:07.945+0000 7f840cff9700 1 -- 172.21.15.26:0/689371430 <== mon.0 v2:172.21.15.26:3300/0 3 ==== mon_map magic: 0 v1 ==== 205+0+0 (secure 0 0 0) 0x7f83f80247d0 con 0x7f84101036f0
2023-06-23T18:16:08.987 INFO:teuthology.orchestra.run.smithi026.stdout:/usr/bin/ceph: stderr
2023-06-23T18:16:07.946+0000 7f8415e14700 1 -- 172.21.15.26:0/689371430 --> [v2:172.21.15.26:3300/0,v1:172.21.15.26:6789/0] -- mon_subscribe({osdmap=0}) v3 -- 0x7f8410104af0 con 0x7f84101036f0
2023-06-23T18:16:08.987 INFO:teuthology.orchestra.run.smithi026.stdout:/usr/bin/ceph: stderr
2023-06-23T18:16:07.947+0000 7f8415e14700 1 -- 172.21.15.26:0/689371430 --> [v2:172.21.15.26:3300/0,v1:172.21.15.26:6789/0] -- mon_command({"prefix": "get_command_descriptions"} v 0) v1 -- 0x7f8410061b00 con 0x7f84101036f0
2023-06-23T18:16:08.987 INFO:teuthology.orchestra.run.smithi026.stdout:/usr/bin/ceph: stderr
2023-06-23T18:16:07.947+0000 7f840cff9700 1 -- 172.21.15.26:0/689371430 <== mon.0 v2:172.21.15.26:3300/0 4 ==== mgrmap(e 8) v1 ==== 45483+0+0 (secure 0 0 0) 0x7f83f801abb0 con 0x7f84101036f0
2023-06-23T18:16:08.988 INFO:teuthology.orchestra.run.smithi026.stdout:/usr/bin/ceph: stderr
2023-06-23T18:16:07.947+0000 7f840cff9700 1 --2- 172.21.15.26:0/689371430 >> [v2:172.21.15.26:6800/1250869388,v1:172.21.15.26:6801/1250869388] conn(0x7f83fc0387d0 0x7f83fc03ac80 unknown :-1 s=NONE pgs=0 cs=0 l=1 rev1=0 crypto rx=0 tx=0 comp rx=0 tx=0).connect
2023-06-23T18:16:08.989 INFO:teuthology.orchestra.run.smithi026.stdout:/usr/bin/ceph: stderr
2023-06-23T18:16:07.947+0000 7f840cff9700 1 -- 172.21.15.26:0/689371430 <== mon.0 v2:172.21.15.26:3300/0 5 ==== osd_map(2..2 src has 1..2) v4 ==== 940+0+0 (secure 0 0 0) 0x7f83f804c820 con 0x7f84101036f0
2023-06-23T18:16:08.989 INFO:teuthology.orchestra.run.smithi026.stdout:/usr/bin/ceph: stderr
2023-06-23T18:16:07.947+0000 7f840effd700 1 --2- 172.21.15.26:0/689371430 >> [v2:172.21.15.26:6800/1250869388,v1:172.21.15.26:6801/1250869388] conn(0x7f83fc0387d0 0x7f83fc03ac80 unknown :-1 s=BANNER_CONNECTING pgs=0 cs=0 l=1 rev1=0 crypto rx=0 tx=0 comp rx=0 tx=0)._handle_peer_banner_payload supported=3 required=0
2023-06-23T18:16:08.989 INFO:teuthology.orchestra.run.smithi026.stdout:/usr/bin/ceph: stderr
2023-06-23T18:16:07.948+0000 7f840effd700 1 --2- 172.21.15.26:0/689371430 >> [v2:172.21.15.26:6800/1250869388,v1:172.21.15.26:6801/1250869388] conn(0x7f83fc0387d0 0x7f83fc03ac80 secure :-1 s=READY pgs=12 cs=0 l=1 rev1=1 crypto rx=0x7f8400006fd0 tx=0x7f8400006e40 comp rx=0 tx=0).ready entity=mgr.14120 client_cookie=0 server_cookie=0 in_seq=0 out_seq=0
2023-06-23T18:16:08.990 INFO:teuthology.orchestra.run.smithi026.stdout:/usr/bin/ceph: stderr
2023-06-23T18:16:07.952+0000 7f840cff9700 1 -- 172.21.15.26:0/689371430 <== mon.0 v2:172.21.15.26:3300/0 6 ==== mon_command_ack([{"prefix": "get_command_descriptions"}]=0 v0) v1 ==== 72+0+178008 (secure 0 0 0) 0x7f83f8018920 con 0x7f84101036f0
2023-06-23T18:16:08.990 INFO:teuthology.orchestra.run.smithi026.stdout:/usr/bin/ceph: stderr
2023-06-23T18:16:08.336+0000 7f8415e14700 1 -- 172.21.15.26:0/689371430 --> [v2:172.21.15.26:6800/1250869388,v1:172.21.15.26:6801/1250869388] -- mgr_command(tid 0: {"prefix": "orch apply", "service_type": "mon", "unmanaged": true, "target": ["mon-mgr", ""]}) v1 -- 0x7f8410100560 con 0x7f83fc0387d0
2023-06-23T18:16:08.990 INFO:teuthology.orchestra.run.smithi026.stdout:/usr/bin/ceph: stderr
2023-06-23T18:16:08.341+0000 7f840cff9700 1 -- 172.21.15.26:0/689371430 <== mgr.14120 v2:172.21.15.26:6800/1250869388 1 ==== mgr_command_reply(tid 0: 0 ) v1 ==== 8+0+24 (secure 0 0 0) 0x7f8410100560 con 0x7f83fc0387d0
2023-06-23T18:16:08.990 INFO:teuthology.orchestra.run.smithi026.stdout:/usr/bin/ceph: stderr
2023-06-23T18:16:08.343+0000 7f8415e14700 1 -- 172.21.15.26:0/689371430 >> [v2:172.21.15.26:6800/1250869388,v1:172.21.15.26:6801/1250869388] conn(0x7f83fc0387d0 msgr2=0x7f83fc03ac80 secure :-1 s=STATE_CONNECTION_ESTABLISHED l=1).mark_down
2023-06-23T18:16:08.990 INFO:teuthology.orchestra.run.smithi026.stdout:/usr/bin/ceph: stderr
2023-06-23T18:16:08.343+0000 7f8415e14700 1 --2- 172.21.15.26:0/689371430 >> [v2:172.21.15.26:6800/1250869388,v1:172.21.15.26:6801/1250869388] conn(0x7f83fc0387d0 0x7f83fc03ac80 secure :-1 s=READY pgs=12 cs=0 l=1 rev1=1 crypto rx=0x7f8400006fd0 tx=0x7f8400006e40 comp rx=0 tx=0).stop
2023-06-23T18:16:08.990 INFO:teuthology.orchestra.run.smithi026.stdout:/usr/bin/ceph: stderr
2023-06-23T18:16:08.343+0000 7f8415e14700 1 -- 172.21.15.26:0/689371430 >> [v2:172.21.15.26:3300/0,v1:172.21.15.26:6789/0] conn(0x7f84101036f0 msgr2=0x7f8410106080 secure :-1 s=STATE_CONNECTION_ESTABLISHED l=1).mark_down
2023-06-23T18:16:08.991 INFO:teuthology.orchestra.run.smithi026.stdout:/usr/bin/ceph: stderr
2023-06-23T18:16:08.343+0000 7f8415e14700 1 --2- 172.21.15.26:0/689371430 >> [v2:172.21.15.26:3300/0,v1:172.21.15.26:6789/0] conn(0x7f84101036f0 0x7f8410106080 secure :-1 s=READY pgs=48 cs=0 l=1 rev1=1 crypto rx=0x7f83f8009130 tx=0x7f83f8011ad0 comp rx=0 tx=0).stop
2023-06-23T18:16:08.991 INFO:teuthology.orchestra.run.smithi026.stdout:/usr/bin/ceph: stderr
2023-06-23T18:16:08.343+0000 7f8415e14700 1 -- 172.21.15.26:0/689371430 shutdown_connections
2023-06-23T18:16:08.991 INFO:teuthology.orchestra.run.smithi026.stdout:/usr/bin/ceph: stderr
2023-06-23T18:16:08.343+0000 7f8415e14700 1 --2- 172.21.15.26:0/689371430 >> [v2:172.21.15.26:6800/1250869388,v1:172.21.15.26:6801/1250869388] conn(0x7f83fc0387d0 0x7f83fc03ac80 unknown :-1 s=CLOSED pgs=12 cs=0 l=1 rev1=1 crypto rx=0 tx=0 comp rx=0 tx=0).stop
2023-06-23T18:16:08.991 INFO:teuthology.orchestra.run.smithi026.stdout:/usr/bin/ceph: stderr
2023-06-23T18:16:08.343+0000 7f8415e14700 1 --2- 172.21.15.26:0/689371430 >> [v2:172.21.15.26:3300/0,v1:172.21.15.26:6789/0] conn(0x7f84101036f0 0x7f8410106080 unknown :-1 s=CLOSED pgs=48 cs=0 l=1 rev1=1 crypto rx=0 tx=0 comp rx=0 tx=0).stop
2023-06-23T18:16:08.991 INFO:teuthology.orchestra.run.smithi026.stdout:/usr/bin/ceph: stderr
2023-06-23T18:16:08.343+0000 7f8415e14700 1 -- 172.21.15.26:0/689371430 >> 172.21.15.26:0/689371430 conn(0x7f84100ff0f0 msgr2=0x7f84100ffe50 unknown :-1 s=STATE_NONE l=0).mark_down
2023-06-23T18:16:08.991 INFO:teuthology.orchestra.run.smithi026.stdout:/usr/bin/ceph: stderr
2023-06-23T18:16:08.343+0000 7f8415e14700 1 -- 172.21.15.26:0/689371430 shutdown_connections
2023-06-23T18:16:08.991 INFO:teuthology.orchestra.run.smithi026.stdout:/usr/bin/ceph: stderr
2023-06-23T18:16:08.343+0000 7f8415e14700 1 -- 172.21.15.26:0/689371430 wait complete.
2023-06-23T18:16:08.992 INFO:teuthology.orchestra.run.smithi026.stdout:Deploying unmanaged mgr service...
2023-06-23T18:16:09.820 INFO:journalctl@ceph.mon.a.smithi026.stdout:Jun 23 18:16:09 smithi026 ceph-mon[95914]: from='client.14142 -' entity='client.admin' cmd=[{"prefix": "orch apply", "service_type": "mon", "unmanaged": true, "target": ["mon-mgr", ""]}]: dispatch
2023-06-23T18:16:09.821 INFO:journalctl@ceph.mon.a.smithi026.stdout:Jun 23 18:16:09 smithi026 ceph-mon[95914]: Saving service mon spec with placement count:5
2023-06-23T18:16:09.821 INFO:journalctl@ceph.mon.a.smithi026.stdout:Jun 23 18:16:09 smithi026 ceph-mon[95914]: from='mgr.14120 172.21.15.26:0/1171409273' entity='mgr.x'
2023-06-23T18:16:10.523 INFO:teuthology.orchestra.run.smithi026.stdout:/usr/bin/ceph: stdout Scheduled mgr update...
2023-06-23T18:16:10.524 INFO:teuthology.orchestra.run.smithi026.stdout:/usr/bin/ceph: stderr
2023-06-23T18:16:09.654+0000 7f8b69aee700 1 Processor -- start
2023-06-23T18:16:10.524 INFO:teuthology.orchestra.run.smithi026.stdout:/usr/bin/ceph: stderr
2023-06-23T18:16:09.654+0000 7f8b69aee700 1 -- start start
2023-06-23T18:16:10.524 INFO:teuthology.orchestra.run.smithi026.stdout:/usr/bin/ceph: stderr
2023-06-23T18:16:09.655+0000 7f8b69aee700 1 --2- >> [v2:172.21.15.26:3300/0,v1:172.21.15.26:6789/0] conn(0x7f8b64105f20 0x7f8b64108300 unknown :-1 s=NONE pgs=0 cs=0 l=0 rev1=0 crypto rx=0 tx=0 comp rx=0 tx=0).connect
2023-06-23T18:16:10.524 INFO:teuthology.orchestra.run.smithi026.stdout:/usr/bin/ceph: stderr
2023-06-23T18:16:09.655+0000 7f8b69aee700 1 -- --> [v2:172.21.15.26:3300/0,v1:172.21.15.26:6789/0] -- mon_getmap magic: 0 v1 -- 0x7f8b64073c30 con 0x7f8b64105f20
2023-06-23T18:16:10.524 INFO:teuthology.orchestra.run.smithi026.stdout:/usr/bin/ceph: stderr
2023-06-23T18:16:09.655+0000 7f8b637fe700 1 --2- >> [v2:172.21.15.26:3300/0,v1:172.21.15.26:6789/0] conn(0x7f8b64105f20 0x7f8b64108300 unknown :-1 s=BANNER_CONNECTING pgs=0 cs=0 l=0 rev1=0 crypto rx=0 tx=0 comp rx=0 tx=0)._handle_peer_banner_payload supported=3 required=0
2023-06-23T18:16:10.525 INFO:teuthology.orchestra.run.smithi026.stdout:/usr/bin/ceph: stderr
2023-06-23T18:16:09.655+0000 7f8b637fe700 1 --2- >> [v2:172.21.15.26:3300/0,v1:172.21.15.26:6789/0] conn(0x7f8b64105f20 0x7f8b64108300 unknown :-1 s=HELLO_CONNECTING pgs=0 cs=0 l=0 rev1=1 crypto rx=0 tx=0 comp rx=0 tx=0).handle_hello peer v2:172.21.15.26:3300/0 says I am v2:172.21.15.26:58962/0 (socket says 172.21.15.26:58962)
2023-06-23T18:16:10.525 INFO:teuthology.orchestra.run.smithi026.stdout:/usr/bin/ceph: stderr
2023-06-23T18:16:09.655+0000 7f8b637fe700 1 -- 172.21.15.26:0/1046919103 learned_addr learned my addr 172.21.15.26:0/1046919103 (peer_addr_for_me v2:172.21.15.26:0/0)
2023-06-23T18:16:10.525 INFO:teuthology.orchestra.run.smithi026.stdout:/usr/bin/ceph: stderr
2023-06-23T18:16:09.655+0000 7f8b637fe700 1 -- 172.21.15.26:0/1046919103 --> [v2:172.21.15.26:3300/0,v1:172.21.15.26:6789/0] -- mon_subscribe({config=0+,monmap=0+}) v3 -- 0x7f8b64073d70 con 0x7f8b64105f20
2023-06-23T18:16:10.525 INFO:teuthology.orchestra.run.smithi026.stdout:/usr/bin/ceph: stderr
2023-06-23T18:16:09.655+0000 7f8b637fe700 1 --2- 172.21.15.26:0/1046919103 >> [v2:172.21.15.26:3300/0,v1:172.21.15.26:6789/0] conn(0x7f8b64105f20 0x7f8b64108300 secure :-1 s=READY pgs=49 cs=0 l=1 rev1=1 crypto rx=0x7f8b540098a0 tx=0x7f8b54009bb0 comp rx=0 tx=0).ready entity=mon.0 client_cookie=84beb7f27744974e server_cookie=0 in_seq=0 out_seq=0
2023-06-23T18:16:10.525 INFO:teuthology.orchestra.run.smithi026.stdout:/usr/bin/ceph: stderr
2023-06-23T18:16:09.655+0000 7f8b627fc700 1 -- 172.21.15.26:0/1046919103 <== mon.0 v2:172.21.15.26:3300/0 1 ==== mon_map magic: 0 v1 ==== 205+0+0 (secure 0 0 0) 0x7f8b54004160 con 0x7f8b64105f20
2023-06-23T18:16:10.525 INFO:teuthology.orchestra.run.smithi026.stdout:/usr/bin/ceph: stderr
2023-06-23T18:16:09.655+0000 7f8b627fc700 1 -- 172.21.15.26:0/1046919103 <== mon.0 v2:172.21.15.26:3300/0 2 ==== config(26 keys) v1 ==== 1105+0+0 (secure 0 0 0) 0x7f8b540042c0 con 0x7f8b64105f20
2023-06-23T18:16:10.525 INFO:teuthology.orchestra.run.smithi026.stdout:/usr/bin/ceph: stderr
2023-06-23T18:16:09.655+0000 7f8b627fc700 1 -- 172.21.15.26:0/1046919103 <== mon.0 v2:172.21.15.26:3300/0 3 ==== mon_map magic: 0 v1 ==== 205+0+0 (secure 0 0 0) 0x7f8b540119b0 con 0x7f8b64105f20
2023-06-23T18:16:10.526 INFO:teuthology.orchestra.run.smithi026.stdout:/usr/bin/ceph: stderr
