2023-06-23T18:42:56.494+0000 7f170dc7f700 1 -- 172.21.15.123:0/472409347 >> 172.21.15.123:0/472409347 conn(0x7f1708100ad0 msgr2=0x7f1708102250 unknown :-1 s=STATE_NONE l=0).mark_down
2023-06-23T18:42:56.968 INFO:teuthology.orchestra.run.smithi123.stdout:/usr/bin/ceph: stderr
2023-06-23T18:42:56.494+0000 7f170dc7f700 1 -- 172.21.15.123:0/472409347 shutdown_connections
2023-06-23T18:42:56.968 INFO:teuthology.orchestra.run.smithi123.stdout:/usr/bin/ceph: stderr
2023-06-23T18:42:56.494+0000 7f170dc7f700 1 -- 172.21.15.123:0/472409347 wait complete.
2023-06-23T18:42:56.968 INFO:teuthology.orchestra.run.smithi123.stdout:mgr not available, waiting (2/15)...
2023-06-23T18:42:57.192 INFO:journalctl@ceph.mgr.x.smithi123.stdout:Jun 23 18:42:56 smithi123 ceph-a0cd9b40-11f5-11ee-9b2b-001a4aab830c-mgr-x[95171]:
2023-06-23T18:42:56.845+0000 7fa9e1d47200 -1 mgr[py] Module test_orchestrator has missing NOTIFY_TYPES member
2023-06-23T18:42:57.192 INFO:journalctl@ceph.mgr.x.smithi123.stdout:Jun 23 18:42:56 smithi123 ceph-a0cd9b40-11f5-11ee-9b2b-001a4aab830c-mgr-x[95171]:
2023-06-23T18:42:56.970+0000 7fa9e1d47200 -1 mgr[py] Module osd_perf_query has missing NOTIFY_TYPES member
2023-06-23T18:42:57.456 INFO:journalctl@ceph.mgr.x.smithi123.stdout:Jun 23 18:42:57 smithi123 ceph-a0cd9b40-11f5-11ee-9b2b-001a4aab830c-mgr-x[95171]:
2023-06-23T18:42:57.186+0000 7fa9e1d47200 -1 mgr[py] Module orchestrator has missing NOTIFY_TYPES member
2023-06-23T18:42:57.831 INFO:journalctl@ceph.mgr.x.smithi123.stdout:Jun 23 18:42:57 smithi123 ceph-a0cd9b40-11f5-11ee-9b2b-001a4aab830c-mgr-x[95171]:
2023-06-23T18:42:57.545+0000 7fa9e1d47200 -1 mgr[py] Module rgw has missing NOTIFY_TYPES member
2023-06-23T18:42:58.206 INFO:journalctl@ceph.mgr.x.smithi123.stdout:Jun 23 18:42:57 smithi123 ceph-a0cd9b40-11f5-11ee-9b2b-001a4aab830c-mgr-x[95171]:
2023-06-23T18:42:57.826+0000 7fa9e1d47200 -1 mgr[py] Module influx has missing NOTIFY_TYPES member
2023-06-23T18:42:58.207 INFO:journalctl@ceph.mgr.x.smithi123.stdout:Jun 23 18:42:58 smithi123 ceph-a0cd9b40-11f5-11ee-9b2b-001a4aab830c-mgr-x[95171]:
2023-06-23T18:42:58.021+0000 7fa9e1d47200 -1 mgr[py] Module telemetry has missing NOTIFY_TYPES member
2023-06-23T18:42:58.706 INFO:journalctl@ceph.mgr.x.smithi123.stdout:Jun 23 18:42:58 smithi123 ceph-a0cd9b40-11f5-11ee-9b2b-001a4aab830c-mgr-x[95171]:
2023-06-23T18:42:58.375+0000 7fa9e1d47200 -1 mgr[py] Module telegraf has missing NOTIFY_TYPES member
2023-06-23T18:42:59.732 INFO:journalctl@ceph.mgr.x.smithi123.stdout:Jun 23 18:42:59 smithi123 ceph-a0cd9b40-11f5-11ee-9b2b-001a4aab830c-mgr-x[95171]:
2023-06-23T18:42:59.313+0000 7fa9e1d47200 -1 mgr[py] Module balancer has missing NOTIFY_TYPES member
2023-06-23T18:42:59.733 INFO:journalctl@ceph.mgr.x.smithi123.stdout:Jun 23 18:42:59 smithi123 ceph-a0cd9b40-11f5-11ee-9b2b-001a4aab830c-mgr-x[95171]:
2023-06-23T18:42:59.483+0000 7fa9e1d47200 -1 mgr[py] Module diskprediction_local has missing NOTIFY_TYPES member
2023-06-23T18:42:59.733 INFO:journalctl@ceph.mgr.x.smithi123.stdout:Jun 23 18:42:59 smithi123 ceph-a0cd9b40-11f5-11ee-9b2b-001a4aab830c-mgr-x[95171]:
2023-06-23T18:42:59.727+0000 7fa9e1d47200 -1 mgr[py] Module nfs has missing NOTIFY_TYPES member
2023-06-23T18:43:00.148 INFO:journalctl@ceph.mgr.x.smithi123.stdout:Jun 23 18:42:59 smithi123 ceph-a0cd9b40-11f5-11ee-9b2b-001a4aab830c-mgr-x[95171]:
2023-06-23T18:42:59.872+0000 7fa9e1d47200 -1 mgr[py] Module rbd_support has missing NOTIFY_TYPES member
2023-06-23T18:43:00.148 INFO:journalctl@ceph.mgr.x.smithi123.stdout:Jun 23 18:43:00 smithi123 ceph-a0cd9b40-11f5-11ee-9b2b-001a4aab830c-mgr-x[95171]:
2023-06-23T18:43:00.143+0000 7fa9e1d47200 -1 mgr[py] Module volumes has missing NOTIFY_TYPES member
2023-06-23T18:43:01.706 INFO:journalctl@ceph.mgr.x.smithi123.stdout:Jun 23 18:43:01 smithi123 ceph-a0cd9b40-11f5-11ee-9b2b-001a4aab830c-mgr-x[95171]:
2023-06-23T18:43:01.214+0000 7fa9e1d47200 -1 mgr[py] Module pg_autoscaler has missing NOTIFY_TYPES member
2023-06-23T18:43:01.707 INFO:journalctl@ceph.mon.a.smithi123.stdout:Jun 23 18:43:01 smithi123 ceph-mon[94919]: Activating manager daemon x
2023-06-23T18:43:01.707 INFO:journalctl@ceph.mon.a.smithi123.stdout:Jun 23 18:43:01 smithi123 ceph-mon[94919]: mgrmap e2: x(active, starting, since 0.00403675s)
2023-06-23T18:43:01.707 INFO:journalctl@ceph.mon.a.smithi123.stdout:Jun 23 18:43:01 smithi123 ceph-mon[94919]: from='mgr.14100 172.21.15.123:0/2417915276' entity='mgr.x' cmd=[{"prefix": "mds metadata"}]: dispatch
2023-06-23T18:43:01.707 INFO:journalctl@ceph.mon.a.smithi123.stdout:Jun 23 18:43:01 smithi123 ceph-mon[94919]: from='mgr.14100 172.21.15.123:0/2417915276' entity='mgr.x' cmd=[{"prefix": "osd metadata"}]: dispatch
2023-06-23T18:43:01.707 INFO:journalctl@ceph.mon.a.smithi123.stdout:Jun 23 18:43:01 smithi123 ceph-mon[94919]: from='mgr.14100 172.21.15.123:0/2417915276' entity='mgr.x' cmd=[{"prefix": "mon metadata"}]: dispatch
2023-06-23T18:43:01.707 INFO:journalctl@ceph.mon.a.smithi123.stdout:Jun 23 18:43:01 smithi123 ceph-mon[94919]: from='mgr.14100 172.21.15.123:0/2417915276' entity='mgr.x' cmd=[{"prefix": "mon metadata", "id": "a"}]: dispatch
2023-06-23T18:43:01.708 INFO:journalctl@ceph.mon.a.smithi123.stdout:Jun 23 18:43:01 smithi123 ceph-mon[94919]: from='mgr.14100 172.21.15.123:0/2417915276' entity='mgr.x' cmd=[{"prefix": "mgr metadata", "who": "x", "id": "x"}]: dispatch
2023-06-23T18:43:01.708 INFO:journalctl@ceph.mon.a.smithi123.stdout:Jun 23 18:43:01 smithi123 ceph-mon[94919]: Manager daemon x is now available
2023-06-23T18:43:01.708 INFO:journalctl@ceph.mon.a.smithi123.stdout:Jun 23 18:43:01 smithi123 ceph-mon[94919]: from='mgr.14100 172.21.15.123:0/2417915276' entity='mgr.x' cmd=[{"prefix":"config rm","who":"mgr","name":"mgr/rbd_support/x/mirror_snapshot_schedule"}]: dispatch
2023-06-23T18:43:01.708 INFO:journalctl@ceph.mon.a.smithi123.stdout:Jun 23 18:43:01 smithi123 ceph-mon[94919]: from='mgr.14100 172.21.15.123:0/2417915276' entity='mgr.x'
2023-06-23T18:43:01.708 INFO:journalctl@ceph.mon.a.smithi123.stdout:Jun 23 18:43:01 smithi123 ceph-mon[94919]: from='mgr.14100 172.21.15.123:0/2417915276' entity='mgr.x' cmd=[{"prefix":"config rm","who":"mgr","name":"mgr/rbd_support/x/trash_purge_schedule"}]: dispatch
2023-06-23T18:43:01.708 INFO:journalctl@ceph.mon.a.smithi123.stdout:Jun 23 18:43:01 smithi123 ceph-mon[94919]: from='mgr.14100 172.21.15.123:0/2417915276' entity='mgr.x'
2023-06-23T18:43:01.708 INFO:journalctl@ceph.mon.a.smithi123.stdout:Jun 23 18:43:01 smithi123 ceph-mon[94919]: from='mgr.14100 172.21.15.123:0/2417915276' entity='mgr.x'
2023-06-23T18:43:03.706 INFO:journalctl@ceph.mon.a.smithi123.stdout:Jun 23 18:43:03 smithi123 ceph-mon[94919]: mgrmap e3: x(active, since 1.00885s)
2023-06-23T18:43:04.706 INFO:journalctl@ceph.mon.a.smithi123.stdout:Jun 23 18:43:04 smithi123 ceph-mon[94919]: mgrmap e4: x(active, since 2s)
2023-06-23T18:43:05.943 INFO:teuthology.orchestra.run.smithi123.stdout:/usr/bin/ceph: stdout
2023-06-23T18:43:05.958 INFO:teuthology.orchestra.run.smithi123.stdout:/usr/bin/ceph: stdout {
2023-06-23T18:43:05.958 INFO:teuthology.orchestra.run.smithi123.stdout:/usr/bin/ceph: stdout "fsid": "a0cd9b40-11f5-11ee-9b2b-001a4aab830c",
2023-06-23T18:43:05.958 INFO:teuthology.orchestra.run.smithi123.stdout:/usr/bin/ceph: stdout "health": {
2023-06-23T18:43:05.958 INFO:teuthology.orchestra.run.smithi123.stdout:/usr/bin/ceph: stdout "status": "HEALTH_OK",
2023-06-23T18:43:05.959 INFO:teuthology.orchestra.run.smithi123.stdout:/usr/bin/ceph: stdout "checks": {},
2023-06-23T18:43:05.959 INFO:teuthology.orchestra.run.smithi123.stdout:/usr/bin/ceph: stdout "mutes": []
2023-06-23T18:43:05.959 INFO:teuthology.orchestra.run.smithi123.stdout:/usr/bin/ceph: stdout },
2023-06-23T18:43:05.959 INFO:teuthology.orchestra.run.smithi123.stdout:/usr/bin/ceph: stdout "election_epoch": 5,
2023-06-23T18:43:05.959 INFO:teuthology.orchestra.run.smithi123.stdout:/usr/bin/ceph: stdout "quorum": [
2023-06-23T18:43:05.959 INFO:teuthology.orchestra.run.smithi123.stdout:/usr/bin/ceph: stdout 0
2023-06-23T18:43:05.959 INFO:teuthology.orchestra.run.smithi123.stdout:/usr/bin/ceph: stdout ],
2023-06-23T18:43:05.960 INFO:teuthology.orchestra.run.smithi123.stdout:/usr/bin/ceph: stdout "quorum_names": [
2023-06-23T18:43:05.960 INFO:teuthology.orchestra.run.smithi123.stdout:/usr/bin/ceph: stdout "a"
2023-06-23T18:43:05.960 INFO:teuthology.orchestra.run.smithi123.stdout:/usr/bin/ceph: stdout ],
2023-06-23T18:43:05.960 INFO:teuthology.orchestra.run.smithi123.stdout:/usr/bin/ceph: stdout "quorum_age": 15,
2023-06-23T18:43:05.960 INFO:teuthology.orchestra.run.smithi123.stdout:/usr/bin/ceph: stdout "monmap": {
2023-06-23T18:43:05.960 INFO:teuthology.orchestra.run.smithi123.stdout:/usr/bin/ceph: stdout "epoch": 1,
2023-06-23T18:43:05.960 INFO:teuthology.orchestra.run.smithi123.stdout:/usr/bin/ceph: stdout "min_mon_release_name": "reef",
2023-06-23T18:43:05.960 INFO:teuthology.orchestra.run.smithi123.stdout:/usr/bin/ceph: stdout "num_mons": 1
2023-06-23T18:43:05.961 INFO:teuthology.orchestra.run.smithi123.stdout:/usr/bin/ceph: stdout },
2023-06-23T18:43:05.961 INFO:teuthology.orchestra.run.smithi123.stdout:/usr/bin/ceph: stdout "osdmap": {
2023-06-23T18:43:05.961 INFO:teuthology.orchestra.run.smithi123.stdout:/usr/bin/ceph: stdout "epoch": 1,
2023-06-23T18:43:05.961 INFO:teuthology.orchestra.run.smithi123.stdout:/usr/bin/ceph: stdout "num_osds": 0,
2023-06-23T18:43:05.961 INFO:teuthology.orchestra.run.smithi123.stdout:/usr/bin/ceph: stdout "num_up_osds": 0,
2023-06-23T18:43:05.961 INFO:teuthology.orchestra.run.smithi123.stdout:/usr/bin/ceph: stdout "osd_up_since": 0,
2023-06-23T18:43:05.961 INFO:teuthology.orchestra.run.smithi123.stdout:/usr/bin/ceph: stdout "num_in_osds": 0,
2023-06-23T18:43:05.961 INFO:teuthology.orchestra.run.smithi123.stdout:/usr/bin/ceph: stdout "osd_in_since": 0,
2023-06-23T18:43:05.962 INFO:teuthology.orchestra.run.smithi123.stdout:/usr/bin/ceph: stdout "num_remapped_pgs": 0
2023-06-23T18:43:05.962 INFO:teuthology.orchestra.run.smithi123.stdout:/usr/bin/ceph: stdout },
2023-06-23T18:43:05.962 INFO:teuthology.orchestra.run.smithi123.stdout:/usr/bin/ceph: stdout "pgmap": {
2023-06-23T18:43:05.962 INFO:teuthology.orchestra.run.smithi123.stdout:/usr/bin/ceph: stdout "pgs_by_state": [],
2023-06-23T18:43:05.962 INFO:teuthology.orchestra.run.smithi123.stdout:/usr/bin/ceph: stdout "num_pgs": 0,
2023-06-23T18:43:05.962 INFO:teuthology.orchestra.run.smithi123.stdout:/usr/bin/ceph: stdout "num_pools": 0,
2023-06-23T18:43:05.962 INFO:teuthology.orchestra.run.smithi123.stdout:/usr/bin/ceph: stdout "num_objects": 0,
2023-06-23T18:43:05.962 INFO:teuthology.orchestra.run.smithi123.stdout:/usr/bin/ceph: stdout "data_bytes": 0,
2023-06-23T18:43:05.963 INFO:teuthology.orchestra.run.smithi123.stdout:/usr/bin/ceph: stdout "bytes_used": 0,
2023-06-23T18:43:05.963 INFO:teuthology.orchestra.run.smithi123.stdout:/usr/bin/ceph: stdout "bytes_avail": 0,
2023-06-23T18:43:05.963 INFO:teuthology.orchestra.run.smithi123.stdout:/usr/bin/ceph: stdout "bytes_total": 0
2023-06-23T18:43:05.963 INFO:teuthology.orchestra.run.smithi123.stdout:/usr/bin/ceph: stdout },
2023-06-23T18:43:05.963 INFO:teuthology.orchestra.run.smithi123.stdout:/usr/bin/ceph: stdout "fsmap": {
2023-06-23T18:43:05.963 INFO:teuthology.orchestra.run.smithi123.stdout:/usr/bin/ceph: stdout "epoch": 1,
2023-06-23T18:43:05.963 INFO:teuthology.orchestra.run.smithi123.stdout:/usr/bin/ceph: stdout "by_rank": [],
2023-06-23T18:43:05.963 INFO:teuthology.orchestra.run.smithi123.stdout:/usr/bin/ceph: stdout "up:standby": 0
2023-06-23T18:43:05.964 INFO:teuthology.orchestra.run.smithi123.stdout:/usr/bin/ceph: stdout },
2023-06-23T18:43:05.964 INFO:teuthology.orchestra.run.smithi123.stdout:/usr/bin/ceph: stdout "mgrmap": {
2023-06-23T18:43:05.964 INFO:teuthology.orchestra.run.smithi123.stdout:/usr/bin/ceph: stdout "available": true,
2023-06-23T18:43:05.964 INFO:teuthology.orchestra.run.smithi123.stdout:/usr/bin/ceph: stdout "num_standbys": 0,
2023-06-23T18:43:05.964 INFO:teuthology.orchestra.run.smithi123.stdout:/usr/bin/ceph: stdout "modules": [
2023-06-23T18:43:05.964 INFO:teuthology.orchestra.run.smithi123.stdout:/usr/bin/ceph: stdout "iostat",
2023-06-23T18:43:05.964 INFO:teuthology.orchestra.run.smithi123.stdout:/usr/bin/ceph: stdout "nfs",
2023-06-23T18:43:05.964 INFO:teuthology.orchestra.run.smithi123.stdout:/usr/bin/ceph: stdout "restful"
2023-06-23T18:43:05.965 INFO:teuthology.orchestra.run.smithi123.stdout:/usr/bin/ceph: stdout ],
2023-06-23T18:43:05.965 INFO:teuthology.orchestra.run.smithi123.stdout:/usr/bin/ceph: stdout "services": {}
2023-06-23T18:43:05.965 INFO:teuthology.orchestra.run.smithi123.stdout:/usr/bin/ceph: stdout },
2023-06-23T18:43:05.965 INFO:teuthology.orchestra.run.smithi123.stdout:/usr/bin/ceph: stdout "servicemap": {
2023-06-23T18:43:05.965 INFO:teuthology.orchestra.run.smithi123.stdout:/usr/bin/ceph: stdout "epoch": 1,
2023-06-23T18:43:05.965 INFO:teuthology.orchestra.run.smithi123.stdout:/usr/bin/ceph: stdout "modified": "2023-06-23T18:42:43.599841+0000",
2023-06-23T18:43:05.965 INFO:teuthology.orchestra.run.smithi123.stdout:/usr/bin/ceph: stdout "services": {}
2023-06-23T18:43:05.965 INFO:teuthology.orchestra.run.smithi123.stdout:/usr/bin/ceph: stdout },
2023-06-23T18:43:05.966 INFO:teuthology.orchestra.run.smithi123.stdout:/usr/bin/ceph: stdout "progress_events": {}
2023-06-23T18:43:05.966 INFO:teuthology.orchestra.run.smithi123.stdout:/usr/bin/ceph: stdout }
2023-06-23T18:43:05.966 INFO:teuthology.orchestra.run.smithi123.stdout:/usr/bin/ceph: stderr
2023-06-23T18:43:05.219+0000 7f294dd28700 1 Processor -- start
2023-06-23T18:43:05.966 INFO:teuthology.orchestra.run.smithi123.stdout:/usr/bin/ceph: stderr
2023-06-23T18:43:05.220+0000 7f294dd28700 1 -- start start
2023-06-23T18:43:05.966 INFO:teuthology.orchestra.run.smithi123.stdout:/usr/bin/ceph: stderr
2023-06-23T18:43:05.220+0000 7f294dd28700 1 --2- >> [v2:172.21.15.123:3300/0,v1:172.21.15.123:6789/0] conn(0x7f294807ac80 0x7f2948079180 unknown :-1 s=NONE pgs=0 cs=0 l=0 rev1=0 crypto rx=0 tx=0 comp rx=0 tx=0).connect
2023-06-23T18:43:05.966 INFO:teuthology.orchestra.run.smithi123.stdout:/usr/bin/ceph: stderr
2023-06-23T18:43:05.220+0000 7f294dd28700 1 -- --> [v2:172.21.15.123:3300/0,v1:172.21.15.123:6789/0] -- mon_getmap magic: 0 v1 -- 0x7f29480796c0 con 0x7f294807ac80
2023-06-23T18:43:05.966 INFO:teuthology.orchestra.run.smithi123.stdout:/usr/bin/ceph: stderr
2023-06-23T18:43:05.220+0000 7f29477fe700 1 --2- >> [v2:172.21.15.123:3300/0,v1:172.21.15.123:6789/0] conn(0x7f294807ac80 0x7f2948079180 unknown :-1 s=BANNER_CONNECTING pgs=0 cs=0 l=0 rev1=0 crypto rx=0 tx=0 comp rx=0 tx=0)._handle_peer_banner_payload supported=3 required=0
2023-06-23T18:43:05.966 INFO:teuthology.orchestra.run.smithi123.stdout:/usr/bin/ceph: stderr
2023-06-23T18:43:05.220+0000 7f29477fe700 1 --2- >> [v2:172.21.15.123:3300/0,v1:172.21.15.123:6789/0] conn(0x7f294807ac80 0x7f2948079180 unknown :-1 s=HELLO_CONNECTING pgs=0 cs=0 l=0 rev1=1 crypto rx=0 tx=0 comp rx=0 tx=0).handle_hello peer v2:172.21.15.123:3300/0 says I am v2:172.21.15.123:60226/0 (socket says 172.21.15.123:60226)
2023-06-23T18:43:05.967 INFO:teuthology.orchestra.run.smithi123.stdout:/usr/bin/ceph: stderr
2023-06-23T18:43:05.220+0000 7f29477fe700 1 -- 172.21.15.123:0/4040004051 learned_addr learned my addr 172.21.15.123:0/4040004051 (peer_addr_for_me v2:172.21.15.123:0/0)
2023-06-23T18:43:05.967 INFO:teuthology.orchestra.run.smithi123.stdout:/usr/bin/ceph: stderr
2023-06-23T18:43:05.221+0000 7f29477fe700 1 -- 172.21.15.123:0/4040004051 --> [v2:172.21.15.123:3300/0,v1:172.21.15.123:6789/0] -- mon_subscribe({config=0+,monmap=0+}) v3 -- 0x7f2948079800 con 0x7f294807ac80
2023-06-23T18:43:05.967 INFO:teuthology.orchestra.run.smithi123.stdout:/usr/bin/ceph: stderr
2023-06-23T18:43:05.221+0000 7f29477fe700 1 --2- 172.21.15.123:0/4040004051 >> [v2:172.21.15.123:3300/0,v1:172.21.15.123:6789/0] conn(0x7f294807ac80 0x7f2948079180 secure :-1 s=READY pgs=16 cs=0 l=1 rev1=1 crypto rx=0x7f29380098a0 tx=0x7f2938009bb0 comp rx=0 tx=0).ready entity=mon.0 client_cookie=9498aafa13a1be3b server_cookie=0 in_seq=0 out_seq=0
2023-06-23T18:43:05.967 INFO:teuthology.orchestra.run.smithi123.stdout:/usr/bin/ceph: stderr
2023-06-23T18:43:05.221+0000 7f29467fc700 1 -- 172.21.15.123:0/4040004051 <== mon.0 v2:172.21.15.123:3300/0 1 ==== mon_map magic: 0 v1 ==== 205+0+0 (secure 0 0 0) 0x7f2938004160 con 0x7f294807ac80
2023-06-23T18:43:05.967 INFO:teuthology.orchestra.run.smithi123.stdout:/usr/bin/ceph: stderr
2023-06-23T18:43:05.221+0000 7f29467fc700 1 -- 172.21.15.123:0/4040004051 <== mon.0 v2:172.21.15.123:3300/0 2 ==== config(26 keys) v1 ==== 1074+0+0 (secure 0 0 0) 0x7f29380042c0 con 0x7f294807ac80
2023-06-23T18:43:05.967 INFO:teuthology.orchestra.run.smithi123.stdout:/usr/bin/ceph: stderr
2023-06-23T18:43:05.221+0000 7f29467fc700 1 -- 172.21.15.123:0/4040004051 <== mon.0 v2:172.21.15.123:3300/0 3 ==== mon_map magic: 0 v1 ==== 205+0+0 (secure 0 0 0) 0x7f2938011a00 con 0x7f294807ac80
2023-06-23T18:43:05.967 INFO:teuthology.orchestra.run.smithi123.stdout:/usr/bin/ceph: stderr
2023-06-23T18:43:05.222+0000 7f294dd28700 1 -- 172.21.15.123:0/4040004051 >> [v2:172.21.15.123:3300/0,v1:172.21.15.123:6789/0] conn(0x7f294807ac80 msgr2=0x7f2948079180 secure :-1 s=STATE_CONNECTION_ESTABLISHED l=1).mark_down
2023-06-23T18:43:05.968 INFO:teuthology.orchestra.run.smithi123.stdout:/usr/bin/ceph: stderr
2023-06-23T18:43:05.222+0000 7f294dd28700 1 --2- 172.21.15.123:0/4040004051 >> [v2:172.21.15.123:3300/0,v1:172.21.15.123:6789/0] conn(0x7f294807ac80 0x7f2948079180 secure :-1 s=READY pgs=16 cs=0 l=1 rev1=1 crypto rx=0x7f29380098a0 tx=0x7f2938009bb0 comp rx=0 tx=0).stop
2023-06-23T18:43:05.968 INFO:teuthology.orchestra.run.smithi123.stdout:/usr/bin/ceph: stderr
2023-06-23T18:43:05.222+0000 7f294dd28700 1 -- 172.21.15.123:0/4040004051 shutdown_connections
2023-06-23T18:43:05.968 INFO:teuthology.orchestra.run.smithi123.stdout:/usr/bin/ceph: stderr
2023-06-23T18:43:05.222+0000 7f294dd28700 1 --2- 172.21.15.123:0/4040004051 >> [v2:172.21.15.123:3300/0,v1:172.21.15.123:6789/0] conn(0x7f294807ac80 0x7f2948079180 unknown :-1 s=CLOSED pgs=16 cs=0 l=1 rev1=1 crypto rx=0 tx=0 comp rx=0 tx=0).stop
2023-06-23T18:43:05.968 INFO:teuthology.orchestra.run.smithi123.stdout:/usr/bin/ceph: stderr
2023-06-23T18:43:05.222+0000 7f294dd28700 1 -- 172.21.15.123:0/4040004051 >> 172.21.15.123:0/4040004051 conn(0x7f2948100ad0 msgr2=0x7f2948102f20 unknown :-1 s=STATE_NONE l=0).mark_down
2023-06-23T18:43:05.968 INFO:teuthology.orchestra.run.smithi123.stdout:/usr/bin/ceph: stderr
2023-06-23T18:43:05.222+0000 7f294dd28700 1 -- 172.21.15.123:0/4040004051 shutdown_connections
2023-06-23T18:43:05.968 INFO:teuthology.orchestra.run.smithi123.stdout:/usr/bin/ceph: stderr
2023-06-23T18:43:05.222+0000 7f294dd28700 1 -- 172.21.15.123:0/4040004051 wait complete.
2023-06-23T18:43:05.968 INFO:teuthology.orchestra.run.smithi123.stdout:/usr/bin/ceph: stderr
2023-06-23T18:43:05.223+0000 7f294dd28700 1 Processor -- start
2023-06-23T18:43:05.968 INFO:teuthology.orchestra.run.smithi123.stdout:/usr/bin/ceph: stderr
2023-06-23T18:43:05.223+0000 7f294dd28700 1 -- start start
2023-06-23T18:43:05.969 INFO:teuthology.orchestra.run.smithi123.stdout:/usr/bin/ceph: stderr
2023-06-23T18:43:05.223+0000 7f294dd28700 1 --2- >> [v2:172.21.15.123:3300/0,v1:172.21.15.123:6789/0] conn(0x7f294807ac80 0x7f294819b4b0 unknown :-1 s=NONE pgs=0 cs=0 l=1 rev1=0 crypto rx=0 tx=0 comp rx=0 tx=0).connect
2023-06-23T18:43:05.969 INFO:teuthology.orchestra.run.smithi123.stdout:/usr/bin/ceph: stderr
2023-06-23T18:43:05.223+0000 7f294dd28700 1 -- --> [v2:172.21.15.123:3300/0,v1:172.21.15.123:6789/0] -- mon_getmap magic: 0 v1 -- 0x7f294819b9f0 con 0x7f294807ac80
2023-06-23T18:43:05.969 INFO:teuthology.orchestra.run.smithi123.stdout:/usr/bin/ceph: stderr
2023-06-23T18:43:05.224+0000 7f29477fe700 1 --2- >> [v2:172.21.15.123:3300/0,v1:172.21.15.123:6789/0] conn(0x7f294807ac80 0x7f294819b4b0 unknown :-1 s=BANNER_CONNECTING pgs=0 cs=0 l=1 rev1=0 crypto rx=0 tx=0 comp rx=0 tx=0)._handle_peer_banner_payload supported=3 required=0
2023-06-23T18:43:05.969 INFO:teuthology.orchestra.run.smithi123.stdout:/usr/bin/ceph: stderr
2023-06-23T18:43:05.224+0000 7f29477fe700 1 --2- >> [v2:172.21.15.123:3300/0,v1:172.21.15.123:6789/0] conn(0x7f294807ac80 0x7f294819b4b0 unknown :-1 s=HELLO_CONNECTING pgs=0 cs=0 l=1 rev1=1 crypto rx=0 tx=0 comp rx=0 tx=0).handle_hello peer v2:172.21.15.123:3300/0 says I am v2:172.21.15.123:60242/0 (socket says 172.21.15.123:60242)
2023-06-23T18:43:05.969 INFO:teuthology.orchestra.run.smithi123.stdout:/usr/bin/ceph: stderr
2023-06-23T18:43:05.224+0000 7f29477fe700 1 -- 172.21.15.123:0/2772432785 learned_addr learned my addr 172.21.15.123:0/2772432785 (peer_addr_for_me v2:172.21.15.123:0/0)
2023-06-23T18:43:05.969 INFO:teuthology.orchestra.run.smithi123.stdout:/usr/bin/ceph: stderr
2023-06-23T18:43:05.224+0000 7f29477fe700 1 -- 172.21.15.123:0/2772432785 --> [v2:172.21.15.123:3300/0,v1:172.21.15.123:6789/0] -- mon_subscribe({config=0+,monmap=0+}) v3 -- 0x7f2938009550 con 0x7f294807ac80
2023-06-23T18:43:05.969 INFO:teuthology.orchestra.run.smithi123.stdout:/usr/bin/ceph: stderr
2023-06-23T18:43:05.224+0000 7f29477fe700 1 --2- 172.21.15.123:0/2772432785 >> [v2:172.21.15.123:3300/0,v1:172.21.15.123:6789/0] conn(0x7f294807ac80 0x7f294819b4b0 secure :-1 s=READY pgs=17 cs=0 l=1 rev1=1 crypto rx=0x7f2938009130 tx=0x7f2938011ad0 comp rx=0 tx=0).ready entity=mon.0 client_cookie=0 server_cookie=0 in_seq=0 out_seq=0
2023-06-23T18:43:05.969 INFO:teuthology.orchestra.run.smithi123.stdout:/usr/bin/ceph: stderr
2023-06-23T18:43:05.224+0000 7f2944ff9700 1 -- 172.21.15.123:0/2772432785 <== mon.0 v2:172.21.15.123:3300/0 1 ==== mon_map magic: 0 v1 ==== 205+0+0 (secure 0 0 0) 0x7f2938003ab0 con 0x7f294807ac80
2023-06-23T18:43:05.970 INFO:teuthology.orchestra.run.smithi123.stdout:/usr/bin/ceph: stderr
2023-06-23T18:43:05.224+0000 7f2944ff9700 1 -- 172.21.15.123:0/2772432785 <== mon.0 v2:172.21.15.123:3300/0 2 ==== config(26 keys) v1 ==== 1074+0+0 (secure 0 0 0) 0x7f2938003c10 con 0x7f294807ac80
2023-06-23T18:43:05.970 INFO:teuthology.orchestra.run.smithi123.stdout:/usr/bin/ceph: stderr
2023-06-23T18:43:05.224+0000 7f2944ff9700 1 -- 172.21.15.123:0/2772432785 <== mon.0 v2:172.21.15.123:3300/0 3 ==== mon_map magic: 0 v1 ==== 205+0+0 (secure 0 0 0) 0x7f29380247d0 con 0x7f294807ac80
2023-06-23T18:43:05.970 INFO:teuthology.orchestra.run.smithi123.stdout:/usr/bin/ceph: stderr
2023-06-23T18:43:05.224+0000 7f294dd28700 1 -- 172.21.15.123:0/2772432785 --> [v2:172.21.15.123:3300/0,v1:172.21.15.123:6789/0] -- mon_subscribe({mgrmap=0+}) v3 -- 0x7f294819bbf0 con 0x7f294807ac80
2023-06-23T18:43:05.970 INFO:teuthology.orchestra.run.smithi123.stdout:/usr/bin/ceph: stderr
2023-06-23T18:43:05.225+0000 7f294dd28700 1 -- 172.21.15.123:0/2772432785 --> [v2:172.21.15.123:3300/0,v1:172.21.15.123:6789/0] -- mon_subscribe({osdmap=0}) v3 -- 0x7f294819c010 con 0x7f294807ac80
2023-06-23T18:43:05.970 INFO:teuthology.orchestra.run.smithi123.stdout:/usr/bin/ceph: stderr
2023-06-23T18:43:05.226+0000 7f2944ff9700 1 -- 172.21.15.123:0/2772432785 <== mon.0 v2:172.21.15.123:3300/0 4 ==== mgrmap(e 4) v1 ==== 45472+0+0 (secure 0 0 0) 0x7f293801abb0 con 0x7f294807ac80
2023-06-23T18:43:05.970 INFO:teuthology.orchestra.run.smithi123.stdout:/usr/bin/ceph: stderr
2023-06-23T18:43:05.226+0000 7f294dd28700 1 -- 172.21.15.123:0/2772432785 --> [v2:172.21.15.123:3300/0,v1:172.21.15.123:6789/0] -- mon_command({"prefix": "get_command_descriptions"} v 0) v1 -- 0x7f2948195480 con 0x7f294807ac80
2023-06-23T18:43:05.970 INFO:teuthology.orchestra.run.smithi123.stdout:/usr/bin/ceph: stderr
2023-06-23T18:43:05.226+0000 7f2944ff9700 1 --2- 172.21.15.123:0/2772432785 >> [v2:172.21.15.123:6800/4028800444,v1:172.21.15.123:6801/4028800444] conn(0x7f2930038710 0x7f293003abc0 unknown :-1 s=NONE pgs=0 cs=0 l=1 rev1=0 crypto rx=0 tx=0 comp rx=0 tx=0).connect
2023-06-23T18:43:05.971 INFO:teuthology.orchestra.run.smithi123.stdout:/usr/bin/ceph: stderr
2023-06-23T18:43:05.226+0000 7f2944ff9700 1 -- 172.21.15.123:0/2772432785 <== mon.0 v2:172.21.15.123:3300/0 5 ==== osd_map(1..1 src has 1..1) v4 ==== 725+0+0 (secure 0 0 0) 0x7f293804c430 con 0x7f294807ac80
2023-06-23T18:43:05.971 INFO:teuthology.orchestra.run.smithi123.stdout:/usr/bin/ceph: stderr
2023-06-23T18:43:05.226+0000 7f2946ffd700 1 --2- 172.21.15.123:0/2772432785 >> [v2:172.21.15.123:6800/4028800444,v1:172.21.15.123:6801/4028800444] conn(0x7f2930038710 0x7f293003abc0 unknown :-1 s=BANNER_CONNECTING pgs=0 cs=0 l=1 rev1=0 crypto rx=0 tx=0 comp rx=0 tx=0)._handle_peer_banner_payload supported=3 required=0
2023-06-23T18:43:05.971 INFO:teuthology.orchestra.run.smithi123.stdout:/usr/bin/ceph: stderr
2023-06-23T18:43:05.227+0000 7f2946ffd700 1 --2- 172.21.15.123:0/2772432785 >> [v2:172.21.15.123:6800/4028800444,v1:172.21.15.123:6801/4028800444] conn(0x7f2930038710 0x7f293003abc0 secure :-1 s=READY pgs=6 cs=0 l=1 rev1=1 crypto rx=0x7f293c006fd0 tx=0x7f293c006e40 comp rx=0 tx=0).ready entity=mgr.14100 client_cookie=0 server_cookie=0 in_seq=0 out_seq=0
2023-06-23T18:43:05.971 INFO:teuthology.orchestra.run.smithi123.stdout:/usr/bin/ceph: stderr
2023-06-23T18:43:05.232+0000 7f2944ff9700 1 -- 172.21.15.123:0/2772432785 <== mon.0 v2:172.21.15.123:3300/0 6 ==== mon_command_ack([{"prefix": "get_command_descriptions"}]=0 v0) v1 ==== 72+0+178008 (secure 0 0 0) 0x7f2938018710 con 0x7f294807ac80
2023-06-23T18:43:05.971 INFO:teuthology.orchestra.run.smithi123.stdout:/usr/bin/ceph: stderr
2023-06-23T18:43:05.503+0000 7f294dd28700 1 -- 172.21.15.123:0/2772432785 --> [v2:172.21.15.123:3300/0,v1:172.21.15.123:6789/0] -- mon_command({"prefix": "status", "format": "json-pretty"} v 0) v1 -- 0x7f2948061b00 con 0x7f294807ac80
2023-06-23T18:43:05.971 INFO:teuthology.orchestra.run.smithi123.stdout:/usr/bin/ceph: stderr
2023-06-23T18:43:05.503+0000 7f2944ff9700 1 -- 172.21.15.123:0/2772432785 <== mon.0 v2:172.21.15.123:3300/0 7 ==== mon_command_ack([{"prefix": "status", "format": "json-pretty"}]=0 v0) v1 ==== 79+0+1238 (secure 0 0 0) 0x7f2938018350 con 0x7f294807ac80
2023-06-23T18:43:05.972 INFO:teuthology.orchestra.run.smithi123.stdout:/usr/bin/ceph: stderr
2023-06-23T18:43:05.506+0000 7f294dd28700 1 -- 172.21.15.123:0/2772432785 >> [v2:172.21.15.123:6800/4028800444,v1:172.21.15.123:6801/4028800444] conn(0x7f2930038710 msgr2=0x7f293003abc0 secure :-1 s=STATE_CONNECTION_ESTABLISHED l=1).mark_down
2023-06-23T18:43:05.972 INFO:teuthology.orchestra.run.smithi123.stdout:/usr/bin/ceph: stderr
2023-06-23T18:43:05.506+0000 7f294dd28700 1 --2- 172.21.15.123:0/2772432785 >> [v2:172.21.15.123:6800/4028800444,v1:172.21.15.123:6801/4028800444] conn(0x7f2930038710 0x7f293003abc0 secure :-1 s=READY pgs=6 cs=0 l=1 rev1=1 crypto rx=0x7f293c006fd0 tx=0x7f293c006e40 comp rx=0 tx=0).stop
2023-06-23T18:43:05.972 INFO:teuthology.orchestra.run.smithi123.stdout:/usr/bin/ceph: stderr
2023-06-23T18:43:05.506+0000 7f294dd28700 1 -- 172.21.15.123:0/2772432785 >> [v2:172.21.15.123:3300/0,v1:172.21.15.123:6789/0] conn(0x7f294807ac80 msgr2=0x7f294819b4b0 secure :-1 s=STATE_CONNECTION_ESTABLISHED l=1).mark_down
2023-06-23T18:43:05.972 INFO:teuthology.orchestra.run.smithi123.stdout:/usr/bin/ceph: stderr
2023-06-23T18:43:05.506+0000 7f294dd28700 1 --2- 172.21.15.123:0/2772432785 >> [v2:172.21.15.123:3300/0,v1:172.21.15.123:6789/0] conn(0x7f294807ac80 0x7f294819b4b0 secure :-1 s=READY pgs=17 cs=0 l=1 rev1=1 crypto rx=0x7f2938009130 tx=0x7f2938011ad0 comp rx=0 tx=0).stop
2023-06-23T18:43:05.973 INFO:teuthology.orchestra.run.smithi123.stdout:/usr/bin/ceph: stderr
2023-06-23T18:43:05.506+0000 7f294dd28700 1 -- 172.21.15.123:0/2772432785 shutdown_connections
2023-06-23T18:43:05.973 INFO:teuthology.orchestra.run.smithi123.stdout:/usr/bin/ceph: stderr
2023-06-23T18:43:05.506+0000 7f294dd28700 1 --2- 172.21.15.123:0/2772432785 >> [v2:172.21.15.123:6800/4028800444,v1:172.21.15.123:6801/4028800444] conn(0x7f2930038710 0x7f293003abc0 unknown :-1 s=CLOSED pgs=6 cs=0 l=1 rev1=1 crypto rx=0 tx=0 comp rx=0 tx=0).stop
2023-06-23T18:43:05.973 INFO:teuthology.orchestra.run.smithi123.stdout:/usr/bin/ceph: stderr
2023-06-23T18:43:05.506+0000 7f294dd28700 1 --2- 172.21.15.123:0/2772432785 >> [v2:172.21.15.123:3300/0,v1:172.21.15.123:6789/0] conn(0x7f294807ac80 0x7f294819b4b0 unknown :-1 s=CLOSED pgs=17 cs=0 l=1 rev1=1 crypto rx=0 tx=0 comp rx=0 tx=0).stop
2023-06-23T18:43:05.973 INFO:teuthology.orchestra.run.smithi123.stdout:/usr/bin/ceph: stderr
2023-06-23T18:43:05.506+0000 7f294dd28700 1 -- 172.21.15.123:0/2772432785 >> 172.21.15.123:0/2772432785 conn(0x7f2948100ad0 msgr2=0x7f2948102210 unknown :-1 s=STATE_NONE l=0).mark_down
2023-06-23T18:43:05.974 INFO:teuthology.orchestra.run.smithi123.stdout:/usr/bin/ceph: stderr
2023-06-23T18:43:05.506+0000 7f294dd28700 1 -- 172.21.15.123:0/2772432785 shutdown_connections
2023-06-23T18:43:05.974 INFO:teuthology.orchestra.run.smithi123.stdout:/usr/bin/ceph: stderr
2023-06-23T18:43:05.506+0000 7f294dd28700 1 -- 172.21.15.123:0/2772432785 wait complete.
2023-06-23T18:43:05.974 INFO:teuthology.orchestra.run.smithi123.stdout:mgr is available
2023-06-23T18:43:06.456 INFO:journalctl@ceph.mon.a.smithi123.stdout:Jun 23 18:43:06 smithi123 ceph-mon[94919]: from='client.? 172.21.15.123:0/2772432785' entity='client.admin' cmd=[{"prefix": "status", "format": "json-pretty"}]: dispatch
2023-06-23T18:43:07.131 INFO:teuthology.orchestra.run.smithi123.stdout:/usr/bin/ceph: stdout
2023-06-23T18:43:07.132 INFO:teuthology.orchestra.run.smithi123.stdout:/usr/bin/ceph: stdout [global]
2023-06-23T18:43:07.132 INFO:teuthology.orchestra.run.smithi123.stdout:/usr/bin/ceph: stdout fsid = a0cd9b40-11f5-11ee-9b2b-001a4aab830c
2023-06-23T18:43:07.132 INFO:teuthology.orchestra.run.smithi123.stdout:/usr/bin/ceph: stdout mon_osd_allow_pg_remap = true
2023-06-23T18:43:07.132 INFO:teuthology.orchestra.run.smithi123.stdout:/usr/bin/ceph: stdout mon_osd_allow_primary_affinity = true
2023-06-23T18:43:07.132 INFO:teuthology.orchestra.run.smithi123.stdout:/usr/bin/ceph: stdout mon_warn_on_no_sortbitwise = false
2023-06-23T18:43:07.132 INFO:teuthology.orchestra.run.smithi123.stdout:/usr/bin/ceph: stdout osd_crush_chooseleaf_type = 0
2023-06-23T18:43:07.132 INFO:teuthology.orchestra.run.smithi123.stdout:/usr/bin/ceph: stdout
2023-06-23T18:43:07.133 INFO:teuthology.orchestra.run.smithi123.stdout:/usr/bin/ceph: stdout [mgr]
2023-06-23T18:43:07.133 INFO:teuthology.orchestra.run.smithi123.stdout:/usr/bin/ceph: stdout mgr/telemetry/nag = false
2023-06-23T18:43:07.133 INFO:teuthology.orchestra.run.smithi123.stdout:/usr/bin/ceph: stdout
2023-06-23T18:43:07.133 INFO:teuthology.orchestra.run.smithi123.stdout:/usr/bin/ceph: stdout [osd]
2023-06-23T18:43:07.133 INFO:teuthology.orchestra.run.smithi123.stdout:/usr/bin/ceph: stdout mon_osd_backfillfull_ratio = 0.85
2023-06-23T18:43:07.133 INFO:teuthology.orchestra.run.smithi123.stdout:/usr/bin/ceph: stdout mon_osd_full_ratio = 0.9
2023-06-23T18:43:07.133 INFO:teuthology.orchestra.run.smithi123.stdout:/usr/bin/ceph: stdout mon_osd_nearfull_ratio = 0.8
2023-06-23T18:43:07.133 INFO:teuthology.orchestra.run.smithi123.stdout:/usr/bin/ceph: stdout osd_map_max_advance = 10
2023-06-23T18:43:07.134 INFO:teuthology.orchestra.run.smithi123.stdout:/usr/bin/ceph: stdout osd_sloppy_crc = true
2023-06-23T18:43:07.134 INFO:teuthology.orchestra.run.smithi123.stdout:/usr/bin/ceph: stderr
2023-06-23T18:43:06.470+0000 7f4b29303700 1 Processor -- start
2023-06-23T18:43:07.134 INFO:teuthology.orchestra.run.smithi123.stdout:/usr/bin/ceph: stderr
2023-06-23T18:43:06.470+0000 7f4b29303700 1 -- start start
2023-06-23T18:43:07.134 INFO:teuthology.orchestra.run.smithi123.stdout:/usr/bin/ceph: stderr
2023-06-23T18:43:06.471+0000 7f4b29303700 1 --2- >> [v2:172.21.15.123:3300/0,v1:172.21.15.123:6789/0] conn(0x7f4b241054a0 0x7f4b241058b0 unknown :-1 s=NONE pgs=0 cs=0 l=0 rev1=0 crypto rx=0 tx=0 comp rx=0 tx=0).connect
2023-06-23T18:43:07.134 INFO:teuthology.orchestra.run.smithi123.stdout:/usr/bin/ceph: stderr
2023-06-23T18:43:06.471+0000 7f4b29303700 1 -- --> [v2:172.21.15.123:3300/0,v1:172.21.15.123:6789/0] -- mon_getmap magic: 0 v1 -- 0x7f4b24105df0 con 0x7f4b241054a0
2023-06-23T18:43:07.134 INFO:teuthology.orchestra.run.smithi123.stdout:/usr/bin/ceph: stderr
2023-06-23T18:43:06.471+0000 7f4b22ffd700 1 --2- >> [v2:172.21.15.123:3300/0,v1:172.21.15.123:6789/0] conn(0x7f4b241054a0 0x7f4b241058b0 unknown :-1 s=BANNER_CONNECTING pgs=0 cs=0 l=0 rev1=0 crypto rx=0 tx=0 comp rx=0 tx=0)._handle_peer_banner_payload supported=3 required=0
2023-06-23T18:43:07.134 INFO:teuthology.orchestra.run.smithi123.stdout:/usr/bin/ceph: stderr
2023-06-23T18:43:06.471+0000 7f4b22ffd700 1 --2- >> [v2:172.21.15.123:3300/0,v1:172.21.15.123:6789/0] conn(0x7f4b241054a0 0x7f4b241058b0 unknown :-1 s=HELLO_CONNECTING pgs=0 cs=0 l=0 rev1=1 crypto rx=0 tx=0 comp rx=0 tx=0).handle_hello peer v2:172.21.15.123:3300/0 says I am v2:172.21.15.123:60246/0 (socket says 172.21.15.123:60246)
2023-06-23T18:43:07.134 INFO:teuthology.orchestra.run.smithi123.stdout:/usr/bin/ceph: stderr
2023-06-23T18:43:06.471+0000 7f4b22ffd700 1 -- 172.21.15.123:0/1412022068 learned_addr learned my addr 172.21.15.123:0/1412022068 (peer_addr_for_me v2:172.21.15.123:0/0)
2023-06-23T18:43:07.135 INFO:teuthology.orchestra.run.smithi123.stdout:/usr/bin/ceph: stderr
2023-06-23T18:43:06.472+0000 7f4b22ffd700 1 -- 172.21.15.123:0/1412022068 --> [v2:172.21.15.123:3300/0,v1:172.21.15.123:6789/0] -- mon_subscribe({config=0+,monmap=0+}) v3 -- 0x7f4b24105f30 con 0x7f4b241054a0
2023-06-23T18:43:07.135 INFO:teuthology.orchestra.run.smithi123.stdout:/usr/bin/ceph: stderr
2023-06-23T18:43:06.472+0000 7f4b22ffd700 1 --2- 172.21.15.123:0/1412022068 >> [v2:172.21.15.123:3300/0,v1:172.21.15.123:6789/0] conn(0x7f4b241054a0 0x7f4b241058b0 secure :-1 s=READY pgs=18 cs=0 l=1 rev1=1 crypto rx=0x7f4b140098a0 tx=0x7f4b14009bb0 comp rx=0 tx=0).ready entity=mon.0 client_cookie=af0ce140b0ffdee4 server_cookie=0 in_seq=0 out_seq=0
2023-06-23T18:43:07.135 INFO:teuthology.orchestra.run.smithi123.stdout:/usr/bin/ceph: stderr
2023-06-23T18:43:06.472+0000 7f4b21ffb700 1 -- 172.21.15.123:0/1412022068 <== mon.0 v2:172.21.15.123:3300/0 1 ==== mon_map magic: 0 v1 ==== 205+0+0 (secure 0 0 0) 0x7f4b14004160 con 0x7f4b241054a0
2023-06-23T18:43:07.135 INFO:teuthology.orchestra.run.smithi123.stdout:/usr/bin/ceph: stderr
2023-06-23T18:43:06.472+0000 7f4b21ffb700 1 -- 172.21.15.123:0/1412022068 <== mon.0 v2:172.21.15.123:3300/0 2 ==== config(26 keys) v1 ==== 1074+0+0 (secure 0 0 0) 0x7f4b140042c0 con 0x7f4b241054a0
2023-06-23T18:43:07.135 INFO:teuthology.orchestra.run.smithi123.stdout:/usr/bin/ceph: stderr
2023-06-23T18:43:06.472+0000 7f4b21ffb700 1 -- 172.21.15.123:0/1412022068 <== mon.0 v2:172.21.15.123:3300/0 3 ==== mon_map magic: 0 v1 ==== 205+0+0 (secure 0 0 0) 0x7f4b14011a00 con 0x7f4b241054a0
2023-06-23T18:43:07.135 INFO:teuthology.orchestra.run.smithi123.stdout:/usr/bin/ceph: stderr
2023-06-23T18:43:06.473+0000 7f4b29303700 1 -- 172.21.15.123:0/1412022068 >> [v2:172.21.15.123:3300/0,v1:172.21.15.123:6789/0] conn(0x7f4b241054a0 msgr2=0x7f4b241058b0 secure :-1 s=STATE_CONNECTION_ESTABLISHED l=1).mark_down
2023-06-23T18:43:07.135 INFO:teuthology.orchestra.run.smithi123.stdout:/usr/bin/ceph: stderr
2023-06-23T18:43:06.473+0000 7f4b29303700 1 --2- 172.21.15.123:0/1412022068 >> [v2:172.21.15.123:3300/0,v1:172.21.15.123:6789/0] conn(0x7f4b241054a0 0x7f4b241058b0 secure :-1 s=READY pgs=18 cs=0 l=1 rev1=1 crypto rx=0x7f4b140098a0 tx=0x7f4b14009bb0 comp rx=0 tx=0).stop
2023-06-23T18:43:07.136 INFO:teuthology.orchestra.run.smithi123.stdout:/usr/bin/ceph: stderr
2023-06-23T18:43:06.473+0000 7f4b29303700 1 -- 172.21.15.123:0/1412022068 shutdown_connections
2023-06-23T18:43:07.136 INFO:teuthology.orchestra.run.smithi123.stdout:/usr/bin/ceph: stderr
2023-06-23T18:43:06.473+0000 7f4b29303700 1 --2- 172.21.15.123:0/1412022068 >> [v2:172.21.15.123:3300/0,v1:172.21.15.123:6789/0] conn(0x7f4b241054a0 0x7f4b241058b0 unknown :-1 s=CLOSED pgs=18 cs=0 l=1 rev1=1 crypto rx=0 tx=0 comp rx=0 tx=0).stop
2023-06-23T18:43:07.136 INFO:teuthology.orchestra.run.smithi123.stdout:/usr/bin/ceph: stderr
2023-06-23T18:43:06.473+0000 7f4b29303700 1 -- 172.21.15.123:0/1412022068 >> 172.21.15.123:0/1412022068 conn(0x7f4b24100ad0 msgr2=0x7f4b24102f20 unknown :-1 s=STATE_NONE l=0).mark_down
2023-06-23T18:43:07.136 INFO:teuthology.orchestra.run.smithi123.stdout:/usr/bin/ceph: stderr
2023-06-23T18:43:06.473+0000 7f4b29303700 1 -- 172.21.15.123:0/1412022068 shutdown_connections
2023-06-23T18:43:07.136 INFO:teuthology.orchestra.run.smithi123.stdout:/usr/bin/ceph: stderr
2023-06-23T18:43:06.473+0000 7f4b29303700 1 -- 172.21.15.123:0/1412022068 wait complete.
2023-06-23T18:43:07.136 INFO:teuthology.orchestra.run.smithi123.stdout:/usr/bin/ceph: stderr
2023-06-23T18:43:06.474+0000 7f4b29303700 1 Processor -- start
2023-06-23T18:43:07.136 INFO:teuthology.orchestra.run.smithi123.stdout:/usr/bin/ceph: stderr
2023-06-23T18:43:06.474+0000 7f4b29303700 1 -- start start
2023-06-23T18:43:07.136 INFO:teuthology.orchestra.run.smithi123.stdout:/usr/bin/ceph: stderr
2023-06-23T18:43:06.474+0000 7f4b29303700 1 --2- >> [v2:172.21.15.123:3300/0,v1:172.21.15.123:6789/0] conn(0x7f4b241054a0 0x7f4b2407aab0 unknown :-1 s=NONE pgs=0 cs=0 l=1 rev1=0 crypto rx=0 tx=0 comp rx=0 tx=0).connect
2023-06-23T18:43:07.137 INFO:teuthology.orchestra.run.smithi123.stdout:/usr/bin/ceph: stderr
2023-06-23T18:43:06.474+0000 7f4b29303700 1 -- --> [v2:172.21.15.123:3300/0,v1:172.21.15.123:6789/0] -- mon_getmap magic: 0 v1 -- 0x7f4b2407aff0 con 0x7f4b241054a0
2023-06-23T18:43:07.137 INFO:teuthology.orchestra.run.smithi123.stdout:/usr/bin/ceph: stderr
2023-06-23T18:43:06.474+0000 7f4b22ffd700 1 --2- >> [v2:172.21.15.123:3300/0,v1:172.21.15.123:6789/0] conn(0x7f4b241054a0 0x7f4b2407aab0 unknown :-1 s=BANNER_CONNECTING pgs=0 cs=0 l=1 rev1=0 crypto rx=0 tx=0 comp rx=0 tx=0)._handle_peer_banner_payload supported=3 required=0
2023-06-23T18:43:07.137 INFO:teuthology.orchestra.run.smithi123.stdout:/usr/bin/ceph: stderr
2023-06-23T18:43:06.475+0000 7f4b22ffd700 1 --2- >> [v2:172.21.15.123:3300/0,v1:172.21.15.123:6789/0] conn(0x7f4b241054a0 0x7f4b2407aab0 unknown :-1 s=HELLO_CONNECTING pgs=0 cs=0 l=1 rev1=1 crypto rx=0 tx=0 comp rx=0 tx=0).handle_hello peer v2:172.21.15.123:3300/0 says I am v2:172.21.15.123:60254/0 (socket says 172.21.15.123:60254)
2023-06-23T18:43:07.137 INFO:teuthology.orchestra.run.smithi123.stdout:/usr/bin/ceph: stderr
2023-06-23T18:43:06.475+0000 7f4b22ffd700 1 -- 172.21.15.123:0/796332362 learned_addr learned my addr 172.21.15.123:0/796332362 (peer_addr_for_me v2:172.21.15.123:0/0)
2023-06-23T18:43:07.137 INFO:teuthology.orchestra.run.smithi123.stdout:/usr/bin/ceph: stderr
2023-06-23T18:43:06.475+0000 7f4b22ffd700 1 -- 172.21.15.123:0/796332362 --> [v2:172.21.15.123:3300/0,v1:172.21.15.123:6789/0] -- mon_subscribe({config=0+,monmap=0+}) v3 -- 0x7f4b14009550 con 0x7f4b241054a0
2023-06-23T18:43:07.137 INFO:teuthology.orchestra.run.smithi123.stdout:/usr/bin/ceph: stderr
2023-06-23T18:43:06.475+0000 7f4b22ffd700 1 --2- 172.21.15.123:0/796332362 >> [v2:172.21.15.123:3300/0,v1:172.21.15.123:6789/0] conn(0x7f4b241054a0 0x7f4b2407aab0 secure :-1 s=READY pgs=19 cs=0 l=1 rev1=1 crypto rx=0x7f4b14009130 tx=0x7f4b14011ad0 comp rx=0 tx=0).ready entity=mon.0 client_cookie=0 server_cookie=0 in_seq=0 out_seq=0
2023-06-23T18:43:07.137 INFO:teuthology.orchestra.run.smithi123.stdout:/usr/bin/ceph: stderr
2023-06-23T18:43:06.475+0000 7f4b0bfff700 1 -- 172.21.15.123:0/796332362 <== mon.0 v2:172.21.15.123:3300/0 1 ==== mon_map magic: 0 v1 ==== 205+0+0 (secure 0 0 0) 0x7f4b14003b70 con 0x7f4b241054a0
2023-06-23T18:43:07.138 INFO:teuthology.orchestra.run.smithi123.stdout:/usr/bin/ceph: stderr
2023-06-23T18:43:06.475+0000 7f4b0bfff700 1 -- 172.21.15.123:0/796332362 <== mon.0 v2:172.21.15.123:3300/0 2 ==== config(26 keys) v1 ==== 1074+0+0 (secure 0 0 0) 0x7f4b14003cd0 con 0x7f4b241054a0
2023-06-23T18:43:07.138 INFO:teuthology.orchestra.run.smithi123.stdout:/usr/bin/ceph: stderr
2023-06-23T18:43:06.475+0000 7f4b0bfff700 1 -- 172.21.15.123:0/796332362 <== mon.0 v2:172.21.15.123:3300/0 3 ==== mon_map magic: 0 v1 ==== 205+0+0 (secure 0 0 0) 0x7f4b140197d0 con 0x7f4b241054a0
2023-06-23T18:43:07.138 INFO:teuthology.orchestra.run.smithi123.stdout:/usr/bin/ceph: stderr
2023-06-23T18:43:06.475+0000 7f4b29303700 1 -- 172.21.15.123:0/796332362 --> [v2:172.21.15.123:3300/0,v1:172.21.15.123:6789/0] -- mon_subscribe({mgrmap=0+}) v3 -- 0x7f4b24079100 con 0x7f4b241054a0
2023-06-23T18:43:07.138 INFO:teuthology.orchestra.run.smithi123.stdout:/usr/bin/ceph: stderr
2023-06-23T18:43:06.476+0000 7f4b29303700 1 -- 172.21.15.123:0/796332362 --> [v2:172.21.15.123:3300/0,v1:172.21.15.123:6789/0] -- mon_subscribe({osdmap=0}) v3 -- 0x7f4b24079520 con 0x7f4b241054a0
2023-06-23T18:43:07.138 INFO:teuthology.orchestra.run.smithi123.stdout:/usr/bin/ceph: stderr
2023-06-23T18:43:06.476+0000 7f4b0bfff700 1 -- 172.21.15.123:0/796332362 <== mon.0 v2:172.21.15.123:3300/0 4 ==== mgrmap(e 4) v1 ==== 45472+0+0 (secure 0 0 0) 0x7f4b1401abb0 con 0x7f4b241054a0
2023-06-23T18:43:07.138 INFO:teuthology.orchestra.run.smithi123.stdout:/usr/bin/ceph: stderr
2023-06-23T18:43:06.476+0000 7f4b29303700 1 -- 172.21.15.123:0/796332362 --> [v2:172.21.15.123:3300/0,v1:172.21.15.123:6789/0] -- mon_command({"prefix": "get_command_descriptions"} v 0) v1 -- 0x7f4b24061b00 con 0x7f4b241054a0
2023-06-23T18:43:07.138 INFO:teuthology.orchestra.run.smithi123.stdout:/usr/bin/ceph: stderr
2023-06-23T18:43:06.477+0000 7f4b0bfff700 1 --2- 172.21.15.123:0/796332362 >> [v2:172.21.15.123:6800/4028800444,v1:172.21.15.123:6801/4028800444] conn(0x7f4b0c038710 0x7f4b0c03abc0 unknown :-1 s=NONE pgs=0 cs=0 l=1 rev1=0 crypto rx=0 tx=0 comp rx=0 tx=0).connect
2023-06-23T18:43:07.138 INFO:teuthology.orchestra.run.smithi123.stdout:/usr/bin/ceph: stderr
2023-06-23T18:43:06.477+0000 7f4b0bfff700 1 -- 172.21.15.123:0/796332362 <== mon.0 v2:172.21.15.123:3300/0 5 ==== osd_map(1..1 src has 1..1) v4 ==== 725+0+0 (secure 0 0 0) 0x7f4b1404c890 con 0x7f4b241054a0
2023-06-23T18:43:07.139 INFO:teuthology.orchestra.run.smithi123.stdout:/usr/bin/ceph: stderr
2023-06-23T18:43:06.477+0000 7f4b227fc700 1 --2- 172.21.15.123:0/796332362 >> [v2:172.21.15.123:6800/4028800444,v1:172.21.15.123:6801/4028800444] conn(0x7f4b0c038710 0x7f4b0c03abc0 unknown :-1 s=BANNER_CONNECTING pgs=0 cs=0 l=1 rev1=0 crypto rx=0 tx=0 comp rx=0 tx=0)._handle_peer_banner_payload supported=3 required=0
2023-06-23T18:43:07.139 INFO:teuthology.orchestra.run.smithi123.stdout:/usr/bin/ceph: stderr
2023-06-23T18:43:06.478+0000 7f4b227fc700 1 --2- 172.21.15.123:0/796332362 >> [v2:172.21.15.123:6800/4028800444,v1:172.21.15.123:6801/4028800444] conn(0x7f4b0c038710 0x7f4b0c03abc0 secure :-1 s=READY pgs=7 cs=0 l=1 rev1=1 crypto rx=0x7f4b18006fd0 tx=0x7f4b18006e40 comp rx=0 tx=0).ready entity=mgr.14100 client_cookie=0 server_cookie=0 in_seq=0 out_seq=0
2023-06-23T18:43:07.139 INFO:teuthology.orchestra.run.smithi123.stdout:/usr/bin/ceph: stderr
2023-06-23T18:43:06.482+0000 7f4b0bfff700 1 -- 172.21.15.123:0/796332362 <== mon.0 v2:172.21.15.123:3300/0 6 ==== mon_command_ack([{"prefix": "get_command_descriptions"}]=0 v0) v1 ==== 72+0+178008 (secure 0 0 0) 0x7f4b1401a430 con 0x7f4b241054a0
2023-06-23T18:43:07.139 INFO:teuthology.orchestra.run.smithi123.stdout:/usr/bin/ceph: stderr
2023-06-23T18:43:06.674+0000 7f4b29303700 1 -- 172.21.15.123:0/796332362 --> [v2:172.21.15.123:3300/0,v1:172.21.15.123:6789/0] -- mon_command({"prefix": "config assimilate-conf"} v 0) v1 -- 0x7f4b24079cf0 con 0x7f4b241054a0
2023-06-23T18:43:07.139 INFO:teuthology.orchestra.run.smithi123.stdout:/usr/bin/ceph: stderr
2023-06-23T18:43:06.675+0000 7f4b0bfff700 1 -- 172.21.15.123:0/796332362 <== mon.0 v2:172.21.15.123:3300/0 7 ==== mon_command_ack([{"prefix": "config assimilate-conf"}]=0 v3) v1 ==== 70+0+373 (secure 0 0 0) 0x7f4b14023370 con 0x7f4b241054a0
2023-06-23T18:43:07.139 INFO:teuthology.orchestra.run.smithi123.stdout:/usr/bin/ceph: stderr
2023-06-23T18:43:06.677+0000 7f4b29303700 1 -- 172.21.15.123:0/796332362 >> [v2:172.21.15.123:6800/4028800444,v1:172.21.15.123:6801/4028800444] conn(0x7f4b0c038710 msgr2=0x7f4b0c03abc0 secure :-1 s=STATE_CONNECTION_ESTABLISHED l=1).mark_down
2023-06-23T18:43:07.139 INFO:teuthology.orchestra.run.smithi123.stdout:/usr/bin/ceph: stderr
2023-06-23T18:43:06.677+0000 7f4b29303700 1 --2- 172.21.15.123:0/796332362 >> [v2:172.21.15.123:6800/4028800444,v1:172.21.15.123:6801/4028800444] conn(0x7f4b0c038710 0x7f4b0c03abc0 secure :-1 s=READY pgs=7 cs=0 l=1 rev1=1 crypto rx=0x7f4b18006fd0 tx=0x7f4b18006e40 comp rx=0 tx=0).stop
2023-06-23T18:43:07.139 INFO:teuthology.orchestra.run.smithi123.stdout:/usr/bin/ceph: stderr
2023-06-23T18:43:06.677+0000 7f4b29303700 1 -- 172.21.15.123:0/796332362 >> [v2:172.21.15.123:3300/0,v1:172.21.15.123:6789/0] conn(0x7f4b241054a0 msgr2=0x7f4b2407aab0 secure :-1 s=STATE_CONNECTION_ESTABLISHED l=1).mark_down
2023-06-23T18:43:07.140 INFO:teuthology.orchestra.run.smithi123.stdout:/usr/bin/ceph: stderr
2023-06-23T18:43:06.677+0000 7f4b29303700 1 --2- 172.21.15.123:0/796332362 >> [v2:172.21.15.123:3300/0,v1:172.21.15.123:6789/0] conn(0x7f4b241054a0 0x7f4b2407aab0 secure :-1 s=READY pgs=19 cs=0 l=1 rev1=1 crypto rx=0x7f4b14009130 tx=0x7f4b14011ad0 comp rx=0 tx=0).stop
2023-06-23T18:43:07.140 INFO:teuthology.orchestra.run.smithi123.stdout:/usr/bin/ceph: stderr
2023-06-23T18:43:06.677+0000 7f4b29303700 1 -- 172.21.15.123:0/796332362 shutdown_connections
2023-06-23T18:43:07.140 INFO:teuthology.orchestra.run.smithi123.stdout:/usr/bin/ceph: stderr
2023-06-23T18:43:06.677+0000 7f4b29303700 1 --2- 172.21.15.123:0/796332362 >> [v2:172.21.15.123:6800/4028800444,v1:172.21.15.123:6801/4028800444] conn(0x7f4b0c038710 0x7f4b0c03abc0 unknown :-1 s=CLOSED pgs=7 cs=0 l=1 rev1=1 crypto rx=0 tx=0 comp rx=0 tx=0).stop
2023-06-23T18:43:07.140 INFO:teuthology.orchestra.run.smithi123.stdout:/usr/bin/ceph: stderr
2023-06-23T18:43:06.677+0000 7f4b29303700 1 --2- 172.21.15.123:0/796332362 >> [v2:172.21.15.123:3300/0,v1:172.21.15.123:6789/0] conn(0x7f4b241054a0 0x7f4b2407aab0 unknown :-1 s=CLOSED pgs=19 cs=0 l=1 rev1=1 crypto rx=0 tx=0 comp rx=0 tx=0).stop
2023-06-23T18:43:07.140 INFO:teuthology.orchestra.run.smithi123.stdout:/usr/bin/ceph: stderr
2023-06-23T18:43:06.677+0000 7f4b29303700 1 -- 172.21.15.123:0/796332362 >> 172.21.15.123:0/796332362 conn(0x7f4b24100ad0 msgr2=0x7f4b241021d0 unknown :-1 s=STATE_NONE l=0).mark_down
2023-06-23T18:43:07.140 INFO:teuthology.orchestra.run.smithi123.stdout:/usr/bin/ceph: stderr
2023-06-23T18:43:06.678+0000 7f4b29303700 1 -- 172.21.15.123:0/796332362 shutdown_connections
2023-06-23T18:43:07.140 INFO:teuthology.orchestra.run.smithi123.stdout:/usr/bin/ceph: stderr
2023-06-23T18:43:06.678+0000 7f4b29303700 1 -- 172.21.15.123:0/796332362 wait complete.
2023-06-23T18:43:07.141 INFO:teuthology.orchestra.run.smithi123.stdout:Enabling cephadm module...
2023-06-23T18:43:07.390 INFO:journalctl@ceph.mon.a.smithi123.stdout:Jun 23 18:43:07 smithi123 ceph-mon[94919]: from='client.? 172.21.15.123:0/796332362' entity='client.admin' cmd=[{"prefix": "config assimilate-conf"}]: dispatch
2023-06-23T18:43:08.570 INFO:journalctl@ceph.mon.a.smithi123.stdout:Jun 23 18:43:08 smithi123 ceph-mon[94919]: from='client.? 172.21.15.123:0/1460573675' entity='client.admin' cmd=[{"prefix": "mgr module enable", "module": "cephadm"}]: dispatch
2023-06-23T18:43:08.570 INFO:journalctl@ceph.mgr.x.smithi123.stdout:Jun 23 18:43:08 smithi123 ceph-a0cd9b40-11f5-11ee-9b2b-001a4aab830c-mgr-x[95171]: ignoring --setuser ceph since I am not root
2023-06-23T18:43:08.571 INFO:journalctl@ceph.mgr.x.smithi123.stdout:Jun 23 18:43:08 smithi123 ceph-a0cd9b40-11f5-11ee-9b2b-001a4aab830c-mgr-x[95171]: ignoring --setgroup ceph since I am not root
2023-06-23T18:43:08.708 INFO:teuthology.orchestra.run.smithi123.stdout:/usr/bin/ceph: stderr
2023-06-23T18:43:07.656+0000 7fc2d546c700 1 Processor -- start
2023-06-23T18:43:08.708 INFO:teuthology.orchestra.run.smithi123.stdout:/usr/bin/ceph: stderr
2023-06-23T18:43:07.656+0000 7fc2d546c700 1 -- start start
2023-06-23T18:43:08.709 INFO:teuthology.orchestra.run.smithi123.stdout:/usr/bin/ceph: stderr
2023-06-23T18:43:07.657+0000 7fc2d546c700 1 --2- >> [v2:172.21.15.123:3300/0,v1:172.21.15.123:6789/0] conn(0x7fc2d007ac20 0x7fc2d0079120 unknown :-1 s=NONE pgs=0 cs=0 l=0 rev1=0 crypto rx=0 tx=0 comp rx=0 tx=0).connect
2023-06-23T18:43:08.709 INFO:teuthology.orchestra.run.smithi123.stdout:/usr/bin/ceph: stderr
2023-06-23T18:43:07.657+0000 7fc2d546c700 1 -- --> [v2:172.21.15.123:3300/0,v1:172.21.15.123:6789/0] -- mon_getmap magic: 0 v1 -- 0x7fc2d0079660 con 0x7fc2d007ac20
2023-06-23T18:43:08.709 INFO:teuthology.orchestra.run.smithi123.stdout:/usr/bin/ceph: stderr
2023-06-23T18:43:07.657+0000 7fc2ceffd700 1 --2- >> [v2:172.21.15.123:3300/0,v1:172.21.15.123:6789/0] conn(0x7fc2d007ac20 0x7fc2d0079120 unknown :-1 s=BANNER_CONNECTING pgs=0 cs=0 l=0 rev1=0 crypto rx=0 tx=0 comp rx=0 tx=0)._handle_peer_banner_payload supported=3 required=0
2023-06-23T18:43:08.709 INFO:teuthology.orchestra.run.smithi123.stdout:/usr/bin/ceph: stderr
2023-06-23T18:43:07.657+0000 7fc2ceffd700 1 --2- >> [v2:172.21.15.123:3300/0,v1:172.21.15.123:6789/0] conn(0x7fc2d007ac20 0x7fc2d0079120 unknown :-1 s=HELLO_CONNECTING pgs=0 cs=0 l=0 rev1=1 crypto rx=0 tx=0 comp rx=0 tx=0).handle_hello peer v2:172.21.15.123:3300/0 says I am v2:172.21.15.123:60266/0 (socket says 172.21.15.123:60266)
2023-06-23T18:43:08.709 INFO:teuthology.orchestra.run.smithi123.stdout:/usr/bin/ceph: stderr
2023-06-23T18:43:07.657+0000 7fc2ceffd700 1 -- 172.21.15.123:0/2115577304 learned_addr learned my addr 172.21.15.123:0/2115577304 (peer_addr_for_me v2:172.21.15.123:0/0)
2023-06-23T18:43:08.709 INFO:teuthology.orchestra.run.smithi123.stdout:/usr/bin/ceph: stderr
