2023-07-05T21:56:31.030 INFO:teuthology.orchestra.run.smithi084.stderr:/usr/bin/ceph: {
2023-07-05T21:56:31.032 INFO:teuthology.orchestra.run.smithi084.stderr:/usr/bin/ceph: "mgrmap_epoch": 11,
2023-07-05T21:56:31.032 INFO:teuthology.orchestra.run.smithi084.stderr:/usr/bin/ceph: "initialized": true
2023-07-05T21:56:31.032 INFO:teuthology.orchestra.run.smithi084.stderr:/usr/bin/ceph: }
2023-07-05T21:56:31.032 INFO:teuthology.orchestra.run.smithi084.stderr:/usr/bin/ceph:
2023-07-05T21:56:31.028+0000 7f00b296c700 1 -- 172.21.15.84:0/3066861893 >> [v2:172.21.15.84:6800/1575200732,v1:172.21.15.84:6801/1575200732] conn(0x7f0098035fd0 msgr2=0x7f00980383c0 secure :-1 s=STATE_CONNECTION_ESTABLISHED l=1).mark_down
2023-07-05T21:56:31.033 INFO:teuthology.orchestra.run.smithi084.stderr:/usr/bin/ceph:
2023-07-05T21:56:31.028+0000 7f00b296c700 1 --2- 172.21.15.84:0/3066861893 >> [v2:172.21.15.84:6800/1575200732,v1:172.21.15.84:6801/1575200732] conn(0x7f0098035fd0 0x7f00980383c0 secure :-1 s=READY pgs=1 cs=0 l=1 rev1=1 rx=0x7f0094003bd0 tx=0x7f0094009350).stop
2023-07-05T21:56:31.033 INFO:teuthology.orchestra.run.smithi084.stderr:/usr/bin/ceph:
2023-07-05T21:56:31.028+0000 7f00b296c700 1 -- 172.21.15.84:0/3066861893 >> [v2:172.21.15.84:3300/0,v1:172.21.15.84:6789/0] conn(0x7f00ac0fd7b0 msgr2=0x7f00ac10db40 secure :-1 s=STATE_CONNECTION_ESTABLISHED l=1).mark_down
2023-07-05T21:56:31.033 INFO:teuthology.orchestra.run.smithi084.stderr:/usr/bin/ceph:
2023-07-05T21:56:31.028+0000 7f00b296c700 1 --2- 172.21.15.84:0/3066861893 >> [v2:172.21.15.84:3300/0,v1:172.21.15.84:6789/0] conn(0x7f00ac0fd7b0 0x7f00ac10db40 secure :-1 s=READY pgs=68 cs=0 l=1 rev1=1 rx=0x7f009c006e30 tx=0x7f009c0090f0).stop
2023-07-05T21:56:31.033 INFO:teuthology.orchestra.run.smithi084.stderr:/usr/bin/ceph:
2023-07-05T21:56:31.028+0000 7f00b296c700 1 -- 172.21.15.84:0/3066861893 shutdown_connections
2023-07-05T21:56:31.033 INFO:teuthology.orchestra.run.smithi084.stderr:/usr/bin/ceph:
2023-07-05T21:56:31.028+0000 7f00b296c700 1 --2- 172.21.15.84:0/3066861893 >> [v2:172.21.15.84:6800/1575200732,v1:172.21.15.84:6801/1575200732] conn(0x7f0098035fd0 0x7f00980383c0 unknown :-1 s=CLOSED pgs=1 cs=0 l=1 rev1=1 rx=0 tx=0).stop
2023-07-05T21:56:31.033 INFO:teuthology.orchestra.run.smithi084.stderr:/usr/bin/ceph:
2023-07-05T21:56:31.028+0000 7f00b296c700 1 --2- 172.21.15.84:0/3066861893 >> [v2:172.21.15.84:3300/0,v1:172.21.15.84:6789/0] conn(0x7f00ac0fd7b0 0x7f00ac10db40 unknown :-1 s=CLOSED pgs=68 cs=0 l=1 rev1=1 rx=0 tx=0).stop
2023-07-05T21:56:31.034 INFO:teuthology.orchestra.run.smithi084.stderr:/usr/bin/ceph:
2023-07-05T21:56:31.028+0000 7f00b296c700 1 --2- 172.21.15.84:0/3066861893 >> [v2:172.21.15.84:6800/1344953354,v1:172.21.15.84:6801/1344953354] conn(0x7f0098032480 0x7f0098034940 unknown :-1 s=CLOSED pgs=0 cs=0 l=1 rev1=0 rx=0 tx=0).stop
2023-07-05T21:56:31.034 INFO:teuthology.orchestra.run.smithi084.stderr:/usr/bin/ceph:
2023-07-05T21:56:31.028+0000 7f00b296c700 1 -- 172.21.15.84:0/3066861893 >> 172.21.15.84:0/3066861893 conn(0x7f00ac0f7260 msgr2=0x7f00ac0f8c20 unknown :-1 s=STATE_NONE l=0).mark_down
2023-07-05T21:56:31.034 INFO:teuthology.orchestra.run.smithi084.stderr:/usr/bin/ceph:
2023-07-05T21:56:31.029+0000 7f00b296c700 1 -- 172.21.15.84:0/3066861893 shutdown_connections
2023-07-05T21:56:31.034 INFO:teuthology.orchestra.run.smithi084.stderr:/usr/bin/ceph:
2023-07-05T21:56:31.029+0000 7f00b296c700 1 -- 172.21.15.84:0/3066861893 wait complete.
2023-07-05T21:56:31.373 INFO:journalctl@ceph.mon.smithi084.smithi084.stdout:Jul 05 21:56:31 smithi084 ceph-96321d18-1b7e-11ee-9b2f-001a4aab830c-mon-smithi084[132843]: cluster
2023-07-05T21:56:30.014234+0000 mon.smithi084 (mon.0) 75 : cluster [DBG] mgrmap e10: smithi084.ltvpif(active, starting, since 0.0528854s)
2023-07-05T21:56:31.374 INFO:journalctl@ceph.mon.smithi084.smithi084.stdout:Jul 05 21:56:31 smithi084 ceph-96321d18-1b7e-11ee-9b2f-001a4aab830c-mon-smithi084[132843]: audit
2023-07-05T21:56:30.017331+0000 mon.smithi084 (mon.0) 76 : audit [DBG] from='mgr.14158 172.21.15.84:0/1948825084' entity='mgr.smithi084.ltvpif' cmd=[{"prefix": "mon metadata", "id": "smithi084"}]: dispatch
2023-07-05T21:56:31.374 INFO:journalctl@ceph.mon.smithi084.smithi084.stdout:Jul 05 21:56:31 smithi084 ceph-96321d18-1b7e-11ee-9b2f-001a4aab830c-mon-smithi084[132843]: audit
2023-07-05T21:56:30.018211+0000 mon.smithi084 (mon.0) 77 : audit [DBG] from='mgr.14158 172.21.15.84:0/1948825084' entity='mgr.smithi084.ltvpif' cmd=[{"prefix": "mgr metadata", "who": "smithi084.ltvpif", "id": "smithi084.ltvpif"}]: dispatch
2023-07-05T21:56:31.374 INFO:journalctl@ceph.mon.smithi084.smithi084.stdout:Jul 05 21:56:31 smithi084 ceph-96321d18-1b7e-11ee-9b2f-001a4aab830c-mon-smithi084[132843]: audit
2023-07-05T21:56:30.019308+0000 mon.smithi084 (mon.0) 78 : audit [DBG] from='mgr.14158 172.21.15.84:0/1948825084' entity='mgr.smithi084.ltvpif' cmd=[{"prefix": "mds metadata"}]: dispatch
2023-07-05T21:56:31.375 INFO:journalctl@ceph.mon.smithi084.smithi084.stdout:Jul 05 21:56:31 smithi084 ceph-96321d18-1b7e-11ee-9b2f-001a4aab830c-mon-smithi084[132843]: audit
2023-07-05T21:56:30.019481+0000 mon.smithi084 (mon.0) 79 : audit [DBG] from='mgr.14158 172.21.15.84:0/1948825084' entity='mgr.smithi084.ltvpif' cmd=[{"prefix": "osd metadata"}]: dispatch
2023-07-05T21:56:31.375 INFO:journalctl@ceph.mon.smithi084.smithi084.stdout:Jul 05 21:56:31 smithi084 ceph-96321d18-1b7e-11ee-9b2f-001a4aab830c-mon-smithi084[132843]: audit
2023-07-05T21:56:30.019660+0000 mon.smithi084 (mon.0) 80 : audit [DBG] from='mgr.14158 172.21.15.84:0/1948825084' entity='mgr.smithi084.ltvpif' cmd=[{"prefix": "mon metadata"}]: dispatch
2023-07-05T21:56:31.375 INFO:journalctl@ceph.mon.smithi084.smithi084.stdout:Jul 05 21:56:31 smithi084 ceph-96321d18-1b7e-11ee-9b2f-001a4aab830c-mon-smithi084[132843]: cluster
2023-07-05T21:56:30.022527+0000 mon.smithi084 (mon.0) 81 : cluster [INF] Manager daemon smithi084.ltvpif is now available
2023-07-05T21:56:31.376 INFO:journalctl@ceph.mon.smithi084.smithi084.stdout:Jul 05 21:56:31 smithi084 ceph-96321d18-1b7e-11ee-9b2f-001a4aab830c-mon-smithi084[132843]: audit
2023-07-05T21:56:30.135344+0000 mon.smithi084 (mon.0) 82 : audit [DBG] from='mgr.14158 172.21.15.84:0/1948825084' entity='mgr.smithi084.ltvpif' cmd=[{"prefix": "config dump", "format": "json"}]: dispatch
2023-07-05T21:56:31.376 INFO:journalctl@ceph.mon.smithi084.smithi084.stdout:Jul 05 21:56:31 smithi084 ceph-96321d18-1b7e-11ee-9b2f-001a4aab830c-mon-smithi084[132843]: audit
2023-07-05T21:56:30.137308+0000 mon.smithi084 (mon.0) 83 : audit [DBG] from='mgr.14158 172.21.15.84:0/1948825084' entity='mgr.smithi084.ltvpif' cmd=[{"prefix": "config dump", "format": "json"}]: dispatch
2023-07-05T21:56:31.376 INFO:journalctl@ceph.mon.smithi084.smithi084.stdout:Jul 05 21:56:31 smithi084 ceph-96321d18-1b7e-11ee-9b2f-001a4aab830c-mon-smithi084[132843]: audit
2023-07-05T21:56:30.169851+0000 mon.smithi084 (mon.0) 84 : audit [INF] from='mgr.14158 172.21.15.84:0/1948825084' entity='mgr.smithi084.ltvpif' cmd=[{"prefix":"config rm","who":"mgr","name":"mgr/rbd_support/smithi084.ltvpif/mirror_snapshot_schedule"}]: dispatch
2023-07-05T21:56:31.376 INFO:journalctl@ceph.mon.smithi084.smithi084.stdout:Jul 05 21:56:31 smithi084 ceph-96321d18-1b7e-11ee-9b2f-001a4aab830c-mon-smithi084[132843]: audit
2023-07-05T21:56:30.172219+0000 mon.smithi084 (mon.0) 85 : audit [INF] from='mgr.14158 172.21.15.84:0/1948825084' entity='mgr.smithi084.ltvpif' cmd=[{"prefix":"config rm","who":"mgr","name":"mgr/rbd_support/smithi084.ltvpif/trash_purge_schedule"}]: dispatch
2023-07-05T21:56:31.519 INFO:teuthology.orchestra.run.smithi084.stderr:mgr epoch 9 is available
2023-07-05T21:56:31.519 INFO:teuthology.orchestra.run.smithi084.stderr:Generating a dashboard self-signed certificate...
2023-07-05T21:56:32.011 INFO:teuthology.orchestra.run.smithi084.stderr:/usr/bin/ceph:
2023-07-05T21:56:32.008+0000 7f9631d36700 1 Processor -- start
2023-07-05T21:56:32.011 INFO:teuthology.orchestra.run.smithi084.stderr:/usr/bin/ceph:
2023-07-05T21:56:32.008+0000 7f9631d36700 1 -- start start
2023-07-05T21:56:32.011 INFO:teuthology.orchestra.run.smithi084.stderr:/usr/bin/ceph:
2023-07-05T21:56:32.008+0000 7f9631d36700 1 --2- >> [v2:172.21.15.84:3300/0,v1:172.21.15.84:6789/0] conn(0x7f962c070cc0 0x7f962c0ff820 unknown :-1 s=NONE pgs=0 cs=0 l=0 rev1=0 rx=0 tx=0).connect
2023-07-05T21:56:32.011 INFO:teuthology.orchestra.run.smithi084.stderr:/usr/bin/ceph:
2023-07-05T21:56:32.008+0000 7f9631d36700 1 -- --> [v2:172.21.15.84:3300/0,v1:172.21.15.84:6789/0] -- mon_getmap magic: 0 v1 -- 0x7f962c0ffd10 con 0x7f962c070cc0
2023-07-05T21:56:32.012 INFO:teuthology.orchestra.run.smithi084.stderr:/usr/bin/ceph:
2023-07-05T21:56:32.009+0000 7f962b7fe700 1 --2- >> [v2:172.21.15.84:3300/0,v1:172.21.15.84:6789/0] conn(0x7f962c070cc0 0x7f962c0ff820 unknown :-1 s=BANNER_CONNECTING pgs=0 cs=0 l=0 rev1=0 rx=0 tx=0)._handle_peer_banner_payload supported=1 required=0
2023-07-05T21:56:32.013 INFO:teuthology.orchestra.run.smithi084.stderr:/usr/bin/ceph:
2023-07-05T21:56:32.009+0000 7f962b7fe700 1 --2- >> [v2:172.21.15.84:3300/0,v1:172.21.15.84:6789/0] conn(0x7f962c070cc0 0x7f962c0ff820 unknown :-1 s=HELLO_CONNECTING pgs=0 cs=0 l=0 rev1=1 rx=0 tx=0).handle_hello peer v2:172.21.15.84:3300/0 says I am v2:172.21.15.84:40028/0 (socket says 172.21.15.84:40028)
2023-07-05T21:56:32.013 INFO:teuthology.orchestra.run.smithi084.stderr:/usr/bin/ceph:
2023-07-05T21:56:32.009+0000 7f962b7fe700 1 -- 172.21.15.84:0/4109515880 learned_addr learned my addr 172.21.15.84:0/4109515880 (peer_addr_for_me v2:172.21.15.84:0/0)
2023-07-05T21:56:32.013 INFO:teuthology.orchestra.run.smithi084.stderr:/usr/bin/ceph:
2023-07-05T21:56:32.009+0000 7f962b7fe700 1 -- 172.21.15.84:0/4109515880 --> [v2:172.21.15.84:3300/0,v1:172.21.15.84:6789/0] -- mon_subscribe({config=0+,monmap=0+}) v3 -- 0x7f962c0ffe50 con 0x7f962c070cc0
2023-07-05T21:56:32.013 INFO:teuthology.orchestra.run.smithi084.stderr:/usr/bin/ceph:
2023-07-05T21:56:32.009+0000 7f962b7fe700 1 --2- 172.21.15.84:0/4109515880 >> [v2:172.21.15.84:3300/0,v1:172.21.15.84:6789/0] conn(0x7f962c070cc0 0x7f962c0ff820 secure :-1 s=READY pgs=74 cs=0 l=1 rev1=1 rx=0x7f961c009730 tx=0x7f961c0090f0).ready entity=mon.0 client_cookie=ff210eba2a1b893f server_cookie=0 in_seq=0 out_seq=0
2023-07-05T21:56:32.013 INFO:teuthology.orchestra.run.smithi084.stderr:/usr/bin/ceph:
2023-07-05T21:56:32.010+0000 7f962a7fc700 1 -- 172.21.15.84:0/4109515880 <== mon.0 v2:172.21.15.84:3300/0 1 ==== mon_map magic: 0 v1 ==== 229+0+0 (secure 0 0 0) 0x7f961c00b6e0 con 0x7f962c070cc0
2023-07-05T21:56:32.013 INFO:teuthology.orchestra.run.smithi084.stderr:/usr/bin/ceph:
2023-07-05T21:56:32.010+0000 7f962a7fc700 1 -- 172.21.15.84:0/4109515880 <== mon.0 v2:172.21.15.84:3300/0 2 ==== config(25 keys) v1 ==== 1046+0+0 (secure 0 0 0) 0x7f961c00bcd0 con 0x7f962c070cc0
2023-07-05T21:56:32.013 INFO:teuthology.orchestra.run.smithi084.stderr:/usr/bin/ceph:
2023-07-05T21:56:32.010+0000 7f962a7fc700 1 -- 172.21.15.84:0/4109515880 <== mon.0 v2:172.21.15.84:3300/0 3 ==== mon_map magic: 0 v1 ==== 229+0+0 (secure 0 0 0) 0x7f961c011cb0 con 0x7f962c070cc0
2023-07-05T21:56:32.015 INFO:teuthology.orchestra.run.smithi084.stderr:/usr/bin/ceph:
2023-07-05T21:56:32.011+0000 7f9631d36700 1 -- 172.21.15.84:0/4109515880 >> [v2:172.21.15.84:3300/0,v1:172.21.15.84:6789/0] conn(0x7f962c070cc0 msgr2=0x7f962c0ff820 secure :-1 s=STATE_CONNECTION_ESTABLISHED l=1).mark_down
2023-07-05T21:56:32.015 INFO:teuthology.orchestra.run.smithi084.stderr:/usr/bin/ceph:
2023-07-05T21:56:32.011+0000 7f9631d36700 1 --2- 172.21.15.84:0/4109515880 >> [v2:172.21.15.84:3300/0,v1:172.21.15.84:6789/0] conn(0x7f962c070cc0 0x7f962c0ff820 secure :-1 s=READY pgs=74 cs=0 l=1 rev1=1 rx=0x7f961c009730 tx=0x7f961c0090f0).stop
2023-07-05T21:56:32.015 INFO:teuthology.orchestra.run.smithi084.stderr:/usr/bin/ceph:
2023-07-05T21:56:32.011+0000 7f9631d36700 1 -- 172.21.15.84:0/4109515880 shutdown_connections
2023-07-05T21:56:32.016 INFO:teuthology.orchestra.run.smithi084.stderr:/usr/bin/ceph:
2023-07-05T21:56:32.011+0000 7f9631d36700 1 --2- 172.21.15.84:0/4109515880 >> [v2:172.21.15.84:3300/0,v1:172.21.15.84:6789/0] conn(0x7f962c070cc0 0x7f962c0ff820 unknown :-1 s=CLOSED pgs=74 cs=0 l=1 rev1=1 rx=0 tx=0).stop
2023-07-05T21:56:32.016 INFO:teuthology.orchestra.run.smithi084.stderr:/usr/bin/ceph:
2023-07-05T21:56:32.011+0000 7f9631d36700 1 -- 172.21.15.84:0/4109515880 >> 172.21.15.84:0/4109515880 conn(0x7f962c0f7260 msgr2=0x7f962c0f9680 unknown :-1 s=STATE_NONE l=0).mark_down
2023-07-05T21:56:32.016 INFO:teuthology.orchestra.run.smithi084.stderr:/usr/bin/ceph:
2023-07-05T21:56:32.011+0000 7f9631d36700 1 -- 172.21.15.84:0/4109515880 shutdown_connections
2023-07-05T21:56:32.016 INFO:teuthology.orchestra.run.smithi084.stderr:/usr/bin/ceph:
2023-07-05T21:56:32.011+0000 7f9631d36700 1 -- 172.21.15.84:0/4109515880 wait complete.
2023-07-05T21:56:32.016 INFO:teuthology.orchestra.run.smithi084.stderr:/usr/bin/ceph:
2023-07-05T21:56:32.012+0000 7f9631d36700 1 Processor -- start
2023-07-05T21:56:32.016 INFO:teuthology.orchestra.run.smithi084.stderr:/usr/bin/ceph:
2023-07-05T21:56:32.012+0000 7f9631d36700 1 -- start start
2023-07-05T21:56:32.017 INFO:teuthology.orchestra.run.smithi084.stderr:/usr/bin/ceph:
2023-07-05T21:56:32.012+0000 7f9631d36700 1 --2- >> [v2:172.21.15.84:3300/0,v1:172.21.15.84:6789/0] conn(0x7f962c070cc0 0x7f962c109760 unknown :-1 s=NONE pgs=0 cs=0 l=1 rev1=0 rx=0 tx=0).connect
2023-07-05T21:56:32.017 INFO:teuthology.orchestra.run.smithi084.stderr:/usr/bin/ceph:
2023-07-05T21:56:32.012+0000 7f9631d36700 1 -- --> [v2:172.21.15.84:3300/0,v1:172.21.15.84:6789/0] -- mon_getmap magic: 0 v1 -- 0x7f962c109c50 con 0x7f962c070cc0
2023-07-05T21:56:32.017 INFO:teuthology.orchestra.run.smithi084.stderr:/usr/bin/ceph:
2023-07-05T21:56:32.013+0000 7f962b7fe700 1 --2- >> [v2:172.21.15.84:3300/0,v1:172.21.15.84:6789/0] conn(0x7f962c070cc0 0x7f962c109760 unknown :-1 s=BANNER_CONNECTING pgs=0 cs=0 l=1 rev1=0 rx=0 tx=0)._handle_peer_banner_payload supported=1 required=0
2023-07-05T21:56:32.017 INFO:teuthology.orchestra.run.smithi084.stderr:/usr/bin/ceph:
2023-07-05T21:56:32.013+0000 7f962b7fe700 1 --2- >> [v2:172.21.15.84:3300/0,v1:172.21.15.84:6789/0] conn(0x7f962c070cc0 0x7f962c109760 unknown :-1 s=HELLO_CONNECTING pgs=0 cs=0 l=1 rev1=1 rx=0 tx=0).handle_hello peer v2:172.21.15.84:3300/0 says I am v2:172.21.15.84:40032/0 (socket says 172.21.15.84:40032)
2023-07-05T21:56:32.017 INFO:teuthology.orchestra.run.smithi084.stderr:/usr/bin/ceph:
2023-07-05T21:56:32.013+0000 7f962b7fe700 1 -- 172.21.15.84:0/561238338 learned_addr learned my addr 172.21.15.84:0/561238338 (peer_addr_for_me v2:172.21.15.84:0/0)
2023-07-05T21:56:32.019 INFO:teuthology.orchestra.run.smithi084.stderr:/usr/bin/ceph:
2023-07-05T21:56:32.013+0000 7f962b7fe700 1 -- 172.21.15.84:0/561238338 --> [v2:172.21.15.84:3300/0,v1:172.21.15.84:6789/0] -- mon_subscribe({config=0+,monmap=0+}) v3 -- 0x7f961c009370 con 0x7f962c070cc0
2023-07-05T21:56:32.019 INFO:teuthology.orchestra.run.smithi084.stderr:/usr/bin/ceph:
2023-07-05T21:56:32.013+0000 7f962b7fe700 1 --2- 172.21.15.84:0/561238338 >> [v2:172.21.15.84:3300/0,v1:172.21.15.84:6789/0] conn(0x7f962c070cc0 0x7f962c109760 secure :-1 s=READY pgs=75 cs=0 l=1 rev1=1 rx=0x7f961c000c00 tx=0x7f961c0090f0).ready entity=mon.0 client_cookie=0 server_cookie=0 in_seq=0 out_seq=0
2023-07-05T21:56:32.019 INFO:teuthology.orchestra.run.smithi084.stderr:/usr/bin/ceph:
2023-07-05T21:56:32.014+0000 7f9613fff700 1 -- 172.21.15.84:0/561238338 <== mon.0 v2:172.21.15.84:3300/0 1 ==== mon_map magic: 0 v1 ==== 229+0+0 (secure 0 0 0) 0x7f961c00be40 con 0x7f962c070cc0
2023-07-05T21:56:32.019 INFO:teuthology.orchestra.run.smithi084.stderr:/usr/bin/ceph:
2023-07-05T21:56:32.014+0000 7f9631d36700 1 -- 172.21.15.84:0/561238338 --> [v2:172.21.15.84:3300/0,v1:172.21.15.84:6789/0] -- mon_subscribe({mgrmap=0+}) v3 -- 0x7f962c109e50 con 0x7f962c070cc0
2023-07-05T21:56:32.019 INFO:teuthology.orchestra.run.smithi084.stderr:/usr/bin/ceph:
2023-07-05T21:56:32.014+0000 7f9613fff700 1 -- 172.21.15.84:0/561238338 <== mon.0 v2:172.21.15.84:3300/0 2 ==== config(25 keys) v1 ==== 1046+0+0 (secure 0 0 0) 0x7f961c00bad0 con 0x7f962c070cc0
2023-07-05T21:56:32.020 INFO:teuthology.orchestra.run.smithi084.stderr:/usr/bin/ceph:
2023-07-05T21:56:32.014+0000 7f9613fff700 1 -- 172.21.15.84:0/561238338 <== mon.0 v2:172.21.15.84:3300/0 3 ==== mon_map magic: 0 v1 ==== 229+0+0 (secure 0 0 0) 0x7f961c01aa40 con 0x7f962c070cc0
2023-07-05T21:56:32.020 INFO:teuthology.orchestra.run.smithi084.stderr:/usr/bin/ceph:
2023-07-05T21:56:32.014+0000 7f9631d36700 1 -- 172.21.15.84:0/561238338 --> [v2:172.21.15.84:3300/0,v1:172.21.15.84:6789/0] -- mon_subscribe({osdmap=0}) v3 -- 0x7f962c10a2e0 con 0x7f962c070cc0
2023-07-05T21:56:32.020 INFO:teuthology.orchestra.run.smithi084.stderr:/usr/bin/ceph:
2023-07-05T21:56:32.015+0000 7f9631d36700 1 -- 172.21.15.84:0/561238338 --> [v2:172.21.15.84:3300/0,v1:172.21.15.84:6789/0] -- mon_command({"prefix": "get_command_descriptions"} v 0) v1 -- 0x7f962c059f30 con 0x7f962c070cc0
2023-07-05T21:56:32.020 INFO:teuthology.orchestra.run.smithi084.stderr:/usr/bin/ceph:
2023-07-05T21:56:32.015+0000 7f9613fff700 1 -- 172.21.15.84:0/561238338 <== mon.0 v2:172.21.15.84:3300/0 4 ==== mgrmap(e 11) v1 ==== 38448+0+0 (secure 0 0 0) 0x7f961c00f070 con 0x7f962c070cc0
2023-07-05T21:56:32.020 INFO:teuthology.orchestra.run.smithi084.stderr:/usr/bin/ceph:
2023-07-05T21:56:32.015+0000 7f9613fff700 1 --2- 172.21.15.84:0/561238338 >> [v2:172.21.15.84:6800/1575200732,v1:172.21.15.84:6801/1575200732] conn(0x7f96140367e0 0x7f9614038ca0 unknown :-1 s=NONE pgs=0 cs=0 l=1 rev1=0 rx=0 tx=0).connect
2023-07-05T21:56:32.020 INFO:teuthology.orchestra.run.smithi084.stderr:/usr/bin/ceph:
2023-07-05T21:56:32.015+0000 7f9613fff700 1 -- 172.21.15.84:0/561238338 <== mon.0 v2:172.21.15.84:3300/0 5 ==== osd_map(3..3 src has 1..3) v4 ==== 1065+0+0 (secure 0 0 0) 0x7f961c044750 con 0x7f962c070cc0
2023-07-05T21:56:32.020 INFO:teuthology.orchestra.run.smithi084.stderr:/usr/bin/ceph:
2023-07-05T21:56:32.016+0000 7f962affd700 1 --2- 172.21.15.84:0/561238338 >> [v2:172.21.15.84:6800/1575200732,v1:172.21.15.84:6801/1575200732] conn(0x7f96140367e0 0x7f9614038ca0 unknown :-1 s=BANNER_CONNECTING pgs=0 cs=0 l=1 rev1=0 rx=0 tx=0)._handle_peer_banner_payload supported=1 required=0
2023-07-05T21:56:32.021 INFO:teuthology.orchestra.run.smithi084.stderr:/usr/bin/ceph:
2023-07-05T21:56:32.016+0000 7f962affd700 1 --2- 172.21.15.84:0/561238338 >> [v2:172.21.15.84:6800/1575200732,v1:172.21.15.84:6801/1575200732] conn(0x7f96140367e0 0x7f9614038ca0 secure :-1 s=READY pgs=6 cs=0 l=1 rev1=1 rx=0x7f9620009780 tx=0x7f9620006cc0).ready entity=mgr.14158 client_cookie=0 server_cookie=0 in_seq=0 out_seq=0
2023-07-05T21:56:32.026 INFO:teuthology.orchestra.run.smithi084.stderr:/usr/bin/ceph:
2023-07-05T21:56:32.024+0000 7f9613fff700 1 -- 172.21.15.84:0/561238338 <== mon.0 v2:172.21.15.84:3300/0 6 ==== mon_command_ack([{"prefix": "get_command_descriptions"}]=0 v0) v1 ==== 72+0+163129 (secure 0 0 0) 0x7f961c0199e0 con 0x7f962c070cc0
2023-07-05T21:56:32.029 INFO:journalctl@ceph.mon.smithi084.smithi084.stdout:Jul 05 21:56:32 smithi084 ceph-96321d18-1b7e-11ee-9b2f-001a4aab830c-mon-smithi084[132843]: audit
2023-07-05T21:56:31.022674+0000 mgr.smithi084.ltvpif (mgr.14158) 1 : audit [DBG] from='client.14162 -' entity='client.admin' cmd=[{"prefix": "get_command_descriptions"}]: dispatch
2023-07-05T21:56:32.029 INFO:journalctl@ceph.mon.smithi084.smithi084.stdout:Jul 05 21:56:32 smithi084 ceph-96321d18-1b7e-11ee-9b2f-001a4aab830c-mon-smithi084[132843]: cluster
2023-07-05T21:56:31.022966+0000 mon.smithi084 (mon.0) 86 : cluster [DBG] mgrmap e11: smithi084.ltvpif(active, since 1.06162s)
2023-07-05T21:56:32.030 INFO:journalctl@ceph.mon.smithi084.smithi084.stdout:Jul 05 21:56:32 smithi084 ceph-96321d18-1b7e-11ee-9b2f-001a4aab830c-mon-smithi084[132843]: audit
2023-07-05T21:56:31.029391+0000 mgr.smithi084.ltvpif (mgr.14158) 2 : audit [DBG] from='client.14162 -' entity='client.admin' cmd=[{"prefix": "mgr_status"}]: dispatch
2023-07-05T21:56:32.218 INFO:teuthology.orchestra.run.smithi084.stderr:/usr/bin/ceph:
2023-07-05T21:56:32.216+0000 7f9631d36700 1 -- 172.21.15.84:0/561238338 --> [v2:172.21.15.84:6800/1575200732,v1:172.21.15.84:6801/1575200732] -- mgr_command(tid 0: {"prefix": "dashboard create-self-signed-cert", "target": ["mon-mgr", ""]}) v1 -- 0x7f962c058d40 con 0x7f96140367e0
2023-07-05T21:56:32.285 INFO:teuthology.orchestra.run.smithi084.stderr:/usr/bin/ceph:
2023-07-05T21:56:32.283+0000 7f9613fff700 1 -- 172.21.15.84:0/561238338 <== mgr.14158 v2:172.21.15.84:6800/1575200732 1 ==== mgr_command_reply(tid 0: 0 ) v1 ==== 8+0+32 (secure 0 0 0) 0x7f962c058d40 con 0x7f96140367e0
2023-07-05T21:56:32.286 INFO:teuthology.orchestra.run.smithi084.stderr:/usr/bin/ceph: Self-signed certificate created
2023-07-05T21:56:32.288 INFO:teuthology.orchestra.run.smithi084.stderr:/usr/bin/ceph:
2023-07-05T21:56:32.285+0000 7f9631d36700 1 -- 172.21.15.84:0/561238338 >> [v2:172.21.15.84:6800/1575200732,v1:172.21.15.84:6801/1575200732] conn(0x7f96140367e0 msgr2=0x7f9614038ca0 secure :-1 s=STATE_CONNECTION_ESTABLISHED l=1).mark_down
2023-07-05T21:56:32.288 INFO:teuthology.orchestra.run.smithi084.stderr:/usr/bin/ceph:
2023-07-05T21:56:32.285+0000 7f9631d36700 1 --2- 172.21.15.84:0/561238338 >> [v2:172.21.15.84:6800/1575200732,v1:172.21.15.84:6801/1575200732] conn(0x7f96140367e0 0x7f9614038ca0 secure :-1 s=READY pgs=6 cs=0 l=1 rev1=1 rx=0x7f9620009780 tx=0x7f9620006cc0).stop
2023-07-05T21:56:32.288 INFO:teuthology.orchestra.run.smithi084.stderr:/usr/bin/ceph:
2023-07-05T21:56:32.285+0000 7f9631d36700 1 -- 172.21.15.84:0/561238338 >> [v2:172.21.15.84:3300/0,v1:172.21.15.84:6789/0] conn(0x7f962c070cc0 msgr2=0x7f962c109760 secure :-1 s=STATE_CONNECTION_ESTABLISHED l=1).mark_down
2023-07-05T21:56:32.289 INFO:teuthology.orchestra.run.smithi084.stderr:/usr/bin/ceph:
2023-07-05T21:56:32.285+0000 7f9631d36700 1 --2- 172.21.15.84:0/561238338 >> [v2:172.21.15.84:3300/0,v1:172.21.15.84:6789/0] conn(0x7f962c070cc0 0x7f962c109760 secure :-1 s=READY pgs=75 cs=0 l=1 rev1=1 rx=0x7f961c000c00 tx=0x7f961c0090f0).stop
2023-07-05T21:56:32.289 INFO:teuthology.orchestra.run.smithi084.stderr:/usr/bin/ceph:
2023-07-05T21:56:32.285+0000 7f9631d36700 1 -- 172.21.15.84:0/561238338 shutdown_connections
2023-07-05T21:56:32.289 INFO:teuthology.orchestra.run.smithi084.stderr:/usr/bin/ceph:
2023-07-05T21:56:32.285+0000 7f9631d36700 1 --2- 172.21.15.84:0/561238338 >> [v2:172.21.15.84:6800/1575200732,v1:172.21.15.84:6801/1575200732] conn(0x7f96140367e0 0x7f9614038ca0 unknown :-1 s=CLOSED pgs=6 cs=0 l=1 rev1=1 rx=0 tx=0).stop
2023-07-05T21:56:32.289 INFO:teuthology.orchestra.run.smithi084.stderr:/usr/bin/ceph:
2023-07-05T21:56:32.285+0000 7f9631d36700 1 --2- 172.21.15.84:0/561238338 >> [v2:172.21.15.84:3300/0,v1:172.21.15.84:6789/0] conn(0x7f962c070cc0 0x7f962c109760 unknown :-1 s=CLOSED pgs=75 cs=0 l=1 rev1=1 rx=0 tx=0).stop
2023-07-05T21:56:32.289 INFO:teuthology.orchestra.run.smithi084.stderr:/usr/bin/ceph:
2023-07-05T21:56:32.285+0000 7f9631d36700 1 -- 172.21.15.84:0/561238338 >> 172.21.15.84:0/561238338 conn(0x7f962c0f7260 msgr2=0x7f962c0fd9c0 unknown :-1 s=STATE_NONE l=0).mark_down
2023-07-05T21:56:32.289 INFO:teuthology.orchestra.run.smithi084.stderr:/usr/bin/ceph:
2023-07-05T21:56:32.285+0000 7f9631d36700 1 -- 172.21.15.84:0/561238338 shutdown_connections
2023-07-05T21:56:32.289 INFO:teuthology.orchestra.run.smithi084.stderr:/usr/bin/ceph:
2023-07-05T21:56:32.285+0000 7f9631d36700 1 -- 172.21.15.84:0/561238338 wait complete.
2023-07-05T21:56:32.308 INFO:journalctl@ceph.mon.smithi084.smithi084.stdout:Jul 05 21:56:32 smithi084 ceph-96321d18-1b7e-11ee-9b2f-001a4aab830c-mon-smithi084[132843]: audit
2023-07-05T21:56:31.443485+0000 mon.smithi084 (mon.0) 87 : audit [INF] from='mgr.14158 172.21.15.84:0/1948825084' entity='mgr.smithi084.ltvpif'
2023-07-05T21:56:32.825 INFO:teuthology.orchestra.run.smithi084.stderr:Creating initial admin user...
2023-07-05T21:56:33.231 INFO:teuthology.orchestra.run.smithi084.stderr:/usr/bin/ceph:
2023-07-05T21:56:33.228+0000 7f3b426dc700 1 Processor -- start
2023-07-05T21:56:33.231 INFO:teuthology.orchestra.run.smithi084.stderr:/usr/bin/ceph:
2023-07-05T21:56:33.228+0000 7f3b426dc700 1 -- start start
2023-07-05T21:56:33.231 INFO:teuthology.orchestra.run.smithi084.stderr:/usr/bin/ceph:
2023-07-05T21:56:33.228+0000 7f3b426dc700 1 --2- >> [v2:172.21.15.84:3300/0,v1:172.21.15.84:6789/0] conn(0x7f3b3c0fb5a0 0x7f3b3c0fb9c0 unknown :-1 s=NONE pgs=0 cs=0 l=0 rev1=0 rx=0 tx=0).connect
2023-07-05T21:56:33.232 INFO:teuthology.orchestra.run.smithi084.stderr:/usr/bin/ceph:
2023-07-05T21:56:33.228+0000 7f3b426dc700 1 -- --> [v2:172.21.15.84:3300/0,v1:172.21.15.84:6789/0] -- mon_getmap magic: 0 v1 -- 0x7f3b3c070d20 con 0x7f3b3c0fb5a0
2023-07-05T21:56:33.232 INFO:teuthology.orchestra.run.smithi084.stderr:/usr/bin/ceph:
2023-07-05T21:56:33.229+0000 7f3b3bfff700 1 --2- >> [v2:172.21.15.84:3300/0,v1:172.21.15.84:6789/0] conn(0x7f3b3c0fb5a0 0x7f3b3c0fb9c0 unknown :-1 s=BANNER_CONNECTING pgs=0 cs=0 l=0 rev1=0 rx=0 tx=0)._handle_peer_banner_payload supported=1 required=0
2023-07-05T21:56:33.233 INFO:teuthology.orchestra.run.smithi084.stderr:/usr/bin/ceph:
2023-07-05T21:56:33.229+0000 7f3b3bfff700 1 --2- >> [v2:172.21.15.84:3300/0,v1:172.21.15.84:6789/0] conn(0x7f3b3c0fb5a0 0x7f3b3c0fb9c0 unknown :-1 s=HELLO_CONNECTING pgs=0 cs=0 l=0 rev1=1 rx=0 tx=0).handle_hello peer v2:172.21.15.84:3300/0 says I am v2:172.21.15.84:40034/0 (socket says 172.21.15.84:40034)
2023-07-05T21:56:33.233 INFO:teuthology.orchestra.run.smithi084.stderr:/usr/bin/ceph:
2023-07-05T21:56:33.229+0000 7f3b3bfff700 1 -- 172.21.15.84:0/2713321298 learned_addr learned my addr 172.21.15.84:0/2713321298 (peer_addr_for_me v2:172.21.15.84:0/0)
2023-07-05T21:56:33.234 INFO:teuthology.orchestra.run.smithi084.stderr:/usr/bin/ceph:
2023-07-05T21:56:33.229+0000 7f3b3bfff700 1 -- 172.21.15.84:0/2713321298 --> [v2:172.21.15.84:3300/0,v1:172.21.15.84:6789/0] -- mon_subscribe({config=0+,monmap=0+}) v3 -- 0x7f3b3c070e60 con 0x7f3b3c0fb5a0
2023-07-05T21:56:33.234 INFO:teuthology.orchestra.run.smithi084.stderr:/usr/bin/ceph:
2023-07-05T21:56:33.229+0000 7f3b3bfff700 1 --2- 172.21.15.84:0/2713321298 >> [v2:172.21.15.84:3300/0,v1:172.21.15.84:6789/0] conn(0x7f3b3c0fb5a0 0x7f3b3c0fb9c0 secure :-1 s=READY pgs=76 cs=0 l=1 rev1=1 rx=0x7f3b2c009730 tx=0x7f3b2c0090f0).ready entity=mon.0 client_cookie=2c55980e1d8dced2 server_cookie=0 in_seq=0 out_seq=0
2023-07-05T21:56:33.234 INFO:teuthology.orchestra.run.smithi084.stderr:/usr/bin/ceph:
2023-07-05T21:56:33.229+0000 7f3b3affd700 1 -- 172.21.15.84:0/2713321298 <== mon.0 v2:172.21.15.84:3300/0 1 ==== mon_map magic: 0 v1 ==== 229+0+0 (secure 0 0 0) 0x7f3b2c00b6e0 con 0x7f3b3c0fb5a0
2023-07-05T21:56:33.234 INFO:teuthology.orchestra.run.smithi084.stderr:/usr/bin/ceph:
2023-07-05T21:56:33.230+0000 7f3b3affd700 1 -- 172.21.15.84:0/2713321298 <== mon.0 v2:172.21.15.84:3300/0 2 ==== config(25 keys) v1 ==== 1046+0+0 (secure 0 0 0) 0x7f3b2c00bcd0 con 0x7f3b3c0fb5a0
2023-07-05T21:56:33.234 INFO:teuthology.orchestra.run.smithi084.stderr:/usr/bin/ceph:
2023-07-05T21:56:33.230+0000 7f3b3affd700 1 -- 172.21.15.84:0/2713321298 <== mon.0 v2:172.21.15.84:3300/0 3 ==== mon_map magic: 0 v1 ==== 229+0+0 (secure 0 0 0) 0x7f3b2c011cb0 con 0x7f3b3c0fb5a0
2023-07-05T21:56:33.234 INFO:teuthology.orchestra.run.smithi084.stderr:/usr/bin/ceph:
2023-07-05T21:56:33.230+0000 7f3b426dc700 1 -- 172.21.15.84:0/2713321298 >> [v2:172.21.15.84:3300/0,v1:172.21.15.84:6789/0] conn(0x7f3b3c0fb5a0 msgr2=0x7f3b3c0fb9c0 secure :-1 s=STATE_CONNECTION_ESTABLISHED l=1).mark_down
2023-07-05T21:56:33.234 INFO:teuthology.orchestra.run.smithi084.stderr:/usr/bin/ceph:
2023-07-05T21:56:33.230+0000 7f3b426dc700 1 --2- 172.21.15.84:0/2713321298 >> [v2:172.21.15.84:3300/0,v1:172.21.15.84:6789/0] conn(0x7f3b3c0fb5a0 0x7f3b3c0fb9c0 secure :-1 s=READY pgs=76 cs=0 l=1 rev1=1 rx=0x7f3b2c009730 tx=0x7f3b2c0090f0).stop
2023-07-05T21:56:33.235 INFO:teuthology.orchestra.run.smithi084.stderr:/usr/bin/ceph:
2023-07-05T21:56:33.230+0000 7f3b426dc700 1 -- 172.21.15.84:0/2713321298 shutdown_connections
2023-07-05T21:56:33.235 INFO:teuthology.orchestra.run.smithi084.stderr:/usr/bin/ceph:
2023-07-05T21:56:33.230+0000 7f3b426dc700 1 --2- 172.21.15.84:0/2713321298 >> [v2:172.21.15.84:3300/0,v1:172.21.15.84:6789/0] conn(0x7f3b3c0fb5a0 0x7f3b3c0fb9c0 unknown :-1 s=CLOSED pgs=76 cs=0 l=1 rev1=1 rx=0 tx=0).stop
2023-07-05T21:56:33.235 INFO:teuthology.orchestra.run.smithi084.stderr:/usr/bin/ceph:
2023-07-05T21:56:33.230+0000 7f3b426dc700 1 -- 172.21.15.84:0/2713321298 >> 172.21.15.84:0/2713321298 conn(0x7f3b3c0f7260 msgr2=0x7f3b3c0f9680 unknown :-1 s=STATE_NONE l=0).mark_down
2023-07-05T21:56:33.235 INFO:teuthology.orchestra.run.smithi084.stderr:/usr/bin/ceph:
2023-07-05T21:56:33.230+0000 7f3b426dc700 1 -- 172.21.15.84:0/2713321298 shutdown_connections
2023-07-05T21:56:33.235 INFO:teuthology.orchestra.run.smithi084.stderr:/usr/bin/ceph:
2023-07-05T21:56:33.231+0000 7f3b426dc700 1 -- 172.21.15.84:0/2713321298 wait complete.
2023-07-05T21:56:33.236 INFO:teuthology.orchestra.run.smithi084.stderr:/usr/bin/ceph:
2023-07-05T21:56:33.231+0000 7f3b426dc700 1 Processor -- start
2023-07-05T21:56:33.238 INFO:teuthology.orchestra.run.smithi084.stderr:/usr/bin/ceph:
2023-07-05T21:56:33.231+0000 7f3b426dc700 1 -- start start
2023-07-05T21:56:33.238 INFO:teuthology.orchestra.run.smithi084.stderr:/usr/bin/ceph:
2023-07-05T21:56:33.232+0000 7f3b426dc700 1 --2- >> [v2:172.21.15.84:3300/0,v1:172.21.15.84:6789/0] conn(0x7f3b3c0fb5a0 0x7f3b3c10dbd0 unknown :-1 s=NONE pgs=0 cs=0 l=1 rev1=0 rx=0 tx=0).connect
2023-07-05T21:56:33.239 INFO:teuthology.orchestra.run.smithi084.stderr:/usr/bin/ceph:
2023-07-05T21:56:33.232+0000 7f3b426dc700 1 -- --> [v2:172.21.15.84:3300/0,v1:172.21.15.84:6789/0] -- mon_getmap magic: 0 v1 -- 0x7f3b3c10e0c0 con 0x7f3b3c0fb5a0
2023-07-05T21:56:33.239 INFO:teuthology.orchestra.run.smithi084.stderr:/usr/bin/ceph:
2023-07-05T21:56:33.232+0000 7f3b3bfff700 1 --2- >> [v2:172.21.15.84:3300/0,v1:172.21.15.84:6789/0] conn(0x7f3b3c0fb5a0 0x7f3b3c10dbd0 unknown :-1 s=BANNER_CONNECTING pgs=0 cs=0 l=1 rev1=0 rx=0 tx=0)._handle_peer_banner_payload supported=1 required=0
2023-07-05T21:56:33.239 INFO:teuthology.orchestra.run.smithi084.stderr:/usr/bin/ceph:
2023-07-05T21:56:33.232+0000 7f3b3bfff700 1 --2- >> [v2:172.21.15.84:3300/0,v1:172.21.15.84:6789/0] conn(0x7f3b3c0fb5a0 0x7f3b3c10dbd0 unknown :-1 s=HELLO_CONNECTING pgs=0 cs=0 l=1 rev1=1 rx=0 tx=0).handle_hello peer v2:172.21.15.84:3300/0 says I am v2:172.21.15.84:40042/0 (socket says 172.21.15.84:40042)
2023-07-05T21:56:33.239 INFO:teuthology.orchestra.run.smithi084.stderr:/usr/bin/ceph:
2023-07-05T21:56:33.232+0000 7f3b3bfff700 1 -- 172.21.15.84:0/3044467156 learned_addr learned my addr 172.21.15.84:0/3044467156 (peer_addr_for_me v2:172.21.15.84:0/0)
2023-07-05T21:56:33.239 INFO:teuthology.orchestra.run.smithi084.stderr:/usr/bin/ceph:
2023-07-05T21:56:33.232+0000 7f3b3bfff700 1 -- 172.21.15.84:0/3044467156 --> [v2:172.21.15.84:3300/0,v1:172.21.15.84:6789/0] -- mon_subscribe({config=0+,monmap=0+}) v3 -- 0x7f3b2c009370 con 0x7f3b3c0fb5a0
2023-07-05T21:56:33.240 INFO:teuthology.orchestra.run.smithi084.stderr:/usr/bin/ceph:
2023-07-05T21:56:33.232+0000 7f3b3bfff700 1 --2- 172.21.15.84:0/3044467156 >> [v2:172.21.15.84:3300/0,v1:172.21.15.84:6789/0] conn(0x7f3b3c0fb5a0 0x7f3b3c10dbd0 secure :-1 s=READY pgs=77 cs=0 l=1 rev1=1 rx=0x7f3b2c002f90 tx=0x7f3b2c0090f0).ready entity=mon.0 client_cookie=0 server_cookie=0 in_seq=0 out_seq=0
2023-07-05T21:56:33.240 INFO:teuthology.orchestra.run.smithi084.stderr:/usr/bin/ceph:
2023-07-05T21:56:33.233+0000 7f3b38ff9700 1 -- 172.21.15.84:0/3044467156 <== mon.0 v2:172.21.15.84:3300/0 1 ==== mon_map magic: 0 v1 ==== 229+0+0 (secure 0 0 0) 0x7f3b2c01a640 con 0x7f3b3c0fb5a0
2023-07-05T21:56:33.240 INFO:teuthology.orchestra.run.smithi084.stderr:/usr/bin/ceph:
2023-07-05T21:56:33.233+0000 7f3b38ff9700 1 -- 172.21.15.84:0/3044467156 <== mon.0 v2:172.21.15.84:3300/0 2 ==== config(25 keys) v1 ==== 1046+0+0 (secure 0 0 0) 0x7f3b2c01ac30 con 0x7f3b3c0fb5a0
2023-07-05T21:56:33.240 INFO:teuthology.orchestra.run.smithi084.stderr:/usr/bin/ceph:
2023-07-05T21:56:33.233+0000 7f3b426dc700 1 -- 172.21.15.84:0/3044467156 --> [v2:172.21.15.84:3300/0,v1:172.21.15.84:6789/0] -- mon_subscribe({mgrmap=0+}) v3 -- 0x7f3b3c10e2c0 con 0x7f3b3c0fb5a0
2023-07-05T21:56:33.240 INFO:teuthology.orchestra.run.smithi084.stderr:/usr/bin/ceph:
2023-07-05T21:56:33.233+0000 7f3b38ff9700 1 -- 172.21.15.84:0/3044467156 <== mon.0 v2:172.21.15.84:3300/0 3 ==== mon_map magic: 0 v1 ==== 229+0+0 (secure 0 0 0) 0x7f3b2c022b20 con 0x7f3b3c0fb5a0
2023-07-05T21:56:33.241 INFO:teuthology.orchestra.run.smithi084.stderr:/usr/bin/ceph:
2023-07-05T21:56:33.233+0000 7f3b426dc700 1 -- 172.21.15.84:0/3044467156 --> [v2:172.21.15.84:3300/0,v1:172.21.15.84:6789/0] -- mon_subscribe({osdmap=0}) v3 -- 0x7f3b3c10e750 con 0x7f3b3c0fb5a0
2023-07-05T21:56:33.241 INFO:teuthology.orchestra.run.smithi084.stderr:/usr/bin/ceph:
2023-07-05T21:56:33.234+0000 7f3b38ff9700 1 -- 172.21.15.84:0/3044467156 <== mon.0 v2:172.21.15.84:3300/0 4 ==== mgrmap(e 12) v1 ==== 38528+0+0 (secure 0 0 0) 0x7f3b2c02a070 con 0x7f3b3c0fb5a0
2023-07-05T21:56:33.241 INFO:teuthology.orchestra.run.smithi084.stderr:/usr/bin/ceph:
2023-07-05T21:56:33.234+0000 7f3b426dc700 1 -- 172.21.15.84:0/3044467156 --> [v2:172.21.15.84:3300/0,v1:172.21.15.84:6789/0] -- mon_command({"prefix": "get_command_descriptions"} v 0) v1 -- 0x7f3b3c059f30 con 0x7f3b3c0fb5a0
2023-07-05T21:56:33.241 INFO:teuthology.orchestra.run.smithi084.stderr:/usr/bin/ceph:
2023-07-05T21:56:33.235+0000 7f3b38ff9700 1 --2- 172.21.15.84:0/3044467156 >> [v2:172.21.15.84:6800/1575200732,v1:172.21.15.84:6801/1575200732] conn(0x7f3b24032480 0x7f3b24034940 unknown :-1 s=NONE pgs=0 cs=0 l=1 rev1=0 rx=0 tx=0).connect
2023-07-05T21:56:33.241 INFO:teuthology.orchestra.run.smithi084.stderr:/usr/bin/ceph:
2023-07-05T21:56:33.235+0000 7f3b38ff9700 1 -- 172.21.15.84:0/3044467156 <== mon.0 v2:172.21.15.84:3300/0 5 ==== osd_map(3..3 src has 1..3) v4 ==== 1065+0+0 (secure 0 0 0) 0x7f3b2c0444b0 con 0x7f3b3c0fb5a0
2023-07-05T21:56:33.242 INFO:teuthology.orchestra.run.smithi084.stderr:/usr/bin/ceph:
2023-07-05T21:56:33.235+0000 7f3b3b7fe700 1 --2- 172.21.15.84:0/3044467156 >> [v2:172.21.15.84:6800/1575200732,v1:172.21.15.84:6801/1575200732] conn(0x7f3b24032480 0x7f3b24034940 unknown :-1 s=BANNER_CONNECTING pgs=0 cs=0 l=1 rev1=0 rx=0 tx=0)._handle_peer_banner_payload supported=1 required=0
2023-07-05T21:56:33.242 INFO:teuthology.orchestra.run.smithi084.stderr:/usr/bin/ceph:
2023-07-05T21:56:33.235+0000 7f3b3b7fe700 1 --2- 172.21.15.84:0/3044467156 >> [v2:172.21.15.84:6800/1575200732,v1:172.21.15.84:6801/1575200732] conn(0x7f3b24032480 0x7f3b24034940 secure :-1 s=READY pgs=7 cs=0 l=1 rev1=1 rx=0x7f3b30009780 tx=0x7f3b30006cc0).ready entity=mgr.14158 client_cookie=0 server_cookie=0 in_seq=0 out_seq=0
2023-07-05T21:56:33.242 INFO:teuthology.orchestra.run.smithi084.stderr:/usr/bin/ceph:
2023-07-05T21:56:33.240+0000 7f3b38ff9700 1 -- 172.21.15.84:0/3044467156 <== mon.0 v2:172.21.15.84:3300/0 6 ==== mon_command_ack([{"prefix": "get_command_descriptions"}]=0 v0) v1 ==== 72+0+163129 (secure 0 0 0) 0x7f3b2c0223c0 con 0x7f3b3c0fb5a0
2023-07-05T21:56:33.436 INFO:teuthology.orchestra.run.smithi084.stderr:/usr/bin/ceph:
2023-07-05T21:56:33.430+0000 7f3b426dc700 1 -- 172.21.15.84:0/3044467156 --> [v2:172.21.15.84:6800/1575200732,v1:172.21.15.84:6801/1575200732] -- mgr_command(tid 0: {"prefix": "dashboard ac-user-create", "username": "admin", "rolename": "administrator", "force_password": true, "pwd_update_required": true, "target": ["mon-mgr", ""]}) v1 -- 0x7f3b3c059d50 con 0x7f3b24032480
2023-07-05T21:56:33.654 INFO:teuthology.orchestra.run.smithi084.stderr:/usr/bin/ceph:
2023-07-05T21:56:33.651+0000 7f3b38ff9700 1 -- 172.21.15.84:0/3044467156 <== mgr.14158 v2:172.21.15.84:6800/1575200732 1 ==== mgr_command_reply(tid 0: 0 ) v1 ==== 8+0+252 (secure 0 0 0) 0x7f3b3c059d50 con 0x7f3b24032480
2023-07-05T21:56:33.654 INFO:teuthology.orchestra.run.smithi084.stderr:/usr/bin/ceph: {"username": "admin", "password": "$2b$12$dCssjebpXkJMPMz1MTONd.0LeKIRFhSG3ehGR5.vVixq2pkqfP5cS", "roles": ["administrator"], "name": null, "email": null, "lastUpdate": 1688594193, "enabled": true, "pwdExpirationDate": null, "pwdUpdateRequired": true}
2023-07-05T21:56:33.657 INFO:teuthology.orchestra.run.smithi084.stderr:/usr/bin/ceph:
2023-07-05T21:56:33.654+0000 7f3b426dc700 1 -- 172.21.15.84:0/3044467156 >> [v2:172.21.15.84:6800/1575200732,v1:172.21.15.84:6801/1575200732] conn(0x7f3b24032480 msgr2=0x7f3b24034940 secure :-1 s=STATE_CONNECTION_ESTABLISHED l=1).mark_down
2023-07-05T21:56:33.657 INFO:teuthology.orchestra.run.smithi084.stderr:/usr/bin/ceph:
2023-07-05T21:56:33.654+0000 7f3b426dc700 1 --2- 172.21.15.84:0/3044467156 >> [v2:172.21.15.84:6800/1575200732,v1:172.21.15.84:6801/1575200732] conn(0x7f3b24032480 0x7f3b24034940 secure :-1 s=READY pgs=7 cs=0 l=1 rev1=1 rx=0x7f3b30009780 tx=0x7f3b30006cc0).stop
2023-07-05T21:56:33.657 INFO:teuthology.orchestra.run.smithi084.stderr:/usr/bin/ceph:
2023-07-05T21:56:33.654+0000 7f3b426dc700 1 -- 172.21.15.84:0/3044467156 >> [v2:172.21.15.84:3300/0,v1:172.21.15.84:6789/0] conn(0x7f3b3c0fb5a0 msgr2=0x7f3b3c10dbd0 secure :-1 s=STATE_CONNECTION_ESTABLISHED l=1).mark_down
2023-07-05T21:56:33.657 INFO:teuthology.orchestra.run.smithi084.stderr:/usr/bin/ceph:
2023-07-05T21:56:33.654+0000 7f3b426dc700 1 --2- 172.21.15.84:0/3044467156 >> [v2:172.21.15.84:3300/0,v1:172.21.15.84:6789/0] conn(0x7f3b3c0fb5a0 0x7f3b3c10dbd0 secure :-1 s=READY pgs=77 cs=0 l=1 rev1=1 rx=0x7f3b2c002f90 tx=0x7f3b2c0090f0).stop
2023-07-05T21:56:33.658 INFO:teuthology.orchestra.run.smithi084.stderr:/usr/bin/ceph:
2023-07-05T21:56:33.654+0000 7f3b426dc700 1 -- 172.21.15.84:0/3044467156 shutdown_connections
2023-07-05T21:56:33.658 INFO:teuthology.orchestra.run.smithi084.stderr:/usr/bin/ceph:
2023-07-05T21:56:33.654+0000 7f3b426dc700 1 --2- 172.21.15.84:0/3044467156 >> [v2:172.21.15.84:6800/1575200732,v1:172.21.15.84:6801/1575200732] conn(0x7f3b24032480 0x7f3b24034940 unknown :-1 s=CLOSED pgs=7 cs=0 l=1 rev1=1 rx=0 tx=0).stop
2023-07-05T21:56:33.658 INFO:teuthology.orchestra.run.smithi084.stderr:/usr/bin/ceph:
2023-07-05T21:56:33.654+0000 7f3b426dc700 1 --2- 172.21.15.84:0/3044467156 >> [v2:172.21.15.84:3300/0,v1:172.21.15.84:6789/0] conn(0x7f3b3c0fb5a0 0x7f3b3c10dbd0 unknown :-1 s=CLOSED pgs=77 cs=0 l=1 rev1=1 rx=0 tx=0).stop
2023-07-05T21:56:33.658 INFO:teuthology.orchestra.run.smithi084.stderr:/usr/bin/ceph:
2023-07-05T21:56:33.654+0000 7f3b426dc700 1 -- 172.21.15.84:0/3044467156 >> 172.21.15.84:0/3044467156 conn(0x7f3b3c0f7260 msgr2=0x7f3b3c102480 unknown :-1 s=STATE_NONE l=0).mark_down
2023-07-05T21:56:33.658 INFO:teuthology.orchestra.run.smithi084.stderr:/usr/bin/ceph:
2023-07-05T21:56:33.654+0000 7f3b426dc700 1 -- 172.21.15.84:0/3044467156 shutdown_connections
2023-07-05T21:56:33.658 INFO:teuthology.orchestra.run.smithi084.stderr:/usr/bin/ceph:
2023-07-05T21:56:33.654+0000 7f3b426dc700 1 -- 172.21.15.84:0/3044467156 wait complete.
2023-07-05T21:56:33.677 INFO:journalctl@ceph.mon.smithi084.smithi084.stdout:Jul 05 21:56:33 smithi084 ceph-96321d18-1b7e-11ee-9b2f-001a4aab830c-mon-smithi084[132843]: audit
2023-07-05T21:56:32.218040+0000 mgr.smithi084.ltvpif (mgr.14158) 3 : audit [DBG] from='client.14168 -' entity='client.admin' cmd=[{"prefix": "dashboard create-self-signed-cert", "target": ["mon-mgr", ""]}]: dispatch
2023-07-05T21:56:33.677 INFO:journalctl@ceph.mon.smithi084.smithi084.stdout:Jul 05 21:56:33 smithi084 ceph-96321d18-1b7e-11ee-9b2f-001a4aab830c-mon-smithi084[132843]: audit
2023-07-05T21:56:32.281529+0000 mon.smithi084 (mon.0) 88 : audit [INF] from='mgr.14158 172.21.15.84:0/1948825084' entity='mgr.smithi084.ltvpif'
2023-07-05T21:56:33.677 INFO:journalctl@ceph.mon.smithi084.smithi084.stdout:Jul 05 21:56:33 smithi084 ceph-96321d18-1b7e-11ee-9b2f-001a4aab830c-mon-smithi084[132843]: audit
2023-07-05T21:56:32.284311+0000 mon.smithi084 (mon.0) 89 : audit [INF] from='mgr.14158 172.21.15.84:0/1948825084' entity='mgr.smithi084.ltvpif'
2023-07-05T21:56:33.678 INFO:journalctl@ceph.mon.smithi084.smithi084.stdout:Jul 05 21:56:33 smithi084 ceph-96321d18-1b7e-11ee-9b2f-001a4aab830c-mon-smithi084[132843]: cluster
2023-07-05T21:56:32.445637+0000 mon.smithi084 (mon.0) 90 : cluster [DBG] mgrmap e12: smithi084.ltvpif(active, since 2s)
2023-07-05T21:56:33.988 INFO:teuthology.orchestra.run.smithi084.stderr:Fetching dashboard port number...
2023-07-05T21:56:34.396 INFO:teuthology.orchestra.run.smithi084.stderr:/usr/bin/ceph:
2023-07-05T21:56:34.391+0000 7f68246b9700 1 Processor -- start
2023-07-05T21:56:34.396 INFO:teuthology.orchestra.run.smithi084.stderr:/usr/bin/ceph:
2023-07-05T21:56:34.392+0000 7f68246b9700 1 -- start start
2023-07-05T21:56:34.397 INFO:teuthology.orchestra.run.smithi084.stderr:/usr/bin/ceph:
2023-07-05T21:56:34.392+0000 7f68246b9700 1 --2- >> [v2:172.21.15.84:3300/0,v1:172.21.15.84:6789/0] conn(0x7f681c070cc0 0x7f681c101c20 unknown :-1 s=NONE pgs=0 cs=0 l=0 rev1=0 rx=0 tx=0).connect
2023-07-05T21:56:34.397 INFO:teuthology.orchestra.run.smithi084.stderr:/usr/bin/ceph:
2023-07-05T21:56:34.392+0000 7f68246b9700 1 -- --> [v2:172.21.15.84:3300/0,v1:172.21.15.84:6789/0] -- mon_getmap magic: 0 v1 -- 0x7f681c0fd610 con 0x7f681c070cc0
2023-07-05T21:56:34.397 INFO:teuthology.orchestra.run.smithi084.stderr:/usr/bin/ceph:
2023-07-05T21:56:34.392+0000 7f6822455700 1 --2- >> [v2:172.21.15.84:3300/0,v1:172.21.15.84:6789/0] conn(0x7f681c070cc0 0x7f681c101c20 unknown :-1 s=BANNER_CONNECTING pgs=0 cs=0 l=0 rev1=0 rx=0 tx=0)._handle_peer_banner_payload supported=1 required=0
2023-07-05T21:56:34.397 INFO:teuthology.orchestra.run.smithi084.stderr:/usr/bin/ceph:
2023-07-05T21:56:34.392+0000 7f6822455700 1 --2- >> [v2:172.21.15.84:3300/0,v1:172.21.15.84:6789/0] conn(0x7f681c070cc0 0x7f681c101c20 unknown :-1 s=HELLO_CONNECTING pgs=0 cs=0 l=0 rev1=1 rx=0 tx=0).handle_hello peer v2:172.21.15.84:3300/0 says I am v2:172.21.15.84:40058/0 (socket says 172.21.15.84:40058)
2023-07-05T21:56:34.398 INFO:teuthology.orchestra.run.smithi084.stderr:/usr/bin/ceph:
2023-07-05T21:56:34.392+0000 7f6822455700 1 -- 172.21.15.84:0/4139651123 learned_addr learned my addr 172.21.15.84:0/4139651123 (peer_addr_for_me v2:172.21.15.84:0/0)
2023-07-05T21:56:34.398 INFO:teuthology.orchestra.run.smithi084.stderr:/usr/bin/ceph:
2023-07-05T21:56:34.393+0000 7f6822455700 1 -- 172.21.15.84:0/4139651123 --> [v2:172.21.15.84:3300/0,v1:172.21.15.84:6789/0] -- mon_subscribe({config=0+,monmap=0+}) v3 -- 0x7f681c102110 con 0x7f681c070cc0
2023-07-05T21:56:34.398 INFO:teuthology.orchestra.run.smithi084.stderr:/usr/bin/ceph:
2023-07-05T21:56:34.393+0000 7f6822455700 1 --2- 172.21.15.84:0/4139651123 >> [v2:172.21.15.84:3300/0,v1:172.21.15.84:6789/0] conn(0x7f681c070cc0 0x7f681c101c20 secure :-1 s=READY pgs=78 cs=0 l=1 rev1=1 rx=0x7f6818009730 tx=0x7f68180090f0).ready entity=mon.0 client_cookie=a77456d7701419c0 server_cookie=0 in_seq=0 out_seq=0
2023-07-05T21:56:34.398 INFO:teuthology.orchestra.run.smithi084.stderr:/usr/bin/ceph:
2023-07-05T21:56:34.393+0000 7f6821453700 1 -- 172.21.15.84:0/4139651123 <== mon.0 v2:172.21.15.84:3300/0 1 ==== mon_map magic: 0 v1 ==== 229+0+0 (secure 0 0 0) 0x7f681800b6e0 con 0x7f681c070cc0
2023-07-05T21:56:34.398 INFO:teuthology.orchestra.run.smithi084.stderr:/usr/bin/ceph:
2023-07-05T21:56:34.393+0000 7f6821453700 1 -- 172.21.15.84:0/4139651123 <== mon.0 v2:172.21.15.84:3300/0 2 ==== config(25 keys) v1 ==== 1046+0+0 (secure 0 0 0) 0x7f681800bcd0 con 0x7f681c070cc0
2023-07-05T21:56:34.398 INFO:teuthology.orchestra.run.smithi084.stderr:/usr/bin/ceph:
2023-07-05T21:56:34.393+0000 7f6821453700 1 -- 172.21.15.84:0/4139651123 <== mon.0 v2:172.21.15.84:3300/0 3 ==== mon_map magic: 0 v1 ==== 229+0+0 (secure 0 0 0) 0x7f6818011cb0 con 0x7f681c070cc0
2023-07-05T21:56:34.398 INFO:teuthology.orchestra.run.smithi084.stderr:/usr/bin/ceph:
2023-07-05T21:56:34.393+0000 7f68246b9700 1 -- 172.21.15.84:0/4139651123 >> [v2:172.21.15.84:3300/0,v1:172.21.15.84:6789/0] conn(0x7f681c070cc0 msgr2=0x7f681c101c20 secure :-1 s=STATE_CONNECTION_ESTABLISHED l=1).mark_down
2023-07-05T21:56:34.399 INFO:teuthology.orchestra.run.smithi084.stderr:/usr/bin/ceph:
2023-07-05T21:56:34.393+0000 7f68246b9700 1 --2- 172.21.15.84:0/4139651123 >> [v2:172.21.15.84:3300/0,v1:172.21.15.84:6789/0] conn(0x7f681c070cc0 0x7f681c101c20 secure :-1 s=READY pgs=78 cs=0 l=1 rev1=1 rx=0x7f6818009730 tx=0x7f68180090f0).stop
2023-07-05T21:56:34.399 INFO:teuthology.orchestra.run.smithi084.stderr:/usr/bin/ceph:
2023-07-05T21:56:34.394+0000 7f68246b9700 1 -- 172.21.15.84:0/4139651123 shutdown_connections
2023-07-05T21:56:34.401 INFO:teuthology.orchestra.run.smithi084.stderr:/usr/bin/ceph:
2023-07-05T21:56:34.394+0000 7f68246b9700 1 --2- 172.21.15.84:0/4139651123 >> [v2:172.21.15.84:3300/0,v1:172.21.15.84:6789/0] conn(0x7f681c070cc0 0x7f681c101c20 unknown :-1 s=CLOSED pgs=78 cs=0 l=1 rev1=1 rx=0 tx=0).stop
2023-07-05T21:56:34.401 INFO:teuthology.orchestra.run.smithi084.stderr:/usr/bin/ceph:
2023-07-05T21:56:34.394+0000 7f68246b9700 1 -- 172.21.15.84:0/4139651123 >> 172.21.15.84:0/4139651123 conn(0x7f681c0f7260 msgr2=0x7f681c0f9680 unknown :-1 s=STATE_NONE l=0).mark_down
2023-07-05T21:56:34.401 INFO:teuthology.orchestra.run.smithi084.stderr:/usr/bin/ceph:
2023-07-05T21:56:34.394+0000 7f68246b9700 1 -- 172.21.15.84:0/4139651123 shutdown_connections
2023-07-05T21:56:34.401 INFO:teuthology.orchestra.run.smithi084.stderr:/usr/bin/ceph:
2023-07-05T21:56:34.394+0000 7f68246b9700 1 -- 172.21.15.84:0/4139651123 wait complete.
2023-07-05T21:56:34.401 INFO:teuthology.orchestra.run.smithi084.stderr:/usr/bin/ceph:
2023-07-05T21:56:34.395+0000 7f68246b9700 1 Processor -- start
2023-07-05T21:56:34.402 INFO:teuthology.orchestra.run.smithi084.stderr:/usr/bin/ceph:
2023-07-05T21:56:34.395+0000 7f68246b9700 1 -- start start
2023-07-05T21:56:34.402 INFO:teuthology.orchestra.run.smithi084.stderr:/usr/bin/ceph:
2023-07-05T21:56:34.395+0000 7f68246b9700 1 --2- >> [v2:172.21.15.84:3300/0,v1:172.21.15.84:6789/0] conn(0x7f681c070cc0 0x7f681c10db70 unknown :-1 s=NONE pgs=0 cs=0 l=1 rev1=0 rx=0 tx=0).connect
2023-07-05T21:56:34.402 INFO:teuthology.orchestra.run.smithi084.stderr:/usr/bin/ceph:
2023-07-05T21:56:34.395+0000 7f68246b9700 1 -- --> [v2:172.21.15.84:3300/0,v1:172.21.15.84:6789/0] -- mon_getmap magic: 0 v1 -- 0x7f681c10e060 con 0x7f681c070cc0
2023-07-05T21:56:34.402 INFO:teuthology.orchestra.run.smithi084.stderr:/usr/bin/ceph:
2023-07-05T21:56:34.395+0000 7f6822455700 1 --2- >> [v2:172.21.15.84:3300/0,v1:172.21.15.84:6789/0] conn(0x7f681c070cc0 0x7f681c10db70 unknown :-1 s=BANNER_CONNECTING pgs=0 cs=0 l=1 rev1=0 rx=0 tx=0)._handle_peer_banner_payload supported=1 required=0
2023-07-05T21:56:34.402 INFO:teuthology.orchestra.run.smithi084.stderr:/usr/bin/ceph:
2023-07-05T21:56:34.395+0000 7f6822455700 1 --2- >> [v2:172.21.15.84:3300/0,v1:172.21.15.84:6789/0] conn(0x7f681c070cc0 0x7f681c10db70 unknown :-1 s=HELLO_CONNECTING pgs=0 cs=0 l=1 rev1=1 rx=0 tx=0).handle_hello peer v2:172.21.15.84:3300/0 says I am v2:172.21.15.84:40070/0 (socket says 172.21.15.84:40070)
2023-07-05T21:56:34.402 INFO:teuthology.orchestra.run.smithi084.stderr:/usr/bin/ceph:
2023-07-05T21:56:34.395+0000 7f6822455700 1 -- 172.21.15.84:0/28761044 learned_addr learned my addr 172.21.15.84:0/28761044 (peer_addr_for_me v2:172.21.15.84:0/0)
2023-07-05T21:56:34.402 INFO:teuthology.orchestra.run.smithi084.stderr:/usr/bin/ceph:
2023-07-05T21:56:34.396+0000 7f6822455700 1 -- 172.21.15.84:0/28761044 --> [v2:172.21.15.84:3300/0,v1:172.21.15.84:6789/0] -- mon_subscribe({config=0+,monmap=0+}) v3 -- 0x7f6818009370 con 0x7f681c070cc0
2023-07-05T21:56:34.403 INFO:teuthology.orchestra.run.smithi084.stderr:/usr/bin/ceph:
2023-07-05T21:56:34.396+0000 7f6822455700 1 --2- 172.21.15.84:0/28761044 >> [v2:172.21.15.84:3300/0,v1:172.21.15.84:6789/0] conn(0x7f681c070cc0 0x7f681c10db70 secure :-1 s=READY pgs=79 cs=0 l=1 rev1=1 rx=0x7f6818000c00 tx=0x7f68180090f0).ready entity=mon.0 client_cookie=0 server_cookie=0 in_seq=0 out_seq=0
2023-07-05T21:56:34.403 INFO:teuthology.orchestra.run.smithi084.stderr:/usr/bin/ceph:
2023-07-05T21:56:34.396+0000 7f6812ffd700 1 -- 172.21.15.84:0/28761044 <== mon.0 v2:172.21.15.84:3300/0 1 ==== mon_map magic: 0 v1 ==== 229+0+0 (secure 0 0 0) 0x7f681800be40 con 0x7f681c070cc0
2023-07-05T21:56:34.403 INFO:teuthology.orchestra.run.smithi084.stderr:/usr/bin/ceph:
2023-07-05T21:56:34.396+0000 7f6812ffd700 1 -- 172.21.15.84:0/28761044 <== mon.0 v2:172.21.15.84:3300/0 2 ==== config(25 keys) v1 ==== 1046+0+0 (secure 0 0 0) 0x7f681800bad0 con 0x7f681c070cc0
2023-07-05T21:56:34.403 INFO:teuthology.orchestra.run.smithi084.stderr:/usr/bin/ceph:
2023-07-05T21:56:34.396+0000 7f68246b9700 1 -- 172.21.15.84:0/28761044 --> [v2:172.21.15.84:3300/0,v1:172.21.15.84:6789/0] -- mon_subscribe({mgrmap=0+}) v3 -- 0x7f681c10e260 con 0x7f681c070cc0
2023-07-05T21:56:34.403 INFO:teuthology.orchestra.run.smithi084.stderr:/usr/bin/ceph:
2023-07-05T21:56:34.396+0000 7f6812ffd700 1 -- 172.21.15.84:0/28761044 <== mon.0 v2:172.21.15.84:3300/0 3 ==== mon_map magic: 0 v1 ==== 229+0+0 (secure 0 0 0) 0x7f681801aa40 con 0x7f681c070cc0
2023-07-05T21:56:34.404 INFO:teuthology.orchestra.run.smithi084.stderr:/usr/bin/ceph:
2023-07-05T21:56:34.396+0000 7f68246b9700 1 -- 172.21.15.84:0/28761044 --> [v2:172.21.15.84:3300/0,v1:172.21.15.84:6789/0] -- mon_subscribe({osdmap=0}) v3 -- 0x7f681c10e6f0 con 0x7f681c070cc0
2023-07-05T21:56:34.404 INFO:teuthology.orchestra.run.smithi084.stderr:/usr/bin/ceph:
2023-07-05T21:56:34.397+0000 7f6812ffd700 1 -- 172.21.15.84:0/28761044 <== mon.0 v2:172.21.15.84:3300/0 4 ==== mgrmap(e 12) v1 ==== 38528+0+0 (secure 0 0 0) 0x7f681800f070 con 0x7f681c070cc0
2023-07-05T21:56:34.404 INFO:teuthology.orchestra.run.smithi084.stderr:/usr/bin/ceph:
