2023-07-05T21:56:22.744 INFO:teuthology.orchestra.run.smithi084.stderr:/usr/bin/ceph:
2023-07-05T21:56:22.736+0000 7fea22d9d700 1 --2- >> [v2:172.21.15.84:3300/0,v1:172.21.15.84:6789/0] conn(0x7fea240fb5a0 0x7fea240fb9c0 unknown :-1 s=BANNER_CONNECTING pgs=0 cs=0 l=0 rev1=0 rx=0 tx=0)._handle_peer_banner_payload supported=1 required=0
2023-07-05T21:56:22.744 INFO:teuthology.orchestra.run.smithi084.stderr:/usr/bin/ceph:
2023-07-05T21:56:22.736+0000 7fea22d9d700 1 --2- >> [v2:172.21.15.84:3300/0,v1:172.21.15.84:6789/0] conn(0x7fea240fb5a0 0x7fea240fb9c0 unknown :-1 s=HELLO_CONNECTING pgs=0 cs=0 l=0 rev1=1 rx=0 tx=0).handle_hello peer v2:172.21.15.84:3300/0 says I am v2:172.21.15.84:42328/0 (socket says 172.21.15.84:42328)
2023-07-05T21:56:22.745 INFO:teuthology.orchestra.run.smithi084.stderr:/usr/bin/ceph:
2023-07-05T21:56:22.736+0000 7fea22d9d700 1 -- 172.21.15.84:0/2172807361 learned_addr learned my addr 172.21.15.84:0/2172807361 (peer_addr_for_me v2:172.21.15.84:0/0)
2023-07-05T21:56:22.745 INFO:teuthology.orchestra.run.smithi084.stderr:/usr/bin/ceph:
2023-07-05T21:56:22.737+0000 7fea22d9d700 1 -- 172.21.15.84:0/2172807361 --> [v2:172.21.15.84:3300/0,v1:172.21.15.84:6789/0] -- mon_subscribe({config=0+,monmap=0+}) v3 -- 0x7fea24070e60 con 0x7fea240fb5a0
2023-07-05T21:56:22.745 INFO:teuthology.orchestra.run.smithi084.stderr:/usr/bin/ceph:
2023-07-05T21:56:22.737+0000 7fea22d9d700 1 --2- 172.21.15.84:0/2172807361 >> [v2:172.21.15.84:3300/0,v1:172.21.15.84:6789/0] conn(0x7fea240fb5a0 0x7fea240fb9c0 secure :-1 s=READY pgs=61 cs=0 l=1 rev1=1 rx=0x7fea14009730 tx=0x7fea140090f0).ready entity=mon.0 client_cookie=50f2b3a51816b653 server_cookie=0 in_seq=0 out_seq=0
2023-07-05T21:56:22.746 INFO:teuthology.orchestra.run.smithi084.stderr:/usr/bin/ceph:
2023-07-05T21:56:22.737+0000 7fea21d9b700 1 -- 172.21.15.84:0/2172807361 <== mon.0 v2:172.21.15.84:3300/0 1 ==== mon_map magic: 0 v1 ==== 229+0+0 (secure 0 0 0) 0x7fea1400b6e0 con 0x7fea240fb5a0
2023-07-05T21:56:22.746 INFO:teuthology.orchestra.run.smithi084.stderr:/usr/bin/ceph:
2023-07-05T21:56:22.737+0000 7fea21d9b700 1 -- 172.21.15.84:0/2172807361 <== mon.0 v2:172.21.15.84:3300/0 2 ==== config(25 keys) v1 ==== 1046+0+0 (secure 0 0 0) 0x7fea1400bcd0 con 0x7fea240fb5a0
2023-07-05T21:56:22.746 INFO:teuthology.orchestra.run.smithi084.stderr:/usr/bin/ceph:
2023-07-05T21:56:22.737+0000 7fea21d9b700 1 -- 172.21.15.84:0/2172807361 <== mon.0 v2:172.21.15.84:3300/0 3 ==== mon_map magic: 0 v1 ==== 229+0+0 (secure 0 0 0) 0x7fea14011cb0 con 0x7fea240fb5a0
2023-07-05T21:56:22.747 INFO:teuthology.orchestra.run.smithi084.stderr:/usr/bin/ceph:
2023-07-05T21:56:22.738+0000 7fea291f1700 1 -- 172.21.15.84:0/2172807361 >> [v2:172.21.15.84:3300/0,v1:172.21.15.84:6789/0] conn(0x7fea240fb5a0 msgr2=0x7fea240fb9c0 secure :-1 s=STATE_CONNECTION_ESTABLISHED l=1).mark_down
2023-07-05T21:56:22.747 INFO:teuthology.orchestra.run.smithi084.stderr:/usr/bin/ceph:
2023-07-05T21:56:22.738+0000 7fea291f1700 1 --2- 172.21.15.84:0/2172807361 >> [v2:172.21.15.84:3300/0,v1:172.21.15.84:6789/0] conn(0x7fea240fb5a0 0x7fea240fb9c0 secure :-1 s=READY pgs=61 cs=0 l=1 rev1=1 rx=0x7fea14009730 tx=0x7fea140090f0).stop
2023-07-05T21:56:22.747 INFO:teuthology.orchestra.run.smithi084.stderr:/usr/bin/ceph:
2023-07-05T21:56:22.738+0000 7fea291f1700 1 -- 172.21.15.84:0/2172807361 shutdown_connections
2023-07-05T21:56:22.748 INFO:teuthology.orchestra.run.smithi084.stderr:/usr/bin/ceph:
2023-07-05T21:56:22.738+0000 7fea291f1700 1 --2- 172.21.15.84:0/2172807361 >> [v2:172.21.15.84:3300/0,v1:172.21.15.84:6789/0] conn(0x7fea240fb5a0 0x7fea240fb9c0 unknown :-1 s=CLOSED pgs=61 cs=0 l=1 rev1=1 rx=0 tx=0).stop
2023-07-05T21:56:22.748 INFO:teuthology.orchestra.run.smithi084.stderr:/usr/bin/ceph:
2023-07-05T21:56:22.738+0000 7fea291f1700 1 -- 172.21.15.84:0/2172807361 >> 172.21.15.84:0/2172807361 conn(0x7fea240f7260 msgr2=0x7fea240f9680 unknown :-1 s=STATE_NONE l=0).mark_down
2023-07-05T21:56:22.748 INFO:teuthology.orchestra.run.smithi084.stderr:/usr/bin/ceph:
2023-07-05T21:56:22.738+0000 7fea291f1700 1 -- 172.21.15.84:0/2172807361 shutdown_connections
2023-07-05T21:56:22.749 INFO:teuthology.orchestra.run.smithi084.stderr:/usr/bin/ceph:
2023-07-05T21:56:22.738+0000 7fea291f1700 1 -- 172.21.15.84:0/2172807361 wait complete.
2023-07-05T21:56:22.749 INFO:teuthology.orchestra.run.smithi084.stderr:/usr/bin/ceph:
2023-07-05T21:56:22.739+0000 7fea291f1700 1 Processor -- start
2023-07-05T21:56:22.749 INFO:teuthology.orchestra.run.smithi084.stderr:/usr/bin/ceph:
2023-07-05T21:56:22.739+0000 7fea291f1700 1 -- start start
2023-07-05T21:56:22.749 INFO:teuthology.orchestra.run.smithi084.stderr:/usr/bin/ceph:
2023-07-05T21:56:22.740+0000 7fea291f1700 1 --2- >> [v2:172.21.15.84:3300/0,v1:172.21.15.84:6789/0] conn(0x7fea240fb5a0 0x7fea2410dbb0 unknown :-1 s=NONE pgs=0 cs=0 l=1 rev1=0 rx=0 tx=0).connect
2023-07-05T21:56:22.750 INFO:teuthology.orchestra.run.smithi084.stderr:/usr/bin/ceph:
2023-07-05T21:56:22.740+0000 7fea291f1700 1 -- --> [v2:172.21.15.84:3300/0,v1:172.21.15.84:6789/0] -- mon_getmap magic: 0 v1 -- 0x7fea2410e0a0 con 0x7fea240fb5a0
2023-07-05T21:56:22.750 INFO:teuthology.orchestra.run.smithi084.stderr:/usr/bin/ceph:
2023-07-05T21:56:22.740+0000 7fea22d9d700 1 --2- >> [v2:172.21.15.84:3300/0,v1:172.21.15.84:6789/0] conn(0x7fea240fb5a0 0x7fea2410dbb0 unknown :-1 s=BANNER_CONNECTING pgs=0 cs=0 l=1 rev1=0 rx=0 tx=0)._handle_peer_banner_payload supported=1 required=0
2023-07-05T21:56:22.750 INFO:teuthology.orchestra.run.smithi084.stderr:/usr/bin/ceph:
2023-07-05T21:56:22.740+0000 7fea22d9d700 1 --2- >> [v2:172.21.15.84:3300/0,v1:172.21.15.84:6789/0] conn(0x7fea240fb5a0 0x7fea2410dbb0 unknown :-1 s=HELLO_CONNECTING pgs=0 cs=0 l=1 rev1=1 rx=0 tx=0).handle_hello peer v2:172.21.15.84:3300/0 says I am v2:172.21.15.84:42340/0 (socket says 172.21.15.84:42340)
2023-07-05T21:56:22.751 INFO:teuthology.orchestra.run.smithi084.stderr:/usr/bin/ceph:
2023-07-05T21:56:22.740+0000 7fea22d9d700 1 -- 172.21.15.84:0/3216222619 learned_addr learned my addr 172.21.15.84:0/3216222619 (peer_addr_for_me v2:172.21.15.84:0/0)
2023-07-05T21:56:22.751 INFO:teuthology.orchestra.run.smithi084.stderr:/usr/bin/ceph:
2023-07-05T21:56:22.740+0000 7fea22d9d700 1 -- 172.21.15.84:0/3216222619 --> [v2:172.21.15.84:3300/0,v1:172.21.15.84:6789/0] -- mon_subscribe({config=0+,monmap=0+}) v3 -- 0x7fea14009370 con 0x7fea240fb5a0
2023-07-05T21:56:22.751 INFO:teuthology.orchestra.run.smithi084.stderr:/usr/bin/ceph:
2023-07-05T21:56:22.740+0000 7fea22d9d700 1 --2- 172.21.15.84:0/3216222619 >> [v2:172.21.15.84:3300/0,v1:172.21.15.84:6789/0] conn(0x7fea240fb5a0 0x7fea2410dbb0 secure :-1 s=READY pgs=62 cs=0 l=1 rev1=1 rx=0x7fea14006b80 tx=0x7fea140090f0).ready entity=mon.0 client_cookie=0 server_cookie=0 in_seq=0 out_seq=0
2023-07-05T21:56:22.754 INFO:teuthology.orchestra.run.smithi084.stderr:/usr/bin/ceph:
2023-07-05T21:56:22.741+0000 7fea0b7fe700 1 -- 172.21.15.84:0/3216222619 <== mon.0 v2:172.21.15.84:3300/0 1 ==== mon_map magic: 0 v1 ==== 229+0+0 (secure 0 0 0) 0x7fea1401a640 con 0x7fea240fb5a0
2023-07-05T21:56:22.754 INFO:teuthology.orchestra.run.smithi084.stderr:/usr/bin/ceph:
2023-07-05T21:56:22.741+0000 7fea291f1700 1 -- 172.21.15.84:0/3216222619 --> [v2:172.21.15.84:3300/0,v1:172.21.15.84:6789/0] -- mon_subscribe({mgrmap=0+}) v3 -- 0x7fea2410e2a0 con 0x7fea240fb5a0
2023-07-05T21:56:22.754 INFO:teuthology.orchestra.run.smithi084.stderr:/usr/bin/ceph:
2023-07-05T21:56:22.741+0000 7fea0b7fe700 1 -- 172.21.15.84:0/3216222619 <== mon.0 v2:172.21.15.84:3300/0 2 ==== config(25 keys) v1 ==== 1046+0+0 (secure 0 0 0) 0x7fea1401ac30 con 0x7fea240fb5a0
2023-07-05T21:56:22.755 INFO:teuthology.orchestra.run.smithi084.stderr:/usr/bin/ceph:
2023-07-05T21:56:22.741+0000 7fea0b7fe700 1 -- 172.21.15.84:0/3216222619 <== mon.0 v2:172.21.15.84:3300/0 3 ==== mon_map magic: 0 v1 ==== 229+0+0 (secure 0 0 0) 0x7fea14023c80 con 0x7fea240fb5a0
2023-07-05T21:56:22.755 INFO:teuthology.orchestra.run.smithi084.stderr:/usr/bin/ceph:
2023-07-05T21:56:22.741+0000 7fea291f1700 1 -- 172.21.15.84:0/3216222619 --> [v2:172.21.15.84:3300/0,v1:172.21.15.84:6789/0] -- mon_subscribe({osdmap=0}) v3 -- 0x7fea2410e730 con 0x7fea240fb5a0
2023-07-05T21:56:22.755 INFO:teuthology.orchestra.run.smithi084.stderr:/usr/bin/ceph:
2023-07-05T21:56:22.742+0000 7fea291f1700 1 -- 172.21.15.84:0/3216222619 --> [v2:172.21.15.84:3300/0,v1:172.21.15.84:6789/0] -- mon_command({"prefix": "get_command_descriptions"} v 0) v1 -- 0x7fea24059f30 con 0x7fea240fb5a0
2023-07-05T21:56:22.756 INFO:teuthology.orchestra.run.smithi084.stderr:/usr/bin/ceph:
2023-07-05T21:56:22.742+0000 7fea0b7fe700 1 -- 172.21.15.84:0/3216222619 <== mon.0 v2:172.21.15.84:3300/0 4 ==== mgrmap(e 8) v1 ==== 38515+0+0 (secure 0 0 0) 0x7fea1400f070 con 0x7fea240fb5a0
2023-07-05T21:56:22.756 INFO:teuthology.orchestra.run.smithi084.stderr:/usr/bin/ceph:
2023-07-05T21:56:22.742+0000 7fea0b7fe700 1 --2- 172.21.15.84:0/3216222619 >> [v2:172.21.15.84:6800/1344953354,v1:172.21.15.84:6801/1344953354] conn(0x7fea0c0323e0 0x7fea0c0348a0 unknown :-1 s=NONE pgs=0 cs=0 l=1 rev1=0 rx=0 tx=0).connect
2023-07-05T21:56:22.756 INFO:teuthology.orchestra.run.smithi084.stderr:/usr/bin/ceph:
2023-07-05T21:56:22.742+0000 7fea0b7fe700 1 -- 172.21.15.84:0/3216222619 <== mon.0 v2:172.21.15.84:3300/0 5 ==== osd_map(2..2 src has 1..2) v4 ==== 893+0+0 (secure 0 0 0) 0x7fea14044480 con 0x7fea240fb5a0
2023-07-05T21:56:22.757 INFO:teuthology.orchestra.run.smithi084.stderr:/usr/bin/ceph:
2023-07-05T21:56:22.742+0000 7fea2259c700 1 --2- 172.21.15.84:0/3216222619 >> [v2:172.21.15.84:6800/1344953354,v1:172.21.15.84:6801/1344953354] conn(0x7fea0c0323e0 0x7fea0c0348a0 unknown :-1 s=BANNER_CONNECTING pgs=0 cs=0 l=1 rev1=0 rx=0 tx=0)._handle_peer_banner_payload supported=1 required=0
2023-07-05T21:56:22.757 INFO:teuthology.orchestra.run.smithi084.stderr:/usr/bin/ceph:
2023-07-05T21:56:22.743+0000 7fea2259c700 1 --2- 172.21.15.84:0/3216222619 >> [v2:172.21.15.84:6800/1344953354,v1:172.21.15.84:6801/1344953354] conn(0x7fea0c0323e0 0x7fea0c0348a0 secure :-1 s=READY pgs=20 cs=0 l=1 rev1=1 rx=0x7fea18009780 tx=0x7fea18006cc0).ready entity=mgr.14118 client_cookie=0 server_cookie=0 in_seq=0 out_seq=0
2023-07-05T21:56:22.757 INFO:teuthology.orchestra.run.smithi084.stderr:/usr/bin/ceph:
2023-07-05T21:56:22.747+0000 7fea0b7fe700 1 -- 172.21.15.84:0/3216222619 <== mon.0 v2:172.21.15.84:3300/0 6 ==== mon_command_ack([{"prefix": "get_command_descriptions"}]=0 v0) v1 ==== 72+0+163129 (secure 0 0 0) 0x7fea14019570 con 0x7fea240fb5a0
2023-07-05T21:56:22.962 INFO:teuthology.orchestra.run.smithi084.stderr:/usr/bin/ceph:
2023-07-05T21:56:22.960+0000 7fea291f1700 1 -- 172.21.15.84:0/3216222619 --> [v2:172.21.15.84:3300/0,v1:172.21.15.84:6789/0] -- mon_command({"prefix": "mgr module enable", "module": "dashboard"} v 0) v1 -- 0x7fea240fc9e0 con 0x7fea240fb5a0
2023-07-05T21:56:23.069 INFO:teuthology.orchestra.run.smithi084.stderr:/usr/bin/ceph:
2023-07-05T21:56:23.066+0000 7fea0b7fe700 1 -- 172.21.15.84:0/3216222619 <== mon.0 v2:172.21.15.84:3300/0 7 ==== mgrmap(e 9) v1 ==== 38528+0+0 (secure 0 0 0) 0x7fea140234a0 con 0x7fea240fb5a0
2023-07-05T21:56:23.071 INFO:teuthology.orchestra.run.smithi084.stderr:/usr/bin/ceph:
2023-07-05T21:56:23.068+0000 7fea0b7fe700 1 -- 172.21.15.84:0/3216222619 <== mon.0 v2:172.21.15.84:3300/0 8 ==== mon_command_ack([{"prefix": "mgr module enable", "module": "dashboard"}]=0 v9) v1 ==== 88+0+0 (secure 0 0 0) 0x7fea1402b9a0 con 0x7fea240fb5a0
2023-07-05T21:56:23.073 INFO:teuthology.orchestra.run.smithi084.stderr:/usr/bin/ceph:
2023-07-05T21:56:23.071+0000 7fea291f1700 1 -- 172.21.15.84:0/3216222619 >> [v2:172.21.15.84:6800/1344953354,v1:172.21.15.84:6801/1344953354] conn(0x7fea0c0323e0 msgr2=0x7fea0c0348a0 secure :-1 s=STATE_CONNECTION_ESTABLISHED l=1).mark_down
2023-07-05T21:56:23.074 INFO:teuthology.orchestra.run.smithi084.stderr:/usr/bin/ceph:
2023-07-05T21:56:23.071+0000 7fea291f1700 1 --2- 172.21.15.84:0/3216222619 >> [v2:172.21.15.84:6800/1344953354,v1:172.21.15.84:6801/1344953354] conn(0x7fea0c0323e0 0x7fea0c0348a0 secure :-1 s=READY pgs=20 cs=0 l=1 rev1=1 rx=0x7fea18009780 tx=0x7fea18006cc0).stop
2023-07-05T21:56:23.074 INFO:teuthology.orchestra.run.smithi084.stderr:/usr/bin/ceph:
2023-07-05T21:56:23.071+0000 7fea291f1700 1 -- 172.21.15.84:0/3216222619 >> [v2:172.21.15.84:3300/0,v1:172.21.15.84:6789/0] conn(0x7fea240fb5a0 msgr2=0x7fea2410dbb0 secure :-1 s=STATE_CONNECTION_ESTABLISHED l=1).mark_down
2023-07-05T21:56:23.074 INFO:teuthology.orchestra.run.smithi084.stderr:/usr/bin/ceph:
2023-07-05T21:56:23.071+0000 7fea291f1700 1 --2- 172.21.15.84:0/3216222619 >> [v2:172.21.15.84:3300/0,v1:172.21.15.84:6789/0] conn(0x7fea240fb5a0 0x7fea2410dbb0 secure :-1 s=READY pgs=62 cs=0 l=1 rev1=1 rx=0x7fea14006b80 tx=0x7fea140090f0).stop
2023-07-05T21:56:23.074 INFO:teuthology.orchestra.run.smithi084.stderr:/usr/bin/ceph:
2023-07-05T21:56:23.071+0000 7fea291f1700 1 -- 172.21.15.84:0/3216222619 shutdown_connections
2023-07-05T21:56:23.075 INFO:teuthology.orchestra.run.smithi084.stderr:/usr/bin/ceph:
2023-07-05T21:56:23.071+0000 7fea291f1700 1 --2- 172.21.15.84:0/3216222619 >> [v2:172.21.15.84:6800/1344953354,v1:172.21.15.84:6801/1344953354] conn(0x7fea0c0323e0 0x7fea0c0348a0 unknown :-1 s=CLOSED pgs=20 cs=0 l=1 rev1=1 rx=0 tx=0).stop
2023-07-05T21:56:23.075 INFO:teuthology.orchestra.run.smithi084.stderr:/usr/bin/ceph:
2023-07-05T21:56:23.071+0000 7fea291f1700 1 --2- 172.21.15.84:0/3216222619 >> [v2:172.21.15.84:3300/0,v1:172.21.15.84:6789/0] conn(0x7fea240fb5a0 0x7fea2410dbb0 unknown :-1 s=CLOSED pgs=62 cs=0 l=1 rev1=1 rx=0 tx=0).stop
2023-07-05T21:56:23.075 INFO:teuthology.orchestra.run.smithi084.stderr:/usr/bin/ceph:
2023-07-05T21:56:23.071+0000 7fea291f1700 1 -- 172.21.15.84:0/3216222619 >> 172.21.15.84:0/3216222619 conn(0x7fea240f7260 msgr2=0x7fea24102460 unknown :-1 s=STATE_NONE l=0).mark_down
2023-07-05T21:56:23.076 INFO:teuthology.orchestra.run.smithi084.stderr:/usr/bin/ceph:
2023-07-05T21:56:23.071+0000 7fea291f1700 1 -- 172.21.15.84:0/3216222619 shutdown_connections
2023-07-05T21:56:23.076 INFO:teuthology.orchestra.run.smithi084.stderr:/usr/bin/ceph:
2023-07-05T21:56:23.071+0000 7fea291f1700 1 -- 172.21.15.84:0/3216222619 wait complete.
2023-07-05T21:56:23.328 INFO:journalctl@ceph.mon.smithi084.smithi084.stdout:Jul 05 21:56:23 smithi084 ceph-96321d18-1b7e-11ee-9b2f-001a4aab830c-mon-smithi084[132843]: audit
2023-07-05T21:56:22.961745+0000 mon.smithi084 (mon.0) 68 : audit [INF] from='client.? 172.21.15.84:0/3216222619' entity='client.admin' cmd=[{"prefix": "mgr module enable", "module": "dashboard"}]: dispatch
2023-07-05T21:56:23.873 INFO:teuthology.orchestra.run.smithi084.stderr:/usr/bin/ceph:
2023-07-05T21:56:23.870+0000 7f24d0dcb700 1 Processor -- start
2023-07-05T21:56:23.873 INFO:teuthology.orchestra.run.smithi084.stderr:/usr/bin/ceph:
2023-07-05T21:56:23.870+0000 7f24d0dcb700 1 -- start start
2023-07-05T21:56:23.874 INFO:teuthology.orchestra.run.smithi084.stderr:/usr/bin/ceph:
2023-07-05T21:56:23.870+0000 7f24d0dcb700 1 --2- >> [v2:172.21.15.84:3300/0,v1:172.21.15.84:6789/0] conn(0x7f24cc0fe420 0x7f24cc0fe840 unknown :-1 s=NONE pgs=0 cs=0 l=0 rev1=0 rx=0 tx=0).connect
2023-07-05T21:56:23.874 INFO:teuthology.orchestra.run.smithi084.stderr:/usr/bin/ceph:
2023-07-05T21:56:23.870+0000 7f24d0dcb700 1 -- --> [v2:172.21.15.84:3300/0,v1:172.21.15.84:6789/0] -- mon_getmap magic: 0 v1 -- 0x7f24cc0fed30 con 0x7f24cc0fe420
2023-07-05T21:56:23.874 INFO:teuthology.orchestra.run.smithi084.stderr:/usr/bin/ceph:
2023-07-05T21:56:23.871+0000 7f24ca59c700 1 --2- >> [v2:172.21.15.84:3300/0,v1:172.21.15.84:6789/0] conn(0x7f24cc0fe420 0x7f24cc0fe840 unknown :-1 s=BANNER_CONNECTING pgs=0 cs=0 l=0 rev1=0 rx=0 tx=0)._handle_peer_banner_payload supported=1 required=0
2023-07-05T21:56:23.874 INFO:teuthology.orchestra.run.smithi084.stderr:/usr/bin/ceph:
2023-07-05T21:56:23.871+0000 7f24ca59c700 1 --2- >> [v2:172.21.15.84:3300/0,v1:172.21.15.84:6789/0] conn(0x7f24cc0fe420 0x7f24cc0fe840 unknown :-1 s=HELLO_CONNECTING pgs=0 cs=0 l=0 rev1=1 rx=0 tx=0).handle_hello peer v2:172.21.15.84:3300/0 says I am v2:172.21.15.84:42368/0 (socket says 172.21.15.84:42368)
2023-07-05T21:56:23.875 INFO:teuthology.orchestra.run.smithi084.stderr:/usr/bin/ceph:
2023-07-05T21:56:23.871+0000 7f24ca59c700 1 -- 172.21.15.84:0/4241541009 learned_addr learned my addr 172.21.15.84:0/4241541009 (peer_addr_for_me v2:172.21.15.84:0/0)
2023-07-05T21:56:23.875 INFO:teuthology.orchestra.run.smithi084.stderr:/usr/bin/ceph:
2023-07-05T21:56:23.871+0000 7f24ca59c700 1 -- 172.21.15.84:0/4241541009 --> [v2:172.21.15.84:3300/0,v1:172.21.15.84:6789/0] -- mon_subscribe({config=0+,monmap=0+}) v3 -- 0x7f24cc0fee70 con 0x7f24cc0fe420
2023-07-05T21:56:23.876 INFO:teuthology.orchestra.run.smithi084.stderr:/usr/bin/ceph:
2023-07-05T21:56:23.871+0000 7f24ca59c700 1 --2- 172.21.15.84:0/4241541009 >> [v2:172.21.15.84:3300/0,v1:172.21.15.84:6789/0] conn(0x7f24cc0fe420 0x7f24cc0fe840 secure :-1 s=READY pgs=65 cs=0 l=1 rev1=1 rx=0x7f24bc009730 tx=0x7f24bc0090f0).ready entity=mon.0 client_cookie=a81aae34beddf24c server_cookie=0 in_seq=0 out_seq=0
2023-07-05T21:56:23.876 INFO:teuthology.orchestra.run.smithi084.stderr:/usr/bin/ceph:
2023-07-05T21:56:23.872+0000 7f24c959a700 1 -- 172.21.15.84:0/4241541009 <== mon.0 v2:172.21.15.84:3300/0 1 ==== mon_map magic: 0 v1 ==== 229+0+0 (secure 0 0 0) 0x7f24bc00b6e0 con 0x7f24cc0fe420
2023-07-05T21:56:23.876 INFO:teuthology.orchestra.run.smithi084.stderr:/usr/bin/ceph:
2023-07-05T21:56:23.872+0000 7f24c959a700 1 -- 172.21.15.84:0/4241541009 <== mon.0 v2:172.21.15.84:3300/0 2 ==== config(25 keys) v1 ==== 1046+0+0 (secure 0 0 0) 0x7f24bc00bcd0 con 0x7f24cc0fe420
2023-07-05T21:56:23.876 INFO:teuthology.orchestra.run.smithi084.stderr:/usr/bin/ceph:
2023-07-05T21:56:23.872+0000 7f24c959a700 1 -- 172.21.15.84:0/4241541009 <== mon.0 v2:172.21.15.84:3300/0 3 ==== mon_map magic: 0 v1 ==== 229+0+0 (secure 0 0 0) 0x7f24bc011cb0 con 0x7f24cc0fe420
2023-07-05T21:56:23.876 INFO:teuthology.orchestra.run.smithi084.stderr:/usr/bin/ceph:
2023-07-05T21:56:23.872+0000 7f24d0dcb700 1 -- 172.21.15.84:0/4241541009 >> [v2:172.21.15.84:3300/0,v1:172.21.15.84:6789/0] conn(0x7f24cc0fe420 msgr2=0x7f24cc0fe840 secure :-1 s=STATE_CONNECTION_ESTABLISHED l=1).mark_down
2023-07-05T21:56:23.876 INFO:teuthology.orchestra.run.smithi084.stderr:/usr/bin/ceph:
2023-07-05T21:56:23.872+0000 7f24d0dcb700 1 --2- 172.21.15.84:0/4241541009 >> [v2:172.21.15.84:3300/0,v1:172.21.15.84:6789/0] conn(0x7f24cc0fe420 0x7f24cc0fe840 secure :-1 s=READY pgs=65 cs=0 l=1 rev1=1 rx=0x7f24bc009730 tx=0x7f24bc0090f0).stop
2023-07-05T21:56:23.876 INFO:teuthology.orchestra.run.smithi084.stderr:/usr/bin/ceph:
2023-07-05T21:56:23.873+0000 7f24d0dcb700 1 -- 172.21.15.84:0/4241541009 shutdown_connections
2023-07-05T21:56:23.877 INFO:teuthology.orchestra.run.smithi084.stderr:/usr/bin/ceph:
2023-07-05T21:56:23.873+0000 7f24d0dcb700 1 --2- 172.21.15.84:0/4241541009 >> [v2:172.21.15.84:3300/0,v1:172.21.15.84:6789/0] conn(0x7f24cc0fe420 0x7f24cc0fe840 unknown :-1 s=CLOSED pgs=65 cs=0 l=1 rev1=1 rx=0 tx=0).stop
2023-07-05T21:56:23.877 INFO:teuthology.orchestra.run.smithi084.stderr:/usr/bin/ceph:
2023-07-05T21:56:23.873+0000 7f24d0dcb700 1 -- 172.21.15.84:0/4241541009 >> 172.21.15.84:0/4241541009 conn(0x7f24cc0f85a0 msgr2=0x7f24cc0fa9c0 unknown :-1 s=STATE_NONE l=0).mark_down
2023-07-05T21:56:23.877 INFO:teuthology.orchestra.run.smithi084.stderr:/usr/bin/ceph:
2023-07-05T21:56:23.873+0000 7f24d0dcb700 1 -- 172.21.15.84:0/4241541009 shutdown_connections
2023-07-05T21:56:23.877 INFO:teuthology.orchestra.run.smithi084.stderr:/usr/bin/ceph:
2023-07-05T21:56:23.873+0000 7f24d0dcb700 1 -- 172.21.15.84:0/4241541009 wait complete.
2023-07-05T21:56:23.878 INFO:teuthology.orchestra.run.smithi084.stderr:/usr/bin/ceph:
2023-07-05T21:56:23.874+0000 7f24d0dcb700 1 Processor -- start
2023-07-05T21:56:23.878 INFO:teuthology.orchestra.run.smithi084.stderr:/usr/bin/ceph:
2023-07-05T21:56:23.874+0000 7f24d0dcb700 1 -- start start
2023-07-05T21:56:23.878 INFO:teuthology.orchestra.run.smithi084.stderr:/usr/bin/ceph:
2023-07-05T21:56:23.875+0000 7f24d0dcb700 1 --2- >> [v2:172.21.15.84:3300/0,v1:172.21.15.84:6789/0] conn(0x7f24cc0fe420 0x7f24cc072bb0 unknown :-1 s=NONE pgs=0 cs=0 l=1 rev1=0 rx=0 tx=0).connect
2023-07-05T21:56:23.878 INFO:teuthology.orchestra.run.smithi084.stderr:/usr/bin/ceph:
2023-07-05T21:56:23.875+0000 7f24d0dcb700 1 -- --> [v2:172.21.15.84:3300/0,v1:172.21.15.84:6789/0] -- mon_getmap magic: 0 v1 -- 0x7f24cc0730a0 con 0x7f24cc0fe420
2023-07-05T21:56:23.879 INFO:teuthology.orchestra.run.smithi084.stderr:/usr/bin/ceph:
2023-07-05T21:56:23.875+0000 7f24ca59c700 1 --2- >> [v2:172.21.15.84:3300/0,v1:172.21.15.84:6789/0] conn(0x7f24cc0fe420 0x7f24cc072bb0 unknown :-1 s=BANNER_CONNECTING pgs=0 cs=0 l=1 rev1=0 rx=0 tx=0)._handle_peer_banner_payload supported=1 required=0
2023-07-05T21:56:23.879 INFO:teuthology.orchestra.run.smithi084.stderr:/usr/bin/ceph:
2023-07-05T21:56:23.875+0000 7f24ca59c700 1 --2- >> [v2:172.21.15.84:3300/0,v1:172.21.15.84:6789/0] conn(0x7f24cc0fe420 0x7f24cc072bb0 unknown :-1 s=HELLO_CONNECTING pgs=0 cs=0 l=1 rev1=1 rx=0 tx=0).handle_hello peer v2:172.21.15.84:3300/0 says I am v2:172.21.15.84:42370/0 (socket says 172.21.15.84:42370)
2023-07-05T21:56:23.879 INFO:teuthology.orchestra.run.smithi084.stderr:/usr/bin/ceph:
2023-07-05T21:56:23.875+0000 7f24ca59c700 1 -- 172.21.15.84:0/734757110 learned_addr learned my addr 172.21.15.84:0/734757110 (peer_addr_for_me v2:172.21.15.84:0/0)
2023-07-05T21:56:23.879 INFO:teuthology.orchestra.run.smithi084.stderr:/usr/bin/ceph:
2023-07-05T21:56:23.875+0000 7f24ca59c700 1 -- 172.21.15.84:0/734757110 --> [v2:172.21.15.84:3300/0,v1:172.21.15.84:6789/0] -- mon_subscribe({config=0+,monmap=0+}) v3 -- 0x7f24bc009370 con 0x7f24cc0fe420
2023-07-05T21:56:23.879 INFO:teuthology.orchestra.run.smithi084.stderr:/usr/bin/ceph:
2023-07-05T21:56:23.875+0000 7f24ca59c700 1 --2- 172.21.15.84:0/734757110 >> [v2:172.21.15.84:3300/0,v1:172.21.15.84:6789/0] conn(0x7f24cc0fe420 0x7f24cc072bb0 secure :-1 s=READY pgs=66 cs=0 l=1 rev1=1 rx=0x7f24bc006e30 tx=0x7f24bc0090f0).ready entity=mon.0 client_cookie=0 server_cookie=0 in_seq=0 out_seq=0
2023-07-05T21:56:23.879 INFO:teuthology.orchestra.run.smithi084.stderr:/usr/bin/ceph:
2023-07-05T21:56:23.876+0000 7f24baffd700 1 -- 172.21.15.84:0/734757110 <== mon.0 v2:172.21.15.84:3300/0 1 ==== mon_map magic: 0 v1 ==== 229+0+0 (secure 0 0 0) 0x7f24bc01a590 con 0x7f24cc0fe420
2023-07-05T21:56:23.880 INFO:teuthology.orchestra.run.smithi084.stderr:/usr/bin/ceph:
2023-07-05T21:56:23.876+0000 7f24baffd700 1 -- 172.21.15.84:0/734757110 <== mon.0 v2:172.21.15.84:3300/0 2 ==== config(25 keys) v1 ==== 1046+0+0 (secure 0 0 0) 0x7f24bc01ab80 con 0x7f24cc0fe420
2023-07-05T21:56:23.880 INFO:teuthology.orchestra.run.smithi084.stderr:/usr/bin/ceph:
2023-07-05T21:56:23.876+0000 7f24baffd700 1 -- 172.21.15.84:0/734757110 <== mon.0 v2:172.21.15.84:3300/0 3 ==== mon_map magic: 0 v1 ==== 229+0+0 (secure 0 0 0) 0x7f24bc022b30 con 0x7f24cc0fe420
2023-07-05T21:56:23.880 INFO:teuthology.orchestra.run.smithi084.stderr:/usr/bin/ceph:
2023-07-05T21:56:23.876+0000 7f24d0dcb700 1 -- 172.21.15.84:0/734757110 --> [v2:172.21.15.84:3300/0,v1:172.21.15.84:6789/0] -- mon_subscribe({mgrmap=0+}) v3 -- 0x7f24cc071210 con 0x7f24cc0fe420
2023-07-05T21:56:23.880 INFO:teuthology.orchestra.run.smithi084.stderr:/usr/bin/ceph:
2023-07-05T21:56:23.876+0000 7f24d0dcb700 1 -- 172.21.15.84:0/734757110 --> [v2:172.21.15.84:3300/0,v1:172.21.15.84:6789/0] -- mon_subscribe({osdmap=0}) v3 -- 0x7f24cc0716a0 con 0x7f24cc0fe420
2023-07-05T21:56:23.880 INFO:teuthology.orchestra.run.smithi084.stderr:/usr/bin/ceph:
2023-07-05T21:56:23.877+0000 7f24d0dcb700 1 -- 172.21.15.84:0/734757110 --> [v2:172.21.15.84:3300/0,v1:172.21.15.84:6789/0] -- mon_command({"prefix": "get_command_descriptions"} v 0) v1 -- 0x7f24cc047760 con 0x7f24cc0fe420
2023-07-05T21:56:23.881 INFO:teuthology.orchestra.run.smithi084.stderr:/usr/bin/ceph:
2023-07-05T21:56:23.877+0000 7f24baffd700 1 -- 172.21.15.84:0/734757110 <== mon.0 v2:172.21.15.84:3300/0 4 ==== mgrmap(e 9) v1 ==== 38528+0+0 (secure 0 0 0) 0x7f24bc02a070 con 0x7f24cc0fe420
2023-07-05T21:56:23.881 INFO:teuthology.orchestra.run.smithi084.stderr:/usr/bin/ceph:
2023-07-05T21:56:23.878+0000 7f24baffd700 1 --2- 172.21.15.84:0/734757110 >> [v2:172.21.15.84:6800/1344953354,v1:172.21.15.84:6801/1344953354] conn(0x7f24b40324d0 0x7f24b4034990 unknown :-1 s=NONE pgs=0 cs=0 l=1 rev1=0 rx=0 tx=0).connect
2023-07-05T21:56:23.881 INFO:teuthology.orchestra.run.smithi084.stderr:/usr/bin/ceph:
2023-07-05T21:56:23.878+0000 7f24baffd700 1 -- 172.21.15.84:0/734757110 <== mon.0 v2:172.21.15.84:3300/0 5 ==== osd_map(2..2 src has 1..2) v4 ==== 893+0+0 (secure 0 0 0) 0x7f24bc0444c0 con 0x7f24cc0fe420
2023-07-05T21:56:23.881 INFO:teuthology.orchestra.run.smithi084.stderr:/usr/bin/ceph:
2023-07-05T21:56:23.878+0000 7f24c9d9b700 1 -- 172.21.15.84:0/734757110 >> [v2:172.21.15.84:6800/1344953354,v1:172.21.15.84:6801/1344953354] conn(0x7f24b40324d0 msgr2=0x7f24b4034990 unknown :-1 s=STATE_CONNECTING_RE l=1).process reconnect failed to v2:172.21.15.84:6800/1344953354
2023-07-05T21:56:23.882 INFO:teuthology.orchestra.run.smithi084.stderr:/usr/bin/ceph:
2023-07-05T21:56:23.878+0000 7f24c9d9b700 1 --2- 172.21.15.84:0/734757110 >> [v2:172.21.15.84:6800/1344953354,v1:172.21.15.84:6801/1344953354] conn(0x7f24b40324d0 0x7f24b4034990 unknown :-1 s=START_CONNECT pgs=0 cs=0 l=1 rev1=0 rx=0 tx=0)._fault waiting 0.200000
2023-07-05T21:56:23.885 INFO:teuthology.orchestra.run.smithi084.stderr:/usr/bin/ceph:
2023-07-05T21:56:23.883+0000 7f24baffd700 1 -- 172.21.15.84:0/734757110 <== mon.0 v2:172.21.15.84:3300/0 6 ==== mon_command_ack([{"prefix": "get_command_descriptions"}]=0 v0) v1 ==== 72+0+163129 (secure 0 0 0) 0x7f24bc019b80 con 0x7f24cc0fe420
2023-07-05T21:56:24.081 INFO:teuthology.orchestra.run.smithi084.stderr:/usr/bin/ceph:
2023-07-05T21:56:24.079+0000 7f24c9d9b700 1 -- 172.21.15.84:0/734757110 >> [v2:172.21.15.84:6800/1344953354,v1:172.21.15.84:6801/1344953354] conn(0x7f24b40324d0 msgr2=0x7f24b4034990 unknown :-1 s=STATE_CONNECTING_RE l=1).process reconnect failed to v2:172.21.15.84:6800/1344953354
2023-07-05T21:56:24.082 INFO:teuthology.orchestra.run.smithi084.stderr:/usr/bin/ceph:
2023-07-05T21:56:24.079+0000 7f24c9d9b700 1 --2- 172.21.15.84:0/734757110 >> [v2:172.21.15.84:6800/1344953354,v1:172.21.15.84:6801/1344953354] conn(0x7f24b40324d0 0x7f24b4034990 unknown :-1 s=START_CONNECT pgs=0 cs=0 l=1 rev1=0 rx=0 tx=0)._fault waiting 0.400000
2023-07-05T21:56:24.106 INFO:teuthology.orchestra.run.smithi084.stderr:/usr/bin/ceph:
2023-07-05T21:56:24.103+0000 7f24d0dcb700 1 -- 172.21.15.84:0/734757110 --> [v2:172.21.15.84:3300/0,v1:172.21.15.84:6789/0] -- mon_command({"prefix": "mgr stat"} v 0) v1 -- 0x7f24cc105a30 con 0x7f24cc0fe420
2023-07-05T21:56:24.106 INFO:teuthology.orchestra.run.smithi084.stderr:/usr/bin/ceph:
2023-07-05T21:56:24.104+0000 7f24baffd700 1 -- 172.21.15.84:0/734757110 <== mon.0 v2:172.21.15.84:3300/0 7 ==== mon_command_ack([{"prefix": "mgr stat"}]=0 v9) v1 ==== 56+0+103 (secure 0 0 0) 0x7f24bc01e020 con 0x7f24cc0fe420
2023-07-05T21:56:24.107 INFO:teuthology.orchestra.run.smithi084.stderr:/usr/bin/ceph: {
2023-07-05T21:56:24.107 INFO:teuthology.orchestra.run.smithi084.stderr:/usr/bin/ceph: "epoch": 9,
2023-07-05T21:56:24.107 INFO:teuthology.orchestra.run.smithi084.stderr:/usr/bin/ceph: "available": true,
2023-07-05T21:56:24.107 INFO:teuthology.orchestra.run.smithi084.stderr:/usr/bin/ceph: "active_name": "smithi084.ltvpif",
2023-07-05T21:56:24.107 INFO:teuthology.orchestra.run.smithi084.stderr:/usr/bin/ceph: "num_standby": 0
2023-07-05T21:56:24.107 INFO:teuthology.orchestra.run.smithi084.stderr:/usr/bin/ceph: }
2023-07-05T21:56:24.108 INFO:teuthology.orchestra.run.smithi084.stderr:/usr/bin/ceph:
2023-07-05T21:56:24.106+0000 7f24d0dcb700 1 -- 172.21.15.84:0/734757110 >> [v2:172.21.15.84:6800/1344953354,v1:172.21.15.84:6801/1344953354] conn(0x7f24b40324d0 msgr2=0x7f24b4034990 unknown :-1 s=STATE_CONNECTING l=1).mark_down
2023-07-05T21:56:24.108 INFO:teuthology.orchestra.run.smithi084.stderr:/usr/bin/ceph:
2023-07-05T21:56:24.106+0000 7f24d0dcb700 1 --2- 172.21.15.84:0/734757110 >> [v2:172.21.15.84:6800/1344953354,v1:172.21.15.84:6801/1344953354] conn(0x7f24b40324d0 0x7f24b4034990 unknown :-1 s=START_CONNECT pgs=0 cs=0 l=1 rev1=0 rx=0 tx=0).stop
2023-07-05T21:56:24.109 INFO:teuthology.orchestra.run.smithi084.stderr:/usr/bin/ceph:
2023-07-05T21:56:24.106+0000 7f24d0dcb700 1 -- 172.21.15.84:0/734757110 >> [v2:172.21.15.84:3300/0,v1:172.21.15.84:6789/0] conn(0x7f24cc0fe420 msgr2=0x7f24cc072bb0 secure :-1 s=STATE_CONNECTION_ESTABLISHED l=1).mark_down
2023-07-05T21:56:24.109 INFO:teuthology.orchestra.run.smithi084.stderr:/usr/bin/ceph:
2023-07-05T21:56:24.106+0000 7f24d0dcb700 1 --2- 172.21.15.84:0/734757110 >> [v2:172.21.15.84:3300/0,v1:172.21.15.84:6789/0] conn(0x7f24cc0fe420 0x7f24cc072bb0 secure :-1 s=READY pgs=66 cs=0 l=1 rev1=1 rx=0x7f24bc006e30 tx=0x7f24bc0090f0).stop
2023-07-05T21:56:24.109 INFO:teuthology.orchestra.run.smithi084.stderr:/usr/bin/ceph:
2023-07-05T21:56:24.106+0000 7f24d0dcb700 1 -- 172.21.15.84:0/734757110 shutdown_connections
2023-07-05T21:56:24.110 INFO:teuthology.orchestra.run.smithi084.stderr:/usr/bin/ceph:
2023-07-05T21:56:24.106+0000 7f24d0dcb700 1 --2- 172.21.15.84:0/734757110 >> [v2:172.21.15.84:6800/1344953354,v1:172.21.15.84:6801/1344953354] conn(0x7f24b40324d0 0x7f24b4034990 unknown :-1 s=CLOSED pgs=0 cs=0 l=1 rev1=0 rx=0 tx=0).stop
2023-07-05T21:56:24.110 INFO:teuthology.orchestra.run.smithi084.stderr:/usr/bin/ceph:
2023-07-05T21:56:24.106+0000 7f24d0dcb700 1 --2- 172.21.15.84:0/734757110 >> [v2:172.21.15.84:3300/0,v1:172.21.15.84:6789/0] conn(0x7f24cc0fe420 0x7f24cc072bb0 unknown :-1 s=CLOSED pgs=66 cs=0 l=1 rev1=1 rx=0 tx=0).stop
2023-07-05T21:56:24.110 INFO:teuthology.orchestra.run.smithi084.stderr:/usr/bin/ceph:
2023-07-05T21:56:24.106+0000 7f24d0dcb700 1 -- 172.21.15.84:0/734757110 >> 172.21.15.84:0/734757110 conn(0x7f24cc0f85a0 msgr2=0x7f24cc0f9fd0 unknown :-1 s=STATE_NONE l=0).mark_down
2023-07-05T21:56:24.110 INFO:teuthology.orchestra.run.smithi084.stderr:/usr/bin/ceph:
2023-07-05T21:56:24.106+0000 7f24d0dcb700 1 -- 172.21.15.84:0/734757110 shutdown_connections
2023-07-05T21:56:24.110 INFO:teuthology.orchestra.run.smithi084.stderr:/usr/bin/ceph:
2023-07-05T21:56:24.106+0000 7f24d0dcb700 1 -- 172.21.15.84:0/734757110 wait complete.
2023-07-05T21:56:24.207 INFO:journalctl@ceph.mon.smithi084.smithi084.stdout:Jul 05 21:56:24 smithi084 ceph-96321d18-1b7e-11ee-9b2f-001a4aab830c-mon-smithi084[132843]: audit
2023-07-05T21:56:23.069132+0000 mon.smithi084 (mon.0) 69 : audit [INF] from='client.? 172.21.15.84:0/3216222619' entity='client.admin' cmd='[{"prefix": "mgr module enable", "module": "dashboard"}]': finished
2023-07-05T21:56:24.207 INFO:journalctl@ceph.mon.smithi084.smithi084.stdout:Jul 05 21:56:24 smithi084 ceph-96321d18-1b7e-11ee-9b2f-001a4aab830c-mon-smithi084[132843]: cluster
2023-07-05T21:56:23.069198+0000 mon.smithi084 (mon.0) 70 : cluster [DBG] mgrmap e9: smithi084.ltvpif(active, since 17s)
2023-07-05T21:56:24.470 INFO:teuthology.orchestra.run.smithi084.stderr:Waiting for the mgr to restart...
2023-07-05T21:56:24.471 INFO:teuthology.orchestra.run.smithi084.stderr:Waiting for mgr epoch 9...
2023-07-05T21:56:24.946 INFO:teuthology.orchestra.run.smithi084.stderr:/usr/bin/ceph:
2023-07-05T21:56:24.942+0000 7f00b296c700 1 Processor -- start
2023-07-05T21:56:24.947 INFO:teuthology.orchestra.run.smithi084.stderr:/usr/bin/ceph:
2023-07-05T21:56:24.942+0000 7f00b296c700 1 -- start start
2023-07-05T21:56:24.947 INFO:teuthology.orchestra.run.smithi084.stderr:/usr/bin/ceph:
2023-07-05T21:56:24.943+0000 7f00b296c700 1 --2- >> [v2:172.21.15.84:3300/0,v1:172.21.15.84:6789/0] conn(0x7f00ac0fd7b0 0x7f00ac0ffba0 unknown :-1 s=NONE pgs=0 cs=0 l=0 rev1=0 rx=0 tx=0).connect
2023-07-05T21:56:24.947 INFO:teuthology.orchestra.run.smithi084.stderr:/usr/bin/ceph:
2023-07-05T21:56:24.943+0000 7f00b296c700 1 -- --> [v2:172.21.15.84:3300/0,v1:172.21.15.84:6789/0] -- mon_getmap magic: 0 v1 -- 0x7f00ac070d20 con 0x7f00ac0fd7b0
2023-07-05T21:56:24.947 INFO:teuthology.orchestra.run.smithi084.stderr:/usr/bin/ceph:
2023-07-05T21:56:24.943+0000 7f00abfff700 1 --2- >> [v2:172.21.15.84:3300/0,v1:172.21.15.84:6789/0] conn(0x7f00ac0fd7b0 0x7f00ac0ffba0 unknown :-1 s=BANNER_CONNECTING pgs=0 cs=0 l=0 rev1=0 rx=0 tx=0)._handle_peer_banner_payload supported=1 required=0
2023-07-05T21:56:24.947 INFO:teuthology.orchestra.run.smithi084.stderr:/usr/bin/ceph:
2023-07-05T21:56:24.943+0000 7f00abfff700 1 --2- >> [v2:172.21.15.84:3300/0,v1:172.21.15.84:6789/0] conn(0x7f00ac0fd7b0 0x7f00ac0ffba0 unknown :-1 s=HELLO_CONNECTING pgs=0 cs=0 l=0 rev1=1 rx=0 tx=0).handle_hello peer v2:172.21.15.84:3300/0 says I am v2:172.21.15.84:42374/0 (socket says 172.21.15.84:42374)
2023-07-05T21:56:24.947 INFO:teuthology.orchestra.run.smithi084.stderr:/usr/bin/ceph:
2023-07-05T21:56:24.943+0000 7f00abfff700 1 -- 172.21.15.84:0/3924191335 learned_addr learned my addr 172.21.15.84:0/3924191335 (peer_addr_for_me v2:172.21.15.84:0/0)
2023-07-05T21:56:24.948 INFO:teuthology.orchestra.run.smithi084.stderr:/usr/bin/ceph:
2023-07-05T21:56:24.944+0000 7f00abfff700 1 -- 172.21.15.84:0/3924191335 --> [v2:172.21.15.84:3300/0,v1:172.21.15.84:6789/0] -- mon_subscribe({config=0+,monmap=0+}) v3 -- 0x7f00ac070e60 con 0x7f00ac0fd7b0
2023-07-05T21:56:24.948 INFO:teuthology.orchestra.run.smithi084.stderr:/usr/bin/ceph:
2023-07-05T21:56:24.944+0000 7f00abfff700 1 --2- 172.21.15.84:0/3924191335 >> [v2:172.21.15.84:3300/0,v1:172.21.15.84:6789/0] conn(0x7f00ac0fd7b0 0x7f00ac0ffba0 secure :-1 s=READY pgs=67 cs=0 l=1 rev1=1 rx=0x7f009c009730 tx=0x7f009c0090f0).ready entity=mon.0 client_cookie=6db9de58548347e1 server_cookie=0 in_seq=0 out_seq=0
2023-07-05T21:56:24.948 INFO:teuthology.orchestra.run.smithi084.stderr:/usr/bin/ceph:
2023-07-05T21:56:24.944+0000 7f00ab7fe700 1 -- 172.21.15.84:0/3924191335 <== mon.0 v2:172.21.15.84:3300/0 1 ==== mon_map magic: 0 v1 ==== 229+0+0 (secure 0 0 0) 0x7f009c00b6e0 con 0x7f00ac0fd7b0
2023-07-05T21:56:24.948 INFO:teuthology.orchestra.run.smithi084.stderr:/usr/bin/ceph:
2023-07-05T21:56:24.944+0000 7f00ab7fe700 1 -- 172.21.15.84:0/3924191335 <== mon.0 v2:172.21.15.84:3300/0 2 ==== config(25 keys) v1 ==== 1046+0+0 (secure 0 0 0) 0x7f009c00bcd0 con 0x7f00ac0fd7b0
2023-07-05T21:56:24.948 INFO:teuthology.orchestra.run.smithi084.stderr:/usr/bin/ceph:
2023-07-05T21:56:24.944+0000 7f00ab7fe700 1 -- 172.21.15.84:0/3924191335 <== mon.0 v2:172.21.15.84:3300/0 3 ==== mon_map magic: 0 v1 ==== 229+0+0 (secure 0 0 0) 0x7f009c011cb0 con 0x7f00ac0fd7b0
2023-07-05T21:56:24.950 INFO:teuthology.orchestra.run.smithi084.stderr:/usr/bin/ceph:
2023-07-05T21:56:24.945+0000 7f00b296c700 1 -- 172.21.15.84:0/3924191335 >> [v2:172.21.15.84:3300/0,v1:172.21.15.84:6789/0] conn(0x7f00ac0fd7b0 msgr2=0x7f00ac0ffba0 secure :-1 s=STATE_CONNECTION_ESTABLISHED l=1).mark_down
2023-07-05T21:56:24.950 INFO:teuthology.orchestra.run.smithi084.stderr:/usr/bin/ceph:
2023-07-05T21:56:24.945+0000 7f00b296c700 1 --2- 172.21.15.84:0/3924191335 >> [v2:172.21.15.84:3300/0,v1:172.21.15.84:6789/0] conn(0x7f00ac0fd7b0 0x7f00ac0ffba0 secure :-1 s=READY pgs=67 cs=0 l=1 rev1=1 rx=0x7f009c009730 tx=0x7f009c0090f0).stop
2023-07-05T21:56:24.950 INFO:teuthology.orchestra.run.smithi084.stderr:/usr/bin/ceph:
2023-07-05T21:56:24.945+0000 7f00b296c700 1 -- 172.21.15.84:0/3924191335 shutdown_connections
2023-07-05T21:56:24.950 INFO:teuthology.orchestra.run.smithi084.stderr:/usr/bin/ceph:
2023-07-05T21:56:24.945+0000 7f00b296c700 1 --2- 172.21.15.84:0/3924191335 >> [v2:172.21.15.84:3300/0,v1:172.21.15.84:6789/0] conn(0x7f00ac0fd7b0 0x7f00ac0ffba0 unknown :-1 s=CLOSED pgs=67 cs=0 l=1 rev1=1 rx=0 tx=0).stop
2023-07-05T21:56:24.950 INFO:teuthology.orchestra.run.smithi084.stderr:/usr/bin/ceph:
2023-07-05T21:56:24.945+0000 7f00b296c700 1 -- 172.21.15.84:0/3924191335 >> 172.21.15.84:0/3924191335 conn(0x7f00ac0f7260 msgr2=0x7f00ac0f9680 unknown :-1 s=STATE_NONE l=0).mark_down
2023-07-05T21:56:24.950 INFO:teuthology.orchestra.run.smithi084.stderr:/usr/bin/ceph:
2023-07-05T21:56:24.945+0000 7f00b296c700 1 -- 172.21.15.84:0/3924191335 shutdown_connections
2023-07-05T21:56:24.951 INFO:teuthology.orchestra.run.smithi084.stderr:/usr/bin/ceph:
2023-07-05T21:56:24.945+0000 7f00b296c700 1 -- 172.21.15.84:0/3924191335 wait complete.
2023-07-05T21:56:24.951 INFO:teuthology.orchestra.run.smithi084.stderr:/usr/bin/ceph:
2023-07-05T21:56:24.946+0000 7f00b296c700 1 Processor -- start
2023-07-05T21:56:24.951 INFO:teuthology.orchestra.run.smithi084.stderr:/usr/bin/ceph:
2023-07-05T21:56:24.946+0000 7f00b296c700 1 -- start start
2023-07-05T21:56:24.951 INFO:teuthology.orchestra.run.smithi084.stderr:/usr/bin/ceph:
2023-07-05T21:56:24.946+0000 7f00b296c700 1 --2- >> [v2:172.21.15.84:3300/0,v1:172.21.15.84:6789/0] conn(0x7f00ac0fd7b0 0x7f00ac10db40 unknown :-1 s=NONE pgs=0 cs=0 l=1 rev1=0 rx=0 tx=0).connect
2023-07-05T21:56:24.951 INFO:teuthology.orchestra.run.smithi084.stderr:/usr/bin/ceph:
2023-07-05T21:56:24.946+0000 7f00b296c700 1 -- --> [v2:172.21.15.84:3300/0,v1:172.21.15.84:6789/0] -- mon_getmap magic: 0 v1 -- 0x7f00ac10e030 con 0x7f00ac0fd7b0
2023-07-05T21:56:24.951 INFO:teuthology.orchestra.run.smithi084.stderr:/usr/bin/ceph:
2023-07-05T21:56:24.947+0000 7f00abfff700 1 --2- >> [v2:172.21.15.84:3300/0,v1:172.21.15.84:6789/0] conn(0x7f00ac0fd7b0 0x7f00ac10db40 unknown :-1 s=BANNER_CONNECTING pgs=0 cs=0 l=1 rev1=0 rx=0 tx=0)._handle_peer_banner_payload supported=1 required=0
2023-07-05T21:56:24.951 INFO:teuthology.orchestra.run.smithi084.stderr:/usr/bin/ceph:
2023-07-05T21:56:24.947+0000 7f00abfff700 1 --2- >> [v2:172.21.15.84:3300/0,v1:172.21.15.84:6789/0] conn(0x7f00ac0fd7b0 0x7f00ac10db40 unknown :-1 s=HELLO_CONNECTING pgs=0 cs=0 l=1 rev1=1 rx=0 tx=0).handle_hello peer v2:172.21.15.84:3300/0 says I am v2:172.21.15.84:42388/0 (socket says 172.21.15.84:42388)
2023-07-05T21:56:24.952 INFO:teuthology.orchestra.run.smithi084.stderr:/usr/bin/ceph:
2023-07-05T21:56:24.947+0000 7f00abfff700 1 -- 172.21.15.84:0/3066861893 learned_addr learned my addr 172.21.15.84:0/3066861893 (peer_addr_for_me v2:172.21.15.84:0/0)
2023-07-05T21:56:24.952 INFO:teuthology.orchestra.run.smithi084.stderr:/usr/bin/ceph:
2023-07-05T21:56:24.947+0000 7f00abfff700 1 -- 172.21.15.84:0/3066861893 --> [v2:172.21.15.84:3300/0,v1:172.21.15.84:6789/0] -- mon_subscribe({config=0+,monmap=0+}) v3 -- 0x7f009c009370 con 0x7f00ac0fd7b0
2023-07-05T21:56:24.952 INFO:teuthology.orchestra.run.smithi084.stderr:/usr/bin/ceph:
2023-07-05T21:56:24.947+0000 7f00abfff700 1 --2- 172.21.15.84:0/3066861893 >> [v2:172.21.15.84:3300/0,v1:172.21.15.84:6789/0] conn(0x7f00ac0fd7b0 0x7f00ac10db40 secure :-1 s=READY pgs=68 cs=0 l=1 rev1=1 rx=0x7f009c006e30 tx=0x7f009c0090f0).ready entity=mon.0 client_cookie=0 server_cookie=0 in_seq=0 out_seq=0
2023-07-05T21:56:24.952 INFO:teuthology.orchestra.run.smithi084.stderr:/usr/bin/ceph:
2023-07-05T21:56:24.947+0000 7f00a97fa700 1 -- 172.21.15.84:0/3066861893 <== mon.0 v2:172.21.15.84:3300/0 1 ==== mon_map magic: 0 v1 ==== 229+0+0 (secure 0 0 0) 0x7f009c01a590 con 0x7f00ac0fd7b0
2023-07-05T21:56:24.953 INFO:teuthology.orchestra.run.smithi084.stderr:/usr/bin/ceph:
2023-07-05T21:56:24.947+0000 7f00a97fa700 1 -- 172.21.15.84:0/3066861893 <== mon.0 v2:172.21.15.84:3300/0 2 ==== config(25 keys) v1 ==== 1046+0+0 (secure 0 0 0) 0x7f009c01ab80 con 0x7f00ac0fd7b0
2023-07-05T21:56:24.953 INFO:teuthology.orchestra.run.smithi084.stderr:/usr/bin/ceph:
2023-07-05T21:56:24.947+0000 7f00b296c700 1 -- 172.21.15.84:0/3066861893 --> [v2:172.21.15.84:3300/0,v1:172.21.15.84:6789/0] -- mon_subscribe({mgrmap=0+}) v3 -- 0x7f00ac10e230 con 0x7f00ac0fd7b0
2023-07-05T21:56:24.953 INFO:teuthology.orchestra.run.smithi084.stderr:/usr/bin/ceph:
2023-07-05T21:56:24.947+0000 7f00a97fa700 1 -- 172.21.15.84:0/3066861893 <== mon.0 v2:172.21.15.84:3300/0 3 ==== mon_map magic: 0 v1 ==== 229+0+0 (secure 0 0 0) 0x7f009c022b30 con 0x7f00ac0fd7b0
2023-07-05T21:56:24.954 INFO:teuthology.orchestra.run.smithi084.stderr:/usr/bin/ceph:
2023-07-05T21:56:24.948+0000 7f00b296c700 1 -- 172.21.15.84:0/3066861893 --> [v2:172.21.15.84:3300/0,v1:172.21.15.84:6789/0] -- mon_subscribe({osdmap=0}) v3 -- 0x7f00ac10e6c0 con 0x7f00ac0fd7b0
2023-07-05T21:56:24.954 INFO:teuthology.orchestra.run.smithi084.stderr:/usr/bin/ceph:
2023-07-05T21:56:24.949+0000 7f00a97fa700 1 -- 172.21.15.84:0/3066861893 <== mon.0 v2:172.21.15.84:3300/0 4 ==== mgrmap(e 9) v1 ==== 38528+0+0 (secure 0 0 0) 0x7f009c02a070 con 0x7f00ac0fd7b0
2023-07-05T21:56:24.954 INFO:teuthology.orchestra.run.smithi084.stderr:/usr/bin/ceph:
2023-07-05T21:56:24.949+0000 7f00a97fa700 1 --2- 172.21.15.84:0/3066861893 >> [v2:172.21.15.84:6800/1344953354,v1:172.21.15.84:6801/1344953354] conn(0x7f0098032480 0x7f0098034940 unknown :-1 s=NONE pgs=0 cs=0 l=1 rev1=0 rx=0 tx=0).connect
2023-07-05T21:56:24.954 INFO:teuthology.orchestra.run.smithi084.stderr:/usr/bin/ceph:
2023-07-05T21:56:24.949+0000 7f00a97fa700 1 -- 172.21.15.84:0/3066861893 --> [v2:172.21.15.84:6800/1344953354,v1:172.21.15.84:6801/1344953354] -- command(tid 0: {"prefix": "get_command_descriptions"}) v1 -- 0x7f0098035000 con 0x7f0098032480
2023-07-05T21:56:24.954 INFO:teuthology.orchestra.run.smithi084.stderr:/usr/bin/ceph:
2023-07-05T21:56:24.949+0000 7f00a97fa700 1 -- 172.21.15.84:0/3066861893 <== mon.0 v2:172.21.15.84:3300/0 5 ==== osd_map(2..2 src has 1..2) v4 ==== 893+0+0 (secure 0 0 0) 0x7f009c0444d0 con 0x7f00ac0fd7b0
2023-07-05T21:56:24.954 INFO:teuthology.orchestra.run.smithi084.stderr:/usr/bin/ceph:
2023-07-05T21:56:24.949+0000 7f00a3fff700 1 -- 172.21.15.84:0/3066861893 >> [v2:172.21.15.84:6800/1344953354,v1:172.21.15.84:6801/1344953354] conn(0x7f0098032480 msgr2=0x7f0098034940 unknown :-1 s=STATE_CONNECTING_RE l=1).process reconnect failed to v2:172.21.15.84:6800/1344953354
2023-07-05T21:56:24.954 INFO:teuthology.orchestra.run.smithi084.stderr:/usr/bin/ceph:
2023-07-05T21:56:24.949+0000 7f00a3fff700 1 --2- 172.21.15.84:0/3066861893 >> [v2:172.21.15.84:6800/1344953354,v1:172.21.15.84:6801/1344953354] conn(0x7f0098032480 0x7f0098034940 unknown :-1 s=START_CONNECT pgs=0 cs=0 l=1 rev1=0 rx=0 tx=0)._fault waiting 0.200000
2023-07-05T21:56:25.152 INFO:teuthology.orchestra.run.smithi084.stderr:/usr/bin/ceph:
2023-07-05T21:56:25.150+0000 7f00a3fff700 1 -- 172.21.15.84:0/3066861893 >> [v2:172.21.15.84:6800/1344953354,v1:172.21.15.84:6801/1344953354] conn(0x7f0098032480 msgr2=0x7f0098034940 unknown :-1 s=STATE_CONNECTING_RE l=1).process reconnect failed to v2:172.21.15.84:6800/1344953354
2023-07-05T21:56:25.153 INFO:teuthology.orchestra.run.smithi084.stderr:/usr/bin/ceph:
2023-07-05T21:56:25.150+0000 7f00a3fff700 1 --2- 172.21.15.84:0/3066861893 >> [v2:172.21.15.84:6800/1344953354,v1:172.21.15.84:6801/1344953354] conn(0x7f0098032480 0x7f0098034940 unknown :-1 s=START_CONNECT pgs=0 cs=0 l=1 rev1=0 rx=0 tx=0)._fault waiting 0.400000
2023-07-05T21:56:25.207 INFO:journalctl@ceph.mon.smithi084.smithi084.stdout:Jul 05 21:56:25 smithi084 ceph-96321d18-1b7e-11ee-9b2f-001a4aab830c-mon-smithi084[132843]: audit
2023-07-05T21:56:24.105145+0000 mon.smithi084 (mon.0) 71 : audit [DBG] from='client.? 172.21.15.84:0/734757110' entity='client.admin' cmd=[{"prefix": "mgr stat"}]: dispatch
2023-07-05T21:56:25.553 INFO:teuthology.orchestra.run.smithi084.stderr:/usr/bin/ceph:
2023-07-05T21:56:25.551+0000 7f00a3fff700 1 -- 172.21.15.84:0/3066861893 >> [v2:172.21.15.84:6800/1344953354,v1:172.21.15.84:6801/1344953354] conn(0x7f0098032480 msgr2=0x7f0098034940 unknown :-1 s=STATE_CONNECTING_RE l=1).process reconnect failed to v2:172.21.15.84:6800/1344953354
2023-07-05T21:56:25.554 INFO:teuthology.orchestra.run.smithi084.stderr:/usr/bin/ceph:
2023-07-05T21:56:25.551+0000 7f00a3fff700 1 --2- 172.21.15.84:0/3066861893 >> [v2:172.21.15.84:6800/1344953354,v1:172.21.15.84:6801/1344953354] conn(0x7f0098032480 0x7f0098034940 unknown :-1 s=START_CONNECT pgs=0 cs=0 l=1 rev1=0 rx=0 tx=0)._fault waiting 0.800000
2023-07-05T21:56:26.354 INFO:teuthology.orchestra.run.smithi084.stderr:/usr/bin/ceph:
2023-07-05T21:56:26.352+0000 7f00a3fff700 1 -- 172.21.15.84:0/3066861893 >> [v2:172.21.15.84:6800/1344953354,v1:172.21.15.84:6801/1344953354] conn(0x7f0098032480 msgr2=0x7f0098034940 unknown :-1 s=STATE_CONNECTING_RE l=1).process reconnect failed to v2:172.21.15.84:6800/1344953354
2023-07-05T21:56:26.355 INFO:teuthology.orchestra.run.smithi084.stderr:/usr/bin/ceph:
2023-07-05T21:56:26.352+0000 7f00a3fff700 1 --2- 172.21.15.84:0/3066861893 >> [v2:172.21.15.84:6800/1344953354,v1:172.21.15.84:6801/1344953354] conn(0x7f0098032480 0x7f0098034940 unknown :-1 s=START_CONNECT pgs=0 cs=0 l=1 rev1=0 rx=0 tx=0)._fault waiting 1.600000
2023-07-05T21:56:27.956 INFO:teuthology.orchestra.run.smithi084.stderr:/usr/bin/ceph:
2023-07-05T21:56:27.954+0000 7f00a3fff700 1 -- 172.21.15.84:0/3066861893 >> [v2:172.21.15.84:6800/1344953354,v1:172.21.15.84:6801/1344953354] conn(0x7f0098032480 msgr2=0x7f0098034940 unknown :-1 s=STATE_CONNECTING_RE l=1).process reconnect failed to v2:172.21.15.84:6800/1344953354
2023-07-05T21:56:27.957 INFO:teuthology.orchestra.run.smithi084.stderr:/usr/bin/ceph:
2023-07-05T21:56:27.954+0000 7f00a3fff700 1 --2- 172.21.15.84:0/3066861893 >> [v2:172.21.15.84:6800/1344953354,v1:172.21.15.84:6801/1344953354] conn(0x7f0098032480 0x7f0098034940 unknown :-1 s=START_CONNECT pgs=0 cs=0 l=1 rev1=0 rx=0 tx=0)._fault waiting 3.200000
2023-07-05T21:56:30.016 INFO:teuthology.orchestra.run.smithi084.stderr:/usr/bin/ceph:
2023-07-05T21:56:30.012+0000 7f00a97fa700 1 -- 172.21.15.84:0/3066861893 <== mon.0 v2:172.21.15.84:3300/0 6 ==== mgrmap(e 10) v1 ==== 38378+0+0 (secure 0 0 0) 0x7f009c020030 con 0x7f00ac0fd7b0
2023-07-05T21:56:30.016 INFO:teuthology.orchestra.run.smithi084.stderr:/usr/bin/ceph:
2023-07-05T21:56:30.012+0000 7f00a97fa700 1 -- 172.21.15.84:0/3066861893 >> [v2:172.21.15.84:6800/1344953354,v1:172.21.15.84:6801/1344953354] conn(0x7f0098032480 msgr2=0x7f0098034940 unknown :-1 s=STATE_CONNECTING l=1).mark_down
2023-07-05T21:56:30.016 INFO:teuthology.orchestra.run.smithi084.stderr:/usr/bin/ceph:
2023-07-05T21:56:30.012+0000 7f00a97fa700 1 --2- 172.21.15.84:0/3066861893 >> [v2:172.21.15.84:6800/1344953354,v1:172.21.15.84:6801/1344953354] conn(0x7f0098032480 0x7f0098034940 unknown :-1 s=START_CONNECT pgs=0 cs=0 l=1 rev1=0 rx=0 tx=0).stop
2023-07-05T21:56:30.276 INFO:journalctl@ceph.mon.smithi084.smithi084.stdout:Jul 05 21:56:30 smithi084 ceph-96321d18-1b7e-11ee-9b2f-001a4aab830c-mon-smithi084[132843]: cluster
2023-07-05T21:56:29.960885+0000 mon.smithi084 (mon.0) 72 : cluster [INF] Active manager daemon smithi084.ltvpif restarted
2023-07-05T21:56:30.277 INFO:journalctl@ceph.mon.smithi084.smithi084.stdout:Jul 05 21:56:30 smithi084 ceph-96321d18-1b7e-11ee-9b2f-001a4aab830c-mon-smithi084[132843]: cluster
2023-07-05T21:56:29.961439+0000 mon.smithi084 (mon.0) 73 : cluster [INF] Activating manager daemon smithi084.ltvpif
2023-07-05T21:56:30.277 INFO:journalctl@ceph.mon.smithi084.smithi084.stdout:Jul 05 21:56:30 smithi084 ceph-96321d18-1b7e-11ee-9b2f-001a4aab830c-mon-smithi084[132843]: cluster
2023-07-05T21:56:29.963371+0000 mon.smithi084 (mon.0) 74 : cluster [DBG] osdmap e3: 0 total, 0 up, 0 in
2023-07-05T21:56:31.022 INFO:teuthology.orchestra.run.smithi084.stderr:/usr/bin/ceph:
2023-07-05T21:56:31.019+0000 7f00a97fa700 1 -- 172.21.15.84:0/3066861893 <== mon.0 v2:172.21.15.84:3300/0 7 ==== mgrmap(e 11) v1 ==== 38448+0+0 (secure 0 0 0) 0x7f009c00f070 con 0x7f00ac0fd7b0
2023-07-05T21:56:31.023 INFO:teuthology.orchestra.run.smithi084.stderr:/usr/bin/ceph:
2023-07-05T21:56:31.019+0000 7f00a97fa700 1 --2- 172.21.15.84:0/3066861893 >> [v2:172.21.15.84:6800/1575200732,v1:172.21.15.84:6801/1575200732] conn(0x7f0098035fd0 0x7f00980383c0 unknown :-1 s=NONE pgs=0 cs=0 l=1 rev1=0 rx=0 tx=0).connect
2023-07-05T21:56:31.023 INFO:teuthology.orchestra.run.smithi084.stderr:/usr/bin/ceph:
2023-07-05T21:56:31.019+0000 7f00a97fa700 1 -- 172.21.15.84:0/3066861893 --> [v2:172.21.15.84:6800/1575200732,v1:172.21.15.84:6801/1575200732] -- command(tid 0: {"prefix": "get_command_descriptions"}) v1 -- 0x7f0098035000 con 0x7f0098035fd0
2023-07-05T21:56:31.023 INFO:teuthology.orchestra.run.smithi084.stderr:/usr/bin/ceph:
2023-07-05T21:56:31.020+0000 7f00a3fff700 1 --2- 172.21.15.84:0/3066861893 >> [v2:172.21.15.84:6800/1575200732,v1:172.21.15.84:6801/1575200732] conn(0x7f0098035fd0 0x7f00980383c0 unknown :-1 s=BANNER_CONNECTING pgs=0 cs=0 l=1 rev1=0 rx=0 tx=0)._handle_peer_banner_payload supported=1 required=0
2023-07-05T21:56:31.024 INFO:teuthology.orchestra.run.smithi084.stderr:/usr/bin/ceph:
2023-07-05T21:56:31.021+0000 7f00a3fff700 1 --2- 172.21.15.84:0/3066861893 >> [v2:172.21.15.84:6800/1575200732,v1:172.21.15.84:6801/1575200732] conn(0x7f0098035fd0 0x7f00980383c0 secure :-1 s=READY pgs=1 cs=0 l=1 rev1=1 rx=0x7f0094003bd0 tx=0x7f0094009350).ready entity=mgr.14158 client_cookie=0 server_cookie=0 in_seq=0 out_seq=0
2023-07-05T21:56:31.024 INFO:teuthology.orchestra.run.smithi084.stderr:/usr/bin/ceph:
2023-07-05T21:56:31.022+0000 7f00a97fa700 1 -- 172.21.15.84:0/3066861893 <== mgr.14158 v2:172.21.15.84:6800/1575200732 1 ==== command_reply(tid 0: 0 ) v1 ==== 8+0+6438 (secure 0 0 0) 0x7f0098035000 con 0x7f0098035fd0
2023-07-05T21:56:31.030 INFO:teuthology.orchestra.run.smithi084.stderr:/usr/bin/ceph:
2023-07-05T21:56:31.028+0000 7f00b296c700 1 -- 172.21.15.84:0/3066861893 --> [v2:172.21.15.84:6800/1575200732,v1:172.21.15.84:6801/1575200732] -- command(tid 1: {"prefix": "mgr_status"}) v1 -- 0x7f00ac047760 con 0x7f0098035fd0
2023-07-05T21:56:31.030 INFO:teuthology.orchestra.run.smithi084.stderr:/usr/bin/ceph:
2023-07-05T21:56:31.028+0000 7f00a97fa700 1 -- 172.21.15.84:0/3066861893 <== mgr.14158 v2:172.21.15.84:6800/1575200732 2 ==== command_reply(tid 1: 0 ) v1 ==== 8+0+52 (secure 0 0 0) 0x7f00ac047760 con 0x7f0098035fd0
