2023-07-05T20:55:05.675+0000 7f26c259c700 1 --2- 172.21.15.93:0/1727069499 >> [v2:172.21.15.93:3300/0,v1:172.21.15.93:6789/0] conn(0x7f26c41041c0 0x7f26c4199070 secure :-1 s=READY pgs=19 cs=0 l=1 rev1=1 crypto rx=0x7f26b4009130 tx=0x7f26b4011ad0 comp rx=0 tx=0).ready entity=mon.0 client_cookie=0 server_cookie=0 in_seq=0 out_seq=0
2023-07-05T20:55:08.638 INFO:teuthology.orchestra.run.smithi093.stdout:/usr/bin/ceph: stderr
2023-07-05T20:55:05.675+0000 7f26b37fe700 1 -- 172.21.15.93:0/1727069499 <== mon.0 v2:172.21.15.93:3300/0 1 ==== mon_map magic: 0 v1 ==== 205+0+0 (secure 0 0 0) 0x7f26b4003b70 con 0x7f26c41041c0
2023-07-05T20:55:08.638 INFO:teuthology.orchestra.run.smithi093.stdout:/usr/bin/ceph: stderr
2023-07-05T20:55:05.675+0000 7f26b37fe700 1 -- 172.21.15.93:0/1727069499 <== mon.0 v2:172.21.15.93:3300/0 2 ==== config(26 keys) v1 ==== 1074+0+0 (secure 0 0 0) 0x7f26b4003cd0 con 0x7f26c41041c0
2023-07-05T20:55:08.638 INFO:teuthology.orchestra.run.smithi093.stdout:/usr/bin/ceph: stderr
2023-07-05T20:55:05.676+0000 7f26c8c88700 1 -- 172.21.15.93:0/1727069499 --> [v2:172.21.15.93:3300/0,v1:172.21.15.93:6789/0] -- mon_subscribe({mgrmap=0+}) v3 -- 0x7f26c41997b0 con 0x7f26c41041c0
2023-07-05T20:55:08.638 INFO:teuthology.orchestra.run.smithi093.stdout:/usr/bin/ceph: stderr
2023-07-05T20:55:05.676+0000 7f26b37fe700 1 -- 172.21.15.93:0/1727069499 <== mon.0 v2:172.21.15.93:3300/0 3 ==== mon_map magic: 0 v1 ==== 205+0+0 (secure 0 0 0) 0x7f26b40197d0 con 0x7f26c41041c0
2023-07-05T20:55:08.639 INFO:teuthology.orchestra.run.smithi093.stdout:/usr/bin/ceph: stderr
2023-07-05T20:55:05.676+0000 7f26c8c88700 1 -- 172.21.15.93:0/1727069499 --> [v2:172.21.15.93:3300/0,v1:172.21.15.93:6789/0] -- mon_subscribe({osdmap=0}) v3 -- 0x7f26c4199bd0 con 0x7f26c41041c0
2023-07-05T20:55:08.639 INFO:teuthology.orchestra.run.smithi093.stdout:/usr/bin/ceph: stderr
2023-07-05T20:55:05.676+0000 7f26b37fe700 1 -- 172.21.15.93:0/1727069499 <== mon.0 v2:172.21.15.93:3300/0 4 ==== mgrmap(e 4) v1 ==== 45472+0+0 (secure 0 0 0) 0x7f26b4019a10 con 0x7f26c41041c0
2023-07-05T20:55:08.639 INFO:teuthology.orchestra.run.smithi093.stdout:/usr/bin/ceph: stderr
2023-07-05T20:55:05.676+0000 7f26b37fe700 1 --2- 172.21.15.93:0/1727069499 >> [v2:172.21.15.93:6800/3881226937,v1:172.21.15.93:6801/3881226937] conn(0x7f26ac0386c0 0x7f26ac03ab70 unknown :-1 s=NONE pgs=0 cs=0 l=1 rev1=0 crypto rx=0 tx=0 comp rx=0 tx=0).connect
2023-07-05T20:55:08.639 INFO:teuthology.orchestra.run.smithi093.stdout:/usr/bin/ceph: stderr
2023-07-05T20:55:05.677+0000 7f26b37fe700 1 -- 172.21.15.93:0/1727069499 <== mon.0 v2:172.21.15.93:3300/0 5 ==== osd_map(1..1 src has 1..1) v4 ==== 725+0+0 (secure 0 0 0) 0x7f26b404c880 con 0x7f26c41041c0
2023-07-05T20:55:08.639 INFO:teuthology.orchestra.run.smithi093.stdout:/usr/bin/ceph: stderr
2023-07-05T20:55:05.677+0000 7f26c8c88700 1 -- 172.21.15.93:0/1727069499 --> [v2:172.21.15.93:3300/0,v1:172.21.15.93:6789/0] -- mon_command({"prefix": "get_command_descriptions"} v 0) v1 -- 0x7f26c4061b00 con 0x7f26c41041c0
2023-07-05T20:55:08.639 INFO:teuthology.orchestra.run.smithi093.stdout:/usr/bin/ceph: stderr
2023-07-05T20:55:05.677+0000 7f26c1d9b700 1 --2- 172.21.15.93:0/1727069499 >> [v2:172.21.15.93:6800/3881226937,v1:172.21.15.93:6801/3881226937] conn(0x7f26ac0386c0 0x7f26ac03ab70 unknown :-1 s=BANNER_CONNECTING pgs=0 cs=0 l=1 rev1=0 crypto rx=0 tx=0 comp rx=0 tx=0)._handle_peer_banner_payload supported=3 required=0
2023-07-05T20:55:08.639 INFO:teuthology.orchestra.run.smithi093.stdout:/usr/bin/ceph: stderr
2023-07-05T20:55:05.677+0000 7f26c1d9b700 1 --2- 172.21.15.93:0/1727069499 >> [v2:172.21.15.93:6800/3881226937,v1:172.21.15.93:6801/3881226937] conn(0x7f26ac0386c0 0x7f26ac03ab70 secure :-1 s=READY pgs=6 cs=0 l=1 rev1=1 crypto rx=0x7f26b8006fd0 tx=0x7f26b8006e40 comp rx=0 tx=0).ready entity=mgr.14100 client_cookie=0 server_cookie=0 in_seq=0 out_seq=0
2023-07-05T20:55:08.640 INFO:teuthology.orchestra.run.smithi093.stdout:/usr/bin/ceph: stderr
2023-07-05T20:55:05.681+0000 7f26b37fe700 1 -- 172.21.15.93:0/1727069499 <== mon.0 v2:172.21.15.93:3300/0 6 ==== mon_command_ack([{"prefix": "get_command_descriptions"}]=0 v0) v1 ==== 72+0+178008 (secure 0 0 0) 0x7f26b4018db0 con 0x7f26c41041c0
2023-07-05T20:55:08.640 INFO:teuthology.orchestra.run.smithi093.stdout:/usr/bin/ceph: stderr
2023-07-05T20:55:05.945+0000 7f26c8c88700 1 -- 172.21.15.93:0/1727069499 --> [v2:172.21.15.93:3300/0,v1:172.21.15.93:6789/0] -- mon_command({"prefix": "status", "format": "json-pretty"} v 0) v1 -- 0x7f26c4108660 con 0x7f26c41041c0
2023-07-05T20:55:08.640 INFO:teuthology.orchestra.run.smithi093.stdout:/usr/bin/ceph: stderr
2023-07-05T20:55:05.945+0000 7f26b37fe700 1 -- 172.21.15.93:0/1727069499 <== mon.0 v2:172.21.15.93:3300/0 7 ==== mon_command_ack([{"prefix": "status", "format": "json-pretty"}]=0 v0) v1 ==== 79+0+1238 (secure 0 0 0) 0x7f26b4018350 con 0x7f26c41041c0
2023-07-05T20:55:08.640 INFO:teuthology.orchestra.run.smithi093.stdout:/usr/bin/ceph: stderr
2023-07-05T20:55:05.948+0000 7f26c8c88700 1 -- 172.21.15.93:0/1727069499 >> [v2:172.21.15.93:6800/3881226937,v1:172.21.15.93:6801/3881226937] conn(0x7f26ac0386c0 msgr2=0x7f26ac03ab70 secure :-1 s=STATE_CONNECTION_ESTABLISHED l=1).mark_down
2023-07-05T20:55:08.640 INFO:teuthology.orchestra.run.smithi093.stdout:/usr/bin/ceph: stderr
2023-07-05T20:55:05.948+0000 7f26c8c88700 1 --2- 172.21.15.93:0/1727069499 >> [v2:172.21.15.93:6800/3881226937,v1:172.21.15.93:6801/3881226937] conn(0x7f26ac0386c0 0x7f26ac03ab70 secure :-1 s=READY pgs=6 cs=0 l=1 rev1=1 crypto rx=0x7f26b8006fd0 tx=0x7f26b8006e40 comp rx=0 tx=0).stop
2023-07-05T20:55:08.640 INFO:teuthology.orchestra.run.smithi093.stdout:/usr/bin/ceph: stderr
2023-07-05T20:55:05.948+0000 7f26c8c88700 1 -- 172.21.15.93:0/1727069499 >> [v2:172.21.15.93:3300/0,v1:172.21.15.93:6789/0] conn(0x7f26c41041c0 msgr2=0x7f26c4199070 secure :-1 s=STATE_CONNECTION_ESTABLISHED l=1).mark_down
2023-07-05T20:55:08.640 INFO:teuthology.orchestra.run.smithi093.stdout:/usr/bin/ceph: stderr
2023-07-05T20:55:05.948+0000 7f26c8c88700 1 --2- 172.21.15.93:0/1727069499 >> [v2:172.21.15.93:3300/0,v1:172.21.15.93:6789/0] conn(0x7f26c41041c0 0x7f26c4199070 secure :-1 s=READY pgs=19 cs=0 l=1 rev1=1 crypto rx=0x7f26b4009130 tx=0x7f26b4011ad0 comp rx=0 tx=0).stop
2023-07-05T20:55:08.641 INFO:teuthology.orchestra.run.smithi093.stdout:/usr/bin/ceph: stderr
2023-07-05T20:55:05.948+0000 7f26c8c88700 1 -- 172.21.15.93:0/1727069499 shutdown_connections
2023-07-05T20:55:08.641 INFO:teuthology.orchestra.run.smithi093.stdout:/usr/bin/ceph: stderr
2023-07-05T20:55:05.948+0000 7f26c8c88700 1 --2- 172.21.15.93:0/1727069499 >> [v2:172.21.15.93:6800/3881226937,v1:172.21.15.93:6801/3881226937] conn(0x7f26ac0386c0 0x7f26ac03ab70 unknown :-1 s=CLOSED pgs=6 cs=0 l=1 rev1=1 crypto rx=0 tx=0 comp rx=0 tx=0).stop
2023-07-05T20:55:08.641 INFO:teuthology.orchestra.run.smithi093.stdout:/usr/bin/ceph: stderr
2023-07-05T20:55:05.948+0000 7f26c8c88700 1 --2- 172.21.15.93:0/1727069499 >> [v2:172.21.15.93:3300/0,v1:172.21.15.93:6789/0] conn(0x7f26c41041c0 0x7f26c4199070 unknown :-1 s=CLOSED pgs=19 cs=0 l=1 rev1=1 crypto rx=0 tx=0 comp rx=0 tx=0).stop
2023-07-05T20:55:08.641 INFO:teuthology.orchestra.run.smithi093.stdout:/usr/bin/ceph: stderr
2023-07-05T20:55:05.948+0000 7f26c8c88700 1 -- 172.21.15.93:0/1727069499 >> 172.21.15.93:0/1727069499 conn(0x7f26c40ff810 msgr2=0x7f26c40798a0 unknown :-1 s=STATE_NONE l=0).mark_down
2023-07-05T20:55:08.641 INFO:teuthology.orchestra.run.smithi093.stdout:/usr/bin/ceph: stderr
2023-07-05T20:55:05.948+0000 7f26c8c88700 1 -- 172.21.15.93:0/1727069499 shutdown_connections
2023-07-05T20:55:08.641 INFO:teuthology.orchestra.run.smithi093.stdout:/usr/bin/ceph: stderr
2023-07-05T20:55:05.948+0000 7f26c8c88700 1 -- 172.21.15.93:0/1727069499 wait complete.
2023-07-05T20:55:08.641 INFO:teuthology.orchestra.run.smithi093.stdout:mgr is available
2023-07-05T20:55:10.091 INFO:journalctl@ceph.mon.a.smithi093.stdout:Jul 05 20:55:09 smithi093 ceph-mon[96517]: from='client.? 172.21.15.93:0/3245694332' entity='client.admin' cmd=[{"prefix": "config assimilate-conf"}]: dispatch
2023-07-05T20:55:10.177 INFO:teuthology.orchestra.run.smithi093.stdout:/usr/bin/ceph: stdout
2023-07-05T20:55:10.177 INFO:teuthology.orchestra.run.smithi093.stdout:/usr/bin/ceph: stdout [global]
2023-07-05T20:55:10.177 INFO:teuthology.orchestra.run.smithi093.stdout:/usr/bin/ceph: stdout fsid = 10689cf0-1b76-11ee-9b2f-001a4aab830c
2023-07-05T20:55:10.177 INFO:teuthology.orchestra.run.smithi093.stdout:/usr/bin/ceph: stdout mon_osd_allow_pg_remap = true
2023-07-05T20:55:10.177 INFO:teuthology.orchestra.run.smithi093.stdout:/usr/bin/ceph: stdout mon_osd_allow_primary_affinity = true
2023-07-05T20:55:10.177 INFO:teuthology.orchestra.run.smithi093.stdout:/usr/bin/ceph: stdout mon_warn_on_no_sortbitwise = false
2023-07-05T20:55:10.178 INFO:teuthology.orchestra.run.smithi093.stdout:/usr/bin/ceph: stdout osd_crush_chooseleaf_type = 0
2023-07-05T20:55:10.178 INFO:teuthology.orchestra.run.smithi093.stdout:/usr/bin/ceph: stdout
2023-07-05T20:55:10.178 INFO:teuthology.orchestra.run.smithi093.stdout:/usr/bin/ceph: stdout [mgr]
2023-07-05T20:55:10.178 INFO:teuthology.orchestra.run.smithi093.stdout:/usr/bin/ceph: stdout mgr/telemetry/nag = false
2023-07-05T20:55:10.178 INFO:teuthology.orchestra.run.smithi093.stdout:/usr/bin/ceph: stdout
2023-07-05T20:55:10.178 INFO:teuthology.orchestra.run.smithi093.stdout:/usr/bin/ceph: stdout [osd]
2023-07-05T20:55:10.178 INFO:teuthology.orchestra.run.smithi093.stdout:/usr/bin/ceph: stdout mon_osd_backfillfull_ratio = 0.85
2023-07-05T20:55:10.178 INFO:teuthology.orchestra.run.smithi093.stdout:/usr/bin/ceph: stdout mon_osd_full_ratio = 0.9
2023-07-05T20:55:10.179 INFO:teuthology.orchestra.run.smithi093.stdout:/usr/bin/ceph: stdout mon_osd_nearfull_ratio = 0.8
2023-07-05T20:55:10.179 INFO:teuthology.orchestra.run.smithi093.stdout:/usr/bin/ceph: stdout osd_map_max_advance = 10
2023-07-05T20:55:10.179 INFO:teuthology.orchestra.run.smithi093.stdout:/usr/bin/ceph: stdout osd_sloppy_crc = true
2023-07-05T20:55:10.179 INFO:teuthology.orchestra.run.smithi093.stdout:/usr/bin/ceph: stderr
2023-07-05T20:55:09.594+0000 7f422e579700 1 Processor -- start
2023-07-05T20:55:10.179 INFO:teuthology.orchestra.run.smithi093.stdout:/usr/bin/ceph: stderr
2023-07-05T20:55:09.594+0000 7f422e579700 1 -- start start
2023-07-05T20:55:10.179 INFO:teuthology.orchestra.run.smithi093.stdout:/usr/bin/ceph: stderr
2023-07-05T20:55:09.595+0000 7f422e579700 1 --2- >> [v2:172.21.15.93:3300/0,v1:172.21.15.93:6789/0] conn(0x7f42281057a0 0x7f4228105bb0 unknown :-1 s=NONE pgs=0 cs=0 l=0 rev1=0 crypto rx=0 tx=0 comp rx=0 tx=0).connect
2023-07-05T20:55:10.179 INFO:teuthology.orchestra.run.smithi093.stdout:/usr/bin/ceph: stderr
2023-07-05T20:55:09.595+0000 7f422e579700 1 -- --> [v2:172.21.15.93:3300/0,v1:172.21.15.93:6789/0] -- mon_getmap magic: 0 v1 -- 0x7f42281060f0 con 0x7f42281057a0
2023-07-05T20:55:10.179 INFO:teuthology.orchestra.run.smithi093.stdout:/usr/bin/ceph: stderr
2023-07-05T20:55:09.595+0000 7f4227fff700 1 --2- >> [v2:172.21.15.93:3300/0,v1:172.21.15.93:6789/0] conn(0x7f42281057a0 0x7f4228105bb0 unknown :-1 s=BANNER_CONNECTING pgs=0 cs=0 l=0 rev1=0 crypto rx=0 tx=0 comp rx=0 tx=0)._handle_peer_banner_payload supported=3 required=0
2023-07-05T20:55:10.180 INFO:teuthology.orchestra.run.smithi093.stdout:/usr/bin/ceph: stderr
2023-07-05T20:55:09.595+0000 7f4227fff700 1 --2- >> [v2:172.21.15.93:3300/0,v1:172.21.15.93:6789/0] conn(0x7f42281057a0 0x7f4228105bb0 unknown :-1 s=HELLO_CONNECTING pgs=0 cs=0 l=0 rev1=1 crypto rx=0 tx=0 comp rx=0 tx=0).handle_hello peer v2:172.21.15.93:3300/0 says I am v2:172.21.15.93:47908/0 (socket says 172.21.15.93:47908)
2023-07-05T20:55:10.180 INFO:teuthology.orchestra.run.smithi093.stdout:/usr/bin/ceph: stderr
2023-07-05T20:55:09.595+0000 7f4227fff700 1 -- 172.21.15.93:0/2487923675 learned_addr learned my addr 172.21.15.93:0/2487923675 (peer_addr_for_me v2:172.21.15.93:0/0)
2023-07-05T20:55:10.180 INFO:teuthology.orchestra.run.smithi093.stdout:/usr/bin/ceph: stderr
2023-07-05T20:55:09.595+0000 7f4227fff700 1 -- 172.21.15.93:0/2487923675 --> [v2:172.21.15.93:3300/0,v1:172.21.15.93:6789/0] -- mon_subscribe({config=0+,monmap=0+}) v3 -- 0x7f4228106230 con 0x7f42281057a0
2023-07-05T20:55:10.180 INFO:teuthology.orchestra.run.smithi093.stdout:/usr/bin/ceph: stderr
2023-07-05T20:55:09.595+0000 7f4227fff700 1 --2- 172.21.15.93:0/2487923675 >> [v2:172.21.15.93:3300/0,v1:172.21.15.93:6789/0] conn(0x7f42281057a0 0x7f4228105bb0 secure :-1 s=READY pgs=20 cs=0 l=1 rev1=1 crypto rx=0x7f42180098a0 tx=0x7f4218009bb0 comp rx=0 tx=0).ready entity=mon.0 client_cookie=7773486f8565c180 server_cookie=0 in_seq=0 out_seq=0
2023-07-05T20:55:10.180 INFO:teuthology.orchestra.run.smithi093.stdout:/usr/bin/ceph: stderr
2023-07-05T20:55:09.595+0000 7f4226ffd700 1 -- 172.21.15.93:0/2487923675 <== mon.0 v2:172.21.15.93:3300/0 1 ==== mon_map magic: 0 v1 ==== 205+0+0 (secure 0 0 0) 0x7f4218004160 con 0x7f42281057a0
2023-07-05T20:55:10.180 INFO:teuthology.orchestra.run.smithi093.stdout:/usr/bin/ceph: stderr
2023-07-05T20:55:09.595+0000 7f4226ffd700 1 -- 172.21.15.93:0/2487923675 <== mon.0 v2:172.21.15.93:3300/0 2 ==== config(26 keys) v1 ==== 1074+0+0 (secure 0 0 0) 0x7f42180042c0 con 0x7f42281057a0
2023-07-05T20:55:10.180 INFO:teuthology.orchestra.run.smithi093.stdout:/usr/bin/ceph: stderr
2023-07-05T20:55:09.595+0000 7f4226ffd700 1 -- 172.21.15.93:0/2487923675 <== mon.0 v2:172.21.15.93:3300/0 3 ==== mon_map magic: 0 v1 ==== 205+0+0 (secure 0 0 0) 0x7f4218011a00 con 0x7f42281057a0
2023-07-05T20:55:10.181 INFO:teuthology.orchestra.run.smithi093.stdout:/usr/bin/ceph: stderr
2023-07-05T20:55:09.596+0000 7f422e579700 1 -- 172.21.15.93:0/2487923675 >> [v2:172.21.15.93:3300/0,v1:172.21.15.93:6789/0] conn(0x7f42281057a0 msgr2=0x7f4228105bb0 secure :-1 s=STATE_CONNECTION_ESTABLISHED l=1).mark_down
2023-07-05T20:55:10.181 INFO:teuthology.orchestra.run.smithi093.stdout:/usr/bin/ceph: stderr
2023-07-05T20:55:09.596+0000 7f422e579700 1 --2- 172.21.15.93:0/2487923675 >> [v2:172.21.15.93:3300/0,v1:172.21.15.93:6789/0] conn(0x7f42281057a0 0x7f4228105bb0 secure :-1 s=READY pgs=20 cs=0 l=1 rev1=1 crypto rx=0x7f42180098a0 tx=0x7f4218009bb0 comp rx=0 tx=0).stop
2023-07-05T20:55:10.181 INFO:teuthology.orchestra.run.smithi093.stdout:/usr/bin/ceph: stderr
2023-07-05T20:55:09.596+0000 7f422e579700 1 -- 172.21.15.93:0/2487923675 shutdown_connections
2023-07-05T20:55:10.181 INFO:teuthology.orchestra.run.smithi093.stdout:/usr/bin/ceph: stderr
2023-07-05T20:55:09.596+0000 7f422e579700 1 --2- 172.21.15.93:0/2487923675 >> [v2:172.21.15.93:3300/0,v1:172.21.15.93:6789/0] conn(0x7f42281057a0 0x7f4228105bb0 unknown :-1 s=CLOSED pgs=20 cs=0 l=1 rev1=1 crypto rx=0 tx=0 comp rx=0 tx=0).stop
2023-07-05T20:55:10.181 INFO:teuthology.orchestra.run.smithi093.stdout:/usr/bin/ceph: stderr
2023-07-05T20:55:09.596+0000 7f422e579700 1 -- 172.21.15.93:0/2487923675 >> 172.21.15.93:0/2487923675 conn(0x7f42280fefb0 msgr2=0x7f42281013c0 unknown :-1 s=STATE_NONE l=0).mark_down
2023-07-05T20:55:10.181 INFO:teuthology.orchestra.run.smithi093.stdout:/usr/bin/ceph: stderr
2023-07-05T20:55:09.596+0000 7f422e579700 1 -- 172.21.15.93:0/2487923675 shutdown_connections
2023-07-05T20:55:10.181 INFO:teuthology.orchestra.run.smithi093.stdout:/usr/bin/ceph: stderr
2023-07-05T20:55:09.596+0000 7f422e579700 1 -- 172.21.15.93:0/2487923675 wait complete.
2023-07-05T20:55:10.182 INFO:teuthology.orchestra.run.smithi093.stdout:/usr/bin/ceph: stderr
2023-07-05T20:55:09.597+0000 7f422e579700 1 Processor -- start
2023-07-05T20:55:10.182 INFO:teuthology.orchestra.run.smithi093.stdout:/usr/bin/ceph: stderr
2023-07-05T20:55:09.597+0000 7f422e579700 1 -- start start
2023-07-05T20:55:10.182 INFO:teuthology.orchestra.run.smithi093.stdout:/usr/bin/ceph: stderr
2023-07-05T20:55:09.597+0000 7f422e579700 1 --2- >> [v2:172.21.15.93:3300/0,v1:172.21.15.93:6789/0] conn(0x7f42281057a0 0x7f4228103f00 unknown :-1 s=NONE pgs=0 cs=0 l=1 rev1=0 crypto rx=0 tx=0 comp rx=0 tx=0).connect
2023-07-05T20:55:10.182 INFO:teuthology.orchestra.run.smithi093.stdout:/usr/bin/ceph: stderr
2023-07-05T20:55:09.597+0000 7f422e579700 1 -- --> [v2:172.21.15.93:3300/0,v1:172.21.15.93:6789/0] -- mon_getmap magic: 0 v1 -- 0x7f422819bd70 con 0x7f42281057a0
2023-07-05T20:55:10.182 INFO:teuthology.orchestra.run.smithi093.stdout:/usr/bin/ceph: stderr
2023-07-05T20:55:09.597+0000 7f4227fff700 1 --2- >> [v2:172.21.15.93:3300/0,v1:172.21.15.93:6789/0] conn(0x7f42281057a0 0x7f4228103f00 unknown :-1 s=BANNER_CONNECTING pgs=0 cs=0 l=1 rev1=0 crypto rx=0 tx=0 comp rx=0 tx=0)._handle_peer_banner_payload supported=3 required=0
2023-07-05T20:55:10.182 INFO:teuthology.orchestra.run.smithi093.stdout:/usr/bin/ceph: stderr
2023-07-05T20:55:09.597+0000 7f4227fff700 1 --2- >> [v2:172.21.15.93:3300/0,v1:172.21.15.93:6789/0] conn(0x7f42281057a0 0x7f4228103f00 unknown :-1 s=HELLO_CONNECTING pgs=0 cs=0 l=1 rev1=1 crypto rx=0 tx=0 comp rx=0 tx=0).handle_hello peer v2:172.21.15.93:3300/0 says I am v2:172.21.15.93:47910/0 (socket says 172.21.15.93:47910)
2023-07-05T20:55:10.182 INFO:teuthology.orchestra.run.smithi093.stdout:/usr/bin/ceph: stderr
2023-07-05T20:55:09.597+0000 7f4227fff700 1 -- 172.21.15.93:0/3245694332 learned_addr learned my addr 172.21.15.93:0/3245694332 (peer_addr_for_me v2:172.21.15.93:0/0)
2023-07-05T20:55:10.182 INFO:teuthology.orchestra.run.smithi093.stdout:/usr/bin/ceph: stderr
2023-07-05T20:55:09.597+0000 7f4227fff700 1 -- 172.21.15.93:0/3245694332 --> [v2:172.21.15.93:3300/0,v1:172.21.15.93:6789/0] -- mon_subscribe({config=0+,monmap=0+}) v3 -- 0x7f4218009550 con 0x7f42281057a0
2023-07-05T20:55:10.183 INFO:teuthology.orchestra.run.smithi093.stdout:/usr/bin/ceph: stderr
2023-07-05T20:55:09.597+0000 7f4227fff700 1 --2- 172.21.15.93:0/3245694332 >> [v2:172.21.15.93:3300/0,v1:172.21.15.93:6789/0] conn(0x7f42281057a0 0x7f4228103f00 secure :-1 s=READY pgs=21 cs=0 l=1 rev1=1 crypto rx=0x7f4218009fb0 tx=0x7f4218011ad0 comp rx=0 tx=0).ready entity=mon.0 client_cookie=0 server_cookie=0 in_seq=0 out_seq=0
2023-07-05T20:55:10.183 INFO:teuthology.orchestra.run.smithi093.stdout:/usr/bin/ceph: stderr
2023-07-05T20:55:09.598+0000 7f42257fa700 1 -- 172.21.15.93:0/3245694332 <== mon.0 v2:172.21.15.93:3300/0 1 ==== mon_map magic: 0 v1 ==== 205+0+0 (secure 0 0 0) 0x7f4218003a40 con 0x7f42281057a0
2023-07-05T20:55:10.183 INFO:teuthology.orchestra.run.smithi093.stdout:/usr/bin/ceph: stderr
2023-07-05T20:55:09.598+0000 7f42257fa700 1 -- 172.21.15.93:0/3245694332 <== mon.0 v2:172.21.15.93:3300/0 2 ==== config(26 keys) v1 ==== 1074+0+0 (secure 0 0 0) 0x7f4218003ba0 con 0x7f42281057a0
2023-07-05T20:55:10.183 INFO:teuthology.orchestra.run.smithi093.stdout:/usr/bin/ceph: stderr
2023-07-05T20:55:09.598+0000 7f422e579700 1 -- 172.21.15.93:0/3245694332 --> [v2:172.21.15.93:3300/0,v1:172.21.15.93:6789/0] -- mon_subscribe({mgrmap=0+}) v3 -- 0x7f422819beb0 con 0x7f42281057a0
2023-07-05T20:55:10.183 INFO:teuthology.orchestra.run.smithi093.stdout:/usr/bin/ceph: stderr
2023-07-05T20:55:09.598+0000 7f42257fa700 1 -- 172.21.15.93:0/3245694332 <== mon.0 v2:172.21.15.93:3300/0 3 ==== mon_map magic: 0 v1 ==== 205+0+0 (secure 0 0 0) 0x7f421801a750 con 0x7f42281057a0
2023-07-05T20:55:10.183 INFO:teuthology.orchestra.run.smithi093.stdout:/usr/bin/ceph: stderr
2023-07-05T20:55:09.598+0000 7f422e579700 1 -- 172.21.15.93:0/3245694332 --> [v2:172.21.15.93:3300/0,v1:172.21.15.93:6789/0] -- mon_subscribe({osdmap=0}) v3 -- 0x7f422819c2d0 con 0x7f42281057a0
2023-07-05T20:55:10.183 INFO:teuthology.orchestra.run.smithi093.stdout:/usr/bin/ceph: stderr
2023-07-05T20:55:09.598+0000 7f42257fa700 1 -- 172.21.15.93:0/3245694332 <== mon.0 v2:172.21.15.93:3300/0 4 ==== mgrmap(e 4) v1 ==== 45472+0+0 (secure 0 0 0) 0x7f421801a980 con 0x7f42281057a0
2023-07-05T20:55:10.184 INFO:teuthology.orchestra.run.smithi093.stdout:/usr/bin/ceph: stderr
2023-07-05T20:55:09.599+0000 7f42257fa700 1 --2- 172.21.15.93:0/3245694332 >> [v2:172.21.15.93:6800/3881226937,v1:172.21.15.93:6801/3881226937] conn(0x7f42100386c0 0x7f421003ab70 unknown :-1 s=NONE pgs=0 cs=0 l=1 rev1=0 crypto rx=0 tx=0 comp rx=0 tx=0).connect
2023-07-05T20:55:10.184 INFO:teuthology.orchestra.run.smithi093.stdout:/usr/bin/ceph: stderr
2023-07-05T20:55:09.599+0000 7f42257fa700 1 -- 172.21.15.93:0/3245694332 <== mon.0 v2:172.21.15.93:3300/0 5 ==== osd_map(1..1 src has 1..1) v4 ==== 725+0+0 (secure 0 0 0) 0x7f421804c4a0 con 0x7f42281057a0
2023-07-05T20:55:10.184 INFO:teuthology.orchestra.run.smithi093.stdout:/usr/bin/ceph: stderr
2023-07-05T20:55:09.599+0000 7f422e579700 1 -- 172.21.15.93:0/3245694332 --> [v2:172.21.15.93:3300/0,v1:172.21.15.93:6789/0] -- mon_command({"prefix": "get_command_descriptions"} v 0) v1 -- 0x7f4228061b00 con 0x7f42281057a0
2023-07-05T20:55:10.184 INFO:teuthology.orchestra.run.smithi093.stdout:/usr/bin/ceph: stderr
2023-07-05T20:55:09.599+0000 7f42277fe700 1 --2- 172.21.15.93:0/3245694332 >> [v2:172.21.15.93:6800/3881226937,v1:172.21.15.93:6801/3881226937] conn(0x7f42100386c0 0x7f421003ab70 unknown :-1 s=BANNER_CONNECTING pgs=0 cs=0 l=1 rev1=0 crypto rx=0 tx=0 comp rx=0 tx=0)._handle_peer_banner_payload supported=3 required=0
2023-07-05T20:55:10.184 INFO:teuthology.orchestra.run.smithi093.stdout:/usr/bin/ceph: stderr
2023-07-05T20:55:09.599+0000 7f42277fe700 1 --2- 172.21.15.93:0/3245694332 >> [v2:172.21.15.93:6800/3881226937,v1:172.21.15.93:6801/3881226937] conn(0x7f42100386c0 0x7f421003ab70 secure :-1 s=READY pgs=7 cs=0 l=1 rev1=1 crypto rx=0x7f421c006fd0 tx=0x7f421c006e40 comp rx=0 tx=0).ready entity=mgr.14100 client_cookie=0 server_cookie=0 in_seq=0 out_seq=0
2023-07-05T20:55:10.184 INFO:teuthology.orchestra.run.smithi093.stdout:/usr/bin/ceph: stderr
2023-07-05T20:55:09.604+0000 7f42257fa700 1 -- 172.21.15.93:0/3245694332 <== mon.0 v2:172.21.15.93:3300/0 6 ==== mon_command_ack([{"prefix": "get_command_descriptions"}]=0 v0) v1 ==== 72+0+178008 (secure 0 0 0) 0x7f421801ac30 con 0x7f42281057a0
2023-07-05T20:55:10.184 INFO:teuthology.orchestra.run.smithi093.stdout:/usr/bin/ceph: stderr
2023-07-05T20:55:09.789+0000 7f422e579700 1 -- 172.21.15.93:0/3245694332 --> [v2:172.21.15.93:3300/0,v1:172.21.15.93:6789/0] -- mon_command({"prefix": "config assimilate-conf"} v 0) v1 -- 0x7f4228105070 con 0x7f42281057a0
2023-07-05T20:55:10.185 INFO:teuthology.orchestra.run.smithi093.stdout:/usr/bin/ceph: stderr
2023-07-05T20:55:09.790+0000 7f42257fa700 1 -- 172.21.15.93:0/3245694332 <== mon.0 v2:172.21.15.93:3300/0 7 ==== mon_command_ack([{"prefix": "config assimilate-conf"}]=0 v3) v1 ==== 70+0+373 (secure 0 0 0) 0x7f4218018350 con 0x7f42281057a0
2023-07-05T20:55:10.185 INFO:teuthology.orchestra.run.smithi093.stdout:/usr/bin/ceph: stderr
2023-07-05T20:55:09.792+0000 7f422e579700 1 -- 172.21.15.93:0/3245694332 >> [v2:172.21.15.93:6800/3881226937,v1:172.21.15.93:6801/3881226937] conn(0x7f42100386c0 msgr2=0x7f421003ab70 secure :-1 s=STATE_CONNECTION_ESTABLISHED l=1).mark_down
2023-07-05T20:55:10.185 INFO:teuthology.orchestra.run.smithi093.stdout:/usr/bin/ceph: stderr
2023-07-05T20:55:09.792+0000 7f422e579700 1 --2- 172.21.15.93:0/3245694332 >> [v2:172.21.15.93:6800/3881226937,v1:172.21.15.93:6801/3881226937] conn(0x7f42100386c0 0x7f421003ab70 secure :-1 s=READY pgs=7 cs=0 l=1 rev1=1 crypto rx=0x7f421c006fd0 tx=0x7f421c006e40 comp rx=0 tx=0).stop
2023-07-05T20:55:10.185 INFO:teuthology.orchestra.run.smithi093.stdout:/usr/bin/ceph: stderr
2023-07-05T20:55:09.792+0000 7f422e579700 1 -- 172.21.15.93:0/3245694332 >> [v2:172.21.15.93:3300/0,v1:172.21.15.93:6789/0] conn(0x7f42281057a0 msgr2=0x7f4228103f00 secure :-1 s=STATE_CONNECTION_ESTABLISHED l=1).mark_down
2023-07-05T20:55:10.185 INFO:teuthology.orchestra.run.smithi093.stdout:/usr/bin/ceph: stderr
2023-07-05T20:55:09.792+0000 7f422e579700 1 --2- 172.21.15.93:0/3245694332 >> [v2:172.21.15.93:3300/0,v1:172.21.15.93:6789/0] conn(0x7f42281057a0 0x7f4228103f00 secure :-1 s=READY pgs=21 cs=0 l=1 rev1=1 crypto rx=0x7f4218009fb0 tx=0x7f4218011ad0 comp rx=0 tx=0).stop
2023-07-05T20:55:10.185 INFO:teuthology.orchestra.run.smithi093.stdout:/usr/bin/ceph: stderr
2023-07-05T20:55:09.792+0000 7f422e579700 1 -- 172.21.15.93:0/3245694332 shutdown_connections
2023-07-05T20:55:10.185 INFO:teuthology.orchestra.run.smithi093.stdout:/usr/bin/ceph: stderr
2023-07-05T20:55:09.792+0000 7f422e579700 1 --2- 172.21.15.93:0/3245694332 >> [v2:172.21.15.93:6800/3881226937,v1:172.21.15.93:6801/3881226937] conn(0x7f42100386c0 0x7f421003ab70 unknown :-1 s=CLOSED pgs=7 cs=0 l=1 rev1=1 crypto rx=0 tx=0 comp rx=0 tx=0).stop
2023-07-05T20:55:10.186 INFO:teuthology.orchestra.run.smithi093.stdout:/usr/bin/ceph: stderr
2023-07-05T20:55:09.792+0000 7f422e579700 1 --2- 172.21.15.93:0/3245694332 >> [v2:172.21.15.93:3300/0,v1:172.21.15.93:6789/0] conn(0x7f42281057a0 0x7f4228103f00 unknown :-1 s=CLOSED pgs=21 cs=0 l=1 rev1=1 crypto rx=0 tx=0 comp rx=0 tx=0).stop
2023-07-05T20:55:10.186 INFO:teuthology.orchestra.run.smithi093.stdout:/usr/bin/ceph: stderr
2023-07-05T20:55:09.792+0000 7f422e579700 1 -- 172.21.15.93:0/3245694332 >> 172.21.15.93:0/3245694332 conn(0x7f42280fefb0 msgr2=0x7f42281006a0 unknown :-1 s=STATE_NONE l=0).mark_down
2023-07-05T20:55:10.186 INFO:teuthology.orchestra.run.smithi093.stdout:/usr/bin/ceph: stderr
2023-07-05T20:55:09.792+0000 7f422e579700 1 -- 172.21.15.93:0/3245694332 shutdown_connections
2023-07-05T20:55:10.186 INFO:teuthology.orchestra.run.smithi093.stdout:/usr/bin/ceph: stderr
2023-07-05T20:55:09.792+0000 7f422e579700 1 -- 172.21.15.93:0/3245694332 wait complete.
2023-07-05T20:55:10.186 INFO:teuthology.orchestra.run.smithi093.stdout:Enabling cephadm module...
2023-07-05T20:55:11.262 INFO:journalctl@ceph.mon.a.smithi093.stdout:Jul 05 20:55:10 smithi093 ceph-mon[96517]: from='client.? 172.21.15.93:0/362965592' entity='client.admin' cmd=[{"prefix": "mgr module enable", "module": "cephadm"}]: dispatch
2023-07-05T20:55:11.262 INFO:journalctl@ceph.mgr.x.smithi093.stdout:Jul 05 20:55:10 smithi093 ceph-10689cf0-1b76-11ee-9b2f-001a4aab830c-mgr-x[96760]: ignoring --setuser ceph since I am not root
2023-07-05T20:55:11.263 INFO:journalctl@ceph.mgr.x.smithi093.stdout:Jul 05 20:55:10 smithi093 ceph-10689cf0-1b76-11ee-9b2f-001a4aab830c-mgr-x[96760]: ignoring --setgroup ceph since I am not root
2023-07-05T20:55:11.263 INFO:journalctl@ceph.mgr.x.smithi093.stdout:Jul 05 20:55:11 smithi093 ceph-10689cf0-1b76-11ee-9b2f-001a4aab830c-mgr-x[96760]:
2023-07-05T20:55:11.090+0000 7f4cc623e200 -1 mgr[py] Module devicehealth has missing NOTIFY_TYPES member
2023-07-05T20:55:11.263 INFO:journalctl@ceph.mgr.x.smithi093.stdout:Jul 05 20:55:11 smithi093 ceph-10689cf0-1b76-11ee-9b2f-001a4aab830c-mgr-x[96760]:
2023-07-05T20:55:11.171+0000 7f4cc623e200 -1 mgr[py] Module osd_support has missing NOTIFY_TYPES member
2023-07-05T20:55:11.263 INFO:journalctl@ceph.mgr.x.smithi093.stdout:Jul 05 20:55:11 smithi093 ceph-10689cf0-1b76-11ee-9b2f-001a4aab830c-mgr-x[96760]:
2023-07-05T20:55:11.260+0000 7f4cc623e200 -1 mgr[py] Module snap_schedule has missing NOTIFY_TYPES member
2023-07-05T20:55:11.322 INFO:teuthology.orchestra.run.smithi093.stdout:/usr/bin/ceph: stderr
2023-07-05T20:55:10.629+0000 7fa094a0d700 1 Processor -- start
2023-07-05T20:55:11.322 INFO:teuthology.orchestra.run.smithi093.stdout:/usr/bin/ceph: stderr
2023-07-05T20:55:10.629+0000 7fa094a0d700 1 -- start start
2023-07-05T20:55:11.322 INFO:teuthology.orchestra.run.smithi093.stdout:/usr/bin/ceph: stderr
2023-07-05T20:55:10.629+0000 7fa094a0d700 1 --2- >> [v2:172.21.15.93:3300/0,v1:172.21.15.93:6789/0] conn(0x7fa090105df0 0x7fa0901081d0 unknown :-1 s=NONE pgs=0 cs=0 l=0 rev1=0 crypto rx=0 tx=0 comp rx=0 tx=0).connect
2023-07-05T20:55:11.323 INFO:teuthology.orchestra.run.smithi093.stdout:/usr/bin/ceph: stderr
2023-07-05T20:55:10.629+0000 7fa094a0d700 1 -- --> [v2:172.21.15.93:3300/0,v1:172.21.15.93:6789/0] -- mon_getmap magic: 0 v1 -- 0x7fa090079d60 con 0x7fa090105df0
2023-07-05T20:55:11.323 INFO:teuthology.orchestra.run.smithi093.stdout:/usr/bin/ceph: stderr
2023-07-05T20:55:10.630+0000 7fa08e59c700 1 --2- >> [v2:172.21.15.93:3300/0,v1:172.21.15.93:6789/0] conn(0x7fa090105df0 0x7fa0901081d0 unknown :-1 s=BANNER_CONNECTING pgs=0 cs=0 l=0 rev1=0 crypto rx=0 tx=0 comp rx=0 tx=0)._handle_peer_banner_payload supported=3 required=0
2023-07-05T20:55:11.323 INFO:teuthology.orchestra.run.smithi093.stdout:/usr/bin/ceph: stderr
2023-07-05T20:55:10.630+0000 7fa08e59c700 1 --2- >> [v2:172.21.15.93:3300/0,v1:172.21.15.93:6789/0] conn(0x7fa090105df0 0x7fa0901081d0 unknown :-1 s=HELLO_CONNECTING pgs=0 cs=0 l=0 rev1=1 crypto rx=0 tx=0 comp rx=0 tx=0).handle_hello peer v2:172.21.15.93:3300/0 says I am v2:172.21.15.93:47914/0 (socket says 172.21.15.93:47914)
2023-07-05T20:55:11.323 INFO:teuthology.orchestra.run.smithi093.stdout:/usr/bin/ceph: stderr
2023-07-05T20:55:10.630+0000 7fa08e59c700 1 -- 172.21.15.93:0/3349818141 learned_addr learned my addr 172.21.15.93:0/3349818141 (peer_addr_for_me v2:172.21.15.93:0/0)
2023-07-05T20:55:11.323 INFO:teuthology.orchestra.run.smithi093.stdout:/usr/bin/ceph: stderr
2023-07-05T20:55:10.630+0000 7fa08e59c700 1 -- 172.21.15.93:0/3349818141 --> [v2:172.21.15.93:3300/0,v1:172.21.15.93:6789/0] -- mon_subscribe({config=0+,monmap=0+}) v3 -- 0x7fa090079ea0 con 0x7fa090105df0
2023-07-05T20:55:11.323 INFO:teuthology.orchestra.run.smithi093.stdout:/usr/bin/ceph: stderr
2023-07-05T20:55:10.630+0000 7fa08e59c700 1 --2- 172.21.15.93:0/3349818141 >> [v2:172.21.15.93:3300/0,v1:172.21.15.93:6789/0] conn(0x7fa090105df0 0x7fa0901081d0 secure :-1 s=READY pgs=22 cs=0 l=1 rev1=1 crypto rx=0x7fa0840098a0 tx=0x7fa084009bb0 comp rx=0 tx=0).ready entity=mon.0 client_cookie=4bbe462042e70d6 server_cookie=0 in_seq=0 out_seq=0
2023-07-05T20:55:11.323 INFO:teuthology.orchestra.run.smithi093.stdout:/usr/bin/ceph: stderr
2023-07-05T20:55:10.630+0000 7fa08d59a700 1 -- 172.21.15.93:0/3349818141 <== mon.0 v2:172.21.15.93:3300/0 1 ==== mon_map magic: 0 v1 ==== 205+0+0 (secure 0 0 0) 0x7fa084004160 con 0x7fa090105df0
2023-07-05T20:55:11.324 INFO:teuthology.orchestra.run.smithi093.stdout:/usr/bin/ceph: stderr
2023-07-05T20:55:10.630+0000 7fa08d59a700 1 -- 172.21.15.93:0/3349818141 <== mon.0 v2:172.21.15.93:3300/0 2 ==== config(26 keys) v1 ==== 1074+0+0 (secure 0 0 0) 0x7fa0840042c0 con 0x7fa090105df0
2023-07-05T20:55:11.324 INFO:teuthology.orchestra.run.smithi093.stdout:/usr/bin/ceph: stderr
2023-07-05T20:55:10.630+0000 7fa08d59a700 1 -- 172.21.15.93:0/3349818141 <== mon.0 v2:172.21.15.93:3300/0 3 ==== mon_map magic: 0 v1 ==== 205+0+0 (secure 0 0 0) 0x7fa084011a00 con 0x7fa090105df0
2023-07-05T20:55:11.324 INFO:teuthology.orchestra.run.smithi093.stdout:/usr/bin/ceph: stderr
2023-07-05T20:55:10.631+0000 7fa094a0d700 1 -- 172.21.15.93:0/3349818141 >> [v2:172.21.15.93:3300/0,v1:172.21.15.93:6789/0] conn(0x7fa090105df0 msgr2=0x7fa0901081d0 secure :-1 s=STATE_CONNECTION_ESTABLISHED l=1).mark_down
2023-07-05T20:55:11.324 INFO:teuthology.orchestra.run.smithi093.stdout:/usr/bin/ceph: stderr
2023-07-05T20:55:10.631+0000 7fa094a0d700 1 --2- 172.21.15.93:0/3349818141 >> [v2:172.21.15.93:3300/0,v1:172.21.15.93:6789/0] conn(0x7fa090105df0 0x7fa0901081d0 secure :-1 s=READY pgs=22 cs=0 l=1 rev1=1 crypto rx=0x7fa0840098a0 tx=0x7fa084009bb0 comp rx=0 tx=0).stop
2023-07-05T20:55:11.324 INFO:teuthology.orchestra.run.smithi093.stdout:/usr/bin/ceph: stderr
2023-07-05T20:55:10.631+0000 7fa094a0d700 1 -- 172.21.15.93:0/3349818141 shutdown_connections
2023-07-05T20:55:11.324 INFO:teuthology.orchestra.run.smithi093.stdout:/usr/bin/ceph: stderr
2023-07-05T20:55:10.631+0000 7fa094a0d700 1 --2- 172.21.15.93:0/3349818141 >> [v2:172.21.15.93:3300/0,v1:172.21.15.93:6789/0] conn(0x7fa090105df0 0x7fa0901081d0 unknown :-1 s=CLOSED pgs=22 cs=0 l=1 rev1=1 crypto rx=0 tx=0 comp rx=0 tx=0).stop
2023-07-05T20:55:11.324 INFO:teuthology.orchestra.run.smithi093.stdout:/usr/bin/ceph: stderr
2023-07-05T20:55:10.631+0000 7fa094a0d700 1 -- 172.21.15.93:0/3349818141 >> 172.21.15.93:0/3349818141 conn(0x7fa0900ff850 msgr2=0x7fa090101c60 unknown :-1 s=STATE_NONE l=0).mark_down
2023-07-05T20:55:11.325 INFO:teuthology.orchestra.run.smithi093.stdout:/usr/bin/ceph: stderr
2023-07-05T20:55:10.631+0000 7fa094a0d700 1 -- 172.21.15.93:0/3349818141 shutdown_connections
2023-07-05T20:55:11.325 INFO:teuthology.orchestra.run.smithi093.stdout:/usr/bin/ceph: stderr
2023-07-05T20:55:10.631+0000 7fa094a0d700 1 -- 172.21.15.93:0/3349818141 wait complete.
2023-07-05T20:55:11.325 INFO:teuthology.orchestra.run.smithi093.stdout:/usr/bin/ceph: stderr
2023-07-05T20:55:10.632+0000 7fa094a0d700 1 Processor -- start
2023-07-05T20:55:11.325 INFO:teuthology.orchestra.run.smithi093.stdout:/usr/bin/ceph: stderr
2023-07-05T20:55:10.632+0000 7fa094a0d700 1 -- start start
2023-07-05T20:55:11.325 INFO:teuthology.orchestra.run.smithi093.stdout:/usr/bin/ceph: stderr
2023-07-05T20:55:10.632+0000 7fa094a0d700 1 --2- >> [v2:172.21.15.93:3300/0,v1:172.21.15.93:6789/0] conn(0x7fa090105df0 0x7fa090105750 unknown :-1 s=NONE pgs=0 cs=0 l=1 rev1=0 crypto rx=0 tx=0 comp rx=0 tx=0).connect
2023-07-05T20:55:11.325 INFO:teuthology.orchestra.run.smithi093.stdout:/usr/bin/ceph: stderr
2023-07-05T20:55:10.632+0000 7fa094a0d700 1 -- --> [v2:172.21.15.93:3300/0,v1:172.21.15.93:6789/0] -- mon_getmap magic: 0 v1 -- 0x7fa090105c90 con 0x7fa090105df0
2023-07-05T20:55:11.325 INFO:teuthology.orchestra.run.smithi093.stdout:/usr/bin/ceph: stderr
2023-07-05T20:55:10.632+0000 7fa08e59c700 1 --2- >> [v2:172.21.15.93:3300/0,v1:172.21.15.93:6789/0] conn(0x7fa090105df0 0x7fa090105750 unknown :-1 s=BANNER_CONNECTING pgs=0 cs=0 l=1 rev1=0 crypto rx=0 tx=0 comp rx=0 tx=0)._handle_peer_banner_payload supported=3 required=0
2023-07-05T20:55:11.325 INFO:teuthology.orchestra.run.smithi093.stdout:/usr/bin/ceph: stderr
2023-07-05T20:55:10.632+0000 7fa08e59c700 1 --2- >> [v2:172.21.15.93:3300/0,v1:172.21.15.93:6789/0] conn(0x7fa090105df0 0x7fa090105750 unknown :-1 s=HELLO_CONNECTING pgs=0 cs=0 l=1 rev1=1 crypto rx=0 tx=0 comp rx=0 tx=0).handle_hello peer v2:172.21.15.93:3300/0 says I am v2:172.21.15.93:47916/0 (socket says 172.21.15.93:47916)
2023-07-05T20:55:11.326 INFO:teuthology.orchestra.run.smithi093.stdout:/usr/bin/ceph: stderr
2023-07-05T20:55:10.632+0000 7fa08e59c700 1 -- 172.21.15.93:0/362965592 learned_addr learned my addr 172.21.15.93:0/362965592 (peer_addr_for_me v2:172.21.15.93:0/0)
2023-07-05T20:55:11.326 INFO:teuthology.orchestra.run.smithi093.stdout:/usr/bin/ceph: stderr
2023-07-05T20:55:10.632+0000 7fa08e59c700 1 -- 172.21.15.93:0/362965592 --> [v2:172.21.15.93:3300/0,v1:172.21.15.93:6789/0] -- mon_subscribe({config=0+,monmap=0+}) v3 -- 0x7fa084009550 con 0x7fa090105df0
2023-07-05T20:55:11.326 INFO:teuthology.orchestra.run.smithi093.stdout:/usr/bin/ceph: stderr
2023-07-05T20:55:10.632+0000 7fa08e59c700 1 --2- 172.21.15.93:0/362965592 >> [v2:172.21.15.93:3300/0,v1:172.21.15.93:6789/0] conn(0x7fa090105df0 0x7fa090105750 secure :-1 s=READY pgs=23 cs=0 l=1 rev1=1 crypto rx=0x7fa084009130 tx=0x7fa084011ad0 comp rx=0 tx=0).ready entity=mon.0 client_cookie=0 server_cookie=0 in_seq=0 out_seq=0
2023-07-05T20:55:11.326 INFO:teuthology.orchestra.run.smithi093.stdout:/usr/bin/ceph: stderr
2023-07-05T20:55:10.632+0000 7fa07f7fe700 1 -- 172.21.15.93:0/362965592 <== mon.0 v2:172.21.15.93:3300/0 1 ==== mon_map magic: 0 v1 ==== 205+0+0 (secure 0 0 0) 0x7fa084003ab0 con 0x7fa090105df0
2023-07-05T20:55:11.326 INFO:teuthology.orchestra.run.smithi093.stdout:/usr/bin/ceph: stderr
2023-07-05T20:55:10.632+0000 7fa07f7fe700 1 -- 172.21.15.93:0/362965592 <== mon.0 v2:172.21.15.93:3300/0 2 ==== config(26 keys) v1 ==== 1074+0+0 (secure 0 0 0) 0x7fa084003c10 con 0x7fa090105df0
2023-07-05T20:55:11.326 INFO:teuthology.orchestra.run.smithi093.stdout:/usr/bin/ceph: stderr
2023-07-05T20:55:10.632+0000 7fa094a0d700 1 -- 172.21.15.93:0/362965592 --> [v2:172.21.15.93:3300/0,v1:172.21.15.93:6789/0] -- mon_subscribe({mgrmap=0+}) v3 -- 0x7fa090103da0 con 0x7fa090105df0
2023-07-05T20:55:11.326 INFO:teuthology.orchestra.run.smithi093.stdout:/usr/bin/ceph: stderr
2023-07-05T20:55:10.632+0000 7fa07f7fe700 1 -- 172.21.15.93:0/362965592 <== mon.0 v2:172.21.15.93:3300/0 3 ==== mon_map magic: 0 v1 ==== 205+0+0 (secure 0 0 0) 0x7fa0840247d0 con 0x7fa090105df0
2023-07-05T20:55:11.327 INFO:teuthology.orchestra.run.smithi093.stdout:/usr/bin/ceph: stderr
2023-07-05T20:55:10.633+0000 7fa094a0d700 1 -- 172.21.15.93:0/362965592 --> [v2:172.21.15.93:3300/0,v1:172.21.15.93:6789/0] -- mon_subscribe({osdmap=0}) v3 -- 0x7fa0901041c0 con 0x7fa090105df0
2023-07-05T20:55:11.327 INFO:teuthology.orchestra.run.smithi093.stdout:/usr/bin/ceph: stderr
2023-07-05T20:55:10.633+0000 7fa07f7fe700 1 -- 172.21.15.93:0/362965592 <== mon.0 v2:172.21.15.93:3300/0 4 ==== mgrmap(e 4) v1 ==== 45472+0+0 (secure 0 0 0) 0x7fa08401a430 con 0x7fa090105df0
2023-07-05T20:55:11.327 INFO:teuthology.orchestra.run.smithi093.stdout:/usr/bin/ceph: stderr
2023-07-05T20:55:10.634+0000 7fa07f7fe700 1 --2- 172.21.15.93:0/362965592 >> [v2:172.21.15.93:6800/3881226937,v1:172.21.15.93:6801/3881226937] conn(0x7fa0780386c0 0x7fa07803ab70 unknown :-1 s=NONE pgs=0 cs=0 l=1 rev1=0 crypto rx=0 tx=0 comp rx=0 tx=0).connect
2023-07-05T20:55:11.327 INFO:teuthology.orchestra.run.smithi093.stdout:/usr/bin/ceph: stderr
2023-07-05T20:55:10.634+0000 7fa07f7fe700 1 -- 172.21.15.93:0/362965592 <== mon.0 v2:172.21.15.93:3300/0 5 ==== osd_map(1..1 src has 1..1) v4 ==== 725+0+0 (secure 0 0 0) 0x7fa08404c460 con 0x7fa090105df0
2023-07-05T20:55:11.327 INFO:teuthology.orchestra.run.smithi093.stdout:/usr/bin/ceph: stderr
2023-07-05T20:55:10.634+0000 7fa08dd9b700 1 --2- 172.21.15.93:0/362965592 >> [v2:172.21.15.93:6800/3881226937,v1:172.21.15.93:6801/3881226937] conn(0x7fa0780386c0 0x7fa07803ab70 unknown :-1 s=BANNER_CONNECTING pgs=0 cs=0 l=1 rev1=0 crypto rx=0 tx=0 comp rx=0 tx=0)._handle_peer_banner_payload supported=3 required=0
2023-07-05T20:55:11.327 INFO:teuthology.orchestra.run.smithi093.stdout:/usr/bin/ceph: stderr
2023-07-05T20:55:10.634+0000 7fa094a0d700 1 -- 172.21.15.93:0/362965592 --> [v2:172.21.15.93:3300/0,v1:172.21.15.93:6789/0] -- mon_command({"prefix": "get_command_descriptions"} v 0) v1 -- 0x7fa0901093e0 con 0x7fa090105df0
2023-07-05T20:55:11.327 INFO:teuthology.orchestra.run.smithi093.stdout:/usr/bin/ceph: stderr
2023-07-05T20:55:10.634+0000 7fa08dd9b700 1 --2- 172.21.15.93:0/362965592 >> [v2:172.21.15.93:6800/3881226937,v1:172.21.15.93:6801/3881226937] conn(0x7fa0780386c0 0x7fa07803ab70 secure :-1 s=READY pgs=8 cs=0 l=1 rev1=1 crypto rx=0x7fa080006fd0 tx=0x7fa080006e40 comp rx=0 tx=0).ready entity=mgr.14100 client_cookie=0 server_cookie=0 in_seq=0 out_seq=0
2023-07-05T20:55:11.327 INFO:teuthology.orchestra.run.smithi093.stdout:/usr/bin/ceph: stderr
2023-07-05T20:55:10.638+0000 7fa07f7fe700 1 -- 172.21.15.93:0/362965592 <== mon.0 v2:172.21.15.93:3300/0 6 ==== mon_command_ack([{"prefix": "get_command_descriptions"}]=0 v0) v1 ==== 72+0+178008 (secure 0 0 0) 0x7fa084018920 con 0x7fa090105df0
2023-07-05T20:55:11.328 INFO:teuthology.orchestra.run.smithi093.stdout:/usr/bin/ceph: stderr
2023-07-05T20:55:10.877+0000 7fa094a0d700 1 -- 172.21.15.93:0/362965592 --> [v2:172.21.15.93:3300/0,v1:172.21.15.93:6789/0] -- mon_command({"prefix": "mgr module enable", "module": "cephadm"} v 0) v1 -- 0x7fa0901095d0 con 0x7fa090105df0
2023-07-05T20:55:11.328 INFO:teuthology.orchestra.run.smithi093.stdout:/usr/bin/ceph: stderr
2023-07-05T20:55:10.930+0000 7fa07f7fe700 1 -- 172.21.15.93:0/362965592 <== mon.0 v2:172.21.15.93:3300/0 7 ==== mgrmap(e 5) v1 ==== 45483+0+0 (secure 0 0 0) 0x7fa08402d440 con 0x7fa090105df0
2023-07-05T20:55:11.328 INFO:teuthology.orchestra.run.smithi093.stdout:/usr/bin/ceph: stderr
2023-07-05T20:55:10.931+0000 7fa07f7fe700 1 -- 172.21.15.93:0/362965592 <== mon.0 v2:172.21.15.93:3300/0 8 ==== mon_command_ack([{"prefix": "mgr module enable", "module": "cephadm"}]=0 v5) v1 ==== 86+0+0 (secure 0 0 0) 0x7fa08404c1c0 con 0x7fa090105df0
2023-07-05T20:55:11.328 INFO:teuthology.orchestra.run.smithi093.stdout:/usr/bin/ceph: stderr
2023-07-05T20:55:10.933+0000 7fa094a0d700 1 -- 172.21.15.93:0/362965592 >> [v2:172.21.15.93:6800/3881226937,v1:172.21.15.93:6801/3881226937] conn(0x7fa0780386c0 msgr2=0x7fa07803ab70 secure :-1 s=STATE_CONNECTION_ESTABLISHED l=1).mark_down
2023-07-05T20:55:11.328 INFO:teuthology.orchestra.run.smithi093.stdout:/usr/bin/ceph: stderr
2023-07-05T20:55:10.933+0000 7fa094a0d700 1 --2- 172.21.15.93:0/362965592 >> [v2:172.21.15.93:6800/3881226937,v1:172.21.15.93:6801/3881226937] conn(0x7fa0780386c0 0x7fa07803ab70 secure :-1 s=READY pgs=8 cs=0 l=1 rev1=1 crypto rx=0x7fa080006fd0 tx=0x7fa080006e40 comp rx=0 tx=0).stop
2023-07-05T20:55:11.329 INFO:teuthology.orchestra.run.smithi093.stdout:/usr/bin/ceph: stderr
2023-07-05T20:55:10.933+0000 7fa094a0d700 1 -- 172.21.15.93:0/362965592 >> [v2:172.21.15.93:3300/0,v1:172.21.15.93:6789/0] conn(0x7fa090105df0 msgr2=0x7fa090105750 secure :-1 s=STATE_CONNECTION_ESTABLISHED l=1).mark_down
2023-07-05T20:55:11.329 INFO:teuthology.orchestra.run.smithi093.stdout:/usr/bin/ceph: stderr
2023-07-05T20:55:10.933+0000 7fa094a0d700 1 --2- 172.21.15.93:0/362965592 >> [v2:172.21.15.93:3300/0,v1:172.21.15.93:6789/0] conn(0x7fa090105df0 0x7fa090105750 secure :-1 s=READY pgs=23 cs=0 l=1 rev1=1 crypto rx=0x7fa084009130 tx=0x7fa084011ad0 comp rx=0 tx=0).stop
2023-07-05T20:55:11.329 INFO:teuthology.orchestra.run.smithi093.stdout:/usr/bin/ceph: stderr
2023-07-05T20:55:10.933+0000 7fa094a0d700 1 -- 172.21.15.93:0/362965592 shutdown_connections
2023-07-05T20:55:11.329 INFO:teuthology.orchestra.run.smithi093.stdout:/usr/bin/ceph: stderr
2023-07-05T20:55:10.933+0000 7fa094a0d700 1 --2- 172.21.15.93:0/362965592 >> [v2:172.21.15.93:6800/3881226937,v1:172.21.15.93:6801/3881226937] conn(0x7fa0780386c0 0x7fa07803ab70 unknown :-1 s=CLOSED pgs=8 cs=0 l=1 rev1=1 crypto rx=0 tx=0 comp rx=0 tx=0).stop
2023-07-05T20:55:11.329 INFO:teuthology.orchestra.run.smithi093.stdout:/usr/bin/ceph: stderr
2023-07-05T20:55:10.933+0000 7fa094a0d700 1 --2- 172.21.15.93:0/362965592 >> [v2:172.21.15.93:3300/0,v1:172.21.15.93:6789/0] conn(0x7fa090105df0 0x7fa090105750 unknown :-1 s=CLOSED pgs=23 cs=0 l=1 rev1=1 crypto rx=0 tx=0 comp rx=0 tx=0).stop
2023-07-05T20:55:11.329 INFO:teuthology.orchestra.run.smithi093.stdout:/usr/bin/ceph: stderr
2023-07-05T20:55:10.933+0000 7fa094a0d700 1 -- 172.21.15.93:0/362965592 >> 172.21.15.93:0/362965592 conn(0x7fa0900ff850 msgr2=0x7fa090100f20 unknown :-1 s=STATE_NONE l=0).mark_down
2023-07-05T20:55:11.330 INFO:teuthology.orchestra.run.smithi093.stdout:/usr/bin/ceph: stderr
2023-07-05T20:55:10.933+0000 7fa094a0d700 1 -- 172.21.15.93:0/362965592 shutdown_connections
2023-07-05T20:55:11.331 INFO:teuthology.orchestra.run.smithi093.stdout:/usr/bin/ceph: stderr
2023-07-05T20:55:10.933+0000 7fa094a0d700 1 -- 172.21.15.93:0/362965592 wait complete.
2023-07-05T20:55:11.539 INFO:journalctl@ceph.mgr.x.smithi093.stdout:Jul 05 20:55:11 smithi093 ceph-10689cf0-1b76-11ee-9b2f-001a4aab830c-mgr-x[96760]:
2023-07-05T20:55:11.366+0000 7f4cc623e200 -1 mgr[py] Module zabbix has missing NOTIFY_TYPES member
2023-07-05T20:55:11.841 INFO:journalctl@ceph.mgr.x.smithi093.stdout:Jul 05 20:55:11 smithi093 ceph-10689cf0-1b76-11ee-9b2f-001a4aab830c-mgr-x[96760]:
2023-07-05T20:55:11.538+0000 7f4cc623e200 -1 mgr[py] Module crash has missing NOTIFY_TYPES member
2023-07-05T20:55:12.156 INFO:journalctl@ceph.mon.a.smithi093.stdout:Jul 05 20:55:11 smithi093 ceph-mon[96517]: from='client.? 172.21.15.93:0/362965592' entity='client.admin' cmd='[{"prefix": "mgr module enable", "module": "cephadm"}]': finished
2023-07-05T20:55:12.156 INFO:journalctl@ceph.mon.a.smithi093.stdout:Jul 05 20:55:11 smithi093 ceph-mon[96517]: mgrmap e5: x(active, since 11s)
2023-07-05T20:55:12.157 INFO:journalctl@ceph.mgr.x.smithi093.stdout:Jul 05 20:55:11 smithi093 ceph-10689cf0-1b76-11ee-9b2f-001a4aab830c-mgr-x[96760]:
2023-07-05T20:55:11.857+0000 7f4cc623e200 -1 mgr[py] Module prometheus has missing NOTIFY_TYPES member
2023-07-05T20:55:12.157 INFO:journalctl@ceph.mgr.x.smithi093.stdout:Jul 05 20:55:11 smithi093 ceph-10689cf0-1b76-11ee-9b2f-001a4aab830c-mgr-x[96760]:
2023-07-05T20:55:11.952+0000 7f4cc623e200 -1 mgr[py] Module status has missing NOTIFY_TYPES member
2023-07-05T20:55:12.157 INFO:journalctl@ceph.mgr.x.smithi093.stdout:Jul 05 20:55:12 smithi093 ceph-10689cf0-1b76-11ee-9b2f-001a4aab830c-mgr-x[96760]:
2023-07-05T20:55:12.084+0000 7f4cc623e200 -1 mgr[py] Module selftest has missing NOTIFY_TYPES member
2023-07-05T20:55:12.523 INFO:journalctl@ceph.mgr.x.smithi093.stdout:Jul 05 20:55:12 smithi093 ceph-10689cf0-1b76-11ee-9b2f-001a4aab830c-mgr-x[96760]:
2023-07-05T20:55:12.183+0000 7f4cc623e200 -1 mgr[py] Module alerts has missing NOTIFY_TYPES member
2023-07-05T20:55:12.572 INFO:teuthology.orchestra.run.smithi093.stdout:/usr/bin/ceph: stdout {
2023-07-05T20:55:12.572 INFO:teuthology.orchestra.run.smithi093.stdout:/usr/bin/ceph: stdout "epoch": 5,
2023-07-05T20:55:12.573 INFO:teuthology.orchestra.run.smithi093.stdout:/usr/bin/ceph: stdout "available": true,
2023-07-05T20:55:12.573 INFO:teuthology.orchestra.run.smithi093.stdout:/usr/bin/ceph: stdout "active_name": "x",
2023-07-05T20:55:12.573 INFO:teuthology.orchestra.run.smithi093.stdout:/usr/bin/ceph: stdout "num_standby": 0
2023-07-05T20:55:12.573 INFO:teuthology.orchestra.run.smithi093.stdout:/usr/bin/ceph: stdout }
2023-07-05T20:55:12.573 INFO:teuthology.orchestra.run.smithi093.stdout:/usr/bin/ceph: stderr
2023-07-05T20:55:11.869+0000 7f8b8710b700 1 Processor -- start
2023-07-05T20:55:12.573 INFO:teuthology.orchestra.run.smithi093.stdout:/usr/bin/ceph: stderr
2023-07-05T20:55:11.869+0000 7f8b8710b700 1 -- start start
2023-07-05T20:55:12.573 INFO:teuthology.orchestra.run.smithi093.stdout:/usr/bin/ceph: stderr
2023-07-05T20:55:11.869+0000 7f8b8710b700 1 --2- >> [v2:172.21.15.93:3300/0,v1:172.21.15.93:6789/0] conn(0x7f8b80079c80 0x7f8b80107ec0 unknown :-1 s=NONE pgs=0 cs=0 l=0 rev1=0 crypto rx=0 tx=0 comp rx=0 tx=0).connect
2023-07-05T20:55:12.574 INFO:teuthology.orchestra.run.smithi093.stdout:/usr/bin/ceph: stderr
2023-07-05T20:55:11.869+0000 7f8b8710b700 1 -- --> [v2:172.21.15.93:3300/0,v1:172.21.15.93:6789/0] -- mon_getmap magic: 0 v1 -- 0x7f8b80108400 con 0x7f8b80079c80
2023-07-05T20:55:12.574 INFO:teuthology.orchestra.run.smithi093.stdout:/usr/bin/ceph: stderr
2023-07-05T20:55:11.869+0000 7f8b84ea7700 1 --2- >> [v2:172.21.15.93:3300/0,v1:172.21.15.93:6789/0] conn(0x7f8b80079c80 0x7f8b80107ec0 unknown :-1 s=BANNER_CONNECTING pgs=0 cs=0 l=0 rev1=0 crypto rx=0 tx=0 comp rx=0 tx=0)._handle_peer_banner_payload supported=3 required=0
2023-07-05T20:55:12.574 INFO:teuthology.orchestra.run.smithi093.stdout:/usr/bin/ceph: stderr
2023-07-05T20:55:11.869+0000 7f8b84ea7700 1 --2- >> [v2:172.21.15.93:3300/0,v1:172.21.15.93:6789/0] conn(0x7f8b80079c80 0x7f8b80107ec0 unknown :-1 s=HELLO_CONNECTING pgs=0 cs=0 l=0 rev1=1 crypto rx=0 tx=0 comp rx=0 tx=0).handle_hello peer v2:172.21.15.93:3300/0 says I am v2:172.21.15.93:47930/0 (socket says 172.21.15.93:47930)
2023-07-05T20:55:12.574 INFO:teuthology.orchestra.run.smithi093.stdout:/usr/bin/ceph: stderr
2023-07-05T20:55:11.869+0000 7f8b84ea7700 1 -- 172.21.15.93:0/1696648063 learned_addr learned my addr 172.21.15.93:0/1696648063 (peer_addr_for_me v2:172.21.15.93:0/0)
2023-07-05T20:55:12.574 INFO:teuthology.orchestra.run.smithi093.stdout:/usr/bin/ceph: stderr
2023-07-05T20:55:11.869+0000 7f8b84ea7700 1 -- 172.21.15.93:0/1696648063 --> [v2:172.21.15.93:3300/0,v1:172.21.15.93:6789/0] -- mon_subscribe({config=0+,monmap=0+}) v3 -- 0x7f8b80108540 con 0x7f8b80079c80
2023-07-05T20:55:12.574 INFO:teuthology.orchestra.run.smithi093.stdout:/usr/bin/ceph: stderr
2023-07-05T20:55:11.869+0000 7f8b84ea7700 1 --2- 172.21.15.93:0/1696648063 >> [v2:172.21.15.93:3300/0,v1:172.21.15.93:6789/0] conn(0x7f8b80079c80 0x7f8b80107ec0 secure :-1 s=READY pgs=26 cs=0 l=1 rev1=1 crypto rx=0x7f8b740098a0 tx=0x7f8b74009bb0 comp rx=0 tx=0).ready entity=mon.0 client_cookie=6f75ee0990e765d2 server_cookie=0 in_seq=0 out_seq=0
2023-07-05T20:55:12.574 INFO:teuthology.orchestra.run.smithi093.stdout:/usr/bin/ceph: stderr
2023-07-05T20:55:11.870+0000 7f8b7f7fe700 1 -- 172.21.15.93:0/1696648063 <== mon.0 v2:172.21.15.93:3300/0 1 ==== mon_map magic: 0 v1 ==== 205+0+0 (secure 0 0 0) 0x7f8b74004160 con 0x7f8b80079c80
2023-07-05T20:55:12.575 INFO:teuthology.orchestra.run.smithi093.stdout:/usr/bin/ceph: stderr
2023-07-05T20:55:11.870+0000 7f8b7f7fe700 1 -- 172.21.15.93:0/1696648063 <== mon.0 v2:172.21.15.93:3300/0 2 ==== config(26 keys) v1 ==== 1074+0+0 (secure 0 0 0) 0x7f8b740042c0 con 0x7f8b80079c80
2023-07-05T20:55:12.575 INFO:teuthology.orchestra.run.smithi093.stdout:/usr/bin/ceph: stderr
2023-07-05T20:55:11.870+0000 7f8b7f7fe700 1 -- 172.21.15.93:0/1696648063 <== mon.0 v2:172.21.15.93:3300/0 3 ==== mon_map magic: 0 v1 ==== 205+0+0 (secure 0 0 0) 0x7f8b74011a00 con 0x7f8b80079c80
2023-07-05T20:55:12.575 INFO:teuthology.orchestra.run.smithi093.stdout:/usr/bin/ceph: stderr
2023-07-05T20:55:11.870+0000 7f8b8710b700 1 -- 172.21.15.93:0/1696648063 >> [v2:172.21.15.93:3300/0,v1:172.21.15.93:6789/0] conn(0x7f8b80079c80 msgr2=0x7f8b80107ec0 secure :-1 s=STATE_CONNECTION_ESTABLISHED l=1).mark_down
2023-07-05T20:55:12.575 INFO:teuthology.orchestra.run.smithi093.stdout:/usr/bin/ceph: stderr
2023-07-05T20:55:11.870+0000 7f8b8710b700 1 --2- 172.21.15.93:0/1696648063 >> [v2:172.21.15.93:3300/0,v1:172.21.15.93:6789/0] conn(0x7f8b80079c80 0x7f8b80107ec0 secure :-1 s=READY pgs=26 cs=0 l=1 rev1=1 crypto rx=0x7f8b740098a0 tx=0x7f8b74009bb0 comp rx=0 tx=0).stop
2023-07-05T20:55:12.575 INFO:teuthology.orchestra.run.smithi093.stdout:/usr/bin/ceph: stderr
2023-07-05T20:55:11.870+0000 7f8b8710b700 1 -- 172.21.15.93:0/1696648063 shutdown_connections
2023-07-05T20:55:12.575 INFO:teuthology.orchestra.run.smithi093.stdout:/usr/bin/ceph: stderr
2023-07-05T20:55:11.870+0000 7f8b8710b700 1 --2- 172.21.15.93:0/1696648063 >> [v2:172.21.15.93:3300/0,v1:172.21.15.93:6789/0] conn(0x7f8b80079c80 0x7f8b80107ec0 unknown :-1 s=CLOSED pgs=26 cs=0 l=1 rev1=1 crypto rx=0 tx=0 comp rx=0 tx=0).stop
