2023-07-05T20:55:19.474+0000 7fd6a53dd700 1 --2- >> [v2:172.21.15.93:3300/0,v1:172.21.15.93:6789/0] conn(0x7fd6a0103c20 0x7fd6a019b2a0 unknown :-1 s=HELLO_CONNECTING pgs=0 cs=0 l=1 rev1=1 crypto rx=0 tx=0 comp rx=0 tx=0).handle_hello peer v2:172.21.15.93:3300/0 says I am v2:172.21.15.93:47996/0 (socket says 172.21.15.93:47996)
2023-07-05T20:55:20.174 INFO:teuthology.orchestra.run.smithi093.stdout:/usr/bin/ceph: stderr
2023-07-05T20:55:19.474+0000 7fd6a53dd700 1 -- 172.21.15.93:0/906507557 learned_addr learned my addr 172.21.15.93:0/906507557 (peer_addr_for_me v2:172.21.15.93:0/0)
2023-07-05T20:55:20.174 INFO:teuthology.orchestra.run.smithi093.stdout:/usr/bin/ceph: stderr
2023-07-05T20:55:19.474+0000 7fd6a53dd700 1 -- 172.21.15.93:0/906507557 --> [v2:172.21.15.93:3300/0,v1:172.21.15.93:6789/0] -- mon_subscribe({config=0+,monmap=0+}) v3 -- 0x7fd690009550 con 0x7fd6a0103c20
2023-07-05T20:55:20.174 INFO:teuthology.orchestra.run.smithi093.stdout:/usr/bin/ceph: stderr
2023-07-05T20:55:19.474+0000 7fd6a53dd700 1 --2- 172.21.15.93:0/906507557 >> [v2:172.21.15.93:3300/0,v1:172.21.15.93:6789/0] conn(0x7fd6a0103c20 0x7fd6a019b2a0 secure :-1 s=READY pgs=38 cs=0 l=1 rev1=1 crypto rx=0x7fd690009fb0 tx=0x7fd690011ad0 comp rx=0 tx=0).ready entity=mon.0 client_cookie=0 server_cookie=0 in_seq=0 out_seq=0
2023-07-05T20:55:20.175 INFO:teuthology.orchestra.run.smithi093.stdout:/usr/bin/ceph: stderr
2023-07-05T20:55:19.475+0000 7fd6967fc700 1 -- 172.21.15.93:0/906507557 <== mon.0 v2:172.21.15.93:3300/0 1 ==== mon_map magic: 0 v1 ==== 205+0+0 (secure 0 0 0) 0x7fd690003a40 con 0x7fd6a0103c20
2023-07-05T20:55:20.175 INFO:teuthology.orchestra.run.smithi093.stdout:/usr/bin/ceph: stderr
2023-07-05T20:55:19.475+0000 7fd6967fc700 1 -- 172.21.15.93:0/906507557 <== mon.0 v2:172.21.15.93:3300/0 2 ==== config(26 keys) v1 ==== 1074+0+0 (secure 0 0 0) 0x7fd690003ba0 con 0x7fd6a0103c20
2023-07-05T20:55:20.175 INFO:teuthology.orchestra.run.smithi093.stdout:/usr/bin/ceph: stderr
2023-07-05T20:55:19.475+0000 7fd6a7641700 1 -- 172.21.15.93:0/906507557 --> [v2:172.21.15.93:3300/0,v1:172.21.15.93:6789/0] -- mon_subscribe({mgrmap=0+}) v3 -- 0x7fd6a019b9e0 con 0x7fd6a0103c20
2023-07-05T20:55:20.175 INFO:teuthology.orchestra.run.smithi093.stdout:/usr/bin/ceph: stderr
2023-07-05T20:55:19.475+0000 7fd6967fc700 1 -- 172.21.15.93:0/906507557 <== mon.0 v2:172.21.15.93:3300/0 3 ==== mon_map magic: 0 v1 ==== 205+0+0 (secure 0 0 0) 0x7fd69001a750 con 0x7fd6a0103c20
2023-07-05T20:55:20.175 INFO:teuthology.orchestra.run.smithi093.stdout:/usr/bin/ceph: stderr
2023-07-05T20:55:19.475+0000 7fd6a7641700 1 -- 172.21.15.93:0/906507557 --> [v2:172.21.15.93:3300/0,v1:172.21.15.93:6789/0] -- mon_subscribe({osdmap=0}) v3 -- 0x7fd6a019be00 con 0x7fd6a0103c20
2023-07-05T20:55:20.175 INFO:teuthology.orchestra.run.smithi093.stdout:/usr/bin/ceph: stderr
2023-07-05T20:55:19.475+0000 7fd6967fc700 1 -- 172.21.15.93:0/906507557 <== mon.0 v2:172.21.15.93:3300/0 4 ==== mgrmap(e 7) v1 ==== 45377+0+0 (secure 0 0 0) 0x7fd69001a9d0 con 0x7fd6a0103c20
2023-07-05T20:55:20.175 INFO:teuthology.orchestra.run.smithi093.stdout:/usr/bin/ceph: stderr
2023-07-05T20:55:19.476+0000 7fd6a7641700 1 -- 172.21.15.93:0/906507557 --> [v2:172.21.15.93:3300/0,v1:172.21.15.93:6789/0] -- mon_command({"prefix": "get_command_descriptions"} v 0) v1 -- 0x7fd6a0194ad0 con 0x7fd6a0103c20
2023-07-05T20:55:20.175 INFO:teuthology.orchestra.run.smithi093.stdout:/usr/bin/ceph: stderr
2023-07-05T20:55:19.476+0000 7fd6967fc700 1 --2- 172.21.15.93:0/906507557 >> [v2:172.21.15.93:6800/2631479333,v1:172.21.15.93:6801/2631479333] conn(0x7fd68c0385a0 0x7fd68c03aa50 unknown :-1 s=NONE pgs=0 cs=0 l=1 rev1=0 crypto rx=0 tx=0 comp rx=0 tx=0).connect
2023-07-05T20:55:20.176 INFO:teuthology.orchestra.run.smithi093.stdout:/usr/bin/ceph: stderr
2023-07-05T20:55:19.476+0000 7fd6967fc700 1 -- 172.21.15.93:0/906507557 <== mon.0 v2:172.21.15.93:3300/0 5 ==== osd_map(2..2 src has 1..2) v4 ==== 940+0+0 (secure 0 0 0) 0x7fd69004c6c0 con 0x7fd6a0103c20
2023-07-05T20:55:20.176 INFO:teuthology.orchestra.run.smithi093.stdout:/usr/bin/ceph: stderr
2023-07-05T20:55:19.476+0000 7fd6a4bdc700 1 --2- 172.21.15.93:0/906507557 >> [v2:172.21.15.93:6800/2631479333,v1:172.21.15.93:6801/2631479333] conn(0x7fd68c0385a0 0x7fd68c03aa50 unknown :-1 s=BANNER_CONNECTING pgs=0 cs=0 l=1 rev1=0 crypto rx=0 tx=0 comp rx=0 tx=0)._handle_peer_banner_payload supported=3 required=0
2023-07-05T20:55:20.176 INFO:teuthology.orchestra.run.smithi093.stdout:/usr/bin/ceph: stderr
2023-07-05T20:55:19.476+0000 7fd6a4bdc700 1 --2- 172.21.15.93:0/906507557 >> [v2:172.21.15.93:6800/2631479333,v1:172.21.15.93:6801/2631479333] conn(0x7fd68c0385a0 0x7fd68c03aa50 secure :-1 s=READY pgs=7 cs=0 l=1 rev1=1 crypto rx=0x7fd69c006fd0 tx=0x7fd69c006e40 comp rx=0 tx=0).ready entity=mgr.14120 client_cookie=0 server_cookie=0 in_seq=0 out_seq=0
2023-07-05T20:55:20.176 INFO:teuthology.orchestra.run.smithi093.stdout:/usr/bin/ceph: stderr
2023-07-05T20:55:19.480+0000 7fd6967fc700 1 -- 172.21.15.93:0/906507557 <== mon.0 v2:172.21.15.93:3300/0 6 ==== mon_command_ack([{"prefix": "get_command_descriptions"}]=0 v0) v1 ==== 72+0+178008 (secure 0 0 0) 0x7fd690018530 con 0x7fd6a0103c20
2023-07-05T20:55:20.176 INFO:teuthology.orchestra.run.smithi093.stdout:/usr/bin/ceph: stderr
2023-07-05T20:55:19.638+0000 7fd6967fc700 1 -- 172.21.15.93:0/906507557 <== mon.0 v2:172.21.15.93:3300/0 7 ==== mgrmap(e 8) v1 ==== 45483+0+0 (secure 0 0 0) 0x7fd69001ac80 con 0x7fd6a0103c20
2023-07-05T20:55:20.176 INFO:teuthology.orchestra.run.smithi093.stdout:/usr/bin/ceph: stderr
2023-07-05T20:55:19.681+0000 7fd6a7641700 1 -- 172.21.15.93:0/906507557 --> [v2:172.21.15.93:6800/2631479333,v1:172.21.15.93:6801/2631479333] -- mgr_command(tid 0: {"prefix": "orch set backend", "module_name": "cephadm", "target": ["mon-mgr", ""]}) v1 -- 0x7fd6a0060910 con 0x7fd68c0385a0
2023-07-05T20:55:20.176 INFO:teuthology.orchestra.run.smithi093.stdout:/usr/bin/ceph: stderr
2023-07-05T20:55:19.687+0000 7fd6967fc700 1 -- 172.21.15.93:0/906507557 <== mgr.14120 v2:172.21.15.93:6800/2631479333 1 ==== mgr_command_reply(tid 0: 0 ) v1 ==== 8+0+0 (secure 0 0 0) 0x7fd6a0060910 con 0x7fd68c0385a0
2023-07-05T20:55:20.177 INFO:teuthology.orchestra.run.smithi093.stdout:/usr/bin/ceph: stderr
2023-07-05T20:55:19.690+0000 7fd6a7641700 1 -- 172.21.15.93:0/906507557 >> [v2:172.21.15.93:6800/2631479333,v1:172.21.15.93:6801/2631479333] conn(0x7fd68c0385a0 msgr2=0x7fd68c03aa50 secure :-1 s=STATE_CONNECTION_ESTABLISHED l=1).mark_down
2023-07-05T20:55:20.177 INFO:teuthology.orchestra.run.smithi093.stdout:/usr/bin/ceph: stderr
2023-07-05T20:55:19.690+0000 7fd6a7641700 1 --2- 172.21.15.93:0/906507557 >> [v2:172.21.15.93:6800/2631479333,v1:172.21.15.93:6801/2631479333] conn(0x7fd68c0385a0 0x7fd68c03aa50 secure :-1 s=READY pgs=7 cs=0 l=1 rev1=1 crypto rx=0x7fd69c006fd0 tx=0x7fd69c006e40 comp rx=0 tx=0).stop
2023-07-05T20:55:20.177 INFO:teuthology.orchestra.run.smithi093.stdout:/usr/bin/ceph: stderr
2023-07-05T20:55:19.690+0000 7fd6a7641700 1 -- 172.21.15.93:0/906507557 >> [v2:172.21.15.93:3300/0,v1:172.21.15.93:6789/0] conn(0x7fd6a0103c20 msgr2=0x7fd6a019b2a0 secure :-1 s=STATE_CONNECTION_ESTABLISHED l=1).mark_down
2023-07-05T20:55:20.177 INFO:teuthology.orchestra.run.smithi093.stdout:/usr/bin/ceph: stderr
2023-07-05T20:55:19.690+0000 7fd6a7641700 1 --2- 172.21.15.93:0/906507557 >> [v2:172.21.15.93:3300/0,v1:172.21.15.93:6789/0] conn(0x7fd6a0103c20 0x7fd6a019b2a0 secure :-1 s=READY pgs=38 cs=0 l=1 rev1=1 crypto rx=0x7fd690009fb0 tx=0x7fd690011ad0 comp rx=0 tx=0).stop
2023-07-05T20:55:20.177 INFO:teuthology.orchestra.run.smithi093.stdout:/usr/bin/ceph: stderr
2023-07-05T20:55:19.690+0000 7fd6a7641700 1 -- 172.21.15.93:0/906507557 shutdown_connections
2023-07-05T20:55:20.177 INFO:teuthology.orchestra.run.smithi093.stdout:/usr/bin/ceph: stderr
2023-07-05T20:55:19.690+0000 7fd6a7641700 1 --2- 172.21.15.93:0/906507557 >> [v2:172.21.15.93:6800/2631479333,v1:172.21.15.93:6801/2631479333] conn(0x7fd68c0385a0 0x7fd68c03aa50 unknown :-1 s=CLOSED pgs=7 cs=0 l=1 rev1=1 crypto rx=0 tx=0 comp rx=0 tx=0).stop
2023-07-05T20:55:20.177 INFO:teuthology.orchestra.run.smithi093.stdout:/usr/bin/ceph: stderr
2023-07-05T20:55:19.690+0000 7fd6a7641700 1 --2- 172.21.15.93:0/906507557 >> [v2:172.21.15.93:3300/0,v1:172.21.15.93:6789/0] conn(0x7fd6a0103c20 0x7fd6a019b2a0 unknown :-1 s=CLOSED pgs=38 cs=0 l=1 rev1=1 crypto rx=0 tx=0 comp rx=0 tx=0).stop
2023-07-05T20:55:20.177 INFO:teuthology.orchestra.run.smithi093.stdout:/usr/bin/ceph: stderr
2023-07-05T20:55:19.690+0000 7fd6a7641700 1 -- 172.21.15.93:0/906507557 >> 172.21.15.93:0/906507557 conn(0x7fd6a00ff810 msgr2=0x7fd6a018f7e0 unknown :-1 s=STATE_NONE l=0).mark_down
2023-07-05T20:55:20.178 INFO:teuthology.orchestra.run.smithi093.stdout:/usr/bin/ceph: stderr
2023-07-05T20:55:19.690+0000 7fd6a7641700 1 -- 172.21.15.93:0/906507557 shutdown_connections
2023-07-05T20:55:20.178 INFO:teuthology.orchestra.run.smithi093.stdout:/usr/bin/ceph: stderr
2023-07-05T20:55:19.690+0000 7fd6a7641700 1 -- 172.21.15.93:0/906507557 wait complete.
2023-07-05T20:55:20.954 INFO:journalctl@ceph.mon.a.smithi093.stdout:Jul 05 20:55:20 smithi093 ceph-mon[96517]: mgrmap e8: x(active, since 2s)
2023-07-05T20:55:20.954 INFO:journalctl@ceph.mon.a.smithi093.stdout:Jul 05 20:55:20 smithi093 ceph-mon[96517]: from='client.14132 -' entity='client.admin' cmd=[{"prefix": "orch set backend", "module_name": "cephadm", "target": ["mon-mgr", ""]}]: dispatch
2023-07-05T20:55:20.954 INFO:journalctl@ceph.mon.a.smithi093.stdout:Jul 05 20:55:20 smithi093 ceph-mon[96517]: from='mgr.14120 172.21.15.93:0/2981309498' entity='mgr.x'
2023-07-05T20:55:20.954 INFO:journalctl@ceph.mon.a.smithi093.stdout:Jul 05 20:55:20 smithi093 ceph-mon[96517]: from='mgr.14120 172.21.15.93:0/2981309498' entity='mgr.x' cmd=[{"prefix": "config dump", "format": "json"}]: dispatch
2023-07-05T20:55:21.212 INFO:teuthology.orchestra.run.smithi093.stdout:/usr/bin/ceph: stdout value unchanged
2023-07-05T20:55:21.212 INFO:teuthology.orchestra.run.smithi093.stdout:/usr/bin/ceph: stderr
2023-07-05T20:55:20.610+0000 7f4a841eb700 1 Processor -- start
2023-07-05T20:55:21.212 INFO:teuthology.orchestra.run.smithi093.stdout:/usr/bin/ceph: stderr
2023-07-05T20:55:20.611+0000 7f4a841eb700 1 -- start start
2023-07-05T20:55:21.213 INFO:teuthology.orchestra.run.smithi093.stdout:/usr/bin/ceph: stderr
2023-07-05T20:55:20.611+0000 7f4a841eb700 1 --2- >> [v2:172.21.15.93:3300/0,v1:172.21.15.93:6789/0] conn(0x7f4a7c1052e0 0x7f4a7c1056f0 unknown :-1 s=NONE pgs=0 cs=0 l=0 rev1=0 crypto rx=0 tx=0 comp rx=0 tx=0).connect
2023-07-05T20:55:21.213 INFO:teuthology.orchestra.run.smithi093.stdout:/usr/bin/ceph: stderr
2023-07-05T20:55:20.611+0000 7f4a841eb700 1 -- --> [v2:172.21.15.93:3300/0,v1:172.21.15.93:6789/0] -- mon_getmap magic: 0 v1 -- 0x7f4a7c105cc0 con 0x7f4a7c1052e0
2023-07-05T20:55:21.213 INFO:teuthology.orchestra.run.smithi093.stdout:/usr/bin/ceph: stderr
2023-07-05T20:55:20.611+0000 7f4a81f87700 1 --2- >> [v2:172.21.15.93:3300/0,v1:172.21.15.93:6789/0] conn(0x7f4a7c1052e0 0x7f4a7c1056f0 unknown :-1 s=BANNER_CONNECTING pgs=0 cs=0 l=0 rev1=0 crypto rx=0 tx=0 comp rx=0 tx=0)._handle_peer_banner_payload supported=3 required=0
2023-07-05T20:55:21.213 INFO:teuthology.orchestra.run.smithi093.stdout:/usr/bin/ceph: stderr
2023-07-05T20:55:20.611+0000 7f4a81f87700 1 --2- >> [v2:172.21.15.93:3300/0,v1:172.21.15.93:6789/0] conn(0x7f4a7c1052e0 0x7f4a7c1056f0 unknown :-1 s=HELLO_CONNECTING pgs=0 cs=0 l=0 rev1=1 crypto rx=0 tx=0 comp rx=0 tx=0).handle_hello peer v2:172.21.15.93:3300/0 says I am v2:172.21.15.93:48000/0 (socket says 172.21.15.93:48000)
2023-07-05T20:55:21.213 INFO:teuthology.orchestra.run.smithi093.stdout:/usr/bin/ceph: stderr
2023-07-05T20:55:20.611+0000 7f4a81f87700 1 -- 172.21.15.93:0/1600980587 learned_addr learned my addr 172.21.15.93:0/1600980587 (peer_addr_for_me v2:172.21.15.93:0/0)
2023-07-05T20:55:21.213 INFO:teuthology.orchestra.run.smithi093.stdout:/usr/bin/ceph: stderr
2023-07-05T20:55:20.611+0000 7f4a81f87700 1 -- 172.21.15.93:0/1600980587 --> [v2:172.21.15.93:3300/0,v1:172.21.15.93:6789/0] -- mon_subscribe({config=0+,monmap=0+}) v3 -- 0x7f4a7c1064e0 con 0x7f4a7c1052e0
2023-07-05T20:55:21.214 INFO:teuthology.orchestra.run.smithi093.stdout:/usr/bin/ceph: stderr
2023-07-05T20:55:20.611+0000 7f4a81f87700 1 --2- 172.21.15.93:0/1600980587 >> [v2:172.21.15.93:3300/0,v1:172.21.15.93:6789/0] conn(0x7f4a7c1052e0 0x7f4a7c1056f0 secure :-1 s=READY pgs=39 cs=0 l=1 rev1=1 crypto rx=0x7f4a6c0098a0 tx=0x7f4a6c009bb0 comp rx=0 tx=0).ready entity=mon.0 client_cookie=e3b148bd897bbaf8 server_cookie=0 in_seq=0 out_seq=0
2023-07-05T20:55:21.214 INFO:teuthology.orchestra.run.smithi093.stdout:/usr/bin/ceph: stderr
2023-07-05T20:55:20.611+0000 7f4a80f85700 1 -- 172.21.15.93:0/1600980587 <== mon.0 v2:172.21.15.93:3300/0 1 ==== mon_map magic: 0 v1 ==== 205+0+0 (secure 0 0 0) 0x7f4a6c004160 con 0x7f4a7c1052e0
2023-07-05T20:55:21.214 INFO:teuthology.orchestra.run.smithi093.stdout:/usr/bin/ceph: stderr
2023-07-05T20:55:20.611+0000 7f4a80f85700 1 -- 172.21.15.93:0/1600980587 <== mon.0 v2:172.21.15.93:3300/0 2 ==== config(26 keys) v1 ==== 1074+0+0 (secure 0 0 0) 0x7f4a6c0042c0 con 0x7f4a7c1052e0
2023-07-05T20:55:21.214 INFO:teuthology.orchestra.run.smithi093.stdout:/usr/bin/ceph: stderr
2023-07-05T20:55:20.611+0000 7f4a80f85700 1 -- 172.21.15.93:0/1600980587 <== mon.0 v2:172.21.15.93:3300/0 3 ==== mon_map magic: 0 v1 ==== 205+0+0 (secure 0 0 0) 0x7f4a6c011a00 con 0x7f4a7c1052e0
2023-07-05T20:55:21.214 INFO:teuthology.orchestra.run.smithi093.stdout:/usr/bin/ceph: stderr
2023-07-05T20:55:20.612+0000 7f4a841eb700 1 -- 172.21.15.93:0/1600980587 >> [v2:172.21.15.93:3300/0,v1:172.21.15.93:6789/0] conn(0x7f4a7c1052e0 msgr2=0x7f4a7c1056f0 secure :-1 s=STATE_CONNECTION_ESTABLISHED l=1).mark_down
2023-07-05T20:55:21.214 INFO:teuthology.orchestra.run.smithi093.stdout:/usr/bin/ceph: stderr
2023-07-05T20:55:20.612+0000 7f4a841eb700 1 --2- 172.21.15.93:0/1600980587 >> [v2:172.21.15.93:3300/0,v1:172.21.15.93:6789/0] conn(0x7f4a7c1052e0 0x7f4a7c1056f0 secure :-1 s=READY pgs=39 cs=0 l=1 rev1=1 crypto rx=0x7f4a6c0098a0 tx=0x7f4a6c009bb0 comp rx=0 tx=0).stop
2023-07-05T20:55:21.214 INFO:teuthology.orchestra.run.smithi093.stdout:/usr/bin/ceph: stderr
2023-07-05T20:55:20.612+0000 7f4a841eb700 1 -- 172.21.15.93:0/1600980587 shutdown_connections
2023-07-05T20:55:21.215 INFO:teuthology.orchestra.run.smithi093.stdout:/usr/bin/ceph: stderr
2023-07-05T20:55:20.612+0000 7f4a841eb700 1 --2- 172.21.15.93:0/1600980587 >> [v2:172.21.15.93:3300/0,v1:172.21.15.93:6789/0] conn(0x7f4a7c1052e0 0x7f4a7c1056f0 unknown :-1 s=CLOSED pgs=39 cs=0 l=1 rev1=1 crypto rx=0 tx=0 comp rx=0 tx=0).stop
2023-07-05T20:55:21.215 INFO:teuthology.orchestra.run.smithi093.stdout:/usr/bin/ceph: stderr
2023-07-05T20:55:20.612+0000 7f4a841eb700 1 -- 172.21.15.93:0/1600980587 >> 172.21.15.93:0/1600980587 conn(0x7f4a7c1008d0 msgr2=0x7f4a7c102ce0 unknown :-1 s=STATE_NONE l=0).mark_down
2023-07-05T20:55:21.215 INFO:teuthology.orchestra.run.smithi093.stdout:/usr/bin/ceph: stderr
2023-07-05T20:55:20.612+0000 7f4a841eb700 1 -- 172.21.15.93:0/1600980587 shutdown_connections
2023-07-05T20:55:21.215 INFO:teuthology.orchestra.run.smithi093.stdout:/usr/bin/ceph: stderr
2023-07-05T20:55:20.612+0000 7f4a841eb700 1 -- 172.21.15.93:0/1600980587 wait complete.
2023-07-05T20:55:21.215 INFO:teuthology.orchestra.run.smithi093.stdout:/usr/bin/ceph: stderr
2023-07-05T20:55:20.613+0000 7f4a841eb700 1 Processor -- start
2023-07-05T20:55:21.215 INFO:teuthology.orchestra.run.smithi093.stdout:/usr/bin/ceph: stderr
2023-07-05T20:55:20.613+0000 7f4a841eb700 1 -- start start
2023-07-05T20:55:21.215 INFO:teuthology.orchestra.run.smithi093.stdout:/usr/bin/ceph: stderr
2023-07-05T20:55:20.613+0000 7f4a841eb700 1 --2- >> [v2:172.21.15.93:3300/0,v1:172.21.15.93:6789/0] conn(0x7f4a7c1052e0 0x7f4a7c07bc30 unknown :-1 s=NONE pgs=0 cs=0 l=1 rev1=0 crypto rx=0 tx=0 comp rx=0 tx=0).connect
2023-07-05T20:55:21.215 INFO:teuthology.orchestra.run.smithi093.stdout:/usr/bin/ceph: stderr
2023-07-05T20:55:20.613+0000 7f4a841eb700 1 -- --> [v2:172.21.15.93:3300/0,v1:172.21.15.93:6789/0] -- mon_getmap magic: 0 v1 -- 0x7f4a7c07c170 con 0x7f4a7c1052e0
2023-07-05T20:55:21.216 INFO:teuthology.orchestra.run.smithi093.stdout:/usr/bin/ceph: stderr
2023-07-05T20:55:20.613+0000 7f4a81f87700 1 --2- >> [v2:172.21.15.93:3300/0,v1:172.21.15.93:6789/0] conn(0x7f4a7c1052e0 0x7f4a7c07bc30 unknown :-1 s=BANNER_CONNECTING pgs=0 cs=0 l=1 rev1=0 crypto rx=0 tx=0 comp rx=0 tx=0)._handle_peer_banner_payload supported=3 required=0
2023-07-05T20:55:21.216 INFO:teuthology.orchestra.run.smithi093.stdout:/usr/bin/ceph: stderr
2023-07-05T20:55:20.613+0000 7f4a81f87700 1 --2- >> [v2:172.21.15.93:3300/0,v1:172.21.15.93:6789/0] conn(0x7f4a7c1052e0 0x7f4a7c07bc30 unknown :-1 s=HELLO_CONNECTING pgs=0 cs=0 l=1 rev1=1 crypto rx=0 tx=0 comp rx=0 tx=0).handle_hello peer v2:172.21.15.93:3300/0 says I am v2:172.21.15.93:48002/0 (socket says 172.21.15.93:48002)
2023-07-05T20:55:21.216 INFO:teuthology.orchestra.run.smithi093.stdout:/usr/bin/ceph: stderr
2023-07-05T20:55:20.613+0000 7f4a81f87700 1 -- 172.21.15.93:0/3676653507 learned_addr learned my addr 172.21.15.93:0/3676653507 (peer_addr_for_me v2:172.21.15.93:0/0)
2023-07-05T20:55:21.216 INFO:teuthology.orchestra.run.smithi093.stdout:/usr/bin/ceph: stderr
2023-07-05T20:55:20.613+0000 7f4a81f87700 1 -- 172.21.15.93:0/3676653507 --> [v2:172.21.15.93:3300/0,v1:172.21.15.93:6789/0] -- mon_subscribe({config=0+,monmap=0+}) v3 -- 0x7f4a6c009550 con 0x7f4a7c1052e0
2023-07-05T20:55:21.217 INFO:teuthology.orchestra.run.smithi093.stdout:/usr/bin/ceph: stderr
2023-07-05T20:55:20.613+0000 7f4a81f87700 1 --2- 172.21.15.93:0/3676653507 >> [v2:172.21.15.93:3300/0,v1:172.21.15.93:6789/0] conn(0x7f4a7c1052e0 0x7f4a7c07bc30 secure :-1 s=READY pgs=40 cs=0 l=1 rev1=1 crypto rx=0x7f4a6c009fb0 tx=0x7f4a6c011ad0 comp rx=0 tx=0).ready entity=mon.0 client_cookie=0 server_cookie=0 in_seq=0 out_seq=0
2023-07-05T20:55:21.217 INFO:teuthology.orchestra.run.smithi093.stdout:/usr/bin/ceph: stderr
2023-07-05T20:55:20.613+0000 7f4a72ffd700 1 -- 172.21.15.93:0/3676653507 <== mon.0 v2:172.21.15.93:3300/0 1 ==== mon_map magic: 0 v1 ==== 205+0+0 (secure 0 0 0) 0x7f4a6c003930 con 0x7f4a7c1052e0
2023-07-05T20:55:21.217 INFO:teuthology.orchestra.run.smithi093.stdout:/usr/bin/ceph: stderr
2023-07-05T20:55:20.613+0000 7f4a72ffd700 1 -- 172.21.15.93:0/3676653507 <== mon.0 v2:172.21.15.93:3300/0 2 ==== config(26 keys) v1 ==== 1074+0+0 (secure 0 0 0) 0x7f4a6c003a90 con 0x7f4a7c1052e0
2023-07-05T20:55:21.217 INFO:teuthology.orchestra.run.smithi093.stdout:/usr/bin/ceph: stderr
2023-07-05T20:55:20.613+0000 7f4a841eb700 1 -- 172.21.15.93:0/3676653507 --> [v2:172.21.15.93:3300/0,v1:172.21.15.93:6789/0] -- mon_subscribe({mgrmap=0+}) v3 -- 0x7f4a7c07a280 con 0x7f4a7c1052e0
2023-07-05T20:55:21.217 INFO:teuthology.orchestra.run.smithi093.stdout:/usr/bin/ceph: stderr
2023-07-05T20:55:20.614+0000 7f4a72ffd700 1 -- 172.21.15.93:0/3676653507 <== mon.0 v2:172.21.15.93:3300/0 3 ==== mon_map magic: 0 v1 ==== 205+0+0 (secure 0 0 0) 0x7f4a6c0195e0 con 0x7f4a7c1052e0
2023-07-05T20:55:21.217 INFO:teuthology.orchestra.run.smithi093.stdout:/usr/bin/ceph: stderr
2023-07-05T20:55:20.614+0000 7f4a841eb700 1 -- 172.21.15.93:0/3676653507 --> [v2:172.21.15.93:3300/0,v1:172.21.15.93:6789/0] -- mon_subscribe({osdmap=0}) v3 -- 0x7f4a7c07a6a0 con 0x7f4a7c1052e0
2023-07-05T20:55:21.218 INFO:teuthology.orchestra.run.smithi093.stdout:/usr/bin/ceph: stderr
2023-07-05T20:55:20.614+0000 7f4a72ffd700 1 -- 172.21.15.93:0/3676653507 <== mon.0 v2:172.21.15.93:3300/0 4 ==== mgrmap(e 8) v1 ==== 45483+0+0 (secure 0 0 0) 0x7f4a6c01a9d0 con 0x7f4a7c1052e0
2023-07-05T20:55:21.218 INFO:teuthology.orchestra.run.smithi093.stdout:/usr/bin/ceph: stderr
2023-07-05T20:55:20.614+0000 7f4a72ffd700 1 --2- 172.21.15.93:0/3676653507 >> [v2:172.21.15.93:6800/2631479333,v1:172.21.15.93:6801/2631479333] conn(0x7f4a68038710 0x7f4a6803abc0 unknown :-1 s=NONE pgs=0 cs=0 l=1 rev1=0 crypto rx=0 tx=0 comp rx=0 tx=0).connect
2023-07-05T20:55:21.218 INFO:teuthology.orchestra.run.smithi093.stdout:/usr/bin/ceph: stderr
2023-07-05T20:55:20.614+0000 7f4a841eb700 1 -- 172.21.15.93:0/3676653507 --> [v2:172.21.15.93:3300/0,v1:172.21.15.93:6789/0] -- mon_command({"prefix": "get_command_descriptions"} v 0) v1 -- 0x7f4a7c061b00 con 0x7f4a7c1052e0
2023-07-05T20:55:21.218 INFO:teuthology.orchestra.run.smithi093.stdout:/usr/bin/ceph: stderr
2023-07-05T20:55:20.615+0000 7f4a72ffd700 1 -- 172.21.15.93:0/3676653507 <== mon.0 v2:172.21.15.93:3300/0 5 ==== osd_map(2..2 src has 1..2) v4 ==== 940+0+0 (secure 0 0 0) 0x7f4a6c04c790 con 0x7f4a7c1052e0
2023-07-05T20:55:21.218 INFO:teuthology.orchestra.run.smithi093.stdout:/usr/bin/ceph: stderr
2023-07-05T20:55:20.615+0000 7f4a81786700 1 --2- 172.21.15.93:0/3676653507 >> [v2:172.21.15.93:6800/2631479333,v1:172.21.15.93:6801/2631479333] conn(0x7f4a68038710 0x7f4a6803abc0 unknown :-1 s=BANNER_CONNECTING pgs=0 cs=0 l=1 rev1=0 crypto rx=0 tx=0 comp rx=0 tx=0)._handle_peer_banner_payload supported=3 required=0
2023-07-05T20:55:21.218 INFO:teuthology.orchestra.run.smithi093.stdout:/usr/bin/ceph: stderr
2023-07-05T20:55:20.615+0000 7f4a81786700 1 --2- 172.21.15.93:0/3676653507 >> [v2:172.21.15.93:6800/2631479333,v1:172.21.15.93:6801/2631479333] conn(0x7f4a68038710 0x7f4a6803abc0 secure :-1 s=READY pgs=8 cs=0 l=1 rev1=1 crypto rx=0x7f4a78006fd0 tx=0x7f4a78006e40 comp rx=0 tx=0).ready entity=mgr.14120 client_cookie=0 server_cookie=0 in_seq=0 out_seq=0
2023-07-05T20:55:21.218 INFO:teuthology.orchestra.run.smithi093.stdout:/usr/bin/ceph: stderr
2023-07-05T20:55:20.619+0000 7f4a72ffd700 1 -- 172.21.15.93:0/3676653507 <== mon.0 v2:172.21.15.93:3300/0 6 ==== mon_command_ack([{"prefix": "get_command_descriptions"}]=0 v0) v1 ==== 72+0+178008 (secure 0 0 0) 0x7f4a6c003c00 con 0x7f4a7c1052e0
2023-07-05T20:55:21.219 INFO:teuthology.orchestra.run.smithi093.stdout:/usr/bin/ceph: stderr
2023-07-05T20:55:20.808+0000 7f4a841eb700 1 -- 172.21.15.93:0/3676653507 --> [v2:172.21.15.93:6800/2631479333,v1:172.21.15.93:6801/2631479333] -- mgr_command(tid 0: {"prefix": "cephadm set-user", "user": "root", "target": ["mon-mgr", ""]}) v1 -- 0x7f4a7c1096e0 con 0x7f4a68038710
2023-07-05T20:55:21.219 INFO:teuthology.orchestra.run.smithi093.stdout:/usr/bin/ceph: stderr
2023-07-05T20:55:20.809+0000 7f4a72ffd700 1 -- 172.21.15.93:0/3676653507 <== mgr.14120 v2:172.21.15.93:6800/2631479333 1 ==== mgr_command_reply(tid 0: 0 ) v1 ==== 8+0+16 (secure 0 0 0) 0x7f4a7c1096e0 con 0x7f4a68038710
2023-07-05T20:55:21.219 INFO:teuthology.orchestra.run.smithi093.stdout:/usr/bin/ceph: stderr
2023-07-05T20:55:20.811+0000 7f4a841eb700 1 -- 172.21.15.93:0/3676653507 >> [v2:172.21.15.93:6800/2631479333,v1:172.21.15.93:6801/2631479333] conn(0x7f4a68038710 msgr2=0x7f4a6803abc0 secure :-1 s=STATE_CONNECTION_ESTABLISHED l=1).mark_down
2023-07-05T20:55:21.219 INFO:teuthology.orchestra.run.smithi093.stdout:/usr/bin/ceph: stderr
2023-07-05T20:55:20.811+0000 7f4a841eb700 1 --2- 172.21.15.93:0/3676653507 >> [v2:172.21.15.93:6800/2631479333,v1:172.21.15.93:6801/2631479333] conn(0x7f4a68038710 0x7f4a6803abc0 secure :-1 s=READY pgs=8 cs=0 l=1 rev1=1 crypto rx=0x7f4a78006fd0 tx=0x7f4a78006e40 comp rx=0 tx=0).stop
2023-07-05T20:55:21.219 INFO:teuthology.orchestra.run.smithi093.stdout:/usr/bin/ceph: stderr
2023-07-05T20:55:20.811+0000 7f4a841eb700 1 -- 172.21.15.93:0/3676653507 >> [v2:172.21.15.93:3300/0,v1:172.21.15.93:6789/0] conn(0x7f4a7c1052e0 msgr2=0x7f4a7c07bc30 secure :-1 s=STATE_CONNECTION_ESTABLISHED l=1).mark_down
2023-07-05T20:55:21.219 INFO:teuthology.orchestra.run.smithi093.stdout:/usr/bin/ceph: stderr
2023-07-05T20:55:20.811+0000 7f4a841eb700 1 --2- 172.21.15.93:0/3676653507 >> [v2:172.21.15.93:3300/0,v1:172.21.15.93:6789/0] conn(0x7f4a7c1052e0 0x7f4a7c07bc30 secure :-1 s=READY pgs=40 cs=0 l=1 rev1=1 crypto rx=0x7f4a6c009fb0 tx=0x7f4a6c011ad0 comp rx=0 tx=0).stop
2023-07-05T20:55:21.219 INFO:teuthology.orchestra.run.smithi093.stdout:/usr/bin/ceph: stderr
2023-07-05T20:55:20.811+0000 7f4a841eb700 1 -- 172.21.15.93:0/3676653507 shutdown_connections
2023-07-05T20:55:21.219 INFO:teuthology.orchestra.run.smithi093.stdout:/usr/bin/ceph: stderr
2023-07-05T20:55:20.811+0000 7f4a841eb700 1 --2- 172.21.15.93:0/3676653507 >> [v2:172.21.15.93:6800/2631479333,v1:172.21.15.93:6801/2631479333] conn(0x7f4a68038710 0x7f4a6803abc0 unknown :-1 s=CLOSED pgs=8 cs=0 l=1 rev1=1 crypto rx=0 tx=0 comp rx=0 tx=0).stop
2023-07-05T20:55:21.220 INFO:teuthology.orchestra.run.smithi093.stdout:/usr/bin/ceph: stderr
2023-07-05T20:55:20.811+0000 7f4a841eb700 1 --2- 172.21.15.93:0/3676653507 >> [v2:172.21.15.93:3300/0,v1:172.21.15.93:6789/0] conn(0x7f4a7c1052e0 0x7f4a7c07bc30 unknown :-1 s=CLOSED pgs=40 cs=0 l=1 rev1=1 crypto rx=0 tx=0 comp rx=0 tx=0).stop
2023-07-05T20:55:21.220 INFO:teuthology.orchestra.run.smithi093.stdout:/usr/bin/ceph: stderr
2023-07-05T20:55:20.811+0000 7f4a841eb700 1 -- 172.21.15.93:0/3676653507 >> 172.21.15.93:0/3676653507 conn(0x7f4a7c1008d0 msgr2=0x7f4a7c101f90 unknown :-1 s=STATE_NONE l=0).mark_down
2023-07-05T20:55:21.220 INFO:teuthology.orchestra.run.smithi093.stdout:/usr/bin/ceph: stderr
2023-07-05T20:55:20.811+0000 7f4a841eb700 1 -- 172.21.15.93:0/3676653507 shutdown_connections
2023-07-05T20:55:21.220 INFO:teuthology.orchestra.run.smithi093.stdout:/usr/bin/ceph: stderr
2023-07-05T20:55:20.811+0000 7f4a841eb700 1 -- 172.21.15.93:0/3676653507 wait complete.
2023-07-05T20:55:21.220 INFO:teuthology.orchestra.run.smithi093.stdout:Generating ssh key...
2023-07-05T20:55:21.841 INFO:journalctl@ceph.mon.a.smithi093.stdout:Jul 05 20:55:21 smithi093 ceph-mon[96517]: from='client.14134 -' entity='client.admin' cmd=[{"prefix": "cephadm set-user", "user": "root", "target": ["mon-mgr", ""]}]: dispatch
2023-07-05T20:55:22.556 INFO:teuthology.orchestra.run.smithi093.stdout:/usr/bin/ceph: stderr
2023-07-05T20:55:21.660+0000 7f16c69f4700 1 Processor -- start
2023-07-05T20:55:22.556 INFO:teuthology.orchestra.run.smithi093.stdout:/usr/bin/ceph: stderr
2023-07-05T20:55:21.660+0000 7f16c69f4700 1 -- start start
2023-07-05T20:55:22.556 INFO:teuthology.orchestra.run.smithi093.stdout:/usr/bin/ceph: stderr
2023-07-05T20:55:21.660+0000 7f16c69f4700 1 --2- >> [v2:172.21.15.93:3300/0,v1:172.21.15.93:6789/0] conn(0x7f16c0106920 0x7f16c0106d30 unknown :-1 s=NONE pgs=0 cs=0 l=0 rev1=0 crypto rx=0 tx=0 comp rx=0 tx=0).connect
2023-07-05T20:55:22.557 INFO:teuthology.orchestra.run.smithi093.stdout:/usr/bin/ceph: stderr
2023-07-05T20:55:21.660+0000 7f16c69f4700 1 -- --> [v2:172.21.15.93:3300/0,v1:172.21.15.93:6789/0] -- mon_getmap magic: 0 v1 -- 0x7f16c0107270 con 0x7f16c0106920
2023-07-05T20:55:22.557 INFO:teuthology.orchestra.run.smithi093.stdout:/usr/bin/ceph: stderr
2023-07-05T20:55:21.660+0000 7f16bffff700 1 --2- >> [v2:172.21.15.93:3300/0,v1:172.21.15.93:6789/0] conn(0x7f16c0106920 0x7f16c0106d30 unknown :-1 s=BANNER_CONNECTING pgs=0 cs=0 l=0 rev1=0 crypto rx=0 tx=0 comp rx=0 tx=0)._handle_peer_banner_payload supported=3 required=0
2023-07-05T20:55:22.557 INFO:teuthology.orchestra.run.smithi093.stdout:/usr/bin/ceph: stderr
2023-07-05T20:55:21.660+0000 7f16bffff700 1 --2- >> [v2:172.21.15.93:3300/0,v1:172.21.15.93:6789/0] conn(0x7f16c0106920 0x7f16c0106d30 unknown :-1 s=HELLO_CONNECTING pgs=0 cs=0 l=0 rev1=1 crypto rx=0 tx=0 comp rx=0 tx=0).handle_hello peer v2:172.21.15.93:3300/0 says I am v2:172.21.15.93:48006/0 (socket says 172.21.15.93:48006)
2023-07-05T20:55:22.557 INFO:teuthology.orchestra.run.smithi093.stdout:/usr/bin/ceph: stderr
2023-07-05T20:55:21.660+0000 7f16bffff700 1 -- 172.21.15.93:0/588478638 learned_addr learned my addr 172.21.15.93:0/588478638 (peer_addr_for_me v2:172.21.15.93:0/0)
2023-07-05T20:55:22.557 INFO:teuthology.orchestra.run.smithi093.stdout:/usr/bin/ceph: stderr
2023-07-05T20:55:21.660+0000 7f16bffff700 1 -- 172.21.15.93:0/588478638 --> [v2:172.21.15.93:3300/0,v1:172.21.15.93:6789/0] -- mon_subscribe({config=0+,monmap=0+}) v3 -- 0x7f16c01073b0 con 0x7f16c0106920
2023-07-05T20:55:22.557 INFO:teuthology.orchestra.run.smithi093.stdout:/usr/bin/ceph: stderr
2023-07-05T20:55:21.661+0000 7f16bffff700 1 --2- 172.21.15.93:0/588478638 >> [v2:172.21.15.93:3300/0,v1:172.21.15.93:6789/0] conn(0x7f16c0106920 0x7f16c0106d30 secure :-1 s=READY pgs=41 cs=0 l=1 rev1=1 crypto rx=0x7f16b00098a0 tx=0x7f16b0009bb0 comp rx=0 tx=0).ready entity=mon.0 client_cookie=5d2f76bbb97bec87 server_cookie=0 in_seq=0 out_seq=0
2023-07-05T20:55:22.557 INFO:teuthology.orchestra.run.smithi093.stdout:/usr/bin/ceph: stderr
2023-07-05T20:55:21.661+0000 7f16beffd700 1 -- 172.21.15.93:0/588478638 <== mon.0 v2:172.21.15.93:3300/0 1 ==== mon_map magic: 0 v1 ==== 205+0+0 (secure 0 0 0) 0x7f16b0004160 con 0x7f16c0106920
2023-07-05T20:55:22.558 INFO:teuthology.orchestra.run.smithi093.stdout:/usr/bin/ceph: stderr
2023-07-05T20:55:21.661+0000 7f16beffd700 1 -- 172.21.15.93:0/588478638 <== mon.0 v2:172.21.15.93:3300/0 2 ==== config(26 keys) v1 ==== 1074+0+0 (secure 0 0 0) 0x7f16b00042c0 con 0x7f16c0106920
2023-07-05T20:55:22.558 INFO:teuthology.orchestra.run.smithi093.stdout:/usr/bin/ceph: stderr
2023-07-05T20:55:21.661+0000 7f16beffd700 1 -- 172.21.15.93:0/588478638 <== mon.0 v2:172.21.15.93:3300/0 3 ==== mon_map magic: 0 v1 ==== 205+0+0 (secure 0 0 0) 0x7f16b0011a00 con 0x7f16c0106920
2023-07-05T20:55:22.558 INFO:teuthology.orchestra.run.smithi093.stdout:/usr/bin/ceph: stderr
2023-07-05T20:55:21.661+0000 7f16c69f4700 1 -- 172.21.15.93:0/588478638 >> [v2:172.21.15.93:3300/0,v1:172.21.15.93:6789/0] conn(0x7f16c0106920 msgr2=0x7f16c0106d30 secure :-1 s=STATE_CONNECTION_ESTABLISHED l=1).mark_down
2023-07-05T20:55:22.558 INFO:teuthology.orchestra.run.smithi093.stdout:/usr/bin/ceph: stderr
2023-07-05T20:55:21.661+0000 7f16c69f4700 1 --2- 172.21.15.93:0/588478638 >> [v2:172.21.15.93:3300/0,v1:172.21.15.93:6789/0] conn(0x7f16c0106920 0x7f16c0106d30 secure :-1 s=READY pgs=41 cs=0 l=1 rev1=1 crypto rx=0x7f16b00098a0 tx=0x7f16b0009bb0 comp rx=0 tx=0).stop
2023-07-05T20:55:22.559 INFO:teuthology.orchestra.run.smithi093.stdout:/usr/bin/ceph: stderr
2023-07-05T20:55:21.661+0000 7f16c69f4700 1 -- 172.21.15.93:0/588478638 shutdown_connections
2023-07-05T20:55:22.559 INFO:teuthology.orchestra.run.smithi093.stdout:/usr/bin/ceph: stderr
2023-07-05T20:55:21.661+0000 7f16c69f4700 1 --2- 172.21.15.93:0/588478638 >> [v2:172.21.15.93:3300/0,v1:172.21.15.93:6789/0] conn(0x7f16c0106920 0x7f16c0106d30 unknown :-1 s=CLOSED pgs=41 cs=0 l=1 rev1=1 crypto rx=0 tx=0 comp rx=0 tx=0).stop
2023-07-05T20:55:22.559 INFO:teuthology.orchestra.run.smithi093.stdout:/usr/bin/ceph: stderr
2023-07-05T20:55:21.661+0000 7f16c69f4700 1 -- 172.21.15.93:0/588478638 >> 172.21.15.93:0/588478638 conn(0x7f16c00fefb0 msgr2=0x7f16c01013c0 unknown :-1 s=STATE_NONE l=0).mark_down
2023-07-05T20:55:22.559 INFO:teuthology.orchestra.run.smithi093.stdout:/usr/bin/ceph: stderr
2023-07-05T20:55:21.661+0000 7f16c69f4700 1 -- 172.21.15.93:0/588478638 shutdown_connections
2023-07-05T20:55:22.559 INFO:teuthology.orchestra.run.smithi093.stdout:/usr/bin/ceph: stderr
2023-07-05T20:55:21.661+0000 7f16c69f4700 1 -- 172.21.15.93:0/588478638 wait complete.
2023-07-05T20:55:22.559 INFO:teuthology.orchestra.run.smithi093.stdout:/usr/bin/ceph: stderr
2023-07-05T20:55:21.662+0000 7f16c69f4700 1 Processor -- start
2023-07-05T20:55:22.559 INFO:teuthology.orchestra.run.smithi093.stdout:/usr/bin/ceph: stderr
2023-07-05T20:55:21.662+0000 7f16c69f4700 1 -- start start
2023-07-05T20:55:22.560 INFO:teuthology.orchestra.run.smithi093.stdout:/usr/bin/ceph: stderr
2023-07-05T20:55:21.662+0000 7f16c69f4700 1 --2- >> [v2:172.21.15.93:3300/0,v1:172.21.15.93:6789/0] conn(0x7f16c0106920 0x7f16c0199050 unknown :-1 s=NONE pgs=0 cs=0 l=1 rev1=0 crypto rx=0 tx=0 comp rx=0 tx=0).connect
2023-07-05T20:55:22.560 INFO:teuthology.orchestra.run.smithi093.stdout:/usr/bin/ceph: stderr
2023-07-05T20:55:21.662+0000 7f16c69f4700 1 -- --> [v2:172.21.15.93:3300/0,v1:172.21.15.93:6789/0] -- mon_getmap magic: 0 v1 -- 0x7f16c0199590 con 0x7f16c0106920
2023-07-05T20:55:22.560 INFO:teuthology.orchestra.run.smithi093.stdout:/usr/bin/ceph: stderr
2023-07-05T20:55:21.662+0000 7f16bffff700 1 --2- >> [v2:172.21.15.93:3300/0,v1:172.21.15.93:6789/0] conn(0x7f16c0106920 0x7f16c0199050 unknown :-1 s=BANNER_CONNECTING pgs=0 cs=0 l=1 rev1=0 crypto rx=0 tx=0 comp rx=0 tx=0)._handle_peer_banner_payload supported=3 required=0
2023-07-05T20:55:22.560 INFO:teuthology.orchestra.run.smithi093.stdout:/usr/bin/ceph: stderr
2023-07-05T20:55:21.662+0000 7f16bffff700 1 --2- >> [v2:172.21.15.93:3300/0,v1:172.21.15.93:6789/0] conn(0x7f16c0106920 0x7f16c0199050 unknown :-1 s=HELLO_CONNECTING pgs=0 cs=0 l=1 rev1=1 crypto rx=0 tx=0 comp rx=0 tx=0).handle_hello peer v2:172.21.15.93:3300/0 says I am v2:172.21.15.93:48008/0 (socket says 172.21.15.93:48008)
2023-07-05T20:55:22.560 INFO:teuthology.orchestra.run.smithi093.stdout:/usr/bin/ceph: stderr
2023-07-05T20:55:21.662+0000 7f16bffff700 1 -- 172.21.15.93:0/2871727657 learned_addr learned my addr 172.21.15.93:0/2871727657 (peer_addr_for_me v2:172.21.15.93:0/0)
2023-07-05T20:55:22.560 INFO:teuthology.orchestra.run.smithi093.stdout:/usr/bin/ceph: stderr
2023-07-05T20:55:21.663+0000 7f16bffff700 1 -- 172.21.15.93:0/2871727657 --> [v2:172.21.15.93:3300/0,v1:172.21.15.93:6789/0] -- mon_subscribe({config=0+,monmap=0+}) v3 -- 0x7f16b0009550 con 0x7f16c0106920
2023-07-05T20:55:22.560 INFO:teuthology.orchestra.run.smithi093.stdout:/usr/bin/ceph: stderr
2023-07-05T20:55:21.663+0000 7f16bffff700 1 --2- 172.21.15.93:0/2871727657 >> [v2:172.21.15.93:3300/0,v1:172.21.15.93:6789/0] conn(0x7f16c0106920 0x7f16c0199050 secure :-1 s=READY pgs=42 cs=0 l=1 rev1=1 crypto rx=0x7f16b0009130 tx=0x7f16b0011ad0 comp rx=0 tx=0).ready entity=mon.0 client_cookie=0 server_cookie=0 in_seq=0 out_seq=0
2023-07-05T20:55:22.561 INFO:teuthology.orchestra.run.smithi093.stdout:/usr/bin/ceph: stderr
2023-07-05T20:55:21.663+0000 7f16bd7fa700 1 -- 172.21.15.93:0/2871727657 <== mon.0 v2:172.21.15.93:3300/0 1 ==== mon_map magic: 0 v1 ==== 205+0+0 (secure 0 0 0) 0x7f16b0003b70 con 0x7f16c0106920
2023-07-05T20:55:22.561 INFO:teuthology.orchestra.run.smithi093.stdout:/usr/bin/ceph: stderr
2023-07-05T20:55:21.663+0000 7f16bd7fa700 1 -- 172.21.15.93:0/2871727657 <== mon.0 v2:172.21.15.93:3300/0 2 ==== config(26 keys) v1 ==== 1074+0+0 (secure 0 0 0) 0x7f16b0003cd0 con 0x7f16c0106920
2023-07-05T20:55:22.561 INFO:teuthology.orchestra.run.smithi093.stdout:/usr/bin/ceph: stderr
2023-07-05T20:55:21.663+0000 7f16c69f4700 1 -- 172.21.15.93:0/2871727657 --> [v2:172.21.15.93:3300/0,v1:172.21.15.93:6789/0] -- mon_subscribe({mgrmap=0+}) v3 -- 0x7f16c0199790 con 0x7f16c0106920
2023-07-05T20:55:22.561 INFO:teuthology.orchestra.run.smithi093.stdout:/usr/bin/ceph: stderr
2023-07-05T20:55:21.663+0000 7f16bd7fa700 1 -- 172.21.15.93:0/2871727657 <== mon.0 v2:172.21.15.93:3300/0 3 ==== mon_map magic: 0 v1 ==== 205+0+0 (secure 0 0 0) 0x7f16b00197d0 con 0x7f16c0106920
2023-07-05T20:55:22.561 INFO:teuthology.orchestra.run.smithi093.stdout:/usr/bin/ceph: stderr
2023-07-05T20:55:21.663+0000 7f16c69f4700 1 -- 172.21.15.93:0/2871727657 --> [v2:172.21.15.93:3300/0,v1:172.21.15.93:6789/0] -- mon_subscribe({osdmap=0}) v3 -- 0x7f16c0199bb0 con 0x7f16c0106920
2023-07-05T20:55:22.561 INFO:teuthology.orchestra.run.smithi093.stdout:/usr/bin/ceph: stderr
2023-07-05T20:55:21.664+0000 7f16bd7fa700 1 -- 172.21.15.93:0/2871727657 <== mon.0 v2:172.21.15.93:3300/0 4 ==== mgrmap(e 8) v1 ==== 45483+0+0 (secure 0 0 0) 0x7f16b00199c0 con 0x7f16c0106920
2023-07-05T20:55:22.561 INFO:teuthology.orchestra.run.smithi093.stdout:/usr/bin/ceph: stderr
2023-07-05T20:55:21.664+0000 7f16bd7fa700 1 --2- 172.21.15.93:0/2871727657 >> [v2:172.21.15.93:6800/2631479333,v1:172.21.15.93:6801/2631479333] conn(0x7f16a8038760 0x7f16a803ac10 unknown :-1 s=NONE pgs=0 cs=0 l=1 rev1=0 crypto rx=0 tx=0 comp rx=0 tx=0).connect
2023-07-05T20:55:22.562 INFO:teuthology.orchestra.run.smithi093.stdout:/usr/bin/ceph: stderr
2023-07-05T20:55:21.664+0000 7f16bd7fa700 1 -- 172.21.15.93:0/2871727657 <== mon.0 v2:172.21.15.93:3300/0 5 ==== osd_map(2..2 src has 1..2) v4 ==== 940+0+0 (secure 0 0 0) 0x7f16b004c9b0 con 0x7f16c0106920
2023-07-05T20:55:22.562 INFO:teuthology.orchestra.run.smithi093.stdout:/usr/bin/ceph: stderr
2023-07-05T20:55:21.664+0000 7f16bf7fe700 1 --2- 172.21.15.93:0/2871727657 >> [v2:172.21.15.93:6800/2631479333,v1:172.21.15.93:6801/2631479333] conn(0x7f16a8038760 0x7f16a803ac10 unknown :-1 s=BANNER_CONNECTING pgs=0 cs=0 l=1 rev1=0 crypto rx=0 tx=0 comp rx=0 tx=0)._handle_peer_banner_payload supported=3 required=0
2023-07-05T20:55:22.562 INFO:teuthology.orchestra.run.smithi093.stdout:/usr/bin/ceph: stderr
2023-07-05T20:55:21.664+0000 7f16c69f4700 1 -- 172.21.15.93:0/2871727657 --> [v2:172.21.15.93:3300/0,v1:172.21.15.93:6789/0] -- mon_command({"prefix": "get_command_descriptions"} v 0) v1 -- 0x7f16c0061b00 con 0x7f16c0106920
2023-07-05T20:55:22.562 INFO:teuthology.orchestra.run.smithi093.stdout:/usr/bin/ceph: stderr
2023-07-05T20:55:21.664+0000 7f16bf7fe700 1 --2- 172.21.15.93:0/2871727657 >> [v2:172.21.15.93:6800/2631479333,v1:172.21.15.93:6801/2631479333] conn(0x7f16a8038760 0x7f16a803ac10 secure :-1 s=READY pgs=9 cs=0 l=1 rev1=1 crypto rx=0x7f16b4006fd0 tx=0x7f16b4006e40 comp rx=0 tx=0).ready entity=mgr.14120 client_cookie=0 server_cookie=0 in_seq=0 out_seq=0
2023-07-05T20:55:22.562 INFO:teuthology.orchestra.run.smithi093.stdout:/usr/bin/ceph: stderr
2023-07-05T20:55:21.669+0000 7f16bd7fa700 1 -- 172.21.15.93:0/2871727657 <== mon.0 v2:172.21.15.93:3300/0 6 ==== mon_command_ack([{"prefix": "get_command_descriptions"}]=0 v0) v1 ==== 72+0+178008 (secure 0 0 0) 0x7f16b0018db0 con 0x7f16c0106920
2023-07-05T20:55:22.562 INFO:teuthology.orchestra.run.smithi093.stdout:/usr/bin/ceph: stderr
2023-07-05T20:55:21.856+0000 7f16c69f4700 1 -- 172.21.15.93:0/2871727657 --> [v2:172.21.15.93:6800/2631479333,v1:172.21.15.93:6801/2631479333] -- mgr_command(tid 0: {"prefix": "cephadm generate-key", "target": ["mon-mgr", ""]}) v1 -- 0x7f16c0101250 con 0x7f16a8038760
2023-07-05T20:55:22.562 INFO:teuthology.orchestra.run.smithi093.stdout:/usr/bin/ceph: stderr
2023-07-05T20:55:22.185+0000 7f16bd7fa700 1 -- 172.21.15.93:0/2871727657 <== mgr.14120 v2:172.21.15.93:6800/2631479333 1 ==== mgr_command_reply(tid 0: 0 ) v1 ==== 8+0+0 (secure 0 0 0) 0x7f16c0101250 con 0x7f16a8038760
2023-07-05T20:55:22.562 INFO:teuthology.orchestra.run.smithi093.stdout:/usr/bin/ceph: stderr
2023-07-05T20:55:22.187+0000 7f16c69f4700 1 -- 172.21.15.93:0/2871727657 >> [v2:172.21.15.93:6800/2631479333,v1:172.21.15.93:6801/2631479333] conn(0x7f16a8038760 msgr2=0x7f16a803ac10 secure :-1 s=STATE_CONNECTION_ESTABLISHED l=1).mark_down
2023-07-05T20:55:22.563 INFO:teuthology.orchestra.run.smithi093.stdout:/usr/bin/ceph: stderr
2023-07-05T20:55:22.187+0000 7f16c69f4700 1 --2- 172.21.15.93:0/2871727657 >> [v2:172.21.15.93:6800/2631479333,v1:172.21.15.93:6801/2631479333] conn(0x7f16a8038760 0x7f16a803ac10 secure :-1 s=READY pgs=9 cs=0 l=1 rev1=1 crypto rx=0x7f16b4006fd0 tx=0x7f16b4006e40 comp rx=0 tx=0).stop
2023-07-05T20:55:22.563 INFO:teuthology.orchestra.run.smithi093.stdout:/usr/bin/ceph: stderr
2023-07-05T20:55:22.187+0000 7f16c69f4700 1 -- 172.21.15.93:0/2871727657 >> [v2:172.21.15.93:3300/0,v1:172.21.15.93:6789/0] conn(0x7f16c0106920 msgr2=0x7f16c0199050 secure :-1 s=STATE_CONNECTION_ESTABLISHED l=1).mark_down
2023-07-05T20:55:22.563 INFO:teuthology.orchestra.run.smithi093.stdout:/usr/bin/ceph: stderr
2023-07-05T20:55:22.187+0000 7f16c69f4700 1 --2- 172.21.15.93:0/2871727657 >> [v2:172.21.15.93:3300/0,v1:172.21.15.93:6789/0] conn(0x7f16c0106920 0x7f16c0199050 secure :-1 s=READY pgs=42 cs=0 l=1 rev1=1 crypto rx=0x7f16b0009130 tx=0x7f16b0011ad0 comp rx=0 tx=0).stop
2023-07-05T20:55:22.563 INFO:teuthology.orchestra.run.smithi093.stdout:/usr/bin/ceph: stderr
2023-07-05T20:55:22.187+0000 7f16c69f4700 1 -- 172.21.15.93:0/2871727657 shutdown_connections
2023-07-05T20:55:22.563 INFO:teuthology.orchestra.run.smithi093.stdout:/usr/bin/ceph: stderr
2023-07-05T20:55:22.187+0000 7f16c69f4700 1 --2- 172.21.15.93:0/2871727657 >> [v2:172.21.15.93:6800/2631479333,v1:172.21.15.93:6801/2631479333] conn(0x7f16a8038760 0x7f16a803ac10 unknown :-1 s=CLOSED pgs=9 cs=0 l=1 rev1=1 crypto rx=0 tx=0 comp rx=0 tx=0).stop
2023-07-05T20:55:22.563 INFO:teuthology.orchestra.run.smithi093.stdout:/usr/bin/ceph: stderr
2023-07-05T20:55:22.187+0000 7f16c69f4700 1 --2- 172.21.15.93:0/2871727657 >> [v2:172.21.15.93:3300/0,v1:172.21.15.93:6789/0] conn(0x7f16c0106920 0x7f16c0199050 unknown :-1 s=CLOSED pgs=42 cs=0 l=1 rev1=1 crypto rx=0 tx=0 comp rx=0 tx=0).stop
2023-07-05T20:55:22.563 INFO:teuthology.orchestra.run.smithi093.stdout:/usr/bin/ceph: stderr
2023-07-05T20:55:22.187+0000 7f16c69f4700 1 -- 172.21.15.93:0/2871727657 >> 172.21.15.93:0/2871727657 conn(0x7f16c00fefb0 msgr2=0x7f16c0100630 unknown :-1 s=STATE_NONE l=0).mark_down
2023-07-05T20:55:22.564 INFO:teuthology.orchestra.run.smithi093.stdout:/usr/bin/ceph: stderr
2023-07-05T20:55:22.187+0000 7f16c69f4700 1 -- 172.21.15.93:0/2871727657 shutdown_connections
2023-07-05T20:55:22.564 INFO:teuthology.orchestra.run.smithi093.stdout:/usr/bin/ceph: stderr
2023-07-05T20:55:22.187+0000 7f16c69f4700 1 -- 172.21.15.93:0/2871727657 wait complete.
2023-07-05T20:55:22.565 INFO:journalctl@ceph.mgr.x.smithi093.stdout:Jul 05 20:55:22 smithi093 ceph-10689cf0-1b76-11ee-9b2f-001a4aab830c-mgr-x[96760]: Generating public/private rsa key pair.
2023-07-05T20:55:22.565 INFO:journalctl@ceph.mgr.x.smithi093.stdout:Jul 05 20:55:22 smithi093 ceph-10689cf0-1b76-11ee-9b2f-001a4aab830c-mgr-x[96760]: Your identification has been saved in /tmp/tmps7z4cgux/key.
2023-07-05T20:55:22.565 INFO:journalctl@ceph.mgr.x.smithi093.stdout:Jul 05 20:55:22 smithi093 ceph-10689cf0-1b76-11ee-9b2f-001a4aab830c-mgr-x[96760]: Your public key has been saved in /tmp/tmps7z4cgux/key.pub.
2023-07-05T20:55:22.565 INFO:journalctl@ceph.mgr.x.smithi093.stdout:Jul 05 20:55:22 smithi093 ceph-10689cf0-1b76-11ee-9b2f-001a4aab830c-mgr-x[96760]: The key fingerprint is:
2023-07-05T20:55:22.565 INFO:journalctl@ceph.mgr.x.smithi093.stdout:Jul 05 20:55:22 smithi093 ceph-10689cf0-1b76-11ee-9b2f-001a4aab830c-mgr-x[96760]: SHA256:oroUoS1V1hfySDSl1iCO72996d9nYuf6DTNoyQd1uGg ceph-10689cf0-1b76-11ee-9b2f-001a4aab830c
2023-07-05T20:55:22.565 INFO:journalctl@ceph.mgr.x.smithi093.stdout:Jul 05 20:55:22 smithi093 ceph-10689cf0-1b76-11ee-9b2f-001a4aab830c-mgr-x[96760]: The key's randomart image is:
2023-07-05T20:55:22.566 INFO:journalctl@ceph.mgr.x.smithi093.stdout:Jul 05 20:55:22 smithi093 ceph-10689cf0-1b76-11ee-9b2f-001a4aab830c-mgr-x[96760]: +---[RSA 3072]----+
2023-07-05T20:55:22.566 INFO:journalctl@ceph.mgr.x.smithi093.stdout:Jul 05 20:55:22 smithi093 ceph-10689cf0-1b76-11ee-9b2f-001a4aab830c-mgr-x[96760]: | +o*.o. |
2023-07-05T20:55:22.566 INFO:journalctl@ceph.mgr.x.smithi093.stdout:Jul 05 20:55:22 smithi093 ceph-10689cf0-1b76-11ee-9b2f-001a4aab830c-mgr-x[96760]: | = o.O. . |
2023-07-05T20:55:22.568 INFO:journalctl@ceph.mgr.x.smithi093.stdout:Jul 05 20:55:22 smithi093 ceph-10689cf0-1b76-11ee-9b2f-001a4aab830c-mgr-x[96760]: | + . +.o o .|
2023-07-05T20:55:22.568 INFO:journalctl@ceph.mgr.x.smithi093.stdout:Jul 05 20:55:22 smithi093 ceph-10689cf0-1b76-11ee-9b2f-001a4aab830c-mgr-x[96760]: | + o . o o |
2023-07-05T20:55:22.568 INFO:journalctl@ceph.mgr.x.smithi093.stdout:Jul 05 20:55:22 smithi093 ceph-10689cf0-1b76-11ee-9b2f-001a4aab830c-mgr-x[96760]: |o o . . S E . |
2023-07-05T20:55:22.568 INFO:journalctl@ceph.mgr.x.smithi093.stdout:Jul 05 20:55:22 smithi093 ceph-10689cf0-1b76-11ee-9b2f-001a4aab830c-mgr-x[96760]: | . o . . o + |
2023-07-05T20:55:22.569 INFO:journalctl@ceph.mgr.x.smithi093.stdout:Jul 05 20:55:22 smithi093 ceph-10689cf0-1b76-11ee-9b2f-001a4aab830c-mgr-x[96760]: | . o . .= = |
2023-07-05T20:55:22.569 INFO:journalctl@ceph.mgr.x.smithi093.stdout:Jul 05 20:55:22 smithi093 ceph-10689cf0-1b76-11ee-9b2f-001a4aab830c-mgr-x[96760]: | . . .. . o. oo+=|
2023-07-05T20:55:22.569 INFO:journalctl@ceph.mgr.x.smithi093.stdout:Jul 05 20:55:22 smithi093 ceph-10689cf0-1b76-11ee-9b2f-001a4aab830c-mgr-x[96760]: | o. .. o....oO+|
2023-07-05T20:55:22.569 INFO:journalctl@ceph.mgr.x.smithi093.stdout:Jul 05 20:55:22 smithi093 ceph-10689cf0-1b76-11ee-9b2f-001a4aab830c-mgr-x[96760]: +----[SHA256]-----+
2023-07-05T20:55:22.830 INFO:journalctl@ceph.mon.a.smithi093.stdout:Jul 05 20:55:22 smithi093 ceph-mon[96517]: from='client.14136 -' entity='client.admin' cmd=[{"prefix": "cephadm generate-key", "target": ["mon-mgr", ""]}]: dispatch
2023-07-05T20:55:22.830 INFO:journalctl@ceph.mon.a.smithi093.stdout:Jul 05 20:55:22 smithi093 ceph-mon[96517]: Generating ssh key...
2023-07-05T20:55:22.830 INFO:journalctl@ceph.mon.a.smithi093.stdout:Jul 05 20:55:22 smithi093 ceph-mon[96517]: from='mgr.14120 172.21.15.93:0/2981309498' entity='mgr.x'
2023-07-05T20:55:22.830 INFO:journalctl@ceph.mon.a.smithi093.stdout:Jul 05 20:55:22 smithi093 ceph-mon[96517]: from='mgr.14120 172.21.15.93:0/2981309498' entity='mgr.x'
2023-07-05T20:55:23.599 INFO:teuthology.orchestra.run.smithi093.stdout:/usr/bin/ceph: stdout ssh-rsa AAAAB3NzaC1yc2EAAAADAQABAAABgQDmj8DdAiXByJ2hteqg6PDkF4aKDJIJOd+6ajdW0mAeW98ojMRVx0RsVt6gl/ZvT6yi9W0oc9Y7YFbK4KX5HjhjafpT3vh7qnKVvheXdm6oIZXdPHBJ1KrlohhaO3ft2aOQvLluqTyg6LN52hZmTGY6iOmloIHSvwCaaZFebQkxRtefHMgPWX5pIVWWGhyZYwmu+r3qaqC6L6hlaaEosZ9C+dPbq3Ya4qBNaCw0Smw0GrxI7VZg/e83lo8y1jhuG/zXHUZ/J2xl6meDR+EFdZFgFi9E3xcDh2w1ljT16602qXrdbNhDrsig8/YiKlZ7I8tsflapBcsKbyNv3LE8fSy5hwOyWjSlVtnVr1TDRHBCqadMptdNGA1TdtCllM3g6L5NsnuleYOx4gea3TWTxNYkcwytt9n1DqcCDIhiMlVdM5/8cXw4QlhjB9nhw339iikYGC/c8vjEoPpWA9IRkS5agW7+p0nhZlnQxMQT2Va+YZc6moL5Nb/Ly2ngmZUuNR0= ceph-10689cf0-1b76-11ee-9b2f-001a4aab830c
2023-07-05T20:55:23.600 INFO:teuthology.orchestra.run.smithi093.stdout:/usr/bin/ceph: stderr
2023-07-05T20:55:23.028+0000 7f6eb7966700 1 Processor -- start
2023-07-05T20:55:23.600 INFO:teuthology.orchestra.run.smithi093.stdout:/usr/bin/ceph: stderr
2023-07-05T20:55:23.029+0000 7f6eb7966700 1 -- start start
2023-07-05T20:55:23.600 INFO:teuthology.orchestra.run.smithi093.stdout:/usr/bin/ceph: stderr
2023-07-05T20:55:23.029+0000 7f6eb7966700 1 --2- >> [v2:172.21.15.93:3300/0,v1:172.21.15.93:6789/0] conn(0x7f6eb0105e30 0x7f6eb0108210 unknown :-1 s=NONE pgs=0 cs=0 l=0 rev1=0 crypto rx=0 tx=0 comp rx=0 tx=0).connect
2023-07-05T20:55:23.600 INFO:teuthology.orchestra.run.smithi093.stdout:/usr/bin/ceph: stderr
2023-07-05T20:55:23.029+0000 7f6eb7966700 1 -- --> [v2:172.21.15.93:3300/0,v1:172.21.15.93:6789/0] -- mon_getmap magic: 0 v1 -- 0x7f6eb0079d20 con 0x7f6eb0105e30
2023-07-05T20:55:23.600 INFO:teuthology.orchestra.run.smithi093.stdout:/usr/bin/ceph: stderr
2023-07-05T20:55:23.029+0000 7f6eb5702700 1 --2- >> [v2:172.21.15.93:3300/0,v1:172.21.15.93:6789/0] conn(0x7f6eb0105e30 0x7f6eb0108210 unknown :-1 s=BANNER_CONNECTING pgs=0 cs=0 l=0 rev1=0 crypto rx=0 tx=0 comp rx=0 tx=0)._handle_peer_banner_payload supported=3 required=0
2023-07-05T20:55:23.601 INFO:teuthology.orchestra.run.smithi093.stdout:/usr/bin/ceph: stderr
2023-07-05T20:55:23.029+0000 7f6eb5702700 1 --2- >> [v2:172.21.15.93:3300/0,v1:172.21.15.93:6789/0] conn(0x7f6eb0105e30 0x7f6eb0108210 unknown :-1 s=HELLO_CONNECTING pgs=0 cs=0 l=0 rev1=1 crypto rx=0 tx=0 comp rx=0 tx=0).handle_hello peer v2:172.21.15.93:3300/0 says I am v2:172.21.15.93:48012/0 (socket says 172.21.15.93:48012)
2023-07-05T20:55:23.601 INFO:teuthology.orchestra.run.smithi093.stdout:/usr/bin/ceph: stderr
2023-07-05T20:55:23.029+0000 7f6eb5702700 1 -- 172.21.15.93:0/1739797470 learned_addr learned my addr 172.21.15.93:0/1739797470 (peer_addr_for_me v2:172.21.15.93:0/0)
2023-07-05T20:55:23.601 INFO:teuthology.orchestra.run.smithi093.stdout:/usr/bin/ceph: stderr
2023-07-05T20:55:23.029+0000 7f6eb5702700 1 -- 172.21.15.93:0/1739797470 --> [v2:172.21.15.93:3300/0,v1:172.21.15.93:6789/0] -- mon_subscribe({config=0+,monmap=0+}) v3 -- 0x7f6eb0079e60 con 0x7f6eb0105e30
2023-07-05T20:55:23.601 INFO:teuthology.orchestra.run.smithi093.stdout:/usr/bin/ceph: stderr
2023-07-05T20:55:23.029+0000 7f6eb5702700 1 --2- 172.21.15.93:0/1739797470 >> [v2:172.21.15.93:3300/0,v1:172.21.15.93:6789/0] conn(0x7f6eb0105e30 0x7f6eb0108210 secure :-1 s=READY pgs=43 cs=0 l=1 rev1=1 crypto rx=0x7f6ea00098a0 tx=0x7f6ea0009bb0 comp rx=0 tx=0).ready entity=mon.0 client_cookie=360c92640e8c37a5 server_cookie=0 in_seq=0 out_seq=0
2023-07-05T20:55:23.601 INFO:teuthology.orchestra.run.smithi093.stdout:/usr/bin/ceph: stderr
2023-07-05T20:55:23.030+0000 7f6ea7fff700 1 -- 172.21.15.93:0/1739797470 <== mon.0 v2:172.21.15.93:3300/0 1 ==== mon_map magic: 0 v1 ==== 205+0+0 (secure 0 0 0) 0x7f6ea0004160 con 0x7f6eb0105e30
2023-07-05T20:55:23.601 INFO:teuthology.orchestra.run.smithi093.stdout:/usr/bin/ceph: stderr
2023-07-05T20:55:23.030+0000 7f6ea7fff700 1 -- 172.21.15.93:0/1739797470 <== mon.0 v2:172.21.15.93:3300/0 2 ==== config(26 keys) v1 ==== 1074+0+0 (secure 0 0 0) 0x7f6ea00042c0 con 0x7f6eb0105e30
2023-07-05T20:55:23.601 INFO:teuthology.orchestra.run.smithi093.stdout:/usr/bin/ceph: stderr
2023-07-05T20:55:23.030+0000 7f6ea7fff700 1 -- 172.21.15.93:0/1739797470 <== mon.0 v2:172.21.15.93:3300/0 3 ==== mon_map magic: 0 v1 ==== 205+0+0 (secure 0 0 0) 0x7f6ea0011a00 con 0x7f6eb0105e30
2023-07-05T20:55:23.602 INFO:teuthology.orchestra.run.smithi093.stdout:/usr/bin/ceph: stderr
2023-07-05T20:55:23.030+0000 7f6eb7966700 1 -- 172.21.15.93:0/1739797470 >> [v2:172.21.15.93:3300/0,v1:172.21.15.93:6789/0] conn(0x7f6eb0105e30 msgr2=0x7f6eb0108210 secure :-1 s=STATE_CONNECTION_ESTABLISHED l=1).mark_down
2023-07-05T20:55:23.602 INFO:teuthology.orchestra.run.smithi093.stdout:/usr/bin/ceph: stderr
2023-07-05T20:55:23.030+0000 7f6eb7966700 1 --2- 172.21.15.93:0/1739797470 >> [v2:172.21.15.93:3300/0,v1:172.21.15.93:6789/0] conn(0x7f6eb0105e30 0x7f6eb0108210 secure :-1 s=READY pgs=43 cs=0 l=1 rev1=1 crypto rx=0x7f6ea00098a0 tx=0x7f6ea0009bb0 comp rx=0 tx=0).stop
2023-07-05T20:55:23.602 INFO:teuthology.orchestra.run.smithi093.stdout:/usr/bin/ceph: stderr
