2023-07-05T21:23:18.012+0000 7f0833d44700 1 Processor -- start
2023-07-05T21:23:18.795 INFO:teuthology.orchestra.run.smithi060.stdout:/usr/bin/ceph: stderr
2023-07-05T21:23:18.013+0000 7f0833d44700 1 -- start start
2023-07-05T21:23:18.795 INFO:teuthology.orchestra.run.smithi060.stdout:/usr/bin/ceph: stderr
2023-07-05T21:23:18.013+0000 7f0833d44700 1 --2- >> [v2:172.21.15.60:3300/0,v1:172.21.15.60:6789/0] conn(0x7f082c1053c0 0x7f082c1057d0 unknown :-1 s=NONE pgs=0 cs=0 l=0 rev1=0 crypto rx=0 tx=0 comp rx=0 tx=0).connect
2023-07-05T21:23:18.795 INFO:teuthology.orchestra.run.smithi060.stdout:/usr/bin/ceph: stderr
2023-07-05T21:23:18.013+0000 7f0833d44700 1 -- --> [v2:172.21.15.60:3300/0,v1:172.21.15.60:6789/0] -- mon_getmap magic: 0 v1 -- 0x7f082c105d10 con 0x7f082c1053c0
2023-07-05T21:23:18.795 INFO:teuthology.orchestra.run.smithi060.stdout:/usr/bin/ceph: stderr
2023-07-05T21:23:18.013+0000 7f0831ae0700 1 --2- >> [v2:172.21.15.60:3300/0,v1:172.21.15.60:6789/0] conn(0x7f082c1053c0 0x7f082c1057d0 unknown :-1 s=BANNER_CONNECTING pgs=0 cs=0 l=0 rev1=0 crypto rx=0 tx=0 comp rx=0 tx=0)._handle_peer_banner_payload supported=3 required=0
2023-07-05T21:23:18.796 INFO:teuthology.orchestra.run.smithi060.stdout:/usr/bin/ceph: stderr
2023-07-05T21:23:18.014+0000 7f0831ae0700 1 --2- >> [v2:172.21.15.60:3300/0,v1:172.21.15.60:6789/0] conn(0x7f082c1053c0 0x7f082c1057d0 unknown :-1 s=HELLO_CONNECTING pgs=0 cs=0 l=0 rev1=1 crypto rx=0 tx=0 comp rx=0 tx=0).handle_hello peer v2:172.21.15.60:3300/0 says I am v2:172.21.15.60:54242/0 (socket says 172.21.15.60:54242)
2023-07-05T21:23:18.796 INFO:teuthology.orchestra.run.smithi060.stdout:/usr/bin/ceph: stderr
2023-07-05T21:23:18.014+0000 7f0831ae0700 1 -- 172.21.15.60:0/468392390 learned_addr learned my addr 172.21.15.60:0/468392390 (peer_addr_for_me v2:172.21.15.60:0/0)
2023-07-05T21:23:18.796 INFO:teuthology.orchestra.run.smithi060.stdout:/usr/bin/ceph: stderr
2023-07-05T21:23:18.014+0000 7f0831ae0700 1 -- 172.21.15.60:0/468392390 --> [v2:172.21.15.60:3300/0,v1:172.21.15.60:6789/0] -- mon_subscribe({config=0+,monmap=0+}) v3 -- 0x7f082c105e50 con 0x7f082c1053c0
2023-07-05T21:23:18.796 INFO:teuthology.orchestra.run.smithi060.stdout:/usr/bin/ceph: stderr
2023-07-05T21:23:18.014+0000 7f0831ae0700 1 --2- 172.21.15.60:0/468392390 >> [v2:172.21.15.60:3300/0,v1:172.21.15.60:6789/0] conn(0x7f082c1053c0 0x7f082c1057d0 secure :-1 s=READY pgs=66 cs=0 l=1 rev1=1 crypto rx=0x7f08280098a0 tx=0x7f0828009bb0 comp rx=0 tx=0).ready entity=mon.0 client_cookie=fcc592e42b4b38f8 server_cookie=0 in_seq=0 out_seq=0
2023-07-05T21:23:18.796 INFO:teuthology.orchestra.run.smithi060.stdout:/usr/bin/ceph: stderr
2023-07-05T21:23:18.014+0000 7f0830ade700 1 -- 172.21.15.60:0/468392390 <== mon.0 v2:172.21.15.60:3300/0 1 ==== mon_map magic: 0 v1 ==== 205+0+0 (secure 0 0 0) 0x7f0828004160 con 0x7f082c1053c0
2023-07-05T21:23:18.796 INFO:teuthology.orchestra.run.smithi060.stdout:/usr/bin/ceph: stderr
2023-07-05T21:23:18.015+0000 7f0830ade700 1 -- 172.21.15.60:0/468392390 <== mon.0 v2:172.21.15.60:3300/0 2 ==== config(26 keys) v1 ==== 1105+0+0 (secure 0 0 0) 0x7f08280042c0 con 0x7f082c1053c0
2023-07-05T21:23:18.796 INFO:teuthology.orchestra.run.smithi060.stdout:/usr/bin/ceph: stderr
2023-07-05T21:23:18.015+0000 7f0830ade700 1 -- 172.21.15.60:0/468392390 <== mon.0 v2:172.21.15.60:3300/0 3 ==== mon_map magic: 0 v1 ==== 205+0+0 (secure 0 0 0) 0x7f08280119b0 con 0x7f082c1053c0
2023-07-05T21:23:18.797 INFO:teuthology.orchestra.run.smithi060.stdout:/usr/bin/ceph: stderr
2023-07-05T21:23:18.015+0000 7f0833d44700 1 -- 172.21.15.60:0/468392390 >> [v2:172.21.15.60:3300/0,v1:172.21.15.60:6789/0] conn(0x7f082c1053c0 msgr2=0x7f082c1057d0 secure :-1 s=STATE_CONNECTION_ESTABLISHED l=1).mark_down
2023-07-05T21:23:18.797 INFO:teuthology.orchestra.run.smithi060.stdout:/usr/bin/ceph: stderr
2023-07-05T21:23:18.015+0000 7f0833d44700 1 --2- 172.21.15.60:0/468392390 >> [v2:172.21.15.60:3300/0,v1:172.21.15.60:6789/0] conn(0x7f082c1053c0 0x7f082c1057d0 secure :-1 s=READY pgs=66 cs=0 l=1 rev1=1 crypto rx=0x7f08280098a0 tx=0x7f0828009bb0 comp rx=0 tx=0).stop
2023-07-05T21:23:18.797 INFO:teuthology.orchestra.run.smithi060.stdout:/usr/bin/ceph: stderr
2023-07-05T21:23:18.015+0000 7f0833d44700 1 -- 172.21.15.60:0/468392390 shutdown_connections
2023-07-05T21:23:18.797 INFO:teuthology.orchestra.run.smithi060.stdout:/usr/bin/ceph: stderr
2023-07-05T21:23:18.015+0000 7f0833d44700 1 --2- 172.21.15.60:0/468392390 >> [v2:172.21.15.60:3300/0,v1:172.21.15.60:6789/0] conn(0x7f082c1053c0 0x7f082c1057d0 unknown :-1 s=CLOSED pgs=66 cs=0 l=1 rev1=1 crypto rx=0 tx=0 comp rx=0 tx=0).stop
2023-07-05T21:23:18.797 INFO:teuthology.orchestra.run.smithi060.stdout:/usr/bin/ceph: stderr
2023-07-05T21:23:18.015+0000 7f0833d44700 1 -- 172.21.15.60:0/468392390 >> 172.21.15.60:0/468392390 conn(0x7f082c100a50 msgr2=0x7f082c102e60 unknown :-1 s=STATE_NONE l=0).mark_down
2023-07-05T21:23:18.797 INFO:teuthology.orchestra.run.smithi060.stdout:/usr/bin/ceph: stderr
2023-07-05T21:23:18.015+0000 7f0833d44700 1 -- 172.21.15.60:0/468392390 shutdown_connections
2023-07-05T21:23:18.797 INFO:teuthology.orchestra.run.smithi060.stdout:/usr/bin/ceph: stderr
2023-07-05T21:23:18.015+0000 7f0833d44700 1 -- 172.21.15.60:0/468392390 wait complete.
2023-07-05T21:23:18.797 INFO:teuthology.orchestra.run.smithi060.stdout:/usr/bin/ceph: stderr
2023-07-05T21:23:18.017+0000 7f0833d44700 1 Processor -- start
2023-07-05T21:23:18.798 INFO:teuthology.orchestra.run.smithi060.stdout:/usr/bin/ceph: stderr
2023-07-05T21:23:18.017+0000 7f0833d44700 1 -- start start
2023-07-05T21:23:18.798 INFO:teuthology.orchestra.run.smithi060.stdout:/usr/bin/ceph: stderr
2023-07-05T21:23:18.017+0000 7f0833d44700 1 --2- >> [v2:172.21.15.60:3300/0,v1:172.21.15.60:6789/0] conn(0x7f082c1053c0 0x7f082c07ab20 unknown :-1 s=NONE pgs=0 cs=0 l=1 rev1=0 crypto rx=0 tx=0 comp rx=0 tx=0).connect
2023-07-05T21:23:18.798 INFO:teuthology.orchestra.run.smithi060.stdout:/usr/bin/ceph: stderr
2023-07-05T21:23:18.017+0000 7f0833d44700 1 -- --> [v2:172.21.15.60:3300/0,v1:172.21.15.60:6789/0] -- mon_getmap magic: 0 v1 -- 0x7f082c07b060 con 0x7f082c1053c0
2023-07-05T21:23:18.798 INFO:teuthology.orchestra.run.smithi060.stdout:/usr/bin/ceph: stderr
2023-07-05T21:23:18.018+0000 7f0831ae0700 1 --2- >> [v2:172.21.15.60:3300/0,v1:172.21.15.60:6789/0] conn(0x7f082c1053c0 0x7f082c07ab20 unknown :-1 s=BANNER_CONNECTING pgs=0 cs=0 l=1 rev1=0 crypto rx=0 tx=0 comp rx=0 tx=0)._handle_peer_banner_payload supported=3 required=0
2023-07-05T21:23:18.798 INFO:teuthology.orchestra.run.smithi060.stdout:/usr/bin/ceph: stderr
2023-07-05T21:23:18.018+0000 7f0831ae0700 1 --2- >> [v2:172.21.15.60:3300/0,v1:172.21.15.60:6789/0] conn(0x7f082c1053c0 0x7f082c07ab20 unknown :-1 s=HELLO_CONNECTING pgs=0 cs=0 l=1 rev1=1 crypto rx=0 tx=0 comp rx=0 tx=0).handle_hello peer v2:172.21.15.60:3300/0 says I am v2:172.21.15.60:54250/0 (socket says 172.21.15.60:54250)
2023-07-05T21:23:18.798 INFO:teuthology.orchestra.run.smithi060.stdout:/usr/bin/ceph: stderr
2023-07-05T21:23:18.018+0000 7f0831ae0700 1 -- 172.21.15.60:0/2108023749 learned_addr learned my addr 172.21.15.60:0/2108023749 (peer_addr_for_me v2:172.21.15.60:0/0)
2023-07-05T21:23:18.798 INFO:teuthology.orchestra.run.smithi060.stdout:/usr/bin/ceph: stderr
2023-07-05T21:23:18.018+0000 7f0831ae0700 1 -- 172.21.15.60:0/2108023749 --> [v2:172.21.15.60:3300/0,v1:172.21.15.60:6789/0] -- mon_subscribe({config=0+,monmap=0+}) v3 -- 0x7f0828009550 con 0x7f082c1053c0
2023-07-05T21:23:18.798 INFO:teuthology.orchestra.run.smithi060.stdout:/usr/bin/ceph: stderr
2023-07-05T21:23:18.018+0000 7f0831ae0700 1 --2- 172.21.15.60:0/2108023749 >> [v2:172.21.15.60:3300/0,v1:172.21.15.60:6789/0] conn(0x7f082c1053c0 0x7f082c07ab20 secure :-1 s=READY pgs=67 cs=0 l=1 rev1=1 crypto rx=0x7f0828006af0 tx=0x7f0828011a10 comp rx=0 tx=0).ready entity=mon.0 client_cookie=0 server_cookie=0 in_seq=0 out_seq=0
2023-07-05T21:23:18.799 INFO:teuthology.orchestra.run.smithi060.stdout:/usr/bin/ceph: stderr
2023-07-05T21:23:18.019+0000 7f0822ffd700 1 -- 172.21.15.60:0/2108023749 <== mon.0 v2:172.21.15.60:3300/0 1 ==== mon_map magic: 0 v1 ==== 205+0+0 (secure 0 0 0) 0x7f0828003a40 con 0x7f082c1053c0
2023-07-05T21:23:18.799 INFO:teuthology.orchestra.run.smithi060.stdout:/usr/bin/ceph: stderr
2023-07-05T21:23:18.019+0000 7f0822ffd700 1 -- 172.21.15.60:0/2108023749 <== mon.0 v2:172.21.15.60:3300/0 2 ==== config(26 keys) v1 ==== 1105+0+0 (secure 0 0 0) 0x7f0828003ba0 con 0x7f082c1053c0
2023-07-05T21:23:18.799 INFO:teuthology.orchestra.run.smithi060.stdout:/usr/bin/ceph: stderr
2023-07-05T21:23:18.019+0000 7f0822ffd700 1 -- 172.21.15.60:0/2108023749 <== mon.0 v2:172.21.15.60:3300/0 3 ==== mon_map magic: 0 v1 ==== 205+0+0 (secure 0 0 0) 0x7f08280196c0 con 0x7f082c1053c0
2023-07-05T21:23:18.799 INFO:teuthology.orchestra.run.smithi060.stdout:/usr/bin/ceph: stderr
2023-07-05T21:23:18.019+0000 7f0833d44700 1 -- 172.21.15.60:0/2108023749 --> [v2:172.21.15.60:3300/0,v1:172.21.15.60:6789/0] -- mon_subscribe({mgrmap=0+}) v3 -- 0x7f082c079170 con 0x7f082c1053c0
2023-07-05T21:23:18.799 INFO:teuthology.orchestra.run.smithi060.stdout:/usr/bin/ceph: stderr
2023-07-05T21:23:18.019+0000 7f0833d44700 1 -- 172.21.15.60:0/2108023749 --> [v2:172.21.15.60:3300/0,v1:172.21.15.60:6789/0] -- mon_subscribe({osdmap=0}) v3 -- 0x7f082c079590 con 0x7f082c1053c0
2023-07-05T21:23:18.799 INFO:teuthology.orchestra.run.smithi060.stdout:/usr/bin/ceph: stderr
2023-07-05T21:23:18.020+0000 7f0822ffd700 1 -- 172.21.15.60:0/2108023749 <== mon.0 v2:172.21.15.60:3300/0 4 ==== mgrmap(e 11) v1 ==== 45390+0+0 (secure 0 0 0) 0x7f082801aa80 con 0x7f082c1053c0
2023-07-05T21:23:18.799 INFO:teuthology.orchestra.run.smithi060.stdout:/usr/bin/ceph: stderr
2023-07-05T21:23:18.020+0000 7f0833d44700 1 -- 172.21.15.60:0/2108023749 --> [v2:172.21.15.60:3300/0,v1:172.21.15.60:6789/0] -- mon_command({"prefix": "get_command_descriptions"} v 0) v1 -- 0x7f082c061b00 con 0x7f082c1053c0
2023-07-05T21:23:18.799 INFO:teuthology.orchestra.run.smithi060.stdout:/usr/bin/ceph: stderr
2023-07-05T21:23:18.020+0000 7f0822ffd700 1 --2- 172.21.15.60:0/2108023749 >> [v2:172.21.15.60:6800/3546627202,v1:172.21.15.60:6801/3546627202] conn(0x7f08180385f0 0x7f081803aaa0 unknown :-1 s=NONE pgs=0 cs=0 l=1 rev1=0 crypto rx=0 tx=0 comp rx=0 tx=0).connect
2023-07-05T21:23:18.800 INFO:teuthology.orchestra.run.smithi060.stdout:/usr/bin/ceph: stderr
2023-07-05T21:23:18.020+0000 7f0822ffd700 1 -- 172.21.15.60:0/2108023749 <== mon.0 v2:172.21.15.60:3300/0 5 ==== osd_map(3..3 src has 1..3) v4 ==== 1155+0+0 (secure 0 0 0) 0x7f082804cb80 con 0x7f082c1053c0
2023-07-05T21:23:18.800 INFO:teuthology.orchestra.run.smithi060.stdout:/usr/bin/ceph: stderr
2023-07-05T21:23:18.021+0000 7f08312df700 1 --2- 172.21.15.60:0/2108023749 >> [v2:172.21.15.60:6800/3546627202,v1:172.21.15.60:6801/3546627202] conn(0x7f08180385f0 0x7f081803aaa0 unknown :-1 s=BANNER_CONNECTING pgs=0 cs=0 l=1 rev1=0 crypto rx=0 tx=0 comp rx=0 tx=0)._handle_peer_banner_payload supported=3 required=0
2023-07-05T21:23:18.800 INFO:teuthology.orchestra.run.smithi060.stdout:/usr/bin/ceph: stderr
2023-07-05T21:23:18.021+0000 7f08312df700 1 --2- 172.21.15.60:0/2108023749 >> [v2:172.21.15.60:6800/3546627202,v1:172.21.15.60:6801/3546627202] conn(0x7f08180385f0 0x7f081803aaa0 secure :-1 s=READY pgs=7 cs=0 l=1 rev1=1 crypto rx=0x7f081c006fd0 tx=0x7f081c006e40 comp rx=0 tx=0).ready entity=mgr.14148 client_cookie=0 server_cookie=0 in_seq=0 out_seq=0
2023-07-05T21:23:18.800 INFO:teuthology.orchestra.run.smithi060.stdout:/usr/bin/ceph: stderr
2023-07-05T21:23:18.026+0000 7f0822ffd700 1 -- 172.21.15.60:0/2108023749 <== mon.0 v2:172.21.15.60:3300/0 6 ==== mon_command_ack([{"prefix": "get_command_descriptions"}]=0 v0) v1 ==== 72+0+178008 (secure 0 0 0) 0x7f082801a430 con 0x7f082c1053c0
2023-07-05T21:23:18.800 INFO:teuthology.orchestra.run.smithi060.stdout:/usr/bin/ceph: stderr
2023-07-05T21:23:18.095+0000 7f0822ffd700 1 -- 172.21.15.60:0/2108023749 <== mon.0 v2:172.21.15.60:3300/0 7 ==== mgrmap(e 12) v1 ==== 45496+0+0 (secure 0 0 0) 0x7f082802d430 con 0x7f082c1053c0
2023-07-05T21:23:18.800 INFO:teuthology.orchestra.run.smithi060.stdout:/usr/bin/ceph: stderr
2023-07-05T21:23:18.248+0000 7f0833d44700 1 -- 172.21.15.60:0/2108023749 --> [v2:172.21.15.60:6800/3546627202,v1:172.21.15.60:6801/3546627202] -- mgr_command(tid 0: {"prefix": "dashboard create-self-signed-cert", "target": ["mon-mgr", ""]}) v1 -- 0x7f082c102d70 con 0x7f08180385f0
2023-07-05T21:23:18.801 INFO:teuthology.orchestra.run.smithi060.stdout:/usr/bin/ceph: stderr
2023-07-05T21:23:18.413+0000 7f0822ffd700 1 -- 172.21.15.60:0/2108023749 <== mgr.14148 v2:172.21.15.60:6800/3546627202 1 ==== mgr_command_reply(tid 0: 0 ) v1 ==== 8+0+32 (secure 0 0 0) 0x7f082c102d70 con 0x7f08180385f0
2023-07-05T21:23:18.801 INFO:teuthology.orchestra.run.smithi060.stdout:/usr/bin/ceph: stderr
2023-07-05T21:23:18.416+0000 7f0833d44700 1 -- 172.21.15.60:0/2108023749 >> [v2:172.21.15.60:6800/3546627202,v1:172.21.15.60:6801/3546627202] conn(0x7f08180385f0 msgr2=0x7f081803aaa0 secure :-1 s=STATE_CONNECTION_ESTABLISHED l=1).mark_down
2023-07-05T21:23:18.801 INFO:teuthology.orchestra.run.smithi060.stdout:/usr/bin/ceph: stderr
2023-07-05T21:23:18.416+0000 7f0833d44700 1 --2- 172.21.15.60:0/2108023749 >> [v2:172.21.15.60:6800/3546627202,v1:172.21.15.60:6801/3546627202] conn(0x7f08180385f0 0x7f081803aaa0 secure :-1 s=READY pgs=7 cs=0 l=1 rev1=1 crypto rx=0x7f081c006fd0 tx=0x7f081c006e40 comp rx=0 tx=0).stop
2023-07-05T21:23:18.801 INFO:teuthology.orchestra.run.smithi060.stdout:/usr/bin/ceph: stderr
2023-07-05T21:23:18.416+0000 7f0833d44700 1 -- 172.21.15.60:0/2108023749 >> [v2:172.21.15.60:3300/0,v1:172.21.15.60:6789/0] conn(0x7f082c1053c0 msgr2=0x7f082c07ab20 secure :-1 s=STATE_CONNECTION_ESTABLISHED l=1).mark_down
2023-07-05T21:23:18.801 INFO:teuthology.orchestra.run.smithi060.stdout:/usr/bin/ceph: stderr
2023-07-05T21:23:18.416+0000 7f0833d44700 1 --2- 172.21.15.60:0/2108023749 >> [v2:172.21.15.60:3300/0,v1:172.21.15.60:6789/0] conn(0x7f082c1053c0 0x7f082c07ab20 secure :-1 s=READY pgs=67 cs=0 l=1 rev1=1 crypto rx=0x7f0828006af0 tx=0x7f0828011a10 comp rx=0 tx=0).stop
2023-07-05T21:23:18.801 INFO:teuthology.orchestra.run.smithi060.stdout:/usr/bin/ceph: stderr
2023-07-05T21:23:18.416+0000 7f0833d44700 1 -- 172.21.15.60:0/2108023749 shutdown_connections
2023-07-05T21:23:18.801 INFO:teuthology.orchestra.run.smithi060.stdout:/usr/bin/ceph: stderr
2023-07-05T21:23:18.416+0000 7f0833d44700 1 --2- 172.21.15.60:0/2108023749 >> [v2:172.21.15.60:6800/3546627202,v1:172.21.15.60:6801/3546627202] conn(0x7f08180385f0 0x7f081803aaa0 unknown :-1 s=CLOSED pgs=7 cs=0 l=1 rev1=1 crypto rx=0 tx=0 comp rx=0 tx=0).stop
2023-07-05T21:23:18.801 INFO:teuthology.orchestra.run.smithi060.stdout:/usr/bin/ceph: stderr
2023-07-05T21:23:18.416+0000 7f0833d44700 1 --2- 172.21.15.60:0/2108023749 >> [v2:172.21.15.60:3300/0,v1:172.21.15.60:6789/0] conn(0x7f082c1053c0 0x7f082c07ab20 unknown :-1 s=CLOSED pgs=67 cs=0 l=1 rev1=1 crypto rx=0 tx=0 comp rx=0 tx=0).stop
2023-07-05T21:23:18.802 INFO:teuthology.orchestra.run.smithi060.stdout:/usr/bin/ceph: stderr
2023-07-05T21:23:18.416+0000 7f0833d44700 1 -- 172.21.15.60:0/2108023749 >> 172.21.15.60:0/2108023749 conn(0x7f082c100a50 msgr2=0x7f082c102150 unknown :-1 s=STATE_NONE l=0).mark_down
2023-07-05T21:23:18.802 INFO:teuthology.orchestra.run.smithi060.stdout:/usr/bin/ceph: stderr
2023-07-05T21:23:18.416+0000 7f0833d44700 1 -- 172.21.15.60:0/2108023749 shutdown_connections
2023-07-05T21:23:18.802 INFO:teuthology.orchestra.run.smithi060.stdout:/usr/bin/ceph: stderr
2023-07-05T21:23:18.416+0000 7f0833d44700 1 -- 172.21.15.60:0/2108023749 wait complete.
2023-07-05T21:23:18.802 INFO:teuthology.orchestra.run.smithi060.stdout:Creating initial admin user...
2023-07-05T21:23:19.537 INFO:journalctl@ceph.mon.a.smithi060.stdout:Jul 05 21:23:19 smithi060 ceph-mon[95466]: mgrmap e12: x(active, since 2s)
2023-07-05T21:23:19.537 INFO:journalctl@ceph.mon.a.smithi060.stdout:Jul 05 21:23:19 smithi060 ceph-mon[95466]: from='client.14160 -' entity='client.admin' cmd=[{"prefix": "dashboard create-self-signed-cert", "target": ["mon-mgr", ""]}]: dispatch
2023-07-05T21:23:19.537 INFO:journalctl@ceph.mon.a.smithi060.stdout:Jul 05 21:23:19 smithi060 ceph-mon[95466]: from='mgr.14148 172.21.15.60:0/2577504269' entity='mgr.x'
2023-07-05T21:23:19.538 INFO:journalctl@ceph.mon.a.smithi060.stdout:Jul 05 21:23:19 smithi060 ceph-mon[95466]: from='mgr.14148 172.21.15.60:0/2577504269' entity='mgr.x'
2023-07-05T21:23:19.538 INFO:journalctl@ceph.mon.a.smithi060.stdout:Jul 05 21:23:19 smithi060 ceph-mon[95466]: from='mgr.14148 172.21.15.60:0/2577504269' entity='mgr.x'
2023-07-05T21:23:20.271 INFO:teuthology.orchestra.run.smithi060.stdout:/usr/bin/ceph: stdout {"username": "admin", "password": "$2b$12$Vkdk.kFvHbe3RsrXxcMtvesRWguFNrpMNFqO6VP.Yp0T4xxMeIzbu", "roles": ["administrator"], "name": null, "email": null, "lastUpdate": 1688592199, "enabled": true, "pwdExpirationDate": null, "pwdUpdateRequired": true}
2023-07-05T21:23:20.271 INFO:teuthology.orchestra.run.smithi060.stdout:/usr/bin/ceph: stderr
2023-07-05T21:23:19.345+0000 7f3350ca3700 1 Processor -- start
2023-07-05T21:23:20.271 INFO:teuthology.orchestra.run.smithi060.stdout:/usr/bin/ceph: stderr
2023-07-05T21:23:19.345+0000 7f3350ca3700 1 -- start start
2023-07-05T21:23:20.272 INFO:teuthology.orchestra.run.smithi060.stdout:/usr/bin/ceph: stderr
2023-07-05T21:23:19.346+0000 7f3350ca3700 1 --2- >> [v2:172.21.15.60:3300/0,v1:172.21.15.60:6789/0] conn(0x7f334c1053c0 0x7f334c1057d0 unknown :-1 s=NONE pgs=0 cs=0 l=0 rev1=0 crypto rx=0 tx=0 comp rx=0 tx=0).connect
2023-07-05T21:23:20.275 INFO:teuthology.orchestra.run.smithi060.stdout:/usr/bin/ceph: stderr
2023-07-05T21:23:19.346+0000 7f3350ca3700 1 -- --> [v2:172.21.15.60:3300/0,v1:172.21.15.60:6789/0] -- mon_getmap magic: 0 v1 -- 0x7f334c105d10 con 0x7f334c1053c0
2023-07-05T21:23:20.275 INFO:teuthology.orchestra.run.smithi060.stdout:/usr/bin/ceph: stderr
2023-07-05T21:23:19.346+0000 7f334a59c700 1 --2- >> [v2:172.21.15.60:3300/0,v1:172.21.15.60:6789/0] conn(0x7f334c1053c0 0x7f334c1057d0 unknown :-1 s=BANNER_CONNECTING pgs=0 cs=0 l=0 rev1=0 crypto rx=0 tx=0 comp rx=0 tx=0)._handle_peer_banner_payload supported=3 required=0
2023-07-05T21:23:20.276 INFO:teuthology.orchestra.run.smithi060.stdout:/usr/bin/ceph: stderr
2023-07-05T21:23:19.346+0000 7f334a59c700 1 --2- >> [v2:172.21.15.60:3300/0,v1:172.21.15.60:6789/0] conn(0x7f334c1053c0 0x7f334c1057d0 unknown :-1 s=HELLO_CONNECTING pgs=0 cs=0 l=0 rev1=1 crypto rx=0 tx=0 comp rx=0 tx=0).handle_hello peer v2:172.21.15.60:3300/0 says I am v2:172.21.15.60:42848/0 (socket says 172.21.15.60:42848)
2023-07-05T21:23:20.276 INFO:teuthology.orchestra.run.smithi060.stdout:/usr/bin/ceph: stderr
2023-07-05T21:23:19.346+0000 7f334a59c700 1 -- 172.21.15.60:0/1908448588 learned_addr learned my addr 172.21.15.60:0/1908448588 (peer_addr_for_me v2:172.21.15.60:0/0)
2023-07-05T21:23:20.276 INFO:teuthology.orchestra.run.smithi060.stdout:/usr/bin/ceph: stderr
2023-07-05T21:23:19.346+0000 7f334a59c700 1 -- 172.21.15.60:0/1908448588 --> [v2:172.21.15.60:3300/0,v1:172.21.15.60:6789/0] -- mon_subscribe({config=0+,monmap=0+}) v3 -- 0x7f334c105e50 con 0x7f334c1053c0
2023-07-05T21:23:20.276 INFO:teuthology.orchestra.run.smithi060.stdout:/usr/bin/ceph: stderr
2023-07-05T21:23:19.347+0000 7f334a59c700 1 --2- 172.21.15.60:0/1908448588 >> [v2:172.21.15.60:3300/0,v1:172.21.15.60:6789/0] conn(0x7f334c1053c0 0x7f334c1057d0 secure :-1 s=READY pgs=68 cs=0 l=1 rev1=1 crypto rx=0x7f333c0098a0 tx=0x7f333c009bb0 comp rx=0 tx=0).ready entity=mon.0 client_cookie=ef53c3518b2cf1af server_cookie=0 in_seq=0 out_seq=0
2023-07-05T21:23:20.276 INFO:teuthology.orchestra.run.smithi060.stdout:/usr/bin/ceph: stderr
2023-07-05T21:23:19.347+0000 7f334959a700 1 -- 172.21.15.60:0/1908448588 <== mon.0 v2:172.21.15.60:3300/0 1 ==== mon_map magic: 0 v1 ==== 205+0+0 (secure 0 0 0) 0x7f333c004160 con 0x7f334c1053c0
2023-07-05T21:23:20.276 INFO:teuthology.orchestra.run.smithi060.stdout:/usr/bin/ceph: stderr
2023-07-05T21:23:19.347+0000 7f334959a700 1 -- 172.21.15.60:0/1908448588 <== mon.0 v2:172.21.15.60:3300/0 2 ==== config(26 keys) v1 ==== 1105+0+0 (secure 0 0 0) 0x7f333c0042c0 con 0x7f334c1053c0
2023-07-05T21:23:20.276 INFO:teuthology.orchestra.run.smithi060.stdout:/usr/bin/ceph: stderr
2023-07-05T21:23:19.347+0000 7f334959a700 1 -- 172.21.15.60:0/1908448588 <== mon.0 v2:172.21.15.60:3300/0 3 ==== mon_map magic: 0 v1 ==== 205+0+0 (secure 0 0 0) 0x7f333c0119b0 con 0x7f334c1053c0
2023-07-05T21:23:20.277 INFO:teuthology.orchestra.run.smithi060.stdout:/usr/bin/ceph: stderr
2023-07-05T21:23:19.348+0000 7f3350ca3700 1 -- 172.21.15.60:0/1908448588 >> [v2:172.21.15.60:3300/0,v1:172.21.15.60:6789/0] conn(0x7f334c1053c0 msgr2=0x7f334c1057d0 secure :-1 s=STATE_CONNECTION_ESTABLISHED l=1).mark_down
2023-07-05T21:23:20.277 INFO:teuthology.orchestra.run.smithi060.stdout:/usr/bin/ceph: stderr
2023-07-05T21:23:19.348+0000 7f3350ca3700 1 --2- 172.21.15.60:0/1908448588 >> [v2:172.21.15.60:3300/0,v1:172.21.15.60:6789/0] conn(0x7f334c1053c0 0x7f334c1057d0 secure :-1 s=READY pgs=68 cs=0 l=1 rev1=1 crypto rx=0x7f333c0098a0 tx=0x7f333c009bb0 comp rx=0 tx=0).stop
2023-07-05T21:23:20.277 INFO:teuthology.orchestra.run.smithi060.stdout:/usr/bin/ceph: stderr
2023-07-05T21:23:19.348+0000 7f3350ca3700 1 -- 172.21.15.60:0/1908448588 shutdown_connections
2023-07-05T21:23:20.277 INFO:teuthology.orchestra.run.smithi060.stdout:/usr/bin/ceph: stderr
2023-07-05T21:23:19.348+0000 7f3350ca3700 1 --2- 172.21.15.60:0/1908448588 >> [v2:172.21.15.60:3300/0,v1:172.21.15.60:6789/0] conn(0x7f334c1053c0 0x7f334c1057d0 unknown :-1 s=CLOSED pgs=68 cs=0 l=1 rev1=1 crypto rx=0 tx=0 comp rx=0 tx=0).stop
2023-07-05T21:23:20.277 INFO:teuthology.orchestra.run.smithi060.stdout:/usr/bin/ceph: stderr
2023-07-05T21:23:19.348+0000 7f3350ca3700 1 -- 172.21.15.60:0/1908448588 >> 172.21.15.60:0/1908448588 conn(0x7f334c100a50 msgr2=0x7f334c102e60 unknown :-1 s=STATE_NONE l=0).mark_down
2023-07-05T21:23:20.277 INFO:teuthology.orchestra.run.smithi060.stdout:/usr/bin/ceph: stderr
2023-07-05T21:23:19.348+0000 7f3350ca3700 1 -- 172.21.15.60:0/1908448588 shutdown_connections
2023-07-05T21:23:20.277 INFO:teuthology.orchestra.run.smithi060.stdout:/usr/bin/ceph: stderr
2023-07-05T21:23:19.348+0000 7f3350ca3700 1 -- 172.21.15.60:0/1908448588 wait complete.
2023-07-05T21:23:20.277 INFO:teuthology.orchestra.run.smithi060.stdout:/usr/bin/ceph: stderr
2023-07-05T21:23:19.349+0000 7f3350ca3700 1 Processor -- start
2023-07-05T21:23:20.278 INFO:teuthology.orchestra.run.smithi060.stdout:/usr/bin/ceph: stderr
2023-07-05T21:23:19.349+0000 7f3350ca3700 1 -- start start
2023-07-05T21:23:20.278 INFO:teuthology.orchestra.run.smithi060.stdout:/usr/bin/ceph: stderr
2023-07-05T21:23:19.349+0000 7f3350ca3700 1 --2- >> [v2:172.21.15.60:3300/0,v1:172.21.15.60:6789/0] conn(0x7f334c1053c0 0x7f334c19b3d0 unknown :-1 s=NONE pgs=0 cs=0 l=1 rev1=0 crypto rx=0 tx=0 comp rx=0 tx=0).connect
2023-07-05T21:23:20.278 INFO:teuthology.orchestra.run.smithi060.stdout:/usr/bin/ceph: stderr
2023-07-05T21:23:19.349+0000 7f3350ca3700 1 -- --> [v2:172.21.15.60:3300/0,v1:172.21.15.60:6789/0] -- mon_getmap magic: 0 v1 -- 0x7f334c19b910 con 0x7f334c1053c0
2023-07-05T21:23:20.278 INFO:teuthology.orchestra.run.smithi060.stdout:/usr/bin/ceph: stderr
2023-07-05T21:23:19.350+0000 7f334a59c700 1 --2- >> [v2:172.21.15.60:3300/0,v1:172.21.15.60:6789/0] conn(0x7f334c1053c0 0x7f334c19b3d0 unknown :-1 s=BANNER_CONNECTING pgs=0 cs=0 l=1 rev1=0 crypto rx=0 tx=0 comp rx=0 tx=0)._handle_peer_banner_payload supported=3 required=0
2023-07-05T21:23:20.278 INFO:teuthology.orchestra.run.smithi060.stdout:/usr/bin/ceph: stderr
2023-07-05T21:23:19.350+0000 7f334a59c700 1 --2- >> [v2:172.21.15.60:3300/0,v1:172.21.15.60:6789/0] conn(0x7f334c1053c0 0x7f334c19b3d0 unknown :-1 s=HELLO_CONNECTING pgs=0 cs=0 l=1 rev1=1 crypto rx=0 tx=0 comp rx=0 tx=0).handle_hello peer v2:172.21.15.60:3300/0 says I am v2:172.21.15.60:42858/0 (socket says 172.21.15.60:42858)
2023-07-05T21:23:20.278 INFO:teuthology.orchestra.run.smithi060.stdout:/usr/bin/ceph: stderr
2023-07-05T21:23:19.350+0000 7f334a59c700 1 -- 172.21.15.60:0/1540144308 learned_addr learned my addr 172.21.15.60:0/1540144308 (peer_addr_for_me v2:172.21.15.60:0/0)
2023-07-05T21:23:20.278 INFO:teuthology.orchestra.run.smithi060.stdout:/usr/bin/ceph: stderr
2023-07-05T21:23:19.350+0000 7f334a59c700 1 -- 172.21.15.60:0/1540144308 --> [v2:172.21.15.60:3300/0,v1:172.21.15.60:6789/0] -- mon_subscribe({config=0+,monmap=0+}) v3 -- 0x7f333c009550 con 0x7f334c1053c0
2023-07-05T21:23:20.278 INFO:teuthology.orchestra.run.smithi060.stdout:/usr/bin/ceph: stderr
2023-07-05T21:23:19.350+0000 7f334a59c700 1 --2- 172.21.15.60:0/1540144308 >> [v2:172.21.15.60:3300/0,v1:172.21.15.60:6789/0] conn(0x7f334c1053c0 0x7f334c19b3d0 secure :-1 s=READY pgs=69 cs=0 l=1 rev1=1 crypto rx=0x7f333c006af0 tx=0x7f333c011a10 comp rx=0 tx=0).ready entity=mon.0 client_cookie=0 server_cookie=0 in_seq=0 out_seq=0
2023-07-05T21:23:20.279 INFO:teuthology.orchestra.run.smithi060.stdout:/usr/bin/ceph: stderr
2023-07-05T21:23:19.351+0000 7f333b7fe700 1 -- 172.21.15.60:0/1540144308 <== mon.0 v2:172.21.15.60:3300/0 1 ==== mon_map magic: 0 v1 ==== 205+0+0 (secure 0 0 0) 0x7f333c003a40 con 0x7f334c1053c0
2023-07-05T21:23:20.279 INFO:teuthology.orchestra.run.smithi060.stdout:/usr/bin/ceph: stderr
2023-07-05T21:23:19.351+0000 7f333b7fe700 1 -- 172.21.15.60:0/1540144308 <== mon.0 v2:172.21.15.60:3300/0 2 ==== config(26 keys) v1 ==== 1105+0+0 (secure 0 0 0) 0x7f333c003ba0 con 0x7f334c1053c0
2023-07-05T21:23:20.279 INFO:teuthology.orchestra.run.smithi060.stdout:/usr/bin/ceph: stderr
2023-07-05T21:23:19.351+0000 7f333b7fe700 1 -- 172.21.15.60:0/1540144308 <== mon.0 v2:172.21.15.60:3300/0 3 ==== mon_map magic: 0 v1 ==== 205+0+0 (secure 0 0 0) 0x7f333c0196c0 con 0x7f334c1053c0
2023-07-05T21:23:20.279 INFO:teuthology.orchestra.run.smithi060.stdout:/usr/bin/ceph: stderr
2023-07-05T21:23:19.351+0000 7f3350ca3700 1 -- 172.21.15.60:0/1540144308 --> [v2:172.21.15.60:3300/0,v1:172.21.15.60:6789/0] -- mon_subscribe({mgrmap=0+}) v3 -- 0x7f334c19bb10 con 0x7f334c1053c0
2023-07-05T21:23:20.279 INFO:teuthology.orchestra.run.smithi060.stdout:/usr/bin/ceph: stderr
2023-07-05T21:23:19.351+0000 7f3350ca3700 1 -- 172.21.15.60:0/1540144308 --> [v2:172.21.15.60:3300/0,v1:172.21.15.60:6789/0] -- mon_subscribe({osdmap=0}) v3 -- 0x7f334c19bf30 con 0x7f334c1053c0
2023-07-05T21:23:20.279 INFO:teuthology.orchestra.run.smithi060.stdout:/usr/bin/ceph: stderr
2023-07-05T21:23:19.352+0000 7f333b7fe700 1 -- 172.21.15.60:0/1540144308 <== mon.0 v2:172.21.15.60:3300/0 4 ==== mgrmap(e 12) v1 ==== 45496+0+0 (secure 0 0 0) 0x7f333c01aa80 con 0x7f334c1053c0
2023-07-05T21:23:20.279 INFO:teuthology.orchestra.run.smithi060.stdout:/usr/bin/ceph: stderr
2023-07-05T21:23:19.352+0000 7f333b7fe700 1 --2- 172.21.15.60:0/1540144308 >> [v2:172.21.15.60:6800/3546627202,v1:172.21.15.60:6801/3546627202] conn(0x7f3334038710 0x7f333403abc0 unknown :-1 s=NONE pgs=0 cs=0 l=1 rev1=0 crypto rx=0 tx=0 comp rx=0 tx=0).connect
2023-07-05T21:23:20.280 INFO:teuthology.orchestra.run.smithi060.stdout:/usr/bin/ceph: stderr
2023-07-05T21:23:19.352+0000 7f3350ca3700 1 -- 172.21.15.60:0/1540144308 --> [v2:172.21.15.60:3300/0,v1:172.21.15.60:6789/0] -- mon_command({"prefix": "get_command_descriptions"} v 0) v1 -- 0x7f334c061b00 con 0x7f334c1053c0
2023-07-05T21:23:20.280 INFO:teuthology.orchestra.run.smithi060.stdout:/usr/bin/ceph: stderr
2023-07-05T21:23:19.352+0000 7f333b7fe700 1 -- 172.21.15.60:0/1540144308 <== mon.0 v2:172.21.15.60:3300/0 5 ==== osd_map(3..3 src has 1..3) v4 ==== 1155+0+0 (secure 0 0 0) 0x7f333c04cbc0 con 0x7f334c1053c0
2023-07-05T21:23:20.280 INFO:teuthology.orchestra.run.smithi060.stdout:/usr/bin/ceph: stderr
2023-07-05T21:23:19.353+0000 7f3349d9b700 1 --2- 172.21.15.60:0/1540144308 >> [v2:172.21.15.60:6800/3546627202,v1:172.21.15.60:6801/3546627202] conn(0x7f3334038710 0x7f333403abc0 unknown :-1 s=BANNER_CONNECTING pgs=0 cs=0 l=1 rev1=0 crypto rx=0 tx=0 comp rx=0 tx=0)._handle_peer_banner_payload supported=3 required=0
2023-07-05T21:23:20.280 INFO:teuthology.orchestra.run.smithi060.stdout:/usr/bin/ceph: stderr
2023-07-05T21:23:19.353+0000 7f3349d9b700 1 --2- 172.21.15.60:0/1540144308 >> [v2:172.21.15.60:6800/3546627202,v1:172.21.15.60:6801/3546627202] conn(0x7f3334038710 0x7f333403abc0 secure :-1 s=READY pgs=8 cs=0 l=1 rev1=1 crypto rx=0x7f3340006fd0 tx=0x7f3340006e40 comp rx=0 tx=0).ready entity=mgr.14148 client_cookie=0 server_cookie=0 in_seq=0 out_seq=0
2023-07-05T21:23:20.280 INFO:teuthology.orchestra.run.smithi060.stdout:/usr/bin/ceph: stderr
2023-07-05T21:23:19.359+0000 7f333b7fe700 1 -- 172.21.15.60:0/1540144308 <== mon.0 v2:172.21.15.60:3300/0 6 ==== mon_command_ack([{"prefix": "get_command_descriptions"}]=0 v0) v1 ==== 72+0+178008 (secure 0 0 0) 0x7f333c01a430 con 0x7f334c1053c0
2023-07-05T21:23:20.280 INFO:teuthology.orchestra.run.smithi060.stdout:/usr/bin/ceph: stderr
2023-07-05T21:23:19.612+0000 7f3350ca3700 1 -- 172.21.15.60:0/1540144308 --> [v2:172.21.15.60:6800/3546627202,v1:172.21.15.60:6801/3546627202] -- mgr_command(tid 0: {"prefix": "dashboard ac-user-create", "username": "admin", "rolename": "administrator", "force_password": true, "pwd_update_required": true, "target": ["mon-mgr", ""]}) v1 -- 0x7f334c061920 con 0x7f3334038710
2023-07-05T21:23:20.280 INFO:teuthology.orchestra.run.smithi060.stdout:/usr/bin/ceph: stderr
2023-07-05T21:23:19.861+0000 7f333b7fe700 1 -- 172.21.15.60:0/1540144308 <== mgr.14148 v2:172.21.15.60:6800/3546627202 1 ==== mgr_command_reply(tid 0: 0 ) v1 ==== 8+0+252 (secure 0 0 0) 0x7f334c061920 con 0x7f3334038710
2023-07-05T21:23:20.280 INFO:teuthology.orchestra.run.smithi060.stdout:/usr/bin/ceph: stderr
2023-07-05T21:23:19.863+0000 7f3350ca3700 1 -- 172.21.15.60:0/1540144308 >> [v2:172.21.15.60:6800/3546627202,v1:172.21.15.60:6801/3546627202] conn(0x7f3334038710 msgr2=0x7f333403abc0 secure :-1 s=STATE_CONNECTION_ESTABLISHED l=1).mark_down
2023-07-05T21:23:20.281 INFO:teuthology.orchestra.run.smithi060.stdout:/usr/bin/ceph: stderr
2023-07-05T21:23:19.863+0000 7f3350ca3700 1 --2- 172.21.15.60:0/1540144308 >> [v2:172.21.15.60:6800/3546627202,v1:172.21.15.60:6801/3546627202] conn(0x7f3334038710 0x7f333403abc0 secure :-1 s=READY pgs=8 cs=0 l=1 rev1=1 crypto rx=0x7f3340006fd0 tx=0x7f3340006e40 comp rx=0 tx=0).stop
2023-07-05T21:23:20.281 INFO:teuthology.orchestra.run.smithi060.stdout:/usr/bin/ceph: stderr
2023-07-05T21:23:19.863+0000 7f3350ca3700 1 -- 172.21.15.60:0/1540144308 >> [v2:172.21.15.60:3300/0,v1:172.21.15.60:6789/0] conn(0x7f334c1053c0 msgr2=0x7f334c19b3d0 secure :-1 s=STATE_CONNECTION_ESTABLISHED l=1).mark_down
2023-07-05T21:23:20.281 INFO:teuthology.orchestra.run.smithi060.stdout:/usr/bin/ceph: stderr
2023-07-05T21:23:19.863+0000 7f3350ca3700 1 --2- 172.21.15.60:0/1540144308 >> [v2:172.21.15.60:3300/0,v1:172.21.15.60:6789/0] conn(0x7f334c1053c0 0x7f334c19b3d0 secure :-1 s=READY pgs=69 cs=0 l=1 rev1=1 crypto rx=0x7f333c006af0 tx=0x7f333c011a10 comp rx=0 tx=0).stop
2023-07-05T21:23:20.281 INFO:teuthology.orchestra.run.smithi060.stdout:/usr/bin/ceph: stderr
2023-07-05T21:23:19.863+0000 7f3350ca3700 1 -- 172.21.15.60:0/1540144308 shutdown_connections
2023-07-05T21:23:20.281 INFO:teuthology.orchestra.run.smithi060.stdout:/usr/bin/ceph: stderr
2023-07-05T21:23:19.863+0000 7f3350ca3700 1 --2- 172.21.15.60:0/1540144308 >> [v2:172.21.15.60:6800/3546627202,v1:172.21.15.60:6801/3546627202] conn(0x7f3334038710 0x7f333403abc0 unknown :-1 s=CLOSED pgs=8 cs=0 l=1 rev1=1 crypto rx=0 tx=0 comp rx=0 tx=0).stop
2023-07-05T21:23:20.281 INFO:teuthology.orchestra.run.smithi060.stdout:/usr/bin/ceph: stderr
2023-07-05T21:23:19.863+0000 7f3350ca3700 1 --2- 172.21.15.60:0/1540144308 >> [v2:172.21.15.60:3300/0,v1:172.21.15.60:6789/0] conn(0x7f334c1053c0 0x7f334c19b3d0 unknown :-1 s=CLOSED pgs=69 cs=0 l=1 rev1=1 crypto rx=0 tx=0 comp rx=0 tx=0).stop
2023-07-05T21:23:20.281 INFO:teuthology.orchestra.run.smithi060.stdout:/usr/bin/ceph: stderr
2023-07-05T21:23:19.863+0000 7f3350ca3700 1 -- 172.21.15.60:0/1540144308 >> 172.21.15.60:0/1540144308 conn(0x7f334c100a50 msgr2=0x7f334c102160 unknown :-1 s=STATE_NONE l=0).mark_down
2023-07-05T21:23:20.282 INFO:teuthology.orchestra.run.smithi060.stdout:/usr/bin/ceph: stderr
2023-07-05T21:23:19.864+0000 7f3350ca3700 1 -- 172.21.15.60:0/1540144308 shutdown_connections
2023-07-05T21:23:20.282 INFO:teuthology.orchestra.run.smithi060.stdout:/usr/bin/ceph: stderr
2023-07-05T21:23:19.864+0000 7f3350ca3700 1 -- 172.21.15.60:0/1540144308 wait complete.
2023-07-05T21:23:20.282 INFO:teuthology.orchestra.run.smithi060.stdout:Fetching dashboard port number...
2023-07-05T21:23:20.965 INFO:journalctl@ceph.mon.a.smithi060.stdout:Jul 05 21:23:20 smithi060 ceph-mon[95466]: from='client.14162 -' entity='client.admin' cmd=[{"prefix": "dashboard ac-user-create", "username": "admin", "rolename": "administrator", "force_password": true, "pwd_update_required": true, "target": ["mon-mgr", ""]}]: dispatch
2023-07-05T21:23:20.966 INFO:journalctl@ceph.mon.a.smithi060.stdout:Jul 05 21:23:20 smithi060 ceph-mon[95466]: from='mgr.14148 172.21.15.60:0/2577504269' entity='mgr.x'
2023-07-05T21:23:20.966 INFO:journalctl@ceph.mon.a.smithi060.stdout:Jul 05 21:23:20 smithi060 ceph-mon[95466]: from='mgr.14148 172.21.15.60:0/2577504269' entity='mgr.x'
2023-07-05T21:23:21.552 INFO:teuthology.orchestra.run.smithi060.stdout:/usr/bin/ceph: stdout 8443
2023-07-05T21:23:21.552 INFO:teuthology.orchestra.run.smithi060.stdout:/usr/bin/ceph: stderr
2023-07-05T21:23:20.795+0000 7f7cb3889700 1 Processor -- start
2023-07-05T21:23:21.552 INFO:teuthology.orchestra.run.smithi060.stdout:/usr/bin/ceph: stderr
2023-07-05T21:23:20.795+0000 7f7cb3889700 1 -- start start
2023-07-05T21:23:21.553 INFO:teuthology.orchestra.run.smithi060.stdout:/usr/bin/ceph: stderr
2023-07-05T21:23:20.795+0000 7f7cb3889700 1 --2- >> [v2:172.21.15.60:3300/0,v1:172.21.15.60:6789/0] conn(0x7f7cac1053c0 0x7f7cac1057d0 unknown :-1 s=NONE pgs=0 cs=0 l=0 rev1=0 crypto rx=0 tx=0 comp rx=0 tx=0).connect
2023-07-05T21:23:21.553 INFO:teuthology.orchestra.run.smithi060.stdout:/usr/bin/ceph: stderr
2023-07-05T21:23:20.795+0000 7f7cb3889700 1 -- --> [v2:172.21.15.60:3300/0,v1:172.21.15.60:6789/0] -- mon_getmap magic: 0 v1 -- 0x7f7cac105d10 con 0x7f7cac1053c0
2023-07-05T21:23:21.553 INFO:teuthology.orchestra.run.smithi060.stdout:/usr/bin/ceph: stderr
2023-07-05T21:23:20.795+0000 7f7cb1625700 1 --2- >> [v2:172.21.15.60:3300/0,v1:172.21.15.60:6789/0] conn(0x7f7cac1053c0 0x7f7cac1057d0 unknown :-1 s=BANNER_CONNECTING pgs=0 cs=0 l=0 rev1=0 crypto rx=0 tx=0 comp rx=0 tx=0)._handle_peer_banner_payload supported=3 required=0
2023-07-05T21:23:21.553 INFO:teuthology.orchestra.run.smithi060.stdout:/usr/bin/ceph: stderr
2023-07-05T21:23:20.795+0000 7f7cb1625700 1 --2- >> [v2:172.21.15.60:3300/0,v1:172.21.15.60:6789/0] conn(0x7f7cac1053c0 0x7f7cac1057d0 unknown :-1 s=HELLO_CONNECTING pgs=0 cs=0 l=0 rev1=1 crypto rx=0 tx=0 comp rx=0 tx=0).handle_hello peer v2:172.21.15.60:3300/0 says I am v2:172.21.15.60:42864/0 (socket says 172.21.15.60:42864)
2023-07-05T21:23:21.553 INFO:teuthology.orchestra.run.smithi060.stdout:/usr/bin/ceph: stderr
2023-07-05T21:23:20.795+0000 7f7cb1625700 1 -- 172.21.15.60:0/2694818556 learned_addr learned my addr 172.21.15.60:0/2694818556 (peer_addr_for_me v2:172.21.15.60:0/0)
2023-07-05T21:23:21.553 INFO:teuthology.orchestra.run.smithi060.stdout:/usr/bin/ceph: stderr
2023-07-05T21:23:20.796+0000 7f7cb1625700 1 -- 172.21.15.60:0/2694818556 --> [v2:172.21.15.60:3300/0,v1:172.21.15.60:6789/0] -- mon_subscribe({config=0+,monmap=0+}) v3 -- 0x7f7cac105e50 con 0x7f7cac1053c0
2023-07-05T21:23:21.554 INFO:teuthology.orchestra.run.smithi060.stdout:/usr/bin/ceph: stderr
2023-07-05T21:23:20.796+0000 7f7cb1625700 1 --2- 172.21.15.60:0/2694818556 >> [v2:172.21.15.60:3300/0,v1:172.21.15.60:6789/0] conn(0x7f7cac1053c0 0x7f7cac1057d0 secure :-1 s=READY pgs=70 cs=0 l=1 rev1=1 crypto rx=0x7f7ca80098a0 tx=0x7f7ca8009bb0 comp rx=0 tx=0).ready entity=mon.0 client_cookie=3ba5978dfa6c3987 server_cookie=0 in_seq=0 out_seq=0
2023-07-05T21:23:21.554 INFO:teuthology.orchestra.run.smithi060.stdout:/usr/bin/ceph: stderr
2023-07-05T21:23:20.796+0000 7f7ca3fff700 1 -- 172.21.15.60:0/2694818556 <== mon.0 v2:172.21.15.60:3300/0 1 ==== mon_map magic: 0 v1 ==== 205+0+0 (secure 0 0 0) 0x7f7ca8004160 con 0x7f7cac1053c0
2023-07-05T21:23:21.554 INFO:teuthology.orchestra.run.smithi060.stdout:/usr/bin/ceph: stderr
2023-07-05T21:23:20.796+0000 7f7ca3fff700 1 -- 172.21.15.60:0/2694818556 <== mon.0 v2:172.21.15.60:3300/0 2 ==== config(26 keys) v1 ==== 1105+0+0 (secure 0 0 0) 0x7f7ca80042c0 con 0x7f7cac1053c0
2023-07-05T21:23:21.554 INFO:teuthology.orchestra.run.smithi060.stdout:/usr/bin/ceph: stderr
2023-07-05T21:23:20.796+0000 7f7ca3fff700 1 -- 172.21.15.60:0/2694818556 <== mon.0 v2:172.21.15.60:3300/0 3 ==== mon_map magic: 0 v1 ==== 205+0+0 (secure 0 0 0) 0x7f7ca80119b0 con 0x7f7cac1053c0
2023-07-05T21:23:21.555 INFO:teuthology.orchestra.run.smithi060.stdout:/usr/bin/ceph: stderr
2023-07-05T21:23:20.797+0000 7f7cb3889700 1 -- 172.21.15.60:0/2694818556 >> [v2:172.21.15.60:3300/0,v1:172.21.15.60:6789/0] conn(0x7f7cac1053c0 msgr2=0x7f7cac1057d0 secure :-1 s=STATE_CONNECTION_ESTABLISHED l=1).mark_down
2023-07-05T21:23:21.555 INFO:teuthology.orchestra.run.smithi060.stdout:/usr/bin/ceph: stderr
2023-07-05T21:23:20.797+0000 7f7cb3889700 1 --2- 172.21.15.60:0/2694818556 >> [v2:172.21.15.60:3300/0,v1:172.21.15.60:6789/0] conn(0x7f7cac1053c0 0x7f7cac1057d0 secure :-1 s=READY pgs=70 cs=0 l=1 rev1=1 crypto rx=0x7f7ca80098a0 tx=0x7f7ca8009bb0 comp rx=0 tx=0).stop
2023-07-05T21:23:21.555 INFO:teuthology.orchestra.run.smithi060.stdout:/usr/bin/ceph: stderr
2023-07-05T21:23:20.797+0000 7f7cb3889700 1 -- 172.21.15.60:0/2694818556 shutdown_connections
2023-07-05T21:23:21.555 INFO:teuthology.orchestra.run.smithi060.stdout:/usr/bin/ceph: stderr
2023-07-05T21:23:20.797+0000 7f7cb3889700 1 --2- 172.21.15.60:0/2694818556 >> [v2:172.21.15.60:3300/0,v1:172.21.15.60:6789/0] conn(0x7f7cac1053c0 0x7f7cac1057d0 unknown :-1 s=CLOSED pgs=70 cs=0 l=1 rev1=1 crypto rx=0 tx=0 comp rx=0 tx=0).stop
2023-07-05T21:23:21.556 INFO:teuthology.orchestra.run.smithi060.stdout:/usr/bin/ceph: stderr
2023-07-05T21:23:20.797+0000 7f7cb3889700 1 -- 172.21.15.60:0/2694818556 >> 172.21.15.60:0/2694818556 conn(0x7f7cac100a50 msgr2=0x7f7cac102e60 unknown :-1 s=STATE_NONE l=0).mark_down
2023-07-05T21:23:21.556 INFO:teuthology.orchestra.run.smithi060.stdout:/usr/bin/ceph: stderr
2023-07-05T21:23:20.797+0000 7f7cb3889700 1 -- 172.21.15.60:0/2694818556 shutdown_connections
2023-07-05T21:23:21.556 INFO:teuthology.orchestra.run.smithi060.stdout:/usr/bin/ceph: stderr
2023-07-05T21:23:20.797+0000 7f7cb3889700 1 -- 172.21.15.60:0/2694818556 wait complete.
2023-07-05T21:23:21.556 INFO:teuthology.orchestra.run.smithi060.stdout:/usr/bin/ceph: stderr
2023-07-05T21:23:20.798+0000 7f7cb3889700 1 Processor -- start
2023-07-05T21:23:21.557 INFO:teuthology.orchestra.run.smithi060.stdout:/usr/bin/ceph: stderr
2023-07-05T21:23:20.798+0000 7f7cb3889700 1 -- start start
2023-07-05T21:23:21.557 INFO:teuthology.orchestra.run.smithi060.stdout:/usr/bin/ceph: stderr
2023-07-05T21:23:20.799+0000 7f7cb3889700 1 --2- >> [v2:172.21.15.60:3300/0,v1:172.21.15.60:6789/0] conn(0x7f7cac1053c0 0x7f7cac19b3a0 unknown :-1 s=NONE pgs=0 cs=0 l=1 rev1=0 crypto rx=0 tx=0 comp rx=0 tx=0).connect
2023-07-05T21:23:21.557 INFO:teuthology.orchestra.run.smithi060.stdout:/usr/bin/ceph: stderr
2023-07-05T21:23:20.799+0000 7f7cb3889700 1 -- --> [v2:172.21.15.60:3300/0,v1:172.21.15.60:6789/0] -- mon_getmap magic: 0 v1 -- 0x7f7cac19b8e0 con 0x7f7cac1053c0
2023-07-05T21:23:21.557 INFO:teuthology.orchestra.run.smithi060.stdout:/usr/bin/ceph: stderr
2023-07-05T21:23:20.799+0000 7f7cb1625700 1 --2- >> [v2:172.21.15.60:3300/0,v1:172.21.15.60:6789/0] conn(0x7f7cac1053c0 0x7f7cac19b3a0 unknown :-1 s=BANNER_CONNECTING pgs=0 cs=0 l=1 rev1=0 crypto rx=0 tx=0 comp rx=0 tx=0)._handle_peer_banner_payload supported=3 required=0
2023-07-05T21:23:21.558 INFO:teuthology.orchestra.run.smithi060.stdout:/usr/bin/ceph: stderr
2023-07-05T21:23:20.799+0000 7f7cb1625700 1 --2- >> [v2:172.21.15.60:3300/0,v1:172.21.15.60:6789/0] conn(0x7f7cac1053c0 0x7f7cac19b3a0 unknown :-1 s=HELLO_CONNECTING pgs=0 cs=0 l=1 rev1=1 crypto rx=0 tx=0 comp rx=0 tx=0).handle_hello peer v2:172.21.15.60:3300/0 says I am v2:172.21.15.60:42878/0 (socket says 172.21.15.60:42878)
2023-07-05T21:23:21.558 INFO:teuthology.orchestra.run.smithi060.stdout:/usr/bin/ceph: stderr
2023-07-05T21:23:20.799+0000 7f7cb1625700 1 -- 172.21.15.60:0/3763086177 learned_addr learned my addr 172.21.15.60:0/3763086177 (peer_addr_for_me v2:172.21.15.60:0/0)
2023-07-05T21:23:21.558 INFO:teuthology.orchestra.run.smithi060.stdout:/usr/bin/ceph: stderr
2023-07-05T21:23:20.799+0000 7f7cb1625700 1 -- 172.21.15.60:0/3763086177 --> [v2:172.21.15.60:3300/0,v1:172.21.15.60:6789/0] -- mon_subscribe({config=0+,monmap=0+}) v3 -- 0x7f7ca8009550 con 0x7f7cac1053c0
2023-07-05T21:23:21.558 INFO:teuthology.orchestra.run.smithi060.stdout:/usr/bin/ceph: stderr
2023-07-05T21:23:20.800+0000 7f7cb1625700 1 --2- 172.21.15.60:0/3763086177 >> [v2:172.21.15.60:3300/0,v1:172.21.15.60:6789/0] conn(0x7f7cac1053c0 0x7f7cac19b3a0 secure :-1 s=READY pgs=71 cs=0 l=1 rev1=1 crypto rx=0x7f7ca8003f00 tx=0x7f7ca8011a30 comp rx=0 tx=0).ready entity=mon.0 client_cookie=0 server_cookie=0 in_seq=0 out_seq=0
2023-07-05T21:23:21.558 INFO:teuthology.orchestra.run.smithi060.stdout:/usr/bin/ceph: stderr
2023-07-05T21:23:20.800+0000 7f7ca27fc700 1 -- 172.21.15.60:0/3763086177 <== mon.0 v2:172.21.15.60:3300/0 1 ==== mon_map magic: 0 v1 ==== 205+0+0 (secure 0 0 0) 0x7f7ca8003b20 con 0x7f7cac1053c0
2023-07-05T21:23:21.558 INFO:teuthology.orchestra.run.smithi060.stdout:/usr/bin/ceph: stderr
2023-07-05T21:23:20.800+0000 7f7ca27fc700 1 -- 172.21.15.60:0/3763086177 <== mon.0 v2:172.21.15.60:3300/0 2 ==== config(26 keys) v1 ==== 1105+0+0 (secure 0 0 0) 0x7f7ca8003c80 con 0x7f7cac1053c0
2023-07-05T21:23:21.558 INFO:teuthology.orchestra.run.smithi060.stdout:/usr/bin/ceph: stderr
2023-07-05T21:23:20.800+0000 7f7ca27fc700 1 -- 172.21.15.60:0/3763086177 <== mon.0 v2:172.21.15.60:3300/0 3 ==== mon_map magic: 0 v1 ==== 205+0+0 (secure 0 0 0) 0x7f7ca8019770 con 0x7f7cac1053c0
2023-07-05T21:23:21.559 INFO:teuthology.orchestra.run.smithi060.stdout:/usr/bin/ceph: stderr
2023-07-05T21:23:20.800+0000 7f7cb3889700 1 -- 172.21.15.60:0/3763086177 --> [v2:172.21.15.60:3300/0,v1:172.21.15.60:6789/0] -- mon_subscribe({mgrmap=0+}) v3 -- 0x7f7cac19bae0 con 0x7f7cac1053c0
2023-07-05T21:23:21.559 INFO:teuthology.orchestra.run.smithi060.stdout:/usr/bin/ceph: stderr
2023-07-05T21:23:20.800+0000 7f7cb3889700 1 -- 172.21.15.60:0/3763086177 --> [v2:172.21.15.60:3300/0,v1:172.21.15.60:6789/0] -- mon_subscribe({osdmap=0}) v3 -- 0x7f7cac19bf00 con 0x7f7cac1053c0
2023-07-05T21:23:21.559 INFO:teuthology.orchestra.run.smithi060.stdout:/usr/bin/ceph: stderr
2023-07-05T21:23:20.801+0000 7f7cb3889700 1 -- 172.21.15.60:0/3763086177 --> [v2:172.21.15.60:3300/0,v1:172.21.15.60:6789/0] -- mon_command({"prefix": "get_command_descriptions"} v 0) v1 -- 0x7f7cac061b00 con 0x7f7cac1053c0
2023-07-05T21:23:21.559 INFO:teuthology.orchestra.run.smithi060.stdout:/usr/bin/ceph: stderr
2023-07-05T21:23:20.801+0000 7f7ca27fc700 1 -- 172.21.15.60:0/3763086177 <== mon.0 v2:172.21.15.60:3300/0 4 ==== mgrmap(e 12) v1 ==== 45496+0+0 (secure 0 0 0) 0x7f7ca801ab60 con 0x7f7cac1053c0
2023-07-05T21:23:21.559 INFO:teuthology.orchestra.run.smithi060.stdout:/usr/bin/ceph: stderr
2023-07-05T21:23:20.802+0000 7f7ca27fc700 1 --2- 172.21.15.60:0/3763086177 >> [v2:172.21.15.60:6800/3546627202,v1:172.21.15.60:6801/3546627202] conn(0x7f7c980387b0 0x7f7c9803ac60 unknown :-1 s=NONE pgs=0 cs=0 l=1 rev1=0 crypto rx=0 tx=0 comp rx=0 tx=0).connect
2023-07-05T21:23:21.559 INFO:teuthology.orchestra.run.smithi060.stdout:/usr/bin/ceph: stderr
2023-07-05T21:23:20.802+0000 7f7ca27fc700 1 -- 172.21.15.60:0/3763086177 <== mon.0 v2:172.21.15.60:3300/0 5 ==== osd_map(3..3 src has 1..3) v4 ==== 1155+0+0 (secure 0 0 0) 0x7f7ca804cae0 con 0x7f7cac1053c0
2023-07-05T21:23:21.560 INFO:teuthology.orchestra.run.smithi060.stdout:/usr/bin/ceph: stderr
2023-07-05T21:23:20.802+0000 7f7cb0e24700 1 --2- 172.21.15.60:0/3763086177 >> [v2:172.21.15.60:6800/3546627202,v1:172.21.15.60:6801/3546627202] conn(0x7f7c980387b0 0x7f7c9803ac60 unknown :-1 s=BANNER_CONNECTING pgs=0 cs=0 l=1 rev1=0 crypto rx=0 tx=0 comp rx=0 tx=0)._handle_peer_banner_payload supported=3 required=0
2023-07-05T21:23:21.560 INFO:teuthology.orchestra.run.smithi060.stdout:/usr/bin/ceph: stderr
2023-07-05T21:23:20.802+0000 7f7cb0e24700 1 --2- 172.21.15.60:0/3763086177 >> [v2:172.21.15.60:6800/3546627202,v1:172.21.15.60:6801/3546627202] conn(0x7f7c980387b0 0x7f7c9803ac60 secure :-1 s=READY pgs=9 cs=0 l=1 rev1=1 crypto rx=0x7f7c9c006fd0 tx=0x7f7c9c006e40 comp rx=0 tx=0).ready entity=mgr.14148 client_cookie=0 server_cookie=0 in_seq=0 out_seq=0
2023-07-05T21:23:21.560 INFO:teuthology.orchestra.run.smithi060.stdout:/usr/bin/ceph: stderr
2023-07-05T21:23:20.806+0000 7f7ca27fc700 1 -- 172.21.15.60:0/3763086177 <== mon.0 v2:172.21.15.60:3300/0 6 ==== mon_command_ack([{"prefix": "get_command_descriptions"}]=0 v0) v1 ==== 72+0+178008 (secure 0 0 0) 0x7f7ca801a430 con 0x7f7cac1053c0
2023-07-05T21:23:21.561 INFO:teuthology.orchestra.run.smithi060.stdout:/usr/bin/ceph: stderr
2023-07-05T21:23:21.031+0000 7f7cb3889700 1 -- 172.21.15.60:0/3763086177 --> [v2:172.21.15.60:3300/0,v1:172.21.15.60:6789/0] -- mon_command({"prefix": "config get", "who": "mgr", "key": "mgr/dashboard/ssl_server_port"} v 0) v1 -- 0x7f7cac109860 con 0x7f7cac1053c0
2023-07-05T21:23:21.561 INFO:teuthology.orchestra.run.smithi060.stdout:/usr/bin/ceph: stderr
2023-07-05T21:23:21.032+0000 7f7ca27fc700 1 -- 172.21.15.60:0/3763086177 <== mon.0 v2:172.21.15.60:3300/0 7 ==== mon_command_ack([{"prefix": "config get", "who": "mgr", "key": "mgr/dashboard/ssl_server_port"}]=0 v8) v1 ==== 112+0+5 (secure 0 0 0) 0x7f7ca802db40 con 0x7f7cac1053c0
2023-07-05T21:23:21.561 INFO:teuthology.orchestra.run.smithi060.stdout:/usr/bin/ceph: stderr
2023-07-05T21:23:21.034+0000 7f7cb3889700 1 -- 172.21.15.60:0/3763086177 >> [v2:172.21.15.60:6800/3546627202,v1:172.21.15.60:6801/3546627202] conn(0x7f7c980387b0 msgr2=0x7f7c9803ac60 secure :-1 s=STATE_CONNECTION_ESTABLISHED l=1).mark_down
2023-07-05T21:23:21.561 INFO:teuthology.orchestra.run.smithi060.stdout:/usr/bin/ceph: stderr
2023-07-05T21:23:21.034+0000 7f7cb3889700 1 --2- 172.21.15.60:0/3763086177 >> [v2:172.21.15.60:6800/3546627202,v1:172.21.15.60:6801/3546627202] conn(0x7f7c980387b0 0x7f7c9803ac60 secure :-1 s=READY pgs=9 cs=0 l=1 rev1=1 crypto rx=0x7f7c9c006fd0 tx=0x7f7c9c006e40 comp rx=0 tx=0).stop
2023-07-05T21:23:21.562 INFO:teuthology.orchestra.run.smithi060.stdout:/usr/bin/ceph: stderr
2023-07-05T21:23:21.034+0000 7f7cb3889700 1 -- 172.21.15.60:0/3763086177 >> [v2:172.21.15.60:3300/0,v1:172.21.15.60:6789/0] conn(0x7f7cac1053c0 msgr2=0x7f7cac19b3a0 secure :-1 s=STATE_CONNECTION_ESTABLISHED l=1).mark_down
2023-07-05T21:23:21.562 INFO:teuthology.orchestra.run.smithi060.stdout:/usr/bin/ceph: stderr
2023-07-05T21:23:21.034+0000 7f7cb3889700 1 --2- 172.21.15.60:0/3763086177 >> [v2:172.21.15.60:3300/0,v1:172.21.15.60:6789/0] conn(0x7f7cac1053c0 0x7f7cac19b3a0 secure :-1 s=READY pgs=71 cs=0 l=1 rev1=1 crypto rx=0x7f7ca8003f00 tx=0x7f7ca8011a30 comp rx=0 tx=0).stop
2023-07-05T21:23:21.562 INFO:teuthology.orchestra.run.smithi060.stdout:/usr/bin/ceph: stderr
2023-07-05T21:23:21.035+0000 7f7cb3889700 1 -- 172.21.15.60:0/3763086177 shutdown_connections
2023-07-05T21:23:21.562 INFO:teuthology.orchestra.run.smithi060.stdout:/usr/bin/ceph: stderr
2023-07-05T21:23:21.035+0000 7f7cb3889700 1 --2- 172.21.15.60:0/3763086177 >> [v2:172.21.15.60:6800/3546627202,v1:172.21.15.60:6801/3546627202] conn(0x7f7c980387b0 0x7f7c9803ac60 unknown :-1 s=CLOSED pgs=9 cs=0 l=1 rev1=1 crypto rx=0 tx=0 comp rx=0 tx=0).stop
2023-07-05T21:23:21.563 INFO:teuthology.orchestra.run.smithi060.stdout:/usr/bin/ceph: stderr
2023-07-05T21:23:21.035+0000 7f7cb3889700 1 --2- 172.21.15.60:0/3763086177 >> [v2:172.21.15.60:3300/0,v1:172.21.15.60:6789/0] conn(0x7f7cac1053c0 0x7f7cac19b3a0 unknown :-1 s=CLOSED pgs=71 cs=0 l=1 rev1=1 crypto rx=0 tx=0 comp rx=0 tx=0).stop
2023-07-05T21:23:21.563 INFO:teuthology.orchestra.run.smithi060.stdout:/usr/bin/ceph: stderr
2023-07-05T21:23:21.035+0000 7f7cb3889700 1 -- 172.21.15.60:0/3763086177 >> 172.21.15.60:0/3763086177 conn(0x7f7cac100a50 msgr2=0x7f7cac102110 unknown :-1 s=STATE_NONE l=0).mark_down
2023-07-05T21:23:21.563 INFO:teuthology.orchestra.run.smithi060.stdout:/usr/bin/ceph: stderr
2023-07-05T21:23:21.035+0000 7f7cb3889700 1 -- 172.21.15.60:0/3763086177 shutdown_connections
2023-07-05T21:23:21.563 INFO:teuthology.orchestra.run.smithi060.stdout:/usr/bin/ceph: stderr
2023-07-05T21:23:21.035+0000 7f7cb3889700 1 -- 172.21.15.60:0/3763086177 wait complete.
2023-07-05T21:23:21.570 INFO:teuthology.orchestra.run.smithi060.stdout:Non-zero exit code 1 from systemctl is-enabled firewalld.service
2023-07-05T21:23:21.570 INFO:teuthology.orchestra.run.smithi060.stdout:systemctl: stdout disabled
2023-07-05T21:23:21.586 INFO:teuthology.orchestra.run.smithi060.stdout:Non-zero exit code 3 from systemctl is-active firewalld.service
2023-07-05T21:23:21.587 INFO:teuthology.orchestra.run.smithi060.stdout:systemctl: stdout inactive
2023-07-05T21:23:21.587 INFO:teuthology.orchestra.run.smithi060.stdout:firewalld.service is not enabled
2023-07-05T21:23:21.587 INFO:teuthology.orchestra.run.smithi060.stdout:Not possible to open ports <[8443]>. firewalld.service is not available
2023-07-05T21:23:21.589 INFO:teuthology.orchestra.run.smithi060.stdout:Ceph Dashboard is now available at:
2023-07-05T21:23:21.589 INFO:teuthology.orchestra.run.smithi060.stdout:
