2023-07-06T02:03:46.671 INFO:teuthology.orchestra.run.smithi027.stdout:/usr/bin/ceph: stderr
2023-07-06T02:03:45.860+0000 7fbaa57fa700 1 --2- 172.21.15.27:0/2188834472 >> [v2:172.21.15.27:6800/1936633713,v1:172.21.15.27:6801/1936633713] conn(0x7fba900385a0 0x7fba9003aa50 unknown :-1 s=NONE pgs=0 cs=0 l=1 rev1=0 crypto rx=0 tx=0 comp rx=0 tx=0).connect
2023-07-06T02:03:46.672 INFO:teuthology.orchestra.run.smithi027.stdout:/usr/bin/ceph: stderr
2023-07-06T02:03:45.860+0000 7fbaa57fa700 1 -- 172.21.15.27:0/2188834472 <== mon.0 v2:172.21.15.27:3300/0 5 ==== osd_map(2..2 src has 1..2) v4 ==== 940+0+0 (secure 0 0 0) 0x7fba9804c740 con 0x7fbaa8105820
2023-07-06T02:03:46.672 INFO:teuthology.orchestra.run.smithi027.stdout:/usr/bin/ceph: stderr
2023-07-06T02:03:45.860+0000 7fbaa77fe700 1 --2- 172.21.15.27:0/2188834472 >> [v2:172.21.15.27:6800/1936633713,v1:172.21.15.27:6801/1936633713] conn(0x7fba900385a0 0x7fba9003aa50 unknown :-1 s=BANNER_CONNECTING pgs=0 cs=0 l=1 rev1=0 crypto rx=0 tx=0 comp rx=0 tx=0)._handle_peer_banner_payload supported=3 required=0
2023-07-06T02:03:46.672 INFO:teuthology.orchestra.run.smithi027.stdout:/usr/bin/ceph: stderr
2023-07-06T02:03:45.861+0000 7fbaa77fe700 1 --2- 172.21.15.27:0/2188834472 >> [v2:172.21.15.27:6800/1936633713,v1:172.21.15.27:6801/1936633713] conn(0x7fba900385a0 0x7fba9003aa50 secure :-1 s=READY pgs=7 cs=0 l=1 rev1=1 crypto rx=0x7fba9c006fd0 tx=0x7fba9c006e40 comp rx=0 tx=0).ready entity=mgr.14120 client_cookie=0 server_cookie=0 in_seq=0 out_seq=0
2023-07-06T02:03:46.672 INFO:teuthology.orchestra.run.smithi027.stdout:/usr/bin/ceph: stderr
2023-07-06T02:03:45.865+0000 7fbaa57fa700 1 -- 172.21.15.27:0/2188834472 <== mon.0 v2:172.21.15.27:3300/0 6 ==== mon_command_ack([{"prefix": "get_command_descriptions"}]=0 v0) v1 ==== 72+0+178008 (secure 0 0 0) 0x7fba9802d960 con 0x7fbaa8105820
2023-07-06T02:03:46.672 INFO:teuthology.orchestra.run.smithi027.stdout:/usr/bin/ceph: stderr
2023-07-06T02:03:46.247+0000 7fbaae916700 1 -- 172.21.15.27:0/2188834472 --> [v2:172.21.15.27:6800/1936633713,v1:172.21.15.27:6801/1936633713] -- mgr_command(tid 0: {"prefix": "orch set backend", "module_name": "cephadm", "target": ["mon-mgr", ""]}) v1 -- 0x7fbaa8101be0 con 0x7fba900385a0
2023-07-06T02:03:46.672 INFO:teuthology.orchestra.run.smithi027.stdout:/usr/bin/ceph: stderr
2023-07-06T02:03:46.254+0000 7fbaa57fa700 1 -- 172.21.15.27:0/2188834472 <== mgr.14120 v2:172.21.15.27:6800/1936633713 1 ==== mgr_command_reply(tid 0: 0 ) v1 ==== 8+0+0 (secure 0 0 0) 0x7fbaa8101be0 con 0x7fba900385a0
2023-07-06T02:03:46.672 INFO:teuthology.orchestra.run.smithi027.stdout:/usr/bin/ceph: stderr
2023-07-06T02:03:46.256+0000 7fbaae916700 1 -- 172.21.15.27:0/2188834472 >> [v2:172.21.15.27:6800/1936633713,v1:172.21.15.27:6801/1936633713] conn(0x7fba900385a0 msgr2=0x7fba9003aa50 secure :-1 s=STATE_CONNECTION_ESTABLISHED l=1).mark_down
2023-07-06T02:03:46.673 INFO:teuthology.orchestra.run.smithi027.stdout:/usr/bin/ceph: stderr
2023-07-06T02:03:46.256+0000 7fbaae916700 1 --2- 172.21.15.27:0/2188834472 >> [v2:172.21.15.27:6800/1936633713,v1:172.21.15.27:6801/1936633713] conn(0x7fba900385a0 0x7fba9003aa50 secure :-1 s=READY pgs=7 cs=0 l=1 rev1=1 crypto rx=0x7fba9c006fd0 tx=0x7fba9c006e40 comp rx=0 tx=0).stop
2023-07-06T02:03:46.673 INFO:teuthology.orchestra.run.smithi027.stdout:/usr/bin/ceph: stderr
2023-07-06T02:03:46.256+0000 7fbaae916700 1 -- 172.21.15.27:0/2188834472 >> [v2:172.21.15.27:3300/0,v1:172.21.15.27:6789/0] conn(0x7fbaa8105820 msgr2=0x7fbaa8103eb0 secure :-1 s=STATE_CONNECTION_ESTABLISHED l=1).mark_down
2023-07-06T02:03:46.673 INFO:teuthology.orchestra.run.smithi027.stdout:/usr/bin/ceph: stderr
2023-07-06T02:03:46.256+0000 7fbaae916700 1 --2- 172.21.15.27:0/2188834472 >> [v2:172.21.15.27:3300/0,v1:172.21.15.27:6789/0] conn(0x7fbaa8105820 0x7fbaa8103eb0 secure :-1 s=READY pgs=38 cs=0 l=1 rev1=1 crypto rx=0x7fba98009fb0 tx=0x7fba98011ad0 comp rx=0 tx=0).stop
2023-07-06T02:03:46.673 INFO:teuthology.orchestra.run.smithi027.stdout:/usr/bin/ceph: stderr
2023-07-06T02:03:46.257+0000 7fbaae916700 1 -- 172.21.15.27:0/2188834472 shutdown_connections
2023-07-06T02:03:46.673 INFO:teuthology.orchestra.run.smithi027.stdout:/usr/bin/ceph: stderr
2023-07-06T02:03:46.257+0000 7fbaae916700 1 --2- 172.21.15.27:0/2188834472 >> [v2:172.21.15.27:6800/1936633713,v1:172.21.15.27:6801/1936633713] conn(0x7fba900385a0 0x7fba9003aa50 unknown :-1 s=CLOSED pgs=7 cs=0 l=1 rev1=1 crypto rx=0 tx=0 comp rx=0 tx=0).stop
2023-07-06T02:03:46.673 INFO:teuthology.orchestra.run.smithi027.stdout:/usr/bin/ceph: stderr
2023-07-06T02:03:46.257+0000 7fbaae916700 1 --2- 172.21.15.27:0/2188834472 >> [v2:172.21.15.27:3300/0,v1:172.21.15.27:6789/0] conn(0x7fbaa8105820 0x7fbaa8103eb0 unknown :-1 s=CLOSED pgs=38 cs=0 l=1 rev1=1 crypto rx=0 tx=0 comp rx=0 tx=0).stop
2023-07-06T02:03:46.673 INFO:teuthology.orchestra.run.smithi027.stdout:/usr/bin/ceph: stderr
2023-07-06T02:03:46.257+0000 7fbaae916700 1 -- 172.21.15.27:0/2188834472 >> 172.21.15.27:0/2188834472 conn(0x7fbaa80ff920 msgr2=0x7fbaa8100f80 unknown :-1 s=STATE_NONE l=0).mark_down
2023-07-06T02:03:46.673 INFO:teuthology.orchestra.run.smithi027.stdout:/usr/bin/ceph: stderr
2023-07-06T02:03:46.257+0000 7fbaae916700 1 -- 172.21.15.27:0/2188834472 shutdown_connections
2023-07-06T02:03:46.674 INFO:teuthology.orchestra.run.smithi027.stdout:/usr/bin/ceph: stderr
2023-07-06T02:03:46.257+0000 7fbaae916700 1 -- 172.21.15.27:0/2188834472 wait complete.
2023-07-06T02:03:47.578 INFO:journalctl@ceph.mon.a.smithi027.stdout:Jul 06 02:03:47 smithi027 ceph-mon[96530]: from='client.14132 -' entity='client.admin' cmd=[{"prefix": "orch set backend", "module_name": "cephadm", "target": ["mon-mgr", ""]}]: dispatch
2023-07-06T02:03:47.579 INFO:journalctl@ceph.mon.a.smithi027.stdout:Jul 06 02:03:47 smithi027 ceph-mon[96530]: from='mgr.14120 172.21.15.27:0/545075340' entity='mgr.x'
2023-07-06T02:03:47.579 INFO:journalctl@ceph.mon.a.smithi027.stdout:Jul 06 02:03:47 smithi027 ceph-mon[96530]: from='mgr.14120 172.21.15.27:0/545075340' entity='mgr.x' cmd=[{"prefix": "config dump", "format": "json"}]: dispatch
2023-07-06T02:03:47.579 INFO:journalctl@ceph.mon.a.smithi027.stdout:Jul 06 02:03:47 smithi027 ceph-mon[96530]: mgrmap e8: x(active, since 2s)
2023-07-06T02:03:47.579 INFO:journalctl@ceph.mon.a.smithi027.stdout:Jul 06 02:03:47 smithi027 ceph-mon[96530]: [06/Jul/2023:02:03:46] ENGINE Bus STARTING
2023-07-06T02:03:47.579 INFO:journalctl@ceph.mon.a.smithi027.stdout:Jul 06 02:03:47 smithi027 ceph-mon[96530]: [06/Jul/2023:02:03:46] ENGINE Serving on http://172.21.15.27:8765
2023-07-06T02:03:47.579 INFO:journalctl@ceph.mon.a.smithi027.stdout:Jul 06 02:03:47 smithi027 ceph-mon[96530]: [06/Jul/2023:02:03:46] ENGINE Serving on https://172.21.15.27:7150
2023-07-06T02:03:47.580 INFO:journalctl@ceph.mon.a.smithi027.stdout:Jul 06 02:03:47 smithi027 ceph-mon[96530]: [06/Jul/2023:02:03:46] ENGINE Bus STARTED
2023-07-06T02:03:47.580 INFO:journalctl@ceph.mon.a.smithi027.stdout:Jul 06 02:03:47 smithi027 ceph-mon[96530]: from='mgr.14120 172.21.15.27:0/545075340' entity='mgr.x' cmd=[{"prefix": "config dump", "format": "json"}]: dispatch
2023-07-06T02:03:47.912 INFO:teuthology.orchestra.run.smithi027.stdout:/usr/bin/ceph: stdout value unchanged
2023-07-06T02:03:47.912 INFO:teuthology.orchestra.run.smithi027.stdout:/usr/bin/ceph: stderr
2023-07-06T02:03:47.177+0000 7f8a12670700 1 Processor -- start
2023-07-06T02:03:47.912 INFO:teuthology.orchestra.run.smithi027.stdout:/usr/bin/ceph: stderr
2023-07-06T02:03:47.178+0000 7f8a12670700 1 -- start start
2023-07-06T02:03:47.912 INFO:teuthology.orchestra.run.smithi027.stdout:/usr/bin/ceph: stderr
2023-07-06T02:03:47.178+0000 7f8a12670700 1 --2- >> [v2:172.21.15.27:3300/0,v1:172.21.15.27:6789/0] conn(0x7f8a0c1042c0 0x7f8a0c1046d0 unknown :-1 s=NONE pgs=0 cs=0 l=0 rev1=0 crypto rx=0 tx=0 comp rx=0 tx=0).connect
2023-07-06T02:03:47.912 INFO:teuthology.orchestra.run.smithi027.stdout:/usr/bin/ceph: stderr
2023-07-06T02:03:47.178+0000 7f8a12670700 1 -- --> [v2:172.21.15.27:3300/0,v1:172.21.15.27:6789/0] -- mon_getmap magic: 0 v1 -- 0x7f8a0c104c10 con 0x7f8a0c1042c0
2023-07-06T02:03:47.912 INFO:teuthology.orchestra.run.smithi027.stdout:/usr/bin/ceph: stderr
2023-07-06T02:03:47.178+0000 7f8a0bfff700 1 --2- >> [v2:172.21.15.27:3300/0,v1:172.21.15.27:6789/0] conn(0x7f8a0c1042c0 0x7f8a0c1046d0 unknown :-1 s=BANNER_CONNECTING pgs=0 cs=0 l=0 rev1=0 crypto rx=0 tx=0 comp rx=0 tx=0)._handle_peer_banner_payload supported=3 required=0
2023-07-06T02:03:47.913 INFO:teuthology.orchestra.run.smithi027.stdout:/usr/bin/ceph: stderr
2023-07-06T02:03:47.178+0000 7f8a0bfff700 1 --2- >> [v2:172.21.15.27:3300/0,v1:172.21.15.27:6789/0] conn(0x7f8a0c1042c0 0x7f8a0c1046d0 unknown :-1 s=HELLO_CONNECTING pgs=0 cs=0 l=0 rev1=1 crypto rx=0 tx=0 comp rx=0 tx=0).handle_hello peer v2:172.21.15.27:3300/0 says I am v2:172.21.15.27:50312/0 (socket says 172.21.15.27:50312)
2023-07-06T02:03:47.913 INFO:teuthology.orchestra.run.smithi027.stdout:/usr/bin/ceph: stderr
2023-07-06T02:03:47.178+0000 7f8a0bfff700 1 -- 172.21.15.27:0/2358114322 learned_addr learned my addr 172.21.15.27:0/2358114322 (peer_addr_for_me v2:172.21.15.27:0/0)
2023-07-06T02:03:47.913 INFO:teuthology.orchestra.run.smithi027.stdout:/usr/bin/ceph: stderr
2023-07-06T02:03:47.178+0000 7f8a0bfff700 1 -- 172.21.15.27:0/2358114322 --> [v2:172.21.15.27:3300/0,v1:172.21.15.27:6789/0] -- mon_subscribe({config=0+,monmap=0+}) v3 -- 0x7f8a0c104d50 con 0x7f8a0c1042c0
2023-07-06T02:03:47.913 INFO:teuthology.orchestra.run.smithi027.stdout:/usr/bin/ceph: stderr
2023-07-06T02:03:47.178+0000 7f8a0bfff700 1 --2- 172.21.15.27:0/2358114322 >> [v2:172.21.15.27:3300/0,v1:172.21.15.27:6789/0] conn(0x7f8a0c1042c0 0x7f8a0c1046d0 secure :-1 s=READY pgs=39 cs=0 l=1 rev1=1 crypto rx=0x7f89fc0098a0 tx=0x7f89fc009bb0 comp rx=0 tx=0).ready entity=mon.0 client_cookie=db2a4daf7ffeb487 server_cookie=0 in_seq=0 out_seq=0
2023-07-06T02:03:47.913 INFO:teuthology.orchestra.run.smithi027.stdout:/usr/bin/ceph: stderr
2023-07-06T02:03:47.179+0000 7f8a0affd700 1 -- 172.21.15.27:0/2358114322 <== mon.0 v2:172.21.15.27:3300/0 1 ==== mon_map magic: 0 v1 ==== 205+0+0 (secure 0 0 0) 0x7f89fc004160 con 0x7f8a0c1042c0
2023-07-06T02:03:47.913 INFO:teuthology.orchestra.run.smithi027.stdout:/usr/bin/ceph: stderr
2023-07-06T02:03:47.179+0000 7f8a0affd700 1 -- 172.21.15.27:0/2358114322 <== mon.0 v2:172.21.15.27:3300/0 2 ==== config(26 keys) v1 ==== 1074+0+0 (secure 0 0 0) 0x7f89fc0042c0 con 0x7f8a0c1042c0
2023-07-06T02:03:47.913 INFO:teuthology.orchestra.run.smithi027.stdout:/usr/bin/ceph: stderr
2023-07-06T02:03:47.179+0000 7f8a0affd700 1 -- 172.21.15.27:0/2358114322 <== mon.0 v2:172.21.15.27:3300/0 3 ==== mon_map magic: 0 v1 ==== 205+0+0 (secure 0 0 0) 0x7f89fc011a00 con 0x7f8a0c1042c0
2023-07-06T02:03:47.914 INFO:teuthology.orchestra.run.smithi027.stdout:/usr/bin/ceph: stderr
2023-07-06T02:03:47.179+0000 7f8a12670700 1 -- 172.21.15.27:0/2358114322 >> [v2:172.21.15.27:3300/0,v1:172.21.15.27:6789/0] conn(0x7f8a0c1042c0 msgr2=0x7f8a0c1046d0 secure :-1 s=STATE_CONNECTION_ESTABLISHED l=1).mark_down
2023-07-06T02:03:47.914 INFO:teuthology.orchestra.run.smithi027.stdout:/usr/bin/ceph: stderr
2023-07-06T02:03:47.179+0000 7f8a12670700 1 --2- 172.21.15.27:0/2358114322 >> [v2:172.21.15.27:3300/0,v1:172.21.15.27:6789/0] conn(0x7f8a0c1042c0 0x7f8a0c1046d0 secure :-1 s=READY pgs=39 cs=0 l=1 rev1=1 crypto rx=0x7f89fc0098a0 tx=0x7f89fc009bb0 comp rx=0 tx=0).stop
2023-07-06T02:03:47.914 INFO:teuthology.orchestra.run.smithi027.stdout:/usr/bin/ceph: stderr
2023-07-06T02:03:47.179+0000 7f8a12670700 1 -- 172.21.15.27:0/2358114322 shutdown_connections
2023-07-06T02:03:47.914 INFO:teuthology.orchestra.run.smithi027.stdout:/usr/bin/ceph: stderr
2023-07-06T02:03:47.179+0000 7f8a12670700 1 --2- 172.21.15.27:0/2358114322 >> [v2:172.21.15.27:3300/0,v1:172.21.15.27:6789/0] conn(0x7f8a0c1042c0 0x7f8a0c1046d0 unknown :-1 s=CLOSED pgs=39 cs=0 l=1 rev1=1 crypto rx=0 tx=0 comp rx=0 tx=0).stop
2023-07-06T02:03:47.914 INFO:teuthology.orchestra.run.smithi027.stdout:/usr/bin/ceph: stderr
2023-07-06T02:03:47.179+0000 7f8a12670700 1 -- 172.21.15.27:0/2358114322 >> 172.21.15.27:0/2358114322 conn(0x7f8a0c0ff950 msgr2=0x7f8a0c101d60 unknown :-1 s=STATE_NONE l=0).mark_down
2023-07-06T02:03:47.914 INFO:teuthology.orchestra.run.smithi027.stdout:/usr/bin/ceph: stderr
2023-07-06T02:03:47.179+0000 7f8a12670700 1 -- 172.21.15.27:0/2358114322 shutdown_connections
2023-07-06T02:03:47.914 INFO:teuthology.orchestra.run.smithi027.stdout:/usr/bin/ceph: stderr
2023-07-06T02:03:47.179+0000 7f8a12670700 1 -- 172.21.15.27:0/2358114322 wait complete.
2023-07-06T02:03:47.914 INFO:teuthology.orchestra.run.smithi027.stdout:/usr/bin/ceph: stderr
2023-07-06T02:03:47.180+0000 7f8a12670700 1 Processor -- start
2023-07-06T02:03:47.915 INFO:teuthology.orchestra.run.smithi027.stdout:/usr/bin/ceph: stderr
2023-07-06T02:03:47.180+0000 7f8a12670700 1 -- start start
2023-07-06T02:03:47.915 INFO:teuthology.orchestra.run.smithi027.stdout:/usr/bin/ceph: stderr
2023-07-06T02:03:47.180+0000 7f8a12670700 1 --2- >> [v2:172.21.15.27:3300/0,v1:172.21.15.27:6789/0] conn(0x7f8a0c1042c0 0x7f8a0c19b2f0 unknown :-1 s=NONE pgs=0 cs=0 l=1 rev1=0 crypto rx=0 tx=0 comp rx=0 tx=0).connect
2023-07-06T02:03:47.915 INFO:teuthology.orchestra.run.smithi027.stdout:/usr/bin/ceph: stderr
2023-07-06T02:03:47.180+0000 7f8a12670700 1 -- --> [v2:172.21.15.27:3300/0,v1:172.21.15.27:6789/0] -- mon_getmap magic: 0 v1 -- 0x7f8a0c19b830 con 0x7f8a0c1042c0
2023-07-06T02:03:47.915 INFO:teuthology.orchestra.run.smithi027.stdout:/usr/bin/ceph: stderr
2023-07-06T02:03:47.180+0000 7f8a0bfff700 1 --2- >> [v2:172.21.15.27:3300/0,v1:172.21.15.27:6789/0] conn(0x7f8a0c1042c0 0x7f8a0c19b2f0 unknown :-1 s=BANNER_CONNECTING pgs=0 cs=0 l=1 rev1=0 crypto rx=0 tx=0 comp rx=0 tx=0)._handle_peer_banner_payload supported=3 required=0
2023-07-06T02:03:47.915 INFO:teuthology.orchestra.run.smithi027.stdout:/usr/bin/ceph: stderr
2023-07-06T02:03:47.180+0000 7f8a0bfff700 1 --2- >> [v2:172.21.15.27:3300/0,v1:172.21.15.27:6789/0] conn(0x7f8a0c1042c0 0x7f8a0c19b2f0 unknown :-1 s=HELLO_CONNECTING pgs=0 cs=0 l=1 rev1=1 crypto rx=0 tx=0 comp rx=0 tx=0).handle_hello peer v2:172.21.15.27:3300/0 says I am v2:172.21.15.27:50314/0 (socket says 172.21.15.27:50314)
2023-07-06T02:03:47.915 INFO:teuthology.orchestra.run.smithi027.stdout:/usr/bin/ceph: stderr
2023-07-06T02:03:47.180+0000 7f8a0bfff700 1 -- 172.21.15.27:0/1055443349 learned_addr learned my addr 172.21.15.27:0/1055443349 (peer_addr_for_me v2:172.21.15.27:0/0)
2023-07-06T02:03:47.915 INFO:teuthology.orchestra.run.smithi027.stdout:/usr/bin/ceph: stderr
2023-07-06T02:03:47.181+0000 7f8a0bfff700 1 -- 172.21.15.27:0/1055443349 --> [v2:172.21.15.27:3300/0,v1:172.21.15.27:6789/0] -- mon_subscribe({config=0+,monmap=0+}) v3 -- 0x7f89fc009550 con 0x7f8a0c1042c0
2023-07-06T02:03:47.916 INFO:teuthology.orchestra.run.smithi027.stdout:/usr/bin/ceph: stderr
2023-07-06T02:03:47.181+0000 7f8a0bfff700 1 --2- 172.21.15.27:0/1055443349 >> [v2:172.21.15.27:3300/0,v1:172.21.15.27:6789/0] conn(0x7f8a0c1042c0 0x7f8a0c19b2f0 secure :-1 s=READY pgs=40 cs=0 l=1 rev1=1 crypto rx=0x7f89fc009130 tx=0x7f89fc011ad0 comp rx=0 tx=0).ready entity=mon.0 client_cookie=0 server_cookie=0 in_seq=0 out_seq=0
2023-07-06T02:03:47.916 INFO:teuthology.orchestra.run.smithi027.stdout:/usr/bin/ceph: stderr
2023-07-06T02:03:47.181+0000 7f8a097fa700 1 -- 172.21.15.27:0/1055443349 <== mon.0 v2:172.21.15.27:3300/0 1 ==== mon_map magic: 0 v1 ==== 205+0+0 (secure 0 0 0) 0x7f89fc003b70 con 0x7f8a0c1042c0
2023-07-06T02:03:47.916 INFO:teuthology.orchestra.run.smithi027.stdout:/usr/bin/ceph: stderr
2023-07-06T02:03:47.181+0000 7f8a097fa700 1 -- 172.21.15.27:0/1055443349 <== mon.0 v2:172.21.15.27:3300/0 2 ==== config(26 keys) v1 ==== 1074+0+0 (secure 0 0 0) 0x7f89fc003cd0 con 0x7f8a0c1042c0
2023-07-06T02:03:47.916 INFO:teuthology.orchestra.run.smithi027.stdout:/usr/bin/ceph: stderr
2023-07-06T02:03:47.181+0000 7f8a12670700 1 -- 172.21.15.27:0/1055443349 --> [v2:172.21.15.27:3300/0,v1:172.21.15.27:6789/0] -- mon_subscribe({mgrmap=0+}) v3 -- 0x7f8a0c19ba30 con 0x7f8a0c1042c0
2023-07-06T02:03:47.916 INFO:teuthology.orchestra.run.smithi027.stdout:/usr/bin/ceph: stderr
2023-07-06T02:03:47.181+0000 7f8a097fa700 1 -- 172.21.15.27:0/1055443349 <== mon.0 v2:172.21.15.27:3300/0 3 ==== mon_map magic: 0 v1 ==== 205+0+0 (secure 0 0 0) 0x7f89fc0197d0 con 0x7f8a0c1042c0
2023-07-06T02:03:47.916 INFO:teuthology.orchestra.run.smithi027.stdout:/usr/bin/ceph: stderr
2023-07-06T02:03:47.181+0000 7f8a12670700 1 -- 172.21.15.27:0/1055443349 --> [v2:172.21.15.27:3300/0,v1:172.21.15.27:6789/0] -- mon_subscribe({osdmap=0}) v3 -- 0x7f8a0c19be50 con 0x7f8a0c1042c0
2023-07-06T02:03:47.916 INFO:teuthology.orchestra.run.smithi027.stdout:/usr/bin/ceph: stderr
2023-07-06T02:03:47.182+0000 7f8a097fa700 1 -- 172.21.15.27:0/1055443349 <== mon.0 v2:172.21.15.27:3300/0 4 ==== mgrmap(e 8) v1 ==== 45483+0+0 (secure 0 0 0) 0x7f89fc0199c0 con 0x7f8a0c1042c0
2023-07-06T02:03:47.916 INFO:teuthology.orchestra.run.smithi027.stdout:/usr/bin/ceph: stderr
2023-07-06T02:03:47.182+0000 7f8a097fa700 1 --2- 172.21.15.27:0/1055443349 >> [v2:172.21.15.27:6800/1936633713,v1:172.21.15.27:6801/1936633713] conn(0x7f89f4038760 0x7f89f403ac10 unknown :-1 s=NONE pgs=0 cs=0 l=1 rev1=0 crypto rx=0 tx=0 comp rx=0 tx=0).connect
2023-07-06T02:03:47.917 INFO:teuthology.orchestra.run.smithi027.stdout:/usr/bin/ceph: stderr
2023-07-06T02:03:47.182+0000 7f8a097fa700 1 -- 172.21.15.27:0/1055443349 <== mon.0 v2:172.21.15.27:3300/0 5 ==== osd_map(2..2 src has 1..2) v4 ==== 940+0+0 (secure 0 0 0) 0x7f89fc04c8c0 con 0x7f8a0c1042c0
2023-07-06T02:03:47.917 INFO:teuthology.orchestra.run.smithi027.stdout:/usr/bin/ceph: stderr
2023-07-06T02:03:47.182+0000 7f8a0b7fe700 1 --2- 172.21.15.27:0/1055443349 >> [v2:172.21.15.27:6800/1936633713,v1:172.21.15.27:6801/1936633713] conn(0x7f89f4038760 0x7f89f403ac10 unknown :-1 s=BANNER_CONNECTING pgs=0 cs=0 l=1 rev1=0 crypto rx=0 tx=0 comp rx=0 tx=0)._handle_peer_banner_payload supported=3 required=0
2023-07-06T02:03:47.917 INFO:teuthology.orchestra.run.smithi027.stdout:/usr/bin/ceph: stderr
2023-07-06T02:03:47.182+0000 7f8a12670700 1 -- 172.21.15.27:0/1055443349 --> [v2:172.21.15.27:3300/0,v1:172.21.15.27:6789/0] -- mon_command({"prefix": "get_command_descriptions"} v 0) v1 -- 0x7f8a0c061c70 con 0x7f8a0c1042c0
2023-07-06T02:03:47.917 INFO:teuthology.orchestra.run.smithi027.stdout:/usr/bin/ceph: stderr
2023-07-06T02:03:47.183+0000 7f8a0b7fe700 1 --2- 172.21.15.27:0/1055443349 >> [v2:172.21.15.27:6800/1936633713,v1:172.21.15.27:6801/1936633713] conn(0x7f89f4038760 0x7f89f403ac10 secure :-1 s=READY pgs=8 cs=0 l=1 rev1=1 crypto rx=0x7f8a00006fd0 tx=0x7f8a00006e40 comp rx=0 tx=0).ready entity=mgr.14120 client_cookie=0 server_cookie=0 in_seq=0 out_seq=0
2023-07-06T02:03:47.917 INFO:teuthology.orchestra.run.smithi027.stdout:/usr/bin/ceph: stderr
2023-07-06T02:03:47.187+0000 7f8a097fa700 1 -- 172.21.15.27:0/1055443349 <== mon.0 v2:172.21.15.27:3300/0 6 ==== mon_command_ack([{"prefix": "get_command_descriptions"}]=0 v0) v1 ==== 72+0+178008 (secure 0 0 0) 0x7f89fc018db0 con 0x7f8a0c1042c0
2023-07-06T02:03:47.917 INFO:teuthology.orchestra.run.smithi027.stdout:/usr/bin/ceph: stderr
2023-07-06T02:03:47.549+0000 7f8a12670700 1 -- 172.21.15.27:0/1055443349 --> [v2:172.21.15.27:6800/1936633713,v1:172.21.15.27:6801/1936633713] -- mgr_command(tid 0: {"prefix": "cephadm set-user", "user": "root", "target": ["mon-mgr", ""]}) v1 -- 0x7f8a0c108760 con 0x7f89f4038760
2023-07-06T02:03:47.917 INFO:teuthology.orchestra.run.smithi027.stdout:/usr/bin/ceph: stderr
2023-07-06T02:03:47.549+0000 7f8a097fa700 1 -- 172.21.15.27:0/1055443349 <== mgr.14120 v2:172.21.15.27:6800/1936633713 1 ==== mgr_command_reply(tid 0: 0 ) v1 ==== 8+0+16 (secure 0 0 0) 0x7f8a0c108760 con 0x7f89f4038760
2023-07-06T02:03:47.918 INFO:teuthology.orchestra.run.smithi027.stdout:/usr/bin/ceph: stderr
2023-07-06T02:03:47.552+0000 7f8a12670700 1 -- 172.21.15.27:0/1055443349 >> [v2:172.21.15.27:6800/1936633713,v1:172.21.15.27:6801/1936633713] conn(0x7f89f4038760 msgr2=0x7f89f403ac10 secure :-1 s=STATE_CONNECTION_ESTABLISHED l=1).mark_down
2023-07-06T02:03:47.918 INFO:teuthology.orchestra.run.smithi027.stdout:/usr/bin/ceph: stderr
2023-07-06T02:03:47.552+0000 7f8a12670700 1 --2- 172.21.15.27:0/1055443349 >> [v2:172.21.15.27:6800/1936633713,v1:172.21.15.27:6801/1936633713] conn(0x7f89f4038760 0x7f89f403ac10 secure :-1 s=READY pgs=8 cs=0 l=1 rev1=1 crypto rx=0x7f8a00006fd0 tx=0x7f8a00006e40 comp rx=0 tx=0).stop
2023-07-06T02:03:47.918 INFO:teuthology.orchestra.run.smithi027.stdout:/usr/bin/ceph: stderr
2023-07-06T02:03:47.552+0000 7f8a12670700 1 -- 172.21.15.27:0/1055443349 >> [v2:172.21.15.27:3300/0,v1:172.21.15.27:6789/0] conn(0x7f8a0c1042c0 msgr2=0x7f8a0c19b2f0 secure :-1 s=STATE_CONNECTION_ESTABLISHED l=1).mark_down
2023-07-06T02:03:47.918 INFO:teuthology.orchestra.run.smithi027.stdout:/usr/bin/ceph: stderr
2023-07-06T02:03:47.552+0000 7f8a12670700 1 --2- 172.21.15.27:0/1055443349 >> [v2:172.21.15.27:3300/0,v1:172.21.15.27:6789/0] conn(0x7f8a0c1042c0 0x7f8a0c19b2f0 secure :-1 s=READY pgs=40 cs=0 l=1 rev1=1 crypto rx=0x7f89fc009130 tx=0x7f89fc011ad0 comp rx=0 tx=0).stop
2023-07-06T02:03:47.918 INFO:teuthology.orchestra.run.smithi027.stdout:/usr/bin/ceph: stderr
2023-07-06T02:03:47.552+0000 7f8a12670700 1 -- 172.21.15.27:0/1055443349 shutdown_connections
2023-07-06T02:03:47.918 INFO:teuthology.orchestra.run.smithi027.stdout:/usr/bin/ceph: stderr
2023-07-06T02:03:47.552+0000 7f8a12670700 1 --2- 172.21.15.27:0/1055443349 >> [v2:172.21.15.27:6800/1936633713,v1:172.21.15.27:6801/1936633713] conn(0x7f89f4038760 0x7f89f403ac10 unknown :-1 s=CLOSED pgs=8 cs=0 l=1 rev1=1 crypto rx=0 tx=0 comp rx=0 tx=0).stop
2023-07-06T02:03:47.918 INFO:teuthology.orchestra.run.smithi027.stdout:/usr/bin/ceph: stderr
2023-07-06T02:03:47.552+0000 7f8a12670700 1 --2- 172.21.15.27:0/1055443349 >> [v2:172.21.15.27:3300/0,v1:172.21.15.27:6789/0] conn(0x7f8a0c1042c0 0x7f8a0c19b2f0 unknown :-1 s=CLOSED pgs=40 cs=0 l=1 rev1=1 crypto rx=0 tx=0 comp rx=0 tx=0).stop
2023-07-06T02:03:47.918 INFO:teuthology.orchestra.run.smithi027.stdout:/usr/bin/ceph: stderr
2023-07-06T02:03:47.552+0000 7f8a12670700 1 -- 172.21.15.27:0/1055443349 >> 172.21.15.27:0/1055443349 conn(0x7f8a0c0ff950 msgr2=0x7f8a0c079930 unknown :-1 s=STATE_NONE l=0).mark_down
2023-07-06T02:03:47.919 INFO:teuthology.orchestra.run.smithi027.stdout:/usr/bin/ceph: stderr
2023-07-06T02:03:47.552+0000 7f8a12670700 1 -- 172.21.15.27:0/1055443349 shutdown_connections
2023-07-06T02:03:47.919 INFO:teuthology.orchestra.run.smithi027.stdout:/usr/bin/ceph: stderr
2023-07-06T02:03:47.552+0000 7f8a12670700 1 -- 172.21.15.27:0/1055443349 wait complete.
2023-07-06T02:03:47.919 INFO:teuthology.orchestra.run.smithi027.stdout:Generating ssh key...
2023-07-06T02:03:48.406 INFO:journalctl@ceph.mon.a.smithi027.stdout:Jul 06 02:03:48 smithi027 ceph-mon[96530]: from='client.14134 -' entity='client.admin' cmd=[{"prefix": "cephadm set-user", "user": "root", "target": ["mon-mgr", ""]}]: dispatch
2023-07-06T02:03:49.157 INFO:journalctl@ceph.mgr.x.smithi027.stdout:Jul 06 02:03:48 smithi027 ceph-26fccb3c-1ba1-11ee-9b2f-001a4aab830c-mgr-x[96774]: Generating public/private rsa key pair.
2023-07-06T02:03:49.157 INFO:journalctl@ceph.mgr.x.smithi027.stdout:Jul 06 02:03:48 smithi027 ceph-26fccb3c-1ba1-11ee-9b2f-001a4aab830c-mgr-x[96774]: Your identification has been saved in /tmp/tmp4i17usqu/key.
2023-07-06T02:03:49.157 INFO:journalctl@ceph.mgr.x.smithi027.stdout:Jul 06 02:03:48 smithi027 ceph-26fccb3c-1ba1-11ee-9b2f-001a4aab830c-mgr-x[96774]: Your public key has been saved in /tmp/tmp4i17usqu/key.pub.
2023-07-06T02:03:49.157 INFO:journalctl@ceph.mgr.x.smithi027.stdout:Jul 06 02:03:48 smithi027 ceph-26fccb3c-1ba1-11ee-9b2f-001a4aab830c-mgr-x[96774]: The key fingerprint is:
2023-07-06T02:03:49.157 INFO:journalctl@ceph.mgr.x.smithi027.stdout:Jul 06 02:03:48 smithi027 ceph-26fccb3c-1ba1-11ee-9b2f-001a4aab830c-mgr-x[96774]: SHA256:r7Ec4GQI5+srifhUL57sWCVzmmcqqwZg7X+53tQHXkI ceph-26fccb3c-1ba1-11ee-9b2f-001a4aab830c
2023-07-06T02:03:49.158 INFO:journalctl@ceph.mgr.x.smithi027.stdout:Jul 06 02:03:48 smithi027 ceph-26fccb3c-1ba1-11ee-9b2f-001a4aab830c-mgr-x[96774]: The key's randomart image is:
2023-07-06T02:03:49.158 INFO:journalctl@ceph.mgr.x.smithi027.stdout:Jul 06 02:03:48 smithi027 ceph-26fccb3c-1ba1-11ee-9b2f-001a4aab830c-mgr-x[96774]: +---[RSA 3072]----+
2023-07-06T02:03:49.158 INFO:journalctl@ceph.mgr.x.smithi027.stdout:Jul 06 02:03:48 smithi027 ceph-26fccb3c-1ba1-11ee-9b2f-001a4aab830c-mgr-x[96774]: | |
2023-07-06T02:03:49.158 INFO:journalctl@ceph.mgr.x.smithi027.stdout:Jul 06 02:03:48 smithi027 ceph-26fccb3c-1ba1-11ee-9b2f-001a4aab830c-mgr-x[96774]: | |
2023-07-06T02:03:49.158 INFO:journalctl@ceph.mgr.x.smithi027.stdout:Jul 06 02:03:48 smithi027 ceph-26fccb3c-1ba1-11ee-9b2f-001a4aab830c-mgr-x[96774]: | o . E |
2023-07-06T02:03:49.158 INFO:journalctl@ceph.mgr.x.smithi027.stdout:Jul 06 02:03:48 smithi027 ceph-26fccb3c-1ba1-11ee-9b2f-001a4aab830c-mgr-x[96774]: |.. = . . |
2023-07-06T02:03:49.158 INFO:journalctl@ceph.mgr.x.smithi027.stdout:Jul 06 02:03:48 smithi027 ceph-26fccb3c-1ba1-11ee-9b2f-001a4aab830c-mgr-x[96774]: |o . * * S o . |
2023-07-06T02:03:49.158 INFO:journalctl@ceph.mgr.x.smithi027.stdout:Jul 06 02:03:48 smithi027 ceph-26fccb3c-1ba1-11ee-9b2f-001a4aab830c-mgr-x[96774]: |. o & . .o + |
2023-07-06T02:03:49.159 INFO:journalctl@ceph.mgr.x.smithi027.stdout:Jul 06 02:03:48 smithi027 ceph-26fccb3c-1ba1-11ee-9b2f-001a4aab830c-mgr-x[96774]: |o...B = +..o . |
2023-07-06T02:03:49.159 INFO:journalctl@ceph.mgr.x.smithi027.stdout:Jul 06 02:03:48 smithi027 ceph-26fccb3c-1ba1-11ee-9b2f-001a4aab830c-mgr-x[96774]: |oo+* B +o= . |
2023-07-06T02:03:49.159 INFO:journalctl@ceph.mgr.x.smithi027.stdout:Jul 06 02:03:48 smithi027 ceph-26fccb3c-1ba1-11ee-9b2f-001a4aab830c-mgr-x[96774]: |oo+=O.oo=. |
2023-07-06T02:03:49.159 INFO:journalctl@ceph.mgr.x.smithi027.stdout:Jul 06 02:03:48 smithi027 ceph-26fccb3c-1ba1-11ee-9b2f-001a4aab830c-mgr-x[96774]: +----[SHA256]-----+
2023-07-06T02:03:49.258 INFO:teuthology.orchestra.run.smithi027.stdout:/usr/bin/ceph: stderr
2023-07-06T02:03:48.384+0000 7f2cdbeff700 1 Processor -- start
2023-07-06T02:03:49.258 INFO:teuthology.orchestra.run.smithi027.stdout:/usr/bin/ceph: stderr
2023-07-06T02:03:48.384+0000 7f2cdbeff700 1 -- start start
2023-07-06T02:03:49.258 INFO:teuthology.orchestra.run.smithi027.stdout:/usr/bin/ceph: stderr
2023-07-06T02:03:48.384+0000 7f2cdbeff700 1 --2- >> [v2:172.21.15.27:3300/0,v1:172.21.15.27:6789/0] conn(0x7f2cd4105f00 0x7f2cd41082e0 unknown :-1 s=NONE pgs=0 cs=0 l=0 rev1=0 crypto rx=0 tx=0 comp rx=0 tx=0).connect
2023-07-06T02:03:49.258 INFO:teuthology.orchestra.run.smithi027.stdout:/usr/bin/ceph: stderr
2023-07-06T02:03:48.384+0000 7f2cdbeff700 1 -- --> [v2:172.21.15.27:3300/0,v1:172.21.15.27:6789/0] -- mon_getmap magic: 0 v1 -- 0x7f2cd4079d90 con 0x7f2cd4105f00
2023-07-06T02:03:49.259 INFO:teuthology.orchestra.run.smithi027.stdout:/usr/bin/ceph: stderr
2023-07-06T02:03:48.384+0000 7f2cd9c9b700 1 --2- >> [v2:172.21.15.27:3300/0,v1:172.21.15.27:6789/0] conn(0x7f2cd4105f00 0x7f2cd41082e0 unknown :-1 s=BANNER_CONNECTING pgs=0 cs=0 l=0 rev1=0 crypto rx=0 tx=0 comp rx=0 tx=0)._handle_peer_banner_payload supported=3 required=0
2023-07-06T02:03:49.259 INFO:teuthology.orchestra.run.smithi027.stdout:/usr/bin/ceph: stderr
2023-07-06T02:03:48.384+0000 7f2cd9c9b700 1 --2- >> [v2:172.21.15.27:3300/0,v1:172.21.15.27:6789/0] conn(0x7f2cd4105f00 0x7f2cd41082e0 unknown :-1 s=HELLO_CONNECTING pgs=0 cs=0 l=0 rev1=1 crypto rx=0 tx=0 comp rx=0 tx=0).handle_hello peer v2:172.21.15.27:3300/0 says I am v2:172.21.15.27:50318/0 (socket says 172.21.15.27:50318)
2023-07-06T02:03:49.259 INFO:teuthology.orchestra.run.smithi027.stdout:/usr/bin/ceph: stderr
2023-07-06T02:03:48.384+0000 7f2cd9c9b700 1 -- 172.21.15.27:0/3425566092 learned_addr learned my addr 172.21.15.27:0/3425566092 (peer_addr_for_me v2:172.21.15.27:0/0)
2023-07-06T02:03:49.259 INFO:teuthology.orchestra.run.smithi027.stdout:/usr/bin/ceph: stderr
2023-07-06T02:03:48.385+0000 7f2cd9c9b700 1 -- 172.21.15.27:0/3425566092 --> [v2:172.21.15.27:3300/0,v1:172.21.15.27:6789/0] -- mon_subscribe({config=0+,monmap=0+}) v3 -- 0x7f2cd4079ed0 con 0x7f2cd4105f00
2023-07-06T02:03:49.259 INFO:teuthology.orchestra.run.smithi027.stdout:/usr/bin/ceph: stderr
2023-07-06T02:03:48.385+0000 7f2cd9c9b700 1 --2- 172.21.15.27:0/3425566092 >> [v2:172.21.15.27:3300/0,v1:172.21.15.27:6789/0] conn(0x7f2cd4105f00 0x7f2cd41082e0 secure :-1 s=READY pgs=41 cs=0 l=1 rev1=1 crypto rx=0x7f2cd00098a0 tx=0x7f2cd0009bb0 comp rx=0 tx=0).ready entity=mon.0 client_cookie=59c77f4709cd8236 server_cookie=0 in_seq=0 out_seq=0
2023-07-06T02:03:49.259 INFO:teuthology.orchestra.run.smithi027.stdout:/usr/bin/ceph: stderr
2023-07-06T02:03:48.385+0000 7f2cd8c99700 1 -- 172.21.15.27:0/3425566092 <== mon.0 v2:172.21.15.27:3300/0 1 ==== mon_map magic: 0 v1 ==== 205+0+0 (secure 0 0 0) 0x7f2cd0004160 con 0x7f2cd4105f00
2023-07-06T02:03:49.260 INFO:teuthology.orchestra.run.smithi027.stdout:/usr/bin/ceph: stderr
2023-07-06T02:03:48.385+0000 7f2cd8c99700 1 -- 172.21.15.27:0/3425566092 <== mon.0 v2:172.21.15.27:3300/0 2 ==== config(26 keys) v1 ==== 1074+0+0 (secure 0 0 0) 0x7f2cd00042c0 con 0x7f2cd4105f00
2023-07-06T02:03:49.260 INFO:teuthology.orchestra.run.smithi027.stdout:/usr/bin/ceph: stderr
2023-07-06T02:03:48.385+0000 7f2cd8c99700 1 -- 172.21.15.27:0/3425566092 <== mon.0 v2:172.21.15.27:3300/0 3 ==== mon_map magic: 0 v1 ==== 205+0+0 (secure 0 0 0) 0x7f2cd0011a00 con 0x7f2cd4105f00
2023-07-06T02:03:49.260 INFO:teuthology.orchestra.run.smithi027.stdout:/usr/bin/ceph: stderr
2023-07-06T02:03:48.386+0000 7f2cdbeff700 1 -- 172.21.15.27:0/3425566092 >> [v2:172.21.15.27:3300/0,v1:172.21.15.27:6789/0] conn(0x7f2cd4105f00 msgr2=0x7f2cd41082e0 secure :-1 s=STATE_CONNECTION_ESTABLISHED l=1).mark_down
2023-07-06T02:03:49.260 INFO:teuthology.orchestra.run.smithi027.stdout:/usr/bin/ceph: stderr
2023-07-06T02:03:48.386+0000 7f2cdbeff700 1 --2- 172.21.15.27:0/3425566092 >> [v2:172.21.15.27:3300/0,v1:172.21.15.27:6789/0] conn(0x7f2cd4105f00 0x7f2cd41082e0 secure :-1 s=READY pgs=41 cs=0 l=1 rev1=1 crypto rx=0x7f2cd00098a0 tx=0x7f2cd0009bb0 comp rx=0 tx=0).stop
2023-07-06T02:03:49.260 INFO:teuthology.orchestra.run.smithi027.stdout:/usr/bin/ceph: stderr
2023-07-06T02:03:48.386+0000 7f2cdbeff700 1 -- 172.21.15.27:0/3425566092 shutdown_connections
2023-07-06T02:03:49.260 INFO:teuthology.orchestra.run.smithi027.stdout:/usr/bin/ceph: stderr
2023-07-06T02:03:48.386+0000 7f2cdbeff700 1 --2- 172.21.15.27:0/3425566092 >> [v2:172.21.15.27:3300/0,v1:172.21.15.27:6789/0] conn(0x7f2cd4105f00 0x7f2cd41082e0 unknown :-1 s=CLOSED pgs=41 cs=0 l=1 rev1=1 crypto rx=0 tx=0 comp rx=0 tx=0).stop
2023-07-06T02:03:49.261 INFO:teuthology.orchestra.run.smithi027.stdout:/usr/bin/ceph: stderr
2023-07-06T02:03:48.386+0000 7f2cdbeff700 1 -- 172.21.15.27:0/3425566092 >> 172.21.15.27:0/3425566092 conn(0x7f2cd40ff920 msgr2=0x7f2cd4101d70 unknown :-1 s=STATE_NONE l=0).mark_down
2023-07-06T02:03:49.261 INFO:teuthology.orchestra.run.smithi027.stdout:/usr/bin/ceph: stderr
2023-07-06T02:03:48.386+0000 7f2cdbeff700 1 -- 172.21.15.27:0/3425566092 shutdown_connections
2023-07-06T02:03:49.261 INFO:teuthology.orchestra.run.smithi027.stdout:/usr/bin/ceph: stderr
2023-07-06T02:03:48.386+0000 7f2cdbeff700 1 -- 172.21.15.27:0/3425566092 wait complete.
2023-07-06T02:03:49.261 INFO:teuthology.orchestra.run.smithi027.stdout:/usr/bin/ceph: stderr
2023-07-06T02:03:48.386+0000 7f2cdbeff700 1 Processor -- start
2023-07-06T02:03:49.261 INFO:teuthology.orchestra.run.smithi027.stdout:/usr/bin/ceph: stderr
2023-07-06T02:03:48.386+0000 7f2cdbeff700 1 -- start start
2023-07-06T02:03:49.262 INFO:teuthology.orchestra.run.smithi027.stdout:/usr/bin/ceph: stderr
2023-07-06T02:03:48.387+0000 7f2cdbeff700 1 --2- >> [v2:172.21.15.27:3300/0,v1:172.21.15.27:6789/0] conn(0x7f2cd4105f00 0x7f2cd419b360 unknown :-1 s=NONE pgs=0 cs=0 l=1 rev1=0 crypto rx=0 tx=0 comp rx=0 tx=0).connect
2023-07-06T02:03:49.262 INFO:teuthology.orchestra.run.smithi027.stdout:/usr/bin/ceph: stderr
2023-07-06T02:03:48.387+0000 7f2cdbeff700 1 -- --> [v2:172.21.15.27:3300/0,v1:172.21.15.27:6789/0] -- mon_getmap magic: 0 v1 -- 0x7f2cd419b8a0 con 0x7f2cd4105f00
2023-07-06T02:03:49.262 INFO:teuthology.orchestra.run.smithi027.stdout:/usr/bin/ceph: stderr
2023-07-06T02:03:48.387+0000 7f2cd9c9b700 1 --2- >> [v2:172.21.15.27:3300/0,v1:172.21.15.27:6789/0] conn(0x7f2cd4105f00 0x7f2cd419b360 unknown :-1 s=BANNER_CONNECTING pgs=0 cs=0 l=1 rev1=0 crypto rx=0 tx=0 comp rx=0 tx=0)._handle_peer_banner_payload supported=3 required=0
2023-07-06T02:03:49.262 INFO:teuthology.orchestra.run.smithi027.stdout:/usr/bin/ceph: stderr
2023-07-06T02:03:48.387+0000 7f2cd9c9b700 1 --2- >> [v2:172.21.15.27:3300/0,v1:172.21.15.27:6789/0] conn(0x7f2cd4105f00 0x7f2cd419b360 unknown :-1 s=HELLO_CONNECTING pgs=0 cs=0 l=1 rev1=1 crypto rx=0 tx=0 comp rx=0 tx=0).handle_hello peer v2:172.21.15.27:3300/0 says I am v2:172.21.15.27:50320/0 (socket says 172.21.15.27:50320)
2023-07-06T02:03:49.262 INFO:teuthology.orchestra.run.smithi027.stdout:/usr/bin/ceph: stderr
2023-07-06T02:03:48.387+0000 7f2cd9c9b700 1 -- 172.21.15.27:0/1456573851 learned_addr learned my addr 172.21.15.27:0/1456573851 (peer_addr_for_me v2:172.21.15.27:0/0)
2023-07-06T02:03:49.263 INFO:teuthology.orchestra.run.smithi027.stdout:/usr/bin/ceph: stderr
2023-07-06T02:03:48.387+0000 7f2cd9c9b700 1 -- 172.21.15.27:0/1456573851 --> [v2:172.21.15.27:3300/0,v1:172.21.15.27:6789/0] -- mon_subscribe({config=0+,monmap=0+}) v3 -- 0x7f2cd0009550 con 0x7f2cd4105f00
2023-07-06T02:03:49.263 INFO:teuthology.orchestra.run.smithi027.stdout:/usr/bin/ceph: stderr
2023-07-06T02:03:48.387+0000 7f2cd9c9b700 1 --2- 172.21.15.27:0/1456573851 >> [v2:172.21.15.27:3300/0,v1:172.21.15.27:6789/0] conn(0x7f2cd4105f00 0x7f2cd419b360 secure :-1 s=READY pgs=42 cs=0 l=1 rev1=1 crypto rx=0x7f2cd0009fb0 tx=0x7f2cd0011ad0 comp rx=0 tx=0).ready entity=mon.0 client_cookie=0 server_cookie=0 in_seq=0 out_seq=0
2023-07-06T02:03:49.263 INFO:teuthology.orchestra.run.smithi027.stdout:/usr/bin/ceph: stderr
2023-07-06T02:03:48.387+0000 7f2ccaffd700 1 -- 172.21.15.27:0/1456573851 <== mon.0 v2:172.21.15.27:3300/0 1 ==== mon_map magic: 0 v1 ==== 205+0+0 (secure 0 0 0) 0x7f2cd0003a40 con 0x7f2cd4105f00
2023-07-06T02:03:49.263 INFO:teuthology.orchestra.run.smithi027.stdout:/usr/bin/ceph: stderr
2023-07-06T02:03:48.387+0000 7f2cdbeff700 1 -- 172.21.15.27:0/1456573851 --> [v2:172.21.15.27:3300/0,v1:172.21.15.27:6789/0] -- mon_subscribe({mgrmap=0+}) v3 -- 0x7f2cd419baa0 con 0x7f2cd4105f00
2023-07-06T02:03:49.263 INFO:teuthology.orchestra.run.smithi027.stdout:/usr/bin/ceph: stderr
2023-07-06T02:03:48.387+0000 7f2ccaffd700 1 -- 172.21.15.27:0/1456573851 <== mon.0 v2:172.21.15.27:3300/0 2 ==== config(26 keys) v1 ==== 1074+0+0 (secure 0 0 0) 0x7f2cd0003ba0 con 0x7f2cd4105f00
2023-07-06T02:03:49.263 INFO:teuthology.orchestra.run.smithi027.stdout:/usr/bin/ceph: stderr
2023-07-06T02:03:48.387+0000 7f2ccaffd700 1 -- 172.21.15.27:0/1456573851 <== mon.0 v2:172.21.15.27:3300/0 3 ==== mon_map magic: 0 v1 ==== 205+0+0 (secure 0 0 0) 0x7f2cd001a750 con 0x7f2cd4105f00
2023-07-06T02:03:49.263 INFO:teuthology.orchestra.run.smithi027.stdout:/usr/bin/ceph: stderr
2023-07-06T02:03:48.387+0000 7f2cdbeff700 1 -- 172.21.15.27:0/1456573851 --> [v2:172.21.15.27:3300/0,v1:172.21.15.27:6789/0] -- mon_subscribe({osdmap=0}) v3 -- 0x7f2cd419bec0 con 0x7f2cd4105f00
2023-07-06T02:03:49.264 INFO:teuthology.orchestra.run.smithi027.stdout:/usr/bin/ceph: stderr
2023-07-06T02:03:48.388+0000 7f2ccaffd700 1 -- 172.21.15.27:0/1456573851 <== mon.0 v2:172.21.15.27:3300/0 4 ==== mgrmap(e 8) v1 ==== 45483+0+0 (secure 0 0 0) 0x7f2cd001a9d0 con 0x7f2cd4105f00
2023-07-06T02:03:49.264 INFO:teuthology.orchestra.run.smithi027.stdout:/usr/bin/ceph: stderr
2023-07-06T02:03:48.388+0000 7f2ccaffd700 1 --2- 172.21.15.27:0/1456573851 >> [v2:172.21.15.27:6800/1936633713,v1:172.21.15.27:6801/1936633713] conn(0x7f2cc00386c0 0x7f2cc003ab70 unknown :-1 s=NONE pgs=0 cs=0 l=1 rev1=0 crypto rx=0 tx=0 comp rx=0 tx=0).connect
2023-07-06T02:03:49.264 INFO:teuthology.orchestra.run.smithi027.stdout:/usr/bin/ceph: stderr
2023-07-06T02:03:48.388+0000 7f2ccaffd700 1 -- 172.21.15.27:0/1456573851 <== mon.0 v2:172.21.15.27:3300/0 5 ==== osd_map(2..2 src has 1..2) v4 ==== 940+0+0 (secure 0 0 0) 0x7f2cd004c8b0 con 0x7f2cd4105f00
2023-07-06T02:03:49.264 INFO:teuthology.orchestra.run.smithi027.stdout:/usr/bin/ceph: stderr
2023-07-06T02:03:48.388+0000 7f2cdbeff700 1 -- 172.21.15.27:0/1456573851 --> [v2:172.21.15.27:3300/0,v1:172.21.15.27:6789/0] -- mon_command({"prefix": "get_command_descriptions"} v 0) v1 -- 0x7f2cd4061c70 con 0x7f2cd4105f00
2023-07-06T02:03:49.264 INFO:teuthology.orchestra.run.smithi027.stdout:/usr/bin/ceph: stderr
2023-07-06T02:03:48.388+0000 7f2cd949a700 1 --2- 172.21.15.27:0/1456573851 >> [v2:172.21.15.27:6800/1936633713,v1:172.21.15.27:6801/1936633713] conn(0x7f2cc00386c0 0x7f2cc003ab70 unknown :-1 s=BANNER_CONNECTING pgs=0 cs=0 l=1 rev1=0 crypto rx=0 tx=0 comp rx=0 tx=0)._handle_peer_banner_payload supported=3 required=0
2023-07-06T02:03:49.264 INFO:teuthology.orchestra.run.smithi027.stdout:/usr/bin/ceph: stderr
2023-07-06T02:03:48.389+0000 7f2cd949a700 1 --2- 172.21.15.27:0/1456573851 >> [v2:172.21.15.27:6800/1936633713,v1:172.21.15.27:6801/1936633713] conn(0x7f2cc00386c0 0x7f2cc003ab70 secure :-1 s=READY pgs=9 cs=0 l=1 rev1=1 crypto rx=0x7f2cc4006fd0 tx=0x7f2cc4006e40 comp rx=0 tx=0).ready entity=mgr.14120 client_cookie=0 server_cookie=0 in_seq=0 out_seq=0
2023-07-06T02:03:49.265 INFO:teuthology.orchestra.run.smithi027.stdout:/usr/bin/ceph: stderr
2023-07-06T02:03:48.393+0000 7f2ccaffd700 1 -- 172.21.15.27:0/1456573851 <== mon.0 v2:172.21.15.27:3300/0 6 ==== mon_command_ack([{"prefix": "get_command_descriptions"}]=0 v0) v1 ==== 72+0+178008 (secure 0 0 0) 0x7f2cd0023390 con 0x7f2cd4105f00
2023-07-06T02:03:49.265 INFO:teuthology.orchestra.run.smithi027.stdout:/usr/bin/ceph: stderr
2023-07-06T02:03:48.751+0000 7f2cdbeff700 1 -- 172.21.15.27:0/1456573851 --> [v2:172.21.15.27:6800/1936633713,v1:172.21.15.27:6801/1936633713] -- mgr_command(tid 0: {"prefix": "cephadm generate-key", "target": ["mon-mgr", ""]}) v1 -- 0x7f2cd4101c20 con 0x7f2cc00386c0
2023-07-06T02:03:49.265 INFO:teuthology.orchestra.run.smithi027.stdout:/usr/bin/ceph: stderr
2023-07-06T02:03:48.881+0000 7f2ccaffd700 1 -- 172.21.15.27:0/1456573851 <== mgr.14120 v2:172.21.15.27:6800/1936633713 1 ==== mgr_command_reply(tid 0: 0 ) v1 ==== 8+0+0 (secure 0 0 0) 0x7f2cd4101c20 con 0x7f2cc00386c0
2023-07-06T02:03:49.265 INFO:teuthology.orchestra.run.smithi027.stdout:/usr/bin/ceph: stderr
2023-07-06T02:03:48.883+0000 7f2cdbeff700 1 -- 172.21.15.27:0/1456573851 >> [v2:172.21.15.27:6800/1936633713,v1:172.21.15.27:6801/1936633713] conn(0x7f2cc00386c0 msgr2=0x7f2cc003ab70 secure :-1 s=STATE_CONNECTION_ESTABLISHED l=1).mark_down
2023-07-06T02:03:49.265 INFO:teuthology.orchestra.run.smithi027.stdout:/usr/bin/ceph: stderr
2023-07-06T02:03:48.883+0000 7f2cdbeff700 1 --2- 172.21.15.27:0/1456573851 >> [v2:172.21.15.27:6800/1936633713,v1:172.21.15.27:6801/1936633713] conn(0x7f2cc00386c0 0x7f2cc003ab70 secure :-1 s=READY pgs=9 cs=0 l=1 rev1=1 crypto rx=0x7f2cc4006fd0 tx=0x7f2cc4006e40 comp rx=0 tx=0).stop
2023-07-06T02:03:49.265 INFO:teuthology.orchestra.run.smithi027.stdout:/usr/bin/ceph: stderr
2023-07-06T02:03:48.884+0000 7f2cdbeff700 1 -- 172.21.15.27:0/1456573851 >> [v2:172.21.15.27:3300/0,v1:172.21.15.27:6789/0] conn(0x7f2cd4105f00 msgr2=0x7f2cd419b360 secure :-1 s=STATE_CONNECTION_ESTABLISHED l=1).mark_down
2023-07-06T02:03:49.266 INFO:teuthology.orchestra.run.smithi027.stdout:/usr/bin/ceph: stderr
2023-07-06T02:03:48.884+0000 7f2cdbeff700 1 --2- 172.21.15.27:0/1456573851 >> [v2:172.21.15.27:3300/0,v1:172.21.15.27:6789/0] conn(0x7f2cd4105f00 0x7f2cd419b360 secure :-1 s=READY pgs=42 cs=0 l=1 rev1=1 crypto rx=0x7f2cd0009fb0 tx=0x7f2cd0011ad0 comp rx=0 tx=0).stop
2023-07-06T02:03:49.266 INFO:teuthology.orchestra.run.smithi027.stdout:/usr/bin/ceph: stderr
2023-07-06T02:03:48.884+0000 7f2cdbeff700 1 -- 172.21.15.27:0/1456573851 shutdown_connections
2023-07-06T02:03:49.266 INFO:teuthology.orchestra.run.smithi027.stdout:/usr/bin/ceph: stderr
2023-07-06T02:03:48.884+0000 7f2cdbeff700 1 --2- 172.21.15.27:0/1456573851 >> [v2:172.21.15.27:6800/1936633713,v1:172.21.15.27:6801/1936633713] conn(0x7f2cc00386c0 0x7f2cc003ab70 unknown :-1 s=CLOSED pgs=9 cs=0 l=1 rev1=1 crypto rx=0 tx=0 comp rx=0 tx=0).stop
2023-07-06T02:03:49.266 INFO:teuthology.orchestra.run.smithi027.stdout:/usr/bin/ceph: stderr
2023-07-06T02:03:48.884+0000 7f2cdbeff700 1 --2- 172.21.15.27:0/1456573851 >> [v2:172.21.15.27:3300/0,v1:172.21.15.27:6789/0] conn(0x7f2cd4105f00 0x7f2cd419b360 unknown :-1 s=CLOSED pgs=42 cs=0 l=1 rev1=1 crypto rx=0 tx=0 comp rx=0 tx=0).stop
2023-07-06T02:03:49.266 INFO:teuthology.orchestra.run.smithi027.stdout:/usr/bin/ceph: stderr
2023-07-06T02:03:48.884+0000 7f2cdbeff700 1 -- 172.21.15.27:0/1456573851 >> 172.21.15.27:0/1456573851 conn(0x7f2cd40ff920 msgr2=0x7f2cd4101000 unknown :-1 s=STATE_NONE l=0).mark_down
2023-07-06T02:03:49.266 INFO:teuthology.orchestra.run.smithi027.stdout:/usr/bin/ceph: stderr
2023-07-06T02:03:48.884+0000 7f2cdbeff700 1 -- 172.21.15.27:0/1456573851 shutdown_connections
2023-07-06T02:03:49.266 INFO:teuthology.orchestra.run.smithi027.stdout:/usr/bin/ceph: stderr
2023-07-06T02:03:48.884+0000 7f2cdbeff700 1 -- 172.21.15.27:0/1456573851 wait complete.
2023-07-06T02:03:50.138 INFO:journalctl@ceph.mon.a.smithi027.stdout:Jul 06 02:03:49 smithi027 ceph-mon[96530]: from='client.14136 -' entity='client.admin' cmd=[{"prefix": "cephadm generate-key", "target": ["mon-mgr", ""]}]: dispatch
2023-07-06T02:03:50.138 INFO:journalctl@ceph.mon.a.smithi027.stdout:Jul 06 02:03:49 smithi027 ceph-mon[96530]: Generating ssh key...
2023-07-06T02:03:50.138 INFO:journalctl@ceph.mon.a.smithi027.stdout:Jul 06 02:03:49 smithi027 ceph-mon[96530]: from='mgr.14120 172.21.15.27:0/545075340' entity='mgr.x'
2023-07-06T02:03:50.138 INFO:journalctl@ceph.mon.a.smithi027.stdout:Jul 06 02:03:49 smithi027 ceph-mon[96530]: from='mgr.14120 172.21.15.27:0/545075340' entity='mgr.x'
2023-07-06T02:03:50.501 INFO:teuthology.orchestra.run.smithi027.stdout:/usr/bin/ceph: stdout ssh-rsa AAAAB3NzaC1yc2EAAAADAQABAAABgQCwD2sCR0+Octv8LSrkeWce7IlqE7hCzPVVekWk0JlLb3UCI8STh6G19NANZ/ceqKx/RTC1XcgKV4jxFJyS30wb1zRYn5i8jrI94UrM07epThIRmPbSqtr3tsR4e8naqZThGi2eR7dRI12ieQ2hvjXHUFSgyoHzRTH9KE89rS/YN4DAkJRdovEiAF8r4SLfbd+e8lOe4QmzFh3q6CTJoKaJOb6sQDcW5R2UeuIWZGdlEE9B8dZVZrmUjt4Lu72BS3VaZzFJJ443EBYrv8WYiRhQPiTKlTJxsJWFyrsKCpt/qiIB62JGzIMtebfyD1YraL2fdRkt3oYsa+J7zbLi3t4T6zrSWrNVcqlbENPDe6t7hVltWME46zjcpadV+X2+Ve5tX76+MuL5v27BYNYUrtkFIRHmD8Ad25yr8sJgEJAHWyY+o05z7RlQ1luXOw2BnpDJj35vu3zqlLJezwFyqwPHAlCGBhaMpFRLvq9rHWtn22LfI0HUfxRAE5Vo++g9+M0= ceph-26fccb3c-1ba1-11ee-9b2f-001a4aab830c
2023-07-06T02:03:50.501 INFO:teuthology.orchestra.run.smithi027.stdout:/usr/bin/ceph: stderr
2023-07-06T02:03:49.734+0000 7f892730e700 1 Processor -- start
2023-07-06T02:03:50.502 INFO:teuthology.orchestra.run.smithi027.stdout:/usr/bin/ceph: stderr
2023-07-06T02:03:49.734+0000 7f892730e700 1 -- start start
2023-07-06T02:03:50.502 INFO:teuthology.orchestra.run.smithi027.stdout:/usr/bin/ceph: stderr
2023-07-06T02:03:49.734+0000 7f892730e700 1 --2- >> [v2:172.21.15.27:3300/0,v1:172.21.15.27:6789/0] conn(0x7f8920105600 0x7f8920105a10 unknown :-1 s=NONE pgs=0 cs=0 l=0 rev1=0 crypto rx=0 tx=0 comp rx=0 tx=0).connect
2023-07-06T02:03:50.502 INFO:teuthology.orchestra.run.smithi027.stdout:/usr/bin/ceph: stderr
2023-07-06T02:03:49.734+0000 7f892730e700 1 -- --> [v2:172.21.15.27:3300/0,v1:172.21.15.27:6789/0] -- mon_getmap magic: 0 v1 -- 0x7f8920105f50 con 0x7f8920105600
2023-07-06T02:03:50.502 INFO:teuthology.orchestra.run.smithi027.stdout:/usr/bin/ceph: stderr
2023-07-06T02:03:49.735+0000 7f89250aa700 1 --2- >> [v2:172.21.15.27:3300/0,v1:172.21.15.27:6789/0] conn(0x7f8920105600 0x7f8920105a10 unknown :-1 s=BANNER_CONNECTING pgs=0 cs=0 l=0 rev1=0 crypto rx=0 tx=0 comp rx=0 tx=0)._handle_peer_banner_payload supported=3 required=0
2023-07-06T02:03:50.503 INFO:teuthology.orchestra.run.smithi027.stdout:/usr/bin/ceph: stderr
2023-07-06T02:03:49.735+0000 7f89250aa700 1 --2- >> [v2:172.21.15.27:3300/0,v1:172.21.15.27:6789/0] conn(0x7f8920105600 0x7f8920105a10 unknown :-1 s=HELLO_CONNECTING pgs=0 cs=0 l=0 rev1=1 crypto rx=0 tx=0 comp rx=0 tx=0).handle_hello peer v2:172.21.15.27:3300/0 says I am v2:172.21.15.27:50324/0 (socket says 172.21.15.27:50324)
2023-07-06T02:03:50.503 INFO:teuthology.orchestra.run.smithi027.stdout:/usr/bin/ceph: stderr
2023-07-06T02:03:49.735+0000 7f89250aa700 1 -- 172.21.15.27:0/476504607 learned_addr learned my addr 172.21.15.27:0/476504607 (peer_addr_for_me v2:172.21.15.27:0/0)
2023-07-06T02:03:50.503 INFO:teuthology.orchestra.run.smithi027.stdout:/usr/bin/ceph: stderr
2023-07-06T02:03:49.735+0000 7f89250aa700 1 -- 172.21.15.27:0/476504607 --> [v2:172.21.15.27:3300/0,v1:172.21.15.27:6789/0] -- mon_subscribe({config=0+,monmap=0+}) v3 -- 0x7f8920106090 con 0x7f8920105600
2023-07-06T02:03:50.503 INFO:teuthology.orchestra.run.smithi027.stdout:/usr/bin/ceph: stderr
2023-07-06T02:03:49.735+0000 7f89250aa700 1 --2- 172.21.15.27:0/476504607 >> [v2:172.21.15.27:3300/0,v1:172.21.15.27:6789/0] conn(0x7f8920105600 0x7f8920105a10 secure :-1 s=READY pgs=43 cs=0 l=1 rev1=1 crypto rx=0x7f891c0098a0 tx=0x7f891c009bb0 comp rx=0 tx=0).ready entity=mon.0 client_cookie=46941592add982d7 server_cookie=0 in_seq=0 out_seq=0
2023-07-06T02:03:50.503 INFO:teuthology.orchestra.run.smithi027.stdout:/usr/bin/ceph: stderr
2023-07-06T02:03:49.735+0000 7f8917fff700 1 -- 172.21.15.27:0/476504607 <== mon.0 v2:172.21.15.27:3300/0 1 ==== mon_map magic: 0 v1 ==== 205+0+0 (secure 0 0 0) 0x7f891c004160 con 0x7f8920105600
2023-07-06T02:03:50.503 INFO:teuthology.orchestra.run.smithi027.stdout:/usr/bin/ceph: stderr
2023-07-06T02:03:49.735+0000 7f8917fff700 1 -- 172.21.15.27:0/476504607 <== mon.0 v2:172.21.15.27:3300/0 2 ==== config(26 keys) v1 ==== 1074+0+0 (secure 0 0 0) 0x7f891c0042c0 con 0x7f8920105600
2023-07-06T02:03:50.504 INFO:teuthology.orchestra.run.smithi027.stdout:/usr/bin/ceph: stderr
2023-07-06T02:03:49.735+0000 7f8917fff700 1 -- 172.21.15.27:0/476504607 <== mon.0 v2:172.21.15.27:3300/0 3 ==== mon_map magic: 0 v1 ==== 205+0+0 (secure 0 0 0) 0x7f891c011a00 con 0x7f8920105600
2023-07-06T02:03:50.504 INFO:teuthology.orchestra.run.smithi027.stdout:/usr/bin/ceph: stderr
2023-07-06T02:03:49.736+0000 7f892730e700 1 -- 172.21.15.27:0/476504607 >> [v2:172.21.15.27:3300/0,v1:172.21.15.27:6789/0] conn(0x7f8920105600 msgr2=0x7f8920105a10 secure :-1 s=STATE_CONNECTION_ESTABLISHED l=1).mark_down
2023-07-06T02:03:50.504 INFO:teuthology.orchestra.run.smithi027.stdout:/usr/bin/ceph: stderr
2023-07-06T02:03:49.736+0000 7f892730e700 1 --2- 172.21.15.27:0/476504607 >> [v2:172.21.15.27:3300/0,v1:172.21.15.27:6789/0] conn(0x7f8920105600 0x7f8920105a10 secure :-1 s=READY pgs=43 cs=0 l=1 rev1=1 crypto rx=0x7f891c0098a0 tx=0x7f891c009bb0 comp rx=0 tx=0).stop
2023-07-06T02:03:50.504 INFO:teuthology.orchestra.run.smithi027.stdout:/usr/bin/ceph: stderr
2023-07-06T02:03:49.736+0000 7f892730e700 1 -- 172.21.15.27:0/476504607 shutdown_connections
2023-07-06T02:03:50.504 INFO:teuthology.orchestra.run.smithi027.stdout:/usr/bin/ceph: stderr
2023-07-06T02:03:49.736+0000 7f892730e700 1 --2- 172.21.15.27:0/476504607 >> [v2:172.21.15.27:3300/0,v1:172.21.15.27:6789/0] conn(0x7f8920105600 0x7f8920105a10 unknown :-1 s=CLOSED pgs=43 cs=0 l=1 rev1=1 crypto rx=0 tx=0 comp rx=0 tx=0).stop
2023-07-06T02:03:50.504 INFO:teuthology.orchestra.run.smithi027.stdout:/usr/bin/ceph: stderr
2023-07-06T02:03:49.736+0000 7f892730e700 1 -- 172.21.15.27:0/476504607 >> 172.21.15.27:0/476504607 conn(0x7f8920100c90 msgr2=0x7f89201030a0 unknown :-1 s=STATE_NONE l=0).mark_down
2023-07-06T02:03:50.504 INFO:teuthology.orchestra.run.smithi027.stdout:/usr/bin/ceph: stderr
2023-07-06T02:03:49.736+0000 7f892730e700 1 -- 172.21.15.27:0/476504607 shutdown_connections
2023-07-06T02:03:50.504 INFO:teuthology.orchestra.run.smithi027.stdout:/usr/bin/ceph: stderr
2023-07-06T02:03:49.736+0000 7f892730e700 1 -- 172.21.15.27:0/476504607 wait complete.
2023-07-06T02:03:50.505 INFO:teuthology.orchestra.run.smithi027.stdout:/usr/bin/ceph: stderr
2023-07-06T02:03:49.737+0000 7f892730e700 1 Processor -- start
2023-07-06T02:03:50.505 INFO:teuthology.orchestra.run.smithi027.stdout:/usr/bin/ceph: stderr
2023-07-06T02:03:49.737+0000 7f892730e700 1 -- start start
2023-07-06T02:03:50.505 INFO:teuthology.orchestra.run.smithi027.stdout:/usr/bin/ceph: stderr
2023-07-06T02:03:49.737+0000 7f892730e700 1 --2- >> [v2:172.21.15.27:3300/0,v1:172.21.15.27:6789/0] conn(0x7f8920105600 0x7f892007bc60 unknown :-1 s=NONE pgs=0 cs=0 l=1 rev1=0 crypto rx=0 tx=0 comp rx=0 tx=0).connect
2023-07-06T02:03:50.505 INFO:teuthology.orchestra.run.smithi027.stdout:/usr/bin/ceph: stderr
2023-07-06T02:03:49.737+0000 7f892730e700 1 -- --> [v2:172.21.15.27:3300/0,v1:172.21.15.27:6789/0] -- mon_getmap magic: 0 v1 -- 0x7f892007c1a0 con 0x7f8920105600
2023-07-06T02:03:50.505 INFO:teuthology.orchestra.run.smithi027.stdout:/usr/bin/ceph: stderr
2023-07-06T02:03:49.737+0000 7f89250aa700 1 --2- >> [v2:172.21.15.27:3300/0,v1:172.21.15.27:6789/0] conn(0x7f8920105600 0x7f892007bc60 unknown :-1 s=BANNER_CONNECTING pgs=0 cs=0 l=1 rev1=0 crypto rx=0 tx=0 comp rx=0 tx=0)._handle_peer_banner_payload supported=3 required=0
2023-07-06T02:03:50.506 INFO:teuthology.orchestra.run.smithi027.stdout:/usr/bin/ceph: stderr
2023-07-06T02:03:49.737+0000 7f89250aa700 1 --2- >> [v2:172.21.15.27:3300/0,v1:172.21.15.27:6789/0] conn(0x7f8920105600 0x7f892007bc60 unknown :-1 s=HELLO_CONNECTING pgs=0 cs=0 l=1 rev1=1 crypto rx=0 tx=0 comp rx=0 tx=0).handle_hello peer v2:172.21.15.27:3300/0 says I am v2:172.21.15.27:50326/0 (socket says 172.21.15.27:50326)
