2023-07-06T02:03:56.568+0000 7f1271ddd700 1 --2- 172.21.15.27:0/1022375681 >> [v2:172.21.15.27:3300/0,v1:172.21.15.27:6789/0] conn(0x7f126c105f20 0x7f126c19b2a0 secure :-1 s=READY pgs=50 cs=0 l=1 rev1=1 crypto rx=0x7f1268003e60 tx=0x7f1268011a30 comp rx=0 tx=0).ready entity=mon.0 client_cookie=0 server_cookie=0 in_seq=0 out_seq=0
2023-07-06T02:03:57.551 INFO:teuthology.orchestra.run.smithi027.stdout:/usr/bin/ceph: stderr
2023-07-06T02:03:56.568+0000 7f1262ffd700 1 -- 172.21.15.27:0/1022375681 <== mon.0 v2:172.21.15.27:3300/0 1 ==== mon_map magic: 0 v1 ==== 205+0+0 (secure 0 0 0) 0x7f1268003a60 con 0x7f126c105f20
2023-07-06T02:03:57.551 INFO:teuthology.orchestra.run.smithi027.stdout:/usr/bin/ceph: stderr
2023-07-06T02:03:56.568+0000 7f1262ffd700 1 -- 172.21.15.27:0/1022375681 <== mon.0 v2:172.21.15.27:3300/0 2 ==== config(26 keys) v1 ==== 1105+0+0 (secure 0 0 0) 0x7f1268003bc0 con 0x7f126c105f20
2023-07-06T02:03:57.551 INFO:teuthology.orchestra.run.smithi027.stdout:/usr/bin/ceph: stderr
2023-07-06T02:03:56.568+0000 7f1274041700 1 -- 172.21.15.27:0/1022375681 --> [v2:172.21.15.27:3300/0,v1:172.21.15.27:6789/0] -- mon_subscribe({mgrmap=0+}) v3 -- 0x7f126c19ba40 con 0x7f126c105f20
2023-07-06T02:03:57.551 INFO:teuthology.orchestra.run.smithi027.stdout:/usr/bin/ceph: stderr
2023-07-06T02:03:56.568+0000 7f1262ffd700 1 -- 172.21.15.27:0/1022375681 <== mon.0 v2:172.21.15.27:3300/0 3 ==== mon_map magic: 0 v1 ==== 205+0+0 (secure 0 0 0) 0x7f12680196c0 con 0x7f126c105f20
2023-07-06T02:03:57.551 INFO:teuthology.orchestra.run.smithi027.stdout:/usr/bin/ceph: stderr
2023-07-06T02:03:56.568+0000 7f1274041700 1 -- 172.21.15.27:0/1022375681 --> [v2:172.21.15.27:3300/0,v1:172.21.15.27:6789/0] -- mon_subscribe({osdmap=0}) v3 -- 0x7f126c19bec0 con 0x7f126c105f20
2023-07-06T02:03:57.552 INFO:teuthology.orchestra.run.smithi027.stdout:/usr/bin/ceph: stderr
2023-07-06T02:03:56.569+0000 7f1262ffd700 1 -- 172.21.15.27:0/1022375681 <== mon.0 v2:172.21.15.27:3300/0 4 ==== mgrmap(e 8) v1 ==== 45483+0+0 (secure 0 0 0) 0x7f126801ab60 con 0x7f126c105f20
2023-07-06T02:03:57.552 INFO:teuthology.orchestra.run.smithi027.stdout:/usr/bin/ceph: stderr
2023-07-06T02:03:56.569+0000 7f1274041700 1 -- 172.21.15.27:0/1022375681 --> [v2:172.21.15.27:3300/0,v1:172.21.15.27:6789/0] -- mon_command({"prefix": "get_command_descriptions"} v 0) v1 -- 0x7f126c109490 con 0x7f126c105f20
2023-07-06T02:03:57.552 INFO:teuthology.orchestra.run.smithi027.stdout:/usr/bin/ceph: stderr
2023-07-06T02:03:56.569+0000 7f1262ffd700 1 --2- 172.21.15.27:0/1022375681 >> [v2:172.21.15.27:6800/1936633713,v1:172.21.15.27:6801/1936633713] conn(0x7f1258038740 0x7f125803abf0 unknown :-1 s=NONE pgs=0 cs=0 l=1 rev1=0 crypto rx=0 tx=0 comp rx=0 tx=0).connect
2023-07-06T02:03:57.552 INFO:teuthology.orchestra.run.smithi027.stdout:/usr/bin/ceph: stderr
2023-07-06T02:03:56.569+0000 7f1262ffd700 1 -- 172.21.15.27:0/1022375681 <== mon.0 v2:172.21.15.27:3300/0 5 ==== osd_map(2..2 src has 1..2) v4 ==== 940+0+0 (secure 0 0 0) 0x7f126804c940 con 0x7f126c105f20
2023-07-06T02:03:57.552 INFO:teuthology.orchestra.run.smithi027.stdout:/usr/bin/ceph: stderr
2023-07-06T02:03:56.569+0000 7f12715dc700 1 --2- 172.21.15.27:0/1022375681 >> [v2:172.21.15.27:6800/1936633713,v1:172.21.15.27:6801/1936633713] conn(0x7f1258038740 0x7f125803abf0 unknown :-1 s=BANNER_CONNECTING pgs=0 cs=0 l=1 rev1=0 crypto rx=0 tx=0 comp rx=0 tx=0)._handle_peer_banner_payload supported=3 required=0
2023-07-06T02:03:57.552 INFO:teuthology.orchestra.run.smithi027.stdout:/usr/bin/ceph: stderr
2023-07-06T02:03:56.570+0000 7f12715dc700 1 --2- 172.21.15.27:0/1022375681 >> [v2:172.21.15.27:6800/1936633713,v1:172.21.15.27:6801/1936633713] conn(0x7f1258038740 0x7f125803abf0 secure :-1 s=READY pgs=13 cs=0 l=1 rev1=1 crypto rx=0x7f125c006fd0 tx=0x7f125c006e40 comp rx=0 tx=0).ready entity=mgr.14120 client_cookie=0 server_cookie=0 in_seq=0 out_seq=0
2023-07-06T02:03:57.552 INFO:teuthology.orchestra.run.smithi027.stdout:/usr/bin/ceph: stderr
2023-07-06T02:03:56.574+0000 7f1262ffd700 1 -- 172.21.15.27:0/1022375681 <== mon.0 v2:172.21.15.27:3300/0 6 ==== mon_command_ack([{"prefix": "get_command_descriptions"}]=0 v0) v1 ==== 72+0+178008 (secure 0 0 0) 0x7f1268010790 con 0x7f126c105f20
2023-07-06T02:03:57.553 INFO:teuthology.orchestra.run.smithi027.stdout:/usr/bin/ceph: stderr
2023-07-06T02:03:56.963+0000 7f1274041700 1 -- 172.21.15.27:0/1022375681 --> [v2:172.21.15.27:6800/1936633713,v1:172.21.15.27:6801/1936633713] -- mgr_command(tid 0: {"prefix": "orch apply", "service_type": "mgr", "unmanaged": true, "target": ["mon-mgr", ""]}) v1 -- 0x7f126c100df0 con 0x7f1258038740
2023-07-06T02:03:57.553 INFO:teuthology.orchestra.run.smithi027.stdout:/usr/bin/ceph: stderr
2023-07-06T02:03:56.970+0000 7f1262ffd700 1 -- 172.21.15.27:0/1022375681 <== mgr.14120 v2:172.21.15.27:6800/1936633713 1 ==== mgr_command_reply(tid 0: 0 ) v1 ==== 8+0+24 (secure 0 0 0) 0x7f126c100df0 con 0x7f1258038740
2023-07-06T02:03:57.553 INFO:teuthology.orchestra.run.smithi027.stdout:/usr/bin/ceph: stderr
2023-07-06T02:03:56.973+0000 7f1274041700 1 -- 172.21.15.27:0/1022375681 >> [v2:172.21.15.27:6800/1936633713,v1:172.21.15.27:6801/1936633713] conn(0x7f1258038740 msgr2=0x7f125803abf0 secure :-1 s=STATE_CONNECTION_ESTABLISHED l=1).mark_down
2023-07-06T02:03:57.553 INFO:teuthology.orchestra.run.smithi027.stdout:/usr/bin/ceph: stderr
2023-07-06T02:03:56.973+0000 7f1274041700 1 --2- 172.21.15.27:0/1022375681 >> [v2:172.21.15.27:6800/1936633713,v1:172.21.15.27:6801/1936633713] conn(0x7f1258038740 0x7f125803abf0 secure :-1 s=READY pgs=13 cs=0 l=1 rev1=1 crypto rx=0x7f125c006fd0 tx=0x7f125c006e40 comp rx=0 tx=0).stop
2023-07-06T02:03:57.553 INFO:teuthology.orchestra.run.smithi027.stdout:/usr/bin/ceph: stderr
2023-07-06T02:03:56.973+0000 7f1274041700 1 -- 172.21.15.27:0/1022375681 >> [v2:172.21.15.27:3300/0,v1:172.21.15.27:6789/0] conn(0x7f126c105f20 msgr2=0x7f126c19b2a0 secure :-1 s=STATE_CONNECTION_ESTABLISHED l=1).mark_down
2023-07-06T02:03:57.553 INFO:teuthology.orchestra.run.smithi027.stdout:/usr/bin/ceph: stderr
2023-07-06T02:03:56.973+0000 7f1274041700 1 --2- 172.21.15.27:0/1022375681 >> [v2:172.21.15.27:3300/0,v1:172.21.15.27:6789/0] conn(0x7f126c105f20 0x7f126c19b2a0 secure :-1 s=READY pgs=50 cs=0 l=1 rev1=1 crypto rx=0x7f1268003e60 tx=0x7f1268011a30 comp rx=0 tx=0).stop
2023-07-06T02:03:57.553 INFO:teuthology.orchestra.run.smithi027.stdout:/usr/bin/ceph: stderr
2023-07-06T02:03:56.973+0000 7f1274041700 1 -- 172.21.15.27:0/1022375681 shutdown_connections
2023-07-06T02:03:57.553 INFO:teuthology.orchestra.run.smithi027.stdout:/usr/bin/ceph: stderr
2023-07-06T02:03:56.973+0000 7f1274041700 1 --2- 172.21.15.27:0/1022375681 >> [v2:172.21.15.27:6800/1936633713,v1:172.21.15.27:6801/1936633713] conn(0x7f1258038740 0x7f125803abf0 unknown :-1 s=CLOSED pgs=13 cs=0 l=1 rev1=1 crypto rx=0 tx=0 comp rx=0 tx=0).stop
2023-07-06T02:03:57.554 INFO:teuthology.orchestra.run.smithi027.stdout:/usr/bin/ceph: stderr
2023-07-06T02:03:56.973+0000 7f1274041700 1 --2- 172.21.15.27:0/1022375681 >> [v2:172.21.15.27:3300/0,v1:172.21.15.27:6789/0] conn(0x7f126c105f20 0x7f126c19b2a0 unknown :-1 s=CLOSED pgs=50 cs=0 l=1 rev1=1 crypto rx=0 tx=0 comp rx=0 tx=0).stop
2023-07-06T02:03:57.554 INFO:teuthology.orchestra.run.smithi027.stdout:/usr/bin/ceph: stderr
2023-07-06T02:03:56.973+0000 7f1274041700 1 -- 172.21.15.27:0/1022375681 >> 172.21.15.27:0/1022375681 conn(0x7f126c0ff920 msgr2=0x7f126c1006e0 unknown :-1 s=STATE_NONE l=0).mark_down
2023-07-06T02:03:57.554 INFO:teuthology.orchestra.run.smithi027.stdout:/usr/bin/ceph: stderr
2023-07-06T02:03:56.973+0000 7f1274041700 1 -- 172.21.15.27:0/1022375681 shutdown_connections
2023-07-06T02:03:57.554 INFO:teuthology.orchestra.run.smithi027.stdout:/usr/bin/ceph: stderr
2023-07-06T02:03:56.973+0000 7f1274041700 1 -- 172.21.15.27:0/1022375681 wait complete.
2023-07-06T02:03:57.803 INFO:journalctl@ceph.mon.a.smithi027.stdout:Jul 06 02:03:57 smithi027 ceph-mon[96530]: from='mgr.14120 172.21.15.27:0/545075340' entity='mgr.x'
2023-07-06T02:03:57.803 INFO:journalctl@ceph.mon.a.smithi027.stdout:Jul 06 02:03:57 smithi027 ceph-mon[96530]: from='client.14144 -' entity='client.admin' cmd=[{"prefix": "orch apply", "service_type": "mgr", "unmanaged": true, "target": ["mon-mgr", ""]}]: dispatch
2023-07-06T02:03:57.804 INFO:journalctl@ceph.mon.a.smithi027.stdout:Jul 06 02:03:57 smithi027 ceph-mon[96530]: Saving service mgr spec with placement count:2
2023-07-06T02:03:57.804 INFO:journalctl@ceph.mon.a.smithi027.stdout:Jul 06 02:03:57 smithi027 ceph-mon[96530]: from='mgr.14120 172.21.15.27:0/545075340' entity='mgr.x'
2023-07-06T02:03:58.793 INFO:teuthology.orchestra.run.smithi027.stdout:/usr/bin/ceph: stderr
2023-07-06T02:03:58.055+0000 7f9f528fc700 1 Processor -- start
2023-07-06T02:03:58.793 INFO:teuthology.orchestra.run.smithi027.stdout:/usr/bin/ceph: stderr
2023-07-06T02:03:58.055+0000 7f9f528fc700 1 -- start start
2023-07-06T02:03:58.793 INFO:teuthology.orchestra.run.smithi027.stdout:/usr/bin/ceph: stderr
2023-07-06T02:03:58.055+0000 7f9f528fc700 1 --2- >> [v2:172.21.15.27:3300/0,v1:172.21.15.27:6789/0] conn(0x7f9f4c105370 0x7f9f4c105780 unknown :-1 s=NONE pgs=0 cs=0 l=0 rev1=0 crypto rx=0 tx=0 comp rx=0 tx=0).connect
2023-07-06T02:03:58.793 INFO:teuthology.orchestra.run.smithi027.stdout:/usr/bin/ceph: stderr
2023-07-06T02:03:58.055+0000 7f9f528fc700 1 -- --> [v2:172.21.15.27:3300/0,v1:172.21.15.27:6789/0] -- mon_getmap magic: 0 v1 -- 0x7f9f4c105cc0 con 0x7f9f4c105370
2023-07-06T02:03:58.793 INFO:teuthology.orchestra.run.smithi027.stdout:/usr/bin/ceph: stderr
2023-07-06T02:03:58.055+0000 7f9f4bfff700 1 --2- >> [v2:172.21.15.27:3300/0,v1:172.21.15.27:6789/0] conn(0x7f9f4c105370 0x7f9f4c105780 unknown :-1 s=BANNER_CONNECTING pgs=0 cs=0 l=0 rev1=0 crypto rx=0 tx=0 comp rx=0 tx=0)._handle_peer_banner_payload supported=3 required=0
2023-07-06T02:03:58.793 INFO:teuthology.orchestra.run.smithi027.stdout:/usr/bin/ceph: stderr
2023-07-06T02:03:58.055+0000 7f9f4bfff700 1 --2- >> [v2:172.21.15.27:3300/0,v1:172.21.15.27:6789/0] conn(0x7f9f4c105370 0x7f9f4c105780 unknown :-1 s=HELLO_CONNECTING pgs=0 cs=0 l=0 rev1=1 crypto rx=0 tx=0 comp rx=0 tx=0).handle_hello peer v2:172.21.15.27:3300/0 says I am v2:172.21.15.27:50378/0 (socket says 172.21.15.27:50378)
2023-07-06T02:03:58.794 INFO:teuthology.orchestra.run.smithi027.stdout:/usr/bin/ceph: stderr
2023-07-06T02:03:58.055+0000 7f9f4bfff700 1 -- 172.21.15.27:0/390671024 learned_addr learned my addr 172.21.15.27:0/390671024 (peer_addr_for_me v2:172.21.15.27:0/0)
2023-07-06T02:03:58.794 INFO:teuthology.orchestra.run.smithi027.stdout:/usr/bin/ceph: stderr
2023-07-06T02:03:58.056+0000 7f9f4bfff700 1 -- 172.21.15.27:0/390671024 --> [v2:172.21.15.27:3300/0,v1:172.21.15.27:6789/0] -- mon_subscribe({config=0+,monmap=0+}) v3 -- 0x7f9f4c105e00 con 0x7f9f4c105370
2023-07-06T02:03:58.794 INFO:teuthology.orchestra.run.smithi027.stdout:/usr/bin/ceph: stderr
2023-07-06T02:03:58.056+0000 7f9f4bfff700 1 --2- 172.21.15.27:0/390671024 >> [v2:172.21.15.27:3300/0,v1:172.21.15.27:6789/0] conn(0x7f9f4c105370 0x7f9f4c105780 secure :-1 s=READY pgs=51 cs=0 l=1 rev1=1 crypto rx=0x7f9f3c0098a0 tx=0x7f9f3c009bb0 comp rx=0 tx=0).ready entity=mon.0 client_cookie=a12944dc342d2e18 server_cookie=0 in_seq=0 out_seq=0
2023-07-06T02:03:58.794 INFO:teuthology.orchestra.run.smithi027.stdout:/usr/bin/ceph: stderr
2023-07-06T02:03:58.056+0000 7f9f4affd700 1 -- 172.21.15.27:0/390671024 <== mon.0 v2:172.21.15.27:3300/0 1 ==== mon_map magic: 0 v1 ==== 205+0+0 (secure 0 0 0) 0x7f9f3c004160 con 0x7f9f4c105370
2023-07-06T02:03:58.794 INFO:teuthology.orchestra.run.smithi027.stdout:/usr/bin/ceph: stderr
2023-07-06T02:03:58.056+0000 7f9f4affd700 1 -- 172.21.15.27:0/390671024 <== mon.0 v2:172.21.15.27:3300/0 2 ==== config(26 keys) v1 ==== 1105+0+0 (secure 0 0 0) 0x7f9f3c0042c0 con 0x7f9f4c105370
2023-07-06T02:03:58.794 INFO:teuthology.orchestra.run.smithi027.stdout:/usr/bin/ceph: stderr
2023-07-06T02:03:58.056+0000 7f9f4affd700 1 -- 172.21.15.27:0/390671024 <== mon.0 v2:172.21.15.27:3300/0 3 ==== mon_map magic: 0 v1 ==== 205+0+0 (secure 0 0 0) 0x7f9f3c0119b0 con 0x7f9f4c105370
2023-07-06T02:03:58.794 INFO:teuthology.orchestra.run.smithi027.stdout:/usr/bin/ceph: stderr
2023-07-06T02:03:58.057+0000 7f9f528fc700 1 -- 172.21.15.27:0/390671024 >> [v2:172.21.15.27:3300/0,v1:172.21.15.27:6789/0] conn(0x7f9f4c105370 msgr2=0x7f9f4c105780 secure :-1 s=STATE_CONNECTION_ESTABLISHED l=1).mark_down
2023-07-06T02:03:58.795 INFO:teuthology.orchestra.run.smithi027.stdout:/usr/bin/ceph: stderr
2023-07-06T02:03:58.057+0000 7f9f528fc700 1 --2- 172.21.15.27:0/390671024 >> [v2:172.21.15.27:3300/0,v1:172.21.15.27:6789/0] conn(0x7f9f4c105370 0x7f9f4c105780 secure :-1 s=READY pgs=51 cs=0 l=1 rev1=1 crypto rx=0x7f9f3c0098a0 tx=0x7f9f3c009bb0 comp rx=0 tx=0).stop
2023-07-06T02:03:58.795 INFO:teuthology.orchestra.run.smithi027.stdout:/usr/bin/ceph: stderr
2023-07-06T02:03:58.057+0000 7f9f528fc700 1 -- 172.21.15.27:0/390671024 shutdown_connections
2023-07-06T02:03:58.795 INFO:teuthology.orchestra.run.smithi027.stdout:/usr/bin/ceph: stderr
2023-07-06T02:03:58.057+0000 7f9f528fc700 1 --2- 172.21.15.27:0/390671024 >> [v2:172.21.15.27:3300/0,v1:172.21.15.27:6789/0] conn(0x7f9f4c105370 0x7f9f4c105780 unknown :-1 s=CLOSED pgs=51 cs=0 l=1 rev1=1 crypto rx=0 tx=0 comp rx=0 tx=0).stop
2023-07-06T02:03:58.795 INFO:teuthology.orchestra.run.smithi027.stdout:/usr/bin/ceph: stderr
2023-07-06T02:03:58.057+0000 7f9f528fc700 1 -- 172.21.15.27:0/390671024 >> 172.21.15.27:0/390671024 conn(0x7f9f4c1009c0 msgr2=0x7f9f4c102df0 unknown :-1 s=STATE_NONE l=0).mark_down
2023-07-06T02:03:58.795 INFO:teuthology.orchestra.run.smithi027.stdout:/usr/bin/ceph: stderr
2023-07-06T02:03:58.057+0000 7f9f528fc700 1 -- 172.21.15.27:0/390671024 shutdown_connections
2023-07-06T02:03:58.795 INFO:teuthology.orchestra.run.smithi027.stdout:/usr/bin/ceph: stderr
2023-07-06T02:03:58.057+0000 7f9f528fc700 1 -- 172.21.15.27:0/390671024 wait complete.
2023-07-06T02:03:58.795 INFO:teuthology.orchestra.run.smithi027.stdout:/usr/bin/ceph: stderr
2023-07-06T02:03:58.057+0000 7f9f528fc700 1 Processor -- start
2023-07-06T02:03:58.795 INFO:teuthology.orchestra.run.smithi027.stdout:/usr/bin/ceph: stderr
2023-07-06T02:03:58.057+0000 7f9f528fc700 1 -- start start
2023-07-06T02:03:58.796 INFO:teuthology.orchestra.run.smithi027.stdout:/usr/bin/ceph: stderr
2023-07-06T02:03:58.058+0000 7f9f528fc700 1 --2- >> [v2:172.21.15.27:3300/0,v1:172.21.15.27:6789/0] conn(0x7f9f4c105370 0x7f9f4c07bc60 unknown :-1 s=NONE pgs=0 cs=0 l=1 rev1=0 crypto rx=0 tx=0 comp rx=0 tx=0).connect
2023-07-06T02:03:58.796 INFO:teuthology.orchestra.run.smithi027.stdout:/usr/bin/ceph: stderr
2023-07-06T02:03:58.058+0000 7f9f528fc700 1 -- --> [v2:172.21.15.27:3300/0,v1:172.21.15.27:6789/0] -- mon_getmap magic: 0 v1 -- 0x7f9f4c07c1a0 con 0x7f9f4c105370
2023-07-06T02:03:58.796 INFO:teuthology.orchestra.run.smithi027.stdout:/usr/bin/ceph: stderr
2023-07-06T02:03:58.058+0000 7f9f4bfff700 1 --2- >> [v2:172.21.15.27:3300/0,v1:172.21.15.27:6789/0] conn(0x7f9f4c105370 0x7f9f4c07bc60 unknown :-1 s=BANNER_CONNECTING pgs=0 cs=0 l=1 rev1=0 crypto rx=0 tx=0 comp rx=0 tx=0)._handle_peer_banner_payload supported=3 required=0
2023-07-06T02:03:58.796 INFO:teuthology.orchestra.run.smithi027.stdout:/usr/bin/ceph: stderr
2023-07-06T02:03:58.058+0000 7f9f4bfff700 1 --2- >> [v2:172.21.15.27:3300/0,v1:172.21.15.27:6789/0] conn(0x7f9f4c105370 0x7f9f4c07bc60 unknown :-1 s=HELLO_CONNECTING pgs=0 cs=0 l=1 rev1=1 crypto rx=0 tx=0 comp rx=0 tx=0).handle_hello peer v2:172.21.15.27:3300/0 says I am v2:172.21.15.27:50380/0 (socket says 172.21.15.27:50380)
2023-07-06T02:03:58.796 INFO:teuthology.orchestra.run.smithi027.stdout:/usr/bin/ceph: stderr
2023-07-06T02:03:58.058+0000 7f9f4bfff700 1 -- 172.21.15.27:0/394615042 learned_addr learned my addr 172.21.15.27:0/394615042 (peer_addr_for_me v2:172.21.15.27:0/0)
2023-07-06T02:03:58.796 INFO:teuthology.orchestra.run.smithi027.stdout:/usr/bin/ceph: stderr
2023-07-06T02:03:58.058+0000 7f9f4bfff700 1 -- 172.21.15.27:0/394615042 --> [v2:172.21.15.27:3300/0,v1:172.21.15.27:6789/0] -- mon_subscribe({config=0+,monmap=0+}) v3 -- 0x7f9f3c009550 con 0x7f9f4c105370
2023-07-06T02:03:58.796 INFO:teuthology.orchestra.run.smithi027.stdout:/usr/bin/ceph: stderr
2023-07-06T02:03:58.058+0000 7f9f4bfff700 1 --2- 172.21.15.27:0/394615042 >> [v2:172.21.15.27:3300/0,v1:172.21.15.27:6789/0] conn(0x7f9f4c105370 0x7f9f4c07bc60 secure :-1 s=READY pgs=52 cs=0 l=1 rev1=1 crypto rx=0x7f9f3c003f00 tx=0x7f9f3c011a30 comp rx=0 tx=0).ready entity=mon.0 client_cookie=0 server_cookie=0 in_seq=0 out_seq=0
2023-07-06T02:03:58.797 INFO:teuthology.orchestra.run.smithi027.stdout:/usr/bin/ceph: stderr
2023-07-06T02:03:58.058+0000 7f9f497fa700 1 -- 172.21.15.27:0/394615042 <== mon.0 v2:172.21.15.27:3300/0 1 ==== mon_map magic: 0 v1 ==== 205+0+0 (secure 0 0 0) 0x7f9f3c003b20 con 0x7f9f4c105370
2023-07-06T02:03:58.797 INFO:teuthology.orchestra.run.smithi027.stdout:/usr/bin/ceph: stderr
2023-07-06T02:03:58.058+0000 7f9f497fa700 1 -- 172.21.15.27:0/394615042 <== mon.0 v2:172.21.15.27:3300/0 2 ==== config(26 keys) v1 ==== 1105+0+0 (secure 0 0 0) 0x7f9f3c003c80 con 0x7f9f4c105370
2023-07-06T02:03:58.797 INFO:teuthology.orchestra.run.smithi027.stdout:/usr/bin/ceph: stderr
2023-07-06T02:03:58.058+0000 7f9f497fa700 1 -- 172.21.15.27:0/394615042 <== mon.0 v2:172.21.15.27:3300/0 3 ==== mon_map magic: 0 v1 ==== 205+0+0 (secure 0 0 0) 0x7f9f3c019770 con 0x7f9f4c105370
2023-07-06T02:03:58.797 INFO:teuthology.orchestra.run.smithi027.stdout:/usr/bin/ceph: stderr
2023-07-06T02:03:58.058+0000 7f9f528fc700 1 -- 172.21.15.27:0/394615042 --> [v2:172.21.15.27:3300/0,v1:172.21.15.27:6789/0] -- mon_subscribe({mgrmap=0+}) v3 -- 0x7f9f4c07a2b0 con 0x7f9f4c105370
2023-07-06T02:03:58.797 INFO:teuthology.orchestra.run.smithi027.stdout:/usr/bin/ceph: stderr
2023-07-06T02:03:58.058+0000 7f9f528fc700 1 -- 172.21.15.27:0/394615042 --> [v2:172.21.15.27:3300/0,v1:172.21.15.27:6789/0] -- mon_subscribe({osdmap=0}) v3 -- 0x7f9f4c07a6d0 con 0x7f9f4c105370
2023-07-06T02:03:58.797 INFO:teuthology.orchestra.run.smithi027.stdout:/usr/bin/ceph: stderr
2023-07-06T02:03:58.059+0000 7f9f497fa700 1 -- 172.21.15.27:0/394615042 <== mon.0 v2:172.21.15.27:3300/0 4 ==== mgrmap(e 8) v1 ==== 45483+0+0 (secure 0 0 0) 0x7f9f3c019a30 con 0x7f9f4c105370
2023-07-06T02:03:58.797 INFO:teuthology.orchestra.run.smithi027.stdout:/usr/bin/ceph: stderr
2023-07-06T02:03:58.060+0000 7f9f497fa700 1 --2- 172.21.15.27:0/394615042 >> [v2:172.21.15.27:6800/1936633713,v1:172.21.15.27:6801/1936633713] conn(0x7f9f38038710 0x7f9f3803abc0 unknown :-1 s=NONE pgs=0 cs=0 l=1 rev1=0 crypto rx=0 tx=0 comp rx=0 tx=0).connect
2023-07-06T02:03:58.797 INFO:teuthology.orchestra.run.smithi027.stdout:/usr/bin/ceph: stderr
2023-07-06T02:03:58.060+0000 7f9f497fa700 1 -- 172.21.15.27:0/394615042 <== mon.0 v2:172.21.15.27:3300/0 5 ==== osd_map(2..2 src has 1..2) v4 ==== 940+0+0 (secure 0 0 0) 0x7f9f3c04cb00 con 0x7f9f4c105370
2023-07-06T02:03:58.798 INFO:teuthology.orchestra.run.smithi027.stdout:/usr/bin/ceph: stderr
2023-07-06T02:03:58.060+0000 7f9f528fc700 1 -- 172.21.15.27:0/394615042 --> [v2:172.21.15.27:3300/0,v1:172.21.15.27:6789/0] -- mon_command({"prefix": "get_command_descriptions"} v 0) v1 -- 0x7f9f4c061c70 con 0x7f9f4c105370
2023-07-06T02:03:58.798 INFO:teuthology.orchestra.run.smithi027.stdout:/usr/bin/ceph: stderr
2023-07-06T02:03:58.060+0000 7f9f4b7fe700 1 --2- 172.21.15.27:0/394615042 >> [v2:172.21.15.27:6800/1936633713,v1:172.21.15.27:6801/1936633713] conn(0x7f9f38038710 0x7f9f3803abc0 unknown :-1 s=BANNER_CONNECTING pgs=0 cs=0 l=1 rev1=0 crypto rx=0 tx=0 comp rx=0 tx=0)._handle_peer_banner_payload supported=3 required=0
2023-07-06T02:03:58.798 INFO:teuthology.orchestra.run.smithi027.stdout:/usr/bin/ceph: stderr
2023-07-06T02:03:58.060+0000 7f9f4b7fe700 1 --2- 172.21.15.27:0/394615042 >> [v2:172.21.15.27:6800/1936633713,v1:172.21.15.27:6801/1936633713] conn(0x7f9f38038710 0x7f9f3803abc0 secure :-1 s=READY pgs=14 cs=0 l=1 rev1=1 crypto rx=0x7f9f34006fd0 tx=0x7f9f34006e40 comp rx=0 tx=0).ready entity=mgr.14120 client_cookie=0 server_cookie=0 in_seq=0 out_seq=0
2023-07-06T02:03:58.798 INFO:teuthology.orchestra.run.smithi027.stdout:/usr/bin/ceph: stderr
2023-07-06T02:03:58.065+0000 7f9f497fa700 1 -- 172.21.15.27:0/394615042 <== mon.0 v2:172.21.15.27:3300/0 6 ==== mon_command_ack([{"prefix": "get_command_descriptions"}]=0 v0) v1 ==== 72+0+178008 (secure 0 0 0) 0x7f9f3c018db0 con 0x7f9f4c105370
2023-07-06T02:03:58.798 INFO:teuthology.orchestra.run.smithi027.stdout:/usr/bin/ceph: stderr
2023-07-06T02:03:58.427+0000 7f9f528fc700 1 -- 172.21.15.27:0/394615042 --> [v2:172.21.15.27:3300/0,v1:172.21.15.27:6789/0] -- mon_command([{prefix=config set, name=mgr/cephadm/container_init}] v 0) v1 -- 0x7f9f4c07b050 con 0x7f9f4c105370
2023-07-06T02:03:58.798 INFO:teuthology.orchestra.run.smithi027.stdout:/usr/bin/ceph: stderr
2023-07-06T02:03:58.431+0000 7f9f497fa700 1 -- 172.21.15.27:0/394615042 <== mon.0 v2:172.21.15.27:3300/0 7 ==== mon_command_ack([{prefix=config set, name=mgr/cephadm/container_init}]=0 v7)=0 v7) v1 ==== 142+0+0 (secure 0 0 0) 0x7f9f3c018350 con 0x7f9f4c105370
2023-07-06T02:03:58.798 INFO:teuthology.orchestra.run.smithi027.stdout:/usr/bin/ceph: stderr
2023-07-06T02:03:58.433+0000 7f9f528fc700 1 -- 172.21.15.27:0/394615042 >> [v2:172.21.15.27:6800/1936633713,v1:172.21.15.27:6801/1936633713] conn(0x7f9f38038710 msgr2=0x7f9f3803abc0 secure :-1 s=STATE_CONNECTION_ESTABLISHED l=1).mark_down
2023-07-06T02:03:58.799 INFO:teuthology.orchestra.run.smithi027.stdout:/usr/bin/ceph: stderr
2023-07-06T02:03:58.433+0000 7f9f528fc700 1 --2- 172.21.15.27:0/394615042 >> [v2:172.21.15.27:6800/1936633713,v1:172.21.15.27:6801/1936633713] conn(0x7f9f38038710 0x7f9f3803abc0 secure :-1 s=READY pgs=14 cs=0 l=1 rev1=1 crypto rx=0x7f9f34006fd0 tx=0x7f9f34006e40 comp rx=0 tx=0).stop
2023-07-06T02:03:58.799 INFO:teuthology.orchestra.run.smithi027.stdout:/usr/bin/ceph: stderr
2023-07-06T02:03:58.433+0000 7f9f528fc700 1 -- 172.21.15.27:0/394615042 >> [v2:172.21.15.27:3300/0,v1:172.21.15.27:6789/0] conn(0x7f9f4c105370 msgr2=0x7f9f4c07bc60 secure :-1 s=STATE_CONNECTION_ESTABLISHED l=1).mark_down
2023-07-06T02:03:58.799 INFO:teuthology.orchestra.run.smithi027.stdout:/usr/bin/ceph: stderr
2023-07-06T02:03:58.433+0000 7f9f528fc700 1 --2- 172.21.15.27:0/394615042 >> [v2:172.21.15.27:3300/0,v1:172.21.15.27:6789/0] conn(0x7f9f4c105370 0x7f9f4c07bc60 secure :-1 s=READY pgs=52 cs=0 l=1 rev1=1 crypto rx=0x7f9f3c003f00 tx=0x7f9f3c011a30 comp rx=0 tx=0).stop
2023-07-06T02:03:58.799 INFO:teuthology.orchestra.run.smithi027.stdout:/usr/bin/ceph: stderr
2023-07-06T02:03:58.433+0000 7f9f528fc700 1 -- 172.21.15.27:0/394615042 shutdown_connections
2023-07-06T02:03:58.799 INFO:teuthology.orchestra.run.smithi027.stdout:/usr/bin/ceph: stderr
2023-07-06T02:03:58.433+0000 7f9f528fc700 1 --2- 172.21.15.27:0/394615042 >> [v2:172.21.15.27:6800/1936633713,v1:172.21.15.27:6801/1936633713] conn(0x7f9f38038710 0x7f9f3803abc0 unknown :-1 s=CLOSED pgs=14 cs=0 l=1 rev1=1 crypto rx=0 tx=0 comp rx=0 tx=0).stop
2023-07-06T02:03:58.799 INFO:teuthology.orchestra.run.smithi027.stdout:/usr/bin/ceph: stderr
2023-07-06T02:03:58.433+0000 7f9f528fc700 1 --2- 172.21.15.27:0/394615042 >> [v2:172.21.15.27:3300/0,v1:172.21.15.27:6789/0] conn(0x7f9f4c105370 0x7f9f4c07bc60 unknown :-1 s=CLOSED pgs=52 cs=0 l=1 rev1=1 crypto rx=0 tx=0 comp rx=0 tx=0).stop
2023-07-06T02:03:58.799 INFO:teuthology.orchestra.run.smithi027.stdout:/usr/bin/ceph: stderr
2023-07-06T02:03:58.433+0000 7f9f528fc700 1 -- 172.21.15.27:0/394615042 >> 172.21.15.27:0/394615042 conn(0x7f9f4c1009c0 msgr2=0x7f9f4c102090 unknown :-1 s=STATE_NONE l=0).mark_down
2023-07-06T02:03:58.799 INFO:teuthology.orchestra.run.smithi027.stdout:/usr/bin/ceph: stderr
2023-07-06T02:03:58.433+0000 7f9f528fc700 1 -- 172.21.15.27:0/394615042 shutdown_connections
2023-07-06T02:03:58.800 INFO:teuthology.orchestra.run.smithi027.stdout:/usr/bin/ceph: stderr
2023-07-06T02:03:58.434+0000 7f9f528fc700 1 -- 172.21.15.27:0/394615042 wait complete.
2023-07-06T02:03:59.657 INFO:journalctl@ceph.mon.a.smithi027.stdout:Jul 06 02:03:59 smithi027 ceph-mon[96530]: from='client.? 172.21.15.27:0/394615042' entity='client.admin'
2023-07-06T02:03:59.657 INFO:journalctl@ceph.mon.a.smithi027.stdout:Jul 06 02:03:59 smithi027 ceph-mon[96530]: from='mgr.14120 172.21.15.27:0/545075340' entity='mgr.x'
2023-07-06T02:04:00.038 INFO:teuthology.orchestra.run.smithi027.stdout:/usr/bin/ceph: stderr
2023-07-06T02:03:59.308+0000 7fb79c0f7700 1 Processor -- start
2023-07-06T02:04:00.038 INFO:teuthology.orchestra.run.smithi027.stdout:/usr/bin/ceph: stderr
2023-07-06T02:03:59.308+0000 7fb79c0f7700 1 -- start start
2023-07-06T02:04:00.039 INFO:teuthology.orchestra.run.smithi027.stdout:/usr/bin/ceph: stderr
2023-07-06T02:03:59.308+0000 7fb79c0f7700 1 --2- >> [v2:172.21.15.27:3300/0,v1:172.21.15.27:6789/0] conn(0x7fb794079d10 0x7fb794107f70 unknown :-1 s=NONE pgs=0 cs=0 l=0 rev1=0 crypto rx=0 tx=0 comp rx=0 tx=0).connect
2023-07-06T02:04:00.039 INFO:teuthology.orchestra.run.smithi027.stdout:/usr/bin/ceph: stderr
2023-07-06T02:03:59.308+0000 7fb79c0f7700 1 -- --> [v2:172.21.15.27:3300/0,v1:172.21.15.27:6789/0] -- mon_getmap magic: 0 v1 -- 0x7fb7941084b0 con 0x7fb794079d10
2023-07-06T02:04:00.039 INFO:teuthology.orchestra.run.smithi027.stdout:/usr/bin/ceph: stderr
2023-07-06T02:03:59.309+0000 7fb799e93700 1 --2- >> [v2:172.21.15.27:3300/0,v1:172.21.15.27:6789/0] conn(0x7fb794079d10 0x7fb794107f70 unknown :-1 s=BANNER_CONNECTING pgs=0 cs=0 l=0 rev1=0 crypto rx=0 tx=0 comp rx=0 tx=0)._handle_peer_banner_payload supported=3 required=0
2023-07-06T02:04:00.039 INFO:teuthology.orchestra.run.smithi027.stdout:/usr/bin/ceph: stderr
2023-07-06T02:03:59.309+0000 7fb799e93700 1 --2- >> [v2:172.21.15.27:3300/0,v1:172.21.15.27:6789/0] conn(0x7fb794079d10 0x7fb794107f70 unknown :-1 s=HELLO_CONNECTING pgs=0 cs=0 l=0 rev1=1 crypto rx=0 tx=0 comp rx=0 tx=0).handle_hello peer v2:172.21.15.27:3300/0 says I am v2:172.21.15.27:50384/0 (socket says 172.21.15.27:50384)
2023-07-06T02:04:00.039 INFO:teuthology.orchestra.run.smithi027.stdout:/usr/bin/ceph: stderr
2023-07-06T02:03:59.309+0000 7fb799e93700 1 -- 172.21.15.27:0/1566306997 learned_addr learned my addr 172.21.15.27:0/1566306997 (peer_addr_for_me v2:172.21.15.27:0/0)
2023-07-06T02:04:00.039 INFO:teuthology.orchestra.run.smithi027.stdout:/usr/bin/ceph: stderr
2023-07-06T02:03:59.309+0000 7fb799e93700 1 -- 172.21.15.27:0/1566306997 --> [v2:172.21.15.27:3300/0,v1:172.21.15.27:6789/0] -- mon_subscribe({config=0+,monmap=0+}) v3 -- 0x7fb7941085f0 con 0x7fb794079d10
2023-07-06T02:04:00.039 INFO:teuthology.orchestra.run.smithi027.stdout:/usr/bin/ceph: stderr
2023-07-06T02:03:59.309+0000 7fb799e93700 1 --2- 172.21.15.27:0/1566306997 >> [v2:172.21.15.27:3300/0,v1:172.21.15.27:6789/0] conn(0x7fb794079d10 0x7fb794107f70 secure :-1 s=READY pgs=53 cs=0 l=1 rev1=1 crypto rx=0x7fb7900098a0 tx=0x7fb790009bb0 comp rx=0 tx=0).ready entity=mon.0 client_cookie=2df73d96cdfcc519 server_cookie=0 in_seq=0 out_seq=0
2023-07-06T02:04:00.040 INFO:teuthology.orchestra.run.smithi027.stdout:/usr/bin/ceph: stderr
2023-07-06T02:03:59.310+0000 7fb798e91700 1 -- 172.21.15.27:0/1566306997 <== mon.0 v2:172.21.15.27:3300/0 1 ==== mon_map magic: 0 v1 ==== 205+0+0 (secure 0 0 0) 0x7fb790004160 con 0x7fb794079d10
2023-07-06T02:04:00.040 INFO:teuthology.orchestra.run.smithi027.stdout:/usr/bin/ceph: stderr
2023-07-06T02:03:59.310+0000 7fb798e91700 1 -- 172.21.15.27:0/1566306997 <== mon.0 v2:172.21.15.27:3300/0 2 ==== config(26 keys) v1 ==== 1105+0+0 (secure 0 0 0) 0x7fb7900042c0 con 0x7fb794079d10
2023-07-06T02:04:00.040 INFO:teuthology.orchestra.run.smithi027.stdout:/usr/bin/ceph: stderr
2023-07-06T02:03:59.310+0000 7fb798e91700 1 -- 172.21.15.27:0/1566306997 <== mon.0 v2:172.21.15.27:3300/0 3 ==== mon_map magic: 0 v1 ==== 205+0+0 (secure 0 0 0) 0x7fb7900119b0 con 0x7fb794079d10
2023-07-06T02:04:00.040 INFO:teuthology.orchestra.run.smithi027.stdout:/usr/bin/ceph: stderr
2023-07-06T02:03:59.311+0000 7fb79c0f7700 1 -- 172.21.15.27:0/1566306997 >> [v2:172.21.15.27:3300/0,v1:172.21.15.27:6789/0] conn(0x7fb794079d10 msgr2=0x7fb794107f70 secure :-1 s=STATE_CONNECTION_ESTABLISHED l=1).mark_down
2023-07-06T02:04:00.040 INFO:teuthology.orchestra.run.smithi027.stdout:/usr/bin/ceph: stderr
2023-07-06T02:03:59.311+0000 7fb79c0f7700 1 --2- 172.21.15.27:0/1566306997 >> [v2:172.21.15.27:3300/0,v1:172.21.15.27:6789/0] conn(0x7fb794079d10 0x7fb794107f70 secure :-1 s=READY pgs=53 cs=0 l=1 rev1=1 crypto rx=0x7fb7900098a0 tx=0x7fb790009bb0 comp rx=0 tx=0).stop
2023-07-06T02:04:00.040 INFO:teuthology.orchestra.run.smithi027.stdout:/usr/bin/ceph: stderr
2023-07-06T02:03:59.311+0000 7fb79c0f7700 1 -- 172.21.15.27:0/1566306997 shutdown_connections
2023-07-06T02:04:00.040 INFO:teuthology.orchestra.run.smithi027.stdout:/usr/bin/ceph: stderr
2023-07-06T02:03:59.311+0000 7fb79c0f7700 1 --2- 172.21.15.27:0/1566306997 >> [v2:172.21.15.27:3300/0,v1:172.21.15.27:6789/0] conn(0x7fb794079d10 0x7fb794107f70 unknown :-1 s=CLOSED pgs=53 cs=0 l=1 rev1=1 crypto rx=0 tx=0 comp rx=0 tx=0).stop
2023-07-06T02:04:00.041 INFO:teuthology.orchestra.run.smithi027.stdout:/usr/bin/ceph: stderr
2023-07-06T02:03:59.311+0000 7fb79c0f7700 1 -- 172.21.15.27:0/1566306997 >> 172.21.15.27:0/1566306997 conn(0x7fb7940ff980 msgr2=0x7fb794101d90 unknown :-1 s=STATE_NONE l=0).mark_down
2023-07-06T02:04:00.041 INFO:teuthology.orchestra.run.smithi027.stdout:/usr/bin/ceph: stderr
2023-07-06T02:03:59.311+0000 7fb79c0f7700 1 -- 172.21.15.27:0/1566306997 shutdown_connections
2023-07-06T02:04:00.041 INFO:teuthology.orchestra.run.smithi027.stdout:/usr/bin/ceph: stderr
2023-07-06T02:03:59.311+0000 7fb79c0f7700 1 -- 172.21.15.27:0/1566306997 wait complete.
2023-07-06T02:04:00.041 INFO:teuthology.orchestra.run.smithi027.stdout:/usr/bin/ceph: stderr
2023-07-06T02:03:59.312+0000 7fb79c0f7700 1 Processor -- start
2023-07-06T02:04:00.041 INFO:teuthology.orchestra.run.smithi027.stdout:/usr/bin/ceph: stderr
2023-07-06T02:03:59.312+0000 7fb79c0f7700 1 -- start start
2023-07-06T02:04:00.041 INFO:teuthology.orchestra.run.smithi027.stdout:/usr/bin/ceph: stderr
2023-07-06T02:03:59.312+0000 7fb79c0f7700 1 --2- >> [v2:172.21.15.27:3300/0,v1:172.21.15.27:6789/0] conn(0x7fb794105880 0x7fb794103f10 unknown :-1 s=NONE pgs=0 cs=0 l=1 rev1=0 crypto rx=0 tx=0 comp rx=0 tx=0).connect
2023-07-06T02:04:00.041 INFO:teuthology.orchestra.run.smithi027.stdout:/usr/bin/ceph: stderr
2023-07-06T02:03:59.312+0000 7fb79c0f7700 1 -- --> [v2:172.21.15.27:3300/0,v1:172.21.15.27:6789/0] -- mon_getmap magic: 0 v1 -- 0x7fb794105c90 con 0x7fb794105880
2023-07-06T02:04:00.042 INFO:teuthology.orchestra.run.smithi027.stdout:/usr/bin/ceph: stderr
2023-07-06T02:03:59.312+0000 7fb799e93700 1 --2- >> [v2:172.21.15.27:3300/0,v1:172.21.15.27:6789/0] conn(0x7fb794105880 0x7fb794103f10 unknown :-1 s=BANNER_CONNECTING pgs=0 cs=0 l=1 rev1=0 crypto rx=0 tx=0 comp rx=0 tx=0)._handle_peer_banner_payload supported=3 required=0
2023-07-06T02:04:00.042 INFO:teuthology.orchestra.run.smithi027.stdout:/usr/bin/ceph: stderr
2023-07-06T02:03:59.312+0000 7fb799e93700 1 --2- >> [v2:172.21.15.27:3300/0,v1:172.21.15.27:6789/0] conn(0x7fb794105880 0x7fb794103f10 unknown :-1 s=HELLO_CONNECTING pgs=0 cs=0 l=1 rev1=1 crypto rx=0 tx=0 comp rx=0 tx=0).handle_hello peer v2:172.21.15.27:3300/0 says I am v2:172.21.15.27:50386/0 (socket says 172.21.15.27:50386)
2023-07-06T02:04:00.042 INFO:teuthology.orchestra.run.smithi027.stdout:/usr/bin/ceph: stderr
2023-07-06T02:03:59.312+0000 7fb799e93700 1 -- 172.21.15.27:0/3320107285 learned_addr learned my addr 172.21.15.27:0/3320107285 (peer_addr_for_me v2:172.21.15.27:0/0)
2023-07-06T02:04:00.042 INFO:teuthology.orchestra.run.smithi027.stdout:/usr/bin/ceph: stderr
2023-07-06T02:03:59.313+0000 7fb799e93700 1 -- 172.21.15.27:0/3320107285 --> [v2:172.21.15.27:3300/0,v1:172.21.15.27:6789/0] -- mon_subscribe({config=0+,monmap=0+}) v3 -- 0x7fb790009550 con 0x7fb794105880
2023-07-06T02:04:00.042 INFO:teuthology.orchestra.run.smithi027.stdout:/usr/bin/ceph: stderr
2023-07-06T02:03:59.313+0000 7fb799e93700 1 --2- 172.21.15.27:0/3320107285 >> [v2:172.21.15.27:3300/0,v1:172.21.15.27:6789/0] conn(0x7fb794105880 0x7fb794103f10 secure :-1 s=READY pgs=54 cs=0 l=1 rev1=1 crypto rx=0x7fb790006af0 tx=0x7fb790011a10 comp rx=0 tx=0).ready entity=mon.0 client_cookie=0 server_cookie=0 in_seq=0 out_seq=0
2023-07-06T02:04:00.042 INFO:teuthology.orchestra.run.smithi027.stdout:/usr/bin/ceph: stderr
2023-07-06T02:03:59.313+0000 7fb78affd700 1 -- 172.21.15.27:0/3320107285 <== mon.0 v2:172.21.15.27:3300/0 1 ==== mon_map magic: 0 v1 ==== 205+0+0 (secure 0 0 0) 0x7fb790003a40 con 0x7fb794105880
2023-07-06T02:04:00.042 INFO:teuthology.orchestra.run.smithi027.stdout:/usr/bin/ceph: stderr
2023-07-06T02:03:59.313+0000 7fb78affd700 1 -- 172.21.15.27:0/3320107285 <== mon.0 v2:172.21.15.27:3300/0 2 ==== config(26 keys) v1 ==== 1105+0+0 (secure 0 0 0) 0x7fb790003ba0 con 0x7fb794105880
2023-07-06T02:04:00.042 INFO:teuthology.orchestra.run.smithi027.stdout:/usr/bin/ceph: stderr
2023-07-06T02:03:59.313+0000 7fb78affd700 1 -- 172.21.15.27:0/3320107285 <== mon.0 v2:172.21.15.27:3300/0 3 ==== mon_map magic: 0 v1 ==== 205+0+0 (secure 0 0 0) 0x7fb790019690 con 0x7fb794105880
2023-07-06T02:04:00.043 INFO:teuthology.orchestra.run.smithi027.stdout:/usr/bin/ceph: stderr
2023-07-06T02:03:59.313+0000 7fb79c0f7700 1 -- 172.21.15.27:0/3320107285 --> [v2:172.21.15.27:3300/0,v1:172.21.15.27:6789/0] -- mon_subscribe({mgrmap=0+}) v3 -- 0x7fb794104450 con 0x7fb794105880
2023-07-06T02:04:00.043 INFO:teuthology.orchestra.run.smithi027.stdout:/usr/bin/ceph: stderr
2023-07-06T02:03:59.313+0000 7fb79c0f7700 1 -- 172.21.15.27:0/3320107285 --> [v2:172.21.15.27:3300/0,v1:172.21.15.27:6789/0] -- mon_subscribe({osdmap=0}) v3 -- 0x7fb794104870 con 0x7fb794105880
2023-07-06T02:04:00.043 INFO:teuthology.orchestra.run.smithi027.stdout:/usr/bin/ceph: stderr
2023-07-06T02:03:59.314+0000 7fb78affd700 1 -- 172.21.15.27:0/3320107285 <== mon.0 v2:172.21.15.27:3300/0 4 ==== mgrmap(e 8) v1 ==== 45483+0+0 (secure 0 0 0) 0x7fb790019900 con 0x7fb794105880
2023-07-06T02:04:00.043 INFO:teuthology.orchestra.run.smithi027.stdout:/usr/bin/ceph: stderr
2023-07-06T02:03:59.314+0000 7fb78affd700 1 --2- 172.21.15.27:0/3320107285 >> [v2:172.21.15.27:6800/1936633713,v1:172.21.15.27:6801/1936633713] conn(0x7fb780038710 0x7fb78003abc0 unknown :-1 s=NONE pgs=0 cs=0 l=1 rev1=0 crypto rx=0 tx=0 comp rx=0 tx=0).connect
2023-07-06T02:04:00.043 INFO:teuthology.orchestra.run.smithi027.stdout:/usr/bin/ceph: stderr
2023-07-06T02:03:59.314+0000 7fb78affd700 1 -- 172.21.15.27:0/3320107285 <== mon.0 v2:172.21.15.27:3300/0 5 ==== osd_map(2..2 src has 1..2) v4 ==== 940+0+0 (secure 0 0 0) 0x7fb79004c6c0 con 0x7fb794105880
2023-07-06T02:04:00.043 INFO:teuthology.orchestra.run.smithi027.stdout:/usr/bin/ceph: stderr
2023-07-06T02:03:59.314+0000 7fb799692700 1 --2- 172.21.15.27:0/3320107285 >> [v2:172.21.15.27:6800/1936633713,v1:172.21.15.27:6801/1936633713] conn(0x7fb780038710 0x7fb78003abc0 unknown :-1 s=BANNER_CONNECTING pgs=0 cs=0 l=1 rev1=0 crypto rx=0 tx=0 comp rx=0 tx=0)._handle_peer_banner_payload supported=3 required=0
2023-07-06T02:04:00.043 INFO:teuthology.orchestra.run.smithi027.stdout:/usr/bin/ceph: stderr
2023-07-06T02:03:59.314+0000 7fb79c0f7700 1 -- 172.21.15.27:0/3320107285 --> [v2:172.21.15.27:3300/0,v1:172.21.15.27:6789/0] -- mon_command({"prefix": "get_command_descriptions"} v 0) v1 -- 0x7fb794061c70 con 0x7fb794105880
2023-07-06T02:04:00.043 INFO:teuthology.orchestra.run.smithi027.stdout:/usr/bin/ceph: stderr
2023-07-06T02:03:59.315+0000 7fb799692700 1 --2- 172.21.15.27:0/3320107285 >> [v2:172.21.15.27:6800/1936633713,v1:172.21.15.27:6801/1936633713] conn(0x7fb780038710 0x7fb78003abc0 secure :-1 s=READY pgs=15 cs=0 l=1 rev1=1 crypto rx=0x7fb784006fd0 tx=0x7fb784006e40 comp rx=0 tx=0).ready entity=mgr.14120 client_cookie=0 server_cookie=0 in_seq=0 out_seq=0
2023-07-06T02:04:00.044 INFO:teuthology.orchestra.run.smithi027.stdout:/usr/bin/ceph: stderr
2023-07-06T02:03:59.319+0000 7fb78affd700 1 -- 172.21.15.27:0/3320107285 <== mon.0 v2:172.21.15.27:3300/0 6 ==== mon_command_ack([{"prefix": "get_command_descriptions"}]=0 v0) v1 ==== 72+0+178008 (secure 0 0 0) 0x7fb790019e30 con 0x7fb794105880
2023-07-06T02:04:00.044 INFO:teuthology.orchestra.run.smithi027.stdout:/usr/bin/ceph: stderr
2023-07-06T02:03:59.684+0000 7fb79c0f7700 1 -- 172.21.15.27:0/3320107285 --> [v2:172.21.15.27:3300/0,v1:172.21.15.27:6789/0] -- mon_command([{prefix=config set, name=mgr/dashboard/ssl_server_port}] v 0) v1 -- 0x7fb794079d10 con 0x7fb794105880
2023-07-06T02:04:00.044 INFO:teuthology.orchestra.run.smithi027.stdout:/usr/bin/ceph: stderr
2023-07-06T02:03:59.690+0000 7fb78affd700 1 -- 172.21.15.27:0/3320107285 <== mon.0 v2:172.21.15.27:3300/0 7 ==== mon_command_ack([{prefix=config set, name=mgr/dashboard/ssl_server_port}]=0 v8)=0 v8) v1 ==== 130+0+0 (secure 0 0 0) 0x7fb79004b020 con 0x7fb794105880
2023-07-06T02:04:00.044 INFO:teuthology.orchestra.run.smithi027.stdout:/usr/bin/ceph: stderr
2023-07-06T02:03:59.692+0000 7fb79c0f7700 1 -- 172.21.15.27:0/3320107285 >> [v2:172.21.15.27:6800/1936633713,v1:172.21.15.27:6801/1936633713] conn(0x7fb780038710 msgr2=0x7fb78003abc0 secure :-1 s=STATE_CONNECTION_ESTABLISHED l=1).mark_down
2023-07-06T02:04:00.044 INFO:teuthology.orchestra.run.smithi027.stdout:/usr/bin/ceph: stderr
2023-07-06T02:03:59.692+0000 7fb79c0f7700 1 --2- 172.21.15.27:0/3320107285 >> [v2:172.21.15.27:6800/1936633713,v1:172.21.15.27:6801/1936633713] conn(0x7fb780038710 0x7fb78003abc0 secure :-1 s=READY pgs=15 cs=0 l=1 rev1=1 crypto rx=0x7fb784006fd0 tx=0x7fb784006e40 comp rx=0 tx=0).stop
2023-07-06T02:04:00.044 INFO:teuthology.orchestra.run.smithi027.stdout:/usr/bin/ceph: stderr
2023-07-06T02:03:59.692+0000 7fb79c0f7700 1 -- 172.21.15.27:0/3320107285 >> [v2:172.21.15.27:3300/0,v1:172.21.15.27:6789/0] conn(0x7fb794105880 msgr2=0x7fb794103f10 secure :-1 s=STATE_CONNECTION_ESTABLISHED l=1).mark_down
2023-07-06T02:04:00.044 INFO:teuthology.orchestra.run.smithi027.stdout:/usr/bin/ceph: stderr
2023-07-06T02:03:59.692+0000 7fb79c0f7700 1 --2- 172.21.15.27:0/3320107285 >> [v2:172.21.15.27:3300/0,v1:172.21.15.27:6789/0] conn(0x7fb794105880 0x7fb794103f10 secure :-1 s=READY pgs=54 cs=0 l=1 rev1=1 crypto rx=0x7fb790006af0 tx=0x7fb790011a10 comp rx=0 tx=0).stop
2023-07-06T02:04:00.045 INFO:teuthology.orchestra.run.smithi027.stdout:/usr/bin/ceph: stderr
2023-07-06T02:03:59.692+0000 7fb79c0f7700 1 -- 172.21.15.27:0/3320107285 shutdown_connections
2023-07-06T02:04:00.045 INFO:teuthology.orchestra.run.smithi027.stdout:/usr/bin/ceph: stderr
2023-07-06T02:03:59.692+0000 7fb79c0f7700 1 --2- 172.21.15.27:0/3320107285 >> [v2:172.21.15.27:6800/1936633713,v1:172.21.15.27:6801/1936633713] conn(0x7fb780038710 0x7fb78003abc0 unknown :-1 s=CLOSED pgs=15 cs=0 l=1 rev1=1 crypto rx=0 tx=0 comp rx=0 tx=0).stop
2023-07-06T02:04:00.045 INFO:teuthology.orchestra.run.smithi027.stdout:/usr/bin/ceph: stderr
2023-07-06T02:03:59.692+0000 7fb79c0f7700 1 --2- 172.21.15.27:0/3320107285 >> [v2:172.21.15.27:3300/0,v1:172.21.15.27:6789/0] conn(0x7fb794105880 0x7fb794103f10 unknown :-1 s=CLOSED pgs=54 cs=0 l=1 rev1=1 crypto rx=0 tx=0 comp rx=0 tx=0).stop
2023-07-06T02:04:00.045 INFO:teuthology.orchestra.run.smithi027.stdout:/usr/bin/ceph: stderr
2023-07-06T02:03:59.692+0000 7fb79c0f7700 1 -- 172.21.15.27:0/3320107285 >> 172.21.15.27:0/3320107285 conn(0x7fb7940ff980 msgr2=0x7fb794100fe0 unknown :-1 s=STATE_NONE l=0).mark_down
2023-07-06T02:04:00.045 INFO:teuthology.orchestra.run.smithi027.stdout:/usr/bin/ceph: stderr
2023-07-06T02:03:59.692+0000 7fb79c0f7700 1 -- 172.21.15.27:0/3320107285 shutdown_connections
2023-07-06T02:04:00.045 INFO:teuthology.orchestra.run.smithi027.stdout:/usr/bin/ceph: stderr
2023-07-06T02:03:59.693+0000 7fb79c0f7700 1 -- 172.21.15.27:0/3320107285 wait complete.
2023-07-06T02:04:00.045 INFO:teuthology.orchestra.run.smithi027.stdout:Enabling the dashboard module...
2023-07-06T02:04:00.951 INFO:journalctl@ceph.mon.a.smithi027.stdout:Jul 06 02:04:00 smithi027 ceph-mon[96530]: from='client.? 172.21.15.27:0/3320107285' entity='client.admin'
2023-07-06T02:04:00.952 INFO:journalctl@ceph.mon.a.smithi027.stdout:Jul 06 02:04:00 smithi027 ceph-mon[96530]: from='mgr.14120 172.21.15.27:0/545075340' entity='mgr.x'
2023-07-06T02:04:01.995 INFO:journalctl@ceph.mon.a.smithi027.stdout:Jul 06 02:04:01 smithi027 ceph-mon[96530]: from='client.? 172.21.15.27:0/2946062458' entity='client.admin' cmd=[{"prefix": "mgr module enable", "module": "dashboard"}]: dispatch
2023-07-06T02:04:01.995 INFO:journalctl@ceph.mgr.x.smithi027.stdout:Jul 06 02:04:01 smithi027 ceph-26fccb3c-1ba1-11ee-9b2f-001a4aab830c-mgr-x[96774]: ignoring --setuser ceph since I am not root
2023-07-06T02:04:01.995 INFO:journalctl@ceph.mgr.x.smithi027.stdout:Jul 06 02:04:01 smithi027 ceph-26fccb3c-1ba1-11ee-9b2f-001a4aab830c-mgr-x[96774]: ignoring --setgroup ceph since I am not root
2023-07-06T02:04:01.995 INFO:journalctl@ceph.mgr.x.smithi027.stdout:Jul 06 02:04:01 smithi027 ceph-26fccb3c-1ba1-11ee-9b2f-001a4aab830c-mgr-x[96774]:
2023-07-06T02:04:01.895+0000 7fbcb0940200 -1 mgr[py] Module devicehealth has missing NOTIFY_TYPES member
2023-07-06T02:04:02.086 INFO:teuthology.orchestra.run.smithi027.stdout:/usr/bin/ceph: stderr
2023-07-06T02:04:00.513+0000 7fa4f79c8700 1 Processor -- start
2023-07-06T02:04:02.086 INFO:teuthology.orchestra.run.smithi027.stdout:/usr/bin/ceph: stderr
2023-07-06T02:04:00.513+0000 7fa4f79c8700 1 -- start start
2023-07-06T02:04:02.086 INFO:teuthology.orchestra.run.smithi027.stdout:/usr/bin/ceph: stderr
2023-07-06T02:04:00.514+0000 7fa4f79c8700 1 --2- >> [v2:172.21.15.27:3300/0,v1:172.21.15.27:6789/0] conn(0x7fa4f01042d0 0x7fa4f01046e0 unknown :-1 s=NONE pgs=0 cs=0 l=0 rev1=0 crypto rx=0 tx=0 comp rx=0 tx=0).connect
2023-07-06T02:04:02.087 INFO:teuthology.orchestra.run.smithi027.stdout:/usr/bin/ceph: stderr
2023-07-06T02:04:00.514+0000 7fa4f79c8700 1 -- --> [v2:172.21.15.27:3300/0,v1:172.21.15.27:6789/0] -- mon_getmap magic: 0 v1 -- 0x7fa4f0104c20 con 0x7fa4f01042d0
2023-07-06T02:04:02.087 INFO:teuthology.orchestra.run.smithi027.stdout:/usr/bin/ceph: stderr
2023-07-06T02:04:00.514+0000 7fa4f5764700 1 --2- >> [v2:172.21.15.27:3300/0,v1:172.21.15.27:6789/0] conn(0x7fa4f01042d0 0x7fa4f01046e0 unknown :-1 s=BANNER_CONNECTING pgs=0 cs=0 l=0 rev1=0 crypto rx=0 tx=0 comp rx=0 tx=0)._handle_peer_banner_payload supported=3 required=0
2023-07-06T02:04:02.087 INFO:teuthology.orchestra.run.smithi027.stdout:/usr/bin/ceph: stderr
2023-07-06T02:04:00.514+0000 7fa4f5764700 1 --2- >> [v2:172.21.15.27:3300/0,v1:172.21.15.27:6789/0] conn(0x7fa4f01042d0 0x7fa4f01046e0 unknown :-1 s=HELLO_CONNECTING pgs=0 cs=0 l=0 rev1=1 crypto rx=0 tx=0 comp rx=0 tx=0).handle_hello peer v2:172.21.15.27:3300/0 says I am v2:172.21.15.27:50390/0 (socket says 172.21.15.27:50390)
2023-07-06T02:04:02.087 INFO:teuthology.orchestra.run.smithi027.stdout:/usr/bin/ceph: stderr
2023-07-06T02:04:00.514+0000 7fa4f5764700 1 -- 172.21.15.27:0/2235435473 learned_addr learned my addr 172.21.15.27:0/2235435473 (peer_addr_for_me v2:172.21.15.27:0/0)
2023-07-06T02:04:02.087 INFO:teuthology.orchestra.run.smithi027.stdout:/usr/bin/ceph: stderr
2023-07-06T02:04:00.514+0000 7fa4f5764700 1 -- 172.21.15.27:0/2235435473 --> [v2:172.21.15.27:3300/0,v1:172.21.15.27:6789/0] -- mon_subscribe({config=0+,monmap=0+}) v3 -- 0x7fa4f0104d60 con 0x7fa4f01042d0
2023-07-06T02:04:02.087 INFO:teuthology.orchestra.run.smithi027.stdout:/usr/bin/ceph: stderr
2023-07-06T02:04:00.514+0000 7fa4f5764700 1 --2- 172.21.15.27:0/2235435473 >> [v2:172.21.15.27:3300/0,v1:172.21.15.27:6789/0] conn(0x7fa4f01042d0 0x7fa4f01046e0 secure :-1 s=READY pgs=55 cs=0 l=1 rev1=1 crypto rx=0x7fa4e00098a0 tx=0x7fa4e0009bb0 comp rx=0 tx=0).ready entity=mon.0 client_cookie=a302bea9065e4c40 server_cookie=0 in_seq=0 out_seq=0
2023-07-06T02:04:02.087 INFO:teuthology.orchestra.run.smithi027.stdout:/usr/bin/ceph: stderr
2023-07-06T02:04:00.515+0000 7fa4e7fff700 1 -- 172.21.15.27:0/2235435473 <== mon.0 v2:172.21.15.27:3300/0 1 ==== mon_map magic: 0 v1 ==== 205+0+0 (secure 0 0 0) 0x7fa4e0004160 con 0x7fa4f01042d0
2023-07-06T02:04:02.087 INFO:teuthology.orchestra.run.smithi027.stdout:/usr/bin/ceph: stderr
2023-07-06T02:04:00.515+0000 7fa4e7fff700 1 -- 172.21.15.27:0/2235435473 <== mon.0 v2:172.21.15.27:3300/0 2 ==== config(26 keys) v1 ==== 1105+0+0 (secure 0 0 0) 0x7fa4e00042c0 con 0x7fa4f01042d0
2023-07-06T02:04:02.088 INFO:teuthology.orchestra.run.smithi027.stdout:/usr/bin/ceph: stderr
2023-07-06T02:04:00.515+0000 7fa4e7fff700 1 -- 172.21.15.27:0/2235435473 <== mon.0 v2:172.21.15.27:3300/0 3 ==== mon_map magic: 0 v1 ==== 205+0+0 (secure 0 0 0) 0x7fa4e00119b0 con 0x7fa4f01042d0
2023-07-06T02:04:02.088 INFO:teuthology.orchestra.run.smithi027.stdout:/usr/bin/ceph: stderr
2023-07-06T02:04:00.515+0000 7fa4f79c8700 1 -- 172.21.15.27:0/2235435473 >> [v2:172.21.15.27:3300/0,v1:172.21.15.27:6789/0] conn(0x7fa4f01042d0 msgr2=0x7fa4f01046e0 secure :-1 s=STATE_CONNECTION_ESTABLISHED l=1).mark_down
2023-07-06T02:04:02.088 INFO:teuthology.orchestra.run.smithi027.stdout:/usr/bin/ceph: stderr
2023-07-06T02:04:00.515+0000 7fa4f79c8700 1 --2- 172.21.15.27:0/2235435473 >> [v2:172.21.15.27:3300/0,v1:172.21.15.27:6789/0] conn(0x7fa4f01042d0 0x7fa4f01046e0 secure :-1 s=READY pgs=55 cs=0 l=1 rev1=1 crypto rx=0x7fa4e00098a0 tx=0x7fa4e0009bb0 comp rx=0 tx=0).stop
2023-07-06T02:04:02.088 INFO:teuthology.orchestra.run.smithi027.stdout:/usr/bin/ceph: stderr
2023-07-06T02:04:00.515+0000 7fa4f79c8700 1 -- 172.21.15.27:0/2235435473 shutdown_connections
2023-07-06T02:04:02.088 INFO:teuthology.orchestra.run.smithi027.stdout:/usr/bin/ceph: stderr
2023-07-06T02:04:00.515+0000 7fa4f79c8700 1 --2- 172.21.15.27:0/2235435473 >> [v2:172.21.15.27:3300/0,v1:172.21.15.27:6789/0] conn(0x7fa4f01042d0 0x7fa4f01046e0 unknown :-1 s=CLOSED pgs=55 cs=0 l=1 rev1=1 crypto rx=0 tx=0 comp rx=0 tx=0).stop
2023-07-06T02:04:02.088 INFO:teuthology.orchestra.run.smithi027.stdout:/usr/bin/ceph: stderr
2023-07-06T02:04:00.515+0000 7fa4f79c8700 1 -- 172.21.15.27:0/2235435473 >> 172.21.15.27:0/2235435473 conn(0x7fa4f00ff980 msgr2=0x7fa4f0101d90 unknown :-1 s=STATE_NONE l=0).mark_down
2023-07-06T02:04:02.089 INFO:teuthology.orchestra.run.smithi027.stdout:/usr/bin/ceph: stderr
2023-07-06T02:04:00.515+0000 7fa4f79c8700 1 -- 172.21.15.27:0/2235435473 shutdown_connections
2023-07-06T02:04:02.089 INFO:teuthology.orchestra.run.smithi027.stdout:/usr/bin/ceph: stderr
2023-07-06T02:04:00.516+0000 7fa4f79c8700 1 -- 172.21.15.27:0/2235435473 wait complete.
2023-07-06T02:04:02.089 INFO:teuthology.orchestra.run.smithi027.stdout:/usr/bin/ceph: stderr
2023-07-06T02:04:00.516+0000 7fa4f79c8700 1 Processor -- start
2023-07-06T02:04:02.089 INFO:teuthology.orchestra.run.smithi027.stdout:/usr/bin/ceph: stderr
2023-07-06T02:04:00.516+0000 7fa4f79c8700 1 -- start start
2023-07-06T02:04:02.089 INFO:teuthology.orchestra.run.smithi027.stdout:/usr/bin/ceph: stderr
2023-07-06T02:04:00.516+0000 7fa4f79c8700 1 --2- >> [v2:172.21.15.27:3300/0,v1:172.21.15.27:6789/0] conn(0x7fa4f01042d0 0x7fa4f0199130 unknown :-1 s=NONE pgs=0 cs=0 l=1 rev1=0 crypto rx=0 tx=0 comp rx=0 tx=0).connect
2023-07-06T02:04:02.089 INFO:teuthology.orchestra.run.smithi027.stdout:/usr/bin/ceph: stderr
2023-07-06T02:04:00.516+0000 7fa4f79c8700 1 -- --> [v2:172.21.15.27:3300/0,v1:172.21.15.27:6789/0] -- mon_getmap magic: 0 v1 -- 0x7fa4f0199670 con 0x7fa4f01042d0
2023-07-06T02:04:02.089 INFO:teuthology.orchestra.run.smithi027.stdout:/usr/bin/ceph: stderr
2023-07-06T02:04:00.516+0000 7fa4f5764700 1 --2- >> [v2:172.21.15.27:3300/0,v1:172.21.15.27:6789/0] conn(0x7fa4f01042d0 0x7fa4f0199130 unknown :-1 s=BANNER_CONNECTING pgs=0 cs=0 l=1 rev1=0 crypto rx=0 tx=0 comp rx=0 tx=0)._handle_peer_banner_payload supported=3 required=0
2023-07-06T02:04:02.089 INFO:teuthology.orchestra.run.smithi027.stdout:/usr/bin/ceph: stderr
2023-07-06T02:04:00.517+0000 7fa4f5764700 1 --2- >> [v2:172.21.15.27:3300/0,v1:172.21.15.27:6789/0] conn(0x7fa4f01042d0 0x7fa4f0199130 unknown :-1 s=HELLO_CONNECTING pgs=0 cs=0 l=1 rev1=1 crypto rx=0 tx=0 comp rx=0 tx=0).handle_hello peer v2:172.21.15.27:3300/0 says I am v2:172.21.15.27:50392/0 (socket says 172.21.15.27:50392)
2023-07-06T02:04:02.090 INFO:teuthology.orchestra.run.smithi027.stdout:/usr/bin/ceph: stderr
2023-07-06T02:04:00.517+0000 7fa4f5764700 1 -- 172.21.15.27:0/2946062458 learned_addr learned my addr 172.21.15.27:0/2946062458 (peer_addr_for_me v2:172.21.15.27:0/0)
2023-07-06T02:04:02.090 INFO:teuthology.orchestra.run.smithi027.stdout:/usr/bin/ceph: stderr
2023-07-06T02:04:00.517+0000 7fa4f5764700 1 -- 172.21.15.27:0/2946062458 --> [v2:172.21.15.27:3300/0,v1:172.21.15.27:6789/0] -- mon_subscribe({config=0+,monmap=0+}) v3 -- 0x7fa4e0009550 con 0x7fa4f01042d0
2023-07-06T02:04:02.090 INFO:teuthology.orchestra.run.smithi027.stdout:/usr/bin/ceph: stderr
2023-07-06T02:04:00.517+0000 7fa4f5764700 1 --2- 172.21.15.27:0/2946062458 >> [v2:172.21.15.27:3300/0,v1:172.21.15.27:6789/0] conn(0x7fa4f01042d0 0x7fa4f0199130 secure :-1 s=READY pgs=56 cs=0 l=1 rev1=1 crypto rx=0x7fa4e0006af0 tx=0x7fa4e0011a10 comp rx=0 tx=0).ready entity=mon.0 client_cookie=0 server_cookie=0 in_seq=0 out_seq=0
2023-07-06T02:04:02.090 INFO:teuthology.orchestra.run.smithi027.stdout:/usr/bin/ceph: stderr
2023-07-06T02:04:00.517+0000 7fa4e67fc700 1 -- 172.21.15.27:0/2946062458 <== mon.0 v2:172.21.15.27:3300/0 1 ==== mon_map magic: 0 v1 ==== 205+0+0 (secure 0 0 0) 0x7fa4e0003a40 con 0x7fa4f01042d0
2023-07-06T02:04:02.090 INFO:teuthology.orchestra.run.smithi027.stdout:/usr/bin/ceph: stderr
2023-07-06T02:04:00.517+0000 7fa4e67fc700 1 -- 172.21.15.27:0/2946062458 <== mon.0 v2:172.21.15.27:3300/0 2 ==== config(26 keys) v1 ==== 1105+0+0 (secure 0 0 0) 0x7fa4e0003ba0 con 0x7fa4f01042d0
2023-07-06T02:04:02.090 INFO:teuthology.orchestra.run.smithi027.stdout:/usr/bin/ceph: stderr
