2023-07-06T20:10:25.260+0000 7ffb8f7fe700 1 --2- >> [v2:172.21.15.69:3300/0,v1:172.21.15.69:6789/0] conn(0x7ffb9007ac60 0x7ffb90079160 unknown :-1 s=BANNER_CONNECTING pgs=0 cs=0 l=0 rev1=0 crypto rx=0 tx=0 comp rx=0 tx=0)._handle_peer_banner_payload supported=3 required=0
2023-07-06T20:10:32.825 INFO:teuthology.orchestra.run.smithi069.stdout:/usr/bin/ceph: stderr
2023-07-06T20:10:25.260+0000 7ffb8f7fe700 1 --2- >> [v2:172.21.15.69:3300/0,v1:172.21.15.69:6789/0] conn(0x7ffb9007ac60 0x7ffb90079160 unknown :-1 s=HELLO_CONNECTING pgs=0 cs=0 l=0 rev1=1 crypto rx=0 tx=0 comp rx=0 tx=0).handle_hello peer v2:172.21.15.69:3300/0 says I am v2:172.21.15.69:47418/0 (socket says 172.21.15.69:47418)
2023-07-06T20:10:32.825 INFO:teuthology.orchestra.run.smithi069.stdout:/usr/bin/ceph: stderr
2023-07-06T20:10:25.260+0000 7ffb8f7fe700 1 -- 172.21.15.69:0/4232347056 learned_addr learned my addr 172.21.15.69:0/4232347056 (peer_addr_for_me v2:172.21.15.69:0/0)
2023-07-06T20:10:32.825 INFO:teuthology.orchestra.run.smithi069.stdout:/usr/bin/ceph: stderr
2023-07-06T20:10:25.261+0000 7ffb8f7fe700 1 -- 172.21.15.69:0/4232347056 --> [v2:172.21.15.69:3300/0,v1:172.21.15.69:6789/0] -- mon_subscribe({config=0+,monmap=0+}) v3 -- 0x7ffb900797e0 con 0x7ffb9007ac60
2023-07-06T20:10:32.825 INFO:teuthology.orchestra.run.smithi069.stdout:/usr/bin/ceph: stderr
2023-07-06T20:10:25.261+0000 7ffb8f7fe700 1 --2- 172.21.15.69:0/4232347056 >> [v2:172.21.15.69:3300/0,v1:172.21.15.69:6789/0] conn(0x7ffb9007ac60 0x7ffb90079160 secure :-1 s=READY pgs=28 cs=0 l=1 rev1=1 crypto rx=0x7ffb800098a0 tx=0x7ffb80009bb0 comp rx=0 tx=0).ready entity=mon.0 client_cookie=42c29cab626e1581 server_cookie=0 in_seq=0 out_seq=0
2023-07-06T20:10:32.825 INFO:teuthology.orchestra.run.smithi069.stdout:/usr/bin/ceph: stderr
2023-07-06T20:10:25.261+0000 7ffb8e7fc700 1 -- 172.21.15.69:0/4232347056 <== mon.0 v2:172.21.15.69:3300/0 1 ==== mon_map magic: 0 v1 ==== 205+0+0 (secure 0 0 0) 0x7ffb80004160 con 0x7ffb9007ac60
2023-07-06T20:10:32.826 INFO:teuthology.orchestra.run.smithi069.stdout:/usr/bin/ceph: stderr
2023-07-06T20:10:25.261+0000 7ffb8e7fc700 1 -- 172.21.15.69:0/4232347056 <== mon.0 v2:172.21.15.69:3300/0 2 ==== config(26 keys) v1 ==== 1074+0+0 (secure 0 0 0) 0x7ffb800042c0 con 0x7ffb9007ac60
2023-07-06T20:10:32.826 INFO:teuthology.orchestra.run.smithi069.stdout:/usr/bin/ceph: stderr
2023-07-06T20:10:25.261+0000 7ffb8e7fc700 1 -- 172.21.15.69:0/4232347056 <== mon.0 v2:172.21.15.69:3300/0 3 ==== mon_map magic: 0 v1 ==== 205+0+0 (secure 0 0 0) 0x7ffb80011a00 con 0x7ffb9007ac60
2023-07-06T20:10:32.826 INFO:teuthology.orchestra.run.smithi069.stdout:/usr/bin/ceph: stderr
2023-07-06T20:10:25.262+0000 7ffb95c9a700 1 -- 172.21.15.69:0/4232347056 >> [v2:172.21.15.69:3300/0,v1:172.21.15.69:6789/0] conn(0x7ffb9007ac60 msgr2=0x7ffb90079160 secure :-1 s=STATE_CONNECTION_ESTABLISHED l=1).mark_down
2023-07-06T20:10:32.826 INFO:teuthology.orchestra.run.smithi069.stdout:/usr/bin/ceph: stderr
2023-07-06T20:10:25.262+0000 7ffb95c9a700 1 --2- 172.21.15.69:0/4232347056 >> [v2:172.21.15.69:3300/0,v1:172.21.15.69:6789/0] conn(0x7ffb9007ac60 0x7ffb90079160 secure :-1 s=READY pgs=28 cs=0 l=1 rev1=1 crypto rx=0x7ffb800098a0 tx=0x7ffb80009bb0 comp rx=0 tx=0).stop
2023-07-06T20:10:32.826 INFO:teuthology.orchestra.run.smithi069.stdout:/usr/bin/ceph: stderr
2023-07-06T20:10:25.262+0000 7ffb95c9a700 1 -- 172.21.15.69:0/4232347056 shutdown_connections
2023-07-06T20:10:32.826 INFO:teuthology.orchestra.run.smithi069.stdout:/usr/bin/ceph: stderr
2023-07-06T20:10:25.262+0000 7ffb95c9a700 1 --2- 172.21.15.69:0/4232347056 >> [v2:172.21.15.69:3300/0,v1:172.21.15.69:6789/0] conn(0x7ffb9007ac60 0x7ffb90079160 unknown :-1 s=CLOSED pgs=28 cs=0 l=1 rev1=1 crypto rx=0 tx=0 comp rx=0 tx=0).stop
2023-07-06T20:10:32.826 INFO:teuthology.orchestra.run.smithi069.stdout:/usr/bin/ceph: stderr
2023-07-06T20:10:25.262+0000 7ffb95c9a700 1 -- 172.21.15.69:0/4232347056 >> 172.21.15.69:0/4232347056 conn(0x7ffb90100b90 msgr2=0x7ffb90102fc0 unknown :-1 s=STATE_NONE l=0).mark_down
2023-07-06T20:10:32.827 INFO:teuthology.orchestra.run.smithi069.stdout:/usr/bin/ceph: stderr
2023-07-06T20:10:25.262+0000 7ffb95c9a700 1 -- 172.21.15.69:0/4232347056 shutdown_connections
2023-07-06T20:10:32.827 INFO:teuthology.orchestra.run.smithi069.stdout:/usr/bin/ceph: stderr
2023-07-06T20:10:25.262+0000 7ffb95c9a700 1 -- 172.21.15.69:0/4232347056 wait complete.
2023-07-06T20:10:32.827 INFO:teuthology.orchestra.run.smithi069.stdout:/usr/bin/ceph: stderr
2023-07-06T20:10:25.264+0000 7ffb95c9a700 1 Processor -- start
2023-07-06T20:10:32.827 INFO:teuthology.orchestra.run.smithi069.stdout:/usr/bin/ceph: stderr
2023-07-06T20:10:25.264+0000 7ffb95c9a700 1 -- start start
2023-07-06T20:10:32.827 INFO:teuthology.orchestra.run.smithi069.stdout:/usr/bin/ceph: stderr
2023-07-06T20:10:25.264+0000 7ffb95c9a700 1 --2- >> [v2:172.21.15.69:3300/0,v1:172.21.15.69:6789/0] conn(0x7ffb9007ac60 0x7ffb9019b560 unknown :-1 s=NONE pgs=0 cs=0 l=1 rev1=0 crypto rx=0 tx=0 comp rx=0 tx=0).connect
2023-07-06T20:10:32.827 INFO:teuthology.orchestra.run.smithi069.stdout:/usr/bin/ceph: stderr
2023-07-06T20:10:25.264+0000 7ffb95c9a700 1 -- --> [v2:172.21.15.69:3300/0,v1:172.21.15.69:6789/0] -- mon_getmap magic: 0 v1 -- 0x7ffb9019baa0 con 0x7ffb9007ac60
2023-07-06T20:10:32.827 INFO:teuthology.orchestra.run.smithi069.stdout:/usr/bin/ceph: stderr
2023-07-06T20:10:25.265+0000 7ffb8f7fe700 1 --2- >> [v2:172.21.15.69:3300/0,v1:172.21.15.69:6789/0] conn(0x7ffb9007ac60 0x7ffb9019b560 unknown :-1 s=BANNER_CONNECTING pgs=0 cs=0 l=1 rev1=0 crypto rx=0 tx=0 comp rx=0 tx=0)._handle_peer_banner_payload supported=3 required=0
2023-07-06T20:10:32.827 INFO:teuthology.orchestra.run.smithi069.stdout:/usr/bin/ceph: stderr
2023-07-06T20:10:25.265+0000 7ffb8f7fe700 1 --2- >> [v2:172.21.15.69:3300/0,v1:172.21.15.69:6789/0] conn(0x7ffb9007ac60 0x7ffb9019b560 unknown :-1 s=HELLO_CONNECTING pgs=0 cs=0 l=1 rev1=1 crypto rx=0 tx=0 comp rx=0 tx=0).handle_hello peer v2:172.21.15.69:3300/0 says I am v2:172.21.15.69:47426/0 (socket says 172.21.15.69:47426)
2023-07-06T20:10:32.828 INFO:teuthology.orchestra.run.smithi069.stdout:/usr/bin/ceph: stderr
2023-07-06T20:10:25.265+0000 7ffb8f7fe700 1 -- 172.21.15.69:0/1338450057 learned_addr learned my addr 172.21.15.69:0/1338450057 (peer_addr_for_me v2:172.21.15.69:0/0)
2023-07-06T20:10:32.828 INFO:teuthology.orchestra.run.smithi069.stdout:/usr/bin/ceph: stderr
2023-07-06T20:10:25.265+0000 7ffb8f7fe700 1 -- 172.21.15.69:0/1338450057 --> [v2:172.21.15.69:3300/0,v1:172.21.15.69:6789/0] -- mon_subscribe({config=0+,monmap=0+}) v3 -- 0x7ffb80009550 con 0x7ffb9007ac60
2023-07-06T20:10:32.828 INFO:teuthology.orchestra.run.smithi069.stdout:/usr/bin/ceph: stderr
2023-07-06T20:10:25.265+0000 7ffb8f7fe700 1 --2- 172.21.15.69:0/1338450057 >> [v2:172.21.15.69:3300/0,v1:172.21.15.69:6789/0] conn(0x7ffb9007ac60 0x7ffb9019b560 secure :-1 s=READY pgs=29 cs=0 l=1 rev1=1 crypto rx=0x7ffb80009130 tx=0x7ffb80011ad0 comp rx=0 tx=0).ready entity=mon.0 client_cookie=0 server_cookie=0 in_seq=0 out_seq=0
2023-07-06T20:10:32.828 INFO:teuthology.orchestra.run.smithi069.stdout:/usr/bin/ceph: stderr
2023-07-06T20:10:25.265+0000 7ffb8cff9700 1 -- 172.21.15.69:0/1338450057 <== mon.0 v2:172.21.15.69:3300/0 1 ==== mon_map magic: 0 v1 ==== 205+0+0 (secure 0 0 0) 0x7ffb80003ab0 con 0x7ffb9007ac60
2023-07-06T20:10:32.828 INFO:teuthology.orchestra.run.smithi069.stdout:/usr/bin/ceph: stderr
2023-07-06T20:10:25.265+0000 7ffb8cff9700 1 -- 172.21.15.69:0/1338450057 <== mon.0 v2:172.21.15.69:3300/0 2 ==== config(26 keys) v1 ==== 1074+0+0 (secure 0 0 0) 0x7ffb80003c10 con 0x7ffb9007ac60
2023-07-06T20:10:32.828 INFO:teuthology.orchestra.run.smithi069.stdout:/usr/bin/ceph: stderr
2023-07-06T20:10:25.265+0000 7ffb8cff9700 1 -- 172.21.15.69:0/1338450057 <== mon.0 v2:172.21.15.69:3300/0 3 ==== mon_map magic: 0 v1 ==== 205+0+0 (secure 0 0 0) 0x7ffb800247d0 con 0x7ffb9007ac60
2023-07-06T20:10:32.828 INFO:teuthology.orchestra.run.smithi069.stdout:/usr/bin/ceph: stderr
2023-07-06T20:10:25.266+0000 7ffb95c9a700 1 -- 172.21.15.69:0/1338450057 --> [v2:172.21.15.69:3300/0,v1:172.21.15.69:6789/0] -- mon_subscribe({mgrmap=0+}) v3 -- 0x7ffb9019bca0 con 0x7ffb9007ac60
2023-07-06T20:10:32.829 INFO:teuthology.orchestra.run.smithi069.stdout:/usr/bin/ceph: stderr
2023-07-06T20:10:25.266+0000 7ffb95c9a700 1 -- 172.21.15.69:0/1338450057 --> [v2:172.21.15.69:3300/0,v1:172.21.15.69:6789/0] -- mon_subscribe({osdmap=0}) v3 -- 0x7ffb9019c0c0 con 0x7ffb9007ac60
2023-07-06T20:10:32.829 INFO:teuthology.orchestra.run.smithi069.stdout:/usr/bin/ceph: stderr
2023-07-06T20:10:25.267+0000 7ffb8cff9700 1 -- 172.21.15.69:0/1338450057 <== mon.0 v2:172.21.15.69:3300/0 4 ==== mgrmap(e 5) v1 ==== 45483+0+0 (secure 0 0 0) 0x7ffb8001a430 con 0x7ffb9007ac60
2023-07-06T20:10:32.829 INFO:teuthology.orchestra.run.smithi069.stdout:/usr/bin/ceph: stderr
2023-07-06T20:10:25.267+0000 7ffb8cff9700 1 --2- 172.21.15.69:0/1338450057 >> [v2:172.21.15.69:6800/1829009377,v1:172.21.15.69:6801/1829009377] conn(0x7ffb78038760 0x7ffb7803ac10 unknown :-1 s=NONE pgs=0 cs=0 l=1 rev1=0 crypto rx=0 tx=0 comp rx=0 tx=0).connect
2023-07-06T20:10:32.829 INFO:teuthology.orchestra.run.smithi069.stdout:/usr/bin/ceph: stderr
2023-07-06T20:10:25.267+0000 7ffb8cff9700 1 -- 172.21.15.69:0/1338450057 --> [v2:172.21.15.69:6800/1829009377,v1:172.21.15.69:6801/1829009377] -- command(tid 0: {"prefix": "get_command_descriptions"}) v1 -- 0x7ffb7803b320 con 0x7ffb78038760
2023-07-06T20:10:32.829 INFO:teuthology.orchestra.run.smithi069.stdout:/usr/bin/ceph: stderr
2023-07-06T20:10:25.267+0000 7ffb8cff9700 1 -- 172.21.15.69:0/1338450057 <== mon.0 v2:172.21.15.69:3300/0 5 ==== osd_map(1..1 src has 1..1) v4 ==== 725+0+0 (secure 0 0 0) 0x7ffb8004c4a0 con 0x7ffb9007ac60
2023-07-06T20:10:32.829 INFO:teuthology.orchestra.run.smithi069.stdout:/usr/bin/ceph: stderr
2023-07-06T20:10:25.267+0000 7ffb8effd700 1 -- 172.21.15.69:0/1338450057 >> [v2:172.21.15.69:6800/1829009377,v1:172.21.15.69:6801/1829009377] conn(0x7ffb78038760 msgr2=0x7ffb7803ac10 unknown :-1 s=STATE_CONNECTING_RE l=1).process reconnect failed to v2:172.21.15.69:6800/1829009377
2023-07-06T20:10:32.829 INFO:teuthology.orchestra.run.smithi069.stdout:/usr/bin/ceph: stderr
2023-07-06T20:10:25.267+0000 7ffb8effd700 1 --2- 172.21.15.69:0/1338450057 >> [v2:172.21.15.69:6800/1829009377,v1:172.21.15.69:6801/1829009377] conn(0x7ffb78038760 0x7ffb7803ac10 unknown :-1 s=START_CONNECT pgs=0 cs=0 l=1 rev1=0 crypto rx=0 tx=0 comp rx=0 tx=0)._fault waiting 0.200000
2023-07-06T20:10:32.830 INFO:teuthology.orchestra.run.smithi069.stdout:/usr/bin/ceph: stderr
2023-07-06T20:10:25.468+0000 7ffb8effd700 1 -- 172.21.15.69:0/1338450057 >> [v2:172.21.15.69:6800/1829009377,v1:172.21.15.69:6801/1829009377] conn(0x7ffb78038760 msgr2=0x7ffb7803ac10 unknown :-1 s=STATE_CONNECTING_RE l=1).process reconnect failed to v2:172.21.15.69:6800/1829009377
2023-07-06T20:10:32.830 INFO:teuthology.orchestra.run.smithi069.stdout:/usr/bin/ceph: stderr
2023-07-06T20:10:25.468+0000 7ffb8effd700 1 --2- 172.21.15.69:0/1338450057 >> [v2:172.21.15.69:6800/1829009377,v1:172.21.15.69:6801/1829009377] conn(0x7ffb78038760 0x7ffb7803ac10 unknown :-1 s=START_CONNECT pgs=0 cs=0 l=1 rev1=0 crypto rx=0 tx=0 comp rx=0 tx=0)._fault waiting 0.400000
2023-07-06T20:10:32.830 INFO:teuthology.orchestra.run.smithi069.stdout:/usr/bin/ceph: stderr
2023-07-06T20:10:25.869+0000 7ffb8effd700 1 -- 172.21.15.69:0/1338450057 >> [v2:172.21.15.69:6800/1829009377,v1:172.21.15.69:6801/1829009377] conn(0x7ffb78038760 msgr2=0x7ffb7803ac10 unknown :-1 s=STATE_CONNECTING_RE l=1).process reconnect failed to v2:172.21.15.69:6800/1829009377
2023-07-06T20:10:32.830 INFO:teuthology.orchestra.run.smithi069.stdout:/usr/bin/ceph: stderr
2023-07-06T20:10:25.869+0000 7ffb8effd700 1 --2- 172.21.15.69:0/1338450057 >> [v2:172.21.15.69:6800/1829009377,v1:172.21.15.69:6801/1829009377] conn(0x7ffb78038760 0x7ffb7803ac10 unknown :-1 s=START_CONNECT pgs=0 cs=0 l=1 rev1=0 crypto rx=0 tx=0 comp rx=0 tx=0)._fault waiting 0.800000
2023-07-06T20:10:32.830 INFO:teuthology.orchestra.run.smithi069.stdout:/usr/bin/ceph: stderr
2023-07-06T20:10:26.670+0000 7ffb8effd700 1 -- 172.21.15.69:0/1338450057 >> [v2:172.21.15.69:6800/1829009377,v1:172.21.15.69:6801/1829009377] conn(0x7ffb78038760 msgr2=0x7ffb7803ac10 unknown :-1 s=STATE_CONNECTING_RE l=1).process reconnect failed to v2:172.21.15.69:6800/1829009377
2023-07-06T20:10:32.830 INFO:teuthology.orchestra.run.smithi069.stdout:/usr/bin/ceph: stderr
2023-07-06T20:10:26.670+0000 7ffb8effd700 1 --2- 172.21.15.69:0/1338450057 >> [v2:172.21.15.69:6800/1829009377,v1:172.21.15.69:6801/1829009377] conn(0x7ffb78038760 0x7ffb7803ac10 unknown :-1 s=START_CONNECT pgs=0 cs=0 l=1 rev1=0 crypto rx=0 tx=0 comp rx=0 tx=0)._fault waiting 1.600000
2023-07-06T20:10:32.830 INFO:teuthology.orchestra.run.smithi069.stdout:/usr/bin/ceph: stderr
2023-07-06T20:10:28.271+0000 7ffb8effd700 1 -- 172.21.15.69:0/1338450057 >> [v2:172.21.15.69:6800/1829009377,v1:172.21.15.69:6801/1829009377] conn(0x7ffb78038760 msgr2=0x7ffb7803ac10 unknown :-1 s=STATE_CONNECTING_RE l=1).process reconnect failed to v2:172.21.15.69:6800/1829009377
2023-07-06T20:10:32.830 INFO:teuthology.orchestra.run.smithi069.stdout:/usr/bin/ceph: stderr
2023-07-06T20:10:28.271+0000 7ffb8effd700 1 --2- 172.21.15.69:0/1338450057 >> [v2:172.21.15.69:6800/1829009377,v1:172.21.15.69:6801/1829009377] conn(0x7ffb78038760 0x7ffb7803ac10 unknown :-1 s=START_CONNECT pgs=0 cs=0 l=1 rev1=0 crypto rx=0 tx=0 comp rx=0 tx=0)._fault waiting 3.200000
2023-07-06T20:10:32.831 INFO:teuthology.orchestra.run.smithi069.stdout:/usr/bin/ceph: stderr
2023-07-06T20:10:31.406+0000 7ffb8cff9700 1 -- 172.21.15.69:0/1338450057 <== mon.0 v2:172.21.15.69:3300/0 6 ==== mgrmap(e 6) v1 ==== 45250+0+0 (secure 0 0 0) 0x7ffb8001abb0 con 0x7ffb9007ac60
2023-07-06T20:10:32.831 INFO:teuthology.orchestra.run.smithi069.stdout:/usr/bin/ceph: stderr
2023-07-06T20:10:31.406+0000 7ffb8cff9700 1 -- 172.21.15.69:0/1338450057 >> [v2:172.21.15.69:6800/1829009377,v1:172.21.15.69:6801/1829009377] conn(0x7ffb78038760 msgr2=0x7ffb7803ac10 unknown :-1 s=STATE_CONNECTING l=1).mark_down
2023-07-06T20:10:32.831 INFO:teuthology.orchestra.run.smithi069.stdout:/usr/bin/ceph: stderr
2023-07-06T20:10:31.406+0000 7ffb8cff9700 1 --2- 172.21.15.69:0/1338450057 >> [v2:172.21.15.69:6800/1829009377,v1:172.21.15.69:6801/1829009377] conn(0x7ffb78038760 0x7ffb7803ac10 unknown :-1 s=START_CONNECT pgs=0 cs=0 l=1 rev1=0 crypto rx=0 tx=0 comp rx=0 tx=0).stop
2023-07-06T20:10:32.831 INFO:teuthology.orchestra.run.smithi069.stdout:/usr/bin/ceph: stderr
2023-07-06T20:10:32.408+0000 7ffb8cff9700 1 -- 172.21.15.69:0/1338450057 <== mon.0 v2:172.21.15.69:3300/0 7 ==== mgrmap(e 7) v1 ==== 45377+0+0 (secure 0 0 0) 0x7ffb8004e2b0 con 0x7ffb9007ac60
2023-07-06T20:10:32.831 INFO:teuthology.orchestra.run.smithi069.stdout:/usr/bin/ceph: stderr
2023-07-06T20:10:32.409+0000 7ffb8cff9700 1 --2- 172.21.15.69:0/1338450057 >> [v2:172.21.15.69:6800/9699389,v1:172.21.15.69:6801/9699389] conn(0x7ffb7803bfe0 0x7ffb7803e3c0 unknown :-1 s=NONE pgs=0 cs=0 l=1 rev1=0 crypto rx=0 tx=0 comp rx=0 tx=0).connect
2023-07-06T20:10:32.831 INFO:teuthology.orchestra.run.smithi069.stdout:/usr/bin/ceph: stderr
2023-07-06T20:10:32.409+0000 7ffb8cff9700 1 -- 172.21.15.69:0/1338450057 --> [v2:172.21.15.69:6800/9699389,v1:172.21.15.69:6801/9699389] -- command(tid 0: {"prefix": "get_command_descriptions"}) v1 -- 0x7ffb7803b320 con 0x7ffb7803bfe0
2023-07-06T20:10:32.831 INFO:teuthology.orchestra.run.smithi069.stdout:/usr/bin/ceph: stderr
2023-07-06T20:10:32.409+0000 7ffb8effd700 1 --2- 172.21.15.69:0/1338450057 >> [v2:172.21.15.69:6800/9699389,v1:172.21.15.69:6801/9699389] conn(0x7ffb7803bfe0 0x7ffb7803e3c0 unknown :-1 s=BANNER_CONNECTING pgs=0 cs=0 l=1 rev1=0 crypto rx=0 tx=0 comp rx=0 tx=0)._handle_peer_banner_payload supported=3 required=0
2023-07-06T20:10:32.831 INFO:teuthology.orchestra.run.smithi069.stdout:/usr/bin/ceph: stderr
2023-07-06T20:10:32.410+0000 7ffb8effd700 1 --2- 172.21.15.69:0/1338450057 >> [v2:172.21.15.69:6800/9699389,v1:172.21.15.69:6801/9699389] conn(0x7ffb7803bfe0 0x7ffb7803e3c0 secure :-1 s=READY pgs=1 cs=0 l=1 rev1=1 crypto rx=0x7ffb84003a10 tx=0x7ffb840092b0 comp rx=0 tx=0).ready entity=mgr.14120 client_cookie=0 server_cookie=0 in_seq=0 out_seq=0
2023-07-06T20:10:32.832 INFO:teuthology.orchestra.run.smithi069.stdout:/usr/bin/ceph: stderr
2023-07-06T20:10:32.411+0000 7ffb8cff9700 1 -- 172.21.15.69:0/1338450057 <== mgr.14120 v2:172.21.15.69:6800/9699389 1 ==== command_reply(tid 0: 0 ) v1 ==== 8+0+6910 (secure 0 0 0) 0x7ffb7803b320 con 0x7ffb7803bfe0
2023-07-06T20:10:32.832 INFO:teuthology.orchestra.run.smithi069.stdout:/usr/bin/ceph: stderr
2023-07-06T20:10:32.418+0000 7ffb95c9a700 1 -- 172.21.15.69:0/1338450057 --> [v2:172.21.15.69:6800/9699389,v1:172.21.15.69:6801/9699389] -- command(tid 1: {"prefix": "mgr_status"}) v1 -- 0x7ffb9019c8a0 con 0x7ffb7803bfe0
2023-07-06T20:10:32.832 INFO:teuthology.orchestra.run.smithi069.stdout:/usr/bin/ceph: stderr
2023-07-06T20:10:32.419+0000 7ffb8cff9700 1 -- 172.21.15.69:0/1338450057 <== mgr.14120 v2:172.21.15.69:6800/9699389 2 ==== command_reply(tid 1: 0 ) v1 ==== 8+0+51 (secure 0 0 0) 0x7ffb9019c8a0 con 0x7ffb7803bfe0
2023-07-06T20:10:32.832 INFO:teuthology.orchestra.run.smithi069.stdout:/usr/bin/ceph: stderr
2023-07-06T20:10:32.419+0000 7ffb95c9a700 1 -- 172.21.15.69:0/1338450057 >> [v2:172.21.15.69:6800/9699389,v1:172.21.15.69:6801/9699389] conn(0x7ffb7803bfe0 msgr2=0x7ffb7803e3c0 secure :-1 s=STATE_CONNECTION_ESTABLISHED l=1).mark_down
2023-07-06T20:10:32.832 INFO:teuthology.orchestra.run.smithi069.stdout:/usr/bin/ceph: stderr
2023-07-06T20:10:32.419+0000 7ffb95c9a700 1 --2- 172.21.15.69:0/1338450057 >> [v2:172.21.15.69:6800/9699389,v1:172.21.15.69:6801/9699389] conn(0x7ffb7803bfe0 0x7ffb7803e3c0 secure :-1 s=READY pgs=1 cs=0 l=1 rev1=1 crypto rx=0x7ffb84003a10 tx=0x7ffb840092b0 comp rx=0 tx=0).stop
2023-07-06T20:10:32.832 INFO:teuthology.orchestra.run.smithi069.stdout:/usr/bin/ceph: stderr
2023-07-06T20:10:32.419+0000 7ffb95c9a700 1 -- 172.21.15.69:0/1338450057 >> [v2:172.21.15.69:3300/0,v1:172.21.15.69:6789/0] conn(0x7ffb9007ac60 msgr2=0x7ffb9019b560 secure :-1 s=STATE_CONNECTION_ESTABLISHED l=1).mark_down
2023-07-06T20:10:32.832 INFO:teuthology.orchestra.run.smithi069.stdout:/usr/bin/ceph: stderr
2023-07-06T20:10:32.419+0000 7ffb95c9a700 1 --2- 172.21.15.69:0/1338450057 >> [v2:172.21.15.69:3300/0,v1:172.21.15.69:6789/0] conn(0x7ffb9007ac60 0x7ffb9019b560 secure :-1 s=READY pgs=29 cs=0 l=1 rev1=1 crypto rx=0x7ffb80009130 tx=0x7ffb80011ad0 comp rx=0 tx=0).stop
2023-07-06T20:10:32.833 INFO:teuthology.orchestra.run.smithi069.stdout:/usr/bin/ceph: stderr
2023-07-06T20:10:32.419+0000 7ffb95c9a700 1 -- 172.21.15.69:0/1338450057 shutdown_connections
2023-07-06T20:10:32.833 INFO:teuthology.orchestra.run.smithi069.stdout:/usr/bin/ceph: stderr
2023-07-06T20:10:32.419+0000 7ffb95c9a700 1 --2- 172.21.15.69:0/1338450057 >> [v2:172.21.15.69:3300/0,v1:172.21.15.69:6789/0] conn(0x7ffb9007ac60 0x7ffb9019b560 unknown :-1 s=CLOSED pgs=29 cs=0 l=1 rev1=1 crypto rx=0 tx=0 comp rx=0 tx=0).stop
2023-07-06T20:10:32.833 INFO:teuthology.orchestra.run.smithi069.stdout:/usr/bin/ceph: stderr
2023-07-06T20:10:32.419+0000 7ffb95c9a700 1 --2- 172.21.15.69:0/1338450057 >> [v2:172.21.15.69:6800/9699389,v1:172.21.15.69:6801/9699389] conn(0x7ffb7803bfe0 0x7ffb7803e3c0 unknown :-1 s=CLOSED pgs=1 cs=0 l=1 rev1=1 crypto rx=0 tx=0 comp rx=0 tx=0).stop
2023-07-06T20:10:32.833 INFO:teuthology.orchestra.run.smithi069.stdout:/usr/bin/ceph: stderr
2023-07-06T20:10:32.419+0000 7ffb95c9a700 1 --2- 172.21.15.69:0/1338450057 >> [v2:172.21.15.69:6800/1829009377,v1:172.21.15.69:6801/1829009377] conn(0x7ffb78038760 0x7ffb7803ac10 unknown :-1 s=CLOSED pgs=0 cs=0 l=1 rev1=0 crypto rx=0 tx=0 comp rx=0 tx=0).stop
2023-07-06T20:10:32.833 INFO:teuthology.orchestra.run.smithi069.stdout:/usr/bin/ceph: stderr
2023-07-06T20:10:32.419+0000 7ffb95c9a700 1 -- 172.21.15.69:0/1338450057 >> 172.21.15.69:0/1338450057 conn(0x7ffb90100b90 msgr2=0x7ffb901022c0 unknown :-1 s=STATE_NONE l=0).mark_down
2023-07-06T20:10:32.833 INFO:teuthology.orchestra.run.smithi069.stdout:/usr/bin/ceph: stderr
2023-07-06T20:10:32.419+0000 7ffb95c9a700 1 -- 172.21.15.69:0/1338450057 shutdown_connections
2023-07-06T20:10:32.833 INFO:teuthology.orchestra.run.smithi069.stdout:/usr/bin/ceph: stderr
2023-07-06T20:10:32.419+0000 7ffb95c9a700 1 -- 172.21.15.69:0/1338450057 wait complete.
2023-07-06T20:10:32.834 INFO:teuthology.orchestra.run.smithi069.stdout:mgr epoch 5 is available
2023-07-06T20:10:32.834 INFO:teuthology.orchestra.run.smithi069.stdout:Setting orchestrator backend to cephadm...
2023-07-06T20:10:33.722 INFO:journalctl@ceph.mon.a.smithi069.stdout:Jul 06 20:10:33 smithi069 ceph-mon[126399]: from='client.14124 -' entity='client.admin' cmd=[{"prefix": "get_command_descriptions"}]: dispatch
2023-07-06T20:10:33.722 INFO:journalctl@ceph.mon.a.smithi069.stdout:Jul 06 20:10:33 smithi069 ceph-mon[126399]: from='client.14124 -' entity='client.admin' cmd=[{"prefix": "mgr_status"}]: dispatch
2023-07-06T20:10:34.003 INFO:teuthology.orchestra.run.smithi069.stdout:/usr/bin/ceph: stderr
2023-07-06T20:10:33.339+0000 7fc8706e9700 1 Processor -- start
2023-07-06T20:10:34.003 INFO:teuthology.orchestra.run.smithi069.stdout:/usr/bin/ceph: stderr
2023-07-06T20:10:33.339+0000 7fc8706e9700 1 -- start start
2023-07-06T20:10:34.003 INFO:teuthology.orchestra.run.smithi069.stdout:/usr/bin/ceph: stderr
2023-07-06T20:10:33.340+0000 7fc8706e9700 1 --2- >> [v2:172.21.15.69:3300/0,v1:172.21.15.69:6789/0] conn(0x7fc86807acc0 0x7fc8680791c0 unknown :-1 s=NONE pgs=0 cs=0 l=0 rev1=0 crypto rx=0 tx=0 comp rx=0 tx=0).connect
2023-07-06T20:10:34.003 INFO:teuthology.orchestra.run.smithi069.stdout:/usr/bin/ceph: stderr
2023-07-06T20:10:33.340+0000 7fc8706e9700 1 -- --> [v2:172.21.15.69:3300/0,v1:172.21.15.69:6789/0] -- mon_getmap magic: 0 v1 -- 0x7fc868079700 con 0x7fc86807acc0
2023-07-06T20:10:34.003 INFO:teuthology.orchestra.run.smithi069.stdout:/usr/bin/ceph: stderr
2023-07-06T20:10:33.340+0000 7fc86e485700 1 --2- >> [v2:172.21.15.69:3300/0,v1:172.21.15.69:6789/0] conn(0x7fc86807acc0 0x7fc8680791c0 unknown :-1 s=BANNER_CONNECTING pgs=0 cs=0 l=0 rev1=0 crypto rx=0 tx=0 comp rx=0 tx=0)._handle_peer_banner_payload supported=3 required=0
2023-07-06T20:10:34.004 INFO:teuthology.orchestra.run.smithi069.stdout:/usr/bin/ceph: stderr
2023-07-06T20:10:33.340+0000 7fc86e485700 1 --2- >> [v2:172.21.15.69:3300/0,v1:172.21.15.69:6789/0] conn(0x7fc86807acc0 0x7fc8680791c0 unknown :-1 s=HELLO_CONNECTING pgs=0 cs=0 l=0 rev1=1 crypto rx=0 tx=0 comp rx=0 tx=0).handle_hello peer v2:172.21.15.69:3300/0 says I am v2:172.21.15.69:58668/0 (socket says 172.21.15.69:58668)
2023-07-06T20:10:34.004 INFO:teuthology.orchestra.run.smithi069.stdout:/usr/bin/ceph: stderr
2023-07-06T20:10:33.340+0000 7fc86e485700 1 -- 172.21.15.69:0/3787966166 learned_addr learned my addr 172.21.15.69:0/3787966166 (peer_addr_for_me v2:172.21.15.69:0/0)
2023-07-06T20:10:34.004 INFO:teuthology.orchestra.run.smithi069.stdout:/usr/bin/ceph: stderr
2023-07-06T20:10:33.340+0000 7fc86e485700 1 -- 172.21.15.69:0/3787966166 --> [v2:172.21.15.69:3300/0,v1:172.21.15.69:6789/0] -- mon_subscribe({config=0+,monmap=0+}) v3 -- 0x7fc868079840 con 0x7fc86807acc0
2023-07-06T20:10:34.004 INFO:teuthology.orchestra.run.smithi069.stdout:/usr/bin/ceph: stderr
2023-07-06T20:10:33.341+0000 7fc86e485700 1 --2- 172.21.15.69:0/3787966166 >> [v2:172.21.15.69:3300/0,v1:172.21.15.69:6789/0] conn(0x7fc86807acc0 0x7fc8680791c0 secure :-1 s=READY pgs=37 cs=0 l=1 rev1=1 crypto rx=0x7fc8640098a0 tx=0x7fc864009bb0 comp rx=0 tx=0).ready entity=mon.0 client_cookie=eb34e3fc8df7dfe3 server_cookie=0 in_seq=0 out_seq=0
2023-07-06T20:10:34.004 INFO:teuthology.orchestra.run.smithi069.stdout:/usr/bin/ceph: stderr
2023-07-06T20:10:33.341+0000 7fc86d483700 1 -- 172.21.15.69:0/3787966166 <== mon.0 v2:172.21.15.69:3300/0 1 ==== mon_map magic: 0 v1 ==== 205+0+0 (secure 0 0 0) 0x7fc864004160 con 0x7fc86807acc0
2023-07-06T20:10:34.004 INFO:teuthology.orchestra.run.smithi069.stdout:/usr/bin/ceph: stderr
2023-07-06T20:10:33.341+0000 7fc86d483700 1 -- 172.21.15.69:0/3787966166 <== mon.0 v2:172.21.15.69:3300/0 2 ==== config(26 keys) v1 ==== 1074+0+0 (secure 0 0 0) 0x7fc8640042c0 con 0x7fc86807acc0
2023-07-06T20:10:34.004 INFO:teuthology.orchestra.run.smithi069.stdout:/usr/bin/ceph: stderr
2023-07-06T20:10:33.341+0000 7fc86d483700 1 -- 172.21.15.69:0/3787966166 <== mon.0 v2:172.21.15.69:3300/0 3 ==== mon_map magic: 0 v1 ==== 205+0+0 (secure 0 0 0) 0x7fc864011a00 con 0x7fc86807acc0
2023-07-06T20:10:34.005 INFO:teuthology.orchestra.run.smithi069.stdout:/usr/bin/ceph: stderr
2023-07-06T20:10:33.341+0000 7fc8706e9700 1 -- 172.21.15.69:0/3787966166 >> [v2:172.21.15.69:3300/0,v1:172.21.15.69:6789/0] conn(0x7fc86807acc0 msgr2=0x7fc8680791c0 secure :-1 s=STATE_CONNECTION_ESTABLISHED l=1).mark_down
2023-07-06T20:10:34.005 INFO:teuthology.orchestra.run.smithi069.stdout:/usr/bin/ceph: stderr
2023-07-06T20:10:33.341+0000 7fc8706e9700 1 --2- 172.21.15.69:0/3787966166 >> [v2:172.21.15.69:3300/0,v1:172.21.15.69:6789/0] conn(0x7fc86807acc0 0x7fc8680791c0 secure :-1 s=READY pgs=37 cs=0 l=1 rev1=1 crypto rx=0x7fc8640098a0 tx=0x7fc864009bb0 comp rx=0 tx=0).stop
2023-07-06T20:10:34.005 INFO:teuthology.orchestra.run.smithi069.stdout:/usr/bin/ceph: stderr
2023-07-06T20:10:33.342+0000 7fc8706e9700 1 -- 172.21.15.69:0/3787966166 shutdown_connections
2023-07-06T20:10:34.005 INFO:teuthology.orchestra.run.smithi069.stdout:/usr/bin/ceph: stderr
2023-07-06T20:10:33.342+0000 7fc8706e9700 1 --2- 172.21.15.69:0/3787966166 >> [v2:172.21.15.69:3300/0,v1:172.21.15.69:6789/0] conn(0x7fc86807acc0 0x7fc8680791c0 unknown :-1 s=CLOSED pgs=37 cs=0 l=1 rev1=1 crypto rx=0 tx=0 comp rx=0 tx=0).stop
2023-07-06T20:10:34.005 INFO:teuthology.orchestra.run.smithi069.stdout:/usr/bin/ceph: stderr
2023-07-06T20:10:33.342+0000 7fc8706e9700 1 -- 172.21.15.69:0/3787966166 >> 172.21.15.69:0/3787966166 conn(0x7fc868100b90 msgr2=0x7fc868102fc0 unknown :-1 s=STATE_NONE l=0).mark_down
2023-07-06T20:10:34.005 INFO:teuthology.orchestra.run.smithi069.stdout:/usr/bin/ceph: stderr
2023-07-06T20:10:33.342+0000 7fc8706e9700 1 -- 172.21.15.69:0/3787966166 shutdown_connections
2023-07-06T20:10:34.005 INFO:teuthology.orchestra.run.smithi069.stdout:/usr/bin/ceph: stderr
2023-07-06T20:10:33.342+0000 7fc8706e9700 1 -- 172.21.15.69:0/3787966166 wait complete.
2023-07-06T20:10:34.005 INFO:teuthology.orchestra.run.smithi069.stdout:/usr/bin/ceph: stderr
2023-07-06T20:10:33.343+0000 7fc8706e9700 1 Processor -- start
2023-07-06T20:10:34.006 INFO:teuthology.orchestra.run.smithi069.stdout:/usr/bin/ceph: stderr
2023-07-06T20:10:33.343+0000 7fc8706e9700 1 -- start start
2023-07-06T20:10:34.006 INFO:teuthology.orchestra.run.smithi069.stdout:/usr/bin/ceph: stderr
2023-07-06T20:10:33.344+0000 7fc8706e9700 1 --2- >> [v2:172.21.15.69:3300/0,v1:172.21.15.69:6789/0] conn(0x7fc86807acc0 0x7fc86819b560 unknown :-1 s=NONE pgs=0 cs=0 l=1 rev1=0 crypto rx=0 tx=0 comp rx=0 tx=0).connect
2023-07-06T20:10:34.006 INFO:teuthology.orchestra.run.smithi069.stdout:/usr/bin/ceph: stderr
2023-07-06T20:10:33.344+0000 7fc8706e9700 1 -- --> [v2:172.21.15.69:3300/0,v1:172.21.15.69:6789/0] -- mon_getmap magic: 0 v1 -- 0x7fc86819baa0 con 0x7fc86807acc0
2023-07-06T20:10:34.006 INFO:teuthology.orchestra.run.smithi069.stdout:/usr/bin/ceph: stderr
2023-07-06T20:10:33.344+0000 7fc86e485700 1 --2- >> [v2:172.21.15.69:3300/0,v1:172.21.15.69:6789/0] conn(0x7fc86807acc0 0x7fc86819b560 unknown :-1 s=BANNER_CONNECTING pgs=0 cs=0 l=1 rev1=0 crypto rx=0 tx=0 comp rx=0 tx=0)._handle_peer_banner_payload supported=3 required=0
2023-07-06T20:10:34.006 INFO:teuthology.orchestra.run.smithi069.stdout:/usr/bin/ceph: stderr
2023-07-06T20:10:33.344+0000 7fc86e485700 1 --2- >> [v2:172.21.15.69:3300/0,v1:172.21.15.69:6789/0] conn(0x7fc86807acc0 0x7fc86819b560 unknown :-1 s=HELLO_CONNECTING pgs=0 cs=0 l=1 rev1=1 crypto rx=0 tx=0 comp rx=0 tx=0).handle_hello peer v2:172.21.15.69:3300/0 says I am v2:172.21.15.69:58676/0 (socket says 172.21.15.69:58676)
2023-07-06T20:10:34.006 INFO:teuthology.orchestra.run.smithi069.stdout:/usr/bin/ceph: stderr
2023-07-06T20:10:33.344+0000 7fc86e485700 1 -- 172.21.15.69:0/4273996877 learned_addr learned my addr 172.21.15.69:0/4273996877 (peer_addr_for_me v2:172.21.15.69:0/0)
2023-07-06T20:10:34.006 INFO:teuthology.orchestra.run.smithi069.stdout:/usr/bin/ceph: stderr
2023-07-06T20:10:33.344+0000 7fc86e485700 1 -- 172.21.15.69:0/4273996877 --> [v2:172.21.15.69:3300/0,v1:172.21.15.69:6789/0] -- mon_subscribe({config=0+,monmap=0+}) v3 -- 0x7fc864009550 con 0x7fc86807acc0
2023-07-06T20:10:34.006 INFO:teuthology.orchestra.run.smithi069.stdout:/usr/bin/ceph: stderr
2023-07-06T20:10:33.345+0000 7fc86e485700 1 --2- 172.21.15.69:0/4273996877 >> [v2:172.21.15.69:3300/0,v1:172.21.15.69:6789/0] conn(0x7fc86807acc0 0x7fc86819b560 secure :-1 s=READY pgs=38 cs=0 l=1 rev1=1 crypto rx=0x7fc864009130 tx=0x7fc864011ad0 comp rx=0 tx=0).ready entity=mon.0 client_cookie=0 server_cookie=0 in_seq=0 out_seq=0
2023-07-06T20:10:34.007 INFO:teuthology.orchestra.run.smithi069.stdout:/usr/bin/ceph: stderr
2023-07-06T20:10:33.345+0000 7fc85f7fe700 1 -- 172.21.15.69:0/4273996877 <== mon.0 v2:172.21.15.69:3300/0 1 ==== mon_map magic: 0 v1 ==== 205+0+0 (secure 0 0 0) 0x7fc864003ab0 con 0x7fc86807acc0
2023-07-06T20:10:34.007 INFO:teuthology.orchestra.run.smithi069.stdout:/usr/bin/ceph: stderr
2023-07-06T20:10:33.345+0000 7fc85f7fe700 1 -- 172.21.15.69:0/4273996877 <== mon.0 v2:172.21.15.69:3300/0 2 ==== config(26 keys) v1 ==== 1074+0+0 (secure 0 0 0) 0x7fc864003c10 con 0x7fc86807acc0
2023-07-06T20:10:34.007 INFO:teuthology.orchestra.run.smithi069.stdout:/usr/bin/ceph: stderr
2023-07-06T20:10:33.345+0000 7fc8706e9700 1 -- 172.21.15.69:0/4273996877 --> [v2:172.21.15.69:3300/0,v1:172.21.15.69:6789/0] -- mon_subscribe({mgrmap=0+}) v3 -- 0x7fc86819bca0 con 0x7fc86807acc0
2023-07-06T20:10:34.007 INFO:teuthology.orchestra.run.smithi069.stdout:/usr/bin/ceph: stderr
2023-07-06T20:10:33.345+0000 7fc85f7fe700 1 -- 172.21.15.69:0/4273996877 <== mon.0 v2:172.21.15.69:3300/0 3 ==== mon_map magic: 0 v1 ==== 205+0+0 (secure 0 0 0) 0x7fc8640247d0 con 0x7fc86807acc0
2023-07-06T20:10:34.007 INFO:teuthology.orchestra.run.smithi069.stdout:/usr/bin/ceph: stderr
2023-07-06T20:10:33.345+0000 7fc8706e9700 1 -- 172.21.15.69:0/4273996877 --> [v2:172.21.15.69:3300/0,v1:172.21.15.69:6789/0] -- mon_subscribe({osdmap=0}) v3 -- 0x7fc86819c0c0 con 0x7fc86807acc0
2023-07-06T20:10:34.007 INFO:teuthology.orchestra.run.smithi069.stdout:/usr/bin/ceph: stderr
2023-07-06T20:10:33.346+0000 7fc85f7fe700 1 -- 172.21.15.69:0/4273996877 <== mon.0 v2:172.21.15.69:3300/0 4 ==== mgrmap(e 7) v1 ==== 45377+0+0 (secure 0 0 0) 0x7fc86401abb0 con 0x7fc86807acc0
2023-07-06T20:10:34.007 INFO:teuthology.orchestra.run.smithi069.stdout:/usr/bin/ceph: stderr
2023-07-06T20:10:33.346+0000 7fc8706e9700 1 -- 172.21.15.69:0/4273996877 --> [v2:172.21.15.69:3300/0,v1:172.21.15.69:6789/0] -- mon_command({"prefix": "get_command_descriptions"} v 0) v1 -- 0x7fc868195510 con 0x7fc86807acc0
2023-07-06T20:10:34.008 INFO:teuthology.orchestra.run.smithi069.stdout:/usr/bin/ceph: stderr
2023-07-06T20:10:33.346+0000 7fc85f7fe700 1 --2- 172.21.15.69:0/4273996877 >> [v2:172.21.15.69:6800/9699389,v1:172.21.15.69:6801/9699389] conn(0x7fc854038630 0x7fc85403aae0 unknown :-1 s=NONE pgs=0 cs=0 l=1 rev1=0 crypto rx=0 tx=0 comp rx=0 tx=0).connect
2023-07-06T20:10:34.008 INFO:teuthology.orchestra.run.smithi069.stdout:/usr/bin/ceph: stderr
2023-07-06T20:10:33.347+0000 7fc85f7fe700 1 -- 172.21.15.69:0/4273996877 <== mon.0 v2:172.21.15.69:3300/0 5 ==== osd_map(2..2 src has 1..2) v4 ==== 940+0+0 (secure 0 0 0) 0x7fc86404c650 con 0x7fc86807acc0
2023-07-06T20:10:34.008 INFO:teuthology.orchestra.run.smithi069.stdout:/usr/bin/ceph: stderr
2023-07-06T20:10:33.347+0000 7fc86dc84700 1 --2- 172.21.15.69:0/4273996877 >> [v2:172.21.15.69:6800/9699389,v1:172.21.15.69:6801/9699389] conn(0x7fc854038630 0x7fc85403aae0 unknown :-1 s=BANNER_CONNECTING pgs=0 cs=0 l=1 rev1=0 crypto rx=0 tx=0 comp rx=0 tx=0)._handle_peer_banner_payload supported=3 required=0
2023-07-06T20:10:34.008 INFO:teuthology.orchestra.run.smithi069.stdout:/usr/bin/ceph: stderr
2023-07-06T20:10:33.347+0000 7fc86dc84700 1 --2- 172.21.15.69:0/4273996877 >> [v2:172.21.15.69:6800/9699389,v1:172.21.15.69:6801/9699389] conn(0x7fc854038630 0x7fc85403aae0 secure :-1 s=READY pgs=7 cs=0 l=1 rev1=1 crypto rx=0x7fc858006fd0 tx=0x7fc858006e40 comp rx=0 tx=0).ready entity=mgr.14120 client_cookie=0 server_cookie=0 in_seq=0 out_seq=0
2023-07-06T20:10:34.008 INFO:teuthology.orchestra.run.smithi069.stdout:/usr/bin/ceph: stderr
2023-07-06T20:10:33.352+0000 7fc85f7fe700 1 -- 172.21.15.69:0/4273996877 <== mon.0 v2:172.21.15.69:3300/0 6 ==== mon_command_ack([{"prefix": "get_command_descriptions"}]=0 v0) v1 ==== 72+0+178008 (secure 0 0 0) 0x7fc864018530 con 0x7fc86807acc0
2023-07-06T20:10:34.008 INFO:teuthology.orchestra.run.smithi069.stdout:/usr/bin/ceph: stderr
2023-07-06T20:10:33.462+0000 7fc85f7fe700 1 -- 172.21.15.69:0/4273996877 <== mon.0 v2:172.21.15.69:3300/0 7 ==== mgrmap(e 8) v1 ==== 45483+0+0 (secure 0 0 0) 0x7fc86402d770 con 0x7fc86807acc0
2023-07-06T20:10:34.008 INFO:teuthology.orchestra.run.smithi069.stdout:/usr/bin/ceph: stderr
2023-07-06T20:10:33.562+0000 7fc8706e9700 1 -- 172.21.15.69:0/4273996877 --> [v2:172.21.15.69:6800/9699389,v1:172.21.15.69:6801/9699389] -- mgr_command(tid 0: {"prefix": "orch set backend", "module_name": "cephadm", "target": ["mon-mgr", ""]}) v1 -- 0x7fc868060a80 con 0x7fc854038630
2023-07-06T20:10:34.008 INFO:teuthology.orchestra.run.smithi069.stdout:/usr/bin/ceph: stderr
2023-07-06T20:10:33.569+0000 7fc85f7fe700 1 -- 172.21.15.69:0/4273996877 <== mgr.14120 v2:172.21.15.69:6800/9699389 1 ==== mgr_command_reply(tid 0: 0 ) v1 ==== 8+0+0 (secure 0 0 0) 0x7fc868060a80 con 0x7fc854038630
2023-07-06T20:10:34.009 INFO:teuthology.orchestra.run.smithi069.stdout:/usr/bin/ceph: stderr
2023-07-06T20:10:33.571+0000 7fc8706e9700 1 -- 172.21.15.69:0/4273996877 >> [v2:172.21.15.69:6800/9699389,v1:172.21.15.69:6801/9699389] conn(0x7fc854038630 msgr2=0x7fc85403aae0 secure :-1 s=STATE_CONNECTION_ESTABLISHED l=1).mark_down
2023-07-06T20:10:34.009 INFO:teuthology.orchestra.run.smithi069.stdout:/usr/bin/ceph: stderr
2023-07-06T20:10:33.571+0000 7fc8706e9700 1 --2- 172.21.15.69:0/4273996877 >> [v2:172.21.15.69:6800/9699389,v1:172.21.15.69:6801/9699389] conn(0x7fc854038630 0x7fc85403aae0 secure :-1 s=READY pgs=7 cs=0 l=1 rev1=1 crypto rx=0x7fc858006fd0 tx=0x7fc858006e40 comp rx=0 tx=0).stop
2023-07-06T20:10:34.009 INFO:teuthology.orchestra.run.smithi069.stdout:/usr/bin/ceph: stderr
2023-07-06T20:10:33.571+0000 7fc8706e9700 1 -- 172.21.15.69:0/4273996877 >> [v2:172.21.15.69:3300/0,v1:172.21.15.69:6789/0] conn(0x7fc86807acc0 msgr2=0x7fc86819b560 secure :-1 s=STATE_CONNECTION_ESTABLISHED l=1).mark_down
2023-07-06T20:10:34.009 INFO:teuthology.orchestra.run.smithi069.stdout:/usr/bin/ceph: stderr
2023-07-06T20:10:33.571+0000 7fc8706e9700 1 --2- 172.21.15.69:0/4273996877 >> [v2:172.21.15.69:3300/0,v1:172.21.15.69:6789/0] conn(0x7fc86807acc0 0x7fc86819b560 secure :-1 s=READY pgs=38 cs=0 l=1 rev1=1 crypto rx=0x7fc864009130 tx=0x7fc864011ad0 comp rx=0 tx=0).stop
2023-07-06T20:10:34.009 INFO:teuthology.orchestra.run.smithi069.stdout:/usr/bin/ceph: stderr
2023-07-06T20:10:33.571+0000 7fc8706e9700 1 -- 172.21.15.69:0/4273996877 shutdown_connections
2023-07-06T20:10:34.009 INFO:teuthology.orchestra.run.smithi069.stdout:/usr/bin/ceph: stderr
2023-07-06T20:10:33.571+0000 7fc8706e9700 1 --2- 172.21.15.69:0/4273996877 >> [v2:172.21.15.69:6800/9699389,v1:172.21.15.69:6801/9699389] conn(0x7fc854038630 0x7fc85403aae0 unknown :-1 s=CLOSED pgs=7 cs=0 l=1 rev1=1 crypto rx=0 tx=0 comp rx=0 tx=0).stop
2023-07-06T20:10:34.009 INFO:teuthology.orchestra.run.smithi069.stdout:/usr/bin/ceph: stderr
2023-07-06T20:10:33.571+0000 7fc8706e9700 1 --2- 172.21.15.69:0/4273996877 >> [v2:172.21.15.69:3300/0,v1:172.21.15.69:6789/0] conn(0x7fc86807acc0 0x7fc86819b560 unknown :-1 s=CLOSED pgs=38 cs=0 l=1 rev1=1 crypto rx=0 tx=0 comp rx=0 tx=0).stop
2023-07-06T20:10:34.010 INFO:teuthology.orchestra.run.smithi069.stdout:/usr/bin/ceph: stderr
2023-07-06T20:10:33.571+0000 7fc8706e9700 1 -- 172.21.15.69:0/4273996877 >> 172.21.15.69:0/4273996877 conn(0x7fc868100b90 msgr2=0x7fc8681022d0 unknown :-1 s=STATE_NONE l=0).mark_down
2023-07-06T20:10:34.010 INFO:teuthology.orchestra.run.smithi069.stdout:/usr/bin/ceph: stderr
2023-07-06T20:10:33.572+0000 7fc8706e9700 1 -- 172.21.15.69:0/4273996877 shutdown_connections
2023-07-06T20:10:34.010 INFO:teuthology.orchestra.run.smithi069.stdout:/usr/bin/ceph: stderr
2023-07-06T20:10:33.572+0000 7fc8706e9700 1 -- 172.21.15.69:0/4273996877 wait complete.
2023-07-06T20:10:34.758 INFO:journalctl@ceph.mon.a.smithi069.stdout:Jul 06 20:10:34 smithi069 ceph-mon[126399]: mgrmap e8: x(active, since 2s)
2023-07-06T20:10:34.759 INFO:journalctl@ceph.mon.a.smithi069.stdout:Jul 06 20:10:34 smithi069 ceph-mon[126399]: from='client.14132 -' entity='client.admin' cmd=[{"prefix": "orch set backend", "module_name": "cephadm", "target": ["mon-mgr", ""]}]: dispatch
2023-07-06T20:10:34.759 INFO:journalctl@ceph.mon.a.smithi069.stdout:Jul 06 20:10:34 smithi069 ceph-mon[126399]: from='mgr.14120 172.21.15.69:0/2672941734' entity='mgr.x'
2023-07-06T20:10:34.759 INFO:journalctl@ceph.mon.a.smithi069.stdout:Jul 06 20:10:34 smithi069 ceph-mon[126399]: from='mgr.14120 172.21.15.69:0/2672941734' entity='mgr.x' cmd=[{"prefix": "config dump", "format": "json"}]: dispatch
2023-07-06T20:10:35.178 INFO:teuthology.orchestra.run.smithi069.stdout:/usr/bin/ceph: stdout value unchanged
2023-07-06T20:10:35.178 INFO:teuthology.orchestra.run.smithi069.stdout:/usr/bin/ceph: stderr
2023-07-06T20:10:34.539+0000 7f0d0e7d0700 1 Processor -- start
2023-07-06T20:10:35.179 INFO:teuthology.orchestra.run.smithi069.stdout:/usr/bin/ceph: stderr
2023-07-06T20:10:34.540+0000 7f0d0e7d0700 1 -- start start
2023-07-06T20:10:35.179 INFO:teuthology.orchestra.run.smithi069.stdout:/usr/bin/ceph: stderr
2023-07-06T20:10:34.540+0000 7f0d0e7d0700 1 --2- >> [v2:172.21.15.69:3300/0,v1:172.21.15.69:6789/0] conn(0x7f0d08105fb0 0x7f0d08108390 unknown :-1 s=NONE pgs=0 cs=0 l=0 rev1=0 crypto rx=0 tx=0 comp rx=0 tx=0).connect
2023-07-06T20:10:35.179 INFO:teuthology.orchestra.run.smithi069.stdout:/usr/bin/ceph: stderr
2023-07-06T20:10:34.540+0000 7f0d0e7d0700 1 -- --> [v2:172.21.15.69:3300/0,v1:172.21.15.69:6789/0] -- mon_getmap magic: 0 v1 -- 0x7f0d08073d80 con 0x7f0d08105fb0
2023-07-06T20:10:35.179 INFO:teuthology.orchestra.run.smithi069.stdout:/usr/bin/ceph: stderr
2023-07-06T20:10:34.540+0000 7f0d07fff700 1 --2- >> [v2:172.21.15.69:3300/0,v1:172.21.15.69:6789/0] conn(0x7f0d08105fb0 0x7f0d08108390 unknown :-1 s=BANNER_CONNECTING pgs=0 cs=0 l=0 rev1=0 crypto rx=0 tx=0 comp rx=0 tx=0)._handle_peer_banner_payload supported=3 required=0
2023-07-06T20:10:35.179 INFO:teuthology.orchestra.run.smithi069.stdout:/usr/bin/ceph: stderr
2023-07-06T20:10:34.540+0000 7f0d07fff700 1 --2- >> [v2:172.21.15.69:3300/0,v1:172.21.15.69:6789/0] conn(0x7f0d08105fb0 0x7f0d08108390 unknown :-1 s=HELLO_CONNECTING pgs=0 cs=0 l=0 rev1=1 crypto rx=0 tx=0 comp rx=0 tx=0).handle_hello peer v2:172.21.15.69:3300/0 says I am v2:172.21.15.69:58682/0 (socket says 172.21.15.69:58682)
2023-07-06T20:10:35.179 INFO:teuthology.orchestra.run.smithi069.stdout:/usr/bin/ceph: stderr
2023-07-06T20:10:34.540+0000 7f0d07fff700 1 -- 172.21.15.69:0/75621562 learned_addr learned my addr 172.21.15.69:0/75621562 (peer_addr_for_me v2:172.21.15.69:0/0)
2023-07-06T20:10:35.180 INFO:teuthology.orchestra.run.smithi069.stdout:/usr/bin/ceph: stderr
2023-07-06T20:10:34.541+0000 7f0d07fff700 1 -- 172.21.15.69:0/75621562 --> [v2:172.21.15.69:3300/0,v1:172.21.15.69:6789/0] -- mon_subscribe({config=0+,monmap=0+}) v3 -- 0x7f0d08073ec0 con 0x7f0d08105fb0
2023-07-06T20:10:35.180 INFO:teuthology.orchestra.run.smithi069.stdout:/usr/bin/ceph: stderr
2023-07-06T20:10:34.541+0000 7f0d07fff700 1 --2- 172.21.15.69:0/75621562 >> [v2:172.21.15.69:3300/0,v1:172.21.15.69:6789/0] conn(0x7f0d08105fb0 0x7f0d08108390 secure :-1 s=READY pgs=39 cs=0 l=1 rev1=1 crypto rx=0x7f0cf80098a0 tx=0x7f0cf8009bb0 comp rx=0 tx=0).ready entity=mon.0 client_cookie=77bf3896773d2214 server_cookie=0 in_seq=0 out_seq=0
2023-07-06T20:10:35.180 INFO:teuthology.orchestra.run.smithi069.stdout:/usr/bin/ceph: stderr
2023-07-06T20:10:34.541+0000 7f0d06ffd700 1 -- 172.21.15.69:0/75621562 <== mon.0 v2:172.21.15.69:3300/0 1 ==== mon_map magic: 0 v1 ==== 205+0+0 (secure 0 0 0) 0x7f0cf8004160 con 0x7f0d08105fb0
2023-07-06T20:10:35.180 INFO:teuthology.orchestra.run.smithi069.stdout:/usr/bin/ceph: stderr
2023-07-06T20:10:34.541+0000 7f0d06ffd700 1 -- 172.21.15.69:0/75621562 <== mon.0 v2:172.21.15.69:3300/0 2 ==== config(26 keys) v1 ==== 1074+0+0 (secure 0 0 0) 0x7f0cf80042c0 con 0x7f0d08105fb0
2023-07-06T20:10:35.180 INFO:teuthology.orchestra.run.smithi069.stdout:/usr/bin/ceph: stderr
2023-07-06T20:10:34.541+0000 7f0d06ffd700 1 -- 172.21.15.69:0/75621562 <== mon.0 v2:172.21.15.69:3300/0 3 ==== mon_map magic: 0 v1 ==== 205+0+0 (secure 0 0 0) 0x7f0cf8011a00 con 0x7f0d08105fb0
2023-07-06T20:10:35.180 INFO:teuthology.orchestra.run.smithi069.stdout:/usr/bin/ceph: stderr
2023-07-06T20:10:34.542+0000 7f0d0e7d0700 1 -- 172.21.15.69:0/75621562 >> [v2:172.21.15.69:3300/0,v1:172.21.15.69:6789/0] conn(0x7f0d08105fb0 msgr2=0x7f0d08108390 secure :-1 s=STATE_CONNECTION_ESTABLISHED l=1).mark_down
2023-07-06T20:10:35.180 INFO:teuthology.orchestra.run.smithi069.stdout:/usr/bin/ceph: stderr
2023-07-06T20:10:34.542+0000 7f0d0e7d0700 1 --2- 172.21.15.69:0/75621562 >> [v2:172.21.15.69:3300/0,v1:172.21.15.69:6789/0] conn(0x7f0d08105fb0 0x7f0d08108390 secure :-1 s=READY pgs=39 cs=0 l=1 rev1=1 crypto rx=0x7f0cf80098a0 tx=0x7f0cf8009bb0 comp rx=0 tx=0).stop
2023-07-06T20:10:35.180 INFO:teuthology.orchestra.run.smithi069.stdout:/usr/bin/ceph: stderr
2023-07-06T20:10:34.542+0000 7f0d0e7d0700 1 -- 172.21.15.69:0/75621562 shutdown_connections
2023-07-06T20:10:35.181 INFO:teuthology.orchestra.run.smithi069.stdout:/usr/bin/ceph: stderr
2023-07-06T20:10:34.542+0000 7f0d0e7d0700 1 --2- 172.21.15.69:0/75621562 >> [v2:172.21.15.69:3300/0,v1:172.21.15.69:6789/0] conn(0x7f0d08105fb0 0x7f0d08108390 unknown :-1 s=CLOSED pgs=39 cs=0 l=1 rev1=1 crypto rx=0 tx=0 comp rx=0 tx=0).stop
2023-07-06T20:10:35.181 INFO:teuthology.orchestra.run.smithi069.stdout:/usr/bin/ceph: stderr
2023-07-06T20:10:34.542+0000 7f0d0e7d0700 1 -- 172.21.15.69:0/75621562 >> 172.21.15.69:0/75621562 conn(0x7f0d080ff9b0 msgr2=0x7f0d08101e20 unknown :-1 s=STATE_NONE l=0).mark_down
2023-07-06T20:10:35.181 INFO:teuthology.orchestra.run.smithi069.stdout:/usr/bin/ceph: stderr
2023-07-06T20:10:34.542+0000 7f0d0e7d0700 1 -- 172.21.15.69:0/75621562 shutdown_connections
2023-07-06T20:10:35.183 INFO:teuthology.orchestra.run.smithi069.stdout:/usr/bin/ceph: stderr
2023-07-06T20:10:34.542+0000 7f0d0e7d0700 1 -- 172.21.15.69:0/75621562 wait complete.
2023-07-06T20:10:35.184 INFO:teuthology.orchestra.run.smithi069.stdout:/usr/bin/ceph: stderr
2023-07-06T20:10:34.543+0000 7f0d0e7d0700 1 Processor -- start
2023-07-06T20:10:35.184 INFO:teuthology.orchestra.run.smithi069.stdout:/usr/bin/ceph: stderr
2023-07-06T20:10:34.544+0000 7f0d0e7d0700 1 -- start start
2023-07-06T20:10:35.184 INFO:teuthology.orchestra.run.smithi069.stdout:/usr/bin/ceph: stderr
2023-07-06T20:10:34.544+0000 7f0d0e7d0700 1 --2- >> [v2:172.21.15.69:3300/0,v1:172.21.15.69:6789/0] conn(0x7f0d08105fb0 0x7f0d0819b3c0 unknown :-1 s=NONE pgs=0 cs=0 l=1 rev1=0 crypto rx=0 tx=0 comp rx=0 tx=0).connect
2023-07-06T20:10:35.184 INFO:teuthology.orchestra.run.smithi069.stdout:/usr/bin/ceph: stderr
2023-07-06T20:10:34.544+0000 7f0d0e7d0700 1 -- --> [v2:172.21.15.69:3300/0,v1:172.21.15.69:6789/0] -- mon_getmap magic: 0 v1 -- 0x7f0d0819b900 con 0x7f0d08105fb0
2023-07-06T20:10:35.184 INFO:teuthology.orchestra.run.smithi069.stdout:/usr/bin/ceph: stderr
2023-07-06T20:10:34.544+0000 7f0d07fff700 1 --2- >> [v2:172.21.15.69:3300/0,v1:172.21.15.69:6789/0] conn(0x7f0d08105fb0 0x7f0d0819b3c0 unknown :-1 s=BANNER_CONNECTING pgs=0 cs=0 l=1 rev1=0 crypto rx=0 tx=0 comp rx=0 tx=0)._handle_peer_banner_payload supported=3 required=0
2023-07-06T20:10:35.184 INFO:teuthology.orchestra.run.smithi069.stdout:/usr/bin/ceph: stderr
2023-07-06T20:10:34.544+0000 7f0d07fff700 1 --2- >> [v2:172.21.15.69:3300/0,v1:172.21.15.69:6789/0] conn(0x7f0d08105fb0 0x7f0d0819b3c0 unknown :-1 s=HELLO_CONNECTING pgs=0 cs=0 l=1 rev1=1 crypto rx=0 tx=0 comp rx=0 tx=0).handle_hello peer v2:172.21.15.69:3300/0 says I am v2:172.21.15.69:58694/0 (socket says 172.21.15.69:58694)
2023-07-06T20:10:35.184 INFO:teuthology.orchestra.run.smithi069.stdout:/usr/bin/ceph: stderr
2023-07-06T20:10:34.544+0000 7f0d07fff700 1 -- 172.21.15.69:0/2454070958 learned_addr learned my addr 172.21.15.69:0/2454070958 (peer_addr_for_me v2:172.21.15.69:0/0)
2023-07-06T20:10:35.185 INFO:teuthology.orchestra.run.smithi069.stdout:/usr/bin/ceph: stderr
2023-07-06T20:10:34.544+0000 7f0d07fff700 1 -- 172.21.15.69:0/2454070958 --> [v2:172.21.15.69:3300/0,v1:172.21.15.69:6789/0] -- mon_subscribe({config=0+,monmap=0+}) v3 -- 0x7f0cf8009550 con 0x7f0d08105fb0
2023-07-06T20:10:35.185 INFO:teuthology.orchestra.run.smithi069.stdout:/usr/bin/ceph: stderr
2023-07-06T20:10:34.545+0000 7f0d07fff700 1 --2- 172.21.15.69:0/2454070958 >> [v2:172.21.15.69:3300/0,v1:172.21.15.69:6789/0] conn(0x7f0d08105fb0 0x7f0d0819b3c0 secure :-1 s=READY pgs=40 cs=0 l=1 rev1=1 crypto rx=0x7f0cf8006af0 tx=0x7f0cf8011ad0 comp rx=0 tx=0).ready entity=mon.0 client_cookie=0 server_cookie=0 in_seq=0 out_seq=0
2023-07-06T20:10:35.185 INFO:teuthology.orchestra.run.smithi069.stdout:/usr/bin/ceph: stderr
2023-07-06T20:10:34.545+0000 7f0d057fa700 1 -- 172.21.15.69:0/2454070958 <== mon.0 v2:172.21.15.69:3300/0 1 ==== mon_map magic: 0 v1 ==== 205+0+0 (secure 0 0 0) 0x7f0cf8003a40 con 0x7f0d08105fb0
2023-07-06T20:10:35.185 INFO:teuthology.orchestra.run.smithi069.stdout:/usr/bin/ceph: stderr
2023-07-06T20:10:34.545+0000 7f0d057fa700 1 -- 172.21.15.69:0/2454070958 <== mon.0 v2:172.21.15.69:3300/0 2 ==== config(26 keys) v1 ==== 1074+0+0 (secure 0 0 0) 0x7f0cf8003ba0 con 0x7f0d08105fb0
2023-07-06T20:10:35.185 INFO:teuthology.orchestra.run.smithi069.stdout:/usr/bin/ceph: stderr
2023-07-06T20:10:34.545+0000 7f0d057fa700 1 -- 172.21.15.69:0/2454070958 <== mon.0 v2:172.21.15.69:3300/0 3 ==== mon_map magic: 0 v1 ==== 205+0+0 (secure 0 0 0) 0x7f0cf801a700 con 0x7f0d08105fb0
2023-07-06T20:10:35.185 INFO:teuthology.orchestra.run.smithi069.stdout:/usr/bin/ceph: stderr
2023-07-06T20:10:34.545+0000 7f0d0e7d0700 1 -- 172.21.15.69:0/2454070958 --> [v2:172.21.15.69:3300/0,v1:172.21.15.69:6789/0] -- mon_subscribe({mgrmap=0+}) v3 -- 0x7f0d0819bb00 con 0x7f0d08105fb0
2023-07-06T20:10:35.185 INFO:teuthology.orchestra.run.smithi069.stdout:/usr/bin/ceph: stderr
2023-07-06T20:10:34.545+0000 7f0d0e7d0700 1 -- 172.21.15.69:0/2454070958 --> [v2:172.21.15.69:3300/0,v1:172.21.15.69:6789/0] -- mon_subscribe({osdmap=0}) v3 -- 0x7f0d0819bf20 con 0x7f0d08105fb0
2023-07-06T20:10:35.185 INFO:teuthology.orchestra.run.smithi069.stdout:/usr/bin/ceph: stderr
2023-07-06T20:10:34.546+0000 7f0d057fa700 1 -- 172.21.15.69:0/2454070958 <== mon.0 v2:172.21.15.69:3300/0 4 ==== mgrmap(e 8) v1 ==== 45483+0+0 (secure 0 0 0) 0x7f0cf8024ad0 con 0x7f0d08105fb0
2023-07-06T20:10:35.186 INFO:teuthology.orchestra.run.smithi069.stdout:/usr/bin/ceph: stderr
2023-07-06T20:10:34.546+0000 7f0d0e7d0700 1 -- 172.21.15.69:0/2454070958 --> [v2:172.21.15.69:3300/0,v1:172.21.15.69:6789/0] -- mon_command({"prefix": "get_command_descriptions"} v 0) v1 -- 0x7f0d08061c70 con 0x7f0d08105fb0
2023-07-06T20:10:35.186 INFO:teuthology.orchestra.run.smithi069.stdout:/usr/bin/ceph: stderr
2023-07-06T20:10:34.547+0000 7f0d057fa700 1 --2- 172.21.15.69:0/2454070958 >> [v2:172.21.15.69:6800/9699389,v1:172.21.15.69:6801/9699389] conn(0x7f0cf0038760 0x7f0cf003ac10 unknown :-1 s=NONE pgs=0 cs=0 l=1 rev1=0 crypto rx=0 tx=0 comp rx=0 tx=0).connect
2023-07-06T20:10:35.186 INFO:teuthology.orchestra.run.smithi069.stdout:/usr/bin/ceph: stderr
2023-07-06T20:10:34.547+0000 7f0d057fa700 1 -- 172.21.15.69:0/2454070958 <== mon.0 v2:172.21.15.69:3300/0 5 ==== osd_map(2..2 src has 1..2) v4 ==== 940+0+0 (secure 0 0 0) 0x7f0cf804c6d0 con 0x7f0d08105fb0
2023-07-06T20:10:35.186 INFO:teuthology.orchestra.run.smithi069.stdout:/usr/bin/ceph: stderr
2023-07-06T20:10:34.547+0000 7f0d077fe700 1 --2- 172.21.15.69:0/2454070958 >> [v2:172.21.15.69:6800/9699389,v1:172.21.15.69:6801/9699389] conn(0x7f0cf0038760 0x7f0cf003ac10 unknown :-1 s=BANNER_CONNECTING pgs=0 cs=0 l=1 rev1=0 crypto rx=0 tx=0 comp rx=0 tx=0)._handle_peer_banner_payload supported=3 required=0
2023-07-06T20:10:35.186 INFO:teuthology.orchestra.run.smithi069.stdout:/usr/bin/ceph: stderr
2023-07-06T20:10:34.548+0000 7f0d077fe700 1 --2- 172.21.15.69:0/2454070958 >> [v2:172.21.15.69:6800/9699389,v1:172.21.15.69:6801/9699389] conn(0x7f0cf0038760 0x7f0cf003ac10 secure :-1 s=READY pgs=8 cs=0 l=1 rev1=1 crypto rx=0x7f0cfc006fd0 tx=0x7f0cfc006e40 comp rx=0 tx=0).ready entity=mgr.14120 client_cookie=0 server_cookie=0 in_seq=0 out_seq=0
2023-07-06T20:10:35.186 INFO:teuthology.orchestra.run.smithi069.stdout:/usr/bin/ceph: stderr
2023-07-06T20:10:34.552+0000 7f0d057fa700 1 -- 172.21.15.69:0/2454070958 <== mon.0 v2:172.21.15.69:3300/0 6 ==== mon_command_ack([{"prefix": "get_command_descriptions"}]=0 v0) v1 ==== 72+0+178008 (secure 0 0 0) 0x7f0cf8024430 con 0x7f0d08105fb0
2023-07-06T20:10:35.186 INFO:teuthology.orchestra.run.smithi069.stdout:/usr/bin/ceph: stderr
2023-07-06T20:10:34.746+0000 7f0d0e7d0700 1 -- 172.21.15.69:0/2454070958 --> [v2:172.21.15.69:6800/9699389,v1:172.21.15.69:6801/9699389] -- mgr_command(tid 0: {"prefix": "cephadm set-user", "user": "root", "target": ["mon-mgr", ""]}) v1 -- 0x7f0d08101cf0 con 0x7f0cf0038760
