2023-07-06T20:10:49.895+0000 7f1fe5ffb700 1 --2- 172.21.15.69:0/1926082910 >> [v2:172.21.15.69:6800/9699389,v1:172.21.15.69:6801/9699389] conn(0x7f1fd80387b0 0x7f1fd803ac60 unknown :-1 s=NONE pgs=0 cs=0 l=1 rev1=0 crypto rx=0 tx=0 comp rx=0 tx=0).connect
2023-07-06T20:10:50.825 INFO:teuthology.orchestra.run.smithi069.stdout:/usr/bin/ceph: stderr
2023-07-06T20:10:49.896+0000 7f1fe5ffb700 1 -- 172.21.15.69:0/1926082910 <== mon.0 v2:172.21.15.69:3300/0 5 ==== osd_map(2..2 src has 1..2) v4 ==== 940+0+0 (secure 0 0 0) 0x7f1fdc04c410 con 0x7f1fe81059e0
2023-07-06T20:10:50.825 INFO:teuthology.orchestra.run.smithi069.stdout:/usr/bin/ceph: stderr
2023-07-06T20:10:49.896+0000 7f1fe7fff700 1 -- 172.21.15.69:0/1926082910 >> [v2:172.21.15.69:6800/9699389,v1:172.21.15.69:6801/9699389] conn(0x7f1fd80387b0 msgr2=0x7f1fd803ac60 unknown :-1 s=STATE_CONNECTING_RE l=1).process reconnect failed to v2:172.21.15.69:6800/9699389
2023-07-06T20:10:50.825 INFO:journalctl@ceph.mgr.x.smithi069.stdout:Jul 06 20:10:50 smithi069 ceph-e3e8ec0c-1c38-11ee-9b2f-001a4aab830c-mgr-x[126649]:
2023-07-06T20:10:50.559+0000 7f3d791e0200 -1 mgr[py] Module selftest has missing NOTIFY_TYPES member
2023-07-06T20:10:50.825 INFO:journalctl@ceph.mgr.x.smithi069.stdout:Jul 06 20:10:50 smithi069 ceph-e3e8ec0c-1c38-11ee-9b2f-001a4aab830c-mgr-x[126649]:
2023-07-06T20:10:50.688+0000 7f3d791e0200 -1 mgr[py] Module alerts has missing NOTIFY_TYPES member
2023-07-06T20:10:50.826 INFO:teuthology.orchestra.run.smithi069.stdout:/usr/bin/ceph: stderr
2023-07-06T20:10:49.896+0000 7f1fe7fff700 1 --2- 172.21.15.69:0/1926082910 >> [v2:172.21.15.69:6800/9699389,v1:172.21.15.69:6801/9699389] conn(0x7f1fd80387b0 0x7f1fd803ac60 unknown :-1 s=START_CONNECT pgs=0 cs=0 l=1 rev1=0 crypto rx=0 tx=0 comp rx=0 tx=0)._fault waiting 0.200000
2023-07-06T20:10:50.827 INFO:teuthology.orchestra.run.smithi069.stdout:/usr/bin/ceph: stderr
2023-07-06T20:10:49.902+0000 7f1fe5ffb700 1 -- 172.21.15.69:0/1926082910 <== mon.0 v2:172.21.15.69:3300/0 6 ==== mon_command_ack([{"prefix": "get_command_descriptions"}]=0 v0) v1 ==== 72+0+178008 (secure 0 0 0) 0x7f1fdc0199e0 con 0x7f1fe81059e0
2023-07-06T20:10:50.827 INFO:teuthology.orchestra.run.smithi069.stdout:/usr/bin/ceph: stderr
2023-07-06T20:10:50.097+0000 7f1fe7fff700 1 -- 172.21.15.69:0/1926082910 >> [v2:172.21.15.69:6800/9699389,v1:172.21.15.69:6801/9699389] conn(0x7f1fd80387b0 msgr2=0x7f1fd803ac60 unknown :-1 s=STATE_CONNECTING_RE l=1).process reconnect failed to v2:172.21.15.69:6800/9699389
2023-07-06T20:10:50.827 INFO:teuthology.orchestra.run.smithi069.stdout:/usr/bin/ceph: stderr
2023-07-06T20:10:50.097+0000 7f1fe7fff700 1 --2- 172.21.15.69:0/1926082910 >> [v2:172.21.15.69:6800/9699389,v1:172.21.15.69:6801/9699389] conn(0x7f1fd80387b0 0x7f1fd803ac60 unknown :-1 s=START_CONNECT pgs=0 cs=0 l=1 rev1=0 crypto rx=0 tx=0 comp rx=0 tx=0)._fault waiting 0.400000
2023-07-06T20:10:50.827 INFO:teuthology.orchestra.run.smithi069.stdout:/usr/bin/ceph: stderr
2023-07-06T20:10:50.171+0000 7f1feefb0700 1 -- 172.21.15.69:0/1926082910 --> [v2:172.21.15.69:3300/0,v1:172.21.15.69:6789/0] -- mon_command({"prefix": "mgr stat"} v 0) v1 -- 0x7f1fe8061c70 con 0x7f1fe81059e0
2023-07-06T20:10:50.828 INFO:teuthology.orchestra.run.smithi069.stdout:/usr/bin/ceph: stderr
2023-07-06T20:10:50.172+0000 7f1fe5ffb700 1 -- 172.21.15.69:0/1926082910 <== mon.0 v2:172.21.15.69:3300/0 7 ==== mon_command_ack([{"prefix": "mgr stat"}]=0 v9) v1 ==== 56+0+88 (secure 0 0 0) 0x7f1fdc023b80 con 0x7f1fe81059e0
2023-07-06T20:10:50.828 INFO:teuthology.orchestra.run.smithi069.stdout:/usr/bin/ceph: stderr
2023-07-06T20:10:50.175+0000 7f1feefb0700 1 -- 172.21.15.69:0/1926082910 >> [v2:172.21.15.69:6800/9699389,v1:172.21.15.69:6801/9699389] conn(0x7f1fd80387b0 msgr2=0x7f1fd803ac60 unknown :-1 s=STATE_CONNECTING l=1).mark_down
2023-07-06T20:10:50.828 INFO:teuthology.orchestra.run.smithi069.stdout:/usr/bin/ceph: stderr
2023-07-06T20:10:50.175+0000 7f1feefb0700 1 --2- 172.21.15.69:0/1926082910 >> [v2:172.21.15.69:6800/9699389,v1:172.21.15.69:6801/9699389] conn(0x7f1fd80387b0 0x7f1fd803ac60 unknown :-1 s=START_CONNECT pgs=0 cs=0 l=1 rev1=0 crypto rx=0 tx=0 comp rx=0 tx=0).stop
2023-07-06T20:10:50.828 INFO:teuthology.orchestra.run.smithi069.stdout:/usr/bin/ceph: stderr
2023-07-06T20:10:50.175+0000 7f1feefb0700 1 -- 172.21.15.69:0/1926082910 >> [v2:172.21.15.69:3300/0,v1:172.21.15.69:6789/0] conn(0x7f1fe81059e0 msgr2=0x7f1fe8104070 secure :-1 s=STATE_CONNECTION_ESTABLISHED l=1).mark_down
2023-07-06T20:10:50.828 INFO:teuthology.orchestra.run.smithi069.stdout:/usr/bin/ceph: stderr
2023-07-06T20:10:50.175+0000 7f1feefb0700 1 --2- 172.21.15.69:0/1926082910 >> [v2:172.21.15.69:3300/0,v1:172.21.15.69:6789/0] conn(0x7f1fe81059e0 0x7f1fe8104070 secure :-1 s=READY pgs=60 cs=0 l=1 rev1=1 crypto rx=0x7f1fdc003f00 tx=0x7f1fdc011eb0 comp rx=0 tx=0).stop
2023-07-06T20:10:50.829 INFO:teuthology.orchestra.run.smithi069.stdout:/usr/bin/ceph: stderr
2023-07-06T20:10:50.175+0000 7f1feefb0700 1 -- 172.21.15.69:0/1926082910 shutdown_connections
2023-07-06T20:10:50.829 INFO:teuthology.orchestra.run.smithi069.stdout:/usr/bin/ceph: stderr
2023-07-06T20:10:50.175+0000 7f1feefb0700 1 --2- 172.21.15.69:0/1926082910 >> [v2:172.21.15.69:6800/9699389,v1:172.21.15.69:6801/9699389] conn(0x7f1fd80387b0 0x7f1fd803ac60 unknown :-1 s=CLOSED pgs=0 cs=0 l=1 rev1=0 crypto rx=0 tx=0 comp rx=0 tx=0).stop
2023-07-06T20:10:50.829 INFO:teuthology.orchestra.run.smithi069.stdout:/usr/bin/ceph: stderr
2023-07-06T20:10:50.175+0000 7f1feefb0700 1 --2- 172.21.15.69:0/1926082910 >> [v2:172.21.15.69:3300/0,v1:172.21.15.69:6789/0] conn(0x7f1fe81059e0 0x7f1fe8104070 unknown :-1 s=CLOSED pgs=60 cs=0 l=1 rev1=1 crypto rx=0 tx=0 comp rx=0 tx=0).stop
2023-07-06T20:10:50.829 INFO:teuthology.orchestra.run.smithi069.stdout:/usr/bin/ceph: stderr
2023-07-06T20:10:50.175+0000 7f1feefb0700 1 -- 172.21.15.69:0/1926082910 >> 172.21.15.69:0/1926082910 conn(0x7f1fe80ffa80 msgr2=0x7f1fe81011c0 unknown :-1 s=STATE_NONE l=0).mark_down
2023-07-06T20:10:50.830 INFO:teuthology.orchestra.run.smithi069.stdout:/usr/bin/ceph: stderr
2023-07-06T20:10:50.175+0000 7f1feefb0700 1 -- 172.21.15.69:0/1926082910 shutdown_connections
2023-07-06T20:10:50.830 INFO:teuthology.orchestra.run.smithi069.stdout:/usr/bin/ceph: stderr
2023-07-06T20:10:50.175+0000 7f1feefb0700 1 -- 172.21.15.69:0/1926082910 wait complete.
2023-07-06T20:10:50.830 INFO:teuthology.orchestra.run.smithi069.stdout:Waiting for the mgr to restart...
2023-07-06T20:10:50.831 INFO:teuthology.orchestra.run.smithi069.stdout:Waiting for mgr epoch 9...
2023-07-06T20:10:51.082 INFO:journalctl@ceph.mon.a.smithi069.stdout:Jul 06 20:10:50 smithi069 ceph-mon[126399]: from='client.? 172.21.15.69:0/1926082910' entity='client.admin' cmd=[{"prefix": "mgr stat"}]: dispatch
2023-07-06T20:10:51.508 INFO:journalctl@ceph.mgr.x.smithi069.stdout:Jul 06 20:10:51 smithi069 ceph-e3e8ec0c-1c38-11ee-9b2f-001a4aab830c-mgr-x[126649]:
2023-07-06T20:10:51.252+0000 7f3d791e0200 -1 mgr[py] Module progress has missing NOTIFY_TYPES member
2023-07-06T20:10:52.259 INFO:journalctl@ceph.mgr.x.smithi069.stdout:Jul 06 20:10:51 smithi069 ceph-e3e8ec0c-1c38-11ee-9b2f-001a4aab830c-mgr-x[126649]:
2023-07-06T20:10:51.995+0000 7f3d791e0200 -1 mgr[py] Module rook has missing NOTIFY_TYPES member
2023-07-06T20:10:52.259 INFO:journalctl@ceph.mgr.x.smithi069.stdout:Jul 06 20:10:52 smithi069 ceph-e3e8ec0c-1c38-11ee-9b2f-001a4aab830c-mgr-x[126649]:
2023-07-06T20:10:52.203+0000 7f3d791e0200 -1 mgr[py] Module iostat has missing NOTIFY_TYPES member
2023-07-06T20:10:53.475 INFO:journalctl@ceph.mgr.x.smithi069.stdout:Jul 06 20:10:53 smithi069 ceph-e3e8ec0c-1c38-11ee-9b2f-001a4aab830c-mgr-x[126649]:
2023-07-06T20:10:53.134+0000 7f3d791e0200 -1 mgr[py] Module test_orchestrator has missing NOTIFY_TYPES member
2023-07-06T20:10:53.476 INFO:journalctl@ceph.mgr.x.smithi069.stdout:Jul 06 20:10:53 smithi069 ceph-e3e8ec0c-1c38-11ee-9b2f-001a4aab830c-mgr-x[126649]:
2023-07-06T20:10:53.252+0000 7f3d791e0200 -1 mgr[py] Module osd_perf_query has missing NOTIFY_TYPES member
2023-07-06T20:10:53.476 INFO:journalctl@ceph.mgr.x.smithi069.stdout:Jul 06 20:10:53 smithi069 ceph-e3e8ec0c-1c38-11ee-9b2f-001a4aab830c-mgr-x[126649]:
2023-07-06T20:10:53.473+0000 7f3d791e0200 -1 mgr[py] Module orchestrator has missing NOTIFY_TYPES member
2023-07-06T20:10:54.104 INFO:journalctl@ceph.mgr.x.smithi069.stdout:Jul 06 20:10:53 smithi069 ceph-e3e8ec0c-1c38-11ee-9b2f-001a4aab830c-mgr-x[126649]:
2023-07-06T20:10:53.831+0000 7f3d791e0200 -1 mgr[py] Module rgw has missing NOTIFY_TYPES member
2023-07-06T20:10:54.105 INFO:journalctl@ceph.mgr.x.smithi069.stdout:Jul 06 20:10:54 smithi069 ceph-e3e8ec0c-1c38-11ee-9b2f-001a4aab830c-mgr-x[126649]:
2023-07-06T20:10:54.102+0000 7f3d791e0200 -1 mgr[py] Module influx has missing NOTIFY_TYPES member
2023-07-06T20:10:54.508 INFO:journalctl@ceph.mgr.x.smithi069.stdout:Jul 06 20:10:54 smithi069 ceph-e3e8ec0c-1c38-11ee-9b2f-001a4aab830c-mgr-x[126649]:
2023-07-06T20:10:54.291+0000 7f3d791e0200 -1 mgr[py] Module telemetry has missing NOTIFY_TYPES member
2023-07-06T20:10:55.008 INFO:journalctl@ceph.mgr.x.smithi069.stdout:Jul 06 20:10:54 smithi069 ceph-e3e8ec0c-1c38-11ee-9b2f-001a4aab830c-mgr-x[126649]:
2023-07-06T20:10:54.631+0000 7f3d791e0200 -1 mgr[py] Module telegraf has missing NOTIFY_TYPES member
2023-07-06T20:10:55.955 INFO:journalctl@ceph.mgr.x.smithi069.stdout:Jul 06 20:10:55 smithi069 ceph-e3e8ec0c-1c38-11ee-9b2f-001a4aab830c-mgr-x[126649]:
2023-07-06T20:10:55.541+0000 7f3d791e0200 -1 mgr[py] Module balancer has missing NOTIFY_TYPES member
2023-07-06T20:10:55.956 INFO:journalctl@ceph.mgr.x.smithi069.stdout:Jul 06 20:10:55 smithi069 ceph-e3e8ec0c-1c38-11ee-9b2f-001a4aab830c-mgr-x[126649]:
2023-07-06T20:10:55.712+0000 7f3d791e0200 -1 mgr[py] Module diskprediction_local has missing NOTIFY_TYPES member
2023-07-06T20:10:56.258 INFO:journalctl@ceph.mgr.x.smithi069.stdout:Jul 06 20:10:55 smithi069 ceph-e3e8ec0c-1c38-11ee-9b2f-001a4aab830c-mgr-x[126649]:
2023-07-06T20:10:55.954+0000 7f3d791e0200 -1 mgr[py] Module nfs has missing NOTIFY_TYPES member
2023-07-06T20:10:56.259 INFO:journalctl@ceph.mgr.x.smithi069.stdout:Jul 06 20:10:56 smithi069 ceph-e3e8ec0c-1c38-11ee-9b2f-001a4aab830c-mgr-x[126649]:
2023-07-06T20:10:56.101+0000 7f3d791e0200 -1 mgr[py] Module rbd_support has missing NOTIFY_TYPES member
2023-07-06T20:10:56.758 INFO:journalctl@ceph.mgr.x.smithi069.stdout:Jul 06 20:10:56 smithi069 ceph-e3e8ec0c-1c38-11ee-9b2f-001a4aab830c-mgr-x[126649]:
2023-07-06T20:10:56.371+0000 7f3d791e0200 -1 mgr[py] Module volumes has missing NOTIFY_TYPES member
2023-07-06T20:10:57.758 INFO:journalctl@ceph.mgr.x.smithi069.stdout:Jul 06 20:10:57 smithi069 ceph-e3e8ec0c-1c38-11ee-9b2f-001a4aab830c-mgr-x[126649]:
2023-07-06T20:10:57.430+0000 7f3d791e0200 -1 mgr[py] Module pg_autoscaler has missing NOTIFY_TYPES member
2023-07-06T20:10:58.475 INFO:journalctl@ceph.mon.a.smithi069.stdout:Jul 06 20:10:58 smithi069 ceph-mon[126399]: Active manager daemon x restarted
2023-07-06T20:10:58.475 INFO:journalctl@ceph.mon.a.smithi069.stdout:Jul 06 20:10:58 smithi069 ceph-mon[126399]: Activating manager daemon x
2023-07-06T20:10:58.476 INFO:journalctl@ceph.mon.a.smithi069.stdout:Jul 06 20:10:58 smithi069 ceph-mon[126399]: osdmap e3: 0 total, 0 up, 0 in
2023-07-06T20:10:58.476 INFO:journalctl@ceph.mon.a.smithi069.stdout:Jul 06 20:10:58 smithi069 ceph-mon[126399]: mgrmap e10: x(active, starting, since 0.00838505s)
2023-07-06T20:10:58.476 INFO:journalctl@ceph.mon.a.smithi069.stdout:Jul 06 20:10:58 smithi069 ceph-mon[126399]: from='mgr.14152 172.21.15.69:0/590473337' entity='mgr.x' cmd=[{"prefix": "mon metadata", "id": "a"}]: dispatch
2023-07-06T20:10:58.476 INFO:journalctl@ceph.mon.a.smithi069.stdout:Jul 06 20:10:58 smithi069 ceph-mon[126399]: from='mgr.14152 172.21.15.69:0/590473337' entity='mgr.x' cmd=[{"prefix": "mgr metadata", "who": "x", "id": "x"}]: dispatch
2023-07-06T20:10:58.476 INFO:journalctl@ceph.mon.a.smithi069.stdout:Jul 06 20:10:58 smithi069 ceph-mon[126399]: from='mgr.14152 172.21.15.69:0/590473337' entity='mgr.x' cmd=[{"prefix": "mds metadata"}]: dispatch
2023-07-06T20:10:58.476 INFO:journalctl@ceph.mon.a.smithi069.stdout:Jul 06 20:10:58 smithi069 ceph-mon[126399]: from='mgr.14152 172.21.15.69:0/590473337' entity='mgr.x' cmd=[{"prefix": "osd metadata"}]: dispatch
2023-07-06T20:10:58.476 INFO:journalctl@ceph.mon.a.smithi069.stdout:Jul 06 20:10:58 smithi069 ceph-mon[126399]: from='mgr.14152 172.21.15.69:0/590473337' entity='mgr.x' cmd=[{"prefix": "mon metadata"}]: dispatch
2023-07-06T20:10:58.477 INFO:journalctl@ceph.mon.a.smithi069.stdout:Jul 06 20:10:58 smithi069 ceph-mon[126399]: Manager daemon x is now available
2023-07-06T20:10:58.477 INFO:journalctl@ceph.mon.a.smithi069.stdout:Jul 06 20:10:58 smithi069 ceph-mon[126399]: from='mgr.14152 172.21.15.69:0/590473337' entity='mgr.x' cmd=[{"prefix": "config dump", "format": "json"}]: dispatch
2023-07-06T20:10:58.477 INFO:journalctl@ceph.mon.a.smithi069.stdout:Jul 06 20:10:58 smithi069 ceph-mon[126399]: from='mgr.14152 172.21.15.69:0/590473337' entity='mgr.x' cmd=[{"prefix": "config dump", "format": "json"}]: dispatch
2023-07-06T20:10:58.477 INFO:journalctl@ceph.mon.a.smithi069.stdout:Jul 06 20:10:58 smithi069 ceph-mon[126399]: from='mgr.14152 172.21.15.69:0/590473337' entity='mgr.x' cmd=[{"prefix":"config rm","who":"mgr","name":"mgr/rbd_support/x/mirror_snapshot_schedule"}]: dispatch
2023-07-06T20:10:58.477 INFO:journalctl@ceph.mon.a.smithi069.stdout:Jul 06 20:10:58 smithi069 ceph-mon[126399]: from='mgr.14152 172.21.15.69:0/590473337' entity='mgr.x' cmd=[{"prefix":"config rm","who":"mgr","name":"mgr/rbd_support/x/trash_purge_schedule"}]: dispatch
2023-07-06T20:10:58.477 INFO:journalctl@ceph.mon.a.smithi069.stdout:Jul 06 20:10:58 smithi069 ceph-mon[126399]: [06/Jul/2023:20:10:57] ENGINE Bus STARTING
2023-07-06T20:10:58.477 INFO:journalctl@ceph.mon.a.smithi069.stdout:Jul 06 20:10:58 smithi069 ceph-mon[126399]: [06/Jul/2023:20:10:57] ENGINE Serving on http://172.21.15.69:8765
2023-07-06T20:10:58.477 INFO:journalctl@ceph.mon.a.smithi069.stdout:Jul 06 20:10:58 smithi069 ceph-mon[126399]: [06/Jul/2023:20:10:57] ENGINE Serving on https://172.21.15.69:7150
2023-07-06T20:10:58.478 INFO:journalctl@ceph.mon.a.smithi069.stdout:Jul 06 20:10:58 smithi069 ceph-mon[126399]: [06/Jul/2023:20:10:57] ENGINE Bus STARTED
2023-07-06T20:10:58.815 INFO:teuthology.orchestra.run.smithi069.stdout:/usr/bin/ceph: stdout {
2023-07-06T20:10:58.815 INFO:teuthology.orchestra.run.smithi069.stdout:/usr/bin/ceph: stdout "mgrmap_epoch": 11,
2023-07-06T20:10:58.815 INFO:teuthology.orchestra.run.smithi069.stdout:/usr/bin/ceph: stdout "initialized": true
2023-07-06T20:10:58.815 INFO:teuthology.orchestra.run.smithi069.stdout:/usr/bin/ceph: stdout }
2023-07-06T20:10:58.815 INFO:teuthology.orchestra.run.smithi069.stdout:/usr/bin/ceph: stderr
2023-07-06T20:10:51.360+0000 7fdbade74700 1 Processor -- start
2023-07-06T20:10:58.815 INFO:teuthology.orchestra.run.smithi069.stdout:/usr/bin/ceph: stderr
2023-07-06T20:10:51.360+0000 7fdbade74700 1 -- start start
2023-07-06T20:10:58.816 INFO:teuthology.orchestra.run.smithi069.stdout:/usr/bin/ceph: stderr
2023-07-06T20:10:51.360+0000 7fdbade74700 1 --2- >> [v2:172.21.15.69:3300/0,v1:172.21.15.69:6789/0] conn(0x7fdba807ac60 0x7fdba8079160 unknown :-1 s=NONE pgs=0 cs=0 l=0 rev1=0 crypto rx=0 tx=0 comp rx=0 tx=0).connect
2023-07-06T20:10:58.816 INFO:teuthology.orchestra.run.smithi069.stdout:/usr/bin/ceph: stderr
2023-07-06T20:10:51.360+0000 7fdbade74700 1 -- --> [v2:172.21.15.69:3300/0,v1:172.21.15.69:6789/0] -- mon_getmap magic: 0 v1 -- 0x7fdba80796a0 con 0x7fdba807ac60
2023-07-06T20:10:58.816 INFO:teuthology.orchestra.run.smithi069.stdout:/usr/bin/ceph: stderr
2023-07-06T20:10:51.361+0000 7fdba77fe700 1 --2- >> [v2:172.21.15.69:3300/0,v1:172.21.15.69:6789/0] conn(0x7fdba807ac60 0x7fdba8079160 unknown :-1 s=BANNER_CONNECTING pgs=0 cs=0 l=0 rev1=0 crypto rx=0 tx=0 comp rx=0 tx=0)._handle_peer_banner_payload supported=3 required=0
2023-07-06T20:10:58.816 INFO:teuthology.orchestra.run.smithi069.stdout:/usr/bin/ceph: stderr
2023-07-06T20:10:51.361+0000 7fdba77fe700 1 --2- >> [v2:172.21.15.69:3300/0,v1:172.21.15.69:6789/0] conn(0x7fdba807ac60 0x7fdba8079160 unknown :-1 s=HELLO_CONNECTING pgs=0 cs=0 l=0 rev1=1 crypto rx=0 tx=0 comp rx=0 tx=0).handle_hello peer v2:172.21.15.69:3300/0 says I am v2:172.21.15.69:56670/0 (socket says 172.21.15.69:56670)
2023-07-06T20:10:58.816 INFO:teuthology.orchestra.run.smithi069.stdout:/usr/bin/ceph: stderr
2023-07-06T20:10:51.361+0000 7fdba77fe700 1 -- 172.21.15.69:0/3850243367 learned_addr learned my addr 172.21.15.69:0/3850243367 (peer_addr_for_me v2:172.21.15.69:0/0)
2023-07-06T20:10:58.816 INFO:teuthology.orchestra.run.smithi069.stdout:/usr/bin/ceph: stderr
2023-07-06T20:10:51.361+0000 7fdba77fe700 1 -- 172.21.15.69:0/3850243367 --> [v2:172.21.15.69:3300/0,v1:172.21.15.69:6789/0] -- mon_subscribe({config=0+,monmap=0+}) v3 -- 0x7fdba80797e0 con 0x7fdba807ac60
2023-07-06T20:10:58.816 INFO:teuthology.orchestra.run.smithi069.stdout:/usr/bin/ceph: stderr
2023-07-06T20:10:51.361+0000 7fdba77fe700 1 --2- 172.21.15.69:0/3850243367 >> [v2:172.21.15.69:3300/0,v1:172.21.15.69:6789/0] conn(0x7fdba807ac60 0x7fdba8079160 secure :-1 s=READY pgs=61 cs=0 l=1 rev1=1 crypto rx=0x7fdb980098a0 tx=0x7fdb98009bb0 comp rx=0 tx=0).ready entity=mon.0 client_cookie=1e28a68304f58b74 server_cookie=0 in_seq=0 out_seq=0
2023-07-06T20:10:58.817 INFO:teuthology.orchestra.run.smithi069.stdout:/usr/bin/ceph: stderr
2023-07-06T20:10:51.361+0000 7fdba67fc700 1 -- 172.21.15.69:0/3850243367 <== mon.0 v2:172.21.15.69:3300/0 1 ==== mon_map magic: 0 v1 ==== 205+0+0 (secure 0 0 0) 0x7fdb98004160 con 0x7fdba807ac60
2023-07-06T20:10:58.817 INFO:teuthology.orchestra.run.smithi069.stdout:/usr/bin/ceph: stderr
2023-07-06T20:10:51.361+0000 7fdba67fc700 1 -- 172.21.15.69:0/3850243367 <== mon.0 v2:172.21.15.69:3300/0 2 ==== config(26 keys) v1 ==== 1105+0+0 (secure 0 0 0) 0x7fdb980042c0 con 0x7fdba807ac60
2023-07-06T20:10:58.817 INFO:teuthology.orchestra.run.smithi069.stdout:/usr/bin/ceph: stderr
2023-07-06T20:10:51.361+0000 7fdba67fc700 1 -- 172.21.15.69:0/3850243367 <== mon.0 v2:172.21.15.69:3300/0 3 ==== mon_map magic: 0 v1 ==== 205+0+0 (secure 0 0 0) 0x7fdb980119b0 con 0x7fdba807ac60
2023-07-06T20:10:58.817 INFO:teuthology.orchestra.run.smithi069.stdout:/usr/bin/ceph: stderr
2023-07-06T20:10:51.362+0000 7fdbade74700 1 -- 172.21.15.69:0/3850243367 >> [v2:172.21.15.69:3300/0,v1:172.21.15.69:6789/0] conn(0x7fdba807ac60 msgr2=0x7fdba8079160 secure :-1 s=STATE_CONNECTION_ESTABLISHED l=1).mark_down
2023-07-06T20:10:58.817 INFO:teuthology.orchestra.run.smithi069.stdout:/usr/bin/ceph: stderr
2023-07-06T20:10:51.362+0000 7fdbade74700 1 --2- 172.21.15.69:0/3850243367 >> [v2:172.21.15.69:3300/0,v1:172.21.15.69:6789/0] conn(0x7fdba807ac60 0x7fdba8079160 secure :-1 s=READY pgs=61 cs=0 l=1 rev1=1 crypto rx=0x7fdb980098a0 tx=0x7fdb98009bb0 comp rx=0 tx=0).stop
2023-07-06T20:10:58.817 INFO:teuthology.orchestra.run.smithi069.stdout:/usr/bin/ceph: stderr
2023-07-06T20:10:51.362+0000 7fdbade74700 1 -- 172.21.15.69:0/3850243367 shutdown_connections
2023-07-06T20:10:58.817 INFO:teuthology.orchestra.run.smithi069.stdout:/usr/bin/ceph: stderr
2023-07-06T20:10:51.362+0000 7fdbade74700 1 --2- 172.21.15.69:0/3850243367 >> [v2:172.21.15.69:3300/0,v1:172.21.15.69:6789/0] conn(0x7fdba807ac60 0x7fdba8079160 unknown :-1 s=CLOSED pgs=61 cs=0 l=1 rev1=1 crypto rx=0 tx=0 comp rx=0 tx=0).stop
2023-07-06T20:10:58.818 INFO:teuthology.orchestra.run.smithi069.stdout:/usr/bin/ceph: stderr
2023-07-06T20:10:51.362+0000 7fdbade74700 1 -- 172.21.15.69:0/3850243367 >> 172.21.15.69:0/3850243367 conn(0x7fdba8100b90 msgr2=0x7fdba8102fc0 unknown :-1 s=STATE_NONE l=0).mark_down
2023-07-06T20:10:58.818 INFO:teuthology.orchestra.run.smithi069.stdout:/usr/bin/ceph: stderr
2023-07-06T20:10:51.362+0000 7fdbade74700 1 -- 172.21.15.69:0/3850243367 shutdown_connections
2023-07-06T20:10:58.818 INFO:teuthology.orchestra.run.smithi069.stdout:/usr/bin/ceph: stderr
2023-07-06T20:10:51.362+0000 7fdbade74700 1 -- 172.21.15.69:0/3850243367 wait complete.
2023-07-06T20:10:58.818 INFO:teuthology.orchestra.run.smithi069.stdout:/usr/bin/ceph: stderr
2023-07-06T20:10:51.364+0000 7fdbade74700 1 Processor -- start
2023-07-06T20:10:58.818 INFO:teuthology.orchestra.run.smithi069.stdout:/usr/bin/ceph: stderr
2023-07-06T20:10:51.364+0000 7fdbade74700 1 -- start start
2023-07-06T20:10:58.818 INFO:teuthology.orchestra.run.smithi069.stdout:/usr/bin/ceph: stderr
2023-07-06T20:10:51.364+0000 7fdbade74700 1 --2- >> [v2:172.21.15.69:3300/0,v1:172.21.15.69:6789/0] conn(0x7fdba807ac60 0x7fdba819b560 unknown :-1 s=NONE pgs=0 cs=0 l=1 rev1=0 crypto rx=0 tx=0 comp rx=0 tx=0).connect
2023-07-06T20:10:58.818 INFO:teuthology.orchestra.run.smithi069.stdout:/usr/bin/ceph: stderr
2023-07-06T20:10:51.365+0000 7fdbade74700 1 -- --> [v2:172.21.15.69:3300/0,v1:172.21.15.69:6789/0] -- mon_getmap magic: 0 v1 -- 0x7fdba819baa0 con 0x7fdba807ac60
2023-07-06T20:10:58.818 INFO:teuthology.orchestra.run.smithi069.stdout:/usr/bin/ceph: stderr
2023-07-06T20:10:51.365+0000 7fdba77fe700 1 --2- >> [v2:172.21.15.69:3300/0,v1:172.21.15.69:6789/0] conn(0x7fdba807ac60 0x7fdba819b560 unknown :-1 s=BANNER_CONNECTING pgs=0 cs=0 l=1 rev1=0 crypto rx=0 tx=0 comp rx=0 tx=0)._handle_peer_banner_payload supported=3 required=0
2023-07-06T20:10:58.819 INFO:teuthology.orchestra.run.smithi069.stdout:/usr/bin/ceph: stderr
2023-07-06T20:10:51.365+0000 7fdba77fe700 1 --2- >> [v2:172.21.15.69:3300/0,v1:172.21.15.69:6789/0] conn(0x7fdba807ac60 0x7fdba819b560 unknown :-1 s=HELLO_CONNECTING pgs=0 cs=0 l=1 rev1=1 crypto rx=0 tx=0 comp rx=0 tx=0).handle_hello peer v2:172.21.15.69:3300/0 says I am v2:172.21.15.69:56672/0 (socket says 172.21.15.69:56672)
2023-07-06T20:10:58.819 INFO:teuthology.orchestra.run.smithi069.stdout:/usr/bin/ceph: stderr
2023-07-06T20:10:51.365+0000 7fdba77fe700 1 -- 172.21.15.69:0/1683757531 learned_addr learned my addr 172.21.15.69:0/1683757531 (peer_addr_for_me v2:172.21.15.69:0/0)
2023-07-06T20:10:58.819 INFO:teuthology.orchestra.run.smithi069.stdout:/usr/bin/ceph: stderr
2023-07-06T20:10:51.365+0000 7fdba77fe700 1 -- 172.21.15.69:0/1683757531 --> [v2:172.21.15.69:3300/0,v1:172.21.15.69:6789/0] -- mon_subscribe({config=0+,monmap=0+}) v3 -- 0x7fdb98009550 con 0x7fdba807ac60
2023-07-06T20:10:58.819 INFO:teuthology.orchestra.run.smithi069.stdout:/usr/bin/ceph: stderr
2023-07-06T20:10:51.365+0000 7fdba77fe700 1 --2- 172.21.15.69:0/1683757531 >> [v2:172.21.15.69:3300/0,v1:172.21.15.69:6789/0] conn(0x7fdba807ac60 0x7fdba819b560 secure :-1 s=READY pgs=62 cs=0 l=1 rev1=1 crypto rx=0x7fdb98003e60 tx=0x7fdb98011a30 comp rx=0 tx=0).ready entity=mon.0 client_cookie=0 server_cookie=0 in_seq=0 out_seq=0
2023-07-06T20:10:58.819 INFO:teuthology.orchestra.run.smithi069.stdout:/usr/bin/ceph: stderr
2023-07-06T20:10:51.366+0000 7fdba4ff9700 1 -- 172.21.15.69:0/1683757531 <== mon.0 v2:172.21.15.69:3300/0 1 ==== mon_map magic: 0 v1 ==== 205+0+0 (secure 0 0 0) 0x7fdb98003a60 con 0x7fdba807ac60
2023-07-06T20:10:58.819 INFO:teuthology.orchestra.run.smithi069.stdout:/usr/bin/ceph: stderr
2023-07-06T20:10:51.366+0000 7fdba4ff9700 1 -- 172.21.15.69:0/1683757531 <== mon.0 v2:172.21.15.69:3300/0 2 ==== config(26 keys) v1 ==== 1105+0+0 (secure 0 0 0) 0x7fdb98003bc0 con 0x7fdba807ac60
2023-07-06T20:10:58.819 INFO:teuthology.orchestra.run.smithi069.stdout:/usr/bin/ceph: stderr
2023-07-06T20:10:51.366+0000 7fdbade74700 1 -- 172.21.15.69:0/1683757531 --> [v2:172.21.15.69:3300/0,v1:172.21.15.69:6789/0] -- mon_subscribe({mgrmap=0+}) v3 -- 0x7fdba819bca0 con 0x7fdba807ac60
2023-07-06T20:10:58.819 INFO:teuthology.orchestra.run.smithi069.stdout:/usr/bin/ceph: stderr
2023-07-06T20:10:51.366+0000 7fdba4ff9700 1 -- 172.21.15.69:0/1683757531 <== mon.0 v2:172.21.15.69:3300/0 3 ==== mon_map magic: 0 v1 ==== 205+0+0 (secure 0 0 0) 0x7fdb980196c0 con 0x7fdba807ac60
2023-07-06T20:10:58.820 INFO:teuthology.orchestra.run.smithi069.stdout:/usr/bin/ceph: stderr
2023-07-06T20:10:51.366+0000 7fdbade74700 1 -- 172.21.15.69:0/1683757531 --> [v2:172.21.15.69:3300/0,v1:172.21.15.69:6789/0] -- mon_subscribe({osdmap=0}) v3 -- 0x7fdba819c0c0 con 0x7fdba807ac60
2023-07-06T20:10:58.820 INFO:teuthology.orchestra.run.smithi069.stdout:/usr/bin/ceph: stderr
2023-07-06T20:10:51.367+0000 7fdba4ff9700 1 -- 172.21.15.69:0/1683757531 <== mon.0 v2:172.21.15.69:3300/0 4 ==== mgrmap(e 9) v1 ==== 45496+0+0 (secure 0 0 0) 0x7fdb98019930 con 0x7fdba807ac60
2023-07-06T20:10:58.820 INFO:teuthology.orchestra.run.smithi069.stdout:/usr/bin/ceph: stderr
2023-07-06T20:10:51.367+0000 7fdba4ff9700 1 --2- 172.21.15.69:0/1683757531 >> [v2:172.21.15.69:6800/9699389,v1:172.21.15.69:6801/9699389] conn(0x7fdb90038790 0x7fdb9003ac40 unknown :-1 s=NONE pgs=0 cs=0 l=1 rev1=0 crypto rx=0 tx=0 comp rx=0 tx=0).connect
2023-07-06T20:10:58.820 INFO:teuthology.orchestra.run.smithi069.stdout:/usr/bin/ceph: stderr
2023-07-06T20:10:51.367+0000 7fdba4ff9700 1 -- 172.21.15.69:0/1683757531 --> [v2:172.21.15.69:6800/9699389,v1:172.21.15.69:6801/9699389] -- command(tid 0: {"prefix": "get_command_descriptions"}) v1 -- 0x7fdb9003b350 con 0x7fdb90038790
2023-07-06T20:10:58.820 INFO:teuthology.orchestra.run.smithi069.stdout:/usr/bin/ceph: stderr
2023-07-06T20:10:51.367+0000 7fdba4ff9700 1 -- 172.21.15.69:0/1683757531 <== mon.0 v2:172.21.15.69:3300/0 5 ==== osd_map(2..2 src has 1..2) v4 ==== 940+0+0 (secure 0 0 0) 0x7fdb9804c930 con 0x7fdba807ac60
2023-07-06T20:10:58.820 INFO:teuthology.orchestra.run.smithi069.stdout:/usr/bin/ceph: stderr
2023-07-06T20:10:51.367+0000 7fdba6ffd700 1 -- 172.21.15.69:0/1683757531 >> [v2:172.21.15.69:6800/9699389,v1:172.21.15.69:6801/9699389] conn(0x7fdb90038790 msgr2=0x7fdb9003ac40 unknown :-1 s=STATE_CONNECTING_RE l=1).process reconnect failed to v2:172.21.15.69:6800/9699389
2023-07-06T20:10:58.820 INFO:teuthology.orchestra.run.smithi069.stdout:/usr/bin/ceph: stderr
2023-07-06T20:10:51.367+0000 7fdba6ffd700 1 --2- 172.21.15.69:0/1683757531 >> [v2:172.21.15.69:6800/9699389,v1:172.21.15.69:6801/9699389] conn(0x7fdb90038790 0x7fdb9003ac40 unknown :-1 s=START_CONNECT pgs=0 cs=0 l=1 rev1=0 crypto rx=0 tx=0 comp rx=0 tx=0)._fault waiting 0.200000
2023-07-06T20:10:58.821 INFO:teuthology.orchestra.run.smithi069.stdout:/usr/bin/ceph: stderr
2023-07-06T20:10:51.568+0000 7fdba6ffd700 1 -- 172.21.15.69:0/1683757531 >> [v2:172.21.15.69:6800/9699389,v1:172.21.15.69:6801/9699389] conn(0x7fdb90038790 msgr2=0x7fdb9003ac40 unknown :-1 s=STATE_CONNECTING_RE l=1).process reconnect failed to v2:172.21.15.69:6800/9699389
2023-07-06T20:10:58.821 INFO:teuthology.orchestra.run.smithi069.stdout:/usr/bin/ceph: stderr
2023-07-06T20:10:51.568+0000 7fdba6ffd700 1 --2- 172.21.15.69:0/1683757531 >> [v2:172.21.15.69:6800/9699389,v1:172.21.15.69:6801/9699389] conn(0x7fdb90038790 0x7fdb9003ac40 unknown :-1 s=START_CONNECT pgs=0 cs=0 l=1 rev1=0 crypto rx=0 tx=0 comp rx=0 tx=0)._fault waiting 0.400000
2023-07-06T20:10:58.821 INFO:teuthology.orchestra.run.smithi069.stdout:/usr/bin/ceph: stderr
2023-07-06T20:10:51.969+0000 7fdba6ffd700 1 -- 172.21.15.69:0/1683757531 >> [v2:172.21.15.69:6800/9699389,v1:172.21.15.69:6801/9699389] conn(0x7fdb90038790 msgr2=0x7fdb9003ac40 unknown :-1 s=STATE_CONNECTING_RE l=1).process reconnect failed to v2:172.21.15.69:6800/9699389
2023-07-06T20:10:58.821 INFO:teuthology.orchestra.run.smithi069.stdout:/usr/bin/ceph: stderr
2023-07-06T20:10:51.969+0000 7fdba6ffd700 1 --2- 172.21.15.69:0/1683757531 >> [v2:172.21.15.69:6800/9699389,v1:172.21.15.69:6801/9699389] conn(0x7fdb90038790 0x7fdb9003ac40 unknown :-1 s=START_CONNECT pgs=0 cs=0 l=1 rev1=0 crypto rx=0 tx=0 comp rx=0 tx=0)._fault waiting 0.800000
2023-07-06T20:10:58.821 INFO:teuthology.orchestra.run.smithi069.stdout:/usr/bin/ceph: stderr
2023-07-06T20:10:52.770+0000 7fdba6ffd700 1 -- 172.21.15.69:0/1683757531 >> [v2:172.21.15.69:6800/9699389,v1:172.21.15.69:6801/9699389] conn(0x7fdb90038790 msgr2=0x7fdb9003ac40 unknown :-1 s=STATE_CONNECTING_RE l=1).process reconnect failed to v2:172.21.15.69:6800/9699389
2023-07-06T20:10:58.821 INFO:teuthology.orchestra.run.smithi069.stdout:/usr/bin/ceph: stderr
2023-07-06T20:10:52.770+0000 7fdba6ffd700 1 --2- 172.21.15.69:0/1683757531 >> [v2:172.21.15.69:6800/9699389,v1:172.21.15.69:6801/9699389] conn(0x7fdb90038790 0x7fdb9003ac40 unknown :-1 s=START_CONNECT pgs=0 cs=0 l=1 rev1=0 crypto rx=0 tx=0 comp rx=0 tx=0)._fault waiting 1.600000
2023-07-06T20:10:58.821 INFO:teuthology.orchestra.run.smithi069.stdout:/usr/bin/ceph: stderr
2023-07-06T20:10:54.371+0000 7fdba6ffd700 1 -- 172.21.15.69:0/1683757531 >> [v2:172.21.15.69:6800/9699389,v1:172.21.15.69:6801/9699389] conn(0x7fdb90038790 msgr2=0x7fdb9003ac40 unknown :-1 s=STATE_CONNECTING_RE l=1).process reconnect failed to v2:172.21.15.69:6800/9699389
2023-07-06T20:10:58.822 INFO:teuthology.orchestra.run.smithi069.stdout:/usr/bin/ceph: stderr
2023-07-06T20:10:54.373+0000 7fdba6ffd700 1 --2- 172.21.15.69:0/1683757531 >> [v2:172.21.15.69:6800/9699389,v1:172.21.15.69:6801/9699389] conn(0x7fdb90038790 0x7fdb9003ac40 unknown :-1 s=START_CONNECT pgs=0 cs=0 l=1 rev1=0 crypto rx=0 tx=0 comp rx=0 tx=0)._fault waiting 3.200000
2023-07-06T20:10:58.822 INFO:teuthology.orchestra.run.smithi069.stdout:/usr/bin/ceph: stderr
2023-07-06T20:10:57.440+0000 7fdba4ff9700 1 -- 172.21.15.69:0/1683757531 <== mon.0 v2:172.21.15.69:3300/0 6 ==== mgrmap(e 10) v1 ==== 45263+0+0 (secure 0 0 0) 0x7fdb9802c9b0 con 0x7fdba807ac60
2023-07-06T20:10:58.822 INFO:teuthology.orchestra.run.smithi069.stdout:/usr/bin/ceph: stderr
2023-07-06T20:10:57.440+0000 7fdba4ff9700 1 -- 172.21.15.69:0/1683757531 >> [v2:172.21.15.69:6800/9699389,v1:172.21.15.69:6801/9699389] conn(0x7fdb90038790 msgr2=0x7fdb9003ac40 unknown :-1 s=STATE_CONNECTING l=1).mark_down
2023-07-06T20:10:58.822 INFO:teuthology.orchestra.run.smithi069.stdout:/usr/bin/ceph: stderr
2023-07-06T20:10:57.440+0000 7fdba4ff9700 1 --2- 172.21.15.69:0/1683757531 >> [v2:172.21.15.69:6800/9699389,v1:172.21.15.69:6801/9699389] conn(0x7fdb90038790 0x7fdb9003ac40 unknown :-1 s=START_CONNECT pgs=0 cs=0 l=1 rev1=0 crypto rx=0 tx=0 comp rx=0 tx=0).stop
2023-07-06T20:10:58.822 INFO:teuthology.orchestra.run.smithi069.stdout:/usr/bin/ceph: stderr
2023-07-06T20:10:58.439+0000 7fdba4ff9700 1 -- 172.21.15.69:0/1683757531 <== mon.0 v2:172.21.15.69:3300/0 7 ==== mgrmap(e 11) v1 ==== 45390+0+0 (secure 0 0 0) 0x7fdb9804e7a0 con 0x7fdba807ac60
2023-07-06T20:10:58.822 INFO:teuthology.orchestra.run.smithi069.stdout:/usr/bin/ceph: stderr
2023-07-06T20:10:58.440+0000 7fdba4ff9700 1 --2- 172.21.15.69:0/1683757531 >> [v2:172.21.15.69:6800/4215258217,v1:172.21.15.69:6801/4215258217] conn(0x7fdb9003bff0 0x7fdb9003e3d0 unknown :-1 s=NONE pgs=0 cs=0 l=1 rev1=0 crypto rx=0 tx=0 comp rx=0 tx=0).connect
2023-07-06T20:10:58.822 INFO:teuthology.orchestra.run.smithi069.stdout:/usr/bin/ceph: stderr
2023-07-06T20:10:58.440+0000 7fdba4ff9700 1 -- 172.21.15.69:0/1683757531 --> [v2:172.21.15.69:6800/4215258217,v1:172.21.15.69:6801/4215258217] -- command(tid 0: {"prefix": "get_command_descriptions"}) v1 -- 0x7fdb9003b350 con 0x7fdb9003bff0
2023-07-06T20:10:58.822 INFO:teuthology.orchestra.run.smithi069.stdout:/usr/bin/ceph: stderr
2023-07-06T20:10:58.440+0000 7fdba6ffd700 1 --2- 172.21.15.69:0/1683757531 >> [v2:172.21.15.69:6800/4215258217,v1:172.21.15.69:6801/4215258217] conn(0x7fdb9003bff0 0x7fdb9003e3d0 unknown :-1 s=BANNER_CONNECTING pgs=0 cs=0 l=1 rev1=0 crypto rx=0 tx=0 comp rx=0 tx=0)._handle_peer_banner_payload supported=3 required=0
2023-07-06T20:10:58.823 INFO:teuthology.orchestra.run.smithi069.stdout:/usr/bin/ceph: stderr
2023-07-06T20:10:58.442+0000 7fdba6ffd700 1 --2- 172.21.15.69:0/1683757531 >> [v2:172.21.15.69:6800/4215258217,v1:172.21.15.69:6801/4215258217] conn(0x7fdb9003bff0 0x7fdb9003e3d0 secure :-1 s=READY pgs=4 cs=0 l=1 rev1=1 crypto rx=0x7fdb9c003a10 tx=0x7fdb9c009270 comp rx=0 tx=0).ready entity=mgr.14152 client_cookie=0 server_cookie=0 in_seq=0 out_seq=0
2023-07-06T20:10:58.823 INFO:teuthology.orchestra.run.smithi069.stdout:/usr/bin/ceph: stderr
2023-07-06T20:10:58.442+0000 7fdba4ff9700 1 -- 172.21.15.69:0/1683757531 <== mgr.14152 v2:172.21.15.69:6800/4215258217 1 ==== command_reply(tid 0: 0 ) v1 ==== 8+0+6910 (secure 0 0 0) 0x7fdb9003b350 con 0x7fdb9003bff0
2023-07-06T20:10:58.823 INFO:teuthology.orchestra.run.smithi069.stdout:/usr/bin/ceph: stderr
2023-07-06T20:10:58.449+0000 7fdbade74700 1 -- 172.21.15.69:0/1683757531 --> [v2:172.21.15.69:6800/4215258217,v1:172.21.15.69:6801/4215258217] -- command(tid 1: {"prefix": "mgr_status"}) v1 -- 0x7fdba819c8a0 con 0x7fdb9003bff0
2023-07-06T20:10:58.823 INFO:teuthology.orchestra.run.smithi069.stdout:/usr/bin/ceph: stderr
2023-07-06T20:10:58.450+0000 7fdba4ff9700 1 -- 172.21.15.69:0/1683757531 <== mgr.14152 v2:172.21.15.69:6800/4215258217 2 ==== command_reply(tid 1: 0 ) v1 ==== 8+0+52 (secure 0 0 0) 0x7fdba819c8a0 con 0x7fdb9003bff0
2023-07-06T20:10:58.823 INFO:teuthology.orchestra.run.smithi069.stdout:/usr/bin/ceph: stderr
2023-07-06T20:10:58.450+0000 7fdbade74700 1 -- 172.21.15.69:0/1683757531 >> [v2:172.21.15.69:6800/4215258217,v1:172.21.15.69:6801/4215258217] conn(0x7fdb9003bff0 msgr2=0x7fdb9003e3d0 secure :-1 s=STATE_CONNECTION_ESTABLISHED l=1).mark_down
2023-07-06T20:10:58.823 INFO:teuthology.orchestra.run.smithi069.stdout:/usr/bin/ceph: stderr
2023-07-06T20:10:58.450+0000 7fdbade74700 1 --2- 172.21.15.69:0/1683757531 >> [v2:172.21.15.69:6800/4215258217,v1:172.21.15.69:6801/4215258217] conn(0x7fdb9003bff0 0x7fdb9003e3d0 secure :-1 s=READY pgs=4 cs=0 l=1 rev1=1 crypto rx=0x7fdb9c003a10 tx=0x7fdb9c009270 comp rx=0 tx=0).stop
2023-07-06T20:10:58.823 INFO:teuthology.orchestra.run.smithi069.stdout:/usr/bin/ceph: stderr
2023-07-06T20:10:58.450+0000 7fdbade74700 1 -- 172.21.15.69:0/1683757531 >> [v2:172.21.15.69:3300/0,v1:172.21.15.69:6789/0] conn(0x7fdba807ac60 msgr2=0x7fdba819b560 secure :-1 s=STATE_CONNECTION_ESTABLISHED l=1).mark_down
2023-07-06T20:10:58.823 INFO:teuthology.orchestra.run.smithi069.stdout:/usr/bin/ceph: stderr
2023-07-06T20:10:58.450+0000 7fdbade74700 1 --2- 172.21.15.69:0/1683757531 >> [v2:172.21.15.69:3300/0,v1:172.21.15.69:6789/0] conn(0x7fdba807ac60 0x7fdba819b560 secure :-1 s=READY pgs=62 cs=0 l=1 rev1=1 crypto rx=0x7fdb98003e60 tx=0x7fdb98011a30 comp rx=0 tx=0).stop
2023-07-06T20:10:58.824 INFO:teuthology.orchestra.run.smithi069.stdout:/usr/bin/ceph: stderr
2023-07-06T20:10:58.450+0000 7fdbade74700 1 -- 172.21.15.69:0/1683757531 shutdown_connections
2023-07-06T20:10:58.824 INFO:teuthology.orchestra.run.smithi069.stdout:/usr/bin/ceph: stderr
2023-07-06T20:10:58.450+0000 7fdbade74700 1 --2- 172.21.15.69:0/1683757531 >> [v2:172.21.15.69:6800/4215258217,v1:172.21.15.69:6801/4215258217] conn(0x7fdb9003bff0 0x7fdb9003e3d0 unknown :-1 s=CLOSED pgs=4 cs=0 l=1 rev1=1 crypto rx=0 tx=0 comp rx=0 tx=0).stop
2023-07-06T20:10:58.824 INFO:teuthology.orchestra.run.smithi069.stdout:/usr/bin/ceph: stderr
2023-07-06T20:10:58.450+0000 7fdbade74700 1 --2- 172.21.15.69:0/1683757531 >> [v2:172.21.15.69:3300/0,v1:172.21.15.69:6789/0] conn(0x7fdba807ac60 0x7fdba819b560 unknown :-1 s=CLOSED pgs=62 cs=0 l=1 rev1=1 crypto rx=0 tx=0 comp rx=0 tx=0).stop
2023-07-06T20:10:58.824 INFO:teuthology.orchestra.run.smithi069.stdout:/usr/bin/ceph: stderr
2023-07-06T20:10:58.450+0000 7fdbade74700 1 --2- 172.21.15.69:0/1683757531 >> [v2:172.21.15.69:6800/9699389,v1:172.21.15.69:6801/9699389] conn(0x7fdb90038790 0x7fdb9003ac40 unknown :-1 s=CLOSED pgs=0 cs=0 l=1 rev1=0 crypto rx=0 tx=0 comp rx=0 tx=0).stop
2023-07-06T20:10:58.824 INFO:teuthology.orchestra.run.smithi069.stdout:/usr/bin/ceph: stderr
2023-07-06T20:10:58.450+0000 7fdbade74700 1 -- 172.21.15.69:0/1683757531 >> 172.21.15.69:0/1683757531 conn(0x7fdba8100b90 msgr2=0x7fdba81022a0 unknown :-1 s=STATE_NONE l=0).mark_down
2023-07-06T20:10:58.824 INFO:teuthology.orchestra.run.smithi069.stdout:/usr/bin/ceph: stderr
2023-07-06T20:10:58.450+0000 7fdbade74700 1 -- 172.21.15.69:0/1683757531 shutdown_connections
2023-07-06T20:10:58.824 INFO:teuthology.orchestra.run.smithi069.stdout:/usr/bin/ceph: stderr
2023-07-06T20:10:58.450+0000 7fdbade74700 1 -- 172.21.15.69:0/1683757531 wait complete.
2023-07-06T20:10:58.825 INFO:teuthology.orchestra.run.smithi069.stdout:mgr epoch 9 is available
2023-07-06T20:10:58.825 INFO:teuthology.orchestra.run.smithi069.stdout:Generating a dashboard self-signed certificate...
2023-07-06T20:10:59.713 INFO:journalctl@ceph.mon.a.smithi069.stdout:Jul 06 20:10:59 smithi069 ceph-mon[126399]: mgrmap e11: x(active, since 1.00932s)
2023-07-06T20:10:59.713 INFO:journalctl@ceph.mon.a.smithi069.stdout:Jul 06 20:10:59 smithi069 ceph-mon[126399]: from='client.14156 -' entity='client.admin' cmd=[{"prefix": "get_command_descriptions"}]: dispatch
2023-07-06T20:10:59.713 INFO:journalctl@ceph.mon.a.smithi069.stdout:Jul 06 20:10:59 smithi069 ceph-mon[126399]: from='client.14156 -' entity='client.admin' cmd=[{"prefix": "mgr_status"}]: dispatch
2023-07-06T20:11:00.198 INFO:teuthology.orchestra.run.smithi069.stdout:/usr/bin/ceph: stdout Self-signed certificate created
2023-07-06T20:11:00.199 INFO:teuthology.orchestra.run.smithi069.stdout:/usr/bin/ceph: stderr
2023-07-06T20:10:59.399+0000 7fb39ba4f700 1 Processor -- start
2023-07-06T20:11:00.199 INFO:teuthology.orchestra.run.smithi069.stdout:/usr/bin/ceph: stderr
2023-07-06T20:10:59.399+0000 7fb39ba4f700 1 -- start start
2023-07-06T20:11:00.199 INFO:teuthology.orchestra.run.smithi069.stdout:/usr/bin/ceph: stderr
2023-07-06T20:10:59.399+0000 7fb39ba4f700 1 --2- >> [v2:172.21.15.69:3300/0,v1:172.21.15.69:6789/0] conn(0x7fb39407ac60 0x7fb394079160 unknown :-1 s=NONE pgs=0 cs=0 l=0 rev1=0 crypto rx=0 tx=0 comp rx=0 tx=0).connect
2023-07-06T20:11:00.199 INFO:teuthology.orchestra.run.smithi069.stdout:/usr/bin/ceph: stderr
2023-07-06T20:10:59.399+0000 7fb39ba4f700 1 -- --> [v2:172.21.15.69:3300/0,v1:172.21.15.69:6789/0] -- mon_getmap magic: 0 v1 -- 0x7fb3940796a0 con 0x7fb39407ac60
2023-07-06T20:11:00.199 INFO:teuthology.orchestra.run.smithi069.stdout:/usr/bin/ceph: stderr
2023-07-06T20:10:59.400+0000 7fb3997eb700 1 --2- >> [v2:172.21.15.69:3300/0,v1:172.21.15.69:6789/0] conn(0x7fb39407ac60 0x7fb394079160 unknown :-1 s=BANNER_CONNECTING pgs=0 cs=0 l=0 rev1=0 crypto rx=0 tx=0 comp rx=0 tx=0)._handle_peer_banner_payload supported=3 required=0
2023-07-06T20:11:00.200 INFO:teuthology.orchestra.run.smithi069.stdout:/usr/bin/ceph: stderr
2023-07-06T20:10:59.400+0000 7fb3997eb700 1 --2- >> [v2:172.21.15.69:3300/0,v1:172.21.15.69:6789/0] conn(0x7fb39407ac60 0x7fb394079160 unknown :-1 s=HELLO_CONNECTING pgs=0 cs=0 l=0 rev1=1 crypto rx=0 tx=0 comp rx=0 tx=0).handle_hello peer v2:172.21.15.69:3300/0 says I am v2:172.21.15.69:55616/0 (socket says 172.21.15.69:55616)
2023-07-06T20:11:00.200 INFO:teuthology.orchestra.run.smithi069.stdout:/usr/bin/ceph: stderr
2023-07-06T20:10:59.400+0000 7fb3997eb700 1 -- 172.21.15.69:0/4110461185 learned_addr learned my addr 172.21.15.69:0/4110461185 (peer_addr_for_me v2:172.21.15.69:0/0)
2023-07-06T20:11:00.200 INFO:teuthology.orchestra.run.smithi069.stdout:/usr/bin/ceph: stderr
2023-07-06T20:10:59.400+0000 7fb3997eb700 1 -- 172.21.15.69:0/4110461185 --> [v2:172.21.15.69:3300/0,v1:172.21.15.69:6789/0] -- mon_subscribe({config=0+,monmap=0+}) v3 -- 0x7fb3940797e0 con 0x7fb39407ac60
2023-07-06T20:11:00.200 INFO:teuthology.orchestra.run.smithi069.stdout:/usr/bin/ceph: stderr
2023-07-06T20:10:59.400+0000 7fb3997eb700 1 --2- 172.21.15.69:0/4110461185 >> [v2:172.21.15.69:3300/0,v1:172.21.15.69:6789/0] conn(0x7fb39407ac60 0x7fb394079160 secure :-1 s=READY pgs=70 cs=0 l=1 rev1=1 crypto rx=0x7fb3900098a0 tx=0x7fb390009bb0 comp rx=0 tx=0).ready entity=mon.0 client_cookie=f57a821e2602c49b server_cookie=0 in_seq=0 out_seq=0
2023-07-06T20:11:00.200 INFO:teuthology.orchestra.run.smithi069.stdout:/usr/bin/ceph: stderr
2023-07-06T20:10:59.401+0000 7fb38bfff700 1 -- 172.21.15.69:0/4110461185 <== mon.0 v2:172.21.15.69:3300/0 1 ==== mon_map magic: 0 v1 ==== 205+0+0 (secure 0 0 0) 0x7fb390004160 con 0x7fb39407ac60
2023-07-06T20:11:00.200 INFO:teuthology.orchestra.run.smithi069.stdout:/usr/bin/ceph: stderr
2023-07-06T20:10:59.401+0000 7fb38bfff700 1 -- 172.21.15.69:0/4110461185 <== mon.0 v2:172.21.15.69:3300/0 2 ==== config(26 keys) v1 ==== 1105+0+0 (secure 0 0 0) 0x7fb3900042c0 con 0x7fb39407ac60
2023-07-06T20:11:00.200 INFO:teuthology.orchestra.run.smithi069.stdout:/usr/bin/ceph: stderr
2023-07-06T20:10:59.401+0000 7fb38bfff700 1 -- 172.21.15.69:0/4110461185 <== mon.0 v2:172.21.15.69:3300/0 3 ==== mon_map magic: 0 v1 ==== 205+0+0 (secure 0 0 0) 0x7fb3900119b0 con 0x7fb39407ac60
2023-07-06T20:11:00.201 INFO:teuthology.orchestra.run.smithi069.stdout:/usr/bin/ceph: stderr
2023-07-06T20:10:59.401+0000 7fb39ba4f700 1 -- 172.21.15.69:0/4110461185 >> [v2:172.21.15.69:3300/0,v1:172.21.15.69:6789/0] conn(0x7fb39407ac60 msgr2=0x7fb394079160 secure :-1 s=STATE_CONNECTION_ESTABLISHED l=1).mark_down
2023-07-06T20:11:00.201 INFO:teuthology.orchestra.run.smithi069.stdout:/usr/bin/ceph: stderr
2023-07-06T20:10:59.401+0000 7fb39ba4f700 1 --2- 172.21.15.69:0/4110461185 >> [v2:172.21.15.69:3300/0,v1:172.21.15.69:6789/0] conn(0x7fb39407ac60 0x7fb394079160 secure :-1 s=READY pgs=70 cs=0 l=1 rev1=1 crypto rx=0x7fb3900098a0 tx=0x7fb390009bb0 comp rx=0 tx=0).stop
2023-07-06T20:11:00.201 INFO:teuthology.orchestra.run.smithi069.stdout:/usr/bin/ceph: stderr
2023-07-06T20:10:59.401+0000 7fb39ba4f700 1 -- 172.21.15.69:0/4110461185 shutdown_connections
2023-07-06T20:11:00.201 INFO:teuthology.orchestra.run.smithi069.stdout:/usr/bin/ceph: stderr
2023-07-06T20:10:59.401+0000 7fb39ba4f700 1 --2- 172.21.15.69:0/4110461185 >> [v2:172.21.15.69:3300/0,v1:172.21.15.69:6789/0] conn(0x7fb39407ac60 0x7fb394079160 unknown :-1 s=CLOSED pgs=70 cs=0 l=1 rev1=1 crypto rx=0 tx=0 comp rx=0 tx=0).stop
2023-07-06T20:11:00.201 INFO:teuthology.orchestra.run.smithi069.stdout:/usr/bin/ceph: stderr
2023-07-06T20:10:59.401+0000 7fb39ba4f700 1 -- 172.21.15.69:0/4110461185 >> 172.21.15.69:0/4110461185 conn(0x7fb394100b90 msgr2=0x7fb394102fc0 unknown :-1 s=STATE_NONE l=0).mark_down
2023-07-06T20:11:00.201 INFO:teuthology.orchestra.run.smithi069.stdout:/usr/bin/ceph: stderr
2023-07-06T20:10:59.401+0000 7fb39ba4f700 1 -- 172.21.15.69:0/4110461185 shutdown_connections
2023-07-06T20:11:00.201 INFO:teuthology.orchestra.run.smithi069.stdout:/usr/bin/ceph: stderr
2023-07-06T20:10:59.401+0000 7fb39ba4f700 1 -- 172.21.15.69:0/4110461185 wait complete.
2023-07-06T20:11:00.201 INFO:teuthology.orchestra.run.smithi069.stdout:/usr/bin/ceph: stderr
2023-07-06T20:10:59.402+0000 7fb39ba4f700 1 Processor -- start
2023-07-06T20:11:00.202 INFO:teuthology.orchestra.run.smithi069.stdout:/usr/bin/ceph: stderr
2023-07-06T20:10:59.402+0000 7fb39ba4f700 1 -- start start
2023-07-06T20:11:00.202 INFO:teuthology.orchestra.run.smithi069.stdout:/usr/bin/ceph: stderr
2023-07-06T20:10:59.403+0000 7fb39ba4f700 1 --2- >> [v2:172.21.15.69:3300/0,v1:172.21.15.69:6789/0] conn(0x7fb39407ac60 0x7fb39419b560 unknown :-1 s=NONE pgs=0 cs=0 l=1 rev1=0 crypto rx=0 tx=0 comp rx=0 tx=0).connect
2023-07-06T20:11:00.202 INFO:teuthology.orchestra.run.smithi069.stdout:/usr/bin/ceph: stderr
2023-07-06T20:10:59.403+0000 7fb39ba4f700 1 -- --> [v2:172.21.15.69:3300/0,v1:172.21.15.69:6789/0] -- mon_getmap magic: 0 v1 -- 0x7fb39419baa0 con 0x7fb39407ac60
2023-07-06T20:11:00.202 INFO:teuthology.orchestra.run.smithi069.stdout:/usr/bin/ceph: stderr
2023-07-06T20:10:59.403+0000 7fb3997eb700 1 --2- >> [v2:172.21.15.69:3300/0,v1:172.21.15.69:6789/0] conn(0x7fb39407ac60 0x7fb39419b560 unknown :-1 s=BANNER_CONNECTING pgs=0 cs=0 l=1 rev1=0 crypto rx=0 tx=0 comp rx=0 tx=0)._handle_peer_banner_payload supported=3 required=0
2023-07-06T20:11:00.202 INFO:teuthology.orchestra.run.smithi069.stdout:/usr/bin/ceph: stderr
2023-07-06T20:10:59.403+0000 7fb3997eb700 1 --2- >> [v2:172.21.15.69:3300/0,v1:172.21.15.69:6789/0] conn(0x7fb39407ac60 0x7fb39419b560 unknown :-1 s=HELLO_CONNECTING pgs=0 cs=0 l=1 rev1=1 crypto rx=0 tx=0 comp rx=0 tx=0).handle_hello peer v2:172.21.15.69:3300/0 says I am v2:172.21.15.69:55618/0 (socket says 172.21.15.69:55618)
2023-07-06T20:11:00.202 INFO:teuthology.orchestra.run.smithi069.stdout:/usr/bin/ceph: stderr
2023-07-06T20:10:59.403+0000 7fb3997eb700 1 -- 172.21.15.69:0/37066649 learned_addr learned my addr 172.21.15.69:0/37066649 (peer_addr_for_me v2:172.21.15.69:0/0)
2023-07-06T20:11:00.202 INFO:teuthology.orchestra.run.smithi069.stdout:/usr/bin/ceph: stderr
2023-07-06T20:10:59.403+0000 7fb3997eb700 1 -- 172.21.15.69:0/37066649 --> [v2:172.21.15.69:3300/0,v1:172.21.15.69:6789/0] -- mon_subscribe({config=0+,monmap=0+}) v3 -- 0x7fb390009550 con 0x7fb39407ac60
2023-07-06T20:11:00.203 INFO:teuthology.orchestra.run.smithi069.stdout:/usr/bin/ceph: stderr
2023-07-06T20:10:59.403+0000 7fb3997eb700 1 --2- 172.21.15.69:0/37066649 >> [v2:172.21.15.69:3300/0,v1:172.21.15.69:6789/0] conn(0x7fb39407ac60 0x7fb39419b560 secure :-1 s=READY pgs=71 cs=0 l=1 rev1=1 crypto rx=0x7fb390003e60 tx=0x7fb390011a30 comp rx=0 tx=0).ready entity=mon.0 client_cookie=0 server_cookie=0 in_seq=0 out_seq=0
2023-07-06T20:11:00.203 INFO:teuthology.orchestra.run.smithi069.stdout:/usr/bin/ceph: stderr
2023-07-06T20:10:59.404+0000 7fb38a7fc700 1 -- 172.21.15.69:0/37066649 <== mon.0 v2:172.21.15.69:3300/0 1 ==== mon_map magic: 0 v1 ==== 205+0+0 (secure 0 0 0) 0x7fb390003a60 con 0x7fb39407ac60
2023-07-06T20:11:00.203 INFO:teuthology.orchestra.run.smithi069.stdout:/usr/bin/ceph: stderr
2023-07-06T20:10:59.404+0000 7fb38a7fc700 1 -- 172.21.15.69:0/37066649 <== mon.0 v2:172.21.15.69:3300/0 2 ==== config(26 keys) v1 ==== 1105+0+0 (secure 0 0 0) 0x7fb390003bc0 con 0x7fb39407ac60
2023-07-06T20:11:00.203 INFO:teuthology.orchestra.run.smithi069.stdout:/usr/bin/ceph: stderr
2023-07-06T20:10:59.404+0000 7fb38a7fc700 1 -- 172.21.15.69:0/37066649 <== mon.0 v2:172.21.15.69:3300/0 3 ==== mon_map magic: 0 v1 ==== 205+0+0 (secure 0 0 0) 0x7fb3900196c0 con 0x7fb39407ac60
2023-07-06T20:11:00.203 INFO:teuthology.orchestra.run.smithi069.stdout:/usr/bin/ceph: stderr
2023-07-06T20:10:59.404+0000 7fb39ba4f700 1 -- 172.21.15.69:0/37066649 --> [v2:172.21.15.69:3300/0,v1:172.21.15.69:6789/0] -- mon_subscribe({mgrmap=0+}) v3 -- 0x7fb39419bca0 con 0x7fb39407ac60
2023-07-06T20:11:00.203 INFO:teuthology.orchestra.run.smithi069.stdout:/usr/bin/ceph: stderr
2023-07-06T20:10:59.404+0000 7fb39ba4f700 1 -- 172.21.15.69:0/37066649 --> [v2:172.21.15.69:3300/0,v1:172.21.15.69:6789/0] -- mon_subscribe({osdmap=0}) v3 -- 0x7fb39419c0c0 con 0x7fb39407ac60
2023-07-06T20:11:00.203 INFO:teuthology.orchestra.run.smithi069.stdout:/usr/bin/ceph: stderr
2023-07-06T20:10:59.405+0000 7fb38a7fc700 1 -- 172.21.15.69:0/37066649 <== mon.0 v2:172.21.15.69:3300/0 4 ==== mgrmap(e 11) v1 ==== 45390+0+0 (secure 0 0 0) 0x7fb39001ab60 con 0x7fb39407ac60
2023-07-06T20:11:00.203 INFO:teuthology.orchestra.run.smithi069.stdout:/usr/bin/ceph: stderr
2023-07-06T20:10:59.405+0000 7fb39ba4f700 1 -- 172.21.15.69:0/37066649 --> [v2:172.21.15.69:3300/0,v1:172.21.15.69:6789/0] -- mon_command({"prefix": "get_command_descriptions"} v 0) v1 -- 0x7fb394061c70 con 0x7fb39407ac60
2023-07-06T20:11:00.204 INFO:teuthology.orchestra.run.smithi069.stdout:/usr/bin/ceph: stderr
2023-07-06T20:10:59.405+0000 7fb38a7fc700 1 --2- 172.21.15.69:0/37066649 >> [v2:172.21.15.69:6800/4215258217,v1:172.21.15.69:6801/4215258217] conn(0x7fb380038680 0x7fb38003ab30 unknown :-1 s=NONE pgs=0 cs=0 l=1 rev1=0 crypto rx=0 tx=0 comp rx=0 tx=0).connect
2023-07-06T20:11:00.204 INFO:teuthology.orchestra.run.smithi069.stdout:/usr/bin/ceph: stderr
2023-07-06T20:10:59.405+0000 7fb38a7fc700 1 -- 172.21.15.69:0/37066649 <== mon.0 v2:172.21.15.69:3300/0 5 ==== osd_map(3..3 src has 1..3) v4 ==== 1155+0+0 (secure 0 0 0) 0x7fb39004c8d0 con 0x7fb39407ac60
2023-07-06T20:11:00.204 INFO:teuthology.orchestra.run.smithi069.stdout:/usr/bin/ceph: stderr
2023-07-06T20:10:59.406+0000 7fb398fea700 1 --2- 172.21.15.69:0/37066649 >> [v2:172.21.15.69:6800/4215258217,v1:172.21.15.69:6801/4215258217] conn(0x7fb380038680 0x7fb38003ab30 unknown :-1 s=BANNER_CONNECTING pgs=0 cs=0 l=1 rev1=0 crypto rx=0 tx=0 comp rx=0 tx=0)._handle_peer_banner_payload supported=3 required=0
2023-07-06T20:11:00.204 INFO:teuthology.orchestra.run.smithi069.stdout:/usr/bin/ceph: stderr
2023-07-06T20:10:59.406+0000 7fb398fea700 1 --2- 172.21.15.69:0/37066649 >> [v2:172.21.15.69:6800/4215258217,v1:172.21.15.69:6801/4215258217] conn(0x7fb380038680 0x7fb38003ab30 secure :-1 s=READY pgs=7 cs=0 l=1 rev1=1 crypto rx=0x7fb384006fd0 tx=0x7fb384006e40 comp rx=0 tx=0).ready entity=mgr.14152 client_cookie=0 server_cookie=0 in_seq=0 out_seq=0
2023-07-06T20:11:00.204 INFO:teuthology.orchestra.run.smithi069.stdout:/usr/bin/ceph: stderr
2023-07-06T20:10:59.411+0000 7fb38a7fc700 1 -- 172.21.15.69:0/37066649 <== mon.0 v2:172.21.15.69:3300/0 6 ==== mon_command_ack([{"prefix": "get_command_descriptions"}]=0 v0) v1 ==== 72+0+178008 (secure 0 0 0) 0x7fb390018b00 con 0x7fb39407ac60
2023-07-06T20:11:00.204 INFO:teuthology.orchestra.run.smithi069.stdout:/usr/bin/ceph: stderr
2023-07-06T20:10:59.443+0000 7fb38a7fc700 1 -- 172.21.15.69:0/37066649 <== mon.0 v2:172.21.15.69:3300/0 7 ==== mgrmap(e 12) v1 ==== 45496+0+0 (secure 0 0 0) 0x7fb39001a7b0 con 0x7fb39407ac60
2023-07-06T20:11:00.204 INFO:teuthology.orchestra.run.smithi069.stdout:/usr/bin/ceph: stderr
2023-07-06T20:10:59.626+0000 7fb39ba4f700 1 -- 172.21.15.69:0/37066649 --> [v2:172.21.15.69:6800/4215258217,v1:172.21.15.69:6801/4215258217] -- mgr_command(tid 0: {"prefix": "dashboard create-self-signed-cert", "target": ["mon-mgr", ""]}) v1 -- 0x7fb394102f00 con 0x7fb380038680
2023-07-06T20:11:00.205 INFO:teuthology.orchestra.run.smithi069.stdout:/usr/bin/ceph: stderr
2023-07-06T20:10:59.685+0000 7fb38a7fc700 1 -- 172.21.15.69:0/37066649 <== mgr.14152 v2:172.21.15.69:6800/4215258217 1 ==== mgr_command_reply(tid 0: 0 ) v1 ==== 8+0+32 (secure 0 0 0) 0x7fb394102f00 con 0x7fb380038680
2023-07-06T20:11:00.205 INFO:teuthology.orchestra.run.smithi069.stdout:/usr/bin/ceph: stderr
