2023-07-08T14:32:35.958+0000 7f71c259c700 1 --2- 172.21.15.153:0/1043415912 >> [v2:172.21.15.153:6800/913438561,v1:172.21.15.153:6801/913438561] conn(0x7f71ac0387b0 0x7f71ac03ac60 unknown :-1 s=START_CONNECT pgs=0 cs=0 l=1 rev1=0 crypto rx=0 tx=0 comp rx=0 tx=0)._fault waiting 1.600000
2023-07-08T14:32:42.003 INFO:teuthology.orchestra.run.smithi153.stdout:/usr/bin/ceph: stderr
2023-07-08T14:32:37.559+0000 7f71c259c700 1 -- 172.21.15.153:0/1043415912 >> [v2:172.21.15.153:6800/913438561,v1:172.21.15.153:6801/913438561] conn(0x7f71ac0387b0 msgr2=0x7f71ac03ac60 unknown :-1 s=STATE_CONNECTING_RE l=1).process reconnect failed to v2:172.21.15.153:6800/913438561
2023-07-08T14:32:42.003 INFO:teuthology.orchestra.run.smithi153.stdout:/usr/bin/ceph: stderr
2023-07-08T14:32:37.559+0000 7f71c259c700 1 --2- 172.21.15.153:0/1043415912 >> [v2:172.21.15.153:6800/913438561,v1:172.21.15.153:6801/913438561] conn(0x7f71ac0387b0 0x7f71ac03ac60 unknown :-1 s=START_CONNECT pgs=0 cs=0 l=1 rev1=0 crypto rx=0 tx=0 comp rx=0 tx=0)._fault waiting 3.200000
2023-07-08T14:32:42.004 INFO:teuthology.orchestra.run.smithi153.stdout:/usr/bin/ceph: stderr
2023-07-08T14:32:40.616+0000 7f71abfff700 1 -- 172.21.15.153:0/1043415912 <== mon.0 v2:172.21.15.153:3300/0 6 ==== mgrmap(e 10) v1 ==== 45263+0+0 (secure 0 0 0) 0x7f71b402ad60 con 0x7f71c407bde0
2023-07-08T14:32:42.004 INFO:teuthology.orchestra.run.smithi153.stdout:/usr/bin/ceph: stderr
2023-07-08T14:32:40.616+0000 7f71abfff700 1 -- 172.21.15.153:0/1043415912 >> [v2:172.21.15.153:6800/913438561,v1:172.21.15.153:6801/913438561] conn(0x7f71ac0387b0 msgr2=0x7f71ac03ac60 unknown :-1 s=STATE_CONNECTING l=1).mark_down
2023-07-08T14:32:42.004 INFO:teuthology.orchestra.run.smithi153.stdout:/usr/bin/ceph: stderr
2023-07-08T14:32:40.616+0000 7f71abfff700 1 --2- 172.21.15.153:0/1043415912 >> [v2:172.21.15.153:6800/913438561,v1:172.21.15.153:6801/913438561] conn(0x7f71ac0387b0 0x7f71ac03ac60 unknown :-1 s=START_CONNECT pgs=0 cs=0 l=1 rev1=0 crypto rx=0 tx=0 comp rx=0 tx=0).stop
2023-07-08T14:32:42.004 INFO:teuthology.orchestra.run.smithi153.stdout:/usr/bin/ceph: stderr
2023-07-08T14:32:41.617+0000 7f71abfff700 1 -- 172.21.15.153:0/1043415912 <== mon.0 v2:172.21.15.153:3300/0 7 ==== mgrmap(e 11) v1 ==== 45390+0+0 (secure 0 0 0) 0x7f71b401cda0 con 0x7f71c407bde0
2023-07-08T14:32:42.004 INFO:teuthology.orchestra.run.smithi153.stdout:/usr/bin/ceph: stderr
2023-07-08T14:32:41.617+0000 7f71abfff700 1 --2- 172.21.15.153:0/1043415912 >> [v2:172.21.15.153:6800/2788295429,v1:172.21.15.153:6801/2788295429] conn(0x7f71ac03bfc0 0x7f71ac03e3a0 unknown :-1 s=NONE pgs=0 cs=0 l=1 rev1=0 crypto rx=0 tx=0 comp rx=0 tx=0).connect
2023-07-08T14:32:42.004 INFO:teuthology.orchestra.run.smithi153.stdout:/usr/bin/ceph: stderr
2023-07-08T14:32:41.617+0000 7f71abfff700 1 -- 172.21.15.153:0/1043415912 --> [v2:172.21.15.153:6800/2788295429,v1:172.21.15.153:6801/2788295429] -- command(tid 0: {"prefix": "get_command_descriptions"}) v1 -- 0x7f71c4061b40 con 0x7f71ac03bfc0
2023-07-08T14:32:42.004 INFO:teuthology.orchestra.run.smithi153.stdout:/usr/bin/ceph: stderr
2023-07-08T14:32:41.617+0000 7f71c259c700 1 --2- 172.21.15.153:0/1043415912 >> [v2:172.21.15.153:6800/2788295429,v1:172.21.15.153:6801/2788295429] conn(0x7f71ac03bfc0 0x7f71ac03e3a0 unknown :-1 s=BANNER_CONNECTING pgs=0 cs=0 l=1 rev1=0 crypto rx=0 tx=0 comp rx=0 tx=0)._handle_peer_banner_payload supported=3 required=0
2023-07-08T14:32:42.004 INFO:teuthology.orchestra.run.smithi153.stdout:/usr/bin/ceph: stderr
2023-07-08T14:32:41.618+0000 7f71c259c700 1 --2- 172.21.15.153:0/1043415912 >> [v2:172.21.15.153:6800/2788295429,v1:172.21.15.153:6801/2788295429] conn(0x7f71ac03bfc0 0x7f71ac03e3a0 secure :-1 s=READY pgs=1 cs=0 l=1 rev1=1 crypto rx=0x7f71b8003a10 tx=0x7f71b8009270 comp rx=0 tx=0).ready entity=mgr.14152 client_cookie=0 server_cookie=0 in_seq=0 out_seq=0
2023-07-08T14:32:42.005 INFO:teuthology.orchestra.run.smithi153.stdout:/usr/bin/ceph: stderr
2023-07-08T14:32:41.619+0000 7f71abfff700 1 -- 172.21.15.153:0/1043415912 <== mgr.14152 v2:172.21.15.153:6800/2788295429 1 ==== command_reply(tid 0: 0 ) v1 ==== 8+0+6910 (secure 0 0 0) 0x7f71c4061b40 con 0x7f71ac03bfc0
2023-07-08T14:32:42.005 INFO:teuthology.orchestra.run.smithi153.stdout:/usr/bin/ceph: stderr
2023-07-08T14:32:41.627+0000 7f71c914f700 1 -- 172.21.15.153:0/1043415912 --> [v2:172.21.15.153:6800/2788295429,v1:172.21.15.153:6801/2788295429] -- command(tid 1: {"prefix": "mgr_status"}) v1 -- 0x7f71c419c460 con 0x7f71ac03bfc0
2023-07-08T14:32:42.005 INFO:teuthology.orchestra.run.smithi153.stdout:/usr/bin/ceph: stderr
2023-07-08T14:32:41.627+0000 7f71abfff700 1 -- 172.21.15.153:0/1043415912 <== mgr.14152 v2:172.21.15.153:6800/2788295429 2 ==== command_reply(tid 1: 0 ) v1 ==== 8+0+52 (secure 0 0 0) 0x7f71c419c460 con 0x7f71ac03bfc0
2023-07-08T14:32:42.005 INFO:teuthology.orchestra.run.smithi153.stdout:/usr/bin/ceph: stderr
2023-07-08T14:32:41.628+0000 7f71c914f700 1 -- 172.21.15.153:0/1043415912 >> [v2:172.21.15.153:6800/2788295429,v1:172.21.15.153:6801/2788295429] conn(0x7f71ac03bfc0 msgr2=0x7f71ac03e3a0 secure :-1 s=STATE_CONNECTION_ESTABLISHED l=1).mark_down
2023-07-08T14:32:42.005 INFO:teuthology.orchestra.run.smithi153.stdout:/usr/bin/ceph: stderr
2023-07-08T14:32:41.628+0000 7f71c914f700 1 --2- 172.21.15.153:0/1043415912 >> [v2:172.21.15.153:6800/2788295429,v1:172.21.15.153:6801/2788295429] conn(0x7f71ac03bfc0 0x7f71ac03e3a0 secure :-1 s=READY pgs=1 cs=0 l=1 rev1=1 crypto rx=0x7f71b8003a10 tx=0x7f71b8009270 comp rx=0 tx=0).stop
2023-07-08T14:32:42.005 INFO:teuthology.orchestra.run.smithi153.stdout:/usr/bin/ceph: stderr
2023-07-08T14:32:41.628+0000 7f71c914f700 1 -- 172.21.15.153:0/1043415912 >> [v2:172.21.15.153:3300/0,v1:172.21.15.153:6789/0] conn(0x7f71c407bde0 msgr2=0x7f71c419b120 secure :-1 s=STATE_CONNECTION_ESTABLISHED l=1).mark_down
2023-07-08T14:32:42.005 INFO:teuthology.orchestra.run.smithi153.stdout:/usr/bin/ceph: stderr
2023-07-08T14:32:41.628+0000 7f71c914f700 1 --2- 172.21.15.153:0/1043415912 >> [v2:172.21.15.153:3300/0,v1:172.21.15.153:6789/0] conn(0x7f71c407bde0 0x7f71c419b120 secure :-1 s=READY pgs=62 cs=0 l=1 rev1=1 crypto rx=0x7f71b4000c00 tx=0x7f71b40118f0 comp rx=0 tx=0).stop
2023-07-08T14:32:42.006 INFO:teuthology.orchestra.run.smithi153.stdout:/usr/bin/ceph: stderr
2023-07-08T14:32:41.628+0000 7f71c914f700 1 -- 172.21.15.153:0/1043415912 shutdown_connections
2023-07-08T14:32:42.006 INFO:teuthology.orchestra.run.smithi153.stdout:/usr/bin/ceph: stderr
2023-07-08T14:32:41.628+0000 7f71c914f700 1 --2- 172.21.15.153:0/1043415912 >> [v2:172.21.15.153:6800/2788295429,v1:172.21.15.153:6801/2788295429] conn(0x7f71ac03bfc0 0x7f71ac03e3a0 unknown :-1 s=CLOSED pgs=1 cs=0 l=1 rev1=1 crypto rx=0 tx=0 comp rx=0 tx=0).stop
2023-07-08T14:32:42.006 INFO:teuthology.orchestra.run.smithi153.stdout:/usr/bin/ceph: stderr
2023-07-08T14:32:41.628+0000 7f71c914f700 1 --2- 172.21.15.153:0/1043415912 >> [v2:172.21.15.153:3300/0,v1:172.21.15.153:6789/0] conn(0x7f71c407bde0 0x7f71c419b120 unknown :-1 s=CLOSED pgs=62 cs=0 l=1 rev1=1 crypto rx=0 tx=0 comp rx=0 tx=0).stop
2023-07-08T14:32:42.006 INFO:teuthology.orchestra.run.smithi153.stdout:/usr/bin/ceph: stderr
2023-07-08T14:32:41.628+0000 7f71c914f700 1 --2- 172.21.15.153:0/1043415912 >> [v2:172.21.15.153:6800/913438561,v1:172.21.15.153:6801/913438561] conn(0x7f71ac0387b0 0x7f71ac03ac60 unknown :-1 s=CLOSED pgs=0 cs=0 l=1 rev1=0 crypto rx=0 tx=0 comp rx=0 tx=0).stop
2023-07-08T14:32:42.006 INFO:teuthology.orchestra.run.smithi153.stdout:/usr/bin/ceph: stderr
2023-07-08T14:32:41.628+0000 7f71c914f700 1 -- 172.21.15.153:0/1043415912 >> 172.21.15.153:0/1043415912 conn(0x7f71c4100790 msgr2=0x7f71c4101ef0 unknown :-1 s=STATE_NONE l=0).mark_down
2023-07-08T14:32:42.006 INFO:teuthology.orchestra.run.smithi153.stdout:/usr/bin/ceph: stderr
2023-07-08T14:32:41.628+0000 7f71c914f700 1 -- 172.21.15.153:0/1043415912 shutdown_connections
2023-07-08T14:32:42.006 INFO:teuthology.orchestra.run.smithi153.stdout:/usr/bin/ceph: stderr
2023-07-08T14:32:41.628+0000 7f71c914f700 1 -- 172.21.15.153:0/1043415912 wait complete.
2023-07-08T14:32:42.006 INFO:teuthology.orchestra.run.smithi153.stdout:mgr epoch 9 is available
2023-07-08T14:32:42.007 INFO:teuthology.orchestra.run.smithi153.stdout:Generating a dashboard self-signed certificate...
2023-07-08T14:32:43.042 INFO:journalctl@ceph.mon.a.smithi153.stdout:Jul 08 14:32:42 smithi153 ceph-mon[126351]: from='client.14156 -' entity='client.admin' cmd=[{"prefix": "get_command_descriptions"}]: dispatch
2023-07-08T14:32:43.042 INFO:journalctl@ceph.mon.a.smithi153.stdout:Jul 08 14:32:42 smithi153 ceph-mon[126351]: from='client.14156 -' entity='client.admin' cmd=[{"prefix": "mgr_status"}]: dispatch
2023-07-08T14:32:43.382 INFO:teuthology.orchestra.run.smithi153.stdout:/usr/bin/ceph: stdout Self-signed certificate created
2023-07-08T14:32:43.382 INFO:teuthology.orchestra.run.smithi153.stdout:/usr/bin/ceph: stderr
2023-07-08T14:32:42.597+0000 7fabef5a6700 1 Processor -- start
2023-07-08T14:32:43.382 INFO:teuthology.orchestra.run.smithi153.stdout:/usr/bin/ceph: stderr
2023-07-08T14:32:42.598+0000 7fabef5a6700 1 -- start start
2023-07-08T14:32:43.382 INFO:teuthology.orchestra.run.smithi153.stdout:/usr/bin/ceph: stderr
2023-07-08T14:32:42.598+0000 7fabef5a6700 1 --2- >> [v2:172.21.15.153:3300/0,v1:172.21.15.153:6789/0] conn(0x7fabe8105120 0x7fabe8105530 unknown :-1 s=NONE pgs=0 cs=0 l=0 rev1=0 crypto rx=0 tx=0 comp rx=0 tx=0).connect
2023-07-08T14:32:43.382 INFO:teuthology.orchestra.run.smithi153.stdout:/usr/bin/ceph: stderr
2023-07-08T14:32:42.598+0000 7fabef5a6700 1 -- --> [v2:172.21.15.153:3300/0,v1:172.21.15.153:6789/0] -- mon_getmap magic: 0 v1 -- 0x7fabe8105a70 con 0x7fabe8105120
2023-07-08T14:32:43.383 INFO:teuthology.orchestra.run.smithi153.stdout:/usr/bin/ceph: stderr
2023-07-08T14:32:42.598+0000 7fabed342700 1 --2- >> [v2:172.21.15.153:3300/0,v1:172.21.15.153:6789/0] conn(0x7fabe8105120 0x7fabe8105530 unknown :-1 s=BANNER_CONNECTING pgs=0 cs=0 l=0 rev1=0 crypto rx=0 tx=0 comp rx=0 tx=0)._handle_peer_banner_payload supported=3 required=0
2023-07-08T14:32:43.383 INFO:teuthology.orchestra.run.smithi153.stdout:/usr/bin/ceph: stderr
2023-07-08T14:32:42.598+0000 7fabed342700 1 --2- >> [v2:172.21.15.153:3300/0,v1:172.21.15.153:6789/0] conn(0x7fabe8105120 0x7fabe8105530 unknown :-1 s=HELLO_CONNECTING pgs=0 cs=0 l=0 rev1=1 crypto rx=0 tx=0 comp rx=0 tx=0).handle_hello peer v2:172.21.15.153:3300/0 says I am v2:172.21.15.153:48538/0 (socket says 172.21.15.153:48538)
2023-07-08T14:32:43.383 INFO:teuthology.orchestra.run.smithi153.stdout:/usr/bin/ceph: stderr
2023-07-08T14:32:42.598+0000 7fabed342700 1 -- 172.21.15.153:0/2768925723 learned_addr learned my addr 172.21.15.153:0/2768925723 (peer_addr_for_me v2:172.21.15.153:0/0)
2023-07-08T14:32:43.383 INFO:teuthology.orchestra.run.smithi153.stdout:/usr/bin/ceph: stderr
2023-07-08T14:32:42.599+0000 7fabed342700 1 -- 172.21.15.153:0/2768925723 --> [v2:172.21.15.153:3300/0,v1:172.21.15.153:6789/0] -- mon_subscribe({config=0+,monmap=0+}) v3 -- 0x7fabe8105bb0 con 0x7fabe8105120
2023-07-08T14:32:43.383 INFO:teuthology.orchestra.run.smithi153.stdout:/usr/bin/ceph: stderr
2023-07-08T14:32:42.599+0000 7fabed342700 1 --2- 172.21.15.153:0/2768925723 >> [v2:172.21.15.153:3300/0,v1:172.21.15.153:6789/0] conn(0x7fabe8105120 0x7fabe8105530 secure :-1 s=READY pgs=70 cs=0 l=1 rev1=1 crypto rx=0x7fabe40098a0 tx=0x7fabe4009bb0 comp rx=0 tx=0).ready entity=mon.0 client_cookie=307904a1705ab034 server_cookie=0 in_seq=0 out_seq=0
2023-07-08T14:32:43.383 INFO:teuthology.orchestra.run.smithi153.stdout:/usr/bin/ceph: stderr
2023-07-08T14:32:42.599+0000 7fabdffff700 1 -- 172.21.15.153:0/2768925723 <== mon.0 v2:172.21.15.153:3300/0 1 ==== mon_map magic: 0 v1 ==== 205+0+0 (secure 0 0 0) 0x7fabe4004160 con 0x7fabe8105120
2023-07-08T14:32:43.383 INFO:teuthology.orchestra.run.smithi153.stdout:/usr/bin/ceph: stderr
2023-07-08T14:32:42.599+0000 7fabdffff700 1 -- 172.21.15.153:0/2768925723 <== mon.0 v2:172.21.15.153:3300/0 2 ==== config(25 keys) v1 ==== 1067+0+0 (secure 0 0 0) 0x7fabe40042c0 con 0x7fabe8105120
2023-07-08T14:32:43.384 INFO:teuthology.orchestra.run.smithi153.stdout:/usr/bin/ceph: stderr
2023-07-08T14:32:42.599+0000 7fabdffff700 1 -- 172.21.15.153:0/2768925723 <== mon.0 v2:172.21.15.153:3300/0 3 ==== mon_map magic: 0 v1 ==== 205+0+0 (secure 0 0 0) 0x7fabe40118e0 con 0x7fabe8105120
2023-07-08T14:32:43.384 INFO:teuthology.orchestra.run.smithi153.stdout:/usr/bin/ceph: stderr
2023-07-08T14:32:42.600+0000 7fabef5a6700 1 -- 172.21.15.153:0/2768925723 >> [v2:172.21.15.153:3300/0,v1:172.21.15.153:6789/0] conn(0x7fabe8105120 msgr2=0x7fabe8105530 secure :-1 s=STATE_CONNECTION_ESTABLISHED l=1).mark_down
2023-07-08T14:32:43.384 INFO:teuthology.orchestra.run.smithi153.stdout:/usr/bin/ceph: stderr
2023-07-08T14:32:42.600+0000 7fabef5a6700 1 --2- 172.21.15.153:0/2768925723 >> [v2:172.21.15.153:3300/0,v1:172.21.15.153:6789/0] conn(0x7fabe8105120 0x7fabe8105530 secure :-1 s=READY pgs=70 cs=0 l=1 rev1=1 crypto rx=0x7fabe40098a0 tx=0x7fabe4009bb0 comp rx=0 tx=0).stop
2023-07-08T14:32:43.384 INFO:teuthology.orchestra.run.smithi153.stdout:/usr/bin/ceph: stderr
2023-07-08T14:32:42.600+0000 7fabef5a6700 1 -- 172.21.15.153:0/2768925723 shutdown_connections
2023-07-08T14:32:43.384 INFO:teuthology.orchestra.run.smithi153.stdout:/usr/bin/ceph: stderr
2023-07-08T14:32:42.600+0000 7fabef5a6700 1 --2- 172.21.15.153:0/2768925723 >> [v2:172.21.15.153:3300/0,v1:172.21.15.153:6789/0] conn(0x7fabe8105120 0x7fabe8105530 unknown :-1 s=CLOSED pgs=70 cs=0 l=1 rev1=1 crypto rx=0 tx=0 comp rx=0 tx=0).stop
2023-07-08T14:32:43.384 INFO:teuthology.orchestra.run.smithi153.stdout:/usr/bin/ceph: stderr
2023-07-08T14:32:42.600+0000 7fabef5a6700 1 -- 172.21.15.153:0/2768925723 >> 172.21.15.153:0/2768925723 conn(0x7fabe8100790 msgr2=0x7fabe8102ba0 unknown :-1 s=STATE_NONE l=0).mark_down
2023-07-08T14:32:43.384 INFO:teuthology.orchestra.run.smithi153.stdout:/usr/bin/ceph: stderr
2023-07-08T14:32:42.600+0000 7fabef5a6700 1 -- 172.21.15.153:0/2768925723 shutdown_connections
2023-07-08T14:32:43.385 INFO:teuthology.orchestra.run.smithi153.stdout:/usr/bin/ceph: stderr
2023-07-08T14:32:42.600+0000 7fabef5a6700 1 -- 172.21.15.153:0/2768925723 wait complete.
2023-07-08T14:32:43.385 INFO:teuthology.orchestra.run.smithi153.stdout:/usr/bin/ceph: stderr
2023-07-08T14:32:42.601+0000 7fabef5a6700 1 Processor -- start
2023-07-08T14:32:43.385 INFO:teuthology.orchestra.run.smithi153.stdout:/usr/bin/ceph: stderr
2023-07-08T14:32:42.602+0000 7fabef5a6700 1 -- start start
2023-07-08T14:32:43.385 INFO:teuthology.orchestra.run.smithi153.stdout:/usr/bin/ceph: stderr
2023-07-08T14:32:42.602+0000 7fabef5a6700 1 --2- >> [v2:172.21.15.153:3300/0,v1:172.21.15.153:6789/0] conn(0x7fabe8105120 0x7fabe807bc30 unknown :-1 s=NONE pgs=0 cs=0 l=1 rev1=0 crypto rx=0 tx=0 comp rx=0 tx=0).connect
2023-07-08T14:32:43.385 INFO:teuthology.orchestra.run.smithi153.stdout:/usr/bin/ceph: stderr
2023-07-08T14:32:42.602+0000 7fabef5a6700 1 -- --> [v2:172.21.15.153:3300/0,v1:172.21.15.153:6789/0] -- mon_getmap magic: 0 v1 -- 0x7fabe807c170 con 0x7fabe8105120
2023-07-08T14:32:43.385 INFO:teuthology.orchestra.run.smithi153.stdout:/usr/bin/ceph: stderr
2023-07-08T14:32:42.602+0000 7fabed342700 1 --2- >> [v2:172.21.15.153:3300/0,v1:172.21.15.153:6789/0] conn(0x7fabe8105120 0x7fabe807bc30 unknown :-1 s=BANNER_CONNECTING pgs=0 cs=0 l=1 rev1=0 crypto rx=0 tx=0 comp rx=0 tx=0)._handle_peer_banner_payload supported=3 required=0
2023-07-08T14:32:43.385 INFO:teuthology.orchestra.run.smithi153.stdout:/usr/bin/ceph: stderr
2023-07-08T14:32:42.603+0000 7fabed342700 1 --2- >> [v2:172.21.15.153:3300/0,v1:172.21.15.153:6789/0] conn(0x7fabe8105120 0x7fabe807bc30 unknown :-1 s=HELLO_CONNECTING pgs=0 cs=0 l=1 rev1=1 crypto rx=0 tx=0 comp rx=0 tx=0).handle_hello peer v2:172.21.15.153:3300/0 says I am v2:172.21.15.153:48544/0 (socket says 172.21.15.153:48544)
2023-07-08T14:32:43.386 INFO:teuthology.orchestra.run.smithi153.stdout:/usr/bin/ceph: stderr
2023-07-08T14:32:42.603+0000 7fabed342700 1 -- 172.21.15.153:0/3709671694 learned_addr learned my addr 172.21.15.153:0/3709671694 (peer_addr_for_me v2:172.21.15.153:0/0)
2023-07-08T14:32:43.386 INFO:teuthology.orchestra.run.smithi153.stdout:/usr/bin/ceph: stderr
2023-07-08T14:32:42.603+0000 7fabed342700 1 -- 172.21.15.153:0/3709671694 --> [v2:172.21.15.153:3300/0,v1:172.21.15.153:6789/0] -- mon_subscribe({config=0+,monmap=0+}) v3 -- 0x7fabe4009550 con 0x7fabe8105120
2023-07-08T14:32:43.386 INFO:teuthology.orchestra.run.smithi153.stdout:/usr/bin/ceph: stderr
2023-07-08T14:32:42.603+0000 7fabed342700 1 --2- 172.21.15.153:0/3709671694 >> [v2:172.21.15.153:3300/0,v1:172.21.15.153:6789/0] conn(0x7fabe8105120 0x7fabe807bc30 secure :-1 s=READY pgs=71 cs=0 l=1 rev1=1 crypto rx=0x7fabe40118f0 tx=0x7fabe40119d0 comp rx=0 tx=0).ready entity=mon.0 client_cookie=0 server_cookie=0 in_seq=0 out_seq=0
2023-07-08T14:32:43.386 INFO:teuthology.orchestra.run.smithi153.stdout:/usr/bin/ceph: stderr
2023-07-08T14:32:42.603+0000 7fabde7fc700 1 -- 172.21.15.153:0/3709671694 <== mon.0 v2:172.21.15.153:3300/0 1 ==== mon_map magic: 0 v1 ==== 205+0+0 (secure 0 0 0) 0x7fabe40036a0 con 0x7fabe8105120
2023-07-08T14:32:43.386 INFO:teuthology.orchestra.run.smithi153.stdout:/usr/bin/ceph: stderr
2023-07-08T14:32:42.603+0000 7fabde7fc700 1 -- 172.21.15.153:0/3709671694 <== mon.0 v2:172.21.15.153:3300/0 2 ==== config(25 keys) v1 ==== 1067+0+0 (secure 0 0 0) 0x7fabe401b440 con 0x7fabe8105120
2023-07-08T14:32:43.386 INFO:teuthology.orchestra.run.smithi153.stdout:/usr/bin/ceph: stderr
2023-07-08T14:32:42.603+0000 7fabde7fc700 1 -- 172.21.15.153:0/3709671694 <== mon.0 v2:172.21.15.153:3300/0 3 ==== mon_map magic: 0 v1 ==== 205+0+0 (secure 0 0 0) 0x7fabe40193f0 con 0x7fabe8105120
2023-07-08T14:32:43.386 INFO:teuthology.orchestra.run.smithi153.stdout:/usr/bin/ceph: stderr
2023-07-08T14:32:42.603+0000 7fabef5a6700 1 -- 172.21.15.153:0/3709671694 --> [v2:172.21.15.153:3300/0,v1:172.21.15.153:6789/0] -- mon_subscribe({mgrmap=0+}) v3 -- 0x7fabe807a280 con 0x7fabe8105120
2023-07-08T14:32:43.387 INFO:teuthology.orchestra.run.smithi153.stdout:/usr/bin/ceph: stderr
2023-07-08T14:32:42.604+0000 7fabef5a6700 1 -- 172.21.15.153:0/3709671694 --> [v2:172.21.15.153:3300/0,v1:172.21.15.153:6789/0] -- mon_subscribe({osdmap=0}) v3 -- 0x7fabe807a6a0 con 0x7fabe8105120
2023-07-08T14:32:43.387 INFO:teuthology.orchestra.run.smithi153.stdout:/usr/bin/ceph: stderr
2023-07-08T14:32:42.605+0000 7fabde7fc700 1 -- 172.21.15.153:0/3709671694 <== mon.0 v2:172.21.15.153:3300/0 4 ==== mgrmap(e 11) v1 ==== 45390+0+0 (secure 0 0 0) 0x7fabe4003800 con 0x7fabe8105120
2023-07-08T14:32:43.387 INFO:teuthology.orchestra.run.smithi153.stdout:/usr/bin/ceph: stderr
2023-07-08T14:32:42.605+0000 7fabef5a6700 1 -- 172.21.15.153:0/3709671694 --> [v2:172.21.15.153:3300/0,v1:172.21.15.153:6789/0] -- mon_command({"prefix": "get_command_descriptions"} v 0) v1 -- 0x7fabe8061b40 con 0x7fabe8105120
2023-07-08T14:32:43.387 INFO:teuthology.orchestra.run.smithi153.stdout:/usr/bin/ceph: stderr
2023-07-08T14:32:42.605+0000 7fabde7fc700 1 --2- 172.21.15.153:0/3709671694 >> [v2:172.21.15.153:6800/2788295429,v1:172.21.15.153:6801/2788295429] conn(0x7fabd4038680 0x7fabd403ab30 unknown :-1 s=NONE pgs=0 cs=0 l=1 rev1=0 crypto rx=0 tx=0 comp rx=0 tx=0).connect
2023-07-08T14:32:43.387 INFO:teuthology.orchestra.run.smithi153.stdout:/usr/bin/ceph: stderr
2023-07-08T14:32:42.605+0000 7fabde7fc700 1 -- 172.21.15.153:0/3709671694 <== mon.0 v2:172.21.15.153:3300/0 5 ==== osd_map(3..3 src has 1..3) v4 ==== 1155+0+0 (secure 0 0 0) 0x7fabe404c4d0 con 0x7fabe8105120
2023-07-08T14:32:43.387 INFO:teuthology.orchestra.run.smithi153.stdout:/usr/bin/ceph: stderr
2023-07-08T14:32:42.605+0000 7fabecb41700 1 --2- 172.21.15.153:0/3709671694 >> [v2:172.21.15.153:6800/2788295429,v1:172.21.15.153:6801/2788295429] conn(0x7fabd4038680 0x7fabd403ab30 unknown :-1 s=BANNER_CONNECTING pgs=0 cs=0 l=1 rev1=0 crypto rx=0 tx=0 comp rx=0 tx=0)._handle_peer_banner_payload supported=3 required=0
2023-07-08T14:32:43.387 INFO:teuthology.orchestra.run.smithi153.stdout:/usr/bin/ceph: stderr
2023-07-08T14:32:42.606+0000 7fabecb41700 1 --2- 172.21.15.153:0/3709671694 >> [v2:172.21.15.153:6800/2788295429,v1:172.21.15.153:6801/2788295429] conn(0x7fabd4038680 0x7fabd403ab30 secure :-1 s=READY pgs=7 cs=0 l=1 rev1=1 crypto rx=0x7fabd8006fd0 tx=0x7fabd8006e40 comp rx=0 tx=0).ready entity=mgr.14152 client_cookie=0 server_cookie=0 in_seq=0 out_seq=0
2023-07-08T14:32:43.388 INFO:teuthology.orchestra.run.smithi153.stdout:/usr/bin/ceph: stderr
2023-07-08T14:32:42.611+0000 7fabde7fc700 1 -- 172.21.15.153:0/3709671694 <== mon.0 v2:172.21.15.153:3300/0 6 ==== mon_command_ack([{"prefix": "get_command_descriptions"}]=0 v0) v1 ==== 72+0+178008 (secure 0 0 0) 0x7fabe4023a00 con 0x7fabe8105120
2023-07-08T14:32:43.388 INFO:teuthology.orchestra.run.smithi153.stdout:/usr/bin/ceph: stderr
2023-07-08T14:32:42.783+0000 7fabde7fc700 1 -- 172.21.15.153:0/3709671694 <== mon.0 v2:172.21.15.153:3300/0 7 ==== mgrmap(e 12) v1 ==== 45496+0+0 (secure 0 0 0) 0x7fabe401b8b0 con 0x7fabe8105120
2023-07-08T14:32:43.388 INFO:teuthology.orchestra.run.smithi153.stdout:/usr/bin/ceph: stderr
2023-07-08T14:32:42.835+0000 7fabef5a6700 1 -- 172.21.15.153:0/3709671694 --> [v2:172.21.15.153:6800/2788295429,v1:172.21.15.153:6801/2788295429] -- mgr_command(tid 0: {"prefix": "dashboard create-self-signed-cert", "target": ["mon-mgr", ""]}) v1 -- 0x7fabe8102a80 con 0x7fabd4038680
2023-07-08T14:32:43.388 INFO:teuthology.orchestra.run.smithi153.stdout:/usr/bin/ceph: stderr
2023-07-08T14:32:42.898+0000 7fabde7fc700 1 -- 172.21.15.153:0/3709671694 <== mgr.14152 v2:172.21.15.153:6800/2788295429 1 ==== mgr_command_reply(tid 0: 0 ) v1 ==== 8+0+32 (secure 0 0 0) 0x7fabe8102a80 con 0x7fabd4038680
2023-07-08T14:32:43.388 INFO:teuthology.orchestra.run.smithi153.stdout:/usr/bin/ceph: stderr
2023-07-08T14:32:42.900+0000 7fabef5a6700 1 -- 172.21.15.153:0/3709671694 >> [v2:172.21.15.153:6800/2788295429,v1:172.21.15.153:6801/2788295429] conn(0x7fabd4038680 msgr2=0x7fabd403ab30 secure :-1 s=STATE_CONNECTION_ESTABLISHED l=1).mark_down
2023-07-08T14:32:43.388 INFO:teuthology.orchestra.run.smithi153.stdout:/usr/bin/ceph: stderr
2023-07-08T14:32:42.900+0000 7fabef5a6700 1 --2- 172.21.15.153:0/3709671694 >> [v2:172.21.15.153:6800/2788295429,v1:172.21.15.153:6801/2788295429] conn(0x7fabd4038680 0x7fabd403ab30 secure :-1 s=READY pgs=7 cs=0 l=1 rev1=1 crypto rx=0x7fabd8006fd0 tx=0x7fabd8006e40 comp rx=0 tx=0).stop
2023-07-08T14:32:43.389 INFO:teuthology.orchestra.run.smithi153.stdout:/usr/bin/ceph: stderr
2023-07-08T14:32:42.900+0000 7fabef5a6700 1 -- 172.21.15.153:0/3709671694 >> [v2:172.21.15.153:3300/0,v1:172.21.15.153:6789/0] conn(0x7fabe8105120 msgr2=0x7fabe807bc30 secure :-1 s=STATE_CONNECTION_ESTABLISHED l=1).mark_down
2023-07-08T14:32:43.389 INFO:teuthology.orchestra.run.smithi153.stdout:/usr/bin/ceph: stderr
2023-07-08T14:32:42.900+0000 7fabef5a6700 1 --2- 172.21.15.153:0/3709671694 >> [v2:172.21.15.153:3300/0,v1:172.21.15.153:6789/0] conn(0x7fabe8105120 0x7fabe807bc30 secure :-1 s=READY pgs=71 cs=0 l=1 rev1=1 crypto rx=0x7fabe40118f0 tx=0x7fabe40119d0 comp rx=0 tx=0).stop
2023-07-08T14:32:43.389 INFO:teuthology.orchestra.run.smithi153.stdout:/usr/bin/ceph: stderr
2023-07-08T14:32:42.900+0000 7fabef5a6700 1 -- 172.21.15.153:0/3709671694 shutdown_connections
2023-07-08T14:32:43.389 INFO:teuthology.orchestra.run.smithi153.stdout:/usr/bin/ceph: stderr
2023-07-08T14:32:42.900+0000 7fabef5a6700 1 --2- 172.21.15.153:0/3709671694 >> [v2:172.21.15.153:6800/2788295429,v1:172.21.15.153:6801/2788295429] conn(0x7fabd4038680 0x7fabd403ab30 unknown :-1 s=CLOSED pgs=7 cs=0 l=1 rev1=1 crypto rx=0 tx=0 comp rx=0 tx=0).stop
2023-07-08T14:32:43.389 INFO:teuthology.orchestra.run.smithi153.stdout:/usr/bin/ceph: stderr
2023-07-08T14:32:42.900+0000 7fabef5a6700 1 --2- 172.21.15.153:0/3709671694 >> [v2:172.21.15.153:3300/0,v1:172.21.15.153:6789/0] conn(0x7fabe8105120 0x7fabe807bc30 unknown :-1 s=CLOSED pgs=71 cs=0 l=1 rev1=1 crypto rx=0 tx=0 comp rx=0 tx=0).stop
2023-07-08T14:32:43.389 INFO:teuthology.orchestra.run.smithi153.stdout:/usr/bin/ceph: stderr
2023-07-08T14:32:42.900+0000 7fabef5a6700 1 -- 172.21.15.153:0/3709671694 >> 172.21.15.153:0/3709671694 conn(0x7fabe8100790 msgr2=0x7fabe8101e20 unknown :-1 s=STATE_NONE l=0).mark_down
2023-07-08T14:32:43.389 INFO:teuthology.orchestra.run.smithi153.stdout:/usr/bin/ceph: stderr
2023-07-08T14:32:42.900+0000 7fabef5a6700 1 -- 172.21.15.153:0/3709671694 shutdown_connections
2023-07-08T14:32:43.390 INFO:teuthology.orchestra.run.smithi153.stdout:/usr/bin/ceph: stderr
2023-07-08T14:32:42.900+0000 7fabef5a6700 1 -- 172.21.15.153:0/3709671694 wait complete.
2023-07-08T14:32:43.390 INFO:teuthology.orchestra.run.smithi153.stdout:Creating initial admin user...
2023-07-08T14:32:43.991 INFO:journalctl@ceph.mon.a.smithi153.stdout:Jul 08 14:32:43 smithi153 ceph-mon[126351]: mgrmap e12: x(active, since 2s)
2023-07-08T14:32:43.991 INFO:journalctl@ceph.mon.a.smithi153.stdout:Jul 08 14:32:43 smithi153 ceph-mon[126351]: from='mgr.14152 172.21.15.153:0/1395186528' entity='mgr.x'
2023-07-08T14:32:43.991 INFO:journalctl@ceph.mon.a.smithi153.stdout:Jul 08 14:32:43 smithi153 ceph-mon[126351]: from='client.14164 -' entity='client.admin' cmd=[{"prefix": "dashboard create-self-signed-cert", "target": ["mon-mgr", ""]}]: dispatch
2023-07-08T14:32:43.991 INFO:journalctl@ceph.mon.a.smithi153.stdout:Jul 08 14:32:43 smithi153 ceph-mon[126351]: from='mgr.14152 172.21.15.153:0/1395186528' entity='mgr.x'
2023-07-08T14:32:43.992 INFO:journalctl@ceph.mon.a.smithi153.stdout:Jul 08 14:32:43 smithi153 ceph-mon[126351]: from='mgr.14152 172.21.15.153:0/1395186528' entity='mgr.x'
2023-07-08T14:32:44.860 INFO:teuthology.orchestra.run.smithi153.stdout:/usr/bin/ceph: stdout {"username": "admin", "password": "$2b$12$WYQavzMO5yo39S6y/A3pROVjnHTlJqz6gK36uibZAsUFGsQRcRTk2", "roles": ["administrator"], "name": null, "email": null, "lastUpdate": 1688826764, "enabled": true, "pwdExpirationDate": null, "pwdUpdateRequired": true}
2023-07-08T14:32:44.861 INFO:teuthology.orchestra.run.smithi153.stdout:/usr/bin/ceph: stderr
2023-07-08T14:32:43.940+0000 7f32ff98a700 1 Processor -- start
2023-07-08T14:32:44.861 INFO:teuthology.orchestra.run.smithi153.stdout:/usr/bin/ceph: stderr
2023-07-08T14:32:43.940+0000 7f32ff98a700 1 -- start start
2023-07-08T14:32:44.861 INFO:teuthology.orchestra.run.smithi153.stdout:/usr/bin/ceph: stderr
2023-07-08T14:32:43.940+0000 7f32ff98a700 1 --2- >> [v2:172.21.15.153:3300/0,v1:172.21.15.153:6789/0] conn(0x7f32f807bda0 0x7f32f807a2a0 unknown :-1 s=NONE pgs=0 cs=0 l=0 rev1=0 crypto rx=0 tx=0 comp rx=0 tx=0).connect
2023-07-08T14:32:44.861 INFO:teuthology.orchestra.run.smithi153.stdout:/usr/bin/ceph: stderr
2023-07-08T14:32:43.940+0000 7f32ff98a700 1 -- --> [v2:172.21.15.153:3300/0,v1:172.21.15.153:6789/0] -- mon_getmap magic: 0 v1 -- 0x7f32f807a7e0 con 0x7f32f807bda0
2023-07-08T14:32:44.861 INFO:teuthology.orchestra.run.smithi153.stdout:/usr/bin/ceph: stderr
2023-07-08T14:32:43.941+0000 7f32fd726700 1 --2- >> [v2:172.21.15.153:3300/0,v1:172.21.15.153:6789/0] conn(0x7f32f807bda0 0x7f32f807a2a0 unknown :-1 s=BANNER_CONNECTING pgs=0 cs=0 l=0 rev1=0 crypto rx=0 tx=0 comp rx=0 tx=0)._handle_peer_banner_payload supported=3 required=0
2023-07-08T14:32:44.861 INFO:teuthology.orchestra.run.smithi153.stdout:/usr/bin/ceph: stderr
2023-07-08T14:32:43.941+0000 7f32fd726700 1 --2- >> [v2:172.21.15.153:3300/0,v1:172.21.15.153:6789/0] conn(0x7f32f807bda0 0x7f32f807a2a0 unknown :-1 s=HELLO_CONNECTING pgs=0 cs=0 l=0 rev1=1 crypto rx=0 tx=0 comp rx=0 tx=0).handle_hello peer v2:172.21.15.153:3300/0 says I am v2:172.21.15.153:48550/0 (socket says 172.21.15.153:48550)
2023-07-08T14:32:44.862 INFO:teuthology.orchestra.run.smithi153.stdout:/usr/bin/ceph: stderr
2023-07-08T14:32:43.941+0000 7f32fd726700 1 -- 172.21.15.153:0/1172017226 learned_addr learned my addr 172.21.15.153:0/1172017226 (peer_addr_for_me v2:172.21.15.153:0/0)
2023-07-08T14:32:44.862 INFO:teuthology.orchestra.run.smithi153.stdout:/usr/bin/ceph: stderr
2023-07-08T14:32:43.941+0000 7f32fd726700 1 -- 172.21.15.153:0/1172017226 --> [v2:172.21.15.153:3300/0,v1:172.21.15.153:6789/0] -- mon_subscribe({config=0+,monmap=0+}) v3 -- 0x7f32f807a920 con 0x7f32f807bda0
2023-07-08T14:32:44.862 INFO:teuthology.orchestra.run.smithi153.stdout:/usr/bin/ceph: stderr
2023-07-08T14:32:43.941+0000 7f32fd726700 1 --2- 172.21.15.153:0/1172017226 >> [v2:172.21.15.153:3300/0,v1:172.21.15.153:6789/0] conn(0x7f32f807bda0 0x7f32f807a2a0 secure :-1 s=READY pgs=72 cs=0 l=1 rev1=1 crypto rx=0x7f32f40098a0 tx=0x7f32f4009bb0 comp rx=0 tx=0).ready entity=mon.0 client_cookie=dd992c586ffb8ee0 server_cookie=0 in_seq=0 out_seq=0
2023-07-08T14:32:44.862 INFO:teuthology.orchestra.run.smithi153.stdout:/usr/bin/ceph: stderr
2023-07-08T14:32:43.942+0000 7f32effff700 1 -- 172.21.15.153:0/1172017226 <== mon.0 v2:172.21.15.153:3300/0 1 ==== mon_map magic: 0 v1 ==== 205+0+0 (secure 0 0 0) 0x7f32f4004160 con 0x7f32f807bda0
2023-07-08T14:32:44.862 INFO:teuthology.orchestra.run.smithi153.stdout:/usr/bin/ceph: stderr
2023-07-08T14:32:43.942+0000 7f32effff700 1 -- 172.21.15.153:0/1172017226 <== mon.0 v2:172.21.15.153:3300/0 2 ==== config(25 keys) v1 ==== 1067+0+0 (secure 0 0 0) 0x7f32f40042c0 con 0x7f32f807bda0
2023-07-08T14:32:44.862 INFO:teuthology.orchestra.run.smithi153.stdout:/usr/bin/ceph: stderr
2023-07-08T14:32:43.942+0000 7f32effff700 1 -- 172.21.15.153:0/1172017226 <== mon.0 v2:172.21.15.153:3300/0 3 ==== mon_map magic: 0 v1 ==== 205+0+0 (secure 0 0 0) 0x7f32f40118e0 con 0x7f32f807bda0
2023-07-08T14:32:44.862 INFO:teuthology.orchestra.run.smithi153.stdout:/usr/bin/ceph: stderr
2023-07-08T14:32:43.942+0000 7f32ff98a700 1 -- 172.21.15.153:0/1172017226 >> [v2:172.21.15.153:3300/0,v1:172.21.15.153:6789/0] conn(0x7f32f807bda0 msgr2=0x7f32f807a2a0 secure :-1 s=STATE_CONNECTION_ESTABLISHED l=1).mark_down
2023-07-08T14:32:44.862 INFO:teuthology.orchestra.run.smithi153.stdout:/usr/bin/ceph: stderr
2023-07-08T14:32:43.942+0000 7f32ff98a700 1 --2- 172.21.15.153:0/1172017226 >> [v2:172.21.15.153:3300/0,v1:172.21.15.153:6789/0] conn(0x7f32f807bda0 0x7f32f807a2a0 secure :-1 s=READY pgs=72 cs=0 l=1 rev1=1 crypto rx=0x7f32f40098a0 tx=0x7f32f4009bb0 comp rx=0 tx=0).stop
2023-07-08T14:32:44.863 INFO:teuthology.orchestra.run.smithi153.stdout:/usr/bin/ceph: stderr
2023-07-08T14:32:43.942+0000 7f32ff98a700 1 -- 172.21.15.153:0/1172017226 shutdown_connections
2023-07-08T14:32:44.863 INFO:teuthology.orchestra.run.smithi153.stdout:/usr/bin/ceph: stderr
2023-07-08T14:32:43.942+0000 7f32ff98a700 1 --2- 172.21.15.153:0/1172017226 >> [v2:172.21.15.153:3300/0,v1:172.21.15.153:6789/0] conn(0x7f32f807bda0 0x7f32f807a2a0 unknown :-1 s=CLOSED pgs=72 cs=0 l=1 rev1=1 crypto rx=0 tx=0 comp rx=0 tx=0).stop
2023-07-08T14:32:44.863 INFO:teuthology.orchestra.run.smithi153.stdout:/usr/bin/ceph: stderr
2023-07-08T14:32:43.943+0000 7f32ff98a700 1 -- 172.21.15.153:0/1172017226 >> 172.21.15.153:0/1172017226 conn(0x7f32f8100790 msgr2=0x7f32f8102ba0 unknown :-1 s=STATE_NONE l=0).mark_down
2023-07-08T14:32:44.863 INFO:teuthology.orchestra.run.smithi153.stdout:/usr/bin/ceph: stderr
2023-07-08T14:32:43.943+0000 7f32ff98a700 1 -- 172.21.15.153:0/1172017226 shutdown_connections
2023-07-08T14:32:44.863 INFO:teuthology.orchestra.run.smithi153.stdout:/usr/bin/ceph: stderr
2023-07-08T14:32:43.943+0000 7f32ff98a700 1 -- 172.21.15.153:0/1172017226 wait complete.
2023-07-08T14:32:44.863 INFO:teuthology.orchestra.run.smithi153.stdout:/usr/bin/ceph: stderr
2023-07-08T14:32:43.944+0000 7f32ff98a700 1 Processor -- start
2023-07-08T14:32:44.863 INFO:teuthology.orchestra.run.smithi153.stdout:/usr/bin/ceph: stderr
2023-07-08T14:32:43.944+0000 7f32ff98a700 1 -- start start
2023-07-08T14:32:44.864 INFO:teuthology.orchestra.run.smithi153.stdout:/usr/bin/ceph: stderr
2023-07-08T14:32:43.944+0000 7f32ff98a700 1 --2- >> [v2:172.21.15.153:3300/0,v1:172.21.15.153:6789/0] conn(0x7f32f807bda0 0x7f32f819b0a0 unknown :-1 s=NONE pgs=0 cs=0 l=1 rev1=0 crypto rx=0 tx=0 comp rx=0 tx=0).connect
2023-07-08T14:32:44.864 INFO:teuthology.orchestra.run.smithi153.stdout:/usr/bin/ceph: stderr
2023-07-08T14:32:43.944+0000 7f32ff98a700 1 -- --> [v2:172.21.15.153:3300/0,v1:172.21.15.153:6789/0] -- mon_getmap magic: 0 v1 -- 0x7f32f819b5e0 con 0x7f32f807bda0
2023-07-08T14:32:44.864 INFO:teuthology.orchestra.run.smithi153.stdout:/usr/bin/ceph: stderr
2023-07-08T14:32:43.944+0000 7f32fd726700 1 --2- >> [v2:172.21.15.153:3300/0,v1:172.21.15.153:6789/0] conn(0x7f32f807bda0 0x7f32f819b0a0 unknown :-1 s=BANNER_CONNECTING pgs=0 cs=0 l=1 rev1=0 crypto rx=0 tx=0 comp rx=0 tx=0)._handle_peer_banner_payload supported=3 required=0
2023-07-08T14:32:44.864 INFO:teuthology.orchestra.run.smithi153.stdout:/usr/bin/ceph: stderr
2023-07-08T14:32:43.944+0000 7f32fd726700 1 --2- >> [v2:172.21.15.153:3300/0,v1:172.21.15.153:6789/0] conn(0x7f32f807bda0 0x7f32f819b0a0 unknown :-1 s=HELLO_CONNECTING pgs=0 cs=0 l=1 rev1=1 crypto rx=0 tx=0 comp rx=0 tx=0).handle_hello peer v2:172.21.15.153:3300/0 says I am v2:172.21.15.153:48562/0 (socket says 172.21.15.153:48562)
2023-07-08T14:32:44.864 INFO:teuthology.orchestra.run.smithi153.stdout:/usr/bin/ceph: stderr
2023-07-08T14:32:43.944+0000 7f32fd726700 1 -- 172.21.15.153:0/1963344992 learned_addr learned my addr 172.21.15.153:0/1963344992 (peer_addr_for_me v2:172.21.15.153:0/0)
2023-07-08T14:32:44.864 INFO:teuthology.orchestra.run.smithi153.stdout:/usr/bin/ceph: stderr
2023-07-08T14:32:43.945+0000 7f32fd726700 1 -- 172.21.15.153:0/1963344992 --> [v2:172.21.15.153:3300/0,v1:172.21.15.153:6789/0] -- mon_subscribe({config=0+,monmap=0+}) v3 -- 0x7f32f4009550 con 0x7f32f807bda0
2023-07-08T14:32:44.864 INFO:teuthology.orchestra.run.smithi153.stdout:/usr/bin/ceph: stderr
2023-07-08T14:32:43.945+0000 7f32fd726700 1 --2- 172.21.15.153:0/1963344992 >> [v2:172.21.15.153:3300/0,v1:172.21.15.153:6789/0] conn(0x7f32f807bda0 0x7f32f819b0a0 secure :-1 s=READY pgs=73 cs=0 l=1 rev1=1 crypto rx=0x7f32f4006af0 tx=0x7f32f4011e80 comp rx=0 tx=0).ready entity=mon.0 client_cookie=0 server_cookie=0 in_seq=0 out_seq=0
2023-07-08T14:32:44.864 INFO:teuthology.orchestra.run.smithi153.stdout:/usr/bin/ceph: stderr
2023-07-08T14:32:43.945+0000 7f32ee7fc700 1 -- 172.21.15.153:0/1963344992 <== mon.0 v2:172.21.15.153:3300/0 1 ==== mon_map magic: 0 v1 ==== 205+0+0 (secure 0 0 0) 0x7f32f40037d0 con 0x7f32f807bda0
2023-07-08T14:32:44.865 INFO:teuthology.orchestra.run.smithi153.stdout:/usr/bin/ceph: stderr
2023-07-08T14:32:43.945+0000 7f32ee7fc700 1 -- 172.21.15.153:0/1963344992 <== mon.0 v2:172.21.15.153:3300/0 2 ==== config(25 keys) v1 ==== 1067+0+0 (secure 0 0 0) 0x7f32f401b440 con 0x7f32f807bda0
2023-07-08T14:32:44.865 INFO:teuthology.orchestra.run.smithi153.stdout:/usr/bin/ceph: stderr
2023-07-08T14:32:43.945+0000 7f32ee7fc700 1 -- 172.21.15.153:0/1963344992 <== mon.0 v2:172.21.15.153:3300/0 3 ==== mon_map magic: 0 v1 ==== 205+0+0 (secure 0 0 0) 0x7f32f4019560 con 0x7f32f807bda0
2023-07-08T14:32:44.865 INFO:teuthology.orchestra.run.smithi153.stdout:/usr/bin/ceph: stderr
2023-07-08T14:32:43.945+0000 7f32ff98a700 1 -- 172.21.15.153:0/1963344992 --> [v2:172.21.15.153:3300/0,v1:172.21.15.153:6789/0] -- mon_subscribe({mgrmap=0+}) v3 -- 0x7f32f819b7e0 con 0x7f32f807bda0
2023-07-08T14:32:44.865 INFO:teuthology.orchestra.run.smithi153.stdout:/usr/bin/ceph: stderr
2023-07-08T14:32:43.945+0000 7f32ff98a700 1 -- 172.21.15.153:0/1963344992 --> [v2:172.21.15.153:3300/0,v1:172.21.15.153:6789/0] -- mon_subscribe({osdmap=0}) v3 -- 0x7f32f819bc00 con 0x7f32f807bda0
2023-07-08T14:32:44.867 INFO:teuthology.orchestra.run.smithi153.stdout:/usr/bin/ceph: stderr
2023-07-08T14:32:43.946+0000 7f32ee7fc700 1 -- 172.21.15.153:0/1963344992 <== mon.0 v2:172.21.15.153:3300/0 4 ==== mgrmap(e 12) v1 ==== 45496+0+0 (secure 0 0 0) 0x7f32f4003930 con 0x7f32f807bda0
2023-07-08T14:32:44.867 INFO:teuthology.orchestra.run.smithi153.stdout:/usr/bin/ceph: stderr
2023-07-08T14:32:43.947+0000 7f32ff98a700 1 -- 172.21.15.153:0/1963344992 --> [v2:172.21.15.153:3300/0,v1:172.21.15.153:6789/0] -- mon_command({"prefix": "get_command_descriptions"} v 0) v1 -- 0x7f32f81950a0 con 0x7f32f807bda0
2023-07-08T14:32:44.868 INFO:teuthology.orchestra.run.smithi153.stdout:/usr/bin/ceph: stderr
2023-07-08T14:32:43.947+0000 7f32ee7fc700 1 --2- 172.21.15.153:0/1963344992 >> [v2:172.21.15.153:6800/2788295429,v1:172.21.15.153:6801/2788295429] conn(0x7f32e4038760 0x7f32e403ac10 unknown :-1 s=NONE pgs=0 cs=0 l=1 rev1=0 crypto rx=0 tx=0 comp rx=0 tx=0).connect
2023-07-08T14:32:44.868 INFO:teuthology.orchestra.run.smithi153.stdout:/usr/bin/ceph: stderr
2023-07-08T14:32:43.947+0000 7f32ee7fc700 1 -- 172.21.15.153:0/1963344992 <== mon.0 v2:172.21.15.153:3300/0 5 ==== osd_map(3..3 src has 1..3) v4 ==== 1155+0+0 (secure 0 0 0) 0x7f32f404c750 con 0x7f32f807bda0
2023-07-08T14:32:44.868 INFO:teuthology.orchestra.run.smithi153.stdout:/usr/bin/ceph: stderr
2023-07-08T14:32:43.947+0000 7f32fcf25700 1 --2- 172.21.15.153:0/1963344992 >> [v2:172.21.15.153:6800/2788295429,v1:172.21.15.153:6801/2788295429] conn(0x7f32e4038760 0x7f32e403ac10 unknown :-1 s=BANNER_CONNECTING pgs=0 cs=0 l=1 rev1=0 crypto rx=0 tx=0 comp rx=0 tx=0)._handle_peer_banner_payload supported=3 required=0
2023-07-08T14:32:44.868 INFO:teuthology.orchestra.run.smithi153.stdout:/usr/bin/ceph: stderr
2023-07-08T14:32:43.948+0000 7f32fcf25700 1 --2- 172.21.15.153:0/1963344992 >> [v2:172.21.15.153:6800/2788295429,v1:172.21.15.153:6801/2788295429] conn(0x7f32e4038760 0x7f32e403ac10 secure :-1 s=READY pgs=8 cs=0 l=1 rev1=1 crypto rx=0x7f32e8006fd0 tx=0x7f32e8006e40 comp rx=0 tx=0).ready entity=mgr.14152 client_cookie=0 server_cookie=0 in_seq=0 out_seq=0
2023-07-08T14:32:44.868 INFO:teuthology.orchestra.run.smithi153.stdout:/usr/bin/ceph: stderr
2023-07-08T14:32:43.952+0000 7f32ee7fc700 1 -- 172.21.15.153:0/1963344992 <== mon.0 v2:172.21.15.153:3300/0 6 ==== mon_command_ack([{"prefix": "get_command_descriptions"}]=0 v0) v1 ==== 72+0+178008 (secure 0 0 0) 0x7f32f402bab0 con 0x7f32f807bda0
2023-07-08T14:32:44.868 INFO:teuthology.orchestra.run.smithi153.stdout:/usr/bin/ceph: stderr
2023-07-08T14:32:44.171+0000 7f32ff98a700 1 -- 172.21.15.153:0/1963344992 --> [v2:172.21.15.153:6800/2788295429,v1:172.21.15.153:6801/2788295429] -- mgr_command(tid 0: {"prefix": "dashboard ac-user-create", "username": "admin", "rolename": "administrator", "force_password": true, "pwd_update_required": true, "target": ["mon-mgr", ""]}) v1 -- 0x7f32f8061960 con 0x7f32e4038760
2023-07-08T14:32:44.868 INFO:teuthology.orchestra.run.smithi153.stdout:/usr/bin/ceph: stderr
2023-07-08T14:32:44.405+0000 7f32ee7fc700 1 -- 172.21.15.153:0/1963344992 <== mgr.14152 v2:172.21.15.153:6800/2788295429 1 ==== mgr_command_reply(tid 0: 0 ) v1 ==== 8+0+252 (secure 0 0 0) 0x7f32f8061960 con 0x7f32e4038760
2023-07-08T14:32:44.869 INFO:teuthology.orchestra.run.smithi153.stdout:/usr/bin/ceph: stderr
2023-07-08T14:32:44.407+0000 7f32ff98a700 1 -- 172.21.15.153:0/1963344992 >> [v2:172.21.15.153:6800/2788295429,v1:172.21.15.153:6801/2788295429] conn(0x7f32e4038760 msgr2=0x7f32e403ac10 secure :-1 s=STATE_CONNECTION_ESTABLISHED l=1).mark_down
2023-07-08T14:32:44.869 INFO:teuthology.orchestra.run.smithi153.stdout:/usr/bin/ceph: stderr
2023-07-08T14:32:44.407+0000 7f32ff98a700 1 --2- 172.21.15.153:0/1963344992 >> [v2:172.21.15.153:6800/2788295429,v1:172.21.15.153:6801/2788295429] conn(0x7f32e4038760 0x7f32e403ac10 secure :-1 s=READY pgs=8 cs=0 l=1 rev1=1 crypto rx=0x7f32e8006fd0 tx=0x7f32e8006e40 comp rx=0 tx=0).stop
2023-07-08T14:32:44.869 INFO:teuthology.orchestra.run.smithi153.stdout:/usr/bin/ceph: stderr
2023-07-08T14:32:44.407+0000 7f32ff98a700 1 -- 172.21.15.153:0/1963344992 >> [v2:172.21.15.153:3300/0,v1:172.21.15.153:6789/0] conn(0x7f32f807bda0 msgr2=0x7f32f819b0a0 secure :-1 s=STATE_CONNECTION_ESTABLISHED l=1).mark_down
2023-07-08T14:32:44.869 INFO:teuthology.orchestra.run.smithi153.stdout:/usr/bin/ceph: stderr
2023-07-08T14:32:44.407+0000 7f32ff98a700 1 --2- 172.21.15.153:0/1963344992 >> [v2:172.21.15.153:3300/0,v1:172.21.15.153:6789/0] conn(0x7f32f807bda0 0x7f32f819b0a0 secure :-1 s=READY pgs=73 cs=0 l=1 rev1=1 crypto rx=0x7f32f4006af0 tx=0x7f32f4011e80 comp rx=0 tx=0).stop
2023-07-08T14:32:44.869 INFO:teuthology.orchestra.run.smithi153.stdout:/usr/bin/ceph: stderr
2023-07-08T14:32:44.408+0000 7f32ff98a700 1 -- 172.21.15.153:0/1963344992 shutdown_connections
2023-07-08T14:32:44.869 INFO:teuthology.orchestra.run.smithi153.stdout:/usr/bin/ceph: stderr
2023-07-08T14:32:44.408+0000 7f32ff98a700 1 --2- 172.21.15.153:0/1963344992 >> [v2:172.21.15.153:6800/2788295429,v1:172.21.15.153:6801/2788295429] conn(0x7f32e4038760 0x7f32e403ac10 unknown :-1 s=CLOSED pgs=8 cs=0 l=1 rev1=1 crypto rx=0 tx=0 comp rx=0 tx=0).stop
2023-07-08T14:32:44.869 INFO:teuthology.orchestra.run.smithi153.stdout:/usr/bin/ceph: stderr
2023-07-08T14:32:44.408+0000 7f32ff98a700 1 --2- 172.21.15.153:0/1963344992 >> [v2:172.21.15.153:3300/0,v1:172.21.15.153:6789/0] conn(0x7f32f807bda0 0x7f32f819b0a0 unknown :-1 s=CLOSED pgs=73 cs=0 l=1 rev1=1 crypto rx=0 tx=0 comp rx=0 tx=0).stop
2023-07-08T14:32:44.870 INFO:teuthology.orchestra.run.smithi153.stdout:/usr/bin/ceph: stderr
2023-07-08T14:32:44.408+0000 7f32ff98a700 1 -- 172.21.15.153:0/1963344992 >> 172.21.15.153:0/1963344992 conn(0x7f32f8100790 msgr2=0x7f32f8102b80 unknown :-1 s=STATE_NONE l=0).mark_down
2023-07-08T14:32:44.870 INFO:teuthology.orchestra.run.smithi153.stdout:/usr/bin/ceph: stderr
2023-07-08T14:32:44.408+0000 7f32ff98a700 1 -- 172.21.15.153:0/1963344992 shutdown_connections
2023-07-08T14:32:44.870 INFO:teuthology.orchestra.run.smithi153.stdout:/usr/bin/ceph: stderr
2023-07-08T14:32:44.408+0000 7f32ff98a700 1 -- 172.21.15.153:0/1963344992 wait complete.
2023-07-08T14:32:44.870 INFO:teuthology.orchestra.run.smithi153.stdout:Fetching dashboard port number...
2023-07-08T14:32:45.130 INFO:journalctl@ceph.mon.a.smithi153.stdout:Jul 08 14:32:44 smithi153 ceph-mon[126351]: from='client.14166 -' entity='client.admin' cmd=[{"prefix": "dashboard ac-user-create", "username": "admin", "rolename": "administrator", "force_password": true, "pwd_update_required": true, "target": ["mon-mgr", ""]}]: dispatch
2023-07-08T14:32:45.130 INFO:journalctl@ceph.mon.a.smithi153.stdout:Jul 08 14:32:44 smithi153 ceph-mon[126351]: from='mgr.14152 172.21.15.153:0/1395186528' entity='mgr.x'
2023-07-08T14:32:45.130 INFO:journalctl@ceph.mon.a.smithi153.stdout:Jul 08 14:32:44 smithi153 ceph-mon[126351]: from='mgr.14152 172.21.15.153:0/1395186528' entity='mgr.x'
2023-07-08T14:32:46.240 INFO:journalctl@ceph.mon.a.smithi153.stdout:Jul 08 14:32:45 smithi153 ceph-mon[126351]: from='client.? 172.21.15.153:0/396782811' entity='client.admin' cmd=[{"prefix": "config get", "who": "mgr", "key": "mgr/dashboard/ssl_server_port"}]: dispatch
2023-07-08T14:32:46.348 INFO:teuthology.orchestra.run.smithi153.stdout:/usr/bin/ceph: stdout 8443
2023-07-08T14:32:46.348 INFO:teuthology.orchestra.run.smithi153.stdout:/usr/bin/ceph: stderr
2023-07-08T14:32:45.433+0000 7f06ff3f7700 1 Processor -- start
2023-07-08T14:32:46.348 INFO:teuthology.orchestra.run.smithi153.stdout:/usr/bin/ceph: stderr
2023-07-08T14:32:45.433+0000 7f06ff3f7700 1 -- start start
2023-07-08T14:32:46.348 INFO:teuthology.orchestra.run.smithi153.stdout:/usr/bin/ceph: stderr
2023-07-08T14:32:45.433+0000 7f06ff3f7700 1 --2- >> [v2:172.21.15.153:3300/0,v1:172.21.15.153:6789/0] conn(0x7f06f8104020 0x7f06f8104430 unknown :-1 s=NONE pgs=0 cs=0 l=0 rev1=0 crypto rx=0 tx=0 comp rx=0 tx=0).connect
2023-07-08T14:32:46.348 INFO:teuthology.orchestra.run.smithi153.stdout:/usr/bin/ceph: stderr
2023-07-08T14:32:45.434+0000 7f06ff3f7700 1 -- --> [v2:172.21.15.153:3300/0,v1:172.21.15.153:6789/0] -- mon_getmap magic: 0 v1 -- 0x7f06f8104970 con 0x7f06f8104020
2023-07-08T14:32:46.349 INFO:teuthology.orchestra.run.smithi153.stdout:/usr/bin/ceph: stderr
2023-07-08T14:32:45.434+0000 7f06fd193700 1 --2- >> [v2:172.21.15.153:3300/0,v1:172.21.15.153:6789/0] conn(0x7f06f8104020 0x7f06f8104430 unknown :-1 s=BANNER_CONNECTING pgs=0 cs=0 l=0 rev1=0 crypto rx=0 tx=0 comp rx=0 tx=0)._handle_peer_banner_payload supported=3 required=0
2023-07-08T14:32:46.349 INFO:teuthology.orchestra.run.smithi153.stdout:/usr/bin/ceph: stderr
2023-07-08T14:32:45.434+0000 7f06fd193700 1 --2- >> [v2:172.21.15.153:3300/0,v1:172.21.15.153:6789/0] conn(0x7f06f8104020 0x7f06f8104430 unknown :-1 s=HELLO_CONNECTING pgs=0 cs=0 l=0 rev1=1 crypto rx=0 tx=0 comp rx=0 tx=0).handle_hello peer v2:172.21.15.153:3300/0 says I am v2:172.21.15.153:48578/0 (socket says 172.21.15.153:48578)
2023-07-08T14:32:46.349 INFO:teuthology.orchestra.run.smithi153.stdout:/usr/bin/ceph: stderr
2023-07-08T14:32:45.434+0000 7f06fd193700 1 -- 172.21.15.153:0/1730564164 learned_addr learned my addr 172.21.15.153:0/1730564164 (peer_addr_for_me v2:172.21.15.153:0/0)
2023-07-08T14:32:46.349 INFO:teuthology.orchestra.run.smithi153.stdout:/usr/bin/ceph: stderr
2023-07-08T14:32:45.434+0000 7f06fd193700 1 -- 172.21.15.153:0/1730564164 --> [v2:172.21.15.153:3300/0,v1:172.21.15.153:6789/0] -- mon_subscribe({config=0+,monmap=0+}) v3 -- 0x7f06f8104ab0 con 0x7f06f8104020
2023-07-08T14:32:46.349 INFO:teuthology.orchestra.run.smithi153.stdout:/usr/bin/ceph: stderr
2023-07-08T14:32:45.435+0000 7f06fd193700 1 --2- 172.21.15.153:0/1730564164 >> [v2:172.21.15.153:3300/0,v1:172.21.15.153:6789/0] conn(0x7f06f8104020 0x7f06f8104430 secure :-1 s=READY pgs=74 cs=0 l=1 rev1=1 crypto rx=0x7f06f400bb40 tx=0x7f06f400be50 comp rx=0 tx=0).ready entity=mon.0 client_cookie=7d28d4921296327a server_cookie=0 in_seq=0 out_seq=0
2023-07-08T14:32:46.349 INFO:teuthology.orchestra.run.smithi153.stdout:/usr/bin/ceph: stderr
2023-07-08T14:32:45.435+0000 7f06effff700 1 -- 172.21.15.153:0/1730564164 <== mon.0 v2:172.21.15.153:3300/0 1 ==== mon_map magic: 0 v1 ==== 205+0+0 (secure 0 0 0) 0x7f06f400dbe0 con 0x7f06f8104020
2023-07-08T14:32:46.349 INFO:teuthology.orchestra.run.smithi153.stdout:/usr/bin/ceph: stderr
2023-07-08T14:32:45.435+0000 7f06effff700 1 -- 172.21.15.153:0/1730564164 <== mon.0 v2:172.21.15.153:3300/0 2 ==== config(25 keys) v1 ==== 1067+0+0 (secure 0 0 0) 0x7f06f40044c0 con 0x7f06f8104020
2023-07-08T14:32:46.350 INFO:teuthology.orchestra.run.smithi153.stdout:/usr/bin/ceph: stderr
2023-07-08T14:32:45.435+0000 7f06effff700 1 -- 172.21.15.153:0/1730564164 <== mon.0 v2:172.21.15.153:3300/0 3 ==== mon_map magic: 0 v1 ==== 205+0+0 (secure 0 0 0) 0x7f06f4003d50 con 0x7f06f8104020
2023-07-08T14:32:46.350 INFO:teuthology.orchestra.run.smithi153.stdout:/usr/bin/ceph: stderr
2023-07-08T14:32:45.436+0000 7f06ff3f7700 1 -- 172.21.15.153:0/1730564164 >> [v2:172.21.15.153:3300/0,v1:172.21.15.153:6789/0] conn(0x7f06f8104020 msgr2=0x7f06f8104430 secure :-1 s=STATE_CONNECTION_ESTABLISHED l=1).mark_down
2023-07-08T14:32:46.350 INFO:teuthology.orchestra.run.smithi153.stdout:/usr/bin/ceph: stderr
2023-07-08T14:32:45.436+0000 7f06ff3f7700 1 --2- 172.21.15.153:0/1730564164 >> [v2:172.21.15.153:3300/0,v1:172.21.15.153:6789/0] conn(0x7f06f8104020 0x7f06f8104430 secure :-1 s=READY pgs=74 cs=0 l=1 rev1=1 crypto rx=0x7f06f400bb40 tx=0x7f06f400be50 comp rx=0 tx=0).stop
2023-07-08T14:32:46.350 INFO:teuthology.orchestra.run.smithi153.stdout:/usr/bin/ceph: stderr
2023-07-08T14:32:45.436+0000 7f06ff3f7700 1 -- 172.21.15.153:0/1730564164 shutdown_connections
2023-07-08T14:32:46.350 INFO:teuthology.orchestra.run.smithi153.stdout:/usr/bin/ceph: stderr
2023-07-08T14:32:45.436+0000 7f06ff3f7700 1 --2- 172.21.15.153:0/1730564164 >> [v2:172.21.15.153:3300/0,v1:172.21.15.153:6789/0] conn(0x7f06f8104020 0x7f06f8104430 unknown :-1 s=CLOSED pgs=74 cs=0 l=1 rev1=1 crypto rx=0 tx=0 comp rx=0 tx=0).stop
2023-07-08T14:32:46.350 INFO:teuthology.orchestra.run.smithi153.stdout:/usr/bin/ceph: stderr
2023-07-08T14:32:45.436+0000 7f06ff3f7700 1 -- 172.21.15.153:0/1730564164 >> 172.21.15.153:0/1730564164 conn(0x7f06f80ff690 msgr2=0x7f06f8101aa0 unknown :-1 s=STATE_NONE l=0).mark_down
2023-07-08T14:32:46.350 INFO:teuthology.orchestra.run.smithi153.stdout:/usr/bin/ceph: stderr
2023-07-08T14:32:45.436+0000 7f06ff3f7700 1 -- 172.21.15.153:0/1730564164 shutdown_connections
2023-07-08T14:32:46.350 INFO:teuthology.orchestra.run.smithi153.stdout:/usr/bin/ceph: stderr
2023-07-08T14:32:45.436+0000 7f06ff3f7700 1 -- 172.21.15.153:0/1730564164 wait complete.
2023-07-08T14:32:46.351 INFO:teuthology.orchestra.run.smithi153.stdout:/usr/bin/ceph: stderr
2023-07-08T14:32:45.437+0000 7f06ff3f7700 1 Processor -- start
2023-07-08T14:32:46.351 INFO:teuthology.orchestra.run.smithi153.stdout:/usr/bin/ceph: stderr
2023-07-08T14:32:45.437+0000 7f06ff3f7700 1 -- start start
2023-07-08T14:32:46.351 INFO:teuthology.orchestra.run.smithi153.stdout:/usr/bin/ceph: stderr
2023-07-08T14:32:45.437+0000 7f06ff3f7700 1 --2- >> [v2:172.21.15.153:3300/0,v1:172.21.15.153:6789/0] conn(0x7f06f8104020 0x7f06f819b0a0 unknown :-1 s=NONE pgs=0 cs=0 l=1 rev1=0 crypto rx=0 tx=0 comp rx=0 tx=0).connect
2023-07-08T14:32:46.351 INFO:teuthology.orchestra.run.smithi153.stdout:/usr/bin/ceph: stderr
2023-07-08T14:32:45.437+0000 7f06ff3f7700 1 -- --> [v2:172.21.15.153:3300/0,v1:172.21.15.153:6789/0] -- mon_getmap magic: 0 v1 -- 0x7f06f819b5e0 con 0x7f06f8104020
2023-07-08T14:32:46.351 INFO:teuthology.orchestra.run.smithi153.stdout:/usr/bin/ceph: stderr
2023-07-08T14:32:45.438+0000 7f06fd193700 1 --2- >> [v2:172.21.15.153:3300/0,v1:172.21.15.153:6789/0] conn(0x7f06f8104020 0x7f06f819b0a0 unknown :-1 s=BANNER_CONNECTING pgs=0 cs=0 l=1 rev1=0 crypto rx=0 tx=0 comp rx=0 tx=0)._handle_peer_banner_payload supported=3 required=0
2023-07-08T14:32:46.351 INFO:teuthology.orchestra.run.smithi153.stdout:/usr/bin/ceph: stderr
