2023-07-08T14:32:31.102+0000 7fe9aeffd700 1 -- 172.21.15.153:0/1257656701 --> [v2:172.21.15.153:3300/0,v1:172.21.15.153:6789/0] -- mon_subscribe({config=0+,monmap=0+}) v3 -- 0x7fe9a0009550 con 0x7fe9b007bdc0
2023-07-08T14:32:32.505 INFO:teuthology.orchestra.run.smithi153.stdout:/usr/bin/ceph: stderr
2023-07-08T14:32:31.102+0000 7fe9aeffd700 1 --2- 172.21.15.153:0/1257656701 >> [v2:172.21.15.153:3300/0,v1:172.21.15.153:6789/0] conn(0x7fe9b007bdc0 0x7fe9b019b0d0 secure :-1 s=READY pgs=56 cs=0 l=1 rev1=1 crypto rx=0x7fe9a0000c00 tx=0x7fe9a00119a0 comp rx=0 tx=0).ready entity=mon.0 client_cookie=0 server_cookie=0 in_seq=0 out_seq=0
2023-07-08T14:32:32.505 INFO:teuthology.orchestra.run.smithi153.stdout:/usr/bin/ceph: stderr
2023-07-08T14:32:31.102+0000 7fe997fff700 1 -- 172.21.15.153:0/1257656701 <== mon.0 v2:172.21.15.153:3300/0 1 ==== mon_map magic: 0 v1 ==== 205+0+0 (secure 0 0 0) 0x7fe9a00036a0 con 0x7fe9b007bdc0
2023-07-08T14:32:32.506 INFO:teuthology.orchestra.run.smithi153.stdout:/usr/bin/ceph: stderr
2023-07-08T14:32:31.102+0000 7fe9b56c5700 1 -- 172.21.15.153:0/1257656701 --> [v2:172.21.15.153:3300/0,v1:172.21.15.153:6789/0] -- mon_subscribe({mgrmap=0+}) v3 -- 0x7fe9b019b810 con 0x7fe9b007bdc0
2023-07-08T14:32:32.506 INFO:teuthology.orchestra.run.smithi153.stdout:/usr/bin/ceph: stderr
2023-07-08T14:32:31.102+0000 7fe997fff700 1 -- 172.21.15.153:0/1257656701 <== mon.0 v2:172.21.15.153:3300/0 2 ==== config(25 keys) v1 ==== 1067+0+0 (secure 0 0 0) 0x7fe9a001b440 con 0x7fe9b007bdc0
2023-07-08T14:32:32.506 INFO:teuthology.orchestra.run.smithi153.stdout:/usr/bin/ceph: stderr
2023-07-08T14:32:31.102+0000 7fe997fff700 1 -- 172.21.15.153:0/1257656701 <== mon.0 v2:172.21.15.153:3300/0 3 ==== mon_map magic: 0 v1 ==== 205+0+0 (secure 0 0 0) 0x7fe9a001a3d0 con 0x7fe9b007bdc0
2023-07-08T14:32:32.506 INFO:teuthology.orchestra.run.smithi153.stdout:/usr/bin/ceph: stderr
2023-07-08T14:32:31.103+0000 7fe9b56c5700 1 -- 172.21.15.153:0/1257656701 --> [v2:172.21.15.153:3300/0,v1:172.21.15.153:6789/0] -- mon_subscribe({osdmap=0}) v3 -- 0x7fe9b019bc30 con 0x7fe9b007bdc0
2023-07-08T14:32:32.506 INFO:teuthology.orchestra.run.smithi153.stdout:/usr/bin/ceph: stderr
2023-07-08T14:32:31.104+0000 7fe997fff700 1 -- 172.21.15.153:0/1257656701 <== mon.0 v2:172.21.15.153:3300/0 4 ==== mgrmap(e 8) v1 ==== 45483+0+0 (secure 0 0 0) 0x7fe9a001b5b0 con 0x7fe9b007bdc0
2023-07-08T14:32:32.506 INFO:teuthology.orchestra.run.smithi153.stdout:/usr/bin/ceph: stderr
2023-07-08T14:32:31.104+0000 7fe9b56c5700 1 -- 172.21.15.153:0/1257656701 --> [v2:172.21.15.153:3300/0,v1:172.21.15.153:6789/0] -- mon_command({"prefix": "get_command_descriptions"} v 0) v1 -- 0x7fe9b01950c0 con 0x7fe9b007bdc0
2023-07-08T14:32:32.506 INFO:teuthology.orchestra.run.smithi153.stdout:/usr/bin/ceph: stderr
2023-07-08T14:32:31.104+0000 7fe997fff700 1 --2- 172.21.15.153:0/1257656701 >> [v2:172.21.15.153:6800/913438561,v1:172.21.15.153:6801/913438561] conn(0x7fe998038710 0x7fe99803abc0 unknown :-1 s=NONE pgs=0 cs=0 l=1 rev1=0 crypto rx=0 tx=0 comp rx=0 tx=0).connect
2023-07-08T14:32:32.507 INFO:teuthology.orchestra.run.smithi153.stdout:/usr/bin/ceph: stderr
2023-07-08T14:32:31.104+0000 7fe997fff700 1 -- 172.21.15.153:0/1257656701 <== mon.0 v2:172.21.15.153:3300/0 5 ==== osd_map(2..2 src has 1..2) v4 ==== 940+0+0 (secure 0 0 0) 0x7fe9a004c580 con 0x7fe9b007bdc0
2023-07-08T14:32:32.507 INFO:teuthology.orchestra.run.smithi153.stdout:/usr/bin/ceph: stderr
2023-07-08T14:32:31.104+0000 7fe9ae7fc700 1 --2- 172.21.15.153:0/1257656701 >> [v2:172.21.15.153:6800/913438561,v1:172.21.15.153:6801/913438561] conn(0x7fe998038710 0x7fe99803abc0 unknown :-1 s=BANNER_CONNECTING pgs=0 cs=0 l=1 rev1=0 crypto rx=0 tx=0 comp rx=0 tx=0)._handle_peer_banner_payload supported=3 required=0
2023-07-08T14:32:32.507 INFO:teuthology.orchestra.run.smithi153.stdout:/usr/bin/ceph: stderr
2023-07-08T14:32:31.105+0000 7fe9ae7fc700 1 --2- 172.21.15.153:0/1257656701 >> [v2:172.21.15.153:6800/913438561,v1:172.21.15.153:6801/913438561] conn(0x7fe998038710 0x7fe99803abc0 secure :-1 s=READY pgs=16 cs=0 l=1 rev1=1 crypto rx=0x7fe9a4006fd0 tx=0x7fe9a4006e40 comp rx=0 tx=0).ready entity=mgr.14120 client_cookie=0 server_cookie=0 in_seq=0 out_seq=0
2023-07-08T14:32:32.507 INFO:teuthology.orchestra.run.smithi153.stdout:/usr/bin/ceph: stderr
2023-07-08T14:32:31.109+0000 7fe997fff700 1 -- 172.21.15.153:0/1257656701 <== mon.0 v2:172.21.15.153:3300/0 6 ==== mon_command_ack([{"prefix": "get_command_descriptions"}]=0 v0) v1 ==== 72+0+178008 (secure 0 0 0) 0x7fe9a0023be0 con 0x7fe9b007bdc0
2023-07-08T14:32:32.507 INFO:teuthology.orchestra.run.smithi153.stdout:/usr/bin/ceph: stderr
2023-07-08T14:32:31.391+0000 7fe9b56c5700 1 -- 172.21.15.153:0/1257656701 --> [v2:172.21.15.153:3300/0,v1:172.21.15.153:6789/0] -- mon_command({"prefix": "mgr module enable", "module": "dashboard"} v 0) v1 -- 0x7fe9b002c850 con 0x7fe9b007bdc0
2023-07-08T14:32:32.507 INFO:teuthology.orchestra.run.smithi153.stdout:/usr/bin/ceph: stderr
2023-07-08T14:32:32.033+0000 7fe997fff700 1 -- 172.21.15.153:0/1257656701 <== mon.0 v2:172.21.15.153:3300/0 7 ==== mgrmap(e 9) v1 ==== 45496+0+0 (secure 0 0 0) 0x7fe9a001a690 con 0x7fe9b007bdc0
2023-07-08T14:32:32.507 INFO:teuthology.orchestra.run.smithi153.stdout:/usr/bin/ceph: stderr
2023-07-08T14:32:32.035+0000 7fe997fff700 1 -- 172.21.15.153:0/1257656701 <== mon.0 v2:172.21.15.153:3300/0 8 ==== mon_command_ack([{"prefix": "mgr module enable", "module": "dashboard"}]=0 v9) v1 ==== 88+0+0 (secure 0 0 0) 0x7fe9a00212c0 con 0x7fe9b007bdc0
2023-07-08T14:32:32.508 INFO:teuthology.orchestra.run.smithi153.stdout:/usr/bin/ceph: stderr
2023-07-08T14:32:32.038+0000 7fe9b56c5700 1 -- 172.21.15.153:0/1257656701 >> [v2:172.21.15.153:6800/913438561,v1:172.21.15.153:6801/913438561] conn(0x7fe998038710 msgr2=0x7fe99803abc0 secure :-1 s=STATE_CONNECTION_ESTABLISHED l=1).mark_down
2023-07-08T14:32:32.508 INFO:teuthology.orchestra.run.smithi153.stdout:/usr/bin/ceph: stderr
2023-07-08T14:32:32.038+0000 7fe9b56c5700 1 --2- 172.21.15.153:0/1257656701 >> [v2:172.21.15.153:6800/913438561,v1:172.21.15.153:6801/913438561] conn(0x7fe998038710 0x7fe99803abc0 secure :-1 s=READY pgs=16 cs=0 l=1 rev1=1 crypto rx=0x7fe9a4006fd0 tx=0x7fe9a4006e40 comp rx=0 tx=0).stop
2023-07-08T14:32:32.508 INFO:teuthology.orchestra.run.smithi153.stdout:/usr/bin/ceph: stderr
2023-07-08T14:32:32.038+0000 7fe9b56c5700 1 -- 172.21.15.153:0/1257656701 >> [v2:172.21.15.153:3300/0,v1:172.21.15.153:6789/0] conn(0x7fe9b007bdc0 msgr2=0x7fe9b019b0d0 secure :-1 s=STATE_CONNECTION_ESTABLISHED l=1).mark_down
2023-07-08T14:32:32.508 INFO:teuthology.orchestra.run.smithi153.stdout:/usr/bin/ceph: stderr
2023-07-08T14:32:32.038+0000 7fe9b56c5700 1 --2- 172.21.15.153:0/1257656701 >> [v2:172.21.15.153:3300/0,v1:172.21.15.153:6789/0] conn(0x7fe9b007bdc0 0x7fe9b019b0d0 secure :-1 s=READY pgs=56 cs=0 l=1 rev1=1 crypto rx=0x7fe9a0000c00 tx=0x7fe9a00119a0 comp rx=0 tx=0).stop
2023-07-08T14:32:32.508 INFO:teuthology.orchestra.run.smithi153.stdout:/usr/bin/ceph: stderr
2023-07-08T14:32:32.038+0000 7fe9b56c5700 1 -- 172.21.15.153:0/1257656701 shutdown_connections
2023-07-08T14:32:32.508 INFO:teuthology.orchestra.run.smithi153.stdout:/usr/bin/ceph: stderr
2023-07-08T14:32:32.038+0000 7fe9b56c5700 1 --2- 172.21.15.153:0/1257656701 >> [v2:172.21.15.153:6800/913438561,v1:172.21.15.153:6801/913438561] conn(0x7fe998038710 0x7fe99803abc0 unknown :-1 s=CLOSED pgs=16 cs=0 l=1 rev1=1 crypto rx=0 tx=0 comp rx=0 tx=0).stop
2023-07-08T14:32:32.508 INFO:teuthology.orchestra.run.smithi153.stdout:/usr/bin/ceph: stderr
2023-07-08T14:32:32.038+0000 7fe9b56c5700 1 --2- 172.21.15.153:0/1257656701 >> [v2:172.21.15.153:3300/0,v1:172.21.15.153:6789/0] conn(0x7fe9b007bdc0 0x7fe9b019b0d0 unknown :-1 s=CLOSED pgs=56 cs=0 l=1 rev1=1 crypto rx=0 tx=0 comp rx=0 tx=0).stop
2023-07-08T14:32:32.509 INFO:teuthology.orchestra.run.smithi153.stdout:/usr/bin/ceph: stderr
2023-07-08T14:32:32.038+0000 7fe9b56c5700 1 -- 172.21.15.153:0/1257656701 >> 172.21.15.153:0/1257656701 conn(0x7fe9b0100790 msgr2=0x7fe9b0102b40 unknown :-1 s=STATE_NONE l=0).mark_down
2023-07-08T14:32:32.509 INFO:teuthology.orchestra.run.smithi153.stdout:/usr/bin/ceph: stderr
2023-07-08T14:32:32.038+0000 7fe9b56c5700 1 -- 172.21.15.153:0/1257656701 shutdown_connections
2023-07-08T14:32:32.509 INFO:teuthology.orchestra.run.smithi153.stdout:/usr/bin/ceph: stderr
2023-07-08T14:32:32.038+0000 7fe9b56c5700 1 -- 172.21.15.153:0/1257656701 wait complete.
2023-07-08T14:32:32.705 INFO:journalctl@ceph.mgr.x.smithi153.stdout:Jul 08 14:32:32 smithi153 ceph-fc6d0402-1d9b-11ee-9b31-001a4aab830c-mgr-x[126599]:
2023-07-08T14:32:32.334+0000 7f21963f0200 -1 mgr[py] Module devicehealth has missing NOTIFY_TYPES member
2023-07-08T14:32:32.705 INFO:journalctl@ceph.mgr.x.smithi153.stdout:Jul 08 14:32:32 smithi153 ceph-fc6d0402-1d9b-11ee-9b31-001a4aab830c-mgr-x[126599]:
2023-07-08T14:32:32.438+0000 7f21963f0200 -1 mgr[py] Module osd_support has missing NOTIFY_TYPES member
2023-07-08T14:32:32.705 INFO:journalctl@ceph.mgr.x.smithi153.stdout:Jul 08 14:32:32 smithi153 ceph-fc6d0402-1d9b-11ee-9b31-001a4aab830c-mgr-x[126599]:
2023-07-08T14:32:32.566+0000 7f21963f0200 -1 mgr[py] Module snap_schedule has missing NOTIFY_TYPES member
2023-07-08T14:32:32.991 INFO:journalctl@ceph.mgr.x.smithi153.stdout:Jul 08 14:32:32 smithi153 ceph-fc6d0402-1d9b-11ee-9b31-001a4aab830c-mgr-x[126599]:
2023-07-08T14:32:32.702+0000 7f21963f0200 -1 mgr[py] Module zabbix has missing NOTIFY_TYPES member
2023-07-08T14:32:32.991 INFO:journalctl@ceph.mgr.x.smithi153.stdout:Jul 08 14:32:32 smithi153 ceph-fc6d0402-1d9b-11ee-9b31-001a4aab830c-mgr-x[126599]:
2023-07-08T14:32:32.940+0000 7f21963f0200 -1 mgr[py] Module crash has missing NOTIFY_TYPES member
2023-07-08T14:32:33.382 INFO:journalctl@ceph.mon.a.smithi153.stdout:Jul 08 14:32:33 smithi153 ceph-mon[126351]: from='client.? 172.21.15.153:0/1257656701' entity='client.admin' cmd='[{"prefix": "mgr module enable", "module": "dashboard"}]': finished
2023-07-08T14:32:33.382 INFO:journalctl@ceph.mon.a.smithi153.stdout:Jul 08 14:32:33 smithi153 ceph-mon[126351]: mgrmap e9: x(active, since 17s)
2023-07-08T14:32:33.681 INFO:journalctl@ceph.mgr.x.smithi153.stdout:Jul 08 14:32:33 smithi153 ceph-fc6d0402-1d9b-11ee-9b31-001a4aab830c-mgr-x[126599]:
2023-07-08T14:32:33.379+0000 7f21963f0200 -1 mgr[py] Module prometheus has missing NOTIFY_TYPES member
2023-07-08T14:32:33.681 INFO:journalctl@ceph.mgr.x.smithi153.stdout:Jul 08 14:32:33 smithi153 ceph-fc6d0402-1d9b-11ee-9b31-001a4aab830c-mgr-x[126599]:
2023-07-08T14:32:33.513+0000 7f21963f0200 -1 mgr[py] Module status has missing NOTIFY_TYPES member
2023-07-08T14:32:33.971 INFO:journalctl@ceph.mgr.x.smithi153.stdout:Jul 08 14:32:33 smithi153 ceph-fc6d0402-1d9b-11ee-9b31-001a4aab830c-mgr-x[126599]:
2023-07-08T14:32:33.678+0000 7f21963f0200 -1 mgr[py] Module selftest has missing NOTIFY_TYPES member
2023-07-08T14:32:33.972 INFO:journalctl@ceph.mgr.x.smithi153.stdout:Jul 08 14:32:33 smithi153 ceph-fc6d0402-1d9b-11ee-9b31-001a4aab830c-mgr-x[126599]:
2023-07-08T14:32:33.806+0000 7f21963f0200 -1 mgr[py] Module alerts has missing NOTIFY_TYPES member
2023-07-08T14:32:33.998 INFO:teuthology.orchestra.run.smithi153.stdout:/usr/bin/ceph: stdout {
2023-07-08T14:32:33.998 INFO:teuthology.orchestra.run.smithi153.stdout:/usr/bin/ceph: stdout "epoch": 9,
2023-07-08T14:32:33.998 INFO:teuthology.orchestra.run.smithi153.stdout:/usr/bin/ceph: stdout "available": true,
2023-07-08T14:32:33.998 INFO:teuthology.orchestra.run.smithi153.stdout:/usr/bin/ceph: stdout "active_name": "x",
2023-07-08T14:32:33.999 INFO:teuthology.orchestra.run.smithi153.stdout:/usr/bin/ceph: stdout "num_standby": 0
2023-07-08T14:32:33.999 INFO:teuthology.orchestra.run.smithi153.stdout:/usr/bin/ceph: stdout }
2023-07-08T14:32:33.999 INFO:teuthology.orchestra.run.smithi153.stdout:/usr/bin/ceph: stderr
2023-07-08T14:32:33.061+0000 7ff18ace7700 1 Processor -- start
2023-07-08T14:32:33.999 INFO:teuthology.orchestra.run.smithi153.stdout:/usr/bin/ceph: stderr
2023-07-08T14:32:33.061+0000 7ff18ace7700 1 -- start start
2023-07-08T14:32:33.999 INFO:teuthology.orchestra.run.smithi153.stdout:/usr/bin/ceph: stderr
2023-07-08T14:32:33.061+0000 7ff18ace7700 1 --2- >> [v2:172.21.15.153:3300/0,v1:172.21.15.153:6789/0] conn(0x7ff184105120 0x7ff184105530 unknown :-1 s=NONE pgs=0 cs=0 l=0 rev1=0 crypto rx=0 tx=0 comp rx=0 tx=0).connect
2023-07-08T14:32:33.999 INFO:teuthology.orchestra.run.smithi153.stdout:/usr/bin/ceph: stderr
2023-07-08T14:32:33.061+0000 7ff18ace7700 1 -- --> [v2:172.21.15.153:3300/0,v1:172.21.15.153:6789/0] -- mon_getmap magic: 0 v1 -- 0x7ff184105a70 con 0x7ff184105120
2023-07-08T14:32:33.999 INFO:teuthology.orchestra.run.smithi153.stdout:/usr/bin/ceph: stderr
2023-07-08T14:32:33.062+0000 7ff188a83700 1 --2- >> [v2:172.21.15.153:3300/0,v1:172.21.15.153:6789/0] conn(0x7ff184105120 0x7ff184105530 unknown :-1 s=BANNER_CONNECTING pgs=0 cs=0 l=0 rev1=0 crypto rx=0 tx=0 comp rx=0 tx=0)._handle_peer_banner_payload supported=3 required=0
2023-07-08T14:32:34.000 INFO:teuthology.orchestra.run.smithi153.stdout:/usr/bin/ceph: stderr
2023-07-08T14:32:33.062+0000 7ff188a83700 1 --2- >> [v2:172.21.15.153:3300/0,v1:172.21.15.153:6789/0] conn(0x7ff184105120 0x7ff184105530 unknown :-1 s=HELLO_CONNECTING pgs=0 cs=0 l=0 rev1=1 crypto rx=0 tx=0 comp rx=0 tx=0).handle_hello peer v2:172.21.15.153:3300/0 says I am v2:172.21.15.153:43192/0 (socket says 172.21.15.153:43192)
2023-07-08T14:32:34.000 INFO:teuthology.orchestra.run.smithi153.stdout:/usr/bin/ceph: stderr
2023-07-08T14:32:33.062+0000 7ff188a83700 1 -- 172.21.15.153:0/1020240528 learned_addr learned my addr 172.21.15.153:0/1020240528 (peer_addr_for_me v2:172.21.15.153:0/0)
2023-07-08T14:32:34.000 INFO:teuthology.orchestra.run.smithi153.stdout:/usr/bin/ceph: stderr
2023-07-08T14:32:33.062+0000 7ff188a83700 1 -- 172.21.15.153:0/1020240528 --> [v2:172.21.15.153:3300/0,v1:172.21.15.153:6789/0] -- mon_subscribe({config=0+,monmap=0+}) v3 -- 0x7ff184105bb0 con 0x7ff184105120
2023-07-08T14:32:34.000 INFO:teuthology.orchestra.run.smithi153.stdout:/usr/bin/ceph: stderr
2023-07-08T14:32:33.062+0000 7ff188a83700 1 --2- 172.21.15.153:0/1020240528 >> [v2:172.21.15.153:3300/0,v1:172.21.15.153:6789/0] conn(0x7ff184105120 0x7ff184105530 secure :-1 s=READY pgs=59 cs=0 l=1 rev1=1 crypto rx=0x7ff1780098a0 tx=0x7ff178009bb0 comp rx=0 tx=0).ready entity=mon.0 client_cookie=eeb75992d3d9e47e server_cookie=0 in_seq=0 out_seq=0
2023-07-08T14:32:34.000 INFO:teuthology.orchestra.run.smithi153.stdout:/usr/bin/ceph: stderr
2023-07-08T14:32:33.063+0000 7ff1837fe700 1 -- 172.21.15.153:0/1020240528 <== mon.0 v2:172.21.15.153:3300/0 1 ==== mon_map magic: 0 v1 ==== 205+0+0 (secure 0 0 0) 0x7ff178004160 con 0x7ff184105120
2023-07-08T14:32:34.000 INFO:teuthology.orchestra.run.smithi153.stdout:/usr/bin/ceph: stderr
2023-07-08T14:32:33.063+0000 7ff1837fe700 1 -- 172.21.15.153:0/1020240528 <== mon.0 v2:172.21.15.153:3300/0 2 ==== config(25 keys) v1 ==== 1067+0+0 (secure 0 0 0) 0x7ff1780042c0 con 0x7ff184105120
2023-07-08T14:32:34.001 INFO:teuthology.orchestra.run.smithi153.stdout:/usr/bin/ceph: stderr
2023-07-08T14:32:33.063+0000 7ff1837fe700 1 -- 172.21.15.153:0/1020240528 <== mon.0 v2:172.21.15.153:3300/0 3 ==== mon_map magic: 0 v1 ==== 205+0+0 (secure 0 0 0) 0x7ff1780118e0 con 0x7ff184105120
2023-07-08T14:32:34.001 INFO:teuthology.orchestra.run.smithi153.stdout:/usr/bin/ceph: stderr
2023-07-08T14:32:33.063+0000 7ff18ace7700 1 -- 172.21.15.153:0/1020240528 >> [v2:172.21.15.153:3300/0,v1:172.21.15.153:6789/0] conn(0x7ff184105120 msgr2=0x7ff184105530 secure :-1 s=STATE_CONNECTION_ESTABLISHED l=1).mark_down
2023-07-08T14:32:34.001 INFO:teuthology.orchestra.run.smithi153.stdout:/usr/bin/ceph: stderr
2023-07-08T14:32:33.063+0000 7ff18ace7700 1 --2- 172.21.15.153:0/1020240528 >> [v2:172.21.15.153:3300/0,v1:172.21.15.153:6789/0] conn(0x7ff184105120 0x7ff184105530 secure :-1 s=READY pgs=59 cs=0 l=1 rev1=1 crypto rx=0x7ff1780098a0 tx=0x7ff178009bb0 comp rx=0 tx=0).stop
2023-07-08T14:32:34.001 INFO:teuthology.orchestra.run.smithi153.stdout:/usr/bin/ceph: stderr
2023-07-08T14:32:33.063+0000 7ff18ace7700 1 -- 172.21.15.153:0/1020240528 shutdown_connections
2023-07-08T14:32:34.001 INFO:teuthology.orchestra.run.smithi153.stdout:/usr/bin/ceph: stderr
2023-07-08T14:32:33.064+0000 7ff18ace7700 1 --2- 172.21.15.153:0/1020240528 >> [v2:172.21.15.153:3300/0,v1:172.21.15.153:6789/0] conn(0x7ff184105120 0x7ff184105530 unknown :-1 s=CLOSED pgs=59 cs=0 l=1 rev1=1 crypto rx=0 tx=0 comp rx=0 tx=0).stop
2023-07-08T14:32:34.001 INFO:teuthology.orchestra.run.smithi153.stdout:/usr/bin/ceph: stderr
2023-07-08T14:32:33.064+0000 7ff18ace7700 1 -- 172.21.15.153:0/1020240528 >> 172.21.15.153:0/1020240528 conn(0x7ff184100790 msgr2=0x7ff184102ba0 unknown :-1 s=STATE_NONE l=0).mark_down
2023-07-08T14:32:34.001 INFO:teuthology.orchestra.run.smithi153.stdout:/usr/bin/ceph: stderr
2023-07-08T14:32:33.064+0000 7ff18ace7700 1 -- 172.21.15.153:0/1020240528 shutdown_connections
2023-07-08T14:32:34.001 INFO:teuthology.orchestra.run.smithi153.stdout:/usr/bin/ceph: stderr
2023-07-08T14:32:33.064+0000 7ff18ace7700 1 -- 172.21.15.153:0/1020240528 wait complete.
2023-07-08T14:32:34.002 INFO:teuthology.orchestra.run.smithi153.stdout:/usr/bin/ceph: stderr
2023-07-08T14:32:33.065+0000 7ff18ace7700 1 Processor -- start
2023-07-08T14:32:34.002 INFO:teuthology.orchestra.run.smithi153.stdout:/usr/bin/ceph: stderr
2023-07-08T14:32:33.065+0000 7ff18ace7700 1 -- start start
2023-07-08T14:32:34.002 INFO:teuthology.orchestra.run.smithi153.stdout:/usr/bin/ceph: stderr
2023-07-08T14:32:33.065+0000 7ff18ace7700 1 --2- >> [v2:172.21.15.153:3300/0,v1:172.21.15.153:6789/0] conn(0x7ff184105120 0x7ff184198ea0 unknown :-1 s=NONE pgs=0 cs=0 l=1 rev1=0 crypto rx=0 tx=0 comp rx=0 tx=0).connect
2023-07-08T14:32:34.002 INFO:teuthology.orchestra.run.smithi153.stdout:/usr/bin/ceph: stderr
2023-07-08T14:32:33.065+0000 7ff18ace7700 1 -- --> [v2:172.21.15.153:3300/0,v1:172.21.15.153:6789/0] -- mon_getmap magic: 0 v1 -- 0x7ff1841993e0 con 0x7ff184105120
2023-07-08T14:32:34.002 INFO:teuthology.orchestra.run.smithi153.stdout:/usr/bin/ceph: stderr
2023-07-08T14:32:33.066+0000 7ff188a83700 1 --2- >> [v2:172.21.15.153:3300/0,v1:172.21.15.153:6789/0] conn(0x7ff184105120 0x7ff184198ea0 unknown :-1 s=BANNER_CONNECTING pgs=0 cs=0 l=1 rev1=0 crypto rx=0 tx=0 comp rx=0 tx=0)._handle_peer_banner_payload supported=3 required=0
2023-07-08T14:32:34.002 INFO:teuthology.orchestra.run.smithi153.stdout:/usr/bin/ceph: stderr
2023-07-08T14:32:33.066+0000 7ff188a83700 1 --2- >> [v2:172.21.15.153:3300/0,v1:172.21.15.153:6789/0] conn(0x7ff184105120 0x7ff184198ea0 unknown :-1 s=HELLO_CONNECTING pgs=0 cs=0 l=1 rev1=1 crypto rx=0 tx=0 comp rx=0 tx=0).handle_hello peer v2:172.21.15.153:3300/0 says I am v2:172.21.15.153:43206/0 (socket says 172.21.15.153:43206)
2023-07-08T14:32:34.003 INFO:teuthology.orchestra.run.smithi153.stdout:/usr/bin/ceph: stderr
2023-07-08T14:32:33.066+0000 7ff188a83700 1 -- 172.21.15.153:0/638653723 learned_addr learned my addr 172.21.15.153:0/638653723 (peer_addr_for_me v2:172.21.15.153:0/0)
2023-07-08T14:32:34.003 INFO:teuthology.orchestra.run.smithi153.stdout:/usr/bin/ceph: stderr
2023-07-08T14:32:33.066+0000 7ff188a83700 1 -- 172.21.15.153:0/638653723 --> [v2:172.21.15.153:3300/0,v1:172.21.15.153:6789/0] -- mon_subscribe({config=0+,monmap=0+}) v3 -- 0x7ff178009550 con 0x7ff184105120
2023-07-08T14:32:34.003 INFO:teuthology.orchestra.run.smithi153.stdout:/usr/bin/ceph: stderr
2023-07-08T14:32:33.066+0000 7ff188a83700 1 --2- 172.21.15.153:0/638653723 >> [v2:172.21.15.153:3300/0,v1:172.21.15.153:6789/0] conn(0x7ff184105120 0x7ff184198ea0 secure :-1 s=READY pgs=60 cs=0 l=1 rev1=1 crypto rx=0x7ff1780118f0 tx=0x7ff1780119d0 comp rx=0 tx=0).ready entity=mon.0 client_cookie=0 server_cookie=0 in_seq=0 out_seq=0
2023-07-08T14:32:34.003 INFO:teuthology.orchestra.run.smithi153.stdout:/usr/bin/ceph: stderr
2023-07-08T14:32:33.067+0000 7ff181ffb700 1 -- 172.21.15.153:0/638653723 <== mon.0 v2:172.21.15.153:3300/0 1 ==== mon_map magic: 0 v1 ==== 205+0+0 (secure 0 0 0) 0x7ff1780036a0 con 0x7ff184105120
2023-07-08T14:32:34.003 INFO:teuthology.orchestra.run.smithi153.stdout:/usr/bin/ceph: stderr
2023-07-08T14:32:33.067+0000 7ff181ffb700 1 -- 172.21.15.153:0/638653723 <== mon.0 v2:172.21.15.153:3300/0 2 ==== config(25 keys) v1 ==== 1067+0+0 (secure 0 0 0) 0x7ff17801b440 con 0x7ff184105120
2023-07-08T14:32:34.003 INFO:teuthology.orchestra.run.smithi153.stdout:/usr/bin/ceph: stderr
2023-07-08T14:32:33.067+0000 7ff181ffb700 1 -- 172.21.15.153:0/638653723 <== mon.0 v2:172.21.15.153:3300/0 3 ==== mon_map magic: 0 v1 ==== 205+0+0 (secure 0 0 0) 0x7ff1780193f0 con 0x7ff184105120
2023-07-08T14:32:34.003 INFO:teuthology.orchestra.run.smithi153.stdout:/usr/bin/ceph: stderr
2023-07-08T14:32:33.067+0000 7ff18ace7700 1 -- 172.21.15.153:0/638653723 --> [v2:172.21.15.153:3300/0,v1:172.21.15.153:6789/0] -- mon_subscribe({mgrmap=0+}) v3 -- 0x7ff1841995e0 con 0x7ff184105120
2023-07-08T14:32:34.003 INFO:teuthology.orchestra.run.smithi153.stdout:/usr/bin/ceph: stderr
2023-07-08T14:32:33.067+0000 7ff18ace7700 1 -- 172.21.15.153:0/638653723 --> [v2:172.21.15.153:3300/0,v1:172.21.15.153:6789/0] -- mon_subscribe({osdmap=0}) v3 -- 0x7ff184199a00 con 0x7ff184105120
2023-07-08T14:32:34.004 INFO:teuthology.orchestra.run.smithi153.stdout:/usr/bin/ceph: stderr
2023-07-08T14:32:33.069+0000 7ff18ace7700 1 -- 172.21.15.153:0/638653723 --> [v2:172.21.15.153:3300/0,v1:172.21.15.153:6789/0] -- mon_command({"prefix": "get_command_descriptions"} v 0) v1 -- 0x7ff184061b40 con 0x7ff184105120
2023-07-08T14:32:34.004 INFO:teuthology.orchestra.run.smithi153.stdout:/usr/bin/ceph: stderr
2023-07-08T14:32:33.069+0000 7ff181ffb700 1 -- 172.21.15.153:0/638653723 <== mon.0 v2:172.21.15.153:3300/0 4 ==== mgrmap(e 9) v1 ==== 45496+0+0 (secure 0 0 0) 0x7ff17801b5b0 con 0x7ff184105120
2023-07-08T14:32:34.004 INFO:teuthology.orchestra.run.smithi153.stdout:/usr/bin/ceph: stderr
2023-07-08T14:32:33.069+0000 7ff181ffb700 1 --2- 172.21.15.153:0/638653723 >> [v2:172.21.15.153:6800/913438561,v1:172.21.15.153:6801/913438561] conn(0x7ff1740387b0 0x7ff17403ac60 unknown :-1 s=NONE pgs=0 cs=0 l=1 rev1=0 crypto rx=0 tx=0 comp rx=0 tx=0).connect
2023-07-08T14:32:34.004 INFO:teuthology.orchestra.run.smithi153.stdout:/usr/bin/ceph: stderr
2023-07-08T14:32:33.069+0000 7ff181ffb700 1 -- 172.21.15.153:0/638653723 <== mon.0 v2:172.21.15.153:3300/0 5 ==== osd_map(2..2 src has 1..2) v4 ==== 940+0+0 (secure 0 0 0) 0x7ff17804c430 con 0x7ff184105120
2023-07-08T14:32:34.004 INFO:teuthology.orchestra.run.smithi153.stdout:/usr/bin/ceph: stderr
2023-07-08T14:32:33.070+0000 7ff183fff700 1 -- 172.21.15.153:0/638653723 >> [v2:172.21.15.153:6800/913438561,v1:172.21.15.153:6801/913438561] conn(0x7ff1740387b0 msgr2=0x7ff17403ac60 unknown :-1 s=STATE_CONNECTING_RE l=1).process reconnect failed to v2:172.21.15.153:6800/913438561
2023-07-08T14:32:34.004 INFO:teuthology.orchestra.run.smithi153.stdout:/usr/bin/ceph: stderr
2023-07-08T14:32:33.070+0000 7ff183fff700 1 --2- 172.21.15.153:0/638653723 >> [v2:172.21.15.153:6800/913438561,v1:172.21.15.153:6801/913438561] conn(0x7ff1740387b0 0x7ff17403ac60 unknown :-1 s=START_CONNECT pgs=0 cs=0 l=1 rev1=0 crypto rx=0 tx=0 comp rx=0 tx=0)._fault waiting 0.200000
2023-07-08T14:32:34.005 INFO:teuthology.orchestra.run.smithi153.stdout:/usr/bin/ceph: stderr
2023-07-08T14:32:33.077+0000 7ff181ffb700 1 -- 172.21.15.153:0/638653723 <== mon.0 v2:172.21.15.153:3300/0 6 ==== mon_command_ack([{"prefix": "get_command_descriptions"}]=0 v0) v1 ==== 72+0+178008 (secure 0 0 0) 0x7ff178023c10 con 0x7ff184105120
2023-07-08T14:32:34.005 INFO:teuthology.orchestra.run.smithi153.stdout:/usr/bin/ceph: stderr
2023-07-08T14:32:33.271+0000 7ff183fff700 1 -- 172.21.15.153:0/638653723 >> [v2:172.21.15.153:6800/913438561,v1:172.21.15.153:6801/913438561] conn(0x7ff1740387b0 msgr2=0x7ff17403ac60 unknown :-1 s=STATE_CONNECTING_RE l=1).process reconnect failed to v2:172.21.15.153:6800/913438561
2023-07-08T14:32:34.005 INFO:teuthology.orchestra.run.smithi153.stdout:/usr/bin/ceph: stderr
2023-07-08T14:32:33.271+0000 7ff183fff700 1 --2- 172.21.15.153:0/638653723 >> [v2:172.21.15.153:6800/913438561,v1:172.21.15.153:6801/913438561] conn(0x7ff1740387b0 0x7ff17403ac60 unknown :-1 s=START_CONNECT pgs=0 cs=0 l=1 rev1=0 crypto rx=0 tx=0 comp rx=0 tx=0)._fault waiting 0.400000
2023-07-08T14:32:34.005 INFO:teuthology.orchestra.run.smithi153.stdout:/usr/bin/ceph: stderr
2023-07-08T14:32:33.354+0000 7ff18ace7700 1 -- 172.21.15.153:0/638653723 --> [v2:172.21.15.153:3300/0,v1:172.21.15.153:6789/0] -- mon_command({"prefix": "mgr stat"} v 0) v1 -- 0x7ff18419ca20 con 0x7ff184105120
2023-07-08T14:32:34.005 INFO:teuthology.orchestra.run.smithi153.stdout:/usr/bin/ceph: stderr
2023-07-08T14:32:33.355+0000 7ff181ffb700 1 -- 172.21.15.153:0/638653723 <== mon.0 v2:172.21.15.153:3300/0 7 ==== mon_command_ack([{"prefix": "mgr stat"}]=0 v9) v1 ==== 56+0+88 (secure 0 0 0) 0x7ff17801f070 con 0x7ff184105120
2023-07-08T14:32:34.005 INFO:teuthology.orchestra.run.smithi153.stdout:/usr/bin/ceph: stderr
2023-07-08T14:32:33.358+0000 7ff18ace7700 1 -- 172.21.15.153:0/638653723 >> [v2:172.21.15.153:6800/913438561,v1:172.21.15.153:6801/913438561] conn(0x7ff1740387b0 msgr2=0x7ff17403ac60 unknown :-1 s=STATE_CONNECTING l=1).mark_down
2023-07-08T14:32:34.005 INFO:teuthology.orchestra.run.smithi153.stdout:/usr/bin/ceph: stderr
2023-07-08T14:32:33.358+0000 7ff18ace7700 1 --2- 172.21.15.153:0/638653723 >> [v2:172.21.15.153:6800/913438561,v1:172.21.15.153:6801/913438561] conn(0x7ff1740387b0 0x7ff17403ac60 unknown :-1 s=START_CONNECT pgs=0 cs=0 l=1 rev1=0 crypto rx=0 tx=0 comp rx=0 tx=0).stop
2023-07-08T14:32:34.005 INFO:teuthology.orchestra.run.smithi153.stdout:/usr/bin/ceph: stderr
2023-07-08T14:32:33.358+0000 7ff18ace7700 1 -- 172.21.15.153:0/638653723 >> [v2:172.21.15.153:3300/0,v1:172.21.15.153:6789/0] conn(0x7ff184105120 msgr2=0x7ff184198ea0 secure :-1 s=STATE_CONNECTION_ESTABLISHED l=1).mark_down
2023-07-08T14:32:34.006 INFO:teuthology.orchestra.run.smithi153.stdout:/usr/bin/ceph: stderr
2023-07-08T14:32:33.358+0000 7ff18ace7700 1 --2- 172.21.15.153:0/638653723 >> [v2:172.21.15.153:3300/0,v1:172.21.15.153:6789/0] conn(0x7ff184105120 0x7ff184198ea0 secure :-1 s=READY pgs=60 cs=0 l=1 rev1=1 crypto rx=0x7ff1780118f0 tx=0x7ff1780119d0 comp rx=0 tx=0).stop
2023-07-08T14:32:34.006 INFO:teuthology.orchestra.run.smithi153.stdout:/usr/bin/ceph: stderr
2023-07-08T14:32:33.358+0000 7ff18ace7700 1 -- 172.21.15.153:0/638653723 shutdown_connections
2023-07-08T14:32:34.006 INFO:teuthology.orchestra.run.smithi153.stdout:/usr/bin/ceph: stderr
2023-07-08T14:32:33.358+0000 7ff18ace7700 1 --2- 172.21.15.153:0/638653723 >> [v2:172.21.15.153:6800/913438561,v1:172.21.15.153:6801/913438561] conn(0x7ff1740387b0 0x7ff17403ac60 unknown :-1 s=CLOSED pgs=0 cs=0 l=1 rev1=0 crypto rx=0 tx=0 comp rx=0 tx=0).stop
2023-07-08T14:32:34.006 INFO:teuthology.orchestra.run.smithi153.stdout:/usr/bin/ceph: stderr
2023-07-08T14:32:33.358+0000 7ff18ace7700 1 --2- 172.21.15.153:0/638653723 >> [v2:172.21.15.153:3300/0,v1:172.21.15.153:6789/0] conn(0x7ff184105120 0x7ff184198ea0 unknown :-1 s=CLOSED pgs=60 cs=0 l=1 rev1=1 crypto rx=0 tx=0 comp rx=0 tx=0).stop
2023-07-08T14:32:34.006 INFO:teuthology.orchestra.run.smithi153.stdout:/usr/bin/ceph: stderr
2023-07-08T14:32:33.358+0000 7ff18ace7700 1 -- 172.21.15.153:0/638653723 >> 172.21.15.153:0/638653723 conn(0x7ff184100790 msgr2=0x7ff184101e20 unknown :-1 s=STATE_NONE l=0).mark_down
2023-07-08T14:32:34.006 INFO:teuthology.orchestra.run.smithi153.stdout:/usr/bin/ceph: stderr
2023-07-08T14:32:33.358+0000 7ff18ace7700 1 -- 172.21.15.153:0/638653723 shutdown_connections
2023-07-08T14:32:34.006 INFO:teuthology.orchestra.run.smithi153.stdout:/usr/bin/ceph: stderr
2023-07-08T14:32:33.358+0000 7ff18ace7700 1 -- 172.21.15.153:0/638653723 wait complete.
2023-07-08T14:32:34.007 INFO:teuthology.orchestra.run.smithi153.stdout:Waiting for the mgr to restart...
2023-07-08T14:32:34.007 INFO:teuthology.orchestra.run.smithi153.stdout:Waiting for mgr epoch 9...
2023-07-08T14:32:34.240 INFO:journalctl@ceph.mon.a.smithi153.stdout:Jul 08 14:32:34 smithi153 ceph-mon[126351]: from='client.? 172.21.15.153:0/638653723' entity='client.admin' cmd=[{"prefix": "mgr stat"}]: dispatch
2023-07-08T14:32:34.741 INFO:journalctl@ceph.mgr.x.smithi153.stdout:Jul 08 14:32:34 smithi153 ceph-fc6d0402-1d9b-11ee-9b31-001a4aab830c-mgr-x[126599]:
2023-07-08T14:32:34.374+0000 7f21963f0200 -1 mgr[py] Module progress has missing NOTIFY_TYPES member
2023-07-08T14:32:35.491 INFO:journalctl@ceph.mgr.x.smithi153.stdout:Jul 08 14:32:35 smithi153 ceph-fc6d0402-1d9b-11ee-9b31-001a4aab830c-mgr-x[126599]:
2023-07-08T14:32:35.123+0000 7f21963f0200 -1 mgr[py] Module rook has missing NOTIFY_TYPES member
2023-07-08T14:32:35.491 INFO:journalctl@ceph.mgr.x.smithi153.stdout:Jul 08 14:32:35 smithi153 ceph-fc6d0402-1d9b-11ee-9b31-001a4aab830c-mgr-x[126599]:
2023-07-08T14:32:35.332+0000 7f21963f0200 -1 mgr[py] Module iostat has missing NOTIFY_TYPES member
2023-07-08T14:32:36.612 INFO:journalctl@ceph.mgr.x.smithi153.stdout:Jul 08 14:32:36 smithi153 ceph-fc6d0402-1d9b-11ee-9b31-001a4aab830c-mgr-x[126599]:
2023-07-08T14:32:36.270+0000 7f21963f0200 -1 mgr[py] Module test_orchestrator has missing NOTIFY_TYPES member
2023-07-08T14:32:36.613 INFO:journalctl@ceph.mgr.x.smithi153.stdout:Jul 08 14:32:36 smithi153 ceph-fc6d0402-1d9b-11ee-9b31-001a4aab830c-mgr-x[126599]:
2023-07-08T14:32:36.389+0000 7f21963f0200 -1 mgr[py] Module osd_perf_query has missing NOTIFY_TYPES member
2023-07-08T14:32:36.972 INFO:journalctl@ceph.mgr.x.smithi153.stdout:Jul 08 14:32:36 smithi153 ceph-fc6d0402-1d9b-11ee-9b31-001a4aab830c-mgr-x[126599]:
2023-07-08T14:32:36.610+0000 7f21963f0200 -1 mgr[py] Module orchestrator has missing NOTIFY_TYPES member
2023-07-08T14:32:37.241 INFO:journalctl@ceph.mgr.x.smithi153.stdout:Jul 08 14:32:36 smithi153 ceph-fc6d0402-1d9b-11ee-9b31-001a4aab830c-mgr-x[126599]:
2023-07-08T14:32:36.969+0000 7f21963f0200 -1 mgr[py] Module rgw has missing NOTIFY_TYPES member
2023-07-08T14:32:37.741 INFO:journalctl@ceph.mgr.x.smithi153.stdout:Jul 08 14:32:37 smithi153 ceph-fc6d0402-1d9b-11ee-9b31-001a4aab830c-mgr-x[126599]:
2023-07-08T14:32:37.248+0000 7f21963f0200 -1 mgr[py] Module influx has missing NOTIFY_TYPES member
2023-07-08T14:32:37.741 INFO:journalctl@ceph.mgr.x.smithi153.stdout:Jul 08 14:32:37 smithi153 ceph-fc6d0402-1d9b-11ee-9b31-001a4aab830c-mgr-x[126599]:
2023-07-08T14:32:37.437+0000 7f21963f0200 -1 mgr[py] Module telemetry has missing NOTIFY_TYPES member
2023-07-08T14:32:38.240 INFO:journalctl@ceph.mgr.x.smithi153.stdout:Jul 08 14:32:37 smithi153 ceph-fc6d0402-1d9b-11ee-9b31-001a4aab830c-mgr-x[126599]:
2023-07-08T14:32:37.779+0000 7f21963f0200 -1 mgr[py] Module telegraf has missing NOTIFY_TYPES member
2023-07-08T14:32:38.990 INFO:journalctl@ceph.mgr.x.smithi153.stdout:Jul 08 14:32:38 smithi153 ceph-fc6d0402-1d9b-11ee-9b31-001a4aab830c-mgr-x[126599]:
2023-07-08T14:32:38.698+0000 7f21963f0200 -1 mgr[py] Module balancer has missing NOTIFY_TYPES member
2023-07-08T14:32:38.991 INFO:journalctl@ceph.mgr.x.smithi153.stdout:Jul 08 14:32:38 smithi153 ceph-fc6d0402-1d9b-11ee-9b31-001a4aab830c-mgr-x[126599]:
2023-07-08T14:32:38.868+0000 7f21963f0200 -1 mgr[py] Module diskprediction_local has missing NOTIFY_TYPES member
2023-07-08T14:32:39.490 INFO:journalctl@ceph.mgr.x.smithi153.stdout:Jul 08 14:32:39 smithi153 ceph-fc6d0402-1d9b-11ee-9b31-001a4aab830c-mgr-x[126599]:
2023-07-08T14:32:39.115+0000 7f21963f0200 -1 mgr[py] Module nfs has missing NOTIFY_TYPES member
2023-07-08T14:32:39.491 INFO:journalctl@ceph.mgr.x.smithi153.stdout:Jul 08 14:32:39 smithi153 ceph-fc6d0402-1d9b-11ee-9b31-001a4aab830c-mgr-x[126599]:
2023-07-08T14:32:39.264+0000 7f21963f0200 -1 mgr[py] Module rbd_support has missing NOTIFY_TYPES member
2023-07-08T14:32:39.990 INFO:journalctl@ceph.mgr.x.smithi153.stdout:Jul 08 14:32:39 smithi153 ceph-fc6d0402-1d9b-11ee-9b31-001a4aab830c-mgr-x[126599]:
2023-07-08T14:32:39.538+0000 7f21963f0200 -1 mgr[py] Module volumes has missing NOTIFY_TYPES member
2023-07-08T14:32:40.990 INFO:journalctl@ceph.mgr.x.smithi153.stdout:Jul 08 14:32:40 smithi153 ceph-fc6d0402-1d9b-11ee-9b31-001a4aab830c-mgr-x[126599]:
2023-07-08T14:32:40.609+0000 7f21963f0200 -1 mgr[py] Module pg_autoscaler has missing NOTIFY_TYPES member
2023-07-08T14:32:40.991 INFO:journalctl@ceph.mon.a.smithi153.stdout:Jul 08 14:32:40 smithi153 ceph-mon[126351]: Active manager daemon x restarted
2023-07-08T14:32:40.991 INFO:journalctl@ceph.mon.a.smithi153.stdout:Jul 08 14:32:40 smithi153 ceph-mon[126351]: Activating manager daemon x
2023-07-08T14:32:40.991 INFO:journalctl@ceph.mon.a.smithi153.stdout:Jul 08 14:32:40 smithi153 ceph-mon[126351]: osdmap e3: 0 total, 0 up, 0 in
2023-07-08T14:32:40.991 INFO:journalctl@ceph.mon.a.smithi153.stdout:Jul 08 14:32:40 smithi153 ceph-mon[126351]: mgrmap e10: x(active, starting, since 0.00603358s)
2023-07-08T14:32:40.992 INFO:journalctl@ceph.mon.a.smithi153.stdout:Jul 08 14:32:40 smithi153 ceph-mon[126351]: from='mgr.14152 172.21.15.153:0/1395186528' entity='mgr.x' cmd=[{"prefix": "mon metadata", "id": "a"}]: dispatch
2023-07-08T14:32:40.992 INFO:journalctl@ceph.mon.a.smithi153.stdout:Jul 08 14:32:40 smithi153 ceph-mon[126351]: from='mgr.14152 172.21.15.153:0/1395186528' entity='mgr.x' cmd=[{"prefix": "mgr metadata", "who": "x", "id": "x"}]: dispatch
2023-07-08T14:32:40.992 INFO:journalctl@ceph.mon.a.smithi153.stdout:Jul 08 14:32:40 smithi153 ceph-mon[126351]: from='mgr.14152 172.21.15.153:0/1395186528' entity='mgr.x' cmd=[{"prefix": "mds metadata"}]: dispatch
2023-07-08T14:32:40.992 INFO:journalctl@ceph.mon.a.smithi153.stdout:Jul 08 14:32:40 smithi153 ceph-mon[126351]: from='mgr.14152 172.21.15.153:0/1395186528' entity='mgr.x' cmd=[{"prefix": "osd metadata"}]: dispatch
2023-07-08T14:32:40.992 INFO:journalctl@ceph.mon.a.smithi153.stdout:Jul 08 14:32:40 smithi153 ceph-mon[126351]: from='mgr.14152 172.21.15.153:0/1395186528' entity='mgr.x' cmd=[{"prefix": "mon metadata"}]: dispatch
2023-07-08T14:32:40.992 INFO:journalctl@ceph.mon.a.smithi153.stdout:Jul 08 14:32:40 smithi153 ceph-mon[126351]: Manager daemon x is now available
2023-07-08T14:32:40.992 INFO:journalctl@ceph.mon.a.smithi153.stdout:Jul 08 14:32:40 smithi153 ceph-mon[126351]: from='mgr.14152 172.21.15.153:0/1395186528' entity='mgr.x' cmd=[{"prefix": "config dump", "format": "json"}]: dispatch
2023-07-08T14:32:40.993 INFO:journalctl@ceph.mon.a.smithi153.stdout:Jul 08 14:32:40 smithi153 ceph-mon[126351]: from='mgr.14152 172.21.15.153:0/1395186528' entity='mgr.x' cmd=[{"prefix": "config dump", "format": "json"}]: dispatch
2023-07-08T14:32:40.993 INFO:journalctl@ceph.mon.a.smithi153.stdout:Jul 08 14:32:40 smithi153 ceph-mon[126351]: from='mgr.14152 172.21.15.153:0/1395186528' entity='mgr.x' cmd=[{"prefix":"config rm","who":"mgr","name":"mgr/rbd_support/x/mirror_snapshot_schedule"}]: dispatch
2023-07-08T14:32:40.993 INFO:journalctl@ceph.mon.a.smithi153.stdout:Jul 08 14:32:40 smithi153 ceph-mon[126351]: from='mgr.14152 172.21.15.153:0/1395186528' entity='mgr.x' cmd=[{"prefix":"config rm","who":"mgr","name":"mgr/rbd_support/x/trash_purge_schedule"}]: dispatch
2023-07-08T14:32:41.991 INFO:journalctl@ceph.mon.a.smithi153.stdout:Jul 08 14:32:41 smithi153 ceph-mon[126351]: [08/Jul/2023:14:32:40] ENGINE Bus STARTING
2023-07-08T14:32:41.991 INFO:journalctl@ceph.mon.a.smithi153.stdout:Jul 08 14:32:41 smithi153 ceph-mon[126351]: [08/Jul/2023:14:32:41] ENGINE Serving on http://172.21.15.153:8765
2023-07-08T14:32:41.991 INFO:journalctl@ceph.mon.a.smithi153.stdout:Jul 08 14:32:41 smithi153 ceph-mon[126351]: [08/Jul/2023:14:32:41] ENGINE Serving on https://172.21.15.153:7150
2023-07-08T14:32:41.991 INFO:journalctl@ceph.mon.a.smithi153.stdout:Jul 08 14:32:41 smithi153 ceph-mon[126351]: [08/Jul/2023:14:32:41] ENGINE Bus STARTED
2023-07-08T14:32:41.991 INFO:journalctl@ceph.mon.a.smithi153.stdout:Jul 08 14:32:41 smithi153 ceph-mon[126351]: mgrmap e11: x(active, since 1.00759s)
2023-07-08T14:32:41.997 INFO:teuthology.orchestra.run.smithi153.stdout:/usr/bin/ceph: stdout {
2023-07-08T14:32:41.997 INFO:teuthology.orchestra.run.smithi153.stdout:/usr/bin/ceph: stdout "mgrmap_epoch": 11,
2023-07-08T14:32:41.997 INFO:teuthology.orchestra.run.smithi153.stdout:/usr/bin/ceph: stdout "initialized": true
2023-07-08T14:32:41.997 INFO:teuthology.orchestra.run.smithi153.stdout:/usr/bin/ceph: stdout }
2023-07-08T14:32:41.997 INFO:teuthology.orchestra.run.smithi153.stdout:/usr/bin/ceph: stderr
2023-07-08T14:32:34.549+0000 7f71c914f700 1 Processor -- start
2023-07-08T14:32:41.997 INFO:teuthology.orchestra.run.smithi153.stdout:/usr/bin/ceph: stderr
2023-07-08T14:32:34.549+0000 7f71c914f700 1 -- start start
2023-07-08T14:32:41.998 INFO:teuthology.orchestra.run.smithi153.stdout:/usr/bin/ceph: stderr
2023-07-08T14:32:34.549+0000 7f71c914f700 1 --2- >> [v2:172.21.15.153:3300/0,v1:172.21.15.153:6789/0] conn(0x7f71c407bde0 0x7f71c407a2e0 unknown :-1 s=NONE pgs=0 cs=0 l=0 rev1=0 crypto rx=0 tx=0 comp rx=0 tx=0).connect
2023-07-08T14:32:41.998 INFO:teuthology.orchestra.run.smithi153.stdout:/usr/bin/ceph: stderr
2023-07-08T14:32:34.549+0000 7f71c914f700 1 -- --> [v2:172.21.15.153:3300/0,v1:172.21.15.153:6789/0] -- mon_getmap magic: 0 v1 -- 0x7f71c407a820 con 0x7f71c407bde0
2023-07-08T14:32:41.998 INFO:teuthology.orchestra.run.smithi153.stdout:/usr/bin/ceph: stderr
2023-07-08T14:32:34.549+0000 7f71c2d9d700 1 --2- >> [v2:172.21.15.153:3300/0,v1:172.21.15.153:6789/0] conn(0x7f71c407bde0 0x7f71c407a2e0 unknown :-1 s=BANNER_CONNECTING pgs=0 cs=0 l=0 rev1=0 crypto rx=0 tx=0 comp rx=0 tx=0)._handle_peer_banner_payload supported=3 required=0
2023-07-08T14:32:41.998 INFO:teuthology.orchestra.run.smithi153.stdout:/usr/bin/ceph: stderr
2023-07-08T14:32:34.550+0000 7f71c2d9d700 1 --2- >> [v2:172.21.15.153:3300/0,v1:172.21.15.153:6789/0] conn(0x7f71c407bde0 0x7f71c407a2e0 unknown :-1 s=HELLO_CONNECTING pgs=0 cs=0 l=0 rev1=1 crypto rx=0 tx=0 comp rx=0 tx=0).handle_hello peer v2:172.21.15.153:3300/0 says I am v2:172.21.15.153:43212/0 (socket says 172.21.15.153:43212)
2023-07-08T14:32:41.998 INFO:teuthology.orchestra.run.smithi153.stdout:/usr/bin/ceph: stderr
2023-07-08T14:32:34.550+0000 7f71c2d9d700 1 -- 172.21.15.153:0/3105062598 learned_addr learned my addr 172.21.15.153:0/3105062598 (peer_addr_for_me v2:172.21.15.153:0/0)
2023-07-08T14:32:41.998 INFO:teuthology.orchestra.run.smithi153.stdout:/usr/bin/ceph: stderr
2023-07-08T14:32:34.550+0000 7f71c2d9d700 1 -- 172.21.15.153:0/3105062598 --> [v2:172.21.15.153:3300/0,v1:172.21.15.153:6789/0] -- mon_subscribe({config=0+,monmap=0+}) v3 -- 0x7f71c407a960 con 0x7f71c407bde0
2023-07-08T14:32:41.998 INFO:teuthology.orchestra.run.smithi153.stdout:/usr/bin/ceph: stderr
2023-07-08T14:32:34.550+0000 7f71c2d9d700 1 --2- 172.21.15.153:0/3105062598 >> [v2:172.21.15.153:3300/0,v1:172.21.15.153:6789/0] conn(0x7f71c407bde0 0x7f71c407a2e0 secure :-1 s=READY pgs=61 cs=0 l=1 rev1=1 crypto rx=0x7f71b40098a0 tx=0x7f71b4009bb0 comp rx=0 tx=0).ready entity=mon.0 client_cookie=4245077dfacaeeff server_cookie=0 in_seq=0 out_seq=0
2023-07-08T14:32:41.999 INFO:teuthology.orchestra.run.smithi153.stdout:/usr/bin/ceph: stderr
2023-07-08T14:32:34.550+0000 7f71c1d9b700 1 -- 172.21.15.153:0/3105062598 <== mon.0 v2:172.21.15.153:3300/0 1 ==== mon_map magic: 0 v1 ==== 205+0+0 (secure 0 0 0) 0x7f71b4004160 con 0x7f71c407bde0
2023-07-08T14:32:41.999 INFO:teuthology.orchestra.run.smithi153.stdout:/usr/bin/ceph: stderr
2023-07-08T14:32:34.550+0000 7f71c1d9b700 1 -- 172.21.15.153:0/3105062598 <== mon.0 v2:172.21.15.153:3300/0 2 ==== config(25 keys) v1 ==== 1067+0+0 (secure 0 0 0) 0x7f71b40042c0 con 0x7f71c407bde0
2023-07-08T14:32:41.999 INFO:teuthology.orchestra.run.smithi153.stdout:/usr/bin/ceph: stderr
2023-07-08T14:32:34.550+0000 7f71c1d9b700 1 -- 172.21.15.153:0/3105062598 <== mon.0 v2:172.21.15.153:3300/0 3 ==== mon_map magic: 0 v1 ==== 205+0+0 (secure 0 0 0) 0x7f71b40118e0 con 0x7f71c407bde0
2023-07-08T14:32:41.999 INFO:teuthology.orchestra.run.smithi153.stdout:/usr/bin/ceph: stderr
2023-07-08T14:32:34.551+0000 7f71c914f700 1 -- 172.21.15.153:0/3105062598 >> [v2:172.21.15.153:3300/0,v1:172.21.15.153:6789/0] conn(0x7f71c407bde0 msgr2=0x7f71c407a2e0 secure :-1 s=STATE_CONNECTION_ESTABLISHED l=1).mark_down
2023-07-08T14:32:41.999 INFO:teuthology.orchestra.run.smithi153.stdout:/usr/bin/ceph: stderr
2023-07-08T14:32:34.551+0000 7f71c914f700 1 --2- 172.21.15.153:0/3105062598 >> [v2:172.21.15.153:3300/0,v1:172.21.15.153:6789/0] conn(0x7f71c407bde0 0x7f71c407a2e0 secure :-1 s=READY pgs=61 cs=0 l=1 rev1=1 crypto rx=0x7f71b40098a0 tx=0x7f71b4009bb0 comp rx=0 tx=0).stop
2023-07-08T14:32:41.999 INFO:teuthology.orchestra.run.smithi153.stdout:/usr/bin/ceph: stderr
2023-07-08T14:32:34.551+0000 7f71c914f700 1 -- 172.21.15.153:0/3105062598 shutdown_connections
2023-07-08T14:32:41.999 INFO:teuthology.orchestra.run.smithi153.stdout:/usr/bin/ceph: stderr
2023-07-08T14:32:34.551+0000 7f71c914f700 1 --2- 172.21.15.153:0/3105062598 >> [v2:172.21.15.153:3300/0,v1:172.21.15.153:6789/0] conn(0x7f71c407bde0 0x7f71c407a2e0 unknown :-1 s=CLOSED pgs=61 cs=0 l=1 rev1=1 crypto rx=0 tx=0 comp rx=0 tx=0).stop
2023-07-08T14:32:41.999 INFO:teuthology.orchestra.run.smithi153.stdout:/usr/bin/ceph: stderr
2023-07-08T14:32:34.551+0000 7f71c914f700 1 -- 172.21.15.153:0/3105062598 >> 172.21.15.153:0/3105062598 conn(0x7f71c4100790 msgr2=0x7f71c4102ba0 unknown :-1 s=STATE_NONE l=0).mark_down
2023-07-08T14:32:42.000 INFO:teuthology.orchestra.run.smithi153.stdout:/usr/bin/ceph: stderr
2023-07-08T14:32:34.551+0000 7f71c914f700 1 -- 172.21.15.153:0/3105062598 shutdown_connections
2023-07-08T14:32:42.000 INFO:teuthology.orchestra.run.smithi153.stdout:/usr/bin/ceph: stderr
2023-07-08T14:32:34.551+0000 7f71c914f700 1 -- 172.21.15.153:0/3105062598 wait complete.
2023-07-08T14:32:42.000 INFO:teuthology.orchestra.run.smithi153.stdout:/usr/bin/ceph: stderr
2023-07-08T14:32:34.552+0000 7f71c914f700 1 Processor -- start
2023-07-08T14:32:42.000 INFO:teuthology.orchestra.run.smithi153.stdout:/usr/bin/ceph: stderr
2023-07-08T14:32:34.552+0000 7f71c914f700 1 -- start start
2023-07-08T14:32:42.000 INFO:teuthology.orchestra.run.smithi153.stdout:/usr/bin/ceph: stderr
2023-07-08T14:32:34.553+0000 7f71c914f700 1 --2- >> [v2:172.21.15.153:3300/0,v1:172.21.15.153:6789/0] conn(0x7f71c407bde0 0x7f71c419b120 unknown :-1 s=NONE pgs=0 cs=0 l=1 rev1=0 crypto rx=0 tx=0 comp rx=0 tx=0).connect
2023-07-08T14:32:42.000 INFO:teuthology.orchestra.run.smithi153.stdout:/usr/bin/ceph: stderr
2023-07-08T14:32:34.553+0000 7f71c914f700 1 -- --> [v2:172.21.15.153:3300/0,v1:172.21.15.153:6789/0] -- mon_getmap magic: 0 v1 -- 0x7f71c419b660 con 0x7f71c407bde0
2023-07-08T14:32:42.000 INFO:teuthology.orchestra.run.smithi153.stdout:/usr/bin/ceph: stderr
2023-07-08T14:32:34.553+0000 7f71c2d9d700 1 --2- >> [v2:172.21.15.153:3300/0,v1:172.21.15.153:6789/0] conn(0x7f71c407bde0 0x7f71c419b120 unknown :-1 s=BANNER_CONNECTING pgs=0 cs=0 l=1 rev1=0 crypto rx=0 tx=0 comp rx=0 tx=0)._handle_peer_banner_payload supported=3 required=0
2023-07-08T14:32:42.001 INFO:teuthology.orchestra.run.smithi153.stdout:/usr/bin/ceph: stderr
2023-07-08T14:32:34.553+0000 7f71c2d9d700 1 --2- >> [v2:172.21.15.153:3300/0,v1:172.21.15.153:6789/0] conn(0x7f71c407bde0 0x7f71c419b120 unknown :-1 s=HELLO_CONNECTING pgs=0 cs=0 l=1 rev1=1 crypto rx=0 tx=0 comp rx=0 tx=0).handle_hello peer v2:172.21.15.153:3300/0 says I am v2:172.21.15.153:43220/0 (socket says 172.21.15.153:43220)
2023-07-08T14:32:42.001 INFO:teuthology.orchestra.run.smithi153.stdout:/usr/bin/ceph: stderr
2023-07-08T14:32:34.553+0000 7f71c2d9d700 1 -- 172.21.15.153:0/1043415912 learned_addr learned my addr 172.21.15.153:0/1043415912 (peer_addr_for_me v2:172.21.15.153:0/0)
2023-07-08T14:32:42.001 INFO:teuthology.orchestra.run.smithi153.stdout:/usr/bin/ceph: stderr
2023-07-08T14:32:34.553+0000 7f71c2d9d700 1 -- 172.21.15.153:0/1043415912 --> [v2:172.21.15.153:3300/0,v1:172.21.15.153:6789/0] -- mon_subscribe({config=0+,monmap=0+}) v3 -- 0x7f71b4009550 con 0x7f71c407bde0
2023-07-08T14:32:42.001 INFO:teuthology.orchestra.run.smithi153.stdout:/usr/bin/ceph: stderr
2023-07-08T14:32:34.553+0000 7f71c2d9d700 1 --2- 172.21.15.153:0/1043415912 >> [v2:172.21.15.153:3300/0,v1:172.21.15.153:6789/0] conn(0x7f71c407bde0 0x7f71c419b120 secure :-1 s=READY pgs=62 cs=0 l=1 rev1=1 crypto rx=0x7f71b4000c00 tx=0x7f71b40118f0 comp rx=0 tx=0).ready entity=mon.0 client_cookie=0 server_cookie=0 in_seq=0 out_seq=0
2023-07-08T14:32:42.001 INFO:teuthology.orchestra.run.smithi153.stdout:/usr/bin/ceph: stderr
2023-07-08T14:32:34.554+0000 7f71abfff700 1 -- 172.21.15.153:0/1043415912 <== mon.0 v2:172.21.15.153:3300/0 1 ==== mon_map magic: 0 v1 ==== 205+0+0 (secure 0 0 0) 0x7f71b40036a0 con 0x7f71c407bde0
2023-07-08T14:32:42.001 INFO:teuthology.orchestra.run.smithi153.stdout:/usr/bin/ceph: stderr
2023-07-08T14:32:34.554+0000 7f71abfff700 1 -- 172.21.15.153:0/1043415912 <== mon.0 v2:172.21.15.153:3300/0 2 ==== config(25 keys) v1 ==== 1067+0+0 (secure 0 0 0) 0x7f71b4024440 con 0x7f71c407bde0
2023-07-08T14:32:42.001 INFO:teuthology.orchestra.run.smithi153.stdout:/usr/bin/ceph: stderr
2023-07-08T14:32:34.554+0000 7f71abfff700 1 -- 172.21.15.153:0/1043415912 <== mon.0 v2:172.21.15.153:3300/0 3 ==== mon_map magic: 0 v1 ==== 205+0+0 (secure 0 0 0) 0x7f71b401a430 con 0x7f71c407bde0
2023-07-08T14:32:42.001 INFO:teuthology.orchestra.run.smithi153.stdout:/usr/bin/ceph: stderr
2023-07-08T14:32:34.554+0000 7f71c914f700 1 -- 172.21.15.153:0/1043415912 --> [v2:172.21.15.153:3300/0,v1:172.21.15.153:6789/0] -- mon_subscribe({mgrmap=0+}) v3 -- 0x7f71c419b860 con 0x7f71c407bde0
2023-07-08T14:32:42.002 INFO:teuthology.orchestra.run.smithi153.stdout:/usr/bin/ceph: stderr
2023-07-08T14:32:34.554+0000 7f71c914f700 1 -- 172.21.15.153:0/1043415912 --> [v2:172.21.15.153:3300/0,v1:172.21.15.153:6789/0] -- mon_subscribe({osdmap=0}) v3 -- 0x7f71c419bc80 con 0x7f71c407bde0
2023-07-08T14:32:42.002 INFO:teuthology.orchestra.run.smithi153.stdout:/usr/bin/ceph: stderr
2023-07-08T14:32:34.555+0000 7f71abfff700 1 -- 172.21.15.153:0/1043415912 <== mon.0 v2:172.21.15.153:3300/0 4 ==== mgrmap(e 9) v1 ==== 45496+0+0 (secure 0 0 0) 0x7f71b4003800 con 0x7f71c407bde0
2023-07-08T14:32:42.002 INFO:teuthology.orchestra.run.smithi153.stdout:/usr/bin/ceph: stderr
2023-07-08T14:32:34.555+0000 7f71abfff700 1 --2- 172.21.15.153:0/1043415912 >> [v2:172.21.15.153:6800/913438561,v1:172.21.15.153:6801/913438561] conn(0x7f71ac0387b0 0x7f71ac03ac60 unknown :-1 s=NONE pgs=0 cs=0 l=1 rev1=0 crypto rx=0 tx=0 comp rx=0 tx=0).connect
2023-07-08T14:32:42.002 INFO:teuthology.orchestra.run.smithi153.stdout:/usr/bin/ceph: stderr
2023-07-08T14:32:34.555+0000 7f71c914f700 1 -- 172.21.15.153:0/1043415912 --> [v2:172.21.15.153:6800/913438561,v1:172.21.15.153:6801/913438561] -- command(tid 0: {"prefix": "get_command_descriptions"}) v1 -- 0x7f71c4061b40 con 0x7f71ac0387b0
2023-07-08T14:32:42.002 INFO:teuthology.orchestra.run.smithi153.stdout:/usr/bin/ceph: stderr
2023-07-08T14:32:34.555+0000 7f71abfff700 1 -- 172.21.15.153:0/1043415912 <== mon.0 v2:172.21.15.153:3300/0 5 ==== osd_map(2..2 src has 1..2) v4 ==== 940+0+0 (secure 0 0 0) 0x7f71b404c410 con 0x7f71c407bde0
2023-07-08T14:32:42.002 INFO:teuthology.orchestra.run.smithi153.stdout:/usr/bin/ceph: stderr
2023-07-08T14:32:34.555+0000 7f71c259c700 1 -- 172.21.15.153:0/1043415912 >> [v2:172.21.15.153:6800/913438561,v1:172.21.15.153:6801/913438561] conn(0x7f71ac0387b0 msgr2=0x7f71ac03ac60 unknown :-1 s=STATE_CONNECTING_RE l=1).process reconnect failed to v2:172.21.15.153:6800/913438561
2023-07-08T14:32:42.002 INFO:teuthology.orchestra.run.smithi153.stdout:/usr/bin/ceph: stderr
2023-07-08T14:32:34.555+0000 7f71c259c700 1 --2- 172.21.15.153:0/1043415912 >> [v2:172.21.15.153:6800/913438561,v1:172.21.15.153:6801/913438561] conn(0x7f71ac0387b0 0x7f71ac03ac60 unknown :-1 s=START_CONNECT pgs=0 cs=0 l=1 rev1=0 crypto rx=0 tx=0 comp rx=0 tx=0)._fault waiting 0.200000
2023-07-08T14:32:42.002 INFO:teuthology.orchestra.run.smithi153.stdout:/usr/bin/ceph: stderr
2023-07-08T14:32:34.756+0000 7f71c259c700 1 -- 172.21.15.153:0/1043415912 >> [v2:172.21.15.153:6800/913438561,v1:172.21.15.153:6801/913438561] conn(0x7f71ac0387b0 msgr2=0x7f71ac03ac60 unknown :-1 s=STATE_CONNECTING_RE l=1).process reconnect failed to v2:172.21.15.153:6800/913438561
2023-07-08T14:32:42.003 INFO:teuthology.orchestra.run.smithi153.stdout:/usr/bin/ceph: stderr
2023-07-08T14:32:34.756+0000 7f71c259c700 1 --2- 172.21.15.153:0/1043415912 >> [v2:172.21.15.153:6800/913438561,v1:172.21.15.153:6801/913438561] conn(0x7f71ac0387b0 0x7f71ac03ac60 unknown :-1 s=START_CONNECT pgs=0 cs=0 l=1 rev1=0 crypto rx=0 tx=0 comp rx=0 tx=0)._fault waiting 0.400000
2023-07-08T14:32:42.003 INFO:teuthology.orchestra.run.smithi153.stdout:/usr/bin/ceph: stderr
2023-07-08T14:32:35.157+0000 7f71c259c700 1 -- 172.21.15.153:0/1043415912 >> [v2:172.21.15.153:6800/913438561,v1:172.21.15.153:6801/913438561] conn(0x7f71ac0387b0 msgr2=0x7f71ac03ac60 unknown :-1 s=STATE_CONNECTING_RE l=1).process reconnect failed to v2:172.21.15.153:6800/913438561
2023-07-08T14:32:42.003 INFO:teuthology.orchestra.run.smithi153.stdout:/usr/bin/ceph: stderr
2023-07-08T14:32:35.157+0000 7f71c259c700 1 --2- 172.21.15.153:0/1043415912 >> [v2:172.21.15.153:6800/913438561,v1:172.21.15.153:6801/913438561] conn(0x7f71ac0387b0 0x7f71ac03ac60 unknown :-1 s=START_CONNECT pgs=0 cs=0 l=1 rev1=0 crypto rx=0 tx=0 comp rx=0 tx=0)._fault waiting 0.800000
2023-07-08T14:32:42.003 INFO:teuthology.orchestra.run.smithi153.stdout:/usr/bin/ceph: stderr
2023-07-08T14:32:35.958+0000 7f71c259c700 1 -- 172.21.15.153:0/1043415912 >> [v2:172.21.15.153:6800/913438561,v1:172.21.15.153:6801/913438561] conn(0x7f71ac0387b0 msgr2=0x7f71ac03ac60 unknown :-1 s=STATE_CONNECTING_RE l=1).process reconnect failed to v2:172.21.15.153:6800/913438561
2023-07-08T14:32:42.003 INFO:teuthology.orchestra.run.smithi153.stdout:/usr/bin/ceph: stderr
