2023-07-08T14:32:45.438+0000 7f06fd193700 1 --2- >> [v2:172.21.15.153:3300/0,v1:172.21.15.153:6789/0] conn(0x7f06f8104020 0x7f06f819b0a0 unknown :-1 s=HELLO_CONNECTING pgs=0 cs=0 l=1 rev1=1 crypto rx=0 tx=0 comp rx=0 tx=0).handle_hello peer v2:172.21.15.153:3300/0 says I am v2:172.21.15.153:48582/0 (socket says 172.21.15.153:48582)
2023-07-08T14:32:46.351 INFO:teuthology.orchestra.run.smithi153.stdout:/usr/bin/ceph: stderr
2023-07-08T14:32:45.438+0000 7f06fd193700 1 -- 172.21.15.153:0/396782811 learned_addr learned my addr 172.21.15.153:0/396782811 (peer_addr_for_me v2:172.21.15.153:0/0)
2023-07-08T14:32:46.351 INFO:teuthology.orchestra.run.smithi153.stdout:/usr/bin/ceph: stderr
2023-07-08T14:32:45.438+0000 7f06fd193700 1 -- 172.21.15.153:0/396782811 --> [v2:172.21.15.153:3300/0,v1:172.21.15.153:6789/0] -- mon_subscribe({config=0+,monmap=0+}) v3 -- 0x7f06f400b7f0 con 0x7f06f8104020
2023-07-08T14:32:46.352 INFO:teuthology.orchestra.run.smithi153.stdout:/usr/bin/ceph: stderr
2023-07-08T14:32:45.439+0000 7f06fd193700 1 --2- 172.21.15.153:0/396782811 >> [v2:172.21.15.153:3300/0,v1:172.21.15.153:6789/0] conn(0x7f06f8104020 0x7f06f819b0a0 secure :-1 s=READY pgs=75 cs=0 l=1 rev1=1 crypto rx=0x7f06f400dd10 tx=0x7f06f400ddf0 comp rx=0 tx=0).ready entity=mon.0 client_cookie=0 server_cookie=0 in_seq=0 out_seq=0
2023-07-08T14:32:46.352 INFO:teuthology.orchestra.run.smithi153.stdout:/usr/bin/ceph: stderr
2023-07-08T14:32:45.441+0000 7f06ee7fc700 1 -- 172.21.15.153:0/396782811 <== mon.0 v2:172.21.15.153:3300/0 1 ==== mon_map magic: 0 v1 ==== 205+0+0 (secure 0 0 0) 0x7f06f4010680 con 0x7f06f8104020
2023-07-08T14:32:46.352 INFO:teuthology.orchestra.run.smithi153.stdout:/usr/bin/ceph: stderr
2023-07-08T14:32:45.441+0000 7f06ee7fc700 1 -- 172.21.15.153:0/396782811 <== mon.0 v2:172.21.15.153:3300/0 2 ==== config(25 keys) v1 ==== 1067+0+0 (secure 0 0 0) 0x7f06f4010c70 con 0x7f06f8104020
2023-07-08T14:32:46.352 INFO:teuthology.orchestra.run.smithi153.stdout:/usr/bin/ceph: stderr
2023-07-08T14:32:45.441+0000 7f06ff3f7700 1 -- 172.21.15.153:0/396782811 --> [v2:172.21.15.153:3300/0,v1:172.21.15.153:6789/0] -- mon_subscribe({mgrmap=0+}) v3 -- 0x7f06f819b7e0 con 0x7f06f8104020
2023-07-08T14:32:46.352 INFO:teuthology.orchestra.run.smithi153.stdout:/usr/bin/ceph: stderr
2023-07-08T14:32:45.441+0000 7f06ee7fc700 1 -- 172.21.15.153:0/396782811 <== mon.0 v2:172.21.15.153:3300/0 3 ==== mon_map magic: 0 v1 ==== 205+0+0 (secure 0 0 0) 0x7f06f4021bd0 con 0x7f06f8104020
2023-07-08T14:32:46.352 INFO:teuthology.orchestra.run.smithi153.stdout:/usr/bin/ceph: stderr
2023-07-08T14:32:45.441+0000 7f06ff3f7700 1 -- 172.21.15.153:0/396782811 --> [v2:172.21.15.153:3300/0,v1:172.21.15.153:6789/0] -- mon_subscribe({osdmap=0}) v3 -- 0x7f06f819bba0 con 0x7f06f8104020
2023-07-08T14:32:46.352 INFO:teuthology.orchestra.run.smithi153.stdout:/usr/bin/ceph: stderr
2023-07-08T14:32:45.442+0000 7f06ee7fc700 1 -- 172.21.15.153:0/396782811 <== mon.0 v2:172.21.15.153:3300/0 4 ==== mgrmap(e 12) v1 ==== 45496+0+0 (secure 0 0 0) 0x7f06f40107e0 con 0x7f06f8104020
2023-07-08T14:32:46.353 INFO:teuthology.orchestra.run.smithi153.stdout:/usr/bin/ceph: stderr
2023-07-08T14:32:45.442+0000 7f06ff3f7700 1 -- 172.21.15.153:0/396782811 --> [v2:172.21.15.153:3300/0,v1:172.21.15.153:6789/0] -- mon_command({"prefix": "get_command_descriptions"} v 0) v1 -- 0x7f06f8194d60 con 0x7f06f8104020
2023-07-08T14:32:46.353 INFO:teuthology.orchestra.run.smithi153.stdout:/usr/bin/ceph: stderr
2023-07-08T14:32:45.443+0000 7f06ee7fc700 1 --2- 172.21.15.153:0/396782811 >> [v2:172.21.15.153:6800/2788295429,v1:172.21.15.153:6801/2788295429] conn(0x7f06e4038790 0x7f06e403ac40 unknown :-1 s=NONE pgs=0 cs=0 l=1 rev1=0 crypto rx=0 tx=0 comp rx=0 tx=0).connect
2023-07-08T14:32:46.353 INFO:teuthology.orchestra.run.smithi153.stdout:/usr/bin/ceph: stderr
2023-07-08T14:32:45.443+0000 7f06ee7fc700 1 -- 172.21.15.153:0/396782811 <== mon.0 v2:172.21.15.153:3300/0 5 ==== osd_map(3..3 src has 1..3) v4 ==== 1155+0+0 (secure 0 0 0) 0x7f06f404cca0 con 0x7f06f8104020
2023-07-08T14:32:46.353 INFO:teuthology.orchestra.run.smithi153.stdout:/usr/bin/ceph: stderr
2023-07-08T14:32:45.443+0000 7f06fc992700 1 --2- 172.21.15.153:0/396782811 >> [v2:172.21.15.153:6800/2788295429,v1:172.21.15.153:6801/2788295429] conn(0x7f06e4038790 0x7f06e403ac40 unknown :-1 s=BANNER_CONNECTING pgs=0 cs=0 l=1 rev1=0 crypto rx=0 tx=0 comp rx=0 tx=0)._handle_peer_banner_payload supported=3 required=0
2023-07-08T14:32:46.353 INFO:teuthology.orchestra.run.smithi153.stdout:/usr/bin/ceph: stderr
2023-07-08T14:32:45.444+0000 7f06fc992700 1 --2- 172.21.15.153:0/396782811 >> [v2:172.21.15.153:6800/2788295429,v1:172.21.15.153:6801/2788295429] conn(0x7f06e4038790 0x7f06e403ac40 secure :-1 s=READY pgs=9 cs=0 l=1 rev1=1 crypto rx=0x7f06e8006fd0 tx=0x7f06e8006e40 comp rx=0 tx=0).ready entity=mgr.14152 client_cookie=0 server_cookie=0 in_seq=0 out_seq=0
2023-07-08T14:32:46.354 INFO:teuthology.orchestra.run.smithi153.stdout:/usr/bin/ceph: stderr
2023-07-08T14:32:45.448+0000 7f06ee7fc700 1 -- 172.21.15.153:0/396782811 <== mon.0 v2:172.21.15.153:3300/0 6 ==== mon_command_ack([{"prefix": "get_command_descriptions"}]=0 v0) v1 ==== 72+0+178008 (secure 0 0 0) 0x7f06f400f5b0 con 0x7f06f8104020
2023-07-08T14:32:46.354 INFO:teuthology.orchestra.run.smithi153.stdout:/usr/bin/ceph: stderr
2023-07-08T14:32:45.669+0000 7f06ff3f7700 1 -- 172.21.15.153:0/396782811 --> [v2:172.21.15.153:3300/0,v1:172.21.15.153:6789/0] -- mon_command({"prefix": "config get", "who": "mgr", "key": "mgr/dashboard/ssl_server_port"} v 0) v1 -- 0x7f06f8061120 con 0x7f06f8104020
2023-07-08T14:32:46.355 INFO:teuthology.orchestra.run.smithi153.stdout:/usr/bin/ceph: stderr
2023-07-08T14:32:45.670+0000 7f06ee7fc700 1 -- 172.21.15.153:0/396782811 <== mon.0 v2:172.21.15.153:3300/0 7 ==== mon_command_ack([{"prefix": "config get", "who": "mgr", "key": "mgr/dashboard/ssl_server_port"}]=0 v8) v1 ==== 112+0+5 (secure 0 0 0) 0x7f06f4011050 con 0x7f06f8104020
2023-07-08T14:32:46.355 INFO:teuthology.orchestra.run.smithi153.stdout:/usr/bin/ceph: stderr
2023-07-08T14:32:45.672+0000 7f06ff3f7700 1 -- 172.21.15.153:0/396782811 >> [v2:172.21.15.153:6800/2788295429,v1:172.21.15.153:6801/2788295429] conn(0x7f06e4038790 msgr2=0x7f06e403ac40 secure :-1 s=STATE_CONNECTION_ESTABLISHED l=1).mark_down
2023-07-08T14:32:46.355 INFO:teuthology.orchestra.run.smithi153.stdout:/usr/bin/ceph: stderr
2023-07-08T14:32:45.672+0000 7f06ff3f7700 1 --2- 172.21.15.153:0/396782811 >> [v2:172.21.15.153:6800/2788295429,v1:172.21.15.153:6801/2788295429] conn(0x7f06e4038790 0x7f06e403ac40 secure :-1 s=READY pgs=9 cs=0 l=1 rev1=1 crypto rx=0x7f06e8006fd0 tx=0x7f06e8006e40 comp rx=0 tx=0).stop
2023-07-08T14:32:46.355 INFO:teuthology.orchestra.run.smithi153.stdout:/usr/bin/ceph: stderr
2023-07-08T14:32:45.672+0000 7f06ff3f7700 1 -- 172.21.15.153:0/396782811 >> [v2:172.21.15.153:3300/0,v1:172.21.15.153:6789/0] conn(0x7f06f8104020 msgr2=0x7f06f819b0a0 secure :-1 s=STATE_CONNECTION_ESTABLISHED l=1).mark_down
2023-07-08T14:32:46.355 INFO:teuthology.orchestra.run.smithi153.stdout:/usr/bin/ceph: stderr
2023-07-08T14:32:45.672+0000 7f06ff3f7700 1 --2- 172.21.15.153:0/396782811 >> [v2:172.21.15.153:3300/0,v1:172.21.15.153:6789/0] conn(0x7f06f8104020 0x7f06f819b0a0 secure :-1 s=READY pgs=75 cs=0 l=1 rev1=1 crypto rx=0x7f06f400dd10 tx=0x7f06f400ddf0 comp rx=0 tx=0).stop
2023-07-08T14:32:46.355 INFO:teuthology.orchestra.run.smithi153.stdout:/usr/bin/ceph: stderr
2023-07-08T14:32:45.673+0000 7f06ff3f7700 1 -- 172.21.15.153:0/396782811 shutdown_connections
2023-07-08T14:32:46.355 INFO:teuthology.orchestra.run.smithi153.stdout:/usr/bin/ceph: stderr
2023-07-08T14:32:45.673+0000 7f06ff3f7700 1 --2- 172.21.15.153:0/396782811 >> [v2:172.21.15.153:6800/2788295429,v1:172.21.15.153:6801/2788295429] conn(0x7f06e4038790 0x7f06e403ac40 unknown :-1 s=CLOSED pgs=9 cs=0 l=1 rev1=1 crypto rx=0 tx=0 comp rx=0 tx=0).stop
2023-07-08T14:32:46.356 INFO:teuthology.orchestra.run.smithi153.stdout:/usr/bin/ceph: stderr
2023-07-08T14:32:45.673+0000 7f06ff3f7700 1 --2- 172.21.15.153:0/396782811 >> [v2:172.21.15.153:3300/0,v1:172.21.15.153:6789/0] conn(0x7f06f8104020 0x7f06f819b0a0 unknown :-1 s=CLOSED pgs=75 cs=0 l=1 rev1=1 crypto rx=0 tx=0 comp rx=0 tx=0).stop
2023-07-08T14:32:46.356 INFO:teuthology.orchestra.run.smithi153.stdout:/usr/bin/ceph: stderr
2023-07-08T14:32:45.673+0000 7f06ff3f7700 1 -- 172.21.15.153:0/396782811 >> 172.21.15.153:0/396782811 conn(0x7f06f80ff690 msgr2=0x7f06f8191ea0 unknown :-1 s=STATE_NONE l=0).mark_down
2023-07-08T14:32:46.356 INFO:teuthology.orchestra.run.smithi153.stdout:/usr/bin/ceph: stderr
2023-07-08T14:32:45.673+0000 7f06ff3f7700 1 -- 172.21.15.153:0/396782811 shutdown_connections
2023-07-08T14:32:46.356 INFO:teuthology.orchestra.run.smithi153.stdout:/usr/bin/ceph: stderr
2023-07-08T14:32:45.673+0000 7f06ff3f7700 1 -- 172.21.15.153:0/396782811 wait complete.
2023-07-08T14:32:46.367 INFO:teuthology.orchestra.run.smithi153.stdout:Non-zero exit code 1 from systemctl is-enabled firewalld.service
2023-07-08T14:32:46.367 INFO:teuthology.orchestra.run.smithi153.stdout:systemctl: stdout disabled
2023-07-08T14:32:46.382 INFO:teuthology.orchestra.run.smithi153.stdout:Non-zero exit code 3 from systemctl is-active firewalld.service
2023-07-08T14:32:46.383 INFO:teuthology.orchestra.run.smithi153.stdout:systemctl: stdout inactive
2023-07-08T14:32:46.383 INFO:teuthology.orchestra.run.smithi153.stdout:firewalld.service is not enabled
2023-07-08T14:32:46.383 INFO:teuthology.orchestra.run.smithi153.stdout:Not possible to open ports <[8443]>. firewalld.service is not available
2023-07-08T14:32:46.386 INFO:teuthology.orchestra.run.smithi153.stdout:Ceph Dashboard is now available at:
2023-07-08T14:32:46.386 INFO:teuthology.orchestra.run.smithi153.stdout:
2023-07-08T14:32:46.386 INFO:teuthology.orchestra.run.smithi153.stdout: URL: https://smithi153.front.sepia.ceph.com:8443/
2023-07-08T14:32:46.386 INFO:teuthology.orchestra.run.smithi153.stdout: User: admin
2023-07-08T14:32:46.386 INFO:teuthology.orchestra.run.smithi153.stdout: Password: dktf0tutqu
2023-07-08T14:32:46.387 INFO:teuthology.orchestra.run.smithi153.stdout:
2023-07-08T14:32:46.387 INFO:teuthology.orchestra.run.smithi153.stdout:Saving cluster configuration to /var/lib/ceph/fc6d0402-1d9b-11ee-9b31-001a4aab830c/config directory
2023-07-08T14:32:46.387 INFO:teuthology.orchestra.run.smithi153.stdout:Enabling autotune for osd_memory_target
2023-07-08T14:32:47.564 INFO:teuthology.orchestra.run.smithi153.stdout:/usr/bin/ceph: stderr
2023-07-08T14:32:46.915+0000 7efeb02f1700 1 Processor -- start
2023-07-08T14:32:47.568 INFO:teuthology.orchestra.run.smithi153.stdout:/usr/bin/ceph: stderr
2023-07-08T14:32:46.915+0000 7efeb02f1700 1 -- start start
2023-07-08T14:32:47.568 INFO:teuthology.orchestra.run.smithi153.stdout:/usr/bin/ceph: stderr
2023-07-08T14:32:46.915+0000 7efeb02f1700 1 --2- >> [v2:172.21.15.153:3300/0,v1:172.21.15.153:6789/0] conn(0x7efea807bdc0 0x7efea807a2c0 unknown :-1 s=NONE pgs=0 cs=0 l=0 rev1=0 crypto rx=0 tx=0 comp rx=0 tx=0).connect
2023-07-08T14:32:47.568 INFO:teuthology.orchestra.run.smithi153.stdout:/usr/bin/ceph: stderr
2023-07-08T14:32:46.915+0000 7efeb02f1700 1 -- --> [v2:172.21.15.153:3300/0,v1:172.21.15.153:6789/0] -- mon_getmap magic: 0 v1 -- 0x7efea807a800 con 0x7efea807bdc0
2023-07-08T14:32:47.568 INFO:teuthology.orchestra.run.smithi153.stdout:/usr/bin/ceph: stderr
2023-07-08T14:32:46.916+0000 7efeae08d700 1 --2- >> [v2:172.21.15.153:3300/0,v1:172.21.15.153:6789/0] conn(0x7efea807bdc0 0x7efea807a2c0 unknown :-1 s=BANNER_CONNECTING pgs=0 cs=0 l=0 rev1=0 crypto rx=0 tx=0 comp rx=0 tx=0)._handle_peer_banner_payload supported=3 required=0
2023-07-08T14:32:47.568 INFO:teuthology.orchestra.run.smithi153.stdout:/usr/bin/ceph: stderr
2023-07-08T14:32:46.916+0000 7efeae08d700 1 --2- >> [v2:172.21.15.153:3300/0,v1:172.21.15.153:6789/0] conn(0x7efea807bdc0 0x7efea807a2c0 unknown :-1 s=HELLO_CONNECTING pgs=0 cs=0 l=0 rev1=1 crypto rx=0 tx=0 comp rx=0 tx=0).handle_hello peer v2:172.21.15.153:3300/0 says I am v2:172.21.15.153:48592/0 (socket says 172.21.15.153:48592)
2023-07-08T14:32:47.568 INFO:teuthology.orchestra.run.smithi153.stdout:/usr/bin/ceph: stderr
2023-07-08T14:32:46.916+0000 7efeae08d700 1 -- 172.21.15.153:0/1335168962 learned_addr learned my addr 172.21.15.153:0/1335168962 (peer_addr_for_me v2:172.21.15.153:0/0)
2023-07-08T14:32:47.569 INFO:teuthology.orchestra.run.smithi153.stdout:/usr/bin/ceph: stderr
2023-07-08T14:32:46.916+0000 7efeae08d700 1 -- 172.21.15.153:0/1335168962 --> [v2:172.21.15.153:3300/0,v1:172.21.15.153:6789/0] -- mon_subscribe({config=0+,monmap=0+}) v3 -- 0x7efea807a940 con 0x7efea807bdc0
2023-07-08T14:32:47.569 INFO:teuthology.orchestra.run.smithi153.stdout:/usr/bin/ceph: stderr
2023-07-08T14:32:46.916+0000 7efeae08d700 1 --2- 172.21.15.153:0/1335168962 >> [v2:172.21.15.153:3300/0,v1:172.21.15.153:6789/0] conn(0x7efea807bdc0 0x7efea807a2c0 secure :-1 s=READY pgs=76 cs=0 l=1 rev1=1 crypto rx=0x7efea40098a0 tx=0x7efea4009bb0 comp rx=0 tx=0).ready entity=mon.0 client_cookie=689fc768013b8fa0 server_cookie=0 in_seq=0 out_seq=0
2023-07-08T14:32:47.569 INFO:teuthology.orchestra.run.smithi153.stdout:/usr/bin/ceph: stderr
2023-07-08T14:32:46.917+0000 7efead08b700 1 -- 172.21.15.153:0/1335168962 <== mon.0 v2:172.21.15.153:3300/0 1 ==== mon_map magic: 0 v1 ==== 205+0+0 (secure 0 0 0) 0x7efea4004160 con 0x7efea807bdc0
2023-07-08T14:32:47.569 INFO:teuthology.orchestra.run.smithi153.stdout:/usr/bin/ceph: stderr
2023-07-08T14:32:46.917+0000 7efead08b700 1 -- 172.21.15.153:0/1335168962 <== mon.0 v2:172.21.15.153:3300/0 2 ==== config(25 keys) v1 ==== 1067+0+0 (secure 0 0 0) 0x7efea40042c0 con 0x7efea807bdc0
2023-07-08T14:32:47.569 INFO:teuthology.orchestra.run.smithi153.stdout:/usr/bin/ceph: stderr
2023-07-08T14:32:46.917+0000 7efead08b700 1 -- 172.21.15.153:0/1335168962 <== mon.0 v2:172.21.15.153:3300/0 3 ==== mon_map magic: 0 v1 ==== 205+0+0 (secure 0 0 0) 0x7efea40118e0 con 0x7efea807bdc0
2023-07-08T14:32:47.569 INFO:teuthology.orchestra.run.smithi153.stdout:/usr/bin/ceph: stderr
2023-07-08T14:32:46.917+0000 7efeb02f1700 1 -- 172.21.15.153:0/1335168962 >> [v2:172.21.15.153:3300/0,v1:172.21.15.153:6789/0] conn(0x7efea807bdc0 msgr2=0x7efea807a2c0 secure :-1 s=STATE_CONNECTION_ESTABLISHED l=1).mark_down
2023-07-08T14:32:47.569 INFO:teuthology.orchestra.run.smithi153.stdout:/usr/bin/ceph: stderr
2023-07-08T14:32:46.917+0000 7efeb02f1700 1 --2- 172.21.15.153:0/1335168962 >> [v2:172.21.15.153:3300/0,v1:172.21.15.153:6789/0] conn(0x7efea807bdc0 0x7efea807a2c0 secure :-1 s=READY pgs=76 cs=0 l=1 rev1=1 crypto rx=0x7efea40098a0 tx=0x7efea4009bb0 comp rx=0 tx=0).stop
2023-07-08T14:32:47.570 INFO:teuthology.orchestra.run.smithi153.stdout:/usr/bin/ceph: stderr
2023-07-08T14:32:46.917+0000 7efeb02f1700 1 -- 172.21.15.153:0/1335168962 shutdown_connections
2023-07-08T14:32:47.570 INFO:teuthology.orchestra.run.smithi153.stdout:/usr/bin/ceph: stderr
2023-07-08T14:32:46.917+0000 7efeb02f1700 1 --2- 172.21.15.153:0/1335168962 >> [v2:172.21.15.153:3300/0,v1:172.21.15.153:6789/0] conn(0x7efea807bdc0 0x7efea807a2c0 unknown :-1 s=CLOSED pgs=76 cs=0 l=1 rev1=1 crypto rx=0 tx=0 comp rx=0 tx=0).stop
2023-07-08T14:32:47.570 INFO:teuthology.orchestra.run.smithi153.stdout:/usr/bin/ceph: stderr
2023-07-08T14:32:46.917+0000 7efeb02f1700 1 -- 172.21.15.153:0/1335168962 >> 172.21.15.153:0/1335168962 conn(0x7efea8100790 msgr2=0x7efea8102ba0 unknown :-1 s=STATE_NONE l=0).mark_down
2023-07-08T14:32:47.570 INFO:teuthology.orchestra.run.smithi153.stdout:/usr/bin/ceph: stderr
2023-07-08T14:32:46.917+0000 7efeb02f1700 1 -- 172.21.15.153:0/1335168962 shutdown_connections
2023-07-08T14:32:47.570 INFO:teuthology.orchestra.run.smithi153.stdout:/usr/bin/ceph: stderr
2023-07-08T14:32:46.917+0000 7efeb02f1700 1 -- 172.21.15.153:0/1335168962 wait complete.
2023-07-08T14:32:47.570 INFO:teuthology.orchestra.run.smithi153.stdout:/usr/bin/ceph: stderr
2023-07-08T14:32:46.918+0000 7efeb02f1700 1 Processor -- start
2023-07-08T14:32:47.570 INFO:teuthology.orchestra.run.smithi153.stdout:/usr/bin/ceph: stderr
2023-07-08T14:32:46.918+0000 7efeb02f1700 1 -- start start
2023-07-08T14:32:47.570 INFO:teuthology.orchestra.run.smithi153.stdout:/usr/bin/ceph: stderr
2023-07-08T14:32:46.919+0000 7efeb02f1700 1 --2- >> [v2:172.21.15.153:3300/0,v1:172.21.15.153:6789/0] conn(0x7efea807bdc0 0x7efea819b0d0 unknown :-1 s=NONE pgs=0 cs=0 l=1 rev1=0 crypto rx=0 tx=0 comp rx=0 tx=0).connect
2023-07-08T14:32:47.571 INFO:teuthology.orchestra.run.smithi153.stdout:/usr/bin/ceph: stderr
2023-07-08T14:32:46.919+0000 7efeb02f1700 1 -- --> [v2:172.21.15.153:3300/0,v1:172.21.15.153:6789/0] -- mon_getmap magic: 0 v1 -- 0x7efea819b610 con 0x7efea807bdc0
2023-07-08T14:32:47.571 INFO:teuthology.orchestra.run.smithi153.stdout:/usr/bin/ceph: stderr
2023-07-08T14:32:46.919+0000 7efeae08d700 1 --2- >> [v2:172.21.15.153:3300/0,v1:172.21.15.153:6789/0] conn(0x7efea807bdc0 0x7efea819b0d0 unknown :-1 s=BANNER_CONNECTING pgs=0 cs=0 l=1 rev1=0 crypto rx=0 tx=0 comp rx=0 tx=0)._handle_peer_banner_payload supported=3 required=0
2023-07-08T14:32:47.571 INFO:teuthology.orchestra.run.smithi153.stdout:/usr/bin/ceph: stderr
2023-07-08T14:32:46.919+0000 7efeae08d700 1 --2- >> [v2:172.21.15.153:3300/0,v1:172.21.15.153:6789/0] conn(0x7efea807bdc0 0x7efea819b0d0 unknown :-1 s=HELLO_CONNECTING pgs=0 cs=0 l=1 rev1=1 crypto rx=0 tx=0 comp rx=0 tx=0).handle_hello peer v2:172.21.15.153:3300/0 says I am v2:172.21.15.153:48608/0 (socket says 172.21.15.153:48608)
2023-07-08T14:32:47.571 INFO:teuthology.orchestra.run.smithi153.stdout:/usr/bin/ceph: stderr
2023-07-08T14:32:46.919+0000 7efeae08d700 1 -- 172.21.15.153:0/393389252 learned_addr learned my addr 172.21.15.153:0/393389252 (peer_addr_for_me v2:172.21.15.153:0/0)
2023-07-08T14:32:47.571 INFO:teuthology.orchestra.run.smithi153.stdout:/usr/bin/ceph: stderr
2023-07-08T14:32:46.919+0000 7efeae08d700 1 -- 172.21.15.153:0/393389252 --> [v2:172.21.15.153:3300/0,v1:172.21.15.153:6789/0] -- mon_subscribe({config=0+,monmap=0+}) v3 -- 0x7efea4009550 con 0x7efea807bdc0
2023-07-08T14:32:47.571 INFO:teuthology.orchestra.run.smithi153.stdout:/usr/bin/ceph: stderr
2023-07-08T14:32:46.920+0000 7efeae08d700 1 --2- 172.21.15.153:0/393389252 >> [v2:172.21.15.153:3300/0,v1:172.21.15.153:6789/0] conn(0x7efea807bdc0 0x7efea819b0d0 secure :-1 s=READY pgs=77 cs=0 l=1 rev1=1 crypto rx=0x7efea4006af0 tx=0x7efea4011e80 comp rx=0 tx=0).ready entity=mon.0 client_cookie=0 server_cookie=0 in_seq=0 out_seq=0
2023-07-08T14:32:47.571 INFO:teuthology.orchestra.run.smithi153.stdout:/usr/bin/ceph: stderr
2023-07-08T14:32:46.920+0000 7efe9f7fe700 1 -- 172.21.15.153:0/393389252 <== mon.0 v2:172.21.15.153:3300/0 1 ==== mon_map magic: 0 v1 ==== 205+0+0 (secure 0 0 0) 0x7efea40037d0 con 0x7efea807bdc0
2023-07-08T14:32:47.572 INFO:teuthology.orchestra.run.smithi153.stdout:/usr/bin/ceph: stderr
2023-07-08T14:32:46.920+0000 7efe9f7fe700 1 -- 172.21.15.153:0/393389252 <== mon.0 v2:172.21.15.153:3300/0 2 ==== config(25 keys) v1 ==== 1067+0+0 (secure 0 0 0) 0x7efea401b440 con 0x7efea807bdc0
2023-07-08T14:32:47.572 INFO:teuthology.orchestra.run.smithi153.stdout:/usr/bin/ceph: stderr
2023-07-08T14:32:46.920+0000 7efeb02f1700 1 -- 172.21.15.153:0/393389252 --> [v2:172.21.15.153:3300/0,v1:172.21.15.153:6789/0] -- mon_subscribe({mgrmap=0+}) v3 -- 0x7efea819b810 con 0x7efea807bdc0
2023-07-08T14:32:47.572 INFO:teuthology.orchestra.run.smithi153.stdout:/usr/bin/ceph: stderr
2023-07-08T14:32:46.920+0000 7efe9f7fe700 1 -- 172.21.15.153:0/393389252 <== mon.0 v2:172.21.15.153:3300/0 3 ==== mon_map magic: 0 v1 ==== 205+0+0 (secure 0 0 0) 0x7efea4019560 con 0x7efea807bdc0
2023-07-08T14:32:47.572 INFO:teuthology.orchestra.run.smithi153.stdout:/usr/bin/ceph: stderr
2023-07-08T14:32:46.920+0000 7efeb02f1700 1 -- 172.21.15.153:0/393389252 --> [v2:172.21.15.153:3300/0,v1:172.21.15.153:6789/0] -- mon_subscribe({osdmap=0}) v3 -- 0x7efea819bc30 con 0x7efea807bdc0
2023-07-08T14:32:47.572 INFO:teuthology.orchestra.run.smithi153.stdout:/usr/bin/ceph: stderr
2023-07-08T14:32:46.921+0000 7efeb02f1700 1 -- 172.21.15.153:0/393389252 --> [v2:172.21.15.153:3300/0,v1:172.21.15.153:6789/0] -- mon_command({"prefix": "get_command_descriptions"} v 0) v1 -- 0x7efea81950c0 con 0x7efea807bdc0
2023-07-08T14:32:47.572 INFO:teuthology.orchestra.run.smithi153.stdout:/usr/bin/ceph: stderr
2023-07-08T14:32:46.921+0000 7efe9f7fe700 1 -- 172.21.15.153:0/393389252 <== mon.0 v2:172.21.15.153:3300/0 4 ==== mgrmap(e 13) v1 ==== 45540+0+0 (secure 0 0 0) 0x7efea4003930 con 0x7efea807bdc0
2023-07-08T14:32:47.572 INFO:teuthology.orchestra.run.smithi153.stdout:/usr/bin/ceph: stderr
2023-07-08T14:32:46.921+0000 7efe9f7fe700 1 --2- 172.21.15.153:0/393389252 >> [v2:172.21.15.153:6800/2788295429,v1:172.21.15.153:6801/2788295429] conn(0x7efe94038800 0x7efe9403acb0 unknown :-1 s=NONE pgs=0 cs=0 l=1 rev1=0 crypto rx=0 tx=0 comp rx=0 tx=0).connect
2023-07-08T14:32:47.572 INFO:teuthology.orchestra.run.smithi153.stdout:/usr/bin/ceph: stderr
2023-07-08T14:32:46.921+0000 7efe9f7fe700 1 -- 172.21.15.153:0/393389252 <== mon.0 v2:172.21.15.153:3300/0 5 ==== osd_map(3..3 src has 1..3) v4 ==== 1155+0+0 (secure 0 0 0) 0x7efea404c7e0 con 0x7efea807bdc0
2023-07-08T14:32:47.573 INFO:teuthology.orchestra.run.smithi153.stdout:/usr/bin/ceph: stderr
2023-07-08T14:32:46.922+0000 7efead88c700 1 --2- 172.21.15.153:0/393389252 >> [v2:172.21.15.153:6800/2788295429,v1:172.21.15.153:6801/2788295429] conn(0x7efe94038800 0x7efe9403acb0 unknown :-1 s=BANNER_CONNECTING pgs=0 cs=0 l=1 rev1=0 crypto rx=0 tx=0 comp rx=0 tx=0)._handle_peer_banner_payload supported=3 required=0
2023-07-08T14:32:47.573 INFO:teuthology.orchestra.run.smithi153.stdout:/usr/bin/ceph: stderr
2023-07-08T14:32:46.922+0000 7efead88c700 1 --2- 172.21.15.153:0/393389252 >> [v2:172.21.15.153:6800/2788295429,v1:172.21.15.153:6801/2788295429] conn(0x7efe94038800 0x7efe9403acb0 secure :-1 s=READY pgs=10 cs=0 l=1 rev1=1 crypto rx=0x7efe98006fd0 tx=0x7efe98006e40 comp rx=0 tx=0).ready entity=mgr.14152 client_cookie=0 server_cookie=0 in_seq=0 out_seq=0
2023-07-08T14:32:47.573 INFO:teuthology.orchestra.run.smithi153.stdout:/usr/bin/ceph: stderr
2023-07-08T14:32:46.926+0000 7efe9f7fe700 1 -- 172.21.15.153:0/393389252 <== mon.0 v2:172.21.15.153:3300/0 6 ==== mon_command_ack([{"prefix": "get_command_descriptions"}]=0 v0) v1 ==== 72+0+178008 (secure 0 0 0) 0x7efea4018350 con 0x7efea807bdc0
2023-07-08T14:32:47.573 INFO:teuthology.orchestra.run.smithi153.stdout:/usr/bin/ceph: stderr
2023-07-08T14:32:47.122+0000 7efeb02f1700 1 -- 172.21.15.153:0/393389252 --> [v2:172.21.15.153:3300/0,v1:172.21.15.153:6789/0] -- mon_command([{prefix=config set, name=osd_memory_target_autotune}] v 0) v1 -- 0x7efea8061b40 con 0x7efea807bdc0
2023-07-08T14:32:47.573 INFO:teuthology.orchestra.run.smithi153.stdout:/usr/bin/ceph: stderr
2023-07-08T14:32:47.122+0000 7efe9f7fe700 1 -- 172.21.15.153:0/393389252 <== mon.0 v2:172.21.15.153:3300/0 7 ==== mon_command_ack([{prefix=config set, name=osd_memory_target_autotune}]=0 v8)=0 v8) v1 ==== 127+0+0 (secure 0 0 0) 0x7efea4018350 con 0x7efea807bdc0
2023-07-08T14:32:47.573 INFO:teuthology.orchestra.run.smithi153.stdout:/usr/bin/ceph: stderr
2023-07-08T14:32:47.124+0000 7efeb02f1700 1 -- 172.21.15.153:0/393389252 >> [v2:172.21.15.153:6800/2788295429,v1:172.21.15.153:6801/2788295429] conn(0x7efe94038800 msgr2=0x7efe9403acb0 secure :-1 s=STATE_CONNECTION_ESTABLISHED l=1).mark_down
2023-07-08T14:32:47.573 INFO:teuthology.orchestra.run.smithi153.stdout:/usr/bin/ceph: stderr
2023-07-08T14:32:47.124+0000 7efeb02f1700 1 --2- 172.21.15.153:0/393389252 >> [v2:172.21.15.153:6800/2788295429,v1:172.21.15.153:6801/2788295429] conn(0x7efe94038800 0x7efe9403acb0 secure :-1 s=READY pgs=10 cs=0 l=1 rev1=1 crypto rx=0x7efe98006fd0 tx=0x7efe98006e40 comp rx=0 tx=0).stop
2023-07-08T14:32:47.574 INFO:teuthology.orchestra.run.smithi153.stdout:/usr/bin/ceph: stderr
2023-07-08T14:32:47.124+0000 7efeb02f1700 1 -- 172.21.15.153:0/393389252 >> [v2:172.21.15.153:3300/0,v1:172.21.15.153:6789/0] conn(0x7efea807bdc0 msgr2=0x7efea819b0d0 secure :-1 s=STATE_CONNECTION_ESTABLISHED l=1).mark_down
2023-07-08T14:32:47.574 INFO:teuthology.orchestra.run.smithi153.stdout:/usr/bin/ceph: stderr
2023-07-08T14:32:47.124+0000 7efeb02f1700 1 --2- 172.21.15.153:0/393389252 >> [v2:172.21.15.153:3300/0,v1:172.21.15.153:6789/0] conn(0x7efea807bdc0 0x7efea819b0d0 secure :-1 s=READY pgs=77 cs=0 l=1 rev1=1 crypto rx=0x7efea4006af0 tx=0x7efea4011e80 comp rx=0 tx=0).stop
2023-07-08T14:32:47.574 INFO:teuthology.orchestra.run.smithi153.stdout:/usr/bin/ceph: stderr
2023-07-08T14:32:47.124+0000 7efeb02f1700 1 -- 172.21.15.153:0/393389252 shutdown_connections
2023-07-08T14:32:47.574 INFO:teuthology.orchestra.run.smithi153.stdout:/usr/bin/ceph: stderr
2023-07-08T14:32:47.124+0000 7efeb02f1700 1 --2- 172.21.15.153:0/393389252 >> [v2:172.21.15.153:6800/2788295429,v1:172.21.15.153:6801/2788295429] conn(0x7efe94038800 0x7efe9403acb0 unknown :-1 s=CLOSED pgs=10 cs=0 l=1 rev1=1 crypto rx=0 tx=0 comp rx=0 tx=0).stop
2023-07-08T14:32:47.574 INFO:teuthology.orchestra.run.smithi153.stdout:/usr/bin/ceph: stderr
2023-07-08T14:32:47.124+0000 7efeb02f1700 1 --2- 172.21.15.153:0/393389252 >> [v2:172.21.15.153:3300/0,v1:172.21.15.153:6789/0] conn(0x7efea807bdc0 0x7efea819b0d0 unknown :-1 s=CLOSED pgs=77 cs=0 l=1 rev1=1 crypto rx=0 tx=0 comp rx=0 tx=0).stop
2023-07-08T14:32:47.574 INFO:teuthology.orchestra.run.smithi153.stdout:/usr/bin/ceph: stderr
2023-07-08T14:32:47.124+0000 7efeb02f1700 1 -- 172.21.15.153:0/393389252 >> 172.21.15.153:0/393389252 conn(0x7efea8100790 msgr2=0x7efea8102b40 unknown :-1 s=STATE_NONE l=0).mark_down
2023-07-08T14:32:47.574 INFO:teuthology.orchestra.run.smithi153.stdout:/usr/bin/ceph: stderr
2023-07-08T14:32:47.124+0000 7efeb02f1700 1 -- 172.21.15.153:0/393389252 shutdown_connections
2023-07-08T14:32:47.574 INFO:teuthology.orchestra.run.smithi153.stdout:/usr/bin/ceph: stderr
2023-07-08T14:32:47.124+0000 7efeb02f1700 1 -- 172.21.15.153:0/393389252 wait complete.
2023-07-08T14:32:47.826 INFO:journalctl@ceph.mon.a.smithi153.stdout:Jul 08 14:32:47 smithi153 ceph-mon[126351]: mgrmap e13: x(active, since 6s)
2023-07-08T14:32:48.845 INFO:teuthology.orchestra.run.smithi153.stdout:/usr/bin/ceph: stderr
2023-07-08T14:32:48.096+0000 7fa6a59f8700 1 Processor -- start
2023-07-08T14:32:48.845 INFO:teuthology.orchestra.run.smithi153.stdout:/usr/bin/ceph: stderr
2023-07-08T14:32:48.096+0000 7fa6a59f8700 1 -- start start
2023-07-08T14:32:48.845 INFO:teuthology.orchestra.run.smithi153.stdout:/usr/bin/ceph: stderr
2023-07-08T14:32:48.097+0000 7fa6a59f8700 1 --2- >> [v2:172.21.15.153:3300/0,v1:172.21.15.153:6789/0] conn(0x7fa6a007be00 0x7fa6a007a300 unknown :-1 s=NONE pgs=0 cs=0 l=0 rev1=0 crypto rx=0 tx=0 comp rx=0 tx=0).connect
2023-07-08T14:32:48.845 INFO:teuthology.orchestra.run.smithi153.stdout:/usr/bin/ceph: stderr
2023-07-08T14:32:48.097+0000 7fa6a59f8700 1 -- --> [v2:172.21.15.153:3300/0,v1:172.21.15.153:6789/0] -- mon_getmap magic: 0 v1 -- 0x7fa6a007a840 con 0x7fa6a007be00
2023-07-08T14:32:48.845 INFO:teuthology.orchestra.run.smithi153.stdout:/usr/bin/ceph: stderr
2023-07-08T14:32:48.097+0000 7fa69effd700 1 --2- >> [v2:172.21.15.153:3300/0,v1:172.21.15.153:6789/0] conn(0x7fa6a007be00 0x7fa6a007a300 unknown :-1 s=BANNER_CONNECTING pgs=0 cs=0 l=0 rev1=0 crypto rx=0 tx=0 comp rx=0 tx=0)._handle_peer_banner_payload supported=3 required=0
2023-07-08T14:32:48.845 INFO:teuthology.orchestra.run.smithi153.stdout:/usr/bin/ceph: stderr
2023-07-08T14:32:48.097+0000 7fa69effd700 1 --2- >> [v2:172.21.15.153:3300/0,v1:172.21.15.153:6789/0] conn(0x7fa6a007be00 0x7fa6a007a300 unknown :-1 s=HELLO_CONNECTING pgs=0 cs=0 l=0 rev1=1 crypto rx=0 tx=0 comp rx=0 tx=0).handle_hello peer v2:172.21.15.153:3300/0 says I am v2:172.21.15.153:48622/0 (socket says 172.21.15.153:48622)
2023-07-08T14:32:48.846 INFO:teuthology.orchestra.run.smithi153.stdout:/usr/bin/ceph: stderr
2023-07-08T14:32:48.097+0000 7fa69effd700 1 -- 172.21.15.153:0/1138359163 learned_addr learned my addr 172.21.15.153:0/1138359163 (peer_addr_for_me v2:172.21.15.153:0/0)
2023-07-08T14:32:48.846 INFO:teuthology.orchestra.run.smithi153.stdout:/usr/bin/ceph: stderr
2023-07-08T14:32:48.097+0000 7fa69effd700 1 -- 172.21.15.153:0/1138359163 --> [v2:172.21.15.153:3300/0,v1:172.21.15.153:6789/0] -- mon_subscribe({config=0+,monmap=0+}) v3 -- 0x7fa6a007a980 con 0x7fa6a007be00
2023-07-08T14:32:48.846 INFO:teuthology.orchestra.run.smithi153.stdout:/usr/bin/ceph: stderr
2023-07-08T14:32:48.098+0000 7fa69effd700 1 --2- 172.21.15.153:0/1138359163 >> [v2:172.21.15.153:3300/0,v1:172.21.15.153:6789/0] conn(0x7fa6a007be00 0x7fa6a007a300 secure :-1 s=READY pgs=78 cs=0 l=1 rev1=1 crypto rx=0x7fa6900098a0 tx=0x7fa690009bb0 comp rx=0 tx=0).ready entity=mon.0 client_cookie=ee428178677ddcdd server_cookie=0 in_seq=0 out_seq=0
2023-07-08T14:32:48.846 INFO:teuthology.orchestra.run.smithi153.stdout:/usr/bin/ceph: stderr
2023-07-08T14:32:48.098+0000 7fa69dffb700 1 -- 172.21.15.153:0/1138359163 <== mon.0 v2:172.21.15.153:3300/0 1 ==== mon_map magic: 0 v1 ==== 205+0+0 (secure 0 0 0) 0x7fa690004160 con 0x7fa6a007be00
2023-07-08T14:32:48.846 INFO:teuthology.orchestra.run.smithi153.stdout:/usr/bin/ceph: stderr
2023-07-08T14:32:48.098+0000 7fa69dffb700 1 -- 172.21.15.153:0/1138359163 <== mon.0 v2:172.21.15.153:3300/0 2 ==== config(25 keys) v1 ==== 1067+0+0 (secure 0 0 0) 0x7fa6900042c0 con 0x7fa6a007be00
2023-07-08T14:32:48.846 INFO:teuthology.orchestra.run.smithi153.stdout:/usr/bin/ceph: stderr
2023-07-08T14:32:48.098+0000 7fa69dffb700 1 -- 172.21.15.153:0/1138359163 <== mon.0 v2:172.21.15.153:3300/0 3 ==== mon_map magic: 0 v1 ==== 205+0+0 (secure 0 0 0) 0x7fa6900118e0 con 0x7fa6a007be00
2023-07-08T14:32:48.846 INFO:teuthology.orchestra.run.smithi153.stdout:/usr/bin/ceph: stderr
2023-07-08T14:32:48.098+0000 7fa6a59f8700 1 -- 172.21.15.153:0/1138359163 >> [v2:172.21.15.153:3300/0,v1:172.21.15.153:6789/0] conn(0x7fa6a007be00 msgr2=0x7fa6a007a300 secure :-1 s=STATE_CONNECTION_ESTABLISHED l=1).mark_down
2023-07-08T14:32:48.847 INFO:teuthology.orchestra.run.smithi153.stdout:/usr/bin/ceph: stderr
2023-07-08T14:32:48.098+0000 7fa6a59f8700 1 --2- 172.21.15.153:0/1138359163 >> [v2:172.21.15.153:3300/0,v1:172.21.15.153:6789/0] conn(0x7fa6a007be00 0x7fa6a007a300 secure :-1 s=READY pgs=78 cs=0 l=1 rev1=1 crypto rx=0x7fa6900098a0 tx=0x7fa690009bb0 comp rx=0 tx=0).stop
2023-07-08T14:32:48.847 INFO:teuthology.orchestra.run.smithi153.stdout:/usr/bin/ceph: stderr
2023-07-08T14:32:48.099+0000 7fa6a59f8700 1 -- 172.21.15.153:0/1138359163 shutdown_connections
2023-07-08T14:32:48.847 INFO:teuthology.orchestra.run.smithi153.stdout:/usr/bin/ceph: stderr
2023-07-08T14:32:48.099+0000 7fa6a59f8700 1 --2- 172.21.15.153:0/1138359163 >> [v2:172.21.15.153:3300/0,v1:172.21.15.153:6789/0] conn(0x7fa6a007be00 0x7fa6a007a300 unknown :-1 s=CLOSED pgs=78 cs=0 l=1 rev1=1 crypto rx=0 tx=0 comp rx=0 tx=0).stop
2023-07-08T14:32:48.847 INFO:teuthology.orchestra.run.smithi153.stdout:/usr/bin/ceph: stderr
2023-07-08T14:32:48.099+0000 7fa6a59f8700 1 -- 172.21.15.153:0/1138359163 >> 172.21.15.153:0/1138359163 conn(0x7fa6a0100790 msgr2=0x7fa6a0102ba0 unknown :-1 s=STATE_NONE l=0).mark_down
2023-07-08T14:32:48.847 INFO:teuthology.orchestra.run.smithi153.stdout:/usr/bin/ceph: stderr
2023-07-08T14:32:48.099+0000 7fa6a59f8700 1 -- 172.21.15.153:0/1138359163 shutdown_connections
2023-07-08T14:32:48.847 INFO:teuthology.orchestra.run.smithi153.stdout:/usr/bin/ceph: stderr
2023-07-08T14:32:48.099+0000 7fa6a59f8700 1 -- 172.21.15.153:0/1138359163 wait complete.
2023-07-08T14:32:48.847 INFO:teuthology.orchestra.run.smithi153.stdout:/usr/bin/ceph: stderr
2023-07-08T14:32:48.100+0000 7fa6a59f8700 1 Processor -- start
2023-07-08T14:32:48.848 INFO:teuthology.orchestra.run.smithi153.stdout:/usr/bin/ceph: stderr
2023-07-08T14:32:48.100+0000 7fa6a59f8700 1 -- start start
2023-07-08T14:32:48.848 INFO:teuthology.orchestra.run.smithi153.stdout:/usr/bin/ceph: stderr
2023-07-08T14:32:48.100+0000 7fa6a59f8700 1 --2- >> [v2:172.21.15.153:3300/0,v1:172.21.15.153:6789/0] conn(0x7fa6a007be00 0x7fa6a019b0d0 unknown :-1 s=NONE pgs=0 cs=0 l=1 rev1=0 crypto rx=0 tx=0 comp rx=0 tx=0).connect
2023-07-08T14:32:48.848 INFO:teuthology.orchestra.run.smithi153.stdout:/usr/bin/ceph: stderr
2023-07-08T14:32:48.100+0000 7fa6a59f8700 1 -- --> [v2:172.21.15.153:3300/0,v1:172.21.15.153:6789/0] -- mon_getmap magic: 0 v1 -- 0x7fa6a019b610 con 0x7fa6a007be00
2023-07-08T14:32:48.848 INFO:teuthology.orchestra.run.smithi153.stdout:/usr/bin/ceph: stderr
2023-07-08T14:32:48.100+0000 7fa69effd700 1 --2- >> [v2:172.21.15.153:3300/0,v1:172.21.15.153:6789/0] conn(0x7fa6a007be00 0x7fa6a019b0d0 unknown :-1 s=BANNER_CONNECTING pgs=0 cs=0 l=1 rev1=0 crypto rx=0 tx=0 comp rx=0 tx=0)._handle_peer_banner_payload supported=3 required=0
2023-07-08T14:32:48.848 INFO:teuthology.orchestra.run.smithi153.stdout:/usr/bin/ceph: stderr
2023-07-08T14:32:48.100+0000 7fa69effd700 1 --2- >> [v2:172.21.15.153:3300/0,v1:172.21.15.153:6789/0] conn(0x7fa6a007be00 0x7fa6a019b0d0 unknown :-1 s=HELLO_CONNECTING pgs=0 cs=0 l=1 rev1=1 crypto rx=0 tx=0 comp rx=0 tx=0).handle_hello peer v2:172.21.15.153:3300/0 says I am v2:172.21.15.153:48632/0 (socket says 172.21.15.153:48632)
2023-07-08T14:32:48.848 INFO:teuthology.orchestra.run.smithi153.stdout:/usr/bin/ceph: stderr
2023-07-08T14:32:48.100+0000 7fa69effd700 1 -- 172.21.15.153:0/3861612649 learned_addr learned my addr 172.21.15.153:0/3861612649 (peer_addr_for_me v2:172.21.15.153:0/0)
2023-07-08T14:32:48.848 INFO:teuthology.orchestra.run.smithi153.stdout:/usr/bin/ceph: stderr
2023-07-08T14:32:48.101+0000 7fa69effd700 1 -- 172.21.15.153:0/3861612649 --> [v2:172.21.15.153:3300/0,v1:172.21.15.153:6789/0] -- mon_subscribe({config=0+,monmap=0+}) v3 -- 0x7fa690009550 con 0x7fa6a007be00
2023-07-08T14:32:48.848 INFO:teuthology.orchestra.run.smithi153.stdout:/usr/bin/ceph: stderr
2023-07-08T14:32:48.101+0000 7fa69effd700 1 --2- 172.21.15.153:0/3861612649 >> [v2:172.21.15.153:3300/0,v1:172.21.15.153:6789/0] conn(0x7fa6a007be00 0x7fa6a019b0d0 secure :-1 s=READY pgs=79 cs=0 l=1 rev1=1 crypto rx=0x7fa690000c00 tx=0x7fa690011a10 comp rx=0 tx=0).ready entity=mon.0 client_cookie=0 server_cookie=0 in_seq=0 out_seq=0
2023-07-08T14:32:48.849 INFO:teuthology.orchestra.run.smithi153.stdout:/usr/bin/ceph: stderr
2023-07-08T14:32:48.101+0000 7fa6a49f6700 1 -- 172.21.15.153:0/3861612649 <== mon.0 v2:172.21.15.153:3300/0 1 ==== mon_map magic: 0 v1 ==== 205+0+0 (secure 0 0 0) 0x7fa6900036a0 con 0x7fa6a007be00
2023-07-08T14:32:48.849 INFO:teuthology.orchestra.run.smithi153.stdout:/usr/bin/ceph: stderr
2023-07-08T14:32:48.101+0000 7fa6a49f6700 1 -- 172.21.15.153:0/3861612649 <== mon.0 v2:172.21.15.153:3300/0 2 ==== config(25 keys) v1 ==== 1067+0+0 (secure 0 0 0) 0x7fa69001b440 con 0x7fa6a007be00
2023-07-08T14:32:48.849 INFO:teuthology.orchestra.run.smithi153.stdout:/usr/bin/ceph: stderr
2023-07-08T14:32:48.101+0000 7fa6a59f8700 1 -- 172.21.15.153:0/3861612649 --> [v2:172.21.15.153:3300/0,v1:172.21.15.153:6789/0] -- mon_subscribe({mgrmap=0+}) v3 -- 0x7fa6a019b810 con 0x7fa6a007be00
2023-07-08T14:32:48.849 INFO:teuthology.orchestra.run.smithi153.stdout:/usr/bin/ceph: stderr
2023-07-08T14:32:48.101+0000 7fa6a49f6700 1 -- 172.21.15.153:0/3861612649 <== mon.0 v2:172.21.15.153:3300/0 3 ==== mon_map magic: 0 v1 ==== 205+0+0 (secure 0 0 0) 0x7fa6900193f0 con 0x7fa6a007be00
2023-07-08T14:32:48.849 INFO:teuthology.orchestra.run.smithi153.stdout:/usr/bin/ceph: stderr
2023-07-08T14:32:48.101+0000 7fa6a59f8700 1 -- 172.21.15.153:0/3861612649 --> [v2:172.21.15.153:3300/0,v1:172.21.15.153:6789/0] -- mon_subscribe({osdmap=0}) v3 -- 0x7fa6a019bc30 con 0x7fa6a007be00
2023-07-08T14:32:48.849 INFO:teuthology.orchestra.run.smithi153.stdout:/usr/bin/ceph: stderr
2023-07-08T14:32:48.102+0000 7fa6a49f6700 1 -- 172.21.15.153:0/3861612649 <== mon.0 v2:172.21.15.153:3300/0 4 ==== mgrmap(e 13) v1 ==== 45540+0+0 (secure 0 0 0) 0x7fa69001b5b0 con 0x7fa6a007be00
2023-07-08T14:32:48.849 INFO:teuthology.orchestra.run.smithi153.stdout:/usr/bin/ceph: stderr
2023-07-08T14:32:48.102+0000 7fa6a59f8700 1 -- 172.21.15.153:0/3861612649 --> [v2:172.21.15.153:3300/0,v1:172.21.15.153:6789/0] -- mon_command({"prefix": "get_command_descriptions"} v 0) v1 -- 0x7fa6a01950b0 con 0x7fa6a007be00
2023-07-08T14:32:48.850 INFO:teuthology.orchestra.run.smithi153.stdout:/usr/bin/ceph: stderr
2023-07-08T14:32:48.103+0000 7fa6a49f6700 1 --2- 172.21.15.153:0/3861612649 >> [v2:172.21.15.153:6800/2788295429,v1:172.21.15.153:6801/2788295429] conn(0x7fa688038850 0x7fa68803ad00 unknown :-1 s=NONE pgs=0 cs=0 l=1 rev1=0 crypto rx=0 tx=0 comp rx=0 tx=0).connect
2023-07-08T14:32:48.850 INFO:teuthology.orchestra.run.smithi153.stdout:/usr/bin/ceph: stderr
2023-07-08T14:32:48.103+0000 7fa6a49f6700 1 -- 172.21.15.153:0/3861612649 <== mon.0 v2:172.21.15.153:3300/0 5 ==== osd_map(3..3 src has 1..3) v4 ==== 1155+0+0 (secure 0 0 0) 0x7fa69004c8a0 con 0x7fa6a007be00
2023-07-08T14:32:48.850 INFO:teuthology.orchestra.run.smithi153.stdout:/usr/bin/ceph: stderr
2023-07-08T14:32:48.103+0000 7fa69e7fc700 1 --2- 172.21.15.153:0/3861612649 >> [v2:172.21.15.153:6800/2788295429,v1:172.21.15.153:6801/2788295429] conn(0x7fa688038850 0x7fa68803ad00 unknown :-1 s=BANNER_CONNECTING pgs=0 cs=0 l=1 rev1=0 crypto rx=0 tx=0 comp rx=0 tx=0)._handle_peer_banner_payload supported=3 required=0
2023-07-08T14:32:48.850 INFO:teuthology.orchestra.run.smithi153.stdout:/usr/bin/ceph: stderr
2023-07-08T14:32:48.104+0000 7fa69e7fc700 1 --2- 172.21.15.153:0/3861612649 >> [v2:172.21.15.153:6800/2788295429,v1:172.21.15.153:6801/2788295429] conn(0x7fa688038850 0x7fa68803ad00 secure :-1 s=READY pgs=11 cs=0 l=1 rev1=1 crypto rx=0x7fa694006fd0 tx=0x7fa694006e40 comp rx=0 tx=0).ready entity=mgr.14152 client_cookie=0 server_cookie=0 in_seq=0 out_seq=0
2023-07-08T14:32:48.850 INFO:teuthology.orchestra.run.smithi153.stdout:/usr/bin/ceph: stderr
2023-07-08T14:32:48.108+0000 7fa6a49f6700 1 -- 172.21.15.153:0/3861612649 <== mon.0 v2:172.21.15.153:3300/0 6 ==== mon_command_ack([{"prefix": "get_command_descriptions"}]=0 v0) v1 ==== 72+0+178008 (secure 0 0 0) 0x7fa690022be0 con 0x7fa6a007be00
2023-07-08T14:32:48.850 INFO:teuthology.orchestra.run.smithi153.stdout:/usr/bin/ceph: stderr
2023-07-08T14:32:48.407+0000 7fa6a59f8700 1 -- 172.21.15.153:0/3861612649 --> [v2:172.21.15.153:3300/0,v1:172.21.15.153:6789/0] -- mon_command([{prefix=config-key set, key=mgr/dashboard/cluster/status}] v 0) v1 -- 0x7fa6a002c850 con 0x7fa6a007be00
2023-07-08T14:32:48.850 INFO:teuthology.orchestra.run.smithi153.stdout:/usr/bin/ceph: stderr
2023-07-08T14:32:48.409+0000 7fa6a49f6700 1 -- 172.21.15.153:0/3861612649 <== mon.0 v2:172.21.15.153:3300/0 7 ==== mon_command_ack([{prefix=config-key set, key=mgr/dashboard/cluster/status}]=0 set mgr/dashboard/cluster/status v28)=0 set mgr/dashboard/cluster/status v28) v1 ==== 153+0+0 (secure 0 0 0) 0x7fa69001f070 con 0x7fa6a007be00
2023-07-08T14:32:48.851 INFO:teuthology.orchestra.run.smithi153.stdout:/usr/bin/ceph: stderr
2023-07-08T14:32:48.411+0000 7fa6a59f8700 1 -- 172.21.15.153:0/3861612649 >> [v2:172.21.15.153:6800/2788295429,v1:172.21.15.153:6801/2788295429] conn(0x7fa688038850 msgr2=0x7fa68803ad00 secure :-1 s=STATE_CONNECTION_ESTABLISHED l=1).mark_down
2023-07-08T14:32:48.851 INFO:teuthology.orchestra.run.smithi153.stdout:/usr/bin/ceph: stderr
2023-07-08T14:32:48.411+0000 7fa6a59f8700 1 --2- 172.21.15.153:0/3861612649 >> [v2:172.21.15.153:6800/2788295429,v1:172.21.15.153:6801/2788295429] conn(0x7fa688038850 0x7fa68803ad00 secure :-1 s=READY pgs=11 cs=0 l=1 rev1=1 crypto rx=0x7fa694006fd0 tx=0x7fa694006e40 comp rx=0 tx=0).stop
2023-07-08T14:32:48.851 INFO:teuthology.orchestra.run.smithi153.stdout:/usr/bin/ceph: stderr
2023-07-08T14:32:48.411+0000 7fa6a59f8700 1 -- 172.21.15.153:0/3861612649 >> [v2:172.21.15.153:3300/0,v1:172.21.15.153:6789/0] conn(0x7fa6a007be00 msgr2=0x7fa6a019b0d0 secure :-1 s=STATE_CONNECTION_ESTABLISHED l=1).mark_down
2023-07-08T14:32:48.851 INFO:teuthology.orchestra.run.smithi153.stdout:/usr/bin/ceph: stderr
2023-07-08T14:32:48.411+0000 7fa6a59f8700 1 --2- 172.21.15.153:0/3861612649 >> [v2:172.21.15.153:3300/0,v1:172.21.15.153:6789/0] conn(0x7fa6a007be00 0x7fa6a019b0d0 secure :-1 s=READY pgs=79 cs=0 l=1 rev1=1 crypto rx=0x7fa690000c00 tx=0x7fa690011a10 comp rx=0 tx=0).stop
2023-07-08T14:32:48.851 INFO:teuthology.orchestra.run.smithi153.stdout:/usr/bin/ceph: stderr
2023-07-08T14:32:48.412+0000 7fa6a59f8700 1 -- 172.21.15.153:0/3861612649 shutdown_connections
2023-07-08T14:32:48.851 INFO:teuthology.orchestra.run.smithi153.stdout:/usr/bin/ceph: stderr
2023-07-08T14:32:48.412+0000 7fa6a59f8700 1 --2- 172.21.15.153:0/3861612649 >> [v2:172.21.15.153:6800/2788295429,v1:172.21.15.153:6801/2788295429] conn(0x7fa688038850 0x7fa68803ad00 unknown :-1 s=CLOSED pgs=11 cs=0 l=1 rev1=1 crypto rx=0 tx=0 comp rx=0 tx=0).stop
2023-07-08T14:32:48.851 INFO:teuthology.orchestra.run.smithi153.stdout:/usr/bin/ceph: stderr
2023-07-08T14:32:48.412+0000 7fa6a59f8700 1 --2- 172.21.15.153:0/3861612649 >> [v2:172.21.15.153:3300/0,v1:172.21.15.153:6789/0] conn(0x7fa6a007be00 0x7fa6a019b0d0 unknown :-1 s=CLOSED pgs=79 cs=0 l=1 rev1=1 crypto rx=0 tx=0 comp rx=0 tx=0).stop
2023-07-08T14:32:48.851 INFO:teuthology.orchestra.run.smithi153.stdout:/usr/bin/ceph: stderr
2023-07-08T14:32:48.412+0000 7fa6a59f8700 1 -- 172.21.15.153:0/3861612649 >> 172.21.15.153:0/3861612649 conn(0x7fa6a0100790 msgr2=0x7fa6a0101f10 unknown :-1 s=STATE_NONE l=0).mark_down
2023-07-08T14:32:48.852 INFO:teuthology.orchestra.run.smithi153.stdout:/usr/bin/ceph: stderr
2023-07-08T14:32:48.412+0000 7fa6a59f8700 1 -- 172.21.15.153:0/3861612649 shutdown_connections
2023-07-08T14:32:48.852 INFO:teuthology.orchestra.run.smithi153.stdout:/usr/bin/ceph: stderr
2023-07-08T14:32:48.412+0000 7fa6a59f8700 1 -- 172.21.15.153:0/3861612649 wait complete.
2023-07-08T14:32:48.852 INFO:teuthology.orchestra.run.smithi153.stdout:/usr/bin/ceph: stderr set mgr/dashboard/cluster/status
2023-07-08T14:32:48.852 INFO:teuthology.orchestra.run.smithi153.stdout:You can access the Ceph CLI as following in case of multi-cluster or non-default config:
2023-07-08T14:32:48.852 INFO:teuthology.orchestra.run.smithi153.stdout:
2023-07-08T14:32:48.852 INFO:teuthology.orchestra.run.smithi153.stdout: sudo /home/ubuntu/cephtest/cephadm shell --fsid fc6d0402-1d9b-11ee-9b31-001a4aab830c -c /etc/ceph/ceph.conf -k /etc/ceph/ceph.client.admin.keyring
2023-07-08T14:32:48.852 INFO:teuthology.orchestra.run.smithi153.stdout:
2023-07-08T14:32:48.853 INFO:teuthology.orchestra.run.smithi153.stdout:Or, if you are only running a single cluster on this host:
2023-07-08T14:32:48.853 INFO:teuthology.orchestra.run.smithi153.stdout:
2023-07-08T14:32:48.853 INFO:teuthology.orchestra.run.smithi153.stdout: sudo /home/ubuntu/cephtest/cephadm shell
2023-07-08T14:32:48.853 INFO:teuthology.orchestra.run.smithi153.stdout:
2023-07-08T14:32:48.853 INFO:teuthology.orchestra.run.smithi153.stdout:Please consider enabling telemetry to help improve Ceph:
2023-07-08T14:32:48.853 INFO:teuthology.orchestra.run.smithi153.stdout:
2023-07-08T14:32:48.853 INFO:teuthology.orchestra.run.smithi153.stdout: ceph telemetry on
2023-07-08T14:32:48.853 INFO:teuthology.orchestra.run.smithi153.stdout:
2023-07-08T14:32:48.854 INFO:teuthology.orchestra.run.smithi153.stdout:For more information see:
2023-07-08T14:32:48.854 INFO:teuthology.orchestra.run.smithi153.stdout:
2023-07-08T14:32:48.854 INFO:teuthology.orchestra.run.smithi153.stdout: https://docs.ceph.com/en/latest/mgr/telemetry/
2023-07-08T14:32:48.854 INFO:teuthology.orchestra.run.smithi153.stdout:
2023-07-08T14:32:48.854 INFO:teuthology.orchestra.run.smithi153.stdout:Bootstrap complete.
2023-07-08T14:32:48.902 INFO:tasks.cephadm:Fetching config...
2023-07-08T14:32:48.902 DEBUG:teuthology.orchestra.run.smithi153:> set -ex
2023-07-08T14:32:48.903 DEBUG:teuthology.orchestra.run.smithi153:> dd if=/etc/ceph/ceph.conf of=/dev/stdout
2023-07-08T14:32:48.945 INFO:tasks.cephadm:Fetching client.admin keyring...
2023-07-08T14:32:48.945 DEBUG:teuthology.orchestra.run.smithi153:> set -ex
2023-07-08T14:32:48.946 DEBUG:teuthology.orchestra.run.smithi153:> dd if=/etc/ceph/ceph.client.admin.keyring of=/dev/stdout
2023-07-08T14:32:49.029 INFO:tasks.cephadm:Fetching mon keyring...
2023-07-08T14:32:49.029 DEBUG:teuthology.orchestra.run.smithi153:> set -ex
2023-07-08T14:32:49.029 DEBUG:teuthology.orchestra.run.smithi153:> sudo dd if=/var/lib/ceph/fc6d0402-1d9b-11ee-9b31-001a4aab830c/mon.a/keyring of=/dev/stdout
2023-07-08T14:32:49.138 INFO:tasks.cephadm:Fetching pub ssh key...
2023-07-08T14:32:49.138 DEBUG:teuthology.orchestra.run.smithi153:> set -ex
2023-07-08T14:32:49.139 DEBUG:teuthology.orchestra.run.smithi153:> dd if=/home/ubuntu/cephtest/ceph.pub of=/dev/stdout
2023-07-08T14:32:49.223 INFO:tasks.cephadm:Installing pub ssh key for root users...
2023-07-08T14:32:49.223 DEBUG:teuthology.orchestra.run.smithi153:> sudo install -d -m 0700 /root/.ssh && echo 'ssh-rsa AAAAB3NzaC1yc2EAAAADAQABAAABgQCaIBrqBNBK+SnPp2QWT0dm++jz2fyNHOnSEpfwi9+v8pJL+5YWygBPMgUwwUzlKYaMxOLXkTmJcroD5s+xqeEyR7YHV7EpMFbQVYukrcqiBMmFfPlcRJZnxJi/5/jhNRX3csZRaNUH9tbQueBWQJ5ILe1qpZP9+TtFkBY2XhwX4JuwZvWNijmicCiZWwz12F2dubtAeMJLUg/XvrzELpw+pdBQMFMfK3/fxcagfDgJ/g9zMT+4HQgT7Gx6GKEJn5hdUdxujNhNyIhiNc+JXgzuXrfWdDDZThN2pHDpslsxSMxN+b5Lr1945Jj5xm/8QUifs1at+GaQseqS+WjJ90iwxSfo1t0R0TwSowyrQWJCCbJRtKv7J9hFOCsJUmFLGk2cLsLsPEQQLT9G1N25G8JJvU4Owup+kEueK6tMolWKqUSqmALhBLQ1w4oAV9tGUPLke7Osjbf76NLFZK+8p2e+UV5+6irFYm1Icm5QEznQ4y4Zl2Lt0825mj4VNOo5GDU= ceph-fc6d0402-1d9b-11ee-9b31-001a4aab830c' | sudo tee -a /root/.ssh/authorized_keys && sudo chmod 0600 /root/.ssh/authorized_keys
2023-07-08T14:32:49.359 INFO:teuthology.orchestra.run.smithi153.stdout:ssh-rsa AAAAB3NzaC1yc2EAAAADAQABAAABgQCaIBrqBNBK+SnPp2QWT0dm++jz2fyNHOnSEpfwi9+v8pJL+5YWygBPMgUwwUzlKYaMxOLXkTmJcroD5s+xqeEyR7YHV7EpMFbQVYukrcqiBMmFfPlcRJZnxJi/5/jhNRX3csZRaNUH9tbQueBWQJ5ILe1qpZP9+TtFkBY2XhwX4JuwZvWNijmicCiZWwz12F2dubtAeMJLUg/XvrzELpw+pdBQMFMfK3/fxcagfDgJ/g9zMT+4HQgT7Gx6GKEJn5hdUdxujNhNyIhiNc+JXgzuXrfWdDDZThN2pHDpslsxSMxN+b5Lr1945Jj5xm/8QUifs1at+GaQseqS+WjJ90iwxSfo1t0R0TwSowyrQWJCCbJRtKv7J9hFOCsJUmFLGk2cLsLsPEQQLT9G1N25G8JJvU4Owup+kEueK6tMolWKqUSqmALhBLQ1w4oAV9tGUPLke7Osjbf76NLFZK+8p2e+UV5+6irFYm1Icm5QEznQ4y4Zl2Lt0825mj4VNOo5GDU= ceph-fc6d0402-1d9b-11ee-9b31-001a4aab830c
2023-07-08T14:32:49.392 DEBUG:teuthology.orchestra.run.smithi156:> sudo install -d -m 0700 /root/.ssh && echo 'ssh-rsa AAAAB3NzaC1yc2EAAAADAQABAAABgQCaIBrqBNBK+SnPp2QWT0dm++jz2fyNHOnSEpfwi9+v8pJL+5YWygBPMgUwwUzlKYaMxOLXkTmJcroD5s+xqeEyR7YHV7EpMFbQVYukrcqiBMmFfPlcRJZnxJi/5/jhNRX3csZRaNUH9tbQueBWQJ5ILe1qpZP9+TtFkBY2XhwX4JuwZvWNijmicCiZWwz12F2dubtAeMJLUg/XvrzELpw+pdBQMFMfK3/fxcagfDgJ/g9zMT+4HQgT7Gx6GKEJn5hdUdxujNhNyIhiNc+JXgzuXrfWdDDZThN2pHDpslsxSMxN+b5Lr1945Jj5xm/8QUifs1at+GaQseqS+WjJ90iwxSfo1t0R0TwSowyrQWJCCbJRtKv7J9hFOCsJUmFLGk2cLsLsPEQQLT9G1N25G8JJvU4Owup+kEueK6tMolWKqUSqmALhBLQ1w4oAV9tGUPLke7Osjbf76NLFZK+8p2e+UV5+6irFYm1Icm5QEznQ4y4Zl2Lt0825mj4VNOo5GDU= ceph-fc6d0402-1d9b-11ee-9b31-001a4aab830c' | sudo tee -a /root/.ssh/authorized_keys && sudo chmod 0600 /root/.ssh/authorized_keys
2023-07-08T14:32:49.494 INFO:teuthology.orchestra.run.smithi156.stdout:ssh-rsa AAAAB3NzaC1yc2EAAAADAQABAAABgQCaIBrqBNBK+SnPp2QWT0dm++jz2fyNHOnSEpfwi9+v8pJL+5YWygBPMgUwwUzlKYaMxOLXkTmJcroD5s+xqeEyR7YHV7EpMFbQVYukrcqiBMmFfPlcRJZnxJi/5/jhNRX3csZRaNUH9tbQueBWQJ5ILe1qpZP9+TtFkBY2XhwX4JuwZvWNijmicCiZWwz12F2dubtAeMJLUg/XvrzELpw+pdBQMFMfK3/fxcagfDgJ/g9zMT+4HQgT7Gx6GKEJn5hdUdxujNhNyIhiNc+JXgzuXrfWdDDZThN2pHDpslsxSMxN+b5Lr1945Jj5xm/8QUifs1at+GaQseqS+WjJ90iwxSfo1t0R0TwSowyrQWJCCbJRtKv7J9hFOCsJUmFLGk2cLsLsPEQQLT9G1N25G8JJvU4Owup+kEueK6tMolWKqUSqmALhBLQ1w4oAV9tGUPLke7Osjbf76NLFZK+8p2e+UV5+6irFYm1Icm5QEznQ4y4Zl2Lt0825mj4VNOo5GDU= ceph-fc6d0402-1d9b-11ee-9b31-001a4aab830c
2023-07-08T14:32:49.524 DEBUG:teuthology.orchestra.run.smithi167:> sudo install -d -m 0700 /root/.ssh && echo 'ssh-rsa AAAAB3NzaC1yc2EAAAADAQABAAABgQCaIBrqBNBK+SnPp2QWT0dm++jz2fyNHOnSEpfwi9+v8pJL+5YWygBPMgUwwUzlKYaMxOLXkTmJcroD5s+xqeEyR7YHV7EpMFbQVYukrcqiBMmFfPlcRJZnxJi/5/jhNRX3csZRaNUH9tbQueBWQJ5ILe1qpZP9+TtFkBY2XhwX4JuwZvWNijmicCiZWwz12F2dubtAeMJLUg/XvrzELpw+pdBQMFMfK3/fxcagfDgJ/g9zMT+4HQgT7Gx6GKEJn5hdUdxujNhNyIhiNc+JXgzuXrfWdDDZThN2pHDpslsxSMxN+b5Lr1945Jj5xm/8QUifs1at+GaQseqS+WjJ90iwxSfo1t0R0TwSowyrQWJCCbJRtKv7J9hFOCsJUmFLGk2cLsLsPEQQLT9G1N25G8JJvU4Owup+kEueK6tMolWKqUSqmALhBLQ1w4oAV9tGUPLke7Osjbf76NLFZK+8p2e+UV5+6irFYm1Icm5QEznQ4y4Zl2Lt0825mj4VNOo5GDU= ceph-fc6d0402-1d9b-11ee-9b31-001a4aab830c' | sudo tee -a /root/.ssh/authorized_keys && sudo chmod 0600 /root/.ssh/authorized_keys
2023-07-08T14:32:49.626 INFO:teuthology.orchestra.run.smithi167.stdout:ssh-rsa AAAAB3NzaC1yc2EAAAADAQABAAABgQCaIBrqBNBK+SnPp2QWT0dm++jz2fyNHOnSEpfwi9+v8pJL+5YWygBPMgUwwUzlKYaMxOLXkTmJcroD5s+xqeEyR7YHV7EpMFbQVYukrcqiBMmFfPlcRJZnxJi/5/jhNRX3csZRaNUH9tbQueBWQJ5ILe1qpZP9+TtFkBY2XhwX4JuwZvWNijmicCiZWwz12F2dubtAeMJLUg/XvrzELpw+pdBQMFMfK3/fxcagfDgJ/g9zMT+4HQgT7Gx6GKEJn5hdUdxujNhNyIhiNc+JXgzuXrfWdDDZThN2pHDpslsxSMxN+b5Lr1945Jj5xm/8QUifs1at+GaQseqS+WjJ90iwxSfo1t0R0TwSowyrQWJCCbJRtKv7J9hFOCsJUmFLGk2cLsLsPEQQLT9G1N25G8JJvU4Owup+kEueK6tMolWKqUSqmALhBLQ1w4oAV9tGUPLke7Osjbf76NLFZK+8p2e+UV5+6irFYm1Icm5QEznQ4y4Zl2Lt0825mj4VNOo5GDU= ceph-fc6d0402-1d9b-11ee-9b31-001a4aab830c
2023-07-08T14:32:49.656 DEBUG:teuthology.orchestra.run.smithi153:> sudo /home/ubuntu/cephtest/cephadm --image quay-quay-quay.apps.os.sepia.ceph.com/ceph-ci/ceph:9fe24c2117bc626d0428fd68cdfa2e5aa8163d27 shell -c /etc/ceph/ceph.conf -k /etc/ceph/ceph.client.admin.keyring --fsid fc6d0402-1d9b-11ee-9b31-001a4aab830c -- ceph config set mgr mgr/cephadm/allow_ptrace true
2023-07-08T14:32:49.717 INFO:journalctl@ceph.mon.a.smithi153.stdout:Jul 08 14:32:49 smithi153 ceph-mon[126351]: from='client.? 172.21.15.153:0/3861612649' entity='client.admin'
2023-07-08T14:32:50.544 INFO:teuthology.orchestra.run.smithi153.stderr:Inferring config /var/lib/ceph/fc6d0402-1d9b-11ee-9b31-001a4aab830c/mon.a/config
