2023-07-09T02:13:53.396+0000 7f2833fff700 1 --2- >> [v2:172.21.15.12:3300/0,v1:172.21.15.12:6789/0] conn(0x7f283407a2e0 0x7f283407a6f0 unknown :-1 s=HELLO_CONNECTING pgs=0 cs=0 l=0 rev1=1 crypto rx=0 tx=0 comp rx=0 tx=0).handle_hello peer v2:172.21.15.12:3300/0 says I am v2:172.21.15.12:37482/0 (socket says 172.21.15.12:37482)
2023-07-09T02:13:53.929 INFO:teuthology.orchestra.run.smithi012.stdout:/usr/bin/ceph: stderr
2023-07-09T02:13:53.396+0000 7f2833fff700 1 -- 172.21.15.12:0/3397504898 learned_addr learned my addr 172.21.15.12:0/3397504898 (peer_addr_for_me v2:172.21.15.12:0/0)
2023-07-09T02:13:53.930 INFO:teuthology.orchestra.run.smithi012.stdout:/usr/bin/ceph: stderr
2023-07-09T02:13:53.396+0000 7f2833fff700 1 -- 172.21.15.12:0/3397504898 --> [v2:172.21.15.12:3300/0,v1:172.21.15.12:6789/0] -- mon_subscribe({config=0+,monmap=0+}) v3 -- 0x7f283407ad70 con 0x7f283407a2e0
2023-07-09T02:13:53.930 INFO:teuthology.orchestra.run.smithi012.stdout:/usr/bin/ceph: stderr
2023-07-09T02:13:53.396+0000 7f2833fff700 1 --2- 172.21.15.12:0/3397504898 >> [v2:172.21.15.12:3300/0,v1:172.21.15.12:6789/0] conn(0x7f283407a2e0 0x7f283407a6f0 secure :-1 s=READY pgs=14 cs=0 l=1 rev1=1 crypto rx=0x7f28240098a0 tx=0x7f2824009bb0 comp rx=0 tx=0).ready entity=mon.0 client_cookie=bdb4ea686a420b7d server_cookie=0 in_seq=0 out_seq=0
2023-07-09T02:13:53.930 INFO:teuthology.orchestra.run.smithi012.stdout:/usr/bin/ceph: stderr
2023-07-09T02:13:53.396+0000 7f2832ffd700 1 -- 172.21.15.12:0/3397504898 <== mon.0 v2:172.21.15.12:3300/0 1 ==== mon_map magic: 0 v1 ==== 205+0+0 (secure 0 0 0) 0x7f2824004160 con 0x7f283407a2e0
2023-07-09T02:13:53.930 INFO:teuthology.orchestra.run.smithi012.stdout:/usr/bin/ceph: stderr
2023-07-09T02:13:53.396+0000 7f2832ffd700 1 -- 172.21.15.12:0/3397504898 <== mon.0 v2:172.21.15.12:3300/0 2 ==== config(26 keys) v1 ==== 1070+0+0 (secure 0 0 0) 0x7f28240042c0 con 0x7f283407a2e0
2023-07-09T02:13:53.930 INFO:teuthology.orchestra.run.smithi012.stdout:/usr/bin/ceph: stderr
2023-07-09T02:13:53.396+0000 7f2832ffd700 1 -- 172.21.15.12:0/3397504898 <== mon.0 v2:172.21.15.12:3300/0 3 ==== mon_map magic: 0 v1 ==== 205+0+0 (secure 0 0 0) 0x7f2824011a50 con 0x7f283407a2e0
2023-07-09T02:13:53.930 INFO:teuthology.orchestra.run.smithi012.stdout:/usr/bin/ceph: stderr
2023-07-09T02:13:53.397+0000 7f283a3f9700 1 -- 172.21.15.12:0/3397504898 >> [v2:172.21.15.12:3300/0,v1:172.21.15.12:6789/0] conn(0x7f283407a2e0 msgr2=0x7f283407a6f0 secure :-1 s=STATE_CONNECTION_ESTABLISHED l=1).mark_down
2023-07-09T02:13:53.930 INFO:teuthology.orchestra.run.smithi012.stdout:/usr/bin/ceph: stderr
2023-07-09T02:13:53.397+0000 7f283a3f9700 1 --2- 172.21.15.12:0/3397504898 >> [v2:172.21.15.12:3300/0,v1:172.21.15.12:6789/0] conn(0x7f283407a2e0 0x7f283407a6f0 secure :-1 s=READY pgs=14 cs=0 l=1 rev1=1 crypto rx=0x7f28240098a0 tx=0x7f2824009bb0 comp rx=0 tx=0).stop
2023-07-09T02:13:53.930 INFO:teuthology.orchestra.run.smithi012.stdout:/usr/bin/ceph: stderr
2023-07-09T02:13:53.397+0000 7f283a3f9700 1 -- 172.21.15.12:0/3397504898 shutdown_connections
2023-07-09T02:13:53.931 INFO:teuthology.orchestra.run.smithi012.stdout:/usr/bin/ceph: stderr
2023-07-09T02:13:53.397+0000 7f283a3f9700 1 --2- 172.21.15.12:0/3397504898 >> [v2:172.21.15.12:3300/0,v1:172.21.15.12:6789/0] conn(0x7f283407a2e0 0x7f283407a6f0 unknown :-1 s=CLOSED pgs=14 cs=0 l=1 rev1=1 crypto rx=0 tx=0 comp rx=0 tx=0).stop
2023-07-09T02:13:53.931 INFO:teuthology.orchestra.run.smithi012.stdout:/usr/bin/ceph: stderr
2023-07-09T02:13:53.397+0000 7f283a3f9700 1 -- 172.21.15.12:0/3397504898 >> 172.21.15.12:0/3397504898 conn(0x7f28341008d0 msgr2=0x7f2834102ce0 unknown :-1 s=STATE_NONE l=0).mark_down
2023-07-09T02:13:53.931 INFO:teuthology.orchestra.run.smithi012.stdout:/usr/bin/ceph: stderr
2023-07-09T02:13:53.397+0000 7f283a3f9700 1 -- 172.21.15.12:0/3397504898 shutdown_connections
2023-07-09T02:13:53.931 INFO:teuthology.orchestra.run.smithi012.stdout:/usr/bin/ceph: stderr
2023-07-09T02:13:53.397+0000 7f283a3f9700 1 -- 172.21.15.12:0/3397504898 wait complete.
2023-07-09T02:13:53.931 INFO:teuthology.orchestra.run.smithi012.stdout:/usr/bin/ceph: stderr
2023-07-09T02:13:53.398+0000 7f283a3f9700 1 Processor -- start
2023-07-09T02:13:53.931 INFO:teuthology.orchestra.run.smithi012.stdout:/usr/bin/ceph: stderr
2023-07-09T02:13:53.398+0000 7f283a3f9700 1 -- start start
2023-07-09T02:13:53.931 INFO:teuthology.orchestra.run.smithi012.stdout:/usr/bin/ceph: stderr
2023-07-09T02:13:53.399+0000 7f283a3f9700 1 --2- >> [v2:172.21.15.12:3300/0,v1:172.21.15.12:6789/0] conn(0x7f283407a2e0 0x7f283419b510 unknown :-1 s=NONE pgs=0 cs=0 l=1 rev1=0 crypto rx=0 tx=0 comp rx=0 tx=0).connect
2023-07-09T02:13:53.932 INFO:teuthology.orchestra.run.smithi012.stdout:/usr/bin/ceph: stderr
2023-07-09T02:13:53.399+0000 7f283a3f9700 1 -- --> [v2:172.21.15.12:3300/0,v1:172.21.15.12:6789/0] -- mon_getmap magic: 0 v1 -- 0x7f283419ba50 con 0x7f283407a2e0
2023-07-09T02:13:53.932 INFO:teuthology.orchestra.run.smithi012.stdout:/usr/bin/ceph: stderr
2023-07-09T02:13:53.399+0000 7f2833fff700 1 --2- >> [v2:172.21.15.12:3300/0,v1:172.21.15.12:6789/0] conn(0x7f283407a2e0 0x7f283419b510 unknown :-1 s=BANNER_CONNECTING pgs=0 cs=0 l=1 rev1=0 crypto rx=0 tx=0 comp rx=0 tx=0)._handle_peer_banner_payload supported=3 required=0
2023-07-09T02:13:53.932 INFO:teuthology.orchestra.run.smithi012.stdout:/usr/bin/ceph: stderr
2023-07-09T02:13:53.399+0000 7f2833fff700 1 --2- >> [v2:172.21.15.12:3300/0,v1:172.21.15.12:6789/0] conn(0x7f283407a2e0 0x7f283419b510 unknown :-1 s=HELLO_CONNECTING pgs=0 cs=0 l=1 rev1=1 crypto rx=0 tx=0 comp rx=0 tx=0).handle_hello peer v2:172.21.15.12:3300/0 says I am v2:172.21.15.12:37498/0 (socket says 172.21.15.12:37498)
2023-07-09T02:13:53.932 INFO:teuthology.orchestra.run.smithi012.stdout:/usr/bin/ceph: stderr
2023-07-09T02:13:53.399+0000 7f2833fff700 1 -- 172.21.15.12:0/3390579401 learned_addr learned my addr 172.21.15.12:0/3390579401 (peer_addr_for_me v2:172.21.15.12:0/0)
2023-07-09T02:13:53.932 INFO:teuthology.orchestra.run.smithi012.stdout:/usr/bin/ceph: stderr
2023-07-09T02:13:53.399+0000 7f2833fff700 1 -- 172.21.15.12:0/3390579401 --> [v2:172.21.15.12:3300/0,v1:172.21.15.12:6789/0] -- mon_subscribe({config=0+,monmap=0+}) v3 -- 0x7f2824009550 con 0x7f283407a2e0
2023-07-09T02:13:53.932 INFO:teuthology.orchestra.run.smithi012.stdout:/usr/bin/ceph: stderr
2023-07-09T02:13:53.399+0000 7f2833fff700 1 --2- 172.21.15.12:0/3390579401 >> [v2:172.21.15.12:3300/0,v1:172.21.15.12:6789/0] conn(0x7f283407a2e0 0x7f283419b510 secure :-1 s=READY pgs=15 cs=0 l=1 rev1=1 crypto rx=0x7f2824006af0 tx=0x7f2824011ab0 comp rx=0 tx=0).ready entity=mon.0 client_cookie=0 server_cookie=0 in_seq=0 out_seq=0
2023-07-09T02:13:53.932 INFO:teuthology.orchestra.run.smithi012.stdout:/usr/bin/ceph: stderr
2023-07-09T02:13:53.400+0000 7f28317fa700 1 -- 172.21.15.12:0/3390579401 <== mon.0 v2:172.21.15.12:3300/0 1 ==== mon_map magic: 0 v1 ==== 205+0+0 (secure 0 0 0) 0x7f2824003930 con 0x7f283407a2e0
2023-07-09T02:13:53.933 INFO:teuthology.orchestra.run.smithi012.stdout:/usr/bin/ceph: stderr
2023-07-09T02:13:53.400+0000 7f28317fa700 1 -- 172.21.15.12:0/3390579401 <== mon.0 v2:172.21.15.12:3300/0 2 ==== config(26 keys) v1 ==== 1070+0+0 (secure 0 0 0) 0x7f2824003a90 con 0x7f283407a2e0
2023-07-09T02:13:53.933 INFO:teuthology.orchestra.run.smithi012.stdout:/usr/bin/ceph: stderr
2023-07-09T02:13:53.400+0000 7f283a3f9700 1 -- 172.21.15.12:0/3390579401 --> [v2:172.21.15.12:3300/0,v1:172.21.15.12:6789/0] -- mon_subscribe({mgrmap=0+}) v3 -- 0x7f283419bc50 con 0x7f283407a2e0
2023-07-09T02:13:53.933 INFO:teuthology.orchestra.run.smithi012.stdout:/usr/bin/ceph: stderr
2023-07-09T02:13:53.400+0000 7f28317fa700 1 -- 172.21.15.12:0/3390579401 <== mon.0 v2:172.21.15.12:3300/0 3 ==== mon_map magic: 0 v1 ==== 205+0+0 (secure 0 0 0) 0x7f2824019670 con 0x7f283407a2e0
2023-07-09T02:13:53.933 INFO:teuthology.orchestra.run.smithi012.stdout:/usr/bin/ceph: stderr
2023-07-09T02:13:53.400+0000 7f283a3f9700 1 -- 172.21.15.12:0/3390579401 --> [v2:172.21.15.12:3300/0,v1:172.21.15.12:6789/0] -- mon_subscribe({osdmap=0}) v3 -- 0x7f283419c070 con 0x7f283407a2e0
2023-07-09T02:13:53.933 INFO:teuthology.orchestra.run.smithi012.stdout:/usr/bin/ceph: stderr
2023-07-09T02:13:53.401+0000 7f283a3f9700 1 -- 172.21.15.12:0/3390579401 --> [v2:172.21.15.12:3300/0,v1:172.21.15.12:6789/0] -- mon_command({"prefix": "get_command_descriptions"} v 0) v1 -- 0x7f283410b990 con 0x7f283407a2e0
2023-07-09T02:13:53.933 INFO:teuthology.orchestra.run.smithi012.stdout:/usr/bin/ceph: stderr
2023-07-09T02:13:53.401+0000 7f28317fa700 1 -- 172.21.15.12:0/3390579401 <== mon.0 v2:172.21.15.12:3300/0 4 ==== mgrmap(e 2) v1 ==== 45239+0+0 (secure 0 0 0) 0x7f282401aa30 con 0x7f283407a2e0
2023-07-09T02:13:53.933 INFO:teuthology.orchestra.run.smithi012.stdout:/usr/bin/ceph: stderr
2023-07-09T02:13:53.402+0000 7f28317fa700 1 -- 172.21.15.12:0/3390579401 <== mon.0 v2:172.21.15.12:3300/0 5 ==== osd_map(1..1 src has 1..1) v4 ==== 725+0+0 (secure 0 0 0) 0x7f282404c470 con 0x7f283407a2e0
2023-07-09T02:13:53.934 INFO:teuthology.orchestra.run.smithi012.stdout:/usr/bin/ceph: stderr
2023-07-09T02:13:53.404+0000 7f28317fa700 1 -- 172.21.15.12:0/3390579401 <== mon.0 v2:172.21.15.12:3300/0 6 ==== mon_command_ack([{"prefix": "get_command_descriptions"}]=0 v0) v1 ==== 72+0+72429 (secure 0 0 0) 0x7f2824018760 con 0x7f283407a2e0
2023-07-09T02:13:53.934 INFO:teuthology.orchestra.run.smithi012.stdout:/usr/bin/ceph: stderr
2023-07-09T02:13:53.480+0000 7f283a3f9700 1 -- 172.21.15.12:0/3390579401 --> [v2:172.21.15.12:3300/0,v1:172.21.15.12:6789/0] -- mon_command({"prefix": "status", "format": "json-pretty"} v 0) v1 -- 0x7f283419eab0 con 0x7f283407a2e0
2023-07-09T02:13:53.934 INFO:teuthology.orchestra.run.smithi012.stdout:/usr/bin/ceph: stderr
2023-07-09T02:13:53.480+0000 7f28317fa700 1 -- 172.21.15.12:0/3390579401 <== mon.0 v2:172.21.15.12:3300/0 7 ==== mon_command_ack([{"prefix": "status", "format": "json-pretty"}]=0 v0) v1 ==== 79+0+1239 (secure 0 0 0) 0x7f2824018350 con 0x7f283407a2e0
2023-07-09T02:13:53.934 INFO:teuthology.orchestra.run.smithi012.stdout:/usr/bin/ceph: stderr
2023-07-09T02:13:53.481+0000 7f283a3f9700 1 -- 172.21.15.12:0/3390579401 >> [v2:172.21.15.12:3300/0,v1:172.21.15.12:6789/0] conn(0x7f283407a2e0 msgr2=0x7f283419b510 secure :-1 s=STATE_CONNECTION_ESTABLISHED l=1).mark_down
2023-07-09T02:13:53.934 INFO:teuthology.orchestra.run.smithi012.stdout:/usr/bin/ceph: stderr
2023-07-09T02:13:53.481+0000 7f283a3f9700 1 --2- 172.21.15.12:0/3390579401 >> [v2:172.21.15.12:3300/0,v1:172.21.15.12:6789/0] conn(0x7f283407a2e0 0x7f283419b510 secure :-1 s=READY pgs=15 cs=0 l=1 rev1=1 crypto rx=0x7f2824006af0 tx=0x7f2824011ab0 comp rx=0 tx=0).stop
2023-07-09T02:13:53.934 INFO:teuthology.orchestra.run.smithi012.stdout:/usr/bin/ceph: stderr
2023-07-09T02:13:53.482+0000 7f283a3f9700 1 -- 172.21.15.12:0/3390579401 shutdown_connections
2023-07-09T02:13:53.934 INFO:teuthology.orchestra.run.smithi012.stdout:/usr/bin/ceph: stderr
2023-07-09T02:13:53.482+0000 7f283a3f9700 1 --2- 172.21.15.12:0/3390579401 >> [v2:172.21.15.12:3300/0,v1:172.21.15.12:6789/0] conn(0x7f283407a2e0 0x7f283419b510 unknown :-1 s=CLOSED pgs=15 cs=0 l=1 rev1=1 crypto rx=0 tx=0 comp rx=0 tx=0).stop
2023-07-09T02:13:53.934 INFO:teuthology.orchestra.run.smithi012.stdout:/usr/bin/ceph: stderr
2023-07-09T02:13:53.482+0000 7f283a3f9700 1 -- 172.21.15.12:0/3390579401 >> 172.21.15.12:0/3390579401 conn(0x7f28341008d0 msgr2=0x7f2834101690 unknown :-1 s=STATE_NONE l=0).mark_down
2023-07-09T02:13:53.935 INFO:teuthology.orchestra.run.smithi012.stdout:/usr/bin/ceph: stderr
2023-07-09T02:13:53.482+0000 7f283a3f9700 1 -- 172.21.15.12:0/3390579401 shutdown_connections
2023-07-09T02:13:53.935 INFO:teuthology.orchestra.run.smithi012.stdout:/usr/bin/ceph: stderr
2023-07-09T02:13:53.482+0000 7f283a3f9700 1 -- 172.21.15.12:0/3390579401 wait complete.
2023-07-09T02:13:53.935 INFO:teuthology.orchestra.run.smithi012.stdout:mgr not available, waiting (2/15)...
2023-07-09T02:13:54.676 INFO:journalctl@ceph.mon.a.smithi012.stdout:Jul 09 02:13:54 smithi012 ceph-mon[126449]: from='mgr.14100 172.21.15.12:0/3500903066' entity='mgr.x'
2023-07-09T02:13:54.676 INFO:journalctl@ceph.mon.a.smithi012.stdout:Jul 09 02:13:54 smithi012 ceph-mon[126449]: from='client.? 172.21.15.12:0/3390579401' entity='client.admin' cmd=[{"prefix": "status", "format": "json-pretty"}]: dispatch
2023-07-09T02:13:54.677 INFO:journalctl@ceph.mon.a.smithi012.stdout:Jul 09 02:13:54 smithi012 ceph-mon[126449]: mgrmap e3: x(active, since 1.00823s)
2023-07-09T02:13:56.676 INFO:journalctl@ceph.mon.a.smithi012.stdout:Jul 09 02:13:56 smithi012 ceph-mon[126449]: mgrmap e4: x(active, since 2s)
2023-07-09T02:13:57.201 INFO:teuthology.orchestra.run.smithi012.stdout:/usr/bin/ceph: stdout
2023-07-09T02:13:57.201 INFO:teuthology.orchestra.run.smithi012.stdout:/usr/bin/ceph: stdout {
2023-07-09T02:13:57.201 INFO:teuthology.orchestra.run.smithi012.stdout:/usr/bin/ceph: stdout "fsid": "1098e056-1dfe-11ee-9b31-001a4aab830c",
2023-07-09T02:13:57.201 INFO:teuthology.orchestra.run.smithi012.stdout:/usr/bin/ceph: stdout "health": {
2023-07-09T02:13:57.202 INFO:teuthology.orchestra.run.smithi012.stdout:/usr/bin/ceph: stdout "status": "HEALTH_OK",
2023-07-09T02:13:57.202 INFO:teuthology.orchestra.run.smithi012.stdout:/usr/bin/ceph: stdout "checks": {},
2023-07-09T02:13:57.202 INFO:teuthology.orchestra.run.smithi012.stdout:/usr/bin/ceph: stdout "mutes": []
2023-07-09T02:13:57.202 INFO:teuthology.orchestra.run.smithi012.stdout:/usr/bin/ceph: stdout },
2023-07-09T02:13:57.202 INFO:teuthology.orchestra.run.smithi012.stdout:/usr/bin/ceph: stdout "election_epoch": 5,
2023-07-09T02:13:57.202 INFO:teuthology.orchestra.run.smithi012.stdout:/usr/bin/ceph: stdout "quorum": [
2023-07-09T02:13:57.203 INFO:teuthology.orchestra.run.smithi012.stdout:/usr/bin/ceph: stdout 0
2023-07-09T02:13:57.203 INFO:teuthology.orchestra.run.smithi012.stdout:/usr/bin/ceph: stdout ],
2023-07-09T02:13:57.203 INFO:teuthology.orchestra.run.smithi012.stdout:/usr/bin/ceph: stdout "quorum_names": [
2023-07-09T02:13:57.203 INFO:teuthology.orchestra.run.smithi012.stdout:/usr/bin/ceph: stdout "a"
2023-07-09T02:13:57.203 INFO:teuthology.orchestra.run.smithi012.stdout:/usr/bin/ceph: stdout ],
2023-07-09T02:13:57.204 INFO:teuthology.orchestra.run.smithi012.stdout:/usr/bin/ceph: stdout "quorum_age": 17,
2023-07-09T02:13:57.204 INFO:teuthology.orchestra.run.smithi012.stdout:/usr/bin/ceph: stdout "monmap": {
2023-07-09T02:13:57.204 INFO:teuthology.orchestra.run.smithi012.stdout:/usr/bin/ceph: stdout "epoch": 1,
2023-07-09T02:13:57.204 INFO:teuthology.orchestra.run.smithi012.stdout:/usr/bin/ceph: stdout "min_mon_release_name": "reef",
2023-07-09T02:13:57.204 INFO:teuthology.orchestra.run.smithi012.stdout:/usr/bin/ceph: stdout "num_mons": 1
2023-07-09T02:13:57.205 INFO:teuthology.orchestra.run.smithi012.stdout:/usr/bin/ceph: stdout },
2023-07-09T02:13:57.205 INFO:teuthology.orchestra.run.smithi012.stdout:/usr/bin/ceph: stdout "osdmap": {
2023-07-09T02:13:57.205 INFO:teuthology.orchestra.run.smithi012.stdout:/usr/bin/ceph: stdout "epoch": 1,
2023-07-09T02:13:57.205 INFO:teuthology.orchestra.run.smithi012.stdout:/usr/bin/ceph: stdout "num_osds": 0,
2023-07-09T02:13:57.205 INFO:teuthology.orchestra.run.smithi012.stdout:/usr/bin/ceph: stdout "num_up_osds": 0,
2023-07-09T02:13:57.205 INFO:teuthology.orchestra.run.smithi012.stdout:/usr/bin/ceph: stdout "osd_up_since": 0,
2023-07-09T02:13:57.206 INFO:teuthology.orchestra.run.smithi012.stdout:/usr/bin/ceph: stdout "num_in_osds": 0,
2023-07-09T02:13:57.206 INFO:teuthology.orchestra.run.smithi012.stdout:/usr/bin/ceph: stdout "osd_in_since": 0,
2023-07-09T02:13:57.206 INFO:teuthology.orchestra.run.smithi012.stdout:/usr/bin/ceph: stdout "num_remapped_pgs": 0
2023-07-09T02:13:57.206 INFO:teuthology.orchestra.run.smithi012.stdout:/usr/bin/ceph: stdout },
2023-07-09T02:13:57.206 INFO:teuthology.orchestra.run.smithi012.stdout:/usr/bin/ceph: stdout "pgmap": {
2023-07-09T02:13:57.206 INFO:teuthology.orchestra.run.smithi012.stdout:/usr/bin/ceph: stdout "pgs_by_state": [],
2023-07-09T02:13:57.206 INFO:teuthology.orchestra.run.smithi012.stdout:/usr/bin/ceph: stdout "num_pgs": 0,
2023-07-09T02:13:57.207 INFO:teuthology.orchestra.run.smithi012.stdout:/usr/bin/ceph: stdout "num_pools": 0,
2023-07-09T02:13:57.207 INFO:teuthology.orchestra.run.smithi012.stdout:/usr/bin/ceph: stdout "num_objects": 0,
2023-07-09T02:13:57.207 INFO:teuthology.orchestra.run.smithi012.stdout:/usr/bin/ceph: stdout "data_bytes": 0,
2023-07-09T02:13:57.207 INFO:teuthology.orchestra.run.smithi012.stdout:/usr/bin/ceph: stdout "bytes_used": 0,
2023-07-09T02:13:57.207 INFO:teuthology.orchestra.run.smithi012.stdout:/usr/bin/ceph: stdout "bytes_avail": 0,
2023-07-09T02:13:57.208 INFO:teuthology.orchestra.run.smithi012.stdout:/usr/bin/ceph: stdout "bytes_total": 0
2023-07-09T02:13:57.208 INFO:teuthology.orchestra.run.smithi012.stdout:/usr/bin/ceph: stdout },
2023-07-09T02:13:57.208 INFO:teuthology.orchestra.run.smithi012.stdout:/usr/bin/ceph: stdout "fsmap": {
2023-07-09T02:13:57.208 INFO:teuthology.orchestra.run.smithi012.stdout:/usr/bin/ceph: stdout "epoch": 1,
2023-07-09T02:13:57.208 INFO:teuthology.orchestra.run.smithi012.stdout:/usr/bin/ceph: stdout "by_rank": [],
2023-07-09T02:13:57.208 INFO:teuthology.orchestra.run.smithi012.stdout:/usr/bin/ceph: stdout "up:standby": 0
2023-07-09T02:13:57.208 INFO:teuthology.orchestra.run.smithi012.stdout:/usr/bin/ceph: stdout },
2023-07-09T02:13:57.209 INFO:teuthology.orchestra.run.smithi012.stdout:/usr/bin/ceph: stdout "mgrmap": {
2023-07-09T02:13:57.209 INFO:teuthology.orchestra.run.smithi012.stdout:/usr/bin/ceph: stdout "available": true,
2023-07-09T02:13:57.209 INFO:teuthology.orchestra.run.smithi012.stdout:/usr/bin/ceph: stdout "num_standbys": 0,
2023-07-09T02:13:57.209 INFO:teuthology.orchestra.run.smithi012.stdout:/usr/bin/ceph: stdout "modules": [
2023-07-09T02:13:57.209 INFO:teuthology.orchestra.run.smithi012.stdout:/usr/bin/ceph: stdout "iostat",
2023-07-09T02:13:57.209 INFO:teuthology.orchestra.run.smithi012.stdout:/usr/bin/ceph: stdout "nfs",
2023-07-09T02:13:57.209 INFO:teuthology.orchestra.run.smithi012.stdout:/usr/bin/ceph: stdout "restful"
2023-07-09T02:13:57.210 INFO:teuthology.orchestra.run.smithi012.stdout:/usr/bin/ceph: stdout ],
2023-07-09T02:13:57.210 INFO:teuthology.orchestra.run.smithi012.stdout:/usr/bin/ceph: stdout "services": {}
2023-07-09T02:13:57.210 INFO:teuthology.orchestra.run.smithi012.stdout:/usr/bin/ceph: stdout },
2023-07-09T02:13:57.210 INFO:teuthology.orchestra.run.smithi012.stdout:/usr/bin/ceph: stdout "servicemap": {
2023-07-09T02:13:57.210 INFO:teuthology.orchestra.run.smithi012.stdout:/usr/bin/ceph: stdout "epoch": 1,
2023-07-09T02:13:57.210 INFO:teuthology.orchestra.run.smithi012.stdout:/usr/bin/ceph: stdout "modified": "2023-07-09T02:13:33.916060+0000",
2023-07-09T02:13:57.210 INFO:teuthology.orchestra.run.smithi012.stdout:/usr/bin/ceph: stdout "services": {}
2023-07-09T02:13:57.210 INFO:teuthology.orchestra.run.smithi012.stdout:/usr/bin/ceph: stdout },
2023-07-09T02:13:57.211 INFO:teuthology.orchestra.run.smithi012.stdout:/usr/bin/ceph: stdout "progress_events": {}
2023-07-09T02:13:57.211 INFO:teuthology.orchestra.run.smithi012.stdout:/usr/bin/ceph: stdout }
2023-07-09T02:13:57.211 INFO:teuthology.orchestra.run.smithi012.stdout:/usr/bin/ceph: stderr
2023-07-09T02:13:56.458+0000 7f182b717700 1 Processor -- start
2023-07-09T02:13:57.211 INFO:teuthology.orchestra.run.smithi012.stdout:/usr/bin/ceph: stderr
2023-07-09T02:13:56.459+0000 7f182b717700 1 -- start start
2023-07-09T02:13:57.211 INFO:teuthology.orchestra.run.smithi012.stdout:/usr/bin/ceph: stderr
2023-07-09T02:13:56.459+0000 7f182b717700 1 --2- >> [v2:172.21.15.12:3300/0,v1:172.21.15.12:6789/0] conn(0x7f1824105660 0x7f18241064e0 unknown :-1 s=NONE pgs=0 cs=0 l=0 rev1=0 crypto rx=0 tx=0 comp rx=0 tx=0).connect
2023-07-09T02:13:57.211 INFO:teuthology.orchestra.run.smithi012.stdout:/usr/bin/ceph: stderr
2023-07-09T02:13:56.459+0000 7f182b717700 1 -- --> [v2:172.21.15.12:3300/0,v1:172.21.15.12:6789/0] -- mon_getmap magic: 0 v1 -- 0x7f1824105a70 con 0x7f1824105660
2023-07-09T02:13:57.211 INFO:teuthology.orchestra.run.smithi012.stdout:/usr/bin/ceph: stderr
2023-07-09T02:13:56.459+0000 7f18294b3700 1 --2- >> [v2:172.21.15.12:3300/0,v1:172.21.15.12:6789/0] conn(0x7f1824105660 0x7f18241064e0 unknown :-1 s=BANNER_CONNECTING pgs=0 cs=0 l=0 rev1=0 crypto rx=0 tx=0 comp rx=0 tx=0)._handle_peer_banner_payload supported=3 required=0
2023-07-09T02:13:57.212 INFO:teuthology.orchestra.run.smithi012.stdout:/usr/bin/ceph: stderr
2023-07-09T02:13:56.460+0000 7f18294b3700 1 --2- >> [v2:172.21.15.12:3300/0,v1:172.21.15.12:6789/0] conn(0x7f1824105660 0x7f18241064e0 unknown :-1 s=HELLO_CONNECTING pgs=0 cs=0 l=0 rev1=1 crypto rx=0 tx=0 comp rx=0 tx=0).handle_hello peer v2:172.21.15.12:3300/0 says I am v2:172.21.15.12:37510/0 (socket says 172.21.15.12:37510)
2023-07-09T02:13:57.212 INFO:teuthology.orchestra.run.smithi012.stdout:/usr/bin/ceph: stderr
2023-07-09T02:13:56.460+0000 7f18294b3700 1 -- 172.21.15.12:0/3747110220 learned_addr learned my addr 172.21.15.12:0/3747110220 (peer_addr_for_me v2:172.21.15.12:0/0)
2023-07-09T02:13:57.212 INFO:teuthology.orchestra.run.smithi012.stdout:/usr/bin/ceph: stderr
2023-07-09T02:13:56.460+0000 7f18294b3700 1 -- 172.21.15.12:0/3747110220 --> [v2:172.21.15.12:3300/0,v1:172.21.15.12:6789/0] -- mon_subscribe({config=0+,monmap=0+}) v3 -- 0x7f1824105bb0 con 0x7f1824105660
2023-07-09T02:13:57.212 INFO:teuthology.orchestra.run.smithi012.stdout:/usr/bin/ceph: stderr
2023-07-09T02:13:56.460+0000 7f18294b3700 1 --2- 172.21.15.12:0/3747110220 >> [v2:172.21.15.12:3300/0,v1:172.21.15.12:6789/0] conn(0x7f1824105660 0x7f18241064e0 secure :-1 s=READY pgs=16 cs=0 l=1 rev1=1 crypto rx=0x7f18200098a0 tx=0x7f1820009bb0 comp rx=0 tx=0).ready entity=mon.0 client_cookie=8590974919386aa6 server_cookie=0 in_seq=0 out_seq=0
2023-07-09T02:13:57.212 INFO:teuthology.orchestra.run.smithi012.stdout:/usr/bin/ceph: stderr
2023-07-09T02:13:56.460+0000 7f181bfff700 1 -- 172.21.15.12:0/3747110220 <== mon.0 v2:172.21.15.12:3300/0 1 ==== mon_map magic: 0 v1 ==== 205+0+0 (secure 0 0 0) 0x7f1820004160 con 0x7f1824105660
2023-07-09T02:13:57.212 INFO:teuthology.orchestra.run.smithi012.stdout:/usr/bin/ceph: stderr
2023-07-09T02:13:56.460+0000 7f181bfff700 1 -- 172.21.15.12:0/3747110220 <== mon.0 v2:172.21.15.12:3300/0 2 ==== config(26 keys) v1 ==== 1070+0+0 (secure 0 0 0) 0x7f18200042c0 con 0x7f1824105660
2023-07-09T02:13:57.212 INFO:teuthology.orchestra.run.smithi012.stdout:/usr/bin/ceph: stderr
2023-07-09T02:13:56.460+0000 7f181bfff700 1 -- 172.21.15.12:0/3747110220 <== mon.0 v2:172.21.15.12:3300/0 3 ==== mon_map magic: 0 v1 ==== 205+0+0 (secure 0 0 0) 0x7f1820011a50 con 0x7f1824105660
2023-07-09T02:13:57.213 INFO:teuthology.orchestra.run.smithi012.stdout:/usr/bin/ceph: stderr
2023-07-09T02:13:56.461+0000 7f182b717700 1 -- 172.21.15.12:0/3747110220 >> [v2:172.21.15.12:3300/0,v1:172.21.15.12:6789/0] conn(0x7f1824105660 msgr2=0x7f18241064e0 secure :-1 s=STATE_CONNECTION_ESTABLISHED l=1).mark_down
2023-07-09T02:13:57.213 INFO:teuthology.orchestra.run.smithi012.stdout:/usr/bin/ceph: stderr
2023-07-09T02:13:56.461+0000 7f182b717700 1 --2- 172.21.15.12:0/3747110220 >> [v2:172.21.15.12:3300/0,v1:172.21.15.12:6789/0] conn(0x7f1824105660 0x7f18241064e0 secure :-1 s=READY pgs=16 cs=0 l=1 rev1=1 crypto rx=0x7f18200098a0 tx=0x7f1820009bb0 comp rx=0 tx=0).stop
2023-07-09T02:13:57.213 INFO:teuthology.orchestra.run.smithi012.stdout:/usr/bin/ceph: stderr
2023-07-09T02:13:56.461+0000 7f182b717700 1 -- 172.21.15.12:0/3747110220 shutdown_connections
2023-07-09T02:13:57.213 INFO:teuthology.orchestra.run.smithi012.stdout:/usr/bin/ceph: stderr
2023-07-09T02:13:56.461+0000 7f182b717700 1 --2- 172.21.15.12:0/3747110220 >> [v2:172.21.15.12:3300/0,v1:172.21.15.12:6789/0] conn(0x7f1824105660 0x7f18241064e0 unknown :-1 s=CLOSED pgs=16 cs=0 l=1 rev1=1 crypto rx=0 tx=0 comp rx=0 tx=0).stop
2023-07-09T02:13:57.213 INFO:teuthology.orchestra.run.smithi012.stdout:/usr/bin/ceph: stderr
2023-07-09T02:13:56.461+0000 7f182b717700 1 -- 172.21.15.12:0/3747110220 >> 172.21.15.12:0/3747110220 conn(0x7f18241008d0 msgr2=0x7f1824102ce0 unknown :-1 s=STATE_NONE l=0).mark_down
2023-07-09T02:13:57.213 INFO:teuthology.orchestra.run.smithi012.stdout:/usr/bin/ceph: stderr
2023-07-09T02:13:56.461+0000 7f182b717700 1 -- 172.21.15.12:0/3747110220 shutdown_connections
2023-07-09T02:13:57.213 INFO:teuthology.orchestra.run.smithi012.stdout:/usr/bin/ceph: stderr
2023-07-09T02:13:56.461+0000 7f182b717700 1 -- 172.21.15.12:0/3747110220 wait complete.
2023-07-09T02:13:57.214 INFO:teuthology.orchestra.run.smithi012.stdout:/usr/bin/ceph: stderr
2023-07-09T02:13:56.462+0000 7f182b717700 1 Processor -- start
2023-07-09T02:13:57.214 INFO:teuthology.orchestra.run.smithi012.stdout:/usr/bin/ceph: stderr
2023-07-09T02:13:56.462+0000 7f182b717700 1 -- start start
2023-07-09T02:13:57.214 INFO:teuthology.orchestra.run.smithi012.stdout:/usr/bin/ceph: stderr
2023-07-09T02:13:56.463+0000 7f182b717700 1 --2- >> [v2:172.21.15.12:3300/0,v1:172.21.15.12:6789/0] conn(0x7f1824105660 0x7f182419b4e0 unknown :-1 s=NONE pgs=0 cs=0 l=1 rev1=0 crypto rx=0 tx=0 comp rx=0 tx=0).connect
2023-07-09T02:13:57.214 INFO:teuthology.orchestra.run.smithi012.stdout:/usr/bin/ceph: stderr
2023-07-09T02:13:56.463+0000 7f182b717700 1 -- --> [v2:172.21.15.12:3300/0,v1:172.21.15.12:6789/0] -- mon_getmap magic: 0 v1 -- 0x7f182419ba20 con 0x7f1824105660
2023-07-09T02:13:57.214 INFO:teuthology.orchestra.run.smithi012.stdout:/usr/bin/ceph: stderr
2023-07-09T02:13:56.463+0000 7f18294b3700 1 --2- >> [v2:172.21.15.12:3300/0,v1:172.21.15.12:6789/0] conn(0x7f1824105660 0x7f182419b4e0 unknown :-1 s=BANNER_CONNECTING pgs=0 cs=0 l=1 rev1=0 crypto rx=0 tx=0 comp rx=0 tx=0)._handle_peer_banner_payload supported=3 required=0
2023-07-09T02:13:57.215 INFO:teuthology.orchestra.run.smithi012.stdout:/usr/bin/ceph: stderr
2023-07-09T02:13:56.463+0000 7f18294b3700 1 --2- >> [v2:172.21.15.12:3300/0,v1:172.21.15.12:6789/0] conn(0x7f1824105660 0x7f182419b4e0 unknown :-1 s=HELLO_CONNECTING pgs=0 cs=0 l=1 rev1=1 crypto rx=0 tx=0 comp rx=0 tx=0).handle_hello peer v2:172.21.15.12:3300/0 says I am v2:172.21.15.12:37512/0 (socket says 172.21.15.12:37512)
2023-07-09T02:13:57.215 INFO:teuthology.orchestra.run.smithi012.stdout:/usr/bin/ceph: stderr
2023-07-09T02:13:56.463+0000 7f18294b3700 1 -- 172.21.15.12:0/1267023794 learned_addr learned my addr 172.21.15.12:0/1267023794 (peer_addr_for_me v2:172.21.15.12:0/0)
2023-07-09T02:13:57.215 INFO:teuthology.orchestra.run.smithi012.stdout:/usr/bin/ceph: stderr
2023-07-09T02:13:56.463+0000 7f18294b3700 1 -- 172.21.15.12:0/1267023794 --> [v2:172.21.15.12:3300/0,v1:172.21.15.12:6789/0] -- mon_subscribe({config=0+,monmap=0+}) v3 -- 0x7f1820009550 con 0x7f1824105660
2023-07-09T02:13:57.215 INFO:teuthology.orchestra.run.smithi012.stdout:/usr/bin/ceph: stderr
2023-07-09T02:13:56.463+0000 7f18294b3700 1 --2- 172.21.15.12:0/1267023794 >> [v2:172.21.15.12:3300/0,v1:172.21.15.12:6789/0] conn(0x7f1824105660 0x7f182419b4e0 secure :-1 s=READY pgs=17 cs=0 l=1 rev1=1 crypto rx=0x7f1820011a00 tx=0x7f1820011ae0 comp rx=0 tx=0).ready entity=mon.0 client_cookie=0 server_cookie=0 in_seq=0 out_seq=0
2023-07-09T02:13:57.215 INFO:teuthology.orchestra.run.smithi012.stdout:/usr/bin/ceph: stderr
2023-07-09T02:13:56.464+0000 7f181a7fc700 1 -- 172.21.15.12:0/1267023794 <== mon.0 v2:172.21.15.12:3300/0 1 ==== mon_map magic: 0 v1 ==== 205+0+0 (secure 0 0 0) 0x7f1820003a40 con 0x7f1824105660
2023-07-09T02:13:57.215 INFO:teuthology.orchestra.run.smithi012.stdout:/usr/bin/ceph: stderr
2023-07-09T02:13:56.464+0000 7f181a7fc700 1 -- 172.21.15.12:0/1267023794 <== mon.0 v2:172.21.15.12:3300/0 2 ==== config(26 keys) v1 ==== 1070+0+0 (secure 0 0 0) 0x7f1820003ba0 con 0x7f1824105660
2023-07-09T02:13:57.215 INFO:teuthology.orchestra.run.smithi012.stdout:/usr/bin/ceph: stderr
2023-07-09T02:13:56.464+0000 7f181a7fc700 1 -- 172.21.15.12:0/1267023794 <== mon.0 v2:172.21.15.12:3300/0 3 ==== mon_map magic: 0 v1 ==== 205+0+0 (secure 0 0 0) 0x7f182001a6e0 con 0x7f1824105660
2023-07-09T02:13:57.216 INFO:teuthology.orchestra.run.smithi012.stdout:/usr/bin/ceph: stderr
2023-07-09T02:13:56.464+0000 7f182b717700 1 -- 172.21.15.12:0/1267023794 --> [v2:172.21.15.12:3300/0,v1:172.21.15.12:6789/0] -- mon_subscribe({mgrmap=0+}) v3 -- 0x7f182419bc20 con 0x7f1824105660
2023-07-09T02:13:57.216 INFO:teuthology.orchestra.run.smithi012.stdout:/usr/bin/ceph: stderr
2023-07-09T02:13:56.464+0000 7f182b717700 1 -- 172.21.15.12:0/1267023794 --> [v2:172.21.15.12:3300/0,v1:172.21.15.12:6789/0] -- mon_subscribe({osdmap=0}) v3 -- 0x7f182419c040 con 0x7f1824105660
2023-07-09T02:13:57.216 INFO:teuthology.orchestra.run.smithi012.stdout:/usr/bin/ceph: stderr
2023-07-09T02:13:56.465+0000 7f182b717700 1 -- 172.21.15.12:0/1267023794 --> [v2:172.21.15.12:3300/0,v1:172.21.15.12:6789/0] -- mon_command({"prefix": "get_command_descriptions"} v 0) v1 -- 0x7f1824061b40 con 0x7f1824105660
2023-07-09T02:13:57.216 INFO:teuthology.orchestra.run.smithi012.stdout:/usr/bin/ceph: stderr
2023-07-09T02:13:56.465+0000 7f181a7fc700 1 -- 172.21.15.12:0/1267023794 <== mon.0 v2:172.21.15.12:3300/0 4 ==== mgrmap(e 4) v1 ==== 45472+0+0 (secure 0 0 0) 0x7f1820024af0 con 0x7f1824105660
2023-07-09T02:13:57.216 INFO:teuthology.orchestra.run.smithi012.stdout:/usr/bin/ceph: stderr
2023-07-09T02:13:56.466+0000 7f181a7fc700 1 --2- 172.21.15.12:0/1267023794 >> [v2:172.21.15.12:6800/2296475290,v1:172.21.15.12:6801/2296475290] conn(0x7f18100387d0 0x7f181003ac80 unknown :-1 s=NONE pgs=0 cs=0 l=1 rev1=0 crypto rx=0 tx=0 comp rx=0 tx=0).connect
2023-07-09T02:13:57.217 INFO:teuthology.orchestra.run.smithi012.stdout:/usr/bin/ceph: stderr
2023-07-09T02:13:56.466+0000 7f181a7fc700 1 -- 172.21.15.12:0/1267023794 <== mon.0 v2:172.21.15.12:3300/0 5 ==== osd_map(1..1 src has 1..1) v4 ==== 725+0+0 (secure 0 0 0) 0x7f182004c450 con 0x7f1824105660
2023-07-09T02:13:57.217 INFO:teuthology.orchestra.run.smithi012.stdout:/usr/bin/ceph: stderr
2023-07-09T02:13:56.466+0000 7f1828cb2700 1 --2- 172.21.15.12:0/1267023794 >> [v2:172.21.15.12:6800/2296475290,v1:172.21.15.12:6801/2296475290] conn(0x7f18100387d0 0x7f181003ac80 unknown :-1 s=BANNER_CONNECTING pgs=0 cs=0 l=1 rev1=0 crypto rx=0 tx=0 comp rx=0 tx=0)._handle_peer_banner_payload supported=3 required=0
2023-07-09T02:13:57.217 INFO:teuthology.orchestra.run.smithi012.stdout:/usr/bin/ceph: stderr
2023-07-09T02:13:56.467+0000 7f1828cb2700 1 --2- 172.21.15.12:0/1267023794 >> [v2:172.21.15.12:6800/2296475290,v1:172.21.15.12:6801/2296475290] conn(0x7f18100387d0 0x7f181003ac80 secure :-1 s=READY pgs=6 cs=0 l=1 rev1=1 crypto rx=0x7f1814006fd0 tx=0x7f1814006e40 comp rx=0 tx=0).ready entity=mgr.14100 client_cookie=0 server_cookie=0 in_seq=0 out_seq=0
2023-07-09T02:13:57.217 INFO:teuthology.orchestra.run.smithi012.stdout:/usr/bin/ceph: stderr
2023-07-09T02:13:56.472+0000 7f181a7fc700 1 -- 172.21.15.12:0/1267023794 <== mon.0 v2:172.21.15.12:3300/0 6 ==== mon_command_ack([{"prefix": "get_command_descriptions"}]=0 v0) v1 ==== 72+0+178008 (secure 0 0 0) 0x7f1820018db0 con 0x7f1824105660
2023-07-09T02:13:57.217 INFO:teuthology.orchestra.run.smithi012.stdout:/usr/bin/ceph: stderr
2023-07-09T02:13:56.758+0000 7f182b717700 1 -- 172.21.15.12:0/1267023794 --> [v2:172.21.15.12:3300/0,v1:172.21.15.12:6789/0] -- mon_command({"prefix": "status", "format": "json-pretty"} v 0) v1 -- 0x7f1824109770 con 0x7f1824105660
2023-07-09T02:13:57.217 INFO:teuthology.orchestra.run.smithi012.stdout:/usr/bin/ceph: stderr
2023-07-09T02:13:56.759+0000 7f181a7fc700 1 -- 172.21.15.12:0/1267023794 <== mon.0 v2:172.21.15.12:3300/0 7 ==== mon_command_ack([{"prefix": "status", "format": "json-pretty"}]=0 v0) v1 ==== 79+0+1238 (secure 0 0 0) 0x7f1820018350 con 0x7f1824105660
2023-07-09T02:13:57.217 INFO:teuthology.orchestra.run.smithi012.stdout:/usr/bin/ceph: stderr
2023-07-09T02:13:56.761+0000 7f182b717700 1 -- 172.21.15.12:0/1267023794 >> [v2:172.21.15.12:6800/2296475290,v1:172.21.15.12:6801/2296475290] conn(0x7f18100387d0 msgr2=0x7f181003ac80 secure :-1 s=STATE_CONNECTION_ESTABLISHED l=1).mark_down
2023-07-09T02:13:57.218 INFO:teuthology.orchestra.run.smithi012.stdout:/usr/bin/ceph: stderr
2023-07-09T02:13:56.761+0000 7f182b717700 1 --2- 172.21.15.12:0/1267023794 >> [v2:172.21.15.12:6800/2296475290,v1:172.21.15.12:6801/2296475290] conn(0x7f18100387d0 0x7f181003ac80 secure :-1 s=READY pgs=6 cs=0 l=1 rev1=1 crypto rx=0x7f1814006fd0 tx=0x7f1814006e40 comp rx=0 tx=0).stop
2023-07-09T02:13:57.218 INFO:teuthology.orchestra.run.smithi012.stdout:/usr/bin/ceph: stderr
2023-07-09T02:13:56.761+0000 7f182b717700 1 -- 172.21.15.12:0/1267023794 >> [v2:172.21.15.12:3300/0,v1:172.21.15.12:6789/0] conn(0x7f1824105660 msgr2=0x7f182419b4e0 secure :-1 s=STATE_CONNECTION_ESTABLISHED l=1).mark_down
2023-07-09T02:13:57.218 INFO:teuthology.orchestra.run.smithi012.stdout:/usr/bin/ceph: stderr
2023-07-09T02:13:56.761+0000 7f182b717700 1 --2- 172.21.15.12:0/1267023794 >> [v2:172.21.15.12:3300/0,v1:172.21.15.12:6789/0] conn(0x7f1824105660 0x7f182419b4e0 secure :-1 s=READY pgs=17 cs=0 l=1 rev1=1 crypto rx=0x7f1820011a00 tx=0x7f1820011ae0 comp rx=0 tx=0).stop
2023-07-09T02:13:57.218 INFO:teuthology.orchestra.run.smithi012.stdout:/usr/bin/ceph: stderr
2023-07-09T02:13:56.761+0000 7f182b717700 1 -- 172.21.15.12:0/1267023794 shutdown_connections
2023-07-09T02:13:57.218 INFO:teuthology.orchestra.run.smithi012.stdout:/usr/bin/ceph: stderr
2023-07-09T02:13:56.761+0000 7f182b717700 1 --2- 172.21.15.12:0/1267023794 >> [v2:172.21.15.12:6800/2296475290,v1:172.21.15.12:6801/2296475290] conn(0x7f18100387d0 0x7f181003ac80 unknown :-1 s=CLOSED pgs=6 cs=0 l=1 rev1=1 crypto rx=0 tx=0 comp rx=0 tx=0).stop
2023-07-09T02:13:57.218 INFO:teuthology.orchestra.run.smithi012.stdout:/usr/bin/ceph: stderr
2023-07-09T02:13:56.761+0000 7f182b717700 1 --2- 172.21.15.12:0/1267023794 >> [v2:172.21.15.12:3300/0,v1:172.21.15.12:6789/0] conn(0x7f1824105660 0x7f182419b4e0 unknown :-1 s=CLOSED pgs=17 cs=0 l=1 rev1=1 crypto rx=0 tx=0 comp rx=0 tx=0).stop
2023-07-09T02:13:57.218 INFO:teuthology.orchestra.run.smithi012.stdout:/usr/bin/ceph: stderr
2023-07-09T02:13:56.761+0000 7f182b717700 1 -- 172.21.15.12:0/1267023794 >> 172.21.15.12:0/1267023794 conn(0x7f18241008d0 msgr2=0x7f18241015d0 unknown :-1 s=STATE_NONE l=0).mark_down
2023-07-09T02:13:57.218 INFO:teuthology.orchestra.run.smithi012.stdout:/usr/bin/ceph: stderr
2023-07-09T02:13:56.761+0000 7f182b717700 1 -- 172.21.15.12:0/1267023794 shutdown_connections
2023-07-09T02:13:57.219 INFO:teuthology.orchestra.run.smithi012.stdout:/usr/bin/ceph: stderr
2023-07-09T02:13:56.761+0000 7f182b717700 1 -- 172.21.15.12:0/1267023794 wait complete.
2023-07-09T02:13:57.219 INFO:teuthology.orchestra.run.smithi012.stdout:mgr is available
2023-07-09T02:13:57.468 INFO:journalctl@ceph.mon.a.smithi012.stdout:Jul 09 02:13:57 smithi012 ceph-mon[126449]: from='client.? 172.21.15.12:0/1267023794' entity='client.admin' cmd=[{"prefix": "status", "format": "json-pretty"}]: dispatch
2023-07-09T02:13:58.483 INFO:teuthology.orchestra.run.smithi012.stdout:/usr/bin/ceph: stdout
2023-07-09T02:13:58.484 INFO:teuthology.orchestra.run.smithi012.stdout:/usr/bin/ceph: stdout [global]
2023-07-09T02:13:58.484 INFO:teuthology.orchestra.run.smithi012.stdout:/usr/bin/ceph: stdout fsid = 1098e056-1dfe-11ee-9b31-001a4aab830c
2023-07-09T02:13:58.484 INFO:teuthology.orchestra.run.smithi012.stdout:/usr/bin/ceph: stdout mon_osd_allow_pg_remap = true
2023-07-09T02:13:58.485 INFO:teuthology.orchestra.run.smithi012.stdout:/usr/bin/ceph: stdout mon_osd_allow_primary_affinity = true
2023-07-09T02:13:58.485 INFO:teuthology.orchestra.run.smithi012.stdout:/usr/bin/ceph: stdout mon_warn_on_no_sortbitwise = false
2023-07-09T02:13:58.485 INFO:teuthology.orchestra.run.smithi012.stdout:/usr/bin/ceph: stdout osd_crush_chooseleaf_type = 0
2023-07-09T02:13:58.485 INFO:teuthology.orchestra.run.smithi012.stdout:/usr/bin/ceph: stdout
2023-07-09T02:13:58.485 INFO:teuthology.orchestra.run.smithi012.stdout:/usr/bin/ceph: stdout [mgr]
2023-07-09T02:13:58.486 INFO:teuthology.orchestra.run.smithi012.stdout:/usr/bin/ceph: stdout mgr/telemetry/nag = false
2023-07-09T02:13:58.486 INFO:teuthology.orchestra.run.smithi012.stdout:/usr/bin/ceph: stdout
2023-07-09T02:13:58.486 INFO:teuthology.orchestra.run.smithi012.stdout:/usr/bin/ceph: stdout [osd]
2023-07-09T02:13:58.486 INFO:teuthology.orchestra.run.smithi012.stdout:/usr/bin/ceph: stdout mon_osd_backfillfull_ratio = 0.85
2023-07-09T02:13:58.486 INFO:teuthology.orchestra.run.smithi012.stdout:/usr/bin/ceph: stdout mon_osd_full_ratio = 0.9
2023-07-09T02:13:58.486 INFO:teuthology.orchestra.run.smithi012.stdout:/usr/bin/ceph: stdout mon_osd_nearfull_ratio = 0.8
2023-07-09T02:13:58.486 INFO:teuthology.orchestra.run.smithi012.stdout:/usr/bin/ceph: stdout osd_map_max_advance = 10
2023-07-09T02:13:58.486 INFO:teuthology.orchestra.run.smithi012.stdout:/usr/bin/ceph: stdout osd_sloppy_crc = true
2023-07-09T02:13:58.487 INFO:teuthology.orchestra.run.smithi012.stdout:/usr/bin/ceph: stderr
2023-07-09T02:13:57.750+0000 7f3009f07700 1 Processor -- start
2023-07-09T02:13:58.487 INFO:teuthology.orchestra.run.smithi012.stdout:/usr/bin/ceph: stderr
2023-07-09T02:13:57.750+0000 7f3009f07700 1 -- start start
2023-07-09T02:13:58.487 INFO:teuthology.orchestra.run.smithi012.stdout:/usr/bin/ceph: stderr
2023-07-09T02:13:57.750+0000 7f3009f07700 1 --2- >> [v2:172.21.15.12:3300/0,v1:172.21.15.12:6789/0] conn(0x7f3004105660 0x7f30041064e0 unknown :-1 s=NONE pgs=0 cs=0 l=0 rev1=0 crypto rx=0 tx=0 comp rx=0 tx=0).connect
2023-07-09T02:13:58.487 INFO:teuthology.orchestra.run.smithi012.stdout:/usr/bin/ceph: stderr
2023-07-09T02:13:57.750+0000 7f3009f07700 1 -- --> [v2:172.21.15.12:3300/0,v1:172.21.15.12:6789/0] -- mon_getmap magic: 0 v1 -- 0x7f3004105a70 con 0x7f3004105660
2023-07-09T02:13:58.487 INFO:teuthology.orchestra.run.smithi012.stdout:/usr/bin/ceph: stderr
2023-07-09T02:13:57.750+0000 7f30037fe700 1 --2- >> [v2:172.21.15.12:3300/0,v1:172.21.15.12:6789/0] conn(0x7f3004105660 0x7f30041064e0 unknown :-1 s=BANNER_CONNECTING pgs=0 cs=0 l=0 rev1=0 crypto rx=0 tx=0 comp rx=0 tx=0)._handle_peer_banner_payload supported=3 required=0
2023-07-09T02:13:58.487 INFO:teuthology.orchestra.run.smithi012.stdout:/usr/bin/ceph: stderr
2023-07-09T02:13:57.750+0000 7f30037fe700 1 --2- >> [v2:172.21.15.12:3300/0,v1:172.21.15.12:6789/0] conn(0x7f3004105660 0x7f30041064e0 unknown :-1 s=HELLO_CONNECTING pgs=0 cs=0 l=0 rev1=1 crypto rx=0 tx=0 comp rx=0 tx=0).handle_hello peer v2:172.21.15.12:3300/0 says I am v2:172.21.15.12:37524/0 (socket says 172.21.15.12:37524)
2023-07-09T02:13:58.488 INFO:teuthology.orchestra.run.smithi012.stdout:/usr/bin/ceph: stderr
2023-07-09T02:13:57.750+0000 7f30037fe700 1 -- 172.21.15.12:0/1628149552 learned_addr learned my addr 172.21.15.12:0/1628149552 (peer_addr_for_me v2:172.21.15.12:0/0)
2023-07-09T02:13:58.488 INFO:teuthology.orchestra.run.smithi012.stdout:/usr/bin/ceph: stderr
2023-07-09T02:13:57.751+0000 7f30037fe700 1 -- 172.21.15.12:0/1628149552 --> [v2:172.21.15.12:3300/0,v1:172.21.15.12:6789/0] -- mon_subscribe({config=0+,monmap=0+}) v3 -- 0x7f3004105bb0 con 0x7f3004105660
2023-07-09T02:13:58.488 INFO:teuthology.orchestra.run.smithi012.stdout:/usr/bin/ceph: stderr
2023-07-09T02:13:57.751+0000 7f30037fe700 1 --2- 172.21.15.12:0/1628149552 >> [v2:172.21.15.12:3300/0,v1:172.21.15.12:6789/0] conn(0x7f3004105660 0x7f30041064e0 secure :-1 s=READY pgs=18 cs=0 l=1 rev1=1 crypto rx=0x7f2ff40098a0 tx=0x7f2ff4009bb0 comp rx=0 tx=0).ready entity=mon.0 client_cookie=dad028e7451dba5b server_cookie=0 in_seq=0 out_seq=0
2023-07-09T02:13:58.488 INFO:teuthology.orchestra.run.smithi012.stdout:/usr/bin/ceph: stderr
2023-07-09T02:13:57.751+0000 7f30027fc700 1 -- 172.21.15.12:0/1628149552 <== mon.0 v2:172.21.15.12:3300/0 1 ==== mon_map magic: 0 v1 ==== 205+0+0 (secure 0 0 0) 0x7f2ff4004160 con 0x7f3004105660
2023-07-09T02:13:58.488 INFO:teuthology.orchestra.run.smithi012.stdout:/usr/bin/ceph: stderr
2023-07-09T02:13:57.751+0000 7f30027fc700 1 -- 172.21.15.12:0/1628149552 <== mon.0 v2:172.21.15.12:3300/0 2 ==== config(26 keys) v1 ==== 1070+0+0 (secure 0 0 0) 0x7f2ff40042c0 con 0x7f3004105660
2023-07-09T02:13:58.488 INFO:teuthology.orchestra.run.smithi012.stdout:/usr/bin/ceph: stderr
2023-07-09T02:13:57.751+0000 7f30027fc700 1 -- 172.21.15.12:0/1628149552 <== mon.0 v2:172.21.15.12:3300/0 3 ==== mon_map magic: 0 v1 ==== 205+0+0 (secure 0 0 0) 0x7f2ff4011a50 con 0x7f3004105660
2023-07-09T02:13:58.489 INFO:teuthology.orchestra.run.smithi012.stdout:/usr/bin/ceph: stderr
2023-07-09T02:13:57.752+0000 7f3009f07700 1 -- 172.21.15.12:0/1628149552 >> [v2:172.21.15.12:3300/0,v1:172.21.15.12:6789/0] conn(0x7f3004105660 msgr2=0x7f30041064e0 secure :-1 s=STATE_CONNECTION_ESTABLISHED l=1).mark_down
2023-07-09T02:13:58.489 INFO:teuthology.orchestra.run.smithi012.stdout:/usr/bin/ceph: stderr
2023-07-09T02:13:57.752+0000 7f3009f07700 1 --2- 172.21.15.12:0/1628149552 >> [v2:172.21.15.12:3300/0,v1:172.21.15.12:6789/0] conn(0x7f3004105660 0x7f30041064e0 secure :-1 s=READY pgs=18 cs=0 l=1 rev1=1 crypto rx=0x7f2ff40098a0 tx=0x7f2ff4009bb0 comp rx=0 tx=0).stop
2023-07-09T02:13:58.489 INFO:teuthology.orchestra.run.smithi012.stdout:/usr/bin/ceph: stderr
2023-07-09T02:13:57.752+0000 7f3009f07700 1 -- 172.21.15.12:0/1628149552 shutdown_connections
2023-07-09T02:13:58.489 INFO:teuthology.orchestra.run.smithi012.stdout:/usr/bin/ceph: stderr
2023-07-09T02:13:57.752+0000 7f3009f07700 1 --2- 172.21.15.12:0/1628149552 >> [v2:172.21.15.12:3300/0,v1:172.21.15.12:6789/0] conn(0x7f3004105660 0x7f30041064e0 unknown :-1 s=CLOSED pgs=18 cs=0 l=1 rev1=1 crypto rx=0 tx=0 comp rx=0 tx=0).stop
2023-07-09T02:13:58.489 INFO:teuthology.orchestra.run.smithi012.stdout:/usr/bin/ceph: stderr
2023-07-09T02:13:57.752+0000 7f3009f07700 1 -- 172.21.15.12:0/1628149552 >> 172.21.15.12:0/1628149552 conn(0x7f30041008d0 msgr2=0x7f3004102ce0 unknown :-1 s=STATE_NONE l=0).mark_down
2023-07-09T02:13:58.489 INFO:teuthology.orchestra.run.smithi012.stdout:/usr/bin/ceph: stderr
2023-07-09T02:13:57.752+0000 7f3009f07700 1 -- 172.21.15.12:0/1628149552 shutdown_connections
2023-07-09T02:13:58.489 INFO:teuthology.orchestra.run.smithi012.stdout:/usr/bin/ceph: stderr
2023-07-09T02:13:57.752+0000 7f3009f07700 1 -- 172.21.15.12:0/1628149552 wait complete.
2023-07-09T02:13:58.490 INFO:teuthology.orchestra.run.smithi012.stdout:/usr/bin/ceph: stderr
2023-07-09T02:13:57.753+0000 7f3009f07700 1 Processor -- start
2023-07-09T02:13:58.491 INFO:teuthology.orchestra.run.smithi012.stdout:/usr/bin/ceph: stderr
2023-07-09T02:13:57.753+0000 7f3009f07700 1 -- start start
2023-07-09T02:13:58.491 INFO:teuthology.orchestra.run.smithi012.stdout:/usr/bin/ceph: stderr
2023-07-09T02:13:57.754+0000 7f3009f07700 1 --2- >> [v2:172.21.15.12:3300/0,v1:172.21.15.12:6789/0] conn(0x7f3004105660 0x7f300419b4d0 unknown :-1 s=NONE pgs=0 cs=0 l=1 rev1=0 crypto rx=0 tx=0 comp rx=0 tx=0).connect
2023-07-09T02:13:58.491 INFO:teuthology.orchestra.run.smithi012.stdout:/usr/bin/ceph: stderr
2023-07-09T02:13:57.754+0000 7f3009f07700 1 -- --> [v2:172.21.15.12:3300/0,v1:172.21.15.12:6789/0] -- mon_getmap magic: 0 v1 -- 0x7f300419ba10 con 0x7f3004105660
2023-07-09T02:13:58.492 INFO:teuthology.orchestra.run.smithi012.stdout:/usr/bin/ceph: stderr
2023-07-09T02:13:57.754+0000 7f30037fe700 1 --2- >> [v2:172.21.15.12:3300/0,v1:172.21.15.12:6789/0] conn(0x7f3004105660 0x7f300419b4d0 unknown :-1 s=BANNER_CONNECTING pgs=0 cs=0 l=1 rev1=0 crypto rx=0 tx=0 comp rx=0 tx=0)._handle_peer_banner_payload supported=3 required=0
2023-07-09T02:13:58.492 INFO:teuthology.orchestra.run.smithi012.stdout:/usr/bin/ceph: stderr
2023-07-09T02:13:57.754+0000 7f30037fe700 1 --2- >> [v2:172.21.15.12:3300/0,v1:172.21.15.12:6789/0] conn(0x7f3004105660 0x7f300419b4d0 unknown :-1 s=HELLO_CONNECTING pgs=0 cs=0 l=1 rev1=1 crypto rx=0 tx=0 comp rx=0 tx=0).handle_hello peer v2:172.21.15.12:3300/0 says I am v2:172.21.15.12:37530/0 (socket says 172.21.15.12:37530)
2023-07-09T02:13:58.492 INFO:teuthology.orchestra.run.smithi012.stdout:/usr/bin/ceph: stderr
2023-07-09T02:13:57.754+0000 7f30037fe700 1 -- 172.21.15.12:0/3336852532 learned_addr learned my addr 172.21.15.12:0/3336852532 (peer_addr_for_me v2:172.21.15.12:0/0)
2023-07-09T02:13:58.492 INFO:teuthology.orchestra.run.smithi012.stdout:/usr/bin/ceph: stderr
2023-07-09T02:13:57.754+0000 7f30037fe700 1 -- 172.21.15.12:0/3336852532 --> [v2:172.21.15.12:3300/0,v1:172.21.15.12:6789/0] -- mon_subscribe({config=0+,monmap=0+}) v3 -- 0x7f2ff4009550 con 0x7f3004105660
2023-07-09T02:13:58.493 INFO:teuthology.orchestra.run.smithi012.stdout:/usr/bin/ceph: stderr
2023-07-09T02:13:57.754+0000 7f30037fe700 1 --2- 172.21.15.12:0/3336852532 >> [v2:172.21.15.12:3300/0,v1:172.21.15.12:6789/0] conn(0x7f3004105660 0x7f300419b4d0 secure :-1 s=READY pgs=19 cs=0 l=1 rev1=1 crypto rx=0x7f2ff4006af0 tx=0x7f2ff4011ab0 comp rx=0 tx=0).ready entity=mon.0 client_cookie=0 server_cookie=0 in_seq=0 out_seq=0
2023-07-09T02:13:58.493 INFO:teuthology.orchestra.run.smithi012.stdout:/usr/bin/ceph: stderr
2023-07-09T02:13:57.755+0000 7f3000ff9700 1 -- 172.21.15.12:0/3336852532 <== mon.0 v2:172.21.15.12:3300/0 1 ==== mon_map magic: 0 v1 ==== 205+0+0 (secure 0 0 0) 0x7f2ff4003930 con 0x7f3004105660
2023-07-09T02:13:58.493 INFO:teuthology.orchestra.run.smithi012.stdout:/usr/bin/ceph: stderr
2023-07-09T02:13:57.755+0000 7f3000ff9700 1 -- 172.21.15.12:0/3336852532 <== mon.0 v2:172.21.15.12:3300/0 2 ==== config(26 keys) v1 ==== 1070+0+0 (secure 0 0 0) 0x7f2ff4003a90 con 0x7f3004105660
2023-07-09T02:13:58.493 INFO:teuthology.orchestra.run.smithi012.stdout:/usr/bin/ceph: stderr
2023-07-09T02:13:57.755+0000 7f3009f07700 1 -- 172.21.15.12:0/3336852532 --> [v2:172.21.15.12:3300/0,v1:172.21.15.12:6789/0] -- mon_subscribe({mgrmap=0+}) v3 -- 0x7f300419bc10 con 0x7f3004105660
2023-07-09T02:13:58.493 INFO:teuthology.orchestra.run.smithi012.stdout:/usr/bin/ceph: stderr
2023-07-09T02:13:57.755+0000 7f3000ff9700 1 -- 172.21.15.12:0/3336852532 <== mon.0 v2:172.21.15.12:3300/0 3 ==== mon_map magic: 0 v1 ==== 205+0+0 (secure 0 0 0) 0x7f2ff4019670 con 0x7f3004105660
2023-07-09T02:13:58.493 INFO:teuthology.orchestra.run.smithi012.stdout:/usr/bin/ceph: stderr
2023-07-09T02:13:57.755+0000 7f3009f07700 1 -- 172.21.15.12:0/3336852532 --> [v2:172.21.15.12:3300/0,v1:172.21.15.12:6789/0] -- mon_subscribe({osdmap=0}) v3 -- 0x7f300419c030 con 0x7f3004105660
2023-07-09T02:13:58.493 INFO:teuthology.orchestra.run.smithi012.stdout:/usr/bin/ceph: stderr
2023-07-09T02:13:57.756+0000 7f3000ff9700 1 -- 172.21.15.12:0/3336852532 <== mon.0 v2:172.21.15.12:3300/0 4 ==== mgrmap(e 4) v1 ==== 45472+0+0 (secure 0 0 0) 0x7f2ff401aa30 con 0x7f3004105660
2023-07-09T02:13:58.494 INFO:teuthology.orchestra.run.smithi012.stdout:/usr/bin/ceph: stderr
2023-07-09T02:13:57.756+0000 7f3009f07700 1 -- 172.21.15.12:0/3336852532 --> [v2:172.21.15.12:3300/0,v1:172.21.15.12:6789/0] -- mon_command({"prefix": "get_command_descriptions"} v 0) v1 -- 0x7f3004061b40 con 0x7f3004105660
2023-07-09T02:13:58.494 INFO:teuthology.orchestra.run.smithi012.stdout:/usr/bin/ceph: stderr
2023-07-09T02:13:57.756+0000 7f3000ff9700 1 --2- 172.21.15.12:0/3336852532 >> [v2:172.21.15.12:6800/2296475290,v1:172.21.15.12:6801/2296475290] conn(0x7f2fec038780 0x7f2fec03ac30 unknown :-1 s=NONE pgs=0 cs=0 l=1 rev1=0 crypto rx=0 tx=0 comp rx=0 tx=0).connect
2023-07-09T02:13:58.494 INFO:teuthology.orchestra.run.smithi012.stdout:/usr/bin/ceph: stderr
2023-07-09T02:13:57.756+0000 7f3000ff9700 1 -- 172.21.15.12:0/3336852532 <== mon.0 v2:172.21.15.12:3300/0 5 ==== osd_map(1..1 src has 1..1) v4 ==== 725+0+0 (secure 0 0 0) 0x7f2ff404c820 con 0x7f3004105660
2023-07-09T02:13:58.494 INFO:teuthology.orchestra.run.smithi012.stdout:/usr/bin/ceph: stderr
2023-07-09T02:13:57.757+0000 7f3002ffd700 1 --2- 172.21.15.12:0/3336852532 >> [v2:172.21.15.12:6800/2296475290,v1:172.21.15.12:6801/2296475290] conn(0x7f2fec038780 0x7f2fec03ac30 unknown :-1 s=BANNER_CONNECTING pgs=0 cs=0 l=1 rev1=0 crypto rx=0 tx=0 comp rx=0 tx=0)._handle_peer_banner_payload supported=3 required=0
2023-07-09T02:13:58.494 INFO:teuthology.orchestra.run.smithi012.stdout:/usr/bin/ceph: stderr
2023-07-09T02:13:57.757+0000 7f3002ffd700 1 --2- 172.21.15.12:0/3336852532 >> [v2:172.21.15.12:6800/2296475290,v1:172.21.15.12:6801/2296475290] conn(0x7f2fec038780 0x7f2fec03ac30 secure :-1 s=READY pgs=7 cs=0 l=1 rev1=1 crypto rx=0x7f2ff8006fd0 tx=0x7f2ff8006e40 comp rx=0 tx=0).ready entity=mgr.14100 client_cookie=0 server_cookie=0 in_seq=0 out_seq=0
2023-07-09T02:13:58.495 INFO:teuthology.orchestra.run.smithi012.stdout:/usr/bin/ceph: stderr
2023-07-09T02:13:57.762+0000 7f3000ff9700 1 -- 172.21.15.12:0/3336852532 <== mon.0 v2:172.21.15.12:3300/0 6 ==== mon_command_ack([{"prefix": "get_command_descriptions"}]=0 v0) v1 ==== 72+0+178008 (secure 0 0 0) 0x7f2ff4018740 con 0x7f3004105660
2023-07-09T02:13:58.495 INFO:teuthology.orchestra.run.smithi012.stdout:/usr/bin/ceph: stderr
2023-07-09T02:13:57.969+0000 7f3009f07700 1 -- 172.21.15.12:0/3336852532 --> [v2:172.21.15.12:3300/0,v1:172.21.15.12:6789/0] -- mon_command({"prefix": "config assimilate-conf"} v 0) v1 -- 0x7f3004109770 con 0x7f3004105660
2023-07-09T02:13:58.496 INFO:teuthology.orchestra.run.smithi012.stdout:/usr/bin/ceph: stderr
2023-07-09T02:13:57.970+0000 7f3000ff9700 1 -- 172.21.15.12:0/3336852532 <== mon.0 v2:172.21.15.12:3300/0 7 ==== mon_command_ack([{"prefix": "config assimilate-conf"}]=0 v3) v1 ==== 70+0+373 (secure 0 0 0) 0x7f2ff4018350 con 0x7f3004105660
2023-07-09T02:13:58.496 INFO:teuthology.orchestra.run.smithi012.stdout:/usr/bin/ceph: stderr
2023-07-09T02:13:57.972+0000 7f3009f07700 1 -- 172.21.15.12:0/3336852532 >> [v2:172.21.15.12:6800/2296475290,v1:172.21.15.12:6801/2296475290] conn(0x7f2fec038780 msgr2=0x7f2fec03ac30 secure :-1 s=STATE_CONNECTION_ESTABLISHED l=1).mark_down
2023-07-09T02:13:58.497 INFO:teuthology.orchestra.run.smithi012.stdout:/usr/bin/ceph: stderr
