2023-07-09T21:00:11.913+0000 7faaf0935700 1 -- --> [v2:172.21.15.55:3300/0,v1:172.21.15.55:6789/0] -- mon_getmap magic: 0 v1 -- 0x7faaec105b70 con 0x7faaec105760
2023-07-09T21:00:12.551 INFO:teuthology.orchestra.run.smithi055.stdout:/usr/bin/ceph: stderr
2023-07-09T21:00:11.913+0000 7faaea59c700 1 --2- >> [v2:172.21.15.55:3300/0,v1:172.21.15.55:6789/0] conn(0x7faaec105760 0x7faaec1065e0 unknown :-1 s=BANNER_CONNECTING pgs=0 cs=0 l=0 rev1=0 crypto rx=0 tx=0 comp rx=0 tx=0)._handle_peer_banner_payload supported=3 required=0
2023-07-09T21:00:12.551 INFO:teuthology.orchestra.run.smithi055.stdout:/usr/bin/ceph: stderr
2023-07-09T21:00:11.913+0000 7faaea59c700 1 --2- >> [v2:172.21.15.55:3300/0,v1:172.21.15.55:6789/0] conn(0x7faaec105760 0x7faaec1065e0 unknown :-1 s=HELLO_CONNECTING pgs=0 cs=0 l=0 rev1=1 crypto rx=0 tx=0 comp rx=0 tx=0).handle_hello peer v2:172.21.15.55:3300/0 says I am v2:172.21.15.55:39612/0 (socket says 172.21.15.55:39612)
2023-07-09T21:00:12.551 INFO:teuthology.orchestra.run.smithi055.stdout:/usr/bin/ceph: stderr
2023-07-09T21:00:11.913+0000 7faaea59c700 1 -- 172.21.15.55:0/602982129 learned_addr learned my addr 172.21.15.55:0/602982129 (peer_addr_for_me v2:172.21.15.55:0/0)
2023-07-09T21:00:12.551 INFO:teuthology.orchestra.run.smithi055.stdout:/usr/bin/ceph: stderr
2023-07-09T21:00:11.913+0000 7faaea59c700 1 -- 172.21.15.55:0/602982129 --> [v2:172.21.15.55:3300/0,v1:172.21.15.55:6789/0] -- mon_subscribe({config=0+,monmap=0+}) v3 -- 0x7faaec105cb0 con 0x7faaec105760
2023-07-09T21:00:12.551 INFO:teuthology.orchestra.run.smithi055.stdout:/usr/bin/ceph: stderr
2023-07-09T21:00:11.914+0000 7faaea59c700 1 --2- 172.21.15.55:0/602982129 >> [v2:172.21.15.55:3300/0,v1:172.21.15.55:6789/0] conn(0x7faaec105760 0x7faaec1065e0 secure :-1 s=READY pgs=35 cs=0 l=1 rev1=1 crypto rx=0x7faadc0098a0 tx=0x7faadc009bb0 comp rx=0 tx=0).ready entity=mon.0 client_cookie=a7d7830bcc5d7d2d server_cookie=0 in_seq=0 out_seq=0
2023-07-09T21:00:12.551 INFO:teuthology.orchestra.run.smithi055.stdout:/usr/bin/ceph: stderr
2023-07-09T21:00:11.914+0000 7faae959a700 1 -- 172.21.15.55:0/602982129 <== mon.0 v2:172.21.15.55:3300/0 1 ==== mon_map magic: 0 v1 ==== 205+0+0 (secure 0 0 0) 0x7faadc004160 con 0x7faaec105760
2023-07-09T21:00:12.552 INFO:teuthology.orchestra.run.smithi055.stdout:/usr/bin/ceph: stderr
2023-07-09T21:00:11.914+0000 7faae959a700 1 -- 172.21.15.55:0/602982129 <== mon.0 v2:172.21.15.55:3300/0 2 ==== config(26 keys) v1 ==== 1074+0+0 (secure 0 0 0) 0x7faadc0042c0 con 0x7faaec105760
2023-07-09T21:00:12.552 INFO:teuthology.orchestra.run.smithi055.stdout:/usr/bin/ceph: stderr
2023-07-09T21:00:11.914+0000 7faae959a700 1 -- 172.21.15.55:0/602982129 <== mon.0 v2:172.21.15.55:3300/0 3 ==== mon_map magic: 0 v1 ==== 205+0+0 (secure 0 0 0) 0x7faadc011a00 con 0x7faaec105760
2023-07-09T21:00:12.552 INFO:teuthology.orchestra.run.smithi055.stdout:/usr/bin/ceph: stderr
2023-07-09T21:00:11.914+0000 7faaf0935700 1 -- 172.21.15.55:0/602982129 >> [v2:172.21.15.55:3300/0,v1:172.21.15.55:6789/0] conn(0x7faaec105760 msgr2=0x7faaec1065e0 secure :-1 s=STATE_CONNECTION_ESTABLISHED l=1).mark_down
2023-07-09T21:00:12.552 INFO:teuthology.orchestra.run.smithi055.stdout:/usr/bin/ceph: stderr
2023-07-09T21:00:11.914+0000 7faaf0935700 1 --2- 172.21.15.55:0/602982129 >> [v2:172.21.15.55:3300/0,v1:172.21.15.55:6789/0] conn(0x7faaec105760 0x7faaec1065e0 secure :-1 s=READY pgs=35 cs=0 l=1 rev1=1 crypto rx=0x7faadc0098a0 tx=0x7faadc009bb0 comp rx=0 tx=0).stop
2023-07-09T21:00:12.552 INFO:teuthology.orchestra.run.smithi055.stdout:/usr/bin/ceph: stderr
2023-07-09T21:00:11.915+0000 7faaf0935700 1 -- 172.21.15.55:0/602982129 shutdown_connections
2023-07-09T21:00:12.552 INFO:teuthology.orchestra.run.smithi055.stdout:/usr/bin/ceph: stderr
2023-07-09T21:00:11.915+0000 7faaf0935700 1 --2- 172.21.15.55:0/602982129 >> [v2:172.21.15.55:3300/0,v1:172.21.15.55:6789/0] conn(0x7faaec105760 0x7faaec1065e0 unknown :-1 s=CLOSED pgs=35 cs=0 l=1 rev1=1 crypto rx=0 tx=0 comp rx=0 tx=0).stop
2023-07-09T21:00:12.552 INFO:teuthology.orchestra.run.smithi055.stdout:/usr/bin/ceph: stderr
2023-07-09T21:00:11.915+0000 7faaf0935700 1 -- 172.21.15.55:0/602982129 >> 172.21.15.55:0/602982129 conn(0x7faaec1009b0 msgr2=0x7faaec102dc0 unknown :-1 s=STATE_NONE l=0).mark_down
2023-07-09T21:00:12.553 INFO:teuthology.orchestra.run.smithi055.stdout:/usr/bin/ceph: stderr
2023-07-09T21:00:11.915+0000 7faaf0935700 1 -- 172.21.15.55:0/602982129 shutdown_connections
2023-07-09T21:00:12.553 INFO:teuthology.orchestra.run.smithi055.stdout:/usr/bin/ceph: stderr
2023-07-09T21:00:11.915+0000 7faaf0935700 1 -- 172.21.15.55:0/602982129 wait complete.
2023-07-09T21:00:12.553 INFO:teuthology.orchestra.run.smithi055.stdout:/usr/bin/ceph: stderr
2023-07-09T21:00:11.917+0000 7faaf0935700 1 Processor -- start
2023-07-09T21:00:12.553 INFO:teuthology.orchestra.run.smithi055.stdout:/usr/bin/ceph: stderr
2023-07-09T21:00:11.917+0000 7faaf0935700 1 -- start start
2023-07-09T21:00:12.553 INFO:teuthology.orchestra.run.smithi055.stdout:/usr/bin/ceph: stderr
2023-07-09T21:00:11.917+0000 7faaf0935700 1 --2- >> [v2:172.21.15.55:3300/0,v1:172.21.15.55:6789/0] conn(0x7faaec105760 0x7faaec199790 unknown :-1 s=NONE pgs=0 cs=0 l=1 rev1=0 crypto rx=0 tx=0 comp rx=0 tx=0).connect
2023-07-09T21:00:12.553 INFO:teuthology.orchestra.run.smithi055.stdout:/usr/bin/ceph: stderr
2023-07-09T21:00:11.917+0000 7faaf0935700 1 -- --> [v2:172.21.15.55:3300/0,v1:172.21.15.55:6789/0] -- mon_getmap magic: 0 v1 -- 0x7faaec199cd0 con 0x7faaec105760
2023-07-09T21:00:12.553 INFO:teuthology.orchestra.run.smithi055.stdout:/usr/bin/ceph: stderr
2023-07-09T21:00:11.917+0000 7faaea59c700 1 --2- >> [v2:172.21.15.55:3300/0,v1:172.21.15.55:6789/0] conn(0x7faaec105760 0x7faaec199790 unknown :-1 s=BANNER_CONNECTING pgs=0 cs=0 l=1 rev1=0 crypto rx=0 tx=0 comp rx=0 tx=0)._handle_peer_banner_payload supported=3 required=0
2023-07-09T21:00:12.553 INFO:teuthology.orchestra.run.smithi055.stdout:/usr/bin/ceph: stderr
2023-07-09T21:00:11.917+0000 7faaea59c700 1 --2- >> [v2:172.21.15.55:3300/0,v1:172.21.15.55:6789/0] conn(0x7faaec105760 0x7faaec199790 unknown :-1 s=HELLO_CONNECTING pgs=0 cs=0 l=1 rev1=1 crypto rx=0 tx=0 comp rx=0 tx=0).handle_hello peer v2:172.21.15.55:3300/0 says I am v2:172.21.15.55:39618/0 (socket says 172.21.15.55:39618)
2023-07-09T21:00:12.554 INFO:teuthology.orchestra.run.smithi055.stdout:/usr/bin/ceph: stderr
2023-07-09T21:00:11.917+0000 7faaea59c700 1 -- 172.21.15.55:0/2277286569 learned_addr learned my addr 172.21.15.55:0/2277286569 (peer_addr_for_me v2:172.21.15.55:0/0)
2023-07-09T21:00:12.554 INFO:teuthology.orchestra.run.smithi055.stdout:/usr/bin/ceph: stderr
2023-07-09T21:00:11.917+0000 7faaea59c700 1 -- 172.21.15.55:0/2277286569 --> [v2:172.21.15.55:3300/0,v1:172.21.15.55:6789/0] -- mon_subscribe({config=0+,monmap=0+}) v3 -- 0x7faadc009550 con 0x7faaec105760
2023-07-09T21:00:12.554 INFO:teuthology.orchestra.run.smithi055.stdout:/usr/bin/ceph: stderr
2023-07-09T21:00:11.917+0000 7faaea59c700 1 --2- 172.21.15.55:0/2277286569 >> [v2:172.21.15.55:3300/0,v1:172.21.15.55:6789/0] conn(0x7faaec105760 0x7faaec199790 secure :-1 s=READY pgs=36 cs=0 l=1 rev1=1 crypto rx=0x7faadc006af0 tx=0x7faadc011ad0 comp rx=0 tx=0).ready entity=mon.0 client_cookie=0 server_cookie=0 in_seq=0 out_seq=0
2023-07-09T21:00:12.554 INFO:teuthology.orchestra.run.smithi055.stdout:/usr/bin/ceph: stderr
2023-07-09T21:00:11.917+0000 7faadb7fe700 1 -- 172.21.15.55:0/2277286569 <== mon.0 v2:172.21.15.55:3300/0 1 ==== mon_map magic: 0 v1 ==== 205+0+0 (secure 0 0 0) 0x7faadc003a40 con 0x7faaec105760
2023-07-09T21:00:12.554 INFO:teuthology.orchestra.run.smithi055.stdout:/usr/bin/ceph: stderr
2023-07-09T21:00:11.917+0000 7faadb7fe700 1 -- 172.21.15.55:0/2277286569 <== mon.0 v2:172.21.15.55:3300/0 2 ==== config(26 keys) v1 ==== 1074+0+0 (secure 0 0 0) 0x7faadc003ba0 con 0x7faaec105760
2023-07-09T21:00:12.554 INFO:teuthology.orchestra.run.smithi055.stdout:/usr/bin/ceph: stderr
2023-07-09T21:00:11.917+0000 7faaf0935700 1 -- 172.21.15.55:0/2277286569 --> [v2:172.21.15.55:3300/0,v1:172.21.15.55:6789/0] -- mon_subscribe({mgrmap=0+}) v3 -- 0x7faaec199ed0 con 0x7faaec105760
2023-07-09T21:00:12.554 INFO:teuthology.orchestra.run.smithi055.stdout:/usr/bin/ceph: stderr
2023-07-09T21:00:11.917+0000 7faadb7fe700 1 -- 172.21.15.55:0/2277286569 <== mon.0 v2:172.21.15.55:3300/0 3 ==== mon_map magic: 0 v1 ==== 205+0+0 (secure 0 0 0) 0x7faadc01a6e0 con 0x7faaec105760
2023-07-09T21:00:12.555 INFO:teuthology.orchestra.run.smithi055.stdout:/usr/bin/ceph: stderr
2023-07-09T21:00:11.917+0000 7faaf0935700 1 -- 172.21.15.55:0/2277286569 --> [v2:172.21.15.55:3300/0,v1:172.21.15.55:6789/0] -- mon_subscribe({osdmap=0}) v3 -- 0x7faaec19a2f0 con 0x7faaec105760
2023-07-09T21:00:12.555 INFO:teuthology.orchestra.run.smithi055.stdout:/usr/bin/ceph: stderr
2023-07-09T21:00:11.918+0000 7faaf0935700 1 -- 172.21.15.55:0/2277286569 --> [v2:172.21.15.55:3300/0,v1:172.21.15.55:6789/0] -- mon_command({"prefix": "get_command_descriptions"} v 0) v1 -- 0x7faaec1934b0 con 0x7faaec105760
2023-07-09T21:00:12.555 INFO:teuthology.orchestra.run.smithi055.stdout:/usr/bin/ceph: stderr
2023-07-09T21:00:11.919+0000 7faadb7fe700 1 -- 172.21.15.55:0/2277286569 <== mon.0 v2:172.21.15.55:3300/0 4 ==== mgrmap(e 8) v1 ==== 45483+0+0 (secure 0 0 0) 0x7faadc024a60 con 0x7faaec105760
2023-07-09T21:00:12.555 INFO:teuthology.orchestra.run.smithi055.stdout:/usr/bin/ceph: stderr
2023-07-09T21:00:11.919+0000 7faadb7fe700 1 --2- 172.21.15.55:0/2277286569 >> [v2:172.21.15.55:6800/2666365158,v1:172.21.15.55:6801/2666365158] conn(0x7faad4038760 0x7faad403ac10 unknown :-1 s=NONE pgs=0 cs=0 l=1 rev1=0 crypto rx=0 tx=0 comp rx=0 tx=0).connect
2023-07-09T21:00:12.555 INFO:teuthology.orchestra.run.smithi055.stdout:/usr/bin/ceph: stderr
2023-07-09T21:00:11.919+0000 7faadb7fe700 1 -- 172.21.15.55:0/2277286569 <== mon.0 v2:172.21.15.55:3300/0 5 ==== osd_map(2..2 src has 1..2) v4 ==== 940+0+0 (secure 0 0 0) 0x7faadc04c7c0 con 0x7faaec105760
2023-07-09T21:00:12.555 INFO:teuthology.orchestra.run.smithi055.stdout:/usr/bin/ceph: stderr
2023-07-09T21:00:11.919+0000 7faae9d9b700 1 --2- 172.21.15.55:0/2277286569 >> [v2:172.21.15.55:6800/2666365158,v1:172.21.15.55:6801/2666365158] conn(0x7faad4038760 0x7faad403ac10 unknown :-1 s=BANNER_CONNECTING pgs=0 cs=0 l=1 rev1=0 crypto rx=0 tx=0 comp rx=0 tx=0)._handle_peer_banner_payload supported=3 required=0
2023-07-09T21:00:12.555 INFO:teuthology.orchestra.run.smithi055.stdout:/usr/bin/ceph: stderr
2023-07-09T21:00:11.920+0000 7faae9d9b700 1 --2- 172.21.15.55:0/2277286569 >> [v2:172.21.15.55:6800/2666365158,v1:172.21.15.55:6801/2666365158] conn(0x7faad4038760 0x7faad403ac10 secure :-1 s=READY pgs=7 cs=0 l=1 rev1=1 crypto rx=0x7faae0006fd0 tx=0x7faae0006e40 comp rx=0 tx=0).ready entity=mgr.14118 client_cookie=0 server_cookie=0 in_seq=0 out_seq=0
2023-07-09T21:00:12.555 INFO:teuthology.orchestra.run.smithi055.stdout:/usr/bin/ceph: stderr
2023-07-09T21:00:11.925+0000 7faadb7fe700 1 -- 172.21.15.55:0/2277286569 <== mon.0 v2:172.21.15.55:3300/0 6 ==== mon_command_ack([{"prefix": "get_command_descriptions"}]=0 v0) v1 ==== 72+0+178008 (secure 0 0 0) 0x7faadc024430 con 0x7faaec105760
2023-07-09T21:00:12.556 INFO:teuthology.orchestra.run.smithi055.stdout:/usr/bin/ceph: stderr
2023-07-09T21:00:12.146+0000 7faaf0935700 1 -- 172.21.15.55:0/2277286569 --> [v2:172.21.15.55:6800/2666365158,v1:172.21.15.55:6801/2666365158] -- mgr_command(tid 0: {"prefix": "orch set backend", "module_name": "cephadm", "target": ["mon-mgr", ""]}) v1 -- 0x7faaec109ba0 con 0x7faad4038760
2023-07-09T21:00:12.556 INFO:teuthology.orchestra.run.smithi055.stdout:/usr/bin/ceph: stderr
2023-07-09T21:00:12.152+0000 7faadb7fe700 1 -- 172.21.15.55:0/2277286569 <== mgr.14118 v2:172.21.15.55:6800/2666365158 1 ==== mgr_command_reply(tid 0: 0 ) v1 ==== 8+0+0 (secure 0 0 0) 0x7faaec109ba0 con 0x7faad4038760
2023-07-09T21:00:12.556 INFO:teuthology.orchestra.run.smithi055.stdout:/usr/bin/ceph: stderr
2023-07-09T21:00:12.155+0000 7faaf0935700 1 -- 172.21.15.55:0/2277286569 >> [v2:172.21.15.55:6800/2666365158,v1:172.21.15.55:6801/2666365158] conn(0x7faad4038760 msgr2=0x7faad403ac10 secure :-1 s=STATE_CONNECTION_ESTABLISHED l=1).mark_down
2023-07-09T21:00:12.556 INFO:teuthology.orchestra.run.smithi055.stdout:/usr/bin/ceph: stderr
2023-07-09T21:00:12.155+0000 7faaf0935700 1 --2- 172.21.15.55:0/2277286569 >> [v2:172.21.15.55:6800/2666365158,v1:172.21.15.55:6801/2666365158] conn(0x7faad4038760 0x7faad403ac10 secure :-1 s=READY pgs=7 cs=0 l=1 rev1=1 crypto rx=0x7faae0006fd0 tx=0x7faae0006e40 comp rx=0 tx=0).stop
2023-07-09T21:00:12.556 INFO:teuthology.orchestra.run.smithi055.stdout:/usr/bin/ceph: stderr
2023-07-09T21:00:12.155+0000 7faaf0935700 1 -- 172.21.15.55:0/2277286569 >> [v2:172.21.15.55:3300/0,v1:172.21.15.55:6789/0] conn(0x7faaec105760 msgr2=0x7faaec199790 secure :-1 s=STATE_CONNECTION_ESTABLISHED l=1).mark_down
2023-07-09T21:00:12.556 INFO:teuthology.orchestra.run.smithi055.stdout:/usr/bin/ceph: stderr
2023-07-09T21:00:12.155+0000 7faaf0935700 1 --2- 172.21.15.55:0/2277286569 >> [v2:172.21.15.55:3300/0,v1:172.21.15.55:6789/0] conn(0x7faaec105760 0x7faaec199790 secure :-1 s=READY pgs=36 cs=0 l=1 rev1=1 crypto rx=0x7faadc006af0 tx=0x7faadc011ad0 comp rx=0 tx=0).stop
2023-07-09T21:00:12.556 INFO:teuthology.orchestra.run.smithi055.stdout:/usr/bin/ceph: stderr
2023-07-09T21:00:12.155+0000 7faaf0935700 1 -- 172.21.15.55:0/2277286569 shutdown_connections
2023-07-09T21:00:12.557 INFO:teuthology.orchestra.run.smithi055.stdout:/usr/bin/ceph: stderr
2023-07-09T21:00:12.155+0000 7faaf0935700 1 --2- 172.21.15.55:0/2277286569 >> [v2:172.21.15.55:6800/2666365158,v1:172.21.15.55:6801/2666365158] conn(0x7faad4038760 0x7faad403ac10 unknown :-1 s=CLOSED pgs=7 cs=0 l=1 rev1=1 crypto rx=0 tx=0 comp rx=0 tx=0).stop
2023-07-09T21:00:12.557 INFO:teuthology.orchestra.run.smithi055.stdout:/usr/bin/ceph: stderr
2023-07-09T21:00:12.155+0000 7faaf0935700 1 --2- 172.21.15.55:0/2277286569 >> [v2:172.21.15.55:3300/0,v1:172.21.15.55:6789/0] conn(0x7faaec105760 0x7faaec199790 unknown :-1 s=CLOSED pgs=36 cs=0 l=1 rev1=1 crypto rx=0 tx=0 comp rx=0 tx=0).stop
2023-07-09T21:00:12.557 INFO:teuthology.orchestra.run.smithi055.stdout:/usr/bin/ceph: stderr
2023-07-09T21:00:12.155+0000 7faaf0935700 1 -- 172.21.15.55:0/2277286569 >> 172.21.15.55:0/2277286569 conn(0x7faaec1009b0 msgr2=0x7faaec102cc0 unknown :-1 s=STATE_NONE l=0).mark_down
2023-07-09T21:00:12.557 INFO:teuthology.orchestra.run.smithi055.stdout:/usr/bin/ceph: stderr
2023-07-09T21:00:12.155+0000 7faaf0935700 1 -- 172.21.15.55:0/2277286569 shutdown_connections
2023-07-09T21:00:12.557 INFO:teuthology.orchestra.run.smithi055.stdout:/usr/bin/ceph: stderr
2023-07-09T21:00:12.155+0000 7faaf0935700 1 -- 172.21.15.55:0/2277286569 wait complete.
2023-07-09T21:00:13.306 INFO:journalctl@ceph.mon.a.smithi055.stdout:Jul 09 21:00:12 smithi055 ceph-mon[95503]: [09/Jul/2023:21:00:11] ENGINE Bus STARTING
2023-07-09T21:00:13.306 INFO:journalctl@ceph.mon.a.smithi055.stdout:Jul 09 21:00:12 smithi055 ceph-mon[95503]: [09/Jul/2023:21:00:11] ENGINE Serving on http://172.21.15.55:8765
2023-07-09T21:00:13.306 INFO:journalctl@ceph.mon.a.smithi055.stdout:Jul 09 21:00:12 smithi055 ceph-mon[95503]: [09/Jul/2023:21:00:11] ENGINE Serving on https://172.21.15.55:7150
2023-07-09T21:00:13.307 INFO:journalctl@ceph.mon.a.smithi055.stdout:Jul 09 21:00:12 smithi055 ceph-mon[95503]: [09/Jul/2023:21:00:11] ENGINE Bus STARTED
2023-07-09T21:00:13.307 INFO:journalctl@ceph.mon.a.smithi055.stdout:Jul 09 21:00:12 smithi055 ceph-mon[95503]: mgrmap e8: x(active, since 2s)
2023-07-09T21:00:13.307 INFO:journalctl@ceph.mon.a.smithi055.stdout:Jul 09 21:00:12 smithi055 ceph-mon[95503]: from='client.14130 -' entity='client.admin' cmd=[{"prefix": "orch set backend", "module_name": "cephadm", "target": ["mon-mgr", ""]}]: dispatch
2023-07-09T21:00:13.307 INFO:journalctl@ceph.mon.a.smithi055.stdout:Jul 09 21:00:12 smithi055 ceph-mon[95503]: from='mgr.14118 172.21.15.55:0/3872379661' entity='mgr.x'
2023-07-09T21:00:13.307 INFO:journalctl@ceph.mon.a.smithi055.stdout:Jul 09 21:00:12 smithi055 ceph-mon[95503]: from='mgr.14118 172.21.15.55:0/3872379661' entity='mgr.x' cmd=[{"prefix": "config dump", "format": "json"}]: dispatch
2023-07-09T21:00:13.724 INFO:teuthology.orchestra.run.smithi055.stdout:/usr/bin/ceph: stdout value unchanged
2023-07-09T21:00:13.724 INFO:teuthology.orchestra.run.smithi055.stdout:/usr/bin/ceph: stderr
2023-07-09T21:00:13.085+0000 7f7b1fb65700 1 Processor -- start
2023-07-09T21:00:13.725 INFO:teuthology.orchestra.run.smithi055.stdout:/usr/bin/ceph: stderr
2023-07-09T21:00:13.085+0000 7f7b1fb65700 1 -- start start
2023-07-09T21:00:13.725 INFO:teuthology.orchestra.run.smithi055.stdout:/usr/bin/ceph: stderr
2023-07-09T21:00:13.086+0000 7f7b1fb65700 1 --2- >> [v2:172.21.15.55:3300/0,v1:172.21.15.55:6789/0] conn(0x7f7b1807a310 0x7f7b1807a720 unknown :-1 s=NONE pgs=0 cs=0 l=0 rev1=0 crypto rx=0 tx=0 comp rx=0 tx=0).connect
2023-07-09T21:00:13.725 INFO:teuthology.orchestra.run.smithi055.stdout:/usr/bin/ceph: stderr
2023-07-09T21:00:13.086+0000 7f7b1fb65700 1 -- --> [v2:172.21.15.55:3300/0,v1:172.21.15.55:6789/0] -- mon_getmap magic: 0 v1 -- 0x7f7b1807ac60 con 0x7f7b1807a310
2023-07-09T21:00:13.725 INFO:teuthology.orchestra.run.smithi055.stdout:/usr/bin/ceph: stderr
2023-07-09T21:00:13.086+0000 7f7b1d901700 1 --2- >> [v2:172.21.15.55:3300/0,v1:172.21.15.55:6789/0] conn(0x7f7b1807a310 0x7f7b1807a720 unknown :-1 s=BANNER_CONNECTING pgs=0 cs=0 l=0 rev1=0 crypto rx=0 tx=0 comp rx=0 tx=0)._handle_peer_banner_payload supported=3 required=0
2023-07-09T21:00:13.725 INFO:teuthology.orchestra.run.smithi055.stdout:/usr/bin/ceph: stderr
2023-07-09T21:00:13.086+0000 7f7b1d901700 1 --2- >> [v2:172.21.15.55:3300/0,v1:172.21.15.55:6789/0] conn(0x7f7b1807a310 0x7f7b1807a720 unknown :-1 s=HELLO_CONNECTING pgs=0 cs=0 l=0 rev1=1 crypto rx=0 tx=0 comp rx=0 tx=0).handle_hello peer v2:172.21.15.55:3300/0 says I am v2:172.21.15.55:39632/0 (socket says 172.21.15.55:39632)
2023-07-09T21:00:13.726 INFO:teuthology.orchestra.run.smithi055.stdout:/usr/bin/ceph: stderr
2023-07-09T21:00:13.086+0000 7f7b1d901700 1 -- 172.21.15.55:0/3215193958 learned_addr learned my addr 172.21.15.55:0/3215193958 (peer_addr_for_me v2:172.21.15.55:0/0)
2023-07-09T21:00:13.726 INFO:teuthology.orchestra.run.smithi055.stdout:/usr/bin/ceph: stderr
2023-07-09T21:00:13.086+0000 7f7b1d901700 1 -- 172.21.15.55:0/3215193958 --> [v2:172.21.15.55:3300/0,v1:172.21.15.55:6789/0] -- mon_subscribe({config=0+,monmap=0+}) v3 -- 0x7f7b1807ada0 con 0x7f7b1807a310
2023-07-09T21:00:13.729 INFO:teuthology.orchestra.run.smithi055.stdout:/usr/bin/ceph: stderr
2023-07-09T21:00:13.087+0000 7f7b1d901700 1 --2- 172.21.15.55:0/3215193958 >> [v2:172.21.15.55:3300/0,v1:172.21.15.55:6789/0] conn(0x7f7b1807a310 0x7f7b1807a720 secure :-1 s=READY pgs=37 cs=0 l=1 rev1=1 crypto rx=0x7f7b140098a0 tx=0x7f7b14009bb0 comp rx=0 tx=0).ready entity=mon.0 client_cookie=bac6116258293abf server_cookie=0 in_seq=0 out_seq=0
2023-07-09T21:00:13.730 INFO:teuthology.orchestra.run.smithi055.stdout:/usr/bin/ceph: stderr
2023-07-09T21:00:13.087+0000 7f7b1c8ff700 1 -- 172.21.15.55:0/3215193958 <== mon.0 v2:172.21.15.55:3300/0 1 ==== mon_map magic: 0 v1 ==== 205+0+0 (secure 0 0 0) 0x7f7b14004160 con 0x7f7b1807a310
2023-07-09T21:00:13.730 INFO:teuthology.orchestra.run.smithi055.stdout:/usr/bin/ceph: stderr
2023-07-09T21:00:13.087+0000 7f7b1c8ff700 1 -- 172.21.15.55:0/3215193958 <== mon.0 v2:172.21.15.55:3300/0 2 ==== config(26 keys) v1 ==== 1074+0+0 (secure 0 0 0) 0x7f7b140042c0 con 0x7f7b1807a310
2023-07-09T21:00:13.730 INFO:teuthology.orchestra.run.smithi055.stdout:/usr/bin/ceph: stderr
2023-07-09T21:00:13.087+0000 7f7b1c8ff700 1 -- 172.21.15.55:0/3215193958 <== mon.0 v2:172.21.15.55:3300/0 3 ==== mon_map magic: 0 v1 ==== 205+0+0 (secure 0 0 0) 0x7f7b14011a00 con 0x7f7b1807a310
2023-07-09T21:00:13.730 INFO:teuthology.orchestra.run.smithi055.stdout:/usr/bin/ceph: stderr
2023-07-09T21:00:13.087+0000 7f7b1fb65700 1 -- 172.21.15.55:0/3215193958 >> [v2:172.21.15.55:3300/0,v1:172.21.15.55:6789/0] conn(0x7f7b1807a310 msgr2=0x7f7b1807a720 secure :-1 s=STATE_CONNECTION_ESTABLISHED l=1).mark_down
2023-07-09T21:00:13.730 INFO:teuthology.orchestra.run.smithi055.stdout:/usr/bin/ceph: stderr
2023-07-09T21:00:13.087+0000 7f7b1fb65700 1 --2- 172.21.15.55:0/3215193958 >> [v2:172.21.15.55:3300/0,v1:172.21.15.55:6789/0] conn(0x7f7b1807a310 0x7f7b1807a720 secure :-1 s=READY pgs=37 cs=0 l=1 rev1=1 crypto rx=0x7f7b140098a0 tx=0x7f7b14009bb0 comp rx=0 tx=0).stop
2023-07-09T21:00:13.730 INFO:teuthology.orchestra.run.smithi055.stdout:/usr/bin/ceph: stderr
2023-07-09T21:00:13.088+0000 7f7b1fb65700 1 -- 172.21.15.55:0/3215193958 shutdown_connections
2023-07-09T21:00:13.730 INFO:teuthology.orchestra.run.smithi055.stdout:/usr/bin/ceph: stderr
2023-07-09T21:00:13.088+0000 7f7b1fb65700 1 --2- 172.21.15.55:0/3215193958 >> [v2:172.21.15.55:3300/0,v1:172.21.15.55:6789/0] conn(0x7f7b1807a310 0x7f7b1807a720 unknown :-1 s=CLOSED pgs=37 cs=0 l=1 rev1=1 crypto rx=0 tx=0 comp rx=0 tx=0).stop
2023-07-09T21:00:13.730 INFO:teuthology.orchestra.run.smithi055.stdout:/usr/bin/ceph: stderr
2023-07-09T21:00:13.088+0000 7f7b1fb65700 1 -- 172.21.15.55:0/3215193958 >> 172.21.15.55:0/3215193958 conn(0x7f7b18100960 msgr2=0x7f7b18102d70 unknown :-1 s=STATE_NONE l=0).mark_down
2023-07-09T21:00:13.731 INFO:teuthology.orchestra.run.smithi055.stdout:/usr/bin/ceph: stderr
2023-07-09T21:00:13.088+0000 7f7b1fb65700 1 -- 172.21.15.55:0/3215193958 shutdown_connections
2023-07-09T21:00:13.731 INFO:teuthology.orchestra.run.smithi055.stdout:/usr/bin/ceph: stderr
2023-07-09T21:00:13.088+0000 7f7b1fb65700 1 -- 172.21.15.55:0/3215193958 wait complete.
2023-07-09T21:00:13.731 INFO:teuthology.orchestra.run.smithi055.stdout:/usr/bin/ceph: stderr
2023-07-09T21:00:13.089+0000 7f7b1fb65700 1 Processor -- start
2023-07-09T21:00:13.731 INFO:teuthology.orchestra.run.smithi055.stdout:/usr/bin/ceph: stderr
2023-07-09T21:00:13.089+0000 7f7b1fb65700 1 -- start start
2023-07-09T21:00:13.731 INFO:teuthology.orchestra.run.smithi055.stdout:/usr/bin/ceph: stderr
2023-07-09T21:00:13.089+0000 7f7b1fb65700 1 --2- >> [v2:172.21.15.55:3300/0,v1:172.21.15.55:6789/0] conn(0x7f7b1807a310 0x7f7b1819ba20 unknown :-1 s=NONE pgs=0 cs=0 l=1 rev1=0 crypto rx=0 tx=0 comp rx=0 tx=0).connect
2023-07-09T21:00:13.731 INFO:teuthology.orchestra.run.smithi055.stdout:/usr/bin/ceph: stderr
2023-07-09T21:00:13.089+0000 7f7b1fb65700 1 -- --> [v2:172.21.15.55:3300/0,v1:172.21.15.55:6789/0] -- mon_getmap magic: 0 v1 -- 0x7f7b1819bf60 con 0x7f7b1807a310
2023-07-09T21:00:13.731 INFO:teuthology.orchestra.run.smithi055.stdout:/usr/bin/ceph: stderr
2023-07-09T21:00:13.089+0000 7f7b1d901700 1 --2- >> [v2:172.21.15.55:3300/0,v1:172.21.15.55:6789/0] conn(0x7f7b1807a310 0x7f7b1819ba20 unknown :-1 s=BANNER_CONNECTING pgs=0 cs=0 l=1 rev1=0 crypto rx=0 tx=0 comp rx=0 tx=0)._handle_peer_banner_payload supported=3 required=0
2023-07-09T21:00:13.732 INFO:teuthology.orchestra.run.smithi055.stdout:/usr/bin/ceph: stderr
2023-07-09T21:00:13.090+0000 7f7b1d901700 1 --2- >> [v2:172.21.15.55:3300/0,v1:172.21.15.55:6789/0] conn(0x7f7b1807a310 0x7f7b1819ba20 unknown :-1 s=HELLO_CONNECTING pgs=0 cs=0 l=1 rev1=1 crypto rx=0 tx=0 comp rx=0 tx=0).handle_hello peer v2:172.21.15.55:3300/0 says I am v2:172.21.15.55:39636/0 (socket says 172.21.15.55:39636)
2023-07-09T21:00:13.732 INFO:teuthology.orchestra.run.smithi055.stdout:/usr/bin/ceph: stderr
2023-07-09T21:00:13.090+0000 7f7b1d901700 1 -- 172.21.15.55:0/4290803132 learned_addr learned my addr 172.21.15.55:0/4290803132 (peer_addr_for_me v2:172.21.15.55:0/0)
2023-07-09T21:00:13.732 INFO:teuthology.orchestra.run.smithi055.stdout:/usr/bin/ceph: stderr
2023-07-09T21:00:13.090+0000 7f7b1d901700 1 -- 172.21.15.55:0/4290803132 --> [v2:172.21.15.55:3300/0,v1:172.21.15.55:6789/0] -- mon_subscribe({config=0+,monmap=0+}) v3 -- 0x7f7b14009550 con 0x7f7b1807a310
2023-07-09T21:00:13.732 INFO:teuthology.orchestra.run.smithi055.stdout:/usr/bin/ceph: stderr
2023-07-09T21:00:13.090+0000 7f7b1d901700 1 --2- 172.21.15.55:0/4290803132 >> [v2:172.21.15.55:3300/0,v1:172.21.15.55:6789/0] conn(0x7f7b1807a310 0x7f7b1819ba20 secure :-1 s=READY pgs=38 cs=0 l=1 rev1=1 crypto rx=0x7f7b14009130 tx=0x7f7b14011ad0 comp rx=0 tx=0).ready entity=mon.0 client_cookie=0 server_cookie=0 in_seq=0 out_seq=0
2023-07-09T21:00:13.732 INFO:teuthology.orchestra.run.smithi055.stdout:/usr/bin/ceph: stderr
2023-07-09T21:00:13.090+0000 7f7b0effd700 1 -- 172.21.15.55:0/4290803132 <== mon.0 v2:172.21.15.55:3300/0 1 ==== mon_map magic: 0 v1 ==== 205+0+0 (secure 0 0 0) 0x7f7b14003ab0 con 0x7f7b1807a310
2023-07-09T21:00:13.732 INFO:teuthology.orchestra.run.smithi055.stdout:/usr/bin/ceph: stderr
2023-07-09T21:00:13.090+0000 7f7b0effd700 1 -- 172.21.15.55:0/4290803132 <== mon.0 v2:172.21.15.55:3300/0 2 ==== config(26 keys) v1 ==== 1074+0+0 (secure 0 0 0) 0x7f7b14003c10 con 0x7f7b1807a310
2023-07-09T21:00:13.732 INFO:teuthology.orchestra.run.smithi055.stdout:/usr/bin/ceph: stderr
2023-07-09T21:00:13.090+0000 7f7b1fb65700 1 -- 172.21.15.55:0/4290803132 --> [v2:172.21.15.55:3300/0,v1:172.21.15.55:6789/0] -- mon_subscribe({mgrmap=0+}) v3 -- 0x7f7b1819c160 con 0x7f7b1807a310
2023-07-09T21:00:13.732 INFO:teuthology.orchestra.run.smithi055.stdout:/usr/bin/ceph: stderr
2023-07-09T21:00:13.090+0000 7f7b0effd700 1 -- 172.21.15.55:0/4290803132 <== mon.0 v2:172.21.15.55:3300/0 3 ==== mon_map magic: 0 v1 ==== 205+0+0 (secure 0 0 0) 0x7f7b140247d0 con 0x7f7b1807a310
2023-07-09T21:00:13.733 INFO:teuthology.orchestra.run.smithi055.stdout:/usr/bin/ceph: stderr
2023-07-09T21:00:13.091+0000 7f7b1fb65700 1 -- 172.21.15.55:0/4290803132 --> [v2:172.21.15.55:3300/0,v1:172.21.15.55:6789/0] -- mon_subscribe({osdmap=0}) v3 -- 0x7f7b1819c580 con 0x7f7b1807a310
2023-07-09T21:00:13.733 INFO:teuthology.orchestra.run.smithi055.stdout:/usr/bin/ceph: stderr
2023-07-09T21:00:13.092+0000 7f7b0effd700 1 -- 172.21.15.55:0/4290803132 <== mon.0 v2:172.21.15.55:3300/0 4 ==== mgrmap(e 8) v1 ==== 45483+0+0 (secure 0 0 0) 0x7f7b1401abb0 con 0x7f7b1807a310
2023-07-09T21:00:13.733 INFO:teuthology.orchestra.run.smithi055.stdout:/usr/bin/ceph: stderr
2023-07-09T21:00:13.092+0000 7f7b1fb65700 1 -- 172.21.15.55:0/4290803132 --> [v2:172.21.15.55:3300/0,v1:172.21.15.55:6789/0] -- mon_command({"prefix": "get_command_descriptions"} v 0) v1 -- 0x7f7b181956b0 con 0x7f7b1807a310
2023-07-09T21:00:13.733 INFO:teuthology.orchestra.run.smithi055.stdout:/usr/bin/ceph: stderr
2023-07-09T21:00:13.092+0000 7f7b0effd700 1 --2- 172.21.15.55:0/4290803132 >> [v2:172.21.15.55:6800/2666365158,v1:172.21.15.55:6801/2666365158] conn(0x7f7b04038760 0x7f7b0403ac10 unknown :-1 s=NONE pgs=0 cs=0 l=1 rev1=0 crypto rx=0 tx=0 comp rx=0 tx=0).connect
2023-07-09T21:00:13.733 INFO:teuthology.orchestra.run.smithi055.stdout:/usr/bin/ceph: stderr
2023-07-09T21:00:13.092+0000 7f7b0effd700 1 -- 172.21.15.55:0/4290803132 <== mon.0 v2:172.21.15.55:3300/0 5 ==== osd_map(2..2 src has 1..2) v4 ==== 940+0+0 (secure 0 0 0) 0x7f7b1404c7c0 con 0x7f7b1807a310
2023-07-09T21:00:13.733 INFO:teuthology.orchestra.run.smithi055.stdout:/usr/bin/ceph: stderr
2023-07-09T21:00:13.093+0000 7f7b1d100700 1 --2- 172.21.15.55:0/4290803132 >> [v2:172.21.15.55:6800/2666365158,v1:172.21.15.55:6801/2666365158] conn(0x7f7b04038760 0x7f7b0403ac10 unknown :-1 s=BANNER_CONNECTING pgs=0 cs=0 l=1 rev1=0 crypto rx=0 tx=0 comp rx=0 tx=0)._handle_peer_banner_payload supported=3 required=0
2023-07-09T21:00:13.733 INFO:teuthology.orchestra.run.smithi055.stdout:/usr/bin/ceph: stderr
2023-07-09T21:00:13.093+0000 7f7b1d100700 1 --2- 172.21.15.55:0/4290803132 >> [v2:172.21.15.55:6800/2666365158,v1:172.21.15.55:6801/2666365158] conn(0x7f7b04038760 0x7f7b0403ac10 secure :-1 s=READY pgs=8 cs=0 l=1 rev1=1 crypto rx=0x7f7b08006fd0 tx=0x7f7b08006e40 comp rx=0 tx=0).ready entity=mgr.14118 client_cookie=0 server_cookie=0 in_seq=0 out_seq=0
2023-07-09T21:00:13.734 INFO:teuthology.orchestra.run.smithi055.stdout:/usr/bin/ceph: stderr
2023-07-09T21:00:13.098+0000 7f7b0effd700 1 -- 172.21.15.55:0/4290803132 <== mon.0 v2:172.21.15.55:3300/0 6 ==== mon_command_ack([{"prefix": "get_command_descriptions"}]=0 v0) v1 ==== 72+0+178008 (secure 0 0 0) 0x7f7b14018920 con 0x7f7b1807a310
2023-07-09T21:00:13.734 INFO:teuthology.orchestra.run.smithi055.stdout:/usr/bin/ceph: stderr
2023-07-09T21:00:13.307+0000 7f7b1fb65700 1 -- 172.21.15.55:0/4290803132 --> [v2:172.21.15.55:6800/2666365158,v1:172.21.15.55:6801/2666365158] -- mgr_command(tid 0: {"prefix": "cephadm set-user", "user": "root", "target": ["mon-mgr", ""]}) v1 -- 0x7f7b1810bd40 con 0x7f7b04038760
2023-07-09T21:00:13.734 INFO:teuthology.orchestra.run.smithi055.stdout:/usr/bin/ceph: stderr
2023-07-09T21:00:13.307+0000 7f7b0effd700 1 -- 172.21.15.55:0/4290803132 <== mgr.14118 v2:172.21.15.55:6800/2666365158 1 ==== mgr_command_reply(tid 0: 0 ) v1 ==== 8+0+16 (secure 0 0 0) 0x7f7b1810bd40 con 0x7f7b04038760
2023-07-09T21:00:13.734 INFO:teuthology.orchestra.run.smithi055.stdout:/usr/bin/ceph: stderr
2023-07-09T21:00:13.310+0000 7f7b1fb65700 1 -- 172.21.15.55:0/4290803132 >> [v2:172.21.15.55:6800/2666365158,v1:172.21.15.55:6801/2666365158] conn(0x7f7b04038760 msgr2=0x7f7b0403ac10 secure :-1 s=STATE_CONNECTION_ESTABLISHED l=1).mark_down
2023-07-09T21:00:13.734 INFO:teuthology.orchestra.run.smithi055.stdout:/usr/bin/ceph: stderr
2023-07-09T21:00:13.310+0000 7f7b1fb65700 1 --2- 172.21.15.55:0/4290803132 >> [v2:172.21.15.55:6800/2666365158,v1:172.21.15.55:6801/2666365158] conn(0x7f7b04038760 0x7f7b0403ac10 secure :-1 s=READY pgs=8 cs=0 l=1 rev1=1 crypto rx=0x7f7b08006fd0 tx=0x7f7b08006e40 comp rx=0 tx=0).stop
2023-07-09T21:00:13.734 INFO:teuthology.orchestra.run.smithi055.stdout:/usr/bin/ceph: stderr
2023-07-09T21:00:13.310+0000 7f7b1fb65700 1 -- 172.21.15.55:0/4290803132 >> [v2:172.21.15.55:3300/0,v1:172.21.15.55:6789/0] conn(0x7f7b1807a310 msgr2=0x7f7b1819ba20 secure :-1 s=STATE_CONNECTION_ESTABLISHED l=1).mark_down
2023-07-09T21:00:13.734 INFO:teuthology.orchestra.run.smithi055.stdout:/usr/bin/ceph: stderr
2023-07-09T21:00:13.310+0000 7f7b1fb65700 1 --2- 172.21.15.55:0/4290803132 >> [v2:172.21.15.55:3300/0,v1:172.21.15.55:6789/0] conn(0x7f7b1807a310 0x7f7b1819ba20 secure :-1 s=READY pgs=38 cs=0 l=1 rev1=1 crypto rx=0x7f7b14009130 tx=0x7f7b14011ad0 comp rx=0 tx=0).stop
2023-07-09T21:00:13.734 INFO:teuthology.orchestra.run.smithi055.stdout:/usr/bin/ceph: stderr
2023-07-09T21:00:13.310+0000 7f7b1fb65700 1 -- 172.21.15.55:0/4290803132 shutdown_connections
2023-07-09T21:00:13.735 INFO:teuthology.orchestra.run.smithi055.stdout:/usr/bin/ceph: stderr
2023-07-09T21:00:13.310+0000 7f7b1fb65700 1 --2- 172.21.15.55:0/4290803132 >> [v2:172.21.15.55:6800/2666365158,v1:172.21.15.55:6801/2666365158] conn(0x7f7b04038760 0x7f7b0403ac10 unknown :-1 s=CLOSED pgs=8 cs=0 l=1 rev1=1 crypto rx=0 tx=0 comp rx=0 tx=0).stop
2023-07-09T21:00:13.735 INFO:teuthology.orchestra.run.smithi055.stdout:/usr/bin/ceph: stderr
2023-07-09T21:00:13.310+0000 7f7b1fb65700 1 --2- 172.21.15.55:0/4290803132 >> [v2:172.21.15.55:3300/0,v1:172.21.15.55:6789/0] conn(0x7f7b1807a310 0x7f7b1819ba20 unknown :-1 s=CLOSED pgs=38 cs=0 l=1 rev1=1 crypto rx=0 tx=0 comp rx=0 tx=0).stop
2023-07-09T21:00:13.735 INFO:teuthology.orchestra.run.smithi055.stdout:/usr/bin/ceph: stderr
2023-07-09T21:00:13.310+0000 7f7b1fb65700 1 -- 172.21.15.55:0/4290803132 >> 172.21.15.55:0/4290803132 conn(0x7f7b18100960 msgr2=0x7f7b18102150 unknown :-1 s=STATE_NONE l=0).mark_down
2023-07-09T21:00:13.735 INFO:teuthology.orchestra.run.smithi055.stdout:/usr/bin/ceph: stderr
2023-07-09T21:00:13.310+0000 7f7b1fb65700 1 -- 172.21.15.55:0/4290803132 shutdown_connections
2023-07-09T21:00:13.735 INFO:teuthology.orchestra.run.smithi055.stdout:/usr/bin/ceph: stderr
2023-07-09T21:00:13.310+0000 7f7b1fb65700 1 -- 172.21.15.55:0/4290803132 wait complete.
2023-07-09T21:00:13.735 INFO:teuthology.orchestra.run.smithi055.stdout:Generating ssh key...
2023-07-09T21:00:14.673 INFO:journalctl@ceph.mon.a.smithi055.stdout:Jul 09 21:00:14 smithi055 ceph-mon[95503]: from='client.14132 -' entity='client.admin' cmd=[{"prefix": "cephadm set-user", "user": "root", "target": ["mon-mgr", ""]}]: dispatch
2023-07-09T21:00:15.056 INFO:journalctl@ceph.mgr.x.smithi055.stdout:Jul 09 21:00:14 smithi055 ceph-64e2ce5e-1e9b-11ee-9b31-001a4aab830c-mgr-x[95749]: Generating public/private rsa key pair.
2023-07-09T21:00:15.057 INFO:journalctl@ceph.mgr.x.smithi055.stdout:Jul 09 21:00:14 smithi055 ceph-64e2ce5e-1e9b-11ee-9b31-001a4aab830c-mgr-x[95749]: Your identification has been saved in /tmp/tmp2_8t5kcn/key.
2023-07-09T21:00:15.057 INFO:journalctl@ceph.mgr.x.smithi055.stdout:Jul 09 21:00:14 smithi055 ceph-64e2ce5e-1e9b-11ee-9b31-001a4aab830c-mgr-x[95749]: Your public key has been saved in /tmp/tmp2_8t5kcn/key.pub.
2023-07-09T21:00:15.057 INFO:journalctl@ceph.mgr.x.smithi055.stdout:Jul 09 21:00:14 smithi055 ceph-64e2ce5e-1e9b-11ee-9b31-001a4aab830c-mgr-x[95749]: The key fingerprint is:
2023-07-09T21:00:15.057 INFO:journalctl@ceph.mgr.x.smithi055.stdout:Jul 09 21:00:14 smithi055 ceph-64e2ce5e-1e9b-11ee-9b31-001a4aab830c-mgr-x[95749]: SHA256:z/eZmKeXSByTO7XRKg7LoMolZb/GeElX7dvN3Mv91HM ceph-64e2ce5e-1e9b-11ee-9b31-001a4aab830c
2023-07-09T21:00:15.057 INFO:journalctl@ceph.mgr.x.smithi055.stdout:Jul 09 21:00:14 smithi055 ceph-64e2ce5e-1e9b-11ee-9b31-001a4aab830c-mgr-x[95749]: The key's randomart image is:
2023-07-09T21:00:15.057 INFO:journalctl@ceph.mgr.x.smithi055.stdout:Jul 09 21:00:14 smithi055 ceph-64e2ce5e-1e9b-11ee-9b31-001a4aab830c-mgr-x[95749]: +---[RSA 3072]----+
2023-07-09T21:00:15.057 INFO:journalctl@ceph.mgr.x.smithi055.stdout:Jul 09 21:00:14 smithi055 ceph-64e2ce5e-1e9b-11ee-9b31-001a4aab830c-mgr-x[95749]: | |
2023-07-09T21:00:15.058 INFO:journalctl@ceph.mgr.x.smithi055.stdout:Jul 09 21:00:14 smithi055 ceph-64e2ce5e-1e9b-11ee-9b31-001a4aab830c-mgr-x[95749]: | |
2023-07-09T21:00:15.058 INFO:journalctl@ceph.mgr.x.smithi055.stdout:Jul 09 21:00:14 smithi055 ceph-64e2ce5e-1e9b-11ee-9b31-001a4aab830c-mgr-x[95749]: | o . |
2023-07-09T21:00:15.058 INFO:journalctl@ceph.mgr.x.smithi055.stdout:Jul 09 21:00:14 smithi055 ceph-64e2ce5e-1e9b-11ee-9b31-001a4aab830c-mgr-x[95749]: | = + .|
2023-07-09T21:00:15.058 INFO:journalctl@ceph.mgr.x.smithi055.stdout:Jul 09 21:00:14 smithi055 ceph-64e2ce5e-1e9b-11ee-9b31-001a4aab830c-mgr-x[95749]: | o S o * + |
2023-07-09T21:00:15.058 INFO:journalctl@ceph.mgr.x.smithi055.stdout:Jul 09 21:00:14 smithi055 ceph-64e2ce5e-1e9b-11ee-9b31-001a4aab830c-mgr-x[95749]: | o .ooo * + .|
2023-07-09T21:00:15.058 INFO:journalctl@ceph.mgr.x.smithi055.stdout:Jul 09 21:00:14 smithi055 ceph-64e2ce5e-1e9b-11ee-9b31-001a4aab830c-mgr-x[95749]: | . .=.=o=.+ BE|
2023-07-09T21:00:15.058 INFO:journalctl@ceph.mgr.x.smithi055.stdout:Jul 09 21:00:14 smithi055 ceph-64e2ce5e-1e9b-11ee-9b31-001a4aab830c-mgr-x[95749]: | . oo =.o.o+*+X|
2023-07-09T21:00:15.059 INFO:journalctl@ceph.mgr.x.smithi055.stdout:Jul 09 21:00:14 smithi055 ceph-64e2ce5e-1e9b-11ee-9b31-001a4aab830c-mgr-x[95749]: | o. o. +++o=|
2023-07-09T21:00:15.059 INFO:journalctl@ceph.mgr.x.smithi055.stdout:Jul 09 21:00:14 smithi055 ceph-64e2ce5e-1e9b-11ee-9b31-001a4aab830c-mgr-x[95749]: +----[SHA256]-----+
2023-07-09T21:00:15.115 INFO:teuthology.orchestra.run.smithi055.stdout:/usr/bin/ceph: stderr
2023-07-09T21:00:14.275+0000 7f3c48bb1700 1 Processor -- start
2023-07-09T21:00:15.115 INFO:teuthology.orchestra.run.smithi055.stdout:/usr/bin/ceph: stderr
2023-07-09T21:00:14.276+0000 7f3c48bb1700 1 -- start start
2023-07-09T21:00:15.116 INFO:teuthology.orchestra.run.smithi055.stdout:/usr/bin/ceph: stderr
2023-07-09T21:00:14.276+0000 7f3c48bb1700 1 --2- >> [v2:172.21.15.55:3300/0,v1:172.21.15.55:6789/0] conn(0x7f3c441056f0 0x7f3c44106570 unknown :-1 s=NONE pgs=0 cs=0 l=0 rev1=0 crypto rx=0 tx=0 comp rx=0 tx=0).connect
2023-07-09T21:00:15.116 INFO:teuthology.orchestra.run.smithi055.stdout:/usr/bin/ceph: stderr
2023-07-09T21:00:14.276+0000 7f3c48bb1700 1 -- --> [v2:172.21.15.55:3300/0,v1:172.21.15.55:6789/0] -- mon_getmap magic: 0 v1 -- 0x7f3c44105b00 con 0x7f3c441056f0
2023-07-09T21:00:15.116 INFO:teuthology.orchestra.run.smithi055.stdout:/usr/bin/ceph: stderr
2023-07-09T21:00:14.276+0000 7f3c4259c700 1 --2- >> [v2:172.21.15.55:3300/0,v1:172.21.15.55:6789/0] conn(0x7f3c441056f0 0x7f3c44106570 unknown :-1 s=BANNER_CONNECTING pgs=0 cs=0 l=0 rev1=0 crypto rx=0 tx=0 comp rx=0 tx=0)._handle_peer_banner_payload supported=3 required=0
2023-07-09T21:00:15.116 INFO:teuthology.orchestra.run.smithi055.stdout:/usr/bin/ceph: stderr
2023-07-09T21:00:14.276+0000 7f3c4259c700 1 --2- >> [v2:172.21.15.55:3300/0,v1:172.21.15.55:6789/0] conn(0x7f3c441056f0 0x7f3c44106570 unknown :-1 s=HELLO_CONNECTING pgs=0 cs=0 l=0 rev1=1 crypto rx=0 tx=0 comp rx=0 tx=0).handle_hello peer v2:172.21.15.55:3300/0 says I am v2:172.21.15.55:39644/0 (socket says 172.21.15.55:39644)
2023-07-09T21:00:15.116 INFO:teuthology.orchestra.run.smithi055.stdout:/usr/bin/ceph: stderr
2023-07-09T21:00:14.276+0000 7f3c4259c700 1 -- 172.21.15.55:0/221665648 learned_addr learned my addr 172.21.15.55:0/221665648 (peer_addr_for_me v2:172.21.15.55:0/0)
2023-07-09T21:00:15.116 INFO:teuthology.orchestra.run.smithi055.stdout:/usr/bin/ceph: stderr
2023-07-09T21:00:14.277+0000 7f3c4259c700 1 -- 172.21.15.55:0/221665648 --> [v2:172.21.15.55:3300/0,v1:172.21.15.55:6789/0] -- mon_subscribe({config=0+,monmap=0+}) v3 -- 0x7f3c44105c40 con 0x7f3c441056f0
2023-07-09T21:00:15.117 INFO:teuthology.orchestra.run.smithi055.stdout:/usr/bin/ceph: stderr
2023-07-09T21:00:14.277+0000 7f3c4259c700 1 --2- 172.21.15.55:0/221665648 >> [v2:172.21.15.55:3300/0,v1:172.21.15.55:6789/0] conn(0x7f3c441056f0 0x7f3c44106570 secure :-1 s=READY pgs=39 cs=0 l=1 rev1=1 crypto rx=0x7f3c340098a0 tx=0x7f3c34009bb0 comp rx=0 tx=0).ready entity=mon.0 client_cookie=db9ec0b3b88341cc server_cookie=0 in_seq=0 out_seq=0
2023-07-09T21:00:15.117 INFO:teuthology.orchestra.run.smithi055.stdout:/usr/bin/ceph: stderr
2023-07-09T21:00:14.277+0000 7f3c4159a700 1 -- 172.21.15.55:0/221665648 <== mon.0 v2:172.21.15.55:3300/0 1 ==== mon_map magic: 0 v1 ==== 205+0+0 (secure 0 0 0) 0x7f3c34004160 con 0x7f3c441056f0
2023-07-09T21:00:15.117 INFO:teuthology.orchestra.run.smithi055.stdout:/usr/bin/ceph: stderr
2023-07-09T21:00:14.277+0000 7f3c4159a700 1 -- 172.21.15.55:0/221665648 <== mon.0 v2:172.21.15.55:3300/0 2 ==== config(26 keys) v1 ==== 1074+0+0 (secure 0 0 0) 0x7f3c340042c0 con 0x7f3c441056f0
2023-07-09T21:00:15.117 INFO:teuthology.orchestra.run.smithi055.stdout:/usr/bin/ceph: stderr
2023-07-09T21:00:14.277+0000 7f3c4159a700 1 -- 172.21.15.55:0/221665648 <== mon.0 v2:172.21.15.55:3300/0 3 ==== mon_map magic: 0 v1 ==== 205+0+0 (secure 0 0 0) 0x7f3c34011a00 con 0x7f3c441056f0
2023-07-09T21:00:15.117 INFO:teuthology.orchestra.run.smithi055.stdout:/usr/bin/ceph: stderr
2023-07-09T21:00:14.278+0000 7f3c48bb1700 1 -- 172.21.15.55:0/221665648 >> [v2:172.21.15.55:3300/0,v1:172.21.15.55:6789/0] conn(0x7f3c441056f0 msgr2=0x7f3c44106570 secure :-1 s=STATE_CONNECTION_ESTABLISHED l=1).mark_down
2023-07-09T21:00:15.117 INFO:teuthology.orchestra.run.smithi055.stdout:/usr/bin/ceph: stderr
2023-07-09T21:00:14.278+0000 7f3c48bb1700 1 --2- 172.21.15.55:0/221665648 >> [v2:172.21.15.55:3300/0,v1:172.21.15.55:6789/0] conn(0x7f3c441056f0 0x7f3c44106570 secure :-1 s=READY pgs=39 cs=0 l=1 rev1=1 crypto rx=0x7f3c340098a0 tx=0x7f3c34009bb0 comp rx=0 tx=0).stop
2023-07-09T21:00:15.117 INFO:teuthology.orchestra.run.smithi055.stdout:/usr/bin/ceph: stderr
2023-07-09T21:00:14.278+0000 7f3c48bb1700 1 -- 172.21.15.55:0/221665648 shutdown_connections
2023-07-09T21:00:15.118 INFO:teuthology.orchestra.run.smithi055.stdout:/usr/bin/ceph: stderr
2023-07-09T21:00:14.278+0000 7f3c48bb1700 1 --2- 172.21.15.55:0/221665648 >> [v2:172.21.15.55:3300/0,v1:172.21.15.55:6789/0] conn(0x7f3c441056f0 0x7f3c44106570 unknown :-1 s=CLOSED pgs=39 cs=0 l=1 rev1=1 crypto rx=0 tx=0 comp rx=0 tx=0).stop
2023-07-09T21:00:15.118 INFO:teuthology.orchestra.run.smithi055.stdout:/usr/bin/ceph: stderr
2023-07-09T21:00:14.278+0000 7f3c48bb1700 1 -- 172.21.15.55:0/221665648 >> 172.21.15.55:0/221665648 conn(0x7f3c44100960 msgr2=0x7f3c44102d70 unknown :-1 s=STATE_NONE l=0).mark_down
2023-07-09T21:00:15.118 INFO:teuthology.orchestra.run.smithi055.stdout:/usr/bin/ceph: stderr
2023-07-09T21:00:14.278+0000 7f3c48bb1700 1 -- 172.21.15.55:0/221665648 shutdown_connections
2023-07-09T21:00:15.118 INFO:teuthology.orchestra.run.smithi055.stdout:/usr/bin/ceph: stderr
2023-07-09T21:00:14.278+0000 7f3c48bb1700 1 -- 172.21.15.55:0/221665648 wait complete.
2023-07-09T21:00:15.118 INFO:teuthology.orchestra.run.smithi055.stdout:/usr/bin/ceph: stderr
2023-07-09T21:00:14.279+0000 7f3c48bb1700 1 Processor -- start
2023-07-09T21:00:15.118 INFO:teuthology.orchestra.run.smithi055.stdout:/usr/bin/ceph: stderr
2023-07-09T21:00:14.279+0000 7f3c48bb1700 1 -- start start
2023-07-09T21:00:15.118 INFO:teuthology.orchestra.run.smithi055.stdout:/usr/bin/ceph: stderr
2023-07-09T21:00:14.279+0000 7f3c48bb1700 1 --2- >> [v2:172.21.15.55:3300/0,v1:172.21.15.55:6789/0] conn(0x7f3c441056f0 0x7f3c4419b9e0 unknown :-1 s=NONE pgs=0 cs=0 l=1 rev1=0 crypto rx=0 tx=0 comp rx=0 tx=0).connect
2023-07-09T21:00:15.119 INFO:teuthology.orchestra.run.smithi055.stdout:/usr/bin/ceph: stderr
2023-07-09T21:00:14.279+0000 7f3c48bb1700 1 -- --> [v2:172.21.15.55:3300/0,v1:172.21.15.55:6789/0] -- mon_getmap magic: 0 v1 -- 0x7f3c4419bf20 con 0x7f3c441056f0
2023-07-09T21:00:15.119 INFO:teuthology.orchestra.run.smithi055.stdout:/usr/bin/ceph: stderr
2023-07-09T21:00:14.280+0000 7f3c4259c700 1 --2- >> [v2:172.21.15.55:3300/0,v1:172.21.15.55:6789/0] conn(0x7f3c441056f0 0x7f3c4419b9e0 unknown :-1 s=BANNER_CONNECTING pgs=0 cs=0 l=1 rev1=0 crypto rx=0 tx=0 comp rx=0 tx=0)._handle_peer_banner_payload supported=3 required=0
2023-07-09T21:00:15.119 INFO:teuthology.orchestra.run.smithi055.stdout:/usr/bin/ceph: stderr
2023-07-09T21:00:14.280+0000 7f3c4259c700 1 --2- >> [v2:172.21.15.55:3300/0,v1:172.21.15.55:6789/0] conn(0x7f3c441056f0 0x7f3c4419b9e0 unknown :-1 s=HELLO_CONNECTING pgs=0 cs=0 l=1 rev1=1 crypto rx=0 tx=0 comp rx=0 tx=0).handle_hello peer v2:172.21.15.55:3300/0 says I am v2:172.21.15.55:39656/0 (socket says 172.21.15.55:39656)
2023-07-09T21:00:15.119 INFO:teuthology.orchestra.run.smithi055.stdout:/usr/bin/ceph: stderr
2023-07-09T21:00:14.280+0000 7f3c4259c700 1 -- 172.21.15.55:0/1189151106 learned_addr learned my addr 172.21.15.55:0/1189151106 (peer_addr_for_me v2:172.21.15.55:0/0)
2023-07-09T21:00:15.119 INFO:teuthology.orchestra.run.smithi055.stdout:/usr/bin/ceph: stderr
2023-07-09T21:00:14.280+0000 7f3c4259c700 1 -- 172.21.15.55:0/1189151106 --> [v2:172.21.15.55:3300/0,v1:172.21.15.55:6789/0] -- mon_subscribe({config=0+,monmap=0+}) v3 -- 0x7f3c34009550 con 0x7f3c441056f0
2023-07-09T21:00:15.119 INFO:teuthology.orchestra.run.smithi055.stdout:/usr/bin/ceph: stderr
2023-07-09T21:00:14.280+0000 7f3c4259c700 1 --2- 172.21.15.55:0/1189151106 >> [v2:172.21.15.55:3300/0,v1:172.21.15.55:6789/0] conn(0x7f3c441056f0 0x7f3c4419b9e0 secure :-1 s=READY pgs=40 cs=0 l=1 rev1=1 crypto rx=0x7f3c34009130 tx=0x7f3c34011ad0 comp rx=0 tx=0).ready entity=mon.0 client_cookie=0 server_cookie=0 in_seq=0 out_seq=0
2023-07-09T21:00:15.119 INFO:teuthology.orchestra.run.smithi055.stdout:/usr/bin/ceph: stderr
2023-07-09T21:00:14.280+0000 7f3c337fe700 1 -- 172.21.15.55:0/1189151106 <== mon.0 v2:172.21.15.55:3300/0 1 ==== mon_map magic: 0 v1 ==== 205+0+0 (secure 0 0 0) 0x7f3c34003b70 con 0x7f3c441056f0
2023-07-09T21:00:15.119 INFO:teuthology.orchestra.run.smithi055.stdout:/usr/bin/ceph: stderr
2023-07-09T21:00:14.280+0000 7f3c337fe700 1 -- 172.21.15.55:0/1189151106 <== mon.0 v2:172.21.15.55:3300/0 2 ==== config(26 keys) v1 ==== 1074+0+0 (secure 0 0 0) 0x7f3c34003cd0 con 0x7f3c441056f0
2023-07-09T21:00:15.120 INFO:teuthology.orchestra.run.smithi055.stdout:/usr/bin/ceph: stderr
2023-07-09T21:00:14.280+0000 7f3c48bb1700 1 -- 172.21.15.55:0/1189151106 --> [v2:172.21.15.55:3300/0,v1:172.21.15.55:6789/0] -- mon_subscribe({mgrmap=0+}) v3 -- 0x7f3c4419c120 con 0x7f3c441056f0
2023-07-09T21:00:15.120 INFO:teuthology.orchestra.run.smithi055.stdout:/usr/bin/ceph: stderr
2023-07-09T21:00:14.281+0000 7f3c337fe700 1 -- 172.21.15.55:0/1189151106 <== mon.0 v2:172.21.15.55:3300/0 3 ==== mon_map magic: 0 v1 ==== 205+0+0 (secure 0 0 0) 0x7f3c340197d0 con 0x7f3c441056f0
2023-07-09T21:00:15.120 INFO:teuthology.orchestra.run.smithi055.stdout:/usr/bin/ceph: stderr
2023-07-09T21:00:14.281+0000 7f3c48bb1700 1 -- 172.21.15.55:0/1189151106 --> [v2:172.21.15.55:3300/0,v1:172.21.15.55:6789/0] -- mon_subscribe({osdmap=0}) v3 -- 0x7f3c4419c540 con 0x7f3c441056f0
2023-07-09T21:00:15.120 INFO:teuthology.orchestra.run.smithi055.stdout:/usr/bin/ceph: stderr
2023-07-09T21:00:14.282+0000 7f3c48bb1700 1 -- 172.21.15.55:0/1189151106 --> [v2:172.21.15.55:3300/0,v1:172.21.15.55:6789/0] -- mon_command({"prefix": "get_command_descriptions"} v 0) v1 -- 0x7f3c441958c0 con 0x7f3c441056f0
2023-07-09T21:00:15.120 INFO:teuthology.orchestra.run.smithi055.stdout:/usr/bin/ceph: stderr
2023-07-09T21:00:14.282+0000 7f3c337fe700 1 -- 172.21.15.55:0/1189151106 <== mon.0 v2:172.21.15.55:3300/0 4 ==== mgrmap(e 8) v1 ==== 45483+0+0 (secure 0 0 0) 0x7f3c3401abb0 con 0x7f3c441056f0
2023-07-09T21:00:15.120 INFO:teuthology.orchestra.run.smithi055.stdout:/usr/bin/ceph: stderr
2023-07-09T21:00:14.282+0000 7f3c337fe700 1 --2- 172.21.15.55:0/1189151106 >> [v2:172.21.15.55:6800/2666365158,v1:172.21.15.55:6801/2666365158] conn(0x7f3c2c038760 0x7f3c2c03ac10 unknown :-1 s=NONE pgs=0 cs=0 l=1 rev1=0 crypto rx=0 tx=0 comp rx=0 tx=0).connect
2023-07-09T21:00:15.120 INFO:teuthology.orchestra.run.smithi055.stdout:/usr/bin/ceph: stderr
2023-07-09T21:00:14.282+0000 7f3c337fe700 1 -- 172.21.15.55:0/1189151106 <== mon.0 v2:172.21.15.55:3300/0 5 ==== osd_map(2..2 src has 1..2) v4 ==== 940+0+0 (secure 0 0 0) 0x7f3c3404c9a0 con 0x7f3c441056f0
2023-07-09T21:00:15.121 INFO:teuthology.orchestra.run.smithi055.stdout:/usr/bin/ceph: stderr
2023-07-09T21:00:14.283+0000 7f3c41d9b700 1 --2- 172.21.15.55:0/1189151106 >> [v2:172.21.15.55:6800/2666365158,v1:172.21.15.55:6801/2666365158] conn(0x7f3c2c038760 0x7f3c2c03ac10 unknown :-1 s=BANNER_CONNECTING pgs=0 cs=0 l=1 rev1=0 crypto rx=0 tx=0 comp rx=0 tx=0)._handle_peer_banner_payload supported=3 required=0
2023-07-09T21:00:15.121 INFO:teuthology.orchestra.run.smithi055.stdout:/usr/bin/ceph: stderr
2023-07-09T21:00:14.283+0000 7f3c41d9b700 1 --2- 172.21.15.55:0/1189151106 >> [v2:172.21.15.55:6800/2666365158,v1:172.21.15.55:6801/2666365158] conn(0x7f3c2c038760 0x7f3c2c03ac10 secure :-1 s=READY pgs=9 cs=0 l=1 rev1=1 crypto rx=0x7f3c38006fd0 tx=0x7f3c38006e40 comp rx=0 tx=0).ready entity=mgr.14118 client_cookie=0 server_cookie=0 in_seq=0 out_seq=0
2023-07-09T21:00:15.121 INFO:teuthology.orchestra.run.smithi055.stdout:/usr/bin/ceph: stderr
2023-07-09T21:00:14.287+0000 7f3c337fe700 1 -- 172.21.15.55:0/1189151106 <== mon.0 v2:172.21.15.55:3300/0 6 ==== mon_command_ack([{"prefix": "get_command_descriptions"}]=0 v0) v1 ==== 72+0+178008 (secure 0 0 0) 0x7f3c3401a430 con 0x7f3c441056f0
2023-07-09T21:00:15.121 INFO:teuthology.orchestra.run.smithi055.stdout:/usr/bin/ceph: stderr
2023-07-09T21:00:14.494+0000 7f3c48bb1700 1 -- 172.21.15.55:0/1189151106 --> [v2:172.21.15.55:6800/2666365158,v1:172.21.15.55:6801/2666365158] -- mgr_command(tid 0: {"prefix": "cephadm generate-key", "target": ["mon-mgr", ""]}) v1 -- 0x7f3c44109b30 con 0x7f3c2c038760
2023-07-09T21:00:15.121 INFO:teuthology.orchestra.run.smithi055.stdout:/usr/bin/ceph: stderr
2023-07-09T21:00:14.682+0000 7f3c337fe700 1 -- 172.21.15.55:0/1189151106 <== mgr.14118 v2:172.21.15.55:6800/2666365158 1 ==== mgr_command_reply(tid 0: 0 ) v1 ==== 8+0+0 (secure 0 0 0) 0x7f3c44109b30 con 0x7f3c2c038760
2023-07-09T21:00:15.121 INFO:teuthology.orchestra.run.smithi055.stdout:/usr/bin/ceph: stderr
2023-07-09T21:00:14.685+0000 7f3c48bb1700 1 -- 172.21.15.55:0/1189151106 >> [v2:172.21.15.55:6800/2666365158,v1:172.21.15.55:6801/2666365158] conn(0x7f3c2c038760 msgr2=0x7f3c2c03ac10 secure :-1 s=STATE_CONNECTION_ESTABLISHED l=1).mark_down
2023-07-09T21:00:15.121 INFO:teuthology.orchestra.run.smithi055.stdout:/usr/bin/ceph: stderr
2023-07-09T21:00:14.685+0000 7f3c48bb1700 1 --2- 172.21.15.55:0/1189151106 >> [v2:172.21.15.55:6800/2666365158,v1:172.21.15.55:6801/2666365158] conn(0x7f3c2c038760 0x7f3c2c03ac10 secure :-1 s=READY pgs=9 cs=0 l=1 rev1=1 crypto rx=0x7f3c38006fd0 tx=0x7f3c38006e40 comp rx=0 tx=0).stop
2023-07-09T21:00:15.121 INFO:teuthology.orchestra.run.smithi055.stdout:/usr/bin/ceph: stderr
2023-07-09T21:00:14.685+0000 7f3c48bb1700 1 -- 172.21.15.55:0/1189151106 >> [v2:172.21.15.55:3300/0,v1:172.21.15.55:6789/0] conn(0x7f3c441056f0 msgr2=0x7f3c4419b9e0 secure :-1 s=STATE_CONNECTION_ESTABLISHED l=1).mark_down
2023-07-09T21:00:15.122 INFO:teuthology.orchestra.run.smithi055.stdout:/usr/bin/ceph: stderr
2023-07-09T21:00:14.685+0000 7f3c48bb1700 1 --2- 172.21.15.55:0/1189151106 >> [v2:172.21.15.55:3300/0,v1:172.21.15.55:6789/0] conn(0x7f3c441056f0 0x7f3c4419b9e0 secure :-1 s=READY pgs=40 cs=0 l=1 rev1=1 crypto rx=0x7f3c34009130 tx=0x7f3c34011ad0 comp rx=0 tx=0).stop
2023-07-09T21:00:15.122 INFO:teuthology.orchestra.run.smithi055.stdout:/usr/bin/ceph: stderr
2023-07-09T21:00:14.685+0000 7f3c48bb1700 1 -- 172.21.15.55:0/1189151106 shutdown_connections
2023-07-09T21:00:15.122 INFO:teuthology.orchestra.run.smithi055.stdout:/usr/bin/ceph: stderr
2023-07-09T21:00:14.685+0000 7f3c48bb1700 1 --2- 172.21.15.55:0/1189151106 >> [v2:172.21.15.55:6800/2666365158,v1:172.21.15.55:6801/2666365158] conn(0x7f3c2c038760 0x7f3c2c03ac10 unknown :-1 s=CLOSED pgs=9 cs=0 l=1 rev1=1 crypto rx=0 tx=0 comp rx=0 tx=0).stop
2023-07-09T21:00:15.122 INFO:teuthology.orchestra.run.smithi055.stdout:/usr/bin/ceph: stderr
2023-07-09T21:00:14.685+0000 7f3c48bb1700 1 --2- 172.21.15.55:0/1189151106 >> [v2:172.21.15.55:3300/0,v1:172.21.15.55:6789/0] conn(0x7f3c441056f0 0x7f3c4419b9e0 unknown :-1 s=CLOSED pgs=40 cs=0 l=1 rev1=1 crypto rx=0 tx=0 comp rx=0 tx=0).stop
