2023-07-09T21:00:02.736 INFO:journalctl@ceph.mgr.x.smithi055.stdout:Jul 09 21:00:02 smithi055 ceph-64e2ce5e-1e9b-11ee-9b31-001a4aab830c-mgr-x[95749]:
2023-07-09T21:00:02.733+0000 7f9691eba200 -1 mgr[py] Module selftest has missing NOTIFY_TYPES member
2023-07-09T21:00:02.962 INFO:teuthology.orchestra.run.smithi055.stdout:/usr/bin/ceph: stdout {
2023-07-09T21:00:02.966 INFO:teuthology.orchestra.run.smithi055.stdout:/usr/bin/ceph: stdout "epoch": 5,
2023-07-09T21:00:02.966 INFO:teuthology.orchestra.run.smithi055.stdout:/usr/bin/ceph: stdout "available": true,
2023-07-09T21:00:02.967 INFO:teuthology.orchestra.run.smithi055.stdout:/usr/bin/ceph: stdout "active_name": "x",
2023-07-09T21:00:02.967 INFO:teuthology.orchestra.run.smithi055.stdout:/usr/bin/ceph: stdout "num_standby": 0
2023-07-09T21:00:02.967 INFO:teuthology.orchestra.run.smithi055.stdout:/usr/bin/ceph: stdout }
2023-07-09T21:00:02.967 INFO:teuthology.orchestra.run.smithi055.stdout:/usr/bin/ceph: stderr
2023-07-09T21:00:02.140+0000 7f848b642700 1 Processor -- start
2023-07-09T21:00:02.968 INFO:teuthology.orchestra.run.smithi055.stdout:/usr/bin/ceph: stderr
2023-07-09T21:00:02.140+0000 7f848b642700 1 -- start start
2023-07-09T21:00:02.968 INFO:teuthology.orchestra.run.smithi055.stdout:/usr/bin/ceph: stderr
2023-07-09T21:00:02.140+0000 7f848b642700 1 --2- >> [v2:172.21.15.55:3300/0,v1:172.21.15.55:6789/0] conn(0x7f84841056f0 0x7f8484106570 unknown :-1 s=NONE pgs=0 cs=0 l=0 rev1=0 crypto rx=0 tx=0 comp rx=0 tx=0).connect
2023-07-09T21:00:02.968 INFO:teuthology.orchestra.run.smithi055.stdout:/usr/bin/ceph: stderr
2023-07-09T21:00:02.140+0000 7f848b642700 1 -- --> [v2:172.21.15.55:3300/0,v1:172.21.15.55:6789/0] -- mon_getmap magic: 0 v1 -- 0x7f8484105b00 con 0x7f84841056f0
2023-07-09T21:00:02.968 INFO:teuthology.orchestra.run.smithi055.stdout:/usr/bin/ceph: stderr
2023-07-09T21:00:02.141+0000 7f84893de700 1 --2- >> [v2:172.21.15.55:3300/0,v1:172.21.15.55:6789/0] conn(0x7f84841056f0 0x7f8484106570 unknown :-1 s=BANNER_CONNECTING pgs=0 cs=0 l=0 rev1=0 crypto rx=0 tx=0 comp rx=0 tx=0)._handle_peer_banner_payload supported=3 required=0
2023-07-09T21:00:02.968 INFO:teuthology.orchestra.run.smithi055.stdout:/usr/bin/ceph: stderr
2023-07-09T21:00:02.141+0000 7f84893de700 1 --2- >> [v2:172.21.15.55:3300/0,v1:172.21.15.55:6789/0] conn(0x7f84841056f0 0x7f8484106570 unknown :-1 s=HELLO_CONNECTING pgs=0 cs=0 l=0 rev1=1 crypto rx=0 tx=0 comp rx=0 tx=0).handle_hello peer v2:172.21.15.55:3300/0 says I am v2:172.21.15.55:38778/0 (socket says 172.21.15.55:38778)
2023-07-09T21:00:02.968 INFO:teuthology.orchestra.run.smithi055.stdout:/usr/bin/ceph: stderr
2023-07-09T21:00:02.141+0000 7f84893de700 1 -- 172.21.15.55:0/1741582466 learned_addr learned my addr 172.21.15.55:0/1741582466 (peer_addr_for_me v2:172.21.15.55:0/0)
2023-07-09T21:00:02.969 INFO:teuthology.orchestra.run.smithi055.stdout:/usr/bin/ceph: stderr
2023-07-09T21:00:02.141+0000 7f84893de700 1 -- 172.21.15.55:0/1741582466 --> [v2:172.21.15.55:3300/0,v1:172.21.15.55:6789/0] -- mon_subscribe({config=0+,monmap=0+}) v3 -- 0x7f8484105c40 con 0x7f84841056f0
2023-07-09T21:00:02.969 INFO:teuthology.orchestra.run.smithi055.stdout:/usr/bin/ceph: stderr
2023-07-09T21:00:02.141+0000 7f84893de700 1 --2- 172.21.15.55:0/1741582466 >> [v2:172.21.15.55:3300/0,v1:172.21.15.55:6789/0] conn(0x7f84841056f0 0x7f8484106570 secure :-1 s=READY pgs=24 cs=0 l=1 rev1=1 crypto rx=0x7f84800098a0 tx=0x7f8480009bb0 comp rx=0 tx=0).ready entity=mon.0 client_cookie=89a4189642063616 server_cookie=0 in_seq=0 out_seq=0
2023-07-09T21:00:02.969 INFO:teuthology.orchestra.run.smithi055.stdout:/usr/bin/ceph: stderr
2023-07-09T21:00:02.142+0000 7f847bfff700 1 -- 172.21.15.55:0/1741582466 <== mon.0 v2:172.21.15.55:3300/0 1 ==== mon_map magic: 0 v1 ==== 205+0+0 (secure 0 0 0) 0x7f8480004160 con 0x7f84841056f0
2023-07-09T21:00:02.969 INFO:teuthology.orchestra.run.smithi055.stdout:/usr/bin/ceph: stderr
2023-07-09T21:00:02.142+0000 7f847bfff700 1 -- 172.21.15.55:0/1741582466 <== mon.0 v2:172.21.15.55:3300/0 2 ==== config(26 keys) v1 ==== 1074+0+0 (secure 0 0 0) 0x7f84800042c0 con 0x7f84841056f0
2023-07-09T21:00:02.969 INFO:teuthology.orchestra.run.smithi055.stdout:/usr/bin/ceph: stderr
2023-07-09T21:00:02.142+0000 7f847bfff700 1 -- 172.21.15.55:0/1741582466 <== mon.0 v2:172.21.15.55:3300/0 3 ==== mon_map magic: 0 v1 ==== 205+0+0 (secure 0 0 0) 0x7f8480011a00 con 0x7f84841056f0
2023-07-09T21:00:02.970 INFO:teuthology.orchestra.run.smithi055.stdout:/usr/bin/ceph: stderr
2023-07-09T21:00:02.142+0000 7f848b642700 1 -- 172.21.15.55:0/1741582466 >> [v2:172.21.15.55:3300/0,v1:172.21.15.55:6789/0] conn(0x7f84841056f0 msgr2=0x7f8484106570 secure :-1 s=STATE_CONNECTION_ESTABLISHED l=1).mark_down
2023-07-09T21:00:02.970 INFO:teuthology.orchestra.run.smithi055.stdout:/usr/bin/ceph: stderr
2023-07-09T21:00:02.142+0000 7f848b642700 1 --2- 172.21.15.55:0/1741582466 >> [v2:172.21.15.55:3300/0,v1:172.21.15.55:6789/0] conn(0x7f84841056f0 0x7f8484106570 secure :-1 s=READY pgs=24 cs=0 l=1 rev1=1 crypto rx=0x7f84800098a0 tx=0x7f8480009bb0 comp rx=0 tx=0).stop
2023-07-09T21:00:02.970 INFO:teuthology.orchestra.run.smithi055.stdout:/usr/bin/ceph: stderr
2023-07-09T21:00:02.142+0000 7f848b642700 1 -- 172.21.15.55:0/1741582466 shutdown_connections
2023-07-09T21:00:02.970 INFO:teuthology.orchestra.run.smithi055.stdout:/usr/bin/ceph: stderr
2023-07-09T21:00:02.142+0000 7f848b642700 1 --2- 172.21.15.55:0/1741582466 >> [v2:172.21.15.55:3300/0,v1:172.21.15.55:6789/0] conn(0x7f84841056f0 0x7f8484106570 unknown :-1 s=CLOSED pgs=24 cs=0 l=1 rev1=1 crypto rx=0 tx=0 comp rx=0 tx=0).stop
2023-07-09T21:00:02.970 INFO:teuthology.orchestra.run.smithi055.stdout:/usr/bin/ceph: stderr
2023-07-09T21:00:02.142+0000 7f848b642700 1 -- 172.21.15.55:0/1741582466 >> 172.21.15.55:0/1741582466 conn(0x7f8484100960 msgr2=0x7f8484102d70 unknown :-1 s=STATE_NONE l=0).mark_down
2023-07-09T21:00:02.970 INFO:teuthology.orchestra.run.smithi055.stdout:/usr/bin/ceph: stderr
2023-07-09T21:00:02.142+0000 7f848b642700 1 -- 172.21.15.55:0/1741582466 shutdown_connections
2023-07-09T21:00:02.970 INFO:teuthology.orchestra.run.smithi055.stdout:/usr/bin/ceph: stderr
2023-07-09T21:00:02.143+0000 7f848b642700 1 -- 172.21.15.55:0/1741582466 wait complete.
2023-07-09T21:00:02.970 INFO:teuthology.orchestra.run.smithi055.stdout:/usr/bin/ceph: stderr
2023-07-09T21:00:02.144+0000 7f848b642700 1 Processor -- start
2023-07-09T21:00:02.971 INFO:teuthology.orchestra.run.smithi055.stdout:/usr/bin/ceph: stderr
2023-07-09T21:00:02.144+0000 7f848b642700 1 -- start start
2023-07-09T21:00:02.971 INFO:teuthology.orchestra.run.smithi055.stdout:/usr/bin/ceph: stderr
2023-07-09T21:00:02.144+0000 7f848b642700 1 --2- >> [v2:172.21.15.55:3300/0,v1:172.21.15.55:6789/0] conn(0x7f84841056f0 0x7f848407bc60 unknown :-1 s=NONE pgs=0 cs=0 l=1 rev1=0 crypto rx=0 tx=0 comp rx=0 tx=0).connect
2023-07-09T21:00:02.971 INFO:teuthology.orchestra.run.smithi055.stdout:/usr/bin/ceph: stderr
2023-07-09T21:00:02.144+0000 7f848b642700 1 -- --> [v2:172.21.15.55:3300/0,v1:172.21.15.55:6789/0] -- mon_getmap magic: 0 v1 -- 0x7f848407c1a0 con 0x7f84841056f0
2023-07-09T21:00:02.971 INFO:teuthology.orchestra.run.smithi055.stdout:/usr/bin/ceph: stderr
2023-07-09T21:00:02.144+0000 7f84893de700 1 --2- >> [v2:172.21.15.55:3300/0,v1:172.21.15.55:6789/0] conn(0x7f84841056f0 0x7f848407bc60 unknown :-1 s=BANNER_CONNECTING pgs=0 cs=0 l=1 rev1=0 crypto rx=0 tx=0 comp rx=0 tx=0)._handle_peer_banner_payload supported=3 required=0
2023-07-09T21:00:02.971 INFO:teuthology.orchestra.run.smithi055.stdout:/usr/bin/ceph: stderr
2023-07-09T21:00:02.144+0000 7f84893de700 1 --2- >> [v2:172.21.15.55:3300/0,v1:172.21.15.55:6789/0] conn(0x7f84841056f0 0x7f848407bc60 unknown :-1 s=HELLO_CONNECTING pgs=0 cs=0 l=1 rev1=1 crypto rx=0 tx=0 comp rx=0 tx=0).handle_hello peer v2:172.21.15.55:3300/0 says I am v2:172.21.15.55:38782/0 (socket says 172.21.15.55:38782)
2023-07-09T21:00:02.971 INFO:teuthology.orchestra.run.smithi055.stdout:/usr/bin/ceph: stderr
2023-07-09T21:00:02.144+0000 7f84893de700 1 -- 172.21.15.55:0/3281959133 learned_addr learned my addr 172.21.15.55:0/3281959133 (peer_addr_for_me v2:172.21.15.55:0/0)
2023-07-09T21:00:02.971 INFO:teuthology.orchestra.run.smithi055.stdout:/usr/bin/ceph: stderr
2023-07-09T21:00:02.145+0000 7f84893de700 1 -- 172.21.15.55:0/3281959133 --> [v2:172.21.15.55:3300/0,v1:172.21.15.55:6789/0] -- mon_subscribe({config=0+,monmap=0+}) v3 -- 0x7f8480009550 con 0x7f84841056f0
2023-07-09T21:00:02.971 INFO:teuthology.orchestra.run.smithi055.stdout:/usr/bin/ceph: stderr
2023-07-09T21:00:02.145+0000 7f84893de700 1 --2- 172.21.15.55:0/3281959133 >> [v2:172.21.15.55:3300/0,v1:172.21.15.55:6789/0] conn(0x7f84841056f0 0x7f848407bc60 secure :-1 s=READY pgs=25 cs=0 l=1 rev1=1 crypto rx=0x7f8480009130 tx=0x7f8480011ad0 comp rx=0 tx=0).ready entity=mon.0 client_cookie=0 server_cookie=0 in_seq=0 out_seq=0
2023-07-09T21:00:02.972 INFO:teuthology.orchestra.run.smithi055.stdout:/usr/bin/ceph: stderr
2023-07-09T21:00:02.145+0000 7f847a7fc700 1 -- 172.21.15.55:0/3281959133 <== mon.0 v2:172.21.15.55:3300/0 1 ==== mon_map magic: 0 v1 ==== 205+0+0 (secure 0 0 0) 0x7f8480003b70 con 0x7f84841056f0
2023-07-09T21:00:02.972 INFO:teuthology.orchestra.run.smithi055.stdout:/usr/bin/ceph: stderr
2023-07-09T21:00:02.145+0000 7f847a7fc700 1 -- 172.21.15.55:0/3281959133 <== mon.0 v2:172.21.15.55:3300/0 2 ==== config(26 keys) v1 ==== 1074+0+0 (secure 0 0 0) 0x7f8480003cd0 con 0x7f84841056f0
2023-07-09T21:00:02.972 INFO:teuthology.orchestra.run.smithi055.stdout:/usr/bin/ceph: stderr
2023-07-09T21:00:02.145+0000 7f847a7fc700 1 -- 172.21.15.55:0/3281959133 <== mon.0 v2:172.21.15.55:3300/0 3 ==== mon_map magic: 0 v1 ==== 205+0+0 (secure 0 0 0) 0x7f84800197d0 con 0x7f84841056f0
2023-07-09T21:00:02.972 INFO:teuthology.orchestra.run.smithi055.stdout:/usr/bin/ceph: stderr
2023-07-09T21:00:02.145+0000 7f848b642700 1 -- 172.21.15.55:0/3281959133 --> [v2:172.21.15.55:3300/0,v1:172.21.15.55:6789/0] -- mon_subscribe({mgrmap=0+}) v3 -- 0x7f848407a2b0 con 0x7f84841056f0
2023-07-09T21:00:02.972 INFO:teuthology.orchestra.run.smithi055.stdout:/usr/bin/ceph: stderr
2023-07-09T21:00:02.146+0000 7f848b642700 1 -- 172.21.15.55:0/3281959133 --> [v2:172.21.15.55:3300/0,v1:172.21.15.55:6789/0] -- mon_subscribe({osdmap=0}) v3 -- 0x7f848407a6d0 con 0x7f84841056f0
2023-07-09T21:00:02.972 INFO:teuthology.orchestra.run.smithi055.stdout:/usr/bin/ceph: stderr
2023-07-09T21:00:02.147+0000 7f847a7fc700 1 -- 172.21.15.55:0/3281959133 <== mon.0 v2:172.21.15.55:3300/0 4 ==== mgrmap(e 5) v1 ==== 45483+0+0 (secure 0 0 0) 0x7f848001abb0 con 0x7f84841056f0
2023-07-09T21:00:02.972 INFO:teuthology.orchestra.run.smithi055.stdout:/usr/bin/ceph: stderr
2023-07-09T21:00:02.147+0000 7f848b642700 1 -- 172.21.15.55:0/3281959133 --> [v2:172.21.15.55:3300/0,v1:172.21.15.55:6789/0] -- mon_command({"prefix": "get_command_descriptions"} v 0) v1 -- 0x7f8484061b40 con 0x7f84841056f0
2023-07-09T21:00:02.973 INFO:teuthology.orchestra.run.smithi055.stdout:/usr/bin/ceph: stderr
2023-07-09T21:00:02.147+0000 7f847a7fc700 1 --2- 172.21.15.55:0/3281959133 >> [v2:172.21.15.55:6800/2483802672,v1:172.21.15.55:6801/2483802672] conn(0x7f8470038760 0x7f847003ac10 unknown :-1 s=NONE pgs=0 cs=0 l=1 rev1=0 crypto rx=0 tx=0 comp rx=0 tx=0).connect
2023-07-09T21:00:02.973 INFO:teuthology.orchestra.run.smithi055.stdout:/usr/bin/ceph: stderr
2023-07-09T21:00:02.147+0000 7f847a7fc700 1 -- 172.21.15.55:0/3281959133 <== mon.0 v2:172.21.15.55:3300/0 5 ==== osd_map(1..1 src has 1..1) v4 ==== 725+0+0 (secure 0 0 0) 0x7f848004c8c0 con 0x7f84841056f0
2023-07-09T21:00:02.973 INFO:teuthology.orchestra.run.smithi055.stdout:/usr/bin/ceph: stderr
2023-07-09T21:00:02.147+0000 7f8488bdd700 1 -- 172.21.15.55:0/3281959133 >> [v2:172.21.15.55:6800/2483802672,v1:172.21.15.55:6801/2483802672] conn(0x7f8470038760 msgr2=0x7f847003ac10 unknown :-1 s=STATE_CONNECTING_RE l=1).process reconnect failed to v2:172.21.15.55:6800/2483802672
2023-07-09T21:00:02.973 INFO:teuthology.orchestra.run.smithi055.stdout:/usr/bin/ceph: stderr
2023-07-09T21:00:02.147+0000 7f8488bdd700 1 --2- 172.21.15.55:0/3281959133 >> [v2:172.21.15.55:6800/2483802672,v1:172.21.15.55:6801/2483802672] conn(0x7f8470038760 0x7f847003ac10 unknown :-1 s=START_CONNECT pgs=0 cs=0 l=1 rev1=0 crypto rx=0 tx=0 comp rx=0 tx=0)._fault waiting 0.200000
2023-07-09T21:00:02.973 INFO:teuthology.orchestra.run.smithi055.stdout:/usr/bin/ceph: stderr
2023-07-09T21:00:02.152+0000 7f847a7fc700 1 -- 172.21.15.55:0/3281959133 <== mon.0 v2:172.21.15.55:3300/0 6 ==== mon_command_ack([{"prefix": "get_command_descriptions"}]=0 v0) v1 ==== 72+0+178008 (secure 0 0 0) 0x7f848001a430 con 0x7f84841056f0
2023-07-09T21:00:02.973 INFO:teuthology.orchestra.run.smithi055.stdout:/usr/bin/ceph: stderr
2023-07-09T21:00:02.348+0000 7f8488bdd700 1 -- 172.21.15.55:0/3281959133 >> [v2:172.21.15.55:6800/2483802672,v1:172.21.15.55:6801/2483802672] conn(0x7f8470038760 msgr2=0x7f847003ac10 unknown :-1 s=STATE_CONNECTING_RE l=1).process reconnect failed to v2:172.21.15.55:6800/2483802672
2023-07-09T21:00:02.973 INFO:teuthology.orchestra.run.smithi055.stdout:/usr/bin/ceph: stderr
2023-07-09T21:00:02.348+0000 7f8488bdd700 1 --2- 172.21.15.55:0/3281959133 >> [v2:172.21.15.55:6800/2483802672,v1:172.21.15.55:6801/2483802672] conn(0x7f8470038760 0x7f847003ac10 unknown :-1 s=START_CONNECT pgs=0 cs=0 l=1 rev1=0 crypto rx=0 tx=0 comp rx=0 tx=0)._fault waiting 0.400000
2023-07-09T21:00:02.973 INFO:teuthology.orchestra.run.smithi055.stdout:/usr/bin/ceph: stderr
2023-07-09T21:00:02.415+0000 7f848b642700 1 -- 172.21.15.55:0/3281959133 --> [v2:172.21.15.55:3300/0,v1:172.21.15.55:6789/0] -- mon_command({"prefix": "mgr stat"} v 0) v1 -- 0x7f8484068c20 con 0x7f84841056f0
2023-07-09T21:00:02.974 INFO:teuthology.orchestra.run.smithi055.stdout:/usr/bin/ceph: stderr
2023-07-09T21:00:02.415+0000 7f847a7fc700 1 -- 172.21.15.55:0/3281959133 <== mon.0 v2:172.21.15.55:3300/0 7 ==== mon_command_ack([{"prefix": "mgr stat"}]=0 v5) v1 ==== 56+0+88 (secure 0 0 0) 0x7f848002db40 con 0x7f84841056f0
2023-07-09T21:00:02.974 INFO:teuthology.orchestra.run.smithi055.stdout:/usr/bin/ceph: stderr
2023-07-09T21:00:02.418+0000 7f848b642700 1 -- 172.21.15.55:0/3281959133 >> [v2:172.21.15.55:6800/2483802672,v1:172.21.15.55:6801/2483802672] conn(0x7f8470038760 msgr2=0x7f847003ac10 unknown :-1 s=STATE_CONNECTING l=1).mark_down
2023-07-09T21:00:02.974 INFO:teuthology.orchestra.run.smithi055.stdout:/usr/bin/ceph: stderr
2023-07-09T21:00:02.418+0000 7f848b642700 1 --2- 172.21.15.55:0/3281959133 >> [v2:172.21.15.55:6800/2483802672,v1:172.21.15.55:6801/2483802672] conn(0x7f8470038760 0x7f847003ac10 unknown :-1 s=START_CONNECT pgs=0 cs=0 l=1 rev1=0 crypto rx=0 tx=0 comp rx=0 tx=0).stop
2023-07-09T21:00:02.974 INFO:teuthology.orchestra.run.smithi055.stdout:/usr/bin/ceph: stderr
2023-07-09T21:00:02.418+0000 7f848b642700 1 -- 172.21.15.55:0/3281959133 >> [v2:172.21.15.55:3300/0,v1:172.21.15.55:6789/0] conn(0x7f84841056f0 msgr2=0x7f848407bc60 secure :-1 s=STATE_CONNECTION_ESTABLISHED l=1).mark_down
2023-07-09T21:00:02.974 INFO:teuthology.orchestra.run.smithi055.stdout:/usr/bin/ceph: stderr
2023-07-09T21:00:02.418+0000 7f848b642700 1 --2- 172.21.15.55:0/3281959133 >> [v2:172.21.15.55:3300/0,v1:172.21.15.55:6789/0] conn(0x7f84841056f0 0x7f848407bc60 secure :-1 s=READY pgs=25 cs=0 l=1 rev1=1 crypto rx=0x7f8480009130 tx=0x7f8480011ad0 comp rx=0 tx=0).stop
2023-07-09T21:00:02.974 INFO:teuthology.orchestra.run.smithi055.stdout:/usr/bin/ceph: stderr
2023-07-09T21:00:02.418+0000 7f848b642700 1 -- 172.21.15.55:0/3281959133 shutdown_connections
2023-07-09T21:00:02.974 INFO:teuthology.orchestra.run.smithi055.stdout:/usr/bin/ceph: stderr
2023-07-09T21:00:02.418+0000 7f848b642700 1 --2- 172.21.15.55:0/3281959133 >> [v2:172.21.15.55:6800/2483802672,v1:172.21.15.55:6801/2483802672] conn(0x7f8470038760 0x7f847003ac10 unknown :-1 s=CLOSED pgs=0 cs=0 l=1 rev1=0 crypto rx=0 tx=0 comp rx=0 tx=0).stop
2023-07-09T21:00:02.975 INFO:teuthology.orchestra.run.smithi055.stdout:/usr/bin/ceph: stderr
2023-07-09T21:00:02.418+0000 7f848b642700 1 --2- 172.21.15.55:0/3281959133 >> [v2:172.21.15.55:3300/0,v1:172.21.15.55:6789/0] conn(0x7f84841056f0 0x7f848407bc60 unknown :-1 s=CLOSED pgs=25 cs=0 l=1 rev1=1 crypto rx=0 tx=0 comp rx=0 tx=0).stop
2023-07-09T21:00:02.975 INFO:teuthology.orchestra.run.smithi055.stdout:/usr/bin/ceph: stderr
2023-07-09T21:00:02.418+0000 7f848b642700 1 -- 172.21.15.55:0/3281959133 >> 172.21.15.55:0/3281959133 conn(0x7f8484100960 msgr2=0x7f8484102d00 unknown :-1 s=STATE_NONE l=0).mark_down
2023-07-09T21:00:02.975 INFO:teuthology.orchestra.run.smithi055.stdout:/usr/bin/ceph: stderr
2023-07-09T21:00:02.418+0000 7f848b642700 1 -- 172.21.15.55:0/3281959133 shutdown_connections
2023-07-09T21:00:02.975 INFO:teuthology.orchestra.run.smithi055.stdout:/usr/bin/ceph: stderr
2023-07-09T21:00:02.418+0000 7f848b642700 1 -- 172.21.15.55:0/3281959133 wait complete.
2023-07-09T21:00:02.975 INFO:teuthology.orchestra.run.smithi055.stdout:Waiting for the mgr to restart...
2023-07-09T21:00:02.975 INFO:teuthology.orchestra.run.smithi055.stdout:Waiting for mgr epoch 5...
2023-07-09T21:00:03.056 INFO:journalctl@ceph.mgr.x.smithi055.stdout:Jul 09 21:00:02 smithi055 ceph-64e2ce5e-1e9b-11ee-9b31-001a4aab830c-mgr-x[95749]:
2023-07-09T21:00:02.861+0000 7f9691eba200 -1 mgr[py] Module alerts has missing NOTIFY_TYPES member
2023-07-09T21:00:03.434 INFO:journalctl@ceph.mon.a.smithi055.stdout:Jul 09 21:00:03 smithi055 ceph-mon[95503]: from='client.? 172.21.15.55:0/3281959133' entity='client.admin' cmd=[{"prefix": "mgr stat"}]: dispatch
2023-07-09T21:00:03.806 INFO:journalctl@ceph.mgr.x.smithi055.stdout:Jul 09 21:00:03 smithi055 ceph-64e2ce5e-1e9b-11ee-9b31-001a4aab830c-mgr-x[95749]:
2023-07-09T21:00:03.431+0000 7f9691eba200 -1 mgr[py] Module progress has missing NOTIFY_TYPES member
2023-07-09T21:00:04.556 INFO:journalctl@ceph.mgr.x.smithi055.stdout:Jul 09 21:00:04 smithi055 ceph-64e2ce5e-1e9b-11ee-9b31-001a4aab830c-mgr-x[95749]:
2023-07-09T21:00:04.199+0000 7f9691eba200 -1 mgr[py] Module rook has missing NOTIFY_TYPES member
2023-07-09T21:00:04.556 INFO:journalctl@ceph.mgr.x.smithi055.stdout:Jul 09 21:00:04 smithi055 ceph-64e2ce5e-1e9b-11ee-9b31-001a4aab830c-mgr-x[95749]:
2023-07-09T21:00:04.410+0000 7f9691eba200 -1 mgr[py] Module iostat has missing NOTIFY_TYPES member
2023-07-09T21:00:05.733 INFO:journalctl@ceph.mgr.x.smithi055.stdout:Jul 09 21:00:05 smithi055 ceph-64e2ce5e-1e9b-11ee-9b31-001a4aab830c-mgr-x[95749]:
2023-07-09T21:00:05.381+0000 7f9691eba200 -1 mgr[py] Module test_orchestrator has missing NOTIFY_TYPES member
2023-07-09T21:00:05.734 INFO:journalctl@ceph.mgr.x.smithi055.stdout:Jul 09 21:00:05 smithi055 ceph-64e2ce5e-1e9b-11ee-9b31-001a4aab830c-mgr-x[95749]:
2023-07-09T21:00:05.505+0000 7f9691eba200 -1 mgr[py] Module osd_perf_query has missing NOTIFY_TYPES member
2023-07-09T21:00:05.734 INFO:journalctl@ceph.mgr.x.smithi055.stdout:Jul 09 21:00:05 smithi055 ceph-64e2ce5e-1e9b-11ee-9b31-001a4aab830c-mgr-x[95749]:
2023-07-09T21:00:05.731+0000 7f9691eba200 -1 mgr[py] Module orchestrator has missing NOTIFY_TYPES member
2023-07-09T21:00:06.382 INFO:journalctl@ceph.mgr.x.smithi055.stdout:Jul 09 21:00:06 smithi055 ceph-64e2ce5e-1e9b-11ee-9b31-001a4aab830c-mgr-x[95749]:
2023-07-09T21:00:06.101+0000 7f9691eba200 -1 mgr[py] Module rgw has missing NOTIFY_TYPES member
2023-07-09T21:00:06.806 INFO:journalctl@ceph.mgr.x.smithi055.stdout:Jul 09 21:00:06 smithi055 ceph-64e2ce5e-1e9b-11ee-9b31-001a4aab830c-mgr-x[95749]:
2023-07-09T21:00:06.379+0000 7f9691eba200 -1 mgr[py] Module influx has missing NOTIFY_TYPES member
2023-07-09T21:00:06.806 INFO:journalctl@ceph.mgr.x.smithi055.stdout:Jul 09 21:00:06 smithi055 ceph-64e2ce5e-1e9b-11ee-9b31-001a4aab830c-mgr-x[95749]:
2023-07-09T21:00:06.578+0000 7f9691eba200 -1 mgr[py] Module telemetry has missing NOTIFY_TYPES member
2023-07-09T21:00:07.306 INFO:journalctl@ceph.mgr.x.smithi055.stdout:Jul 09 21:00:06 smithi055 ceph-64e2ce5e-1e9b-11ee-9b31-001a4aab830c-mgr-x[95749]:
2023-07-09T21:00:06.930+0000 7f9691eba200 -1 mgr[py] Module telegraf has missing NOTIFY_TYPES member
2023-07-09T21:00:08.306 INFO:journalctl@ceph.mgr.x.smithi055.stdout:Jul 09 21:00:07 smithi055 ceph-64e2ce5e-1e9b-11ee-9b31-001a4aab830c-mgr-x[95749]:
2023-07-09T21:00:07.884+0000 7f9691eba200 -1 mgr[py] Module balancer has missing NOTIFY_TYPES member
2023-07-09T21:00:08.306 INFO:journalctl@ceph.mgr.x.smithi055.stdout:Jul 09 21:00:08 smithi055 ceph-64e2ce5e-1e9b-11ee-9b31-001a4aab830c-mgr-x[95749]:
2023-07-09T21:00:08.062+0000 7f9691eba200 -1 mgr[py] Module diskprediction_local has missing NOTIFY_TYPES member
2023-07-09T21:00:08.750 INFO:journalctl@ceph.mgr.x.smithi055.stdout:Jul 09 21:00:08 smithi055 ceph-64e2ce5e-1e9b-11ee-9b31-001a4aab830c-mgr-x[95749]:
2023-07-09T21:00:08.312+0000 7f9691eba200 -1 mgr[py] Module nfs has missing NOTIFY_TYPES member
2023-07-09T21:00:08.750 INFO:journalctl@ceph.mgr.x.smithi055.stdout:Jul 09 21:00:08 smithi055 ceph-64e2ce5e-1e9b-11ee-9b31-001a4aab830c-mgr-x[95749]:
2023-07-09T21:00:08.465+0000 7f9691eba200 -1 mgr[py] Module rbd_support has missing NOTIFY_TYPES member
2023-07-09T21:00:08.750 INFO:journalctl@ceph.mgr.x.smithi055.stdout:Jul 09 21:00:08 smithi055 ceph-64e2ce5e-1e9b-11ee-9b31-001a4aab830c-mgr-x[95749]:
2023-07-09T21:00:08.747+0000 7f9691eba200 -1 mgr[py] Module volumes has missing NOTIFY_TYPES member
2023-07-09T21:00:10.306 INFO:journalctl@ceph.mgr.x.smithi055.stdout:Jul 09 21:00:09 smithi055 ceph-64e2ce5e-1e9b-11ee-9b31-001a4aab830c-mgr-x[95749]:
2023-07-09T21:00:09.837+0000 7f9691eba200 -1 mgr[py] Module pg_autoscaler has missing NOTIFY_TYPES member
2023-07-09T21:00:10.307 INFO:journalctl@ceph.mon.a.smithi055.stdout:Jul 09 21:00:09 smithi055 ceph-mon[95503]: Active manager daemon x restarted
2023-07-09T21:00:10.307 INFO:journalctl@ceph.mon.a.smithi055.stdout:Jul 09 21:00:09 smithi055 ceph-mon[95503]: Activating manager daemon x
2023-07-09T21:00:10.308 INFO:journalctl@ceph.mon.a.smithi055.stdout:Jul 09 21:00:09 smithi055 ceph-mon[95503]: osdmap e2: 0 total, 0 up, 0 in
2023-07-09T21:00:10.308 INFO:journalctl@ceph.mon.a.smithi055.stdout:Jul 09 21:00:09 smithi055 ceph-mon[95503]: mgrmap e6: x(active, starting, since 0.00700068s)
2023-07-09T21:00:10.308 INFO:journalctl@ceph.mon.a.smithi055.stdout:Jul 09 21:00:09 smithi055 ceph-mon[95503]: from='mgr.14118 172.21.15.55:0/3872379661' entity='mgr.x' cmd=[{"prefix": "mon metadata", "id": "a"}]: dispatch
2023-07-09T21:00:10.308 INFO:journalctl@ceph.mon.a.smithi055.stdout:Jul 09 21:00:09 smithi055 ceph-mon[95503]: from='mgr.14118 172.21.15.55:0/3872379661' entity='mgr.x' cmd=[{"prefix": "mgr metadata", "who": "x", "id": "x"}]: dispatch
2023-07-09T21:00:10.308 INFO:journalctl@ceph.mon.a.smithi055.stdout:Jul 09 21:00:09 smithi055 ceph-mon[95503]: from='mgr.14118 172.21.15.55:0/3872379661' entity='mgr.x' cmd=[{"prefix": "mds metadata"}]: dispatch
2023-07-09T21:00:10.308 INFO:journalctl@ceph.mon.a.smithi055.stdout:Jul 09 21:00:09 smithi055 ceph-mon[95503]: from='mgr.14118 172.21.15.55:0/3872379661' entity='mgr.x' cmd=[{"prefix": "osd metadata"}]: dispatch
2023-07-09T21:00:10.309 INFO:journalctl@ceph.mon.a.smithi055.stdout:Jul 09 21:00:09 smithi055 ceph-mon[95503]: from='mgr.14118 172.21.15.55:0/3872379661' entity='mgr.x' cmd=[{"prefix": "mon metadata"}]: dispatch
2023-07-09T21:00:10.309 INFO:journalctl@ceph.mon.a.smithi055.stdout:Jul 09 21:00:09 smithi055 ceph-mon[95503]: Manager daemon x is now available
2023-07-09T21:00:10.309 INFO:journalctl@ceph.mon.a.smithi055.stdout:Jul 09 21:00:09 smithi055 ceph-mon[95503]: from='mgr.14118 172.21.15.55:0/3872379661' entity='mgr.x'
2023-07-09T21:00:10.309 INFO:journalctl@ceph.mon.a.smithi055.stdout:Jul 09 21:00:09 smithi055 ceph-mon[95503]: from='mgr.14118 172.21.15.55:0/3872379661' entity='mgr.x'
2023-07-09T21:00:10.309 INFO:journalctl@ceph.mon.a.smithi055.stdout:Jul 09 21:00:09 smithi055 ceph-mon[95503]: from='mgr.14118 172.21.15.55:0/3872379661' entity='mgr.x' cmd=[{"prefix": "config dump", "format": "json"}]: dispatch
2023-07-09T21:00:10.309 INFO:journalctl@ceph.mon.a.smithi055.stdout:Jul 09 21:00:09 smithi055 ceph-mon[95503]: from='mgr.14118 172.21.15.55:0/3872379661' entity='mgr.x' cmd=[{"prefix": "config dump", "format": "json"}]: dispatch
2023-07-09T21:00:11.306 INFO:journalctl@ceph.mon.a.smithi055.stdout:Jul 09 21:00:10 smithi055 ceph-mon[95503]: Found migration_current of "None". Setting to last migration.
2023-07-09T21:00:11.306 INFO:journalctl@ceph.mon.a.smithi055.stdout:Jul 09 21:00:10 smithi055 ceph-mon[95503]: from='mgr.14118 172.21.15.55:0/3872379661' entity='mgr.x' cmd=[{"prefix": "config dump", "format": "json"}]: dispatch
2023-07-09T21:00:11.306 INFO:journalctl@ceph.mon.a.smithi055.stdout:Jul 09 21:00:10 smithi055 ceph-mon[95503]: from='mgr.14118 172.21.15.55:0/3872379661' entity='mgr.x' cmd=[{"prefix":"config rm","who":"mgr","name":"mgr/rbd_support/x/mirror_snapshot_schedule"}]: dispatch
2023-07-09T21:00:11.307 INFO:journalctl@ceph.mon.a.smithi055.stdout:Jul 09 21:00:10 smithi055 ceph-mon[95503]: from='mgr.14118 172.21.15.55:0/3872379661' entity='mgr.x' cmd=[{"prefix":"config rm","who":"mgr","name":"mgr/rbd_support/x/trash_purge_schedule"}]: dispatch
2023-07-09T21:00:11.307 INFO:journalctl@ceph.mon.a.smithi055.stdout:Jul 09 21:00:10 smithi055 ceph-mon[95503]: from='mgr.14118 172.21.15.55:0/3872379661' entity='mgr.x'
2023-07-09T21:00:11.307 INFO:journalctl@ceph.mon.a.smithi055.stdout:Jul 09 21:00:10 smithi055 ceph-mon[95503]: from='mgr.14118 172.21.15.55:0/3872379661' entity='mgr.x'
2023-07-09T21:00:11.307 INFO:journalctl@ceph.mon.a.smithi055.stdout:Jul 09 21:00:10 smithi055 ceph-mon[95503]: mgrmap e7: x(active, since 1.00944s)
2023-07-09T21:00:11.371 INFO:teuthology.orchestra.run.smithi055.stdout:/usr/bin/ceph: stdout {
2023-07-09T21:00:11.371 INFO:teuthology.orchestra.run.smithi055.stdout:/usr/bin/ceph: stdout "mgrmap_epoch": 7,
2023-07-09T21:00:11.371 INFO:teuthology.orchestra.run.smithi055.stdout:/usr/bin/ceph: stdout "initialized": true
2023-07-09T21:00:11.371 INFO:teuthology.orchestra.run.smithi055.stdout:/usr/bin/ceph: stdout }
2023-07-09T21:00:11.372 INFO:teuthology.orchestra.run.smithi055.stdout:/usr/bin/ceph: stderr
2023-07-09T21:00:03.523+0000 7f3c67bf3700 1 Processor -- start
2023-07-09T21:00:11.372 INFO:teuthology.orchestra.run.smithi055.stdout:/usr/bin/ceph: stderr
2023-07-09T21:00:03.523+0000 7f3c67bf3700 1 -- start start
2023-07-09T21:00:11.372 INFO:teuthology.orchestra.run.smithi055.stdout:/usr/bin/ceph: stderr
2023-07-09T21:00:03.524+0000 7f3c67bf3700 1 --2- >> [v2:172.21.15.55:3300/0,v1:172.21.15.55:6789/0] conn(0x7f3c6007a2f0 0x7f3c6007a700 unknown :-1 s=NONE pgs=0 cs=0 l=0 rev1=0 crypto rx=0 tx=0 comp rx=0 tx=0).connect
2023-07-09T21:00:11.372 INFO:teuthology.orchestra.run.smithi055.stdout:/usr/bin/ceph: stderr
2023-07-09T21:00:03.524+0000 7f3c67bf3700 1 -- --> [v2:172.21.15.55:3300/0,v1:172.21.15.55:6789/0] -- mon_getmap magic: 0 v1 -- 0x7f3c6007ac40 con 0x7f3c6007a2f0
2023-07-09T21:00:11.372 INFO:teuthology.orchestra.run.smithi055.stdout:/usr/bin/ceph: stderr
2023-07-09T21:00:03.524+0000 7f3c6598f700 1 --2- >> [v2:172.21.15.55:3300/0,v1:172.21.15.55:6789/0] conn(0x7f3c6007a2f0 0x7f3c6007a700 unknown :-1 s=BANNER_CONNECTING pgs=0 cs=0 l=0 rev1=0 crypto rx=0 tx=0 comp rx=0 tx=0)._handle_peer_banner_payload supported=3 required=0
2023-07-09T21:00:11.372 INFO:teuthology.orchestra.run.smithi055.stdout:/usr/bin/ceph: stderr
2023-07-09T21:00:03.524+0000 7f3c6598f700 1 --2- >> [v2:172.21.15.55:3300/0,v1:172.21.15.55:6789/0] conn(0x7f3c6007a2f0 0x7f3c6007a700 unknown :-1 s=HELLO_CONNECTING pgs=0 cs=0 l=0 rev1=1 crypto rx=0 tx=0 comp rx=0 tx=0).handle_hello peer v2:172.21.15.55:3300/0 says I am v2:172.21.15.55:38798/0 (socket says 172.21.15.55:38798)
2023-07-09T21:00:11.372 INFO:teuthology.orchestra.run.smithi055.stdout:/usr/bin/ceph: stderr
2023-07-09T21:00:03.524+0000 7f3c6598f700 1 -- 172.21.15.55:0/177699714 learned_addr learned my addr 172.21.15.55:0/177699714 (peer_addr_for_me v2:172.21.15.55:0/0)
2023-07-09T21:00:11.373 INFO:teuthology.orchestra.run.smithi055.stdout:/usr/bin/ceph: stderr
2023-07-09T21:00:03.525+0000 7f3c6598f700 1 -- 172.21.15.55:0/177699714 --> [v2:172.21.15.55:3300/0,v1:172.21.15.55:6789/0] -- mon_subscribe({config=0+,monmap=0+}) v3 -- 0x7f3c6007ad80 con 0x7f3c6007a2f0
2023-07-09T21:00:11.373 INFO:teuthology.orchestra.run.smithi055.stdout:/usr/bin/ceph: stderr
2023-07-09T21:00:03.525+0000 7f3c6598f700 1 --2- 172.21.15.55:0/177699714 >> [v2:172.21.15.55:3300/0,v1:172.21.15.55:6789/0] conn(0x7f3c6007a2f0 0x7f3c6007a700 secure :-1 s=READY pgs=26 cs=0 l=1 rev1=1 crypto rx=0x7f3c5c0098a0 tx=0x7f3c5c009bb0 comp rx=0 tx=0).ready entity=mon.0 client_cookie=90e457cebaf26d5b server_cookie=0 in_seq=0 out_seq=0
2023-07-09T21:00:11.373 INFO:teuthology.orchestra.run.smithi055.stdout:/usr/bin/ceph: stderr
2023-07-09T21:00:03.525+0000 7f3c6498d700 1 -- 172.21.15.55:0/177699714 <== mon.0 v2:172.21.15.55:3300/0 1 ==== mon_map magic: 0 v1 ==== 205+0+0 (secure 0 0 0) 0x7f3c5c004160 con 0x7f3c6007a2f0
2023-07-09T21:00:11.373 INFO:teuthology.orchestra.run.smithi055.stdout:/usr/bin/ceph: stderr
2023-07-09T21:00:03.525+0000 7f3c6498d700 1 -- 172.21.15.55:0/177699714 <== mon.0 v2:172.21.15.55:3300/0 2 ==== config(26 keys) v1 ==== 1074+0+0 (secure 0 0 0) 0x7f3c5c0042c0 con 0x7f3c6007a2f0
2023-07-09T21:00:11.373 INFO:teuthology.orchestra.run.smithi055.stdout:/usr/bin/ceph: stderr
2023-07-09T21:00:03.525+0000 7f3c6498d700 1 -- 172.21.15.55:0/177699714 <== mon.0 v2:172.21.15.55:3300/0 3 ==== mon_map magic: 0 v1 ==== 205+0+0 (secure 0 0 0) 0x7f3c5c011a00 con 0x7f3c6007a2f0
2023-07-09T21:00:11.373 INFO:teuthology.orchestra.run.smithi055.stdout:/usr/bin/ceph: stderr
2023-07-09T21:00:03.526+0000 7f3c67bf3700 1 -- 172.21.15.55:0/177699714 >> [v2:172.21.15.55:3300/0,v1:172.21.15.55:6789/0] conn(0x7f3c6007a2f0 msgr2=0x7f3c6007a700 secure :-1 s=STATE_CONNECTION_ESTABLISHED l=1).mark_down
2023-07-09T21:00:11.373 INFO:teuthology.orchestra.run.smithi055.stdout:/usr/bin/ceph: stderr
2023-07-09T21:00:03.526+0000 7f3c67bf3700 1 --2- 172.21.15.55:0/177699714 >> [v2:172.21.15.55:3300/0,v1:172.21.15.55:6789/0] conn(0x7f3c6007a2f0 0x7f3c6007a700 secure :-1 s=READY pgs=26 cs=0 l=1 rev1=1 crypto rx=0x7f3c5c0098a0 tx=0x7f3c5c009bb0 comp rx=0 tx=0).stop
2023-07-09T21:00:11.373 INFO:teuthology.orchestra.run.smithi055.stdout:/usr/bin/ceph: stderr
2023-07-09T21:00:03.526+0000 7f3c67bf3700 1 -- 172.21.15.55:0/177699714 shutdown_connections
2023-07-09T21:00:11.374 INFO:teuthology.orchestra.run.smithi055.stdout:/usr/bin/ceph: stderr
2023-07-09T21:00:03.526+0000 7f3c67bf3700 1 --2- 172.21.15.55:0/177699714 >> [v2:172.21.15.55:3300/0,v1:172.21.15.55:6789/0] conn(0x7f3c6007a2f0 0x7f3c6007a700 unknown :-1 s=CLOSED pgs=26 cs=0 l=1 rev1=1 crypto rx=0 tx=0 comp rx=0 tx=0).stop
2023-07-09T21:00:11.374 INFO:teuthology.orchestra.run.smithi055.stdout:/usr/bin/ceph: stderr
2023-07-09T21:00:03.526+0000 7f3c67bf3700 1 -- 172.21.15.55:0/177699714 >> 172.21.15.55:0/177699714 conn(0x7f3c60100960 msgr2=0x7f3c60102d70 unknown :-1 s=STATE_NONE l=0).mark_down
2023-07-09T21:00:11.374 INFO:teuthology.orchestra.run.smithi055.stdout:/usr/bin/ceph: stderr
2023-07-09T21:00:03.526+0000 7f3c67bf3700 1 -- 172.21.15.55:0/177699714 shutdown_connections
2023-07-09T21:00:11.374 INFO:teuthology.orchestra.run.smithi055.stdout:/usr/bin/ceph: stderr
2023-07-09T21:00:03.526+0000 7f3c67bf3700 1 -- 172.21.15.55:0/177699714 wait complete.
2023-07-09T21:00:11.374 INFO:teuthology.orchestra.run.smithi055.stdout:/usr/bin/ceph: stderr
2023-07-09T21:00:03.527+0000 7f3c67bf3700 1 Processor -- start
2023-07-09T21:00:11.374 INFO:teuthology.orchestra.run.smithi055.stdout:/usr/bin/ceph: stderr
2023-07-09T21:00:03.528+0000 7f3c67bf3700 1 -- start start
2023-07-09T21:00:11.374 INFO:teuthology.orchestra.run.smithi055.stdout:/usr/bin/ceph: stderr
2023-07-09T21:00:03.528+0000 7f3c67bf3700 1 --2- >> [v2:172.21.15.55:3300/0,v1:172.21.15.55:6789/0] conn(0x7f3c6007a2f0 0x7f3c6019ba10 unknown :-1 s=NONE pgs=0 cs=0 l=1 rev1=0 crypto rx=0 tx=0 comp rx=0 tx=0).connect
2023-07-09T21:00:11.375 INFO:teuthology.orchestra.run.smithi055.stdout:/usr/bin/ceph: stderr
2023-07-09T21:00:03.528+0000 7f3c67bf3700 1 -- --> [v2:172.21.15.55:3300/0,v1:172.21.15.55:6789/0] -- mon_getmap magic: 0 v1 -- 0x7f3c6019bf50 con 0x7f3c6007a2f0
2023-07-09T21:00:11.375 INFO:teuthology.orchestra.run.smithi055.stdout:/usr/bin/ceph: stderr
2023-07-09T21:00:03.528+0000 7f3c6598f700 1 --2- >> [v2:172.21.15.55:3300/0,v1:172.21.15.55:6789/0] conn(0x7f3c6007a2f0 0x7f3c6019ba10 unknown :-1 s=BANNER_CONNECTING pgs=0 cs=0 l=1 rev1=0 crypto rx=0 tx=0 comp rx=0 tx=0)._handle_peer_banner_payload supported=3 required=0
2023-07-09T21:00:11.375 INFO:teuthology.orchestra.run.smithi055.stdout:/usr/bin/ceph: stderr
2023-07-09T21:00:03.528+0000 7f3c6598f700 1 --2- >> [v2:172.21.15.55:3300/0,v1:172.21.15.55:6789/0] conn(0x7f3c6007a2f0 0x7f3c6019ba10 unknown :-1 s=HELLO_CONNECTING pgs=0 cs=0 l=1 rev1=1 crypto rx=0 tx=0 comp rx=0 tx=0).handle_hello peer v2:172.21.15.55:3300/0 says I am v2:172.21.15.55:38802/0 (socket says 172.21.15.55:38802)
2023-07-09T21:00:11.375 INFO:teuthology.orchestra.run.smithi055.stdout:/usr/bin/ceph: stderr
2023-07-09T21:00:03.528+0000 7f3c6598f700 1 -- 172.21.15.55:0/1874557048 learned_addr learned my addr 172.21.15.55:0/1874557048 (peer_addr_for_me v2:172.21.15.55:0/0)
2023-07-09T21:00:11.375 INFO:teuthology.orchestra.run.smithi055.stdout:/usr/bin/ceph: stderr
2023-07-09T21:00:03.529+0000 7f3c6598f700 1 -- 172.21.15.55:0/1874557048 --> [v2:172.21.15.55:3300/0,v1:172.21.15.55:6789/0] -- mon_subscribe({config=0+,monmap=0+}) v3 -- 0x7f3c5c009550 con 0x7f3c6007a2f0
2023-07-09T21:00:11.375 INFO:teuthology.orchestra.run.smithi055.stdout:/usr/bin/ceph: stderr
2023-07-09T21:00:03.529+0000 7f3c6598f700 1 --2- 172.21.15.55:0/1874557048 >> [v2:172.21.15.55:3300/0,v1:172.21.15.55:6789/0] conn(0x7f3c6007a2f0 0x7f3c6019ba10 secure :-1 s=READY pgs=27 cs=0 l=1 rev1=1 crypto rx=0x7f3c5c009130 tx=0x7f3c5c011ad0 comp rx=0 tx=0).ready entity=mon.0 client_cookie=0 server_cookie=0 in_seq=0 out_seq=0
2023-07-09T21:00:11.375 INFO:teuthology.orchestra.run.smithi055.stdout:/usr/bin/ceph: stderr
2023-07-09T21:00:03.529+0000 7f3c56ffd700 1 -- 172.21.15.55:0/1874557048 <== mon.0 v2:172.21.15.55:3300/0 1 ==== mon_map magic: 0 v1 ==== 205+0+0 (secure 0 0 0) 0x7f3c5c003ab0 con 0x7f3c6007a2f0
2023-07-09T21:00:11.375 INFO:teuthology.orchestra.run.smithi055.stdout:/usr/bin/ceph: stderr
2023-07-09T21:00:03.529+0000 7f3c67bf3700 1 -- 172.21.15.55:0/1874557048 --> [v2:172.21.15.55:3300/0,v1:172.21.15.55:6789/0] -- mon_subscribe({mgrmap=0+}) v3 -- 0x7f3c6019c150 con 0x7f3c6007a2f0
2023-07-09T21:00:11.376 INFO:teuthology.orchestra.run.smithi055.stdout:/usr/bin/ceph: stderr
2023-07-09T21:00:03.529+0000 7f3c56ffd700 1 -- 172.21.15.55:0/1874557048 <== mon.0 v2:172.21.15.55:3300/0 2 ==== config(26 keys) v1 ==== 1074+0+0 (secure 0 0 0) 0x7f3c5c003c10 con 0x7f3c6007a2f0
2023-07-09T21:00:11.376 INFO:teuthology.orchestra.run.smithi055.stdout:/usr/bin/ceph: stderr
2023-07-09T21:00:03.529+0000 7f3c56ffd700 1 -- 172.21.15.55:0/1874557048 <== mon.0 v2:172.21.15.55:3300/0 3 ==== mon_map magic: 0 v1 ==== 205+0+0 (secure 0 0 0) 0x7f3c5c0247d0 con 0x7f3c6007a2f0
2023-07-09T21:00:11.376 INFO:teuthology.orchestra.run.smithi055.stdout:/usr/bin/ceph: stderr
2023-07-09T21:00:03.529+0000 7f3c67bf3700 1 -- 172.21.15.55:0/1874557048 --> [v2:172.21.15.55:3300/0,v1:172.21.15.55:6789/0] -- mon_subscribe({osdmap=0}) v3 -- 0x7f3c6019c570 con 0x7f3c6007a2f0
2023-07-09T21:00:11.376 INFO:teuthology.orchestra.run.smithi055.stdout:/usr/bin/ceph: stderr
2023-07-09T21:00:03.530+0000 7f3c56ffd700 1 -- 172.21.15.55:0/1874557048 <== mon.0 v2:172.21.15.55:3300/0 4 ==== mgrmap(e 5) v1 ==== 45483+0+0 (secure 0 0 0) 0x7f3c5c02d3f0 con 0x7f3c6007a2f0
2023-07-09T21:00:11.376 INFO:teuthology.orchestra.run.smithi055.stdout:/usr/bin/ceph: stderr
2023-07-09T21:00:03.531+0000 7f3c56ffd700 1 --2- 172.21.15.55:0/1874557048 >> [v2:172.21.15.55:6800/2483802672,v1:172.21.15.55:6801/2483802672] conn(0x7f3c4c038710 0x7f3c4c03abc0 unknown :-1 s=NONE pgs=0 cs=0 l=1 rev1=0 crypto rx=0 tx=0 comp rx=0 tx=0).connect
2023-07-09T21:00:11.376 INFO:teuthology.orchestra.run.smithi055.stdout:/usr/bin/ceph: stderr
2023-07-09T21:00:03.531+0000 7f3c56ffd700 1 -- 172.21.15.55:0/1874557048 --> [v2:172.21.15.55:6800/2483802672,v1:172.21.15.55:6801/2483802672] -- command(tid 0: {"prefix": "get_command_descriptions"}) v1 -- 0x7f3c4c03b2d0 con 0x7f3c4c038710
2023-07-09T21:00:11.376 INFO:teuthology.orchestra.run.smithi055.stdout:/usr/bin/ceph: stderr
2023-07-09T21:00:03.531+0000 7f3c56ffd700 1 -- 172.21.15.55:0/1874557048 <== mon.0 v2:172.21.15.55:3300/0 5 ==== osd_map(1..1 src has 1..1) v4 ==== 725+0+0 (secure 0 0 0) 0x7f3c5c04c4f0 con 0x7f3c6007a2f0
2023-07-09T21:00:11.377 INFO:teuthology.orchestra.run.smithi055.stdout:/usr/bin/ceph: stderr
2023-07-09T21:00:03.531+0000 7f3c6518e700 1 -- 172.21.15.55:0/1874557048 >> [v2:172.21.15.55:6800/2483802672,v1:172.21.15.55:6801/2483802672] conn(0x7f3c4c038710 msgr2=0x7f3c4c03abc0 unknown :-1 s=STATE_CONNECTING_RE l=1).process reconnect failed to v2:172.21.15.55:6800/2483802672
2023-07-09T21:00:11.377 INFO:teuthology.orchestra.run.smithi055.stdout:/usr/bin/ceph: stderr
2023-07-09T21:00:03.531+0000 7f3c6518e700 1 --2- 172.21.15.55:0/1874557048 >> [v2:172.21.15.55:6800/2483802672,v1:172.21.15.55:6801/2483802672] conn(0x7f3c4c038710 0x7f3c4c03abc0 unknown :-1 s=START_CONNECT pgs=0 cs=0 l=1 rev1=0 crypto rx=0 tx=0 comp rx=0 tx=0)._fault waiting 0.200000
2023-07-09T21:00:11.377 INFO:teuthology.orchestra.run.smithi055.stdout:/usr/bin/ceph: stderr
2023-07-09T21:00:03.732+0000 7f3c6518e700 1 -- 172.21.15.55:0/1874557048 >> [v2:172.21.15.55:6800/2483802672,v1:172.21.15.55:6801/2483802672] conn(0x7f3c4c038710 msgr2=0x7f3c4c03abc0 unknown :-1 s=STATE_CONNECTING_RE l=1).process reconnect failed to v2:172.21.15.55:6800/2483802672
2023-07-09T21:00:11.377 INFO:teuthology.orchestra.run.smithi055.stdout:/usr/bin/ceph: stderr
2023-07-09T21:00:03.732+0000 7f3c6518e700 1 --2- 172.21.15.55:0/1874557048 >> [v2:172.21.15.55:6800/2483802672,v1:172.21.15.55:6801/2483802672] conn(0x7f3c4c038710 0x7f3c4c03abc0 unknown :-1 s=START_CONNECT pgs=0 cs=0 l=1 rev1=0 crypto rx=0 tx=0 comp rx=0 tx=0)._fault waiting 0.400000
2023-07-09T21:00:11.377 INFO:teuthology.orchestra.run.smithi055.stdout:/usr/bin/ceph: stderr
2023-07-09T21:00:04.133+0000 7f3c6518e700 1 -- 172.21.15.55:0/1874557048 >> [v2:172.21.15.55:6800/2483802672,v1:172.21.15.55:6801/2483802672] conn(0x7f3c4c038710 msgr2=0x7f3c4c03abc0 unknown :-1 s=STATE_CONNECTING_RE l=1).process reconnect failed to v2:172.21.15.55:6800/2483802672
2023-07-09T21:00:11.377 INFO:teuthology.orchestra.run.smithi055.stdout:/usr/bin/ceph: stderr
2023-07-09T21:00:04.133+0000 7f3c6518e700 1 --2- 172.21.15.55:0/1874557048 >> [v2:172.21.15.55:6800/2483802672,v1:172.21.15.55:6801/2483802672] conn(0x7f3c4c038710 0x7f3c4c03abc0 unknown :-1 s=START_CONNECT pgs=0 cs=0 l=1 rev1=0 crypto rx=0 tx=0 comp rx=0 tx=0)._fault waiting 0.800000
2023-07-09T21:00:11.377 INFO:teuthology.orchestra.run.smithi055.stdout:/usr/bin/ceph: stderr
2023-07-09T21:00:04.934+0000 7f3c6518e700 1 -- 172.21.15.55:0/1874557048 >> [v2:172.21.15.55:6800/2483802672,v1:172.21.15.55:6801/2483802672] conn(0x7f3c4c038710 msgr2=0x7f3c4c03abc0 unknown :-1 s=STATE_CONNECTING_RE l=1).process reconnect failed to v2:172.21.15.55:6800/2483802672
2023-07-09T21:00:11.378 INFO:teuthology.orchestra.run.smithi055.stdout:/usr/bin/ceph: stderr
2023-07-09T21:00:04.934+0000 7f3c6518e700 1 --2- 172.21.15.55:0/1874557048 >> [v2:172.21.15.55:6800/2483802672,v1:172.21.15.55:6801/2483802672] conn(0x7f3c4c038710 0x7f3c4c03abc0 unknown :-1 s=START_CONNECT pgs=0 cs=0 l=1 rev1=0 crypto rx=0 tx=0 comp rx=0 tx=0)._fault waiting 1.600000
2023-07-09T21:00:11.378 INFO:teuthology.orchestra.run.smithi055.stdout:/usr/bin/ceph: stderr
2023-07-09T21:00:06.534+0000 7f3c6518e700 1 -- 172.21.15.55:0/1874557048 >> [v2:172.21.15.55:6800/2483802672,v1:172.21.15.55:6801/2483802672] conn(0x7f3c4c038710 msgr2=0x7f3c4c03abc0 unknown :-1 s=STATE_CONNECTING_RE l=1).process reconnect failed to v2:172.21.15.55:6800/2483802672
2023-07-09T21:00:11.378 INFO:teuthology.orchestra.run.smithi055.stdout:/usr/bin/ceph: stderr
2023-07-09T21:00:06.535+0000 7f3c6518e700 1 --2- 172.21.15.55:0/1874557048 >> [v2:172.21.15.55:6800/2483802672,v1:172.21.15.55:6801/2483802672] conn(0x7f3c4c038710 0x7f3c4c03abc0 unknown :-1 s=START_CONNECT pgs=0 cs=0 l=1 rev1=0 crypto rx=0 tx=0 comp rx=0 tx=0)._fault waiting 3.200000
2023-07-09T21:00:11.378 INFO:teuthology.orchestra.run.smithi055.stdout:/usr/bin/ceph: stderr
2023-07-09T21:00:09.738+0000 7f3c6518e700 1 -- 172.21.15.55:0/1874557048 >> [v2:172.21.15.55:6800/2483802672,v1:172.21.15.55:6801/2483802672] conn(0x7f3c4c038710 msgr2=0x7f3c4c03abc0 unknown :-1 s=STATE_CONNECTING_RE l=1).process reconnect failed to v2:172.21.15.55:6800/2483802672
2023-07-09T21:00:11.378 INFO:teuthology.orchestra.run.smithi055.stdout:/usr/bin/ceph: stderr
2023-07-09T21:00:09.738+0000 7f3c6518e700 1 --2- 172.21.15.55:0/1874557048 >> [v2:172.21.15.55:6800/2483802672,v1:172.21.15.55:6801/2483802672] conn(0x7f3c4c038710 0x7f3c4c03abc0 unknown :-1 s=START_CONNECT pgs=0 cs=0 l=1 rev1=0 crypto rx=0 tx=0 comp rx=0 tx=0)._fault waiting 6.400000
2023-07-09T21:00:11.378 INFO:teuthology.orchestra.run.smithi055.stdout:/usr/bin/ceph: stderr
2023-07-09T21:00:09.845+0000 7f3c56ffd700 1 -- 172.21.15.55:0/1874557048 <== mon.0 v2:172.21.15.55:3300/0 6 ==== mgrmap(e 6) v1 ==== 45250+0+0 (secure 0 0 0) 0x7f3c5c019410 con 0x7f3c6007a2f0
2023-07-09T21:00:11.379 INFO:teuthology.orchestra.run.smithi055.stdout:/usr/bin/ceph: stderr
2023-07-09T21:00:09.845+0000 7f3c56ffd700 1 -- 172.21.15.55:0/1874557048 >> [v2:172.21.15.55:6800/2483802672,v1:172.21.15.55:6801/2483802672] conn(0x7f3c4c038710 msgr2=0x7f3c4c03abc0 unknown :-1 s=STATE_CONNECTING l=1).mark_down
2023-07-09T21:00:11.379 INFO:teuthology.orchestra.run.smithi055.stdout:/usr/bin/ceph: stderr
2023-07-09T21:00:09.845+0000 7f3c56ffd700 1 --2- 172.21.15.55:0/1874557048 >> [v2:172.21.15.55:6800/2483802672,v1:172.21.15.55:6801/2483802672] conn(0x7f3c4c038710 0x7f3c4c03abc0 unknown :-1 s=START_CONNECT pgs=0 cs=0 l=1 rev1=0 crypto rx=0 tx=0 comp rx=0 tx=0).stop
2023-07-09T21:00:11.379 INFO:teuthology.orchestra.run.smithi055.stdout:/usr/bin/ceph: stderr
2023-07-09T21:00:10.846+0000 7f3c56ffd700 1 -- 172.21.15.55:0/1874557048 <== mon.0 v2:172.21.15.55:3300/0 7 ==== mgrmap(e 7) v1 ==== 45377+0+0 (secure 0 0 0) 0x7f3c5c04dab0 con 0x7f3c6007a2f0
2023-07-09T21:00:11.379 INFO:teuthology.orchestra.run.smithi055.stdout:/usr/bin/ceph: stderr
2023-07-09T21:00:10.847+0000 7f3c56ffd700 1 --2- 172.21.15.55:0/1874557048 >> [v2:172.21.15.55:6800/2666365158,v1:172.21.15.55:6801/2666365158] conn(0x7f3c4c03bfe0 0x7f3c4c03e3c0 unknown :-1 s=NONE pgs=0 cs=0 l=1 rev1=0 crypto rx=0 tx=0 comp rx=0 tx=0).connect
2023-07-09T21:00:11.380 INFO:teuthology.orchestra.run.smithi055.stdout:/usr/bin/ceph: stderr
2023-07-09T21:00:10.847+0000 7f3c56ffd700 1 -- 172.21.15.55:0/1874557048 --> [v2:172.21.15.55:6800/2666365158,v1:172.21.15.55:6801/2666365158] -- command(tid 0: {"prefix": "get_command_descriptions"}) v1 -- 0x7f3c4c03b2d0 con 0x7f3c4c03bfe0
2023-07-09T21:00:11.380 INFO:teuthology.orchestra.run.smithi055.stdout:/usr/bin/ceph: stderr
2023-07-09T21:00:10.847+0000 7f3c6518e700 1 --2- 172.21.15.55:0/1874557048 >> [v2:172.21.15.55:6800/2666365158,v1:172.21.15.55:6801/2666365158] conn(0x7f3c4c03bfe0 0x7f3c4c03e3c0 unknown :-1 s=BANNER_CONNECTING pgs=0 cs=0 l=1 rev1=0 crypto rx=0 tx=0 comp rx=0 tx=0)._handle_peer_banner_payload supported=3 required=0
2023-07-09T21:00:11.380 INFO:teuthology.orchestra.run.smithi055.stdout:/usr/bin/ceph: stderr
2023-07-09T21:00:10.848+0000 7f3c6518e700 1 --2- 172.21.15.55:0/1874557048 >> [v2:172.21.15.55:6800/2666365158,v1:172.21.15.55:6801/2666365158] conn(0x7f3c4c03bfe0 0x7f3c4c03e3c0 secure :-1 s=READY pgs=1 cs=0 l=1 rev1=1 crypto rx=0x7f3c50003a10 tx=0x7f3c50009290 comp rx=0 tx=0).ready entity=mgr.14118 client_cookie=0 server_cookie=0 in_seq=0 out_seq=0
2023-07-09T21:00:11.381 INFO:teuthology.orchestra.run.smithi055.stdout:/usr/bin/ceph: stderr
2023-07-09T21:00:10.849+0000 7f3c56ffd700 1 -- 172.21.15.55:0/1874557048 <== mgr.14118 v2:172.21.15.55:6800/2666365158 1 ==== command_reply(tid 0: 0 ) v1 ==== 8+0+6910 (secure 0 0 0) 0x7f3c4c03b2d0 con 0x7f3c4c03bfe0
2023-07-09T21:00:11.381 INFO:teuthology.orchestra.run.smithi055.stdout:/usr/bin/ceph: stderr
2023-07-09T21:00:10.856+0000 7f3c67bf3700 1 -- 172.21.15.55:0/1874557048 --> [v2:172.21.15.55:6800/2666365158,v1:172.21.15.55:6801/2666365158] -- command(tid 1: {"prefix": "mgr_status"}) v1 -- 0x7f3c6019cd50 con 0x7f3c4c03bfe0
2023-07-09T21:00:11.381 INFO:teuthology.orchestra.run.smithi055.stdout:/usr/bin/ceph: stderr
2023-07-09T21:00:10.857+0000 7f3c56ffd700 1 -- 172.21.15.55:0/1874557048 <== mgr.14118 v2:172.21.15.55:6800/2666365158 2 ==== command_reply(tid 1: 0 ) v1 ==== 8+0+51 (secure 0 0 0) 0x7f3c6019cd50 con 0x7f3c4c03bfe0
2023-07-09T21:00:11.381 INFO:teuthology.orchestra.run.smithi055.stdout:/usr/bin/ceph: stderr
2023-07-09T21:00:10.857+0000 7f3c67bf3700 1 -- 172.21.15.55:0/1874557048 >> [v2:172.21.15.55:6800/2666365158,v1:172.21.15.55:6801/2666365158] conn(0x7f3c4c03bfe0 msgr2=0x7f3c4c03e3c0 secure :-1 s=STATE_CONNECTION_ESTABLISHED l=1).mark_down
2023-07-09T21:00:11.382 INFO:teuthology.orchestra.run.smithi055.stdout:/usr/bin/ceph: stderr
2023-07-09T21:00:10.857+0000 7f3c67bf3700 1 --2- 172.21.15.55:0/1874557048 >> [v2:172.21.15.55:6800/2666365158,v1:172.21.15.55:6801/2666365158] conn(0x7f3c4c03bfe0 0x7f3c4c03e3c0 secure :-1 s=READY pgs=1 cs=0 l=1 rev1=1 crypto rx=0x7f3c50003a10 tx=0x7f3c50009290 comp rx=0 tx=0).stop
2023-07-09T21:00:11.382 INFO:teuthology.orchestra.run.smithi055.stdout:/usr/bin/ceph: stderr
2023-07-09T21:00:10.857+0000 7f3c67bf3700 1 -- 172.21.15.55:0/1874557048 >> [v2:172.21.15.55:3300/0,v1:172.21.15.55:6789/0] conn(0x7f3c6007a2f0 msgr2=0x7f3c6019ba10 secure :-1 s=STATE_CONNECTION_ESTABLISHED l=1).mark_down
2023-07-09T21:00:11.382 INFO:teuthology.orchestra.run.smithi055.stdout:/usr/bin/ceph: stderr
2023-07-09T21:00:10.857+0000 7f3c67bf3700 1 --2- 172.21.15.55:0/1874557048 >> [v2:172.21.15.55:3300/0,v1:172.21.15.55:6789/0] conn(0x7f3c6007a2f0 0x7f3c6019ba10 secure :-1 s=READY pgs=27 cs=0 l=1 rev1=1 crypto rx=0x7f3c5c009130 tx=0x7f3c5c011ad0 comp rx=0 tx=0).stop
2023-07-09T21:00:11.382 INFO:teuthology.orchestra.run.smithi055.stdout:/usr/bin/ceph: stderr
2023-07-09T21:00:10.857+0000 7f3c67bf3700 1 -- 172.21.15.55:0/1874557048 shutdown_connections
2023-07-09T21:00:11.383 INFO:teuthology.orchestra.run.smithi055.stdout:/usr/bin/ceph: stderr
2023-07-09T21:00:10.857+0000 7f3c67bf3700 1 --2- 172.21.15.55:0/1874557048 >> [v2:172.21.15.55:6800/2666365158,v1:172.21.15.55:6801/2666365158] conn(0x7f3c4c03bfe0 0x7f3c4c03e3c0 unknown :-1 s=CLOSED pgs=1 cs=0 l=1 rev1=1 crypto rx=0 tx=0 comp rx=0 tx=0).stop
2023-07-09T21:00:11.383 INFO:teuthology.orchestra.run.smithi055.stdout:/usr/bin/ceph: stderr
2023-07-09T21:00:10.857+0000 7f3c67bf3700 1 --2- 172.21.15.55:0/1874557048 >> [v2:172.21.15.55:3300/0,v1:172.21.15.55:6789/0] conn(0x7f3c6007a2f0 0x7f3c6019ba10 unknown :-1 s=CLOSED pgs=27 cs=0 l=1 rev1=1 crypto rx=0 tx=0 comp rx=0 tx=0).stop
2023-07-09T21:00:11.383 INFO:teuthology.orchestra.run.smithi055.stdout:/usr/bin/ceph: stderr
2023-07-09T21:00:10.857+0000 7f3c67bf3700 1 --2- 172.21.15.55:0/1874557048 >> [v2:172.21.15.55:6800/2483802672,v1:172.21.15.55:6801/2483802672] conn(0x7f3c4c038710 0x7f3c4c03abc0 unknown :-1 s=CLOSED pgs=0 cs=0 l=1 rev1=0 crypto rx=0 tx=0 comp rx=0 tx=0).stop
2023-07-09T21:00:11.383 INFO:teuthology.orchestra.run.smithi055.stdout:/usr/bin/ceph: stderr
2023-07-09T21:00:10.857+0000 7f3c67bf3700 1 -- 172.21.15.55:0/1874557048 >> 172.21.15.55:0/1874557048 conn(0x7f3c60100960 msgr2=0x7f3c60102160 unknown :-1 s=STATE_NONE l=0).mark_down
2023-07-09T21:00:11.384 INFO:teuthology.orchestra.run.smithi055.stdout:/usr/bin/ceph: stderr
2023-07-09T21:00:10.857+0000 7f3c67bf3700 1 -- 172.21.15.55:0/1874557048 shutdown_connections
2023-07-09T21:00:11.384 INFO:teuthology.orchestra.run.smithi055.stdout:/usr/bin/ceph: stderr
2023-07-09T21:00:10.857+0000 7f3c67bf3700 1 -- 172.21.15.55:0/1874557048 wait complete.
2023-07-09T21:00:11.384 INFO:teuthology.orchestra.run.smithi055.stdout:mgr epoch 5 is available
2023-07-09T21:00:11.385 INFO:teuthology.orchestra.run.smithi055.stdout:Setting orchestrator backend to cephadm...
2023-07-09T21:00:12.180 INFO:journalctl@ceph.mon.a.smithi055.stdout:Jul 09 21:00:11 smithi055 ceph-mon[95503]: from='client.14122 -' entity='client.admin' cmd=[{"prefix": "get_command_descriptions"}]: dispatch
2023-07-09T21:00:12.180 INFO:journalctl@ceph.mon.a.smithi055.stdout:Jul 09 21:00:11 smithi055 ceph-mon[95503]: from='client.14122 -' entity='client.admin' cmd=[{"prefix": "mgr_status"}]: dispatch
2023-07-09T21:00:12.180 INFO:journalctl@ceph.mon.a.smithi055.stdout:Jul 09 21:00:11 smithi055 ceph-mon[95503]: from='mgr.14118 172.21.15.55:0/3872379661' entity='mgr.x' cmd=[{"prefix": "config dump", "format": "json"}]: dispatch
2023-07-09T21:00:12.550 INFO:teuthology.orchestra.run.smithi055.stdout:/usr/bin/ceph: stderr
2023-07-09T21:00:11.912+0000 7faaf0935700 1 Processor -- start
2023-07-09T21:00:12.550 INFO:teuthology.orchestra.run.smithi055.stdout:/usr/bin/ceph: stderr
2023-07-09T21:00:11.912+0000 7faaf0935700 1 -- start start
2023-07-09T21:00:12.550 INFO:teuthology.orchestra.run.smithi055.stdout:/usr/bin/ceph: stderr
2023-07-09T21:00:11.913+0000 7faaf0935700 1 --2- >> [v2:172.21.15.55:3300/0,v1:172.21.15.55:6789/0] conn(0x7faaec105760 0x7faaec1065e0 unknown :-1 s=NONE pgs=0 cs=0 l=0 rev1=0 crypto rx=0 tx=0 comp rx=0 tx=0).connect
2023-07-09T21:00:12.550 INFO:teuthology.orchestra.run.smithi055.stdout:/usr/bin/ceph: stderr
