2023-07-09T21:00:15.122 INFO:teuthology.orchestra.run.smithi055.stdout:/usr/bin/ceph: stderr
2023-07-09T21:00:14.685+0000 7f3c48bb1700 1 -- 172.21.15.55:0/1189151106 >> 172.21.15.55:0/1189151106 conn(0x7f3c44100960 msgr2=0x7f3c44102cc0 unknown :-1 s=STATE_NONE l=0).mark_down
2023-07-09T21:00:15.122 INFO:teuthology.orchestra.run.smithi055.stdout:/usr/bin/ceph: stderr
2023-07-09T21:00:14.685+0000 7f3c48bb1700 1 -- 172.21.15.55:0/1189151106 shutdown_connections
2023-07-09T21:00:15.122 INFO:teuthology.orchestra.run.smithi055.stdout:/usr/bin/ceph: stderr
2023-07-09T21:00:14.685+0000 7f3c48bb1700 1 -- 172.21.15.55:0/1189151106 wait complete.
2023-07-09T21:00:16.035 INFO:journalctl@ceph.mon.a.smithi055.stdout:Jul 09 21:00:15 smithi055 ceph-mon[95503]: from='client.14134 -' entity='client.admin' cmd=[{"prefix": "cephadm generate-key", "target": ["mon-mgr", ""]}]: dispatch
2023-07-09T21:00:16.036 INFO:journalctl@ceph.mon.a.smithi055.stdout:Jul 09 21:00:15 smithi055 ceph-mon[95503]: Generating ssh key...
2023-07-09T21:00:16.036 INFO:journalctl@ceph.mon.a.smithi055.stdout:Jul 09 21:00:15 smithi055 ceph-mon[95503]: from='mgr.14118 172.21.15.55:0/3872379661' entity='mgr.x'
2023-07-09T21:00:16.036 INFO:journalctl@ceph.mon.a.smithi055.stdout:Jul 09 21:00:15 smithi055 ceph-mon[95503]: from='mgr.14118 172.21.15.55:0/3872379661' entity='mgr.x'
2023-07-09T21:00:16.299 INFO:teuthology.orchestra.run.smithi055.stdout:/usr/bin/ceph: stdout ssh-rsa AAAAB3NzaC1yc2EAAAADAQABAAABgQDFxw4TeAkm7FTgLz3weI4cKa/CyOreMWDqaGvbQS7pBAQaDtQIBoYpJeSWrbgIDNkaA9wWYXVYk3AEe91kP7zaio/EmI4t1S04+AbLrBDG0yKUWFFPm0dqIYzSeR1CWfCBjTFikqR1sHvsO8cfRKxPS3UeWbA/HKxMlp5gQJUaeSYp1NbH4sD1jtXtl+dQUWHu/Hofvvi5JH7JADZBVsead9nmx+en1U0kVQQ1hSSZVn88QXsnK2qFYdkJhUrrCJi1nh6w40di27wfB8jr4v+XkNq9iwaZtcWNuhOtUWEodow9idOjnLqb4uNPAA0uOsyqSeItuEmDs5KJOqBCUB5PN9thnd+mKb+4iDs7C8UaOqIIdJFN4uNFLWp+BP3BTYfZDfu8l/Lf1FS8M+SFIDkthBT5RlNbvhIo293AELAJGTzchIIQJyqfiBV9uaRprInEGGHZGw4tE4DLkKQuzSKLfV3usjctYSVkhlngFihE7HZxL9gZRa9vHxoTXkXalDs= ceph-64e2ce5e-1e9b-11ee-9b31-001a4aab830c
2023-07-09T21:00:16.300 INFO:teuthology.orchestra.run.smithi055.stdout:/usr/bin/ceph: stderr
2023-07-09T21:00:15.660+0000 7f78c3254700 1 Processor -- start
2023-07-09T21:00:16.300 INFO:teuthology.orchestra.run.smithi055.stdout:/usr/bin/ceph: stderr
2023-07-09T21:00:15.660+0000 7f78c3254700 1 -- start start
2023-07-09T21:00:16.300 INFO:teuthology.orchestra.run.smithi055.stdout:/usr/bin/ceph: stderr
2023-07-09T21:00:15.660+0000 7f78c3254700 1 --2- >> [v2:172.21.15.55:3300/0,v1:172.21.15.55:6789/0] conn(0x7f78bc1056f0 0x7f78bc106570 unknown :-1 s=NONE pgs=0 cs=0 l=0 rev1=0 crypto rx=0 tx=0 comp rx=0 tx=0).connect
2023-07-09T21:00:16.300 INFO:teuthology.orchestra.run.smithi055.stdout:/usr/bin/ceph: stderr
2023-07-09T21:00:15.660+0000 7f78c3254700 1 -- --> [v2:172.21.15.55:3300/0,v1:172.21.15.55:6789/0] -- mon_getmap magic: 0 v1 -- 0x7f78bc105b00 con 0x7f78bc1056f0
2023-07-09T21:00:16.301 INFO:teuthology.orchestra.run.smithi055.stdout:/usr/bin/ceph: stderr
2023-07-09T21:00:15.661+0000 7f78c0ff0700 1 --2- >> [v2:172.21.15.55:3300/0,v1:172.21.15.55:6789/0] conn(0x7f78bc1056f0 0x7f78bc106570 unknown :-1 s=BANNER_CONNECTING pgs=0 cs=0 l=0 rev1=0 crypto rx=0 tx=0 comp rx=0 tx=0)._handle_peer_banner_payload supported=3 required=0
2023-07-09T21:00:16.301 INFO:teuthology.orchestra.run.smithi055.stdout:/usr/bin/ceph: stderr
2023-07-09T21:00:15.661+0000 7f78c0ff0700 1 --2- >> [v2:172.21.15.55:3300/0,v1:172.21.15.55:6789/0] conn(0x7f78bc1056f0 0x7f78bc106570 unknown :-1 s=HELLO_CONNECTING pgs=0 cs=0 l=0 rev1=1 crypto rx=0 tx=0 comp rx=0 tx=0).handle_hello peer v2:172.21.15.55:3300/0 says I am v2:172.21.15.55:39662/0 (socket says 172.21.15.55:39662)
2023-07-09T21:00:16.301 INFO:teuthology.orchestra.run.smithi055.stdout:/usr/bin/ceph: stderr
2023-07-09T21:00:15.661+0000 7f78c0ff0700 1 -- 172.21.15.55:0/3055473933 learned_addr learned my addr 172.21.15.55:0/3055473933 (peer_addr_for_me v2:172.21.15.55:0/0)
2023-07-09T21:00:16.301 INFO:teuthology.orchestra.run.smithi055.stdout:/usr/bin/ceph: stderr
2023-07-09T21:00:15.661+0000 7f78c0ff0700 1 -- 172.21.15.55:0/3055473933 --> [v2:172.21.15.55:3300/0,v1:172.21.15.55:6789/0] -- mon_subscribe({config=0+,monmap=0+}) v3 -- 0x7f78bc105c40 con 0x7f78bc1056f0
2023-07-09T21:00:16.302 INFO:teuthology.orchestra.run.smithi055.stdout:/usr/bin/ceph: stderr
2023-07-09T21:00:15.661+0000 7f78c0ff0700 1 --2- 172.21.15.55:0/3055473933 >> [v2:172.21.15.55:3300/0,v1:172.21.15.55:6789/0] conn(0x7f78bc1056f0 0x7f78bc106570 secure :-1 s=READY pgs=41 cs=0 l=1 rev1=1 crypto rx=0x7f78b00098a0 tx=0x7f78b0009bb0 comp rx=0 tx=0).ready entity=mon.0 client_cookie=175818ca542723a2 server_cookie=0 in_seq=0 out_seq=0
2023-07-09T21:00:16.302 INFO:teuthology.orchestra.run.smithi055.stdout:/usr/bin/ceph: stderr
2023-07-09T21:00:15.661+0000 7f78bb7fe700 1 -- 172.21.15.55:0/3055473933 <== mon.0 v2:172.21.15.55:3300/0 1 ==== mon_map magic: 0 v1 ==== 205+0+0 (secure 0 0 0) 0x7f78b0004160 con 0x7f78bc1056f0
2023-07-09T21:00:16.302 INFO:teuthology.orchestra.run.smithi055.stdout:/usr/bin/ceph: stderr
2023-07-09T21:00:15.662+0000 7f78bb7fe700 1 -- 172.21.15.55:0/3055473933 <== mon.0 v2:172.21.15.55:3300/0 2 ==== config(26 keys) v1 ==== 1074+0+0 (secure 0 0 0) 0x7f78b00042c0 con 0x7f78bc1056f0
2023-07-09T21:00:16.302 INFO:teuthology.orchestra.run.smithi055.stdout:/usr/bin/ceph: stderr
2023-07-09T21:00:15.662+0000 7f78bb7fe700 1 -- 172.21.15.55:0/3055473933 <== mon.0 v2:172.21.15.55:3300/0 3 ==== mon_map magic: 0 v1 ==== 205+0+0 (secure 0 0 0) 0x7f78b0011a00 con 0x7f78bc1056f0
2023-07-09T21:00:16.303 INFO:teuthology.orchestra.run.smithi055.stdout:/usr/bin/ceph: stderr
2023-07-09T21:00:15.662+0000 7f78c3254700 1 -- 172.21.15.55:0/3055473933 >> [v2:172.21.15.55:3300/0,v1:172.21.15.55:6789/0] conn(0x7f78bc1056f0 msgr2=0x7f78bc106570 secure :-1 s=STATE_CONNECTION_ESTABLISHED l=1).mark_down
2023-07-09T21:00:16.303 INFO:teuthology.orchestra.run.smithi055.stdout:/usr/bin/ceph: stderr
2023-07-09T21:00:15.662+0000 7f78c3254700 1 --2- 172.21.15.55:0/3055473933 >> [v2:172.21.15.55:3300/0,v1:172.21.15.55:6789/0] conn(0x7f78bc1056f0 0x7f78bc106570 secure :-1 s=READY pgs=41 cs=0 l=1 rev1=1 crypto rx=0x7f78b00098a0 tx=0x7f78b0009bb0 comp rx=0 tx=0).stop
2023-07-09T21:00:16.303 INFO:teuthology.orchestra.run.smithi055.stdout:/usr/bin/ceph: stderr
2023-07-09T21:00:15.662+0000 7f78c3254700 1 -- 172.21.15.55:0/3055473933 shutdown_connections
2023-07-09T21:00:16.303 INFO:teuthology.orchestra.run.smithi055.stdout:/usr/bin/ceph: stderr
2023-07-09T21:00:15.662+0000 7f78c3254700 1 --2- 172.21.15.55:0/3055473933 >> [v2:172.21.15.55:3300/0,v1:172.21.15.55:6789/0] conn(0x7f78bc1056f0 0x7f78bc106570 unknown :-1 s=CLOSED pgs=41 cs=0 l=1 rev1=1 crypto rx=0 tx=0 comp rx=0 tx=0).stop
2023-07-09T21:00:16.303 INFO:teuthology.orchestra.run.smithi055.stdout:/usr/bin/ceph: stderr
2023-07-09T21:00:15.662+0000 7f78c3254700 1 -- 172.21.15.55:0/3055473933 >> 172.21.15.55:0/3055473933 conn(0x7f78bc100960 msgr2=0x7f78bc102d70 unknown :-1 s=STATE_NONE l=0).mark_down
2023-07-09T21:00:16.303 INFO:teuthology.orchestra.run.smithi055.stdout:/usr/bin/ceph: stderr
2023-07-09T21:00:15.662+0000 7f78c3254700 1 -- 172.21.15.55:0/3055473933 shutdown_connections
2023-07-09T21:00:16.303 INFO:teuthology.orchestra.run.smithi055.stdout:/usr/bin/ceph: stderr
2023-07-09T21:00:15.662+0000 7f78c3254700 1 -- 172.21.15.55:0/3055473933 wait complete.
2023-07-09T21:00:16.304 INFO:teuthology.orchestra.run.smithi055.stdout:/usr/bin/ceph: stderr
2023-07-09T21:00:15.663+0000 7f78c3254700 1 Processor -- start
2023-07-09T21:00:16.304 INFO:teuthology.orchestra.run.smithi055.stdout:/usr/bin/ceph: stderr
2023-07-09T21:00:15.663+0000 7f78c3254700 1 -- start start
2023-07-09T21:00:16.304 INFO:teuthology.orchestra.run.smithi055.stdout:/usr/bin/ceph: stderr
2023-07-09T21:00:15.664+0000 7f78c3254700 1 --2- >> [v2:172.21.15.55:3300/0,v1:172.21.15.55:6789/0] conn(0x7f78bc1056f0 0x7f78bc07bc60 unknown :-1 s=NONE pgs=0 cs=0 l=1 rev1=0 crypto rx=0 tx=0 comp rx=0 tx=0).connect
2023-07-09T21:00:16.304 INFO:teuthology.orchestra.run.smithi055.stdout:/usr/bin/ceph: stderr
2023-07-09T21:00:15.664+0000 7f78c3254700 1 -- --> [v2:172.21.15.55:3300/0,v1:172.21.15.55:6789/0] -- mon_getmap magic: 0 v1 -- 0x7f78bc07c1a0 con 0x7f78bc1056f0
2023-07-09T21:00:16.304 INFO:teuthology.orchestra.run.smithi055.stdout:/usr/bin/ceph: stderr
2023-07-09T21:00:15.664+0000 7f78c0ff0700 1 --2- >> [v2:172.21.15.55:3300/0,v1:172.21.15.55:6789/0] conn(0x7f78bc1056f0 0x7f78bc07bc60 unknown :-1 s=BANNER_CONNECTING pgs=0 cs=0 l=1 rev1=0 crypto rx=0 tx=0 comp rx=0 tx=0)._handle_peer_banner_payload supported=3 required=0
2023-07-09T21:00:16.304 INFO:teuthology.orchestra.run.smithi055.stdout:/usr/bin/ceph: stderr
2023-07-09T21:00:15.664+0000 7f78c0ff0700 1 --2- >> [v2:172.21.15.55:3300/0,v1:172.21.15.55:6789/0] conn(0x7f78bc1056f0 0x7f78bc07bc60 unknown :-1 s=HELLO_CONNECTING pgs=0 cs=0 l=1 rev1=1 crypto rx=0 tx=0 comp rx=0 tx=0).handle_hello peer v2:172.21.15.55:3300/0 says I am v2:172.21.15.55:39670/0 (socket says 172.21.15.55:39670)
2023-07-09T21:00:16.304 INFO:teuthology.orchestra.run.smithi055.stdout:/usr/bin/ceph: stderr
2023-07-09T21:00:15.664+0000 7f78c0ff0700 1 -- 172.21.15.55:0/1150463903 learned_addr learned my addr 172.21.15.55:0/1150463903 (peer_addr_for_me v2:172.21.15.55:0/0)
2023-07-09T21:00:16.305 INFO:teuthology.orchestra.run.smithi055.stdout:/usr/bin/ceph: stderr
2023-07-09T21:00:15.664+0000 7f78c0ff0700 1 -- 172.21.15.55:0/1150463903 --> [v2:172.21.15.55:3300/0,v1:172.21.15.55:6789/0] -- mon_subscribe({config=0+,monmap=0+}) v3 -- 0x7f78b0009550 con 0x7f78bc1056f0
2023-07-09T21:00:16.305 INFO:teuthology.orchestra.run.smithi055.stdout:/usr/bin/ceph: stderr
2023-07-09T21:00:15.665+0000 7f78c0ff0700 1 --2- 172.21.15.55:0/1150463903 >> [v2:172.21.15.55:3300/0,v1:172.21.15.55:6789/0] conn(0x7f78bc1056f0 0x7f78bc07bc60 secure :-1 s=READY pgs=42 cs=0 l=1 rev1=1 crypto rx=0x7f78b0009130 tx=0x7f78b0011ad0 comp rx=0 tx=0).ready entity=mon.0 client_cookie=0 server_cookie=0 in_seq=0 out_seq=0
2023-07-09T21:00:16.305 INFO:teuthology.orchestra.run.smithi055.stdout:/usr/bin/ceph: stderr
2023-07-09T21:00:15.665+0000 7f78b9ffb700 1 -- 172.21.15.55:0/1150463903 <== mon.0 v2:172.21.15.55:3300/0 1 ==== mon_map magic: 0 v1 ==== 205+0+0 (secure 0 0 0) 0x7f78b0003b70 con 0x7f78bc1056f0
2023-07-09T21:00:16.305 INFO:teuthology.orchestra.run.smithi055.stdout:/usr/bin/ceph: stderr
2023-07-09T21:00:15.665+0000 7f78b9ffb700 1 -- 172.21.15.55:0/1150463903 <== mon.0 v2:172.21.15.55:3300/0 2 ==== config(26 keys) v1 ==== 1074+0+0 (secure 0 0 0) 0x7f78b0003cd0 con 0x7f78bc1056f0
2023-07-09T21:00:16.305 INFO:teuthology.orchestra.run.smithi055.stdout:/usr/bin/ceph: stderr
2023-07-09T21:00:15.665+0000 7f78b9ffb700 1 -- 172.21.15.55:0/1150463903 <== mon.0 v2:172.21.15.55:3300/0 3 ==== mon_map magic: 0 v1 ==== 205+0+0 (secure 0 0 0) 0x7f78b00197d0 con 0x7f78bc1056f0
2023-07-09T21:00:16.305 INFO:teuthology.orchestra.run.smithi055.stdout:/usr/bin/ceph: stderr
2023-07-09T21:00:15.665+0000 7f78c3254700 1 -- 172.21.15.55:0/1150463903 --> [v2:172.21.15.55:3300/0,v1:172.21.15.55:6789/0] -- mon_subscribe({mgrmap=0+}) v3 -- 0x7f78bc07a2b0 con 0x7f78bc1056f0
2023-07-09T21:00:16.305 INFO:teuthology.orchestra.run.smithi055.stdout:/usr/bin/ceph: stderr
2023-07-09T21:00:15.665+0000 7f78c3254700 1 -- 172.21.15.55:0/1150463903 --> [v2:172.21.15.55:3300/0,v1:172.21.15.55:6789/0] -- mon_subscribe({osdmap=0}) v3 -- 0x7f78bc07a6d0 con 0x7f78bc1056f0
2023-07-09T21:00:16.306 INFO:teuthology.orchestra.run.smithi055.stdout:/usr/bin/ceph: stderr
2023-07-09T21:00:15.666+0000 7f78b9ffb700 1 -- 172.21.15.55:0/1150463903 <== mon.0 v2:172.21.15.55:3300/0 4 ==== mgrmap(e 8) v1 ==== 45483+0+0 (secure 0 0 0) 0x7f78b001abb0 con 0x7f78bc1056f0
2023-07-09T21:00:16.306 INFO:teuthology.orchestra.run.smithi055.stdout:/usr/bin/ceph: stderr
2023-07-09T21:00:15.666+0000 7f78c3254700 1 -- 172.21.15.55:0/1150463903 --> [v2:172.21.15.55:3300/0,v1:172.21.15.55:6789/0] -- mon_command({"prefix": "get_command_descriptions"} v 0) v1 -- 0x7f78bc07b0e0 con 0x7f78bc1056f0
2023-07-09T21:00:16.306 INFO:teuthology.orchestra.run.smithi055.stdout:/usr/bin/ceph: stderr
2023-07-09T21:00:15.666+0000 7f78b9ffb700 1 --2- 172.21.15.55:0/1150463903 >> [v2:172.21.15.55:6800/2666365158,v1:172.21.15.55:6801/2666365158] conn(0x7f78ac038760 0x7f78ac03ac10 unknown :-1 s=NONE pgs=0 cs=0 l=1 rev1=0 crypto rx=0 tx=0 comp rx=0 tx=0).connect
2023-07-09T21:00:16.306 INFO:teuthology.orchestra.run.smithi055.stdout:/usr/bin/ceph: stderr
2023-07-09T21:00:15.666+0000 7f78b9ffb700 1 -- 172.21.15.55:0/1150463903 <== mon.0 v2:172.21.15.55:3300/0 5 ==== osd_map(2..2 src has 1..2) v4 ==== 940+0+0 (secure 0 0 0) 0x7f78b004c990 con 0x7f78bc1056f0
2023-07-09T21:00:16.306 INFO:teuthology.orchestra.run.smithi055.stdout:/usr/bin/ceph: stderr
2023-07-09T21:00:15.667+0000 7f78bbfff700 1 --2- 172.21.15.55:0/1150463903 >> [v2:172.21.15.55:6800/2666365158,v1:172.21.15.55:6801/2666365158] conn(0x7f78ac038760 0x7f78ac03ac10 unknown :-1 s=BANNER_CONNECTING pgs=0 cs=0 l=1 rev1=0 crypto rx=0 tx=0 comp rx=0 tx=0)._handle_peer_banner_payload supported=3 required=0
2023-07-09T21:00:16.307 INFO:teuthology.orchestra.run.smithi055.stdout:/usr/bin/ceph: stderr
2023-07-09T21:00:15.667+0000 7f78bbfff700 1 --2- 172.21.15.55:0/1150463903 >> [v2:172.21.15.55:6800/2666365158,v1:172.21.15.55:6801/2666365158] conn(0x7f78ac038760 0x7f78ac03ac10 secure :-1 s=READY pgs=10 cs=0 l=1 rev1=1 crypto rx=0x7f78a8006fd0 tx=0x7f78a8006e40 comp rx=0 tx=0).ready entity=mgr.14118 client_cookie=0 server_cookie=0 in_seq=0 out_seq=0
2023-07-09T21:00:16.307 INFO:teuthology.orchestra.run.smithi055.stdout:/usr/bin/ceph: stderr
2023-07-09T21:00:15.671+0000 7f78b9ffb700 1 -- 172.21.15.55:0/1150463903 <== mon.0 v2:172.21.15.55:3300/0 6 ==== mon_command_ack([{"prefix": "get_command_descriptions"}]=0 v0) v1 ==== 72+0+178008 (secure 0 0 0) 0x7f78b001a430 con 0x7f78bc1056f0
2023-07-09T21:00:16.307 INFO:teuthology.orchestra.run.smithi055.stdout:/usr/bin/ceph: stderr
2023-07-09T21:00:15.880+0000 7f78c3254700 1 -- 172.21.15.55:0/1150463903 --> [v2:172.21.15.55:6800/2666365158,v1:172.21.15.55:6801/2666365158] -- mgr_command(tid 0: {"prefix": "cephadm get-pub-key", "target": ["mon-mgr", ""]}) v1 -- 0x7f78bc07a910 con 0x7f78ac038760
2023-07-09T21:00:16.307 INFO:teuthology.orchestra.run.smithi055.stdout:/usr/bin/ceph: stderr
2023-07-09T21:00:15.881+0000 7f78b9ffb700 1 -- 172.21.15.55:0/1150463903 <== mgr.14118 v2:172.21.15.55:6800/2666365158 1 ==== mgr_command_reply(tid 0: 0 ) v1 ==== 8+0+595 (secure 0 0 0) 0x7f78bc07a910 con 0x7f78ac038760
2023-07-09T21:00:16.308 INFO:teuthology.orchestra.run.smithi055.stdout:/usr/bin/ceph: stderr
2023-07-09T21:00:15.883+0000 7f78c3254700 1 -- 172.21.15.55:0/1150463903 >> [v2:172.21.15.55:6800/2666365158,v1:172.21.15.55:6801/2666365158] conn(0x7f78ac038760 msgr2=0x7f78ac03ac10 secure :-1 s=STATE_CONNECTION_ESTABLISHED l=1).mark_down
2023-07-09T21:00:16.308 INFO:teuthology.orchestra.run.smithi055.stdout:/usr/bin/ceph: stderr
2023-07-09T21:00:15.883+0000 7f78c3254700 1 --2- 172.21.15.55:0/1150463903 >> [v2:172.21.15.55:6800/2666365158,v1:172.21.15.55:6801/2666365158] conn(0x7f78ac038760 0x7f78ac03ac10 secure :-1 s=READY pgs=10 cs=0 l=1 rev1=1 crypto rx=0x7f78a8006fd0 tx=0x7f78a8006e40 comp rx=0 tx=0).stop
2023-07-09T21:00:16.308 INFO:teuthology.orchestra.run.smithi055.stdout:/usr/bin/ceph: stderr
2023-07-09T21:00:15.883+0000 7f78c3254700 1 -- 172.21.15.55:0/1150463903 >> [v2:172.21.15.55:3300/0,v1:172.21.15.55:6789/0] conn(0x7f78bc1056f0 msgr2=0x7f78bc07bc60 secure :-1 s=STATE_CONNECTION_ESTABLISHED l=1).mark_down
2023-07-09T21:00:16.308 INFO:teuthology.orchestra.run.smithi055.stdout:/usr/bin/ceph: stderr
2023-07-09T21:00:15.883+0000 7f78c3254700 1 --2- 172.21.15.55:0/1150463903 >> [v2:172.21.15.55:3300/0,v1:172.21.15.55:6789/0] conn(0x7f78bc1056f0 0x7f78bc07bc60 secure :-1 s=READY pgs=42 cs=0 l=1 rev1=1 crypto rx=0x7f78b0009130 tx=0x7f78b0011ad0 comp rx=0 tx=0).stop
2023-07-09T21:00:16.308 INFO:teuthology.orchestra.run.smithi055.stdout:/usr/bin/ceph: stderr
2023-07-09T21:00:15.883+0000 7f78c3254700 1 -- 172.21.15.55:0/1150463903 shutdown_connections
2023-07-09T21:00:16.309 INFO:teuthology.orchestra.run.smithi055.stdout:/usr/bin/ceph: stderr
2023-07-09T21:00:15.884+0000 7f78c3254700 1 --2- 172.21.15.55:0/1150463903 >> [v2:172.21.15.55:6800/2666365158,v1:172.21.15.55:6801/2666365158] conn(0x7f78ac038760 0x7f78ac03ac10 unknown :-1 s=CLOSED pgs=10 cs=0 l=1 rev1=1 crypto rx=0 tx=0 comp rx=0 tx=0).stop
2023-07-09T21:00:16.310 INFO:teuthology.orchestra.run.smithi055.stdout:/usr/bin/ceph: stderr
2023-07-09T21:00:15.884+0000 7f78c3254700 1 --2- 172.21.15.55:0/1150463903 >> [v2:172.21.15.55:3300/0,v1:172.21.15.55:6789/0] conn(0x7f78bc1056f0 0x7f78bc07bc60 unknown :-1 s=CLOSED pgs=42 cs=0 l=1 rev1=1 crypto rx=0 tx=0 comp rx=0 tx=0).stop
2023-07-09T21:00:16.310 INFO:teuthology.orchestra.run.smithi055.stdout:/usr/bin/ceph: stderr
2023-07-09T21:00:15.884+0000 7f78c3254700 1 -- 172.21.15.55:0/1150463903 >> 172.21.15.55:0/1150463903 conn(0x7f78bc100960 msgr2=0x7f78bc102d00 unknown :-1 s=STATE_NONE l=0).mark_down
2023-07-09T21:00:16.310 INFO:teuthology.orchestra.run.smithi055.stdout:/usr/bin/ceph: stderr
2023-07-09T21:00:15.884+0000 7f78c3254700 1 -- 172.21.15.55:0/1150463903 shutdown_connections
2023-07-09T21:00:16.310 INFO:teuthology.orchestra.run.smithi055.stdout:/usr/bin/ceph: stderr
2023-07-09T21:00:15.884+0000 7f78c3254700 1 -- 172.21.15.55:0/1150463903 wait complete.
2023-07-09T21:00:16.310 INFO:teuthology.orchestra.run.smithi055.stdout:Wrote public SSH key to /home/ubuntu/cephtest/ceph.pub
2023-07-09T21:00:16.311 INFO:teuthology.orchestra.run.smithi055.stdout:Adding key to root@localhost authorized_keys...
2023-07-09T21:00:16.311 INFO:teuthology.orchestra.run.smithi055.stdout:Adding host smithi055...
2023-07-09T21:00:17.056 INFO:journalctl@ceph.mon.a.smithi055.stdout:Jul 09 21:00:16 smithi055 ceph-mon[95503]: from='client.14136 -' entity='client.admin' cmd=[{"prefix": "cephadm get-pub-key", "target": ["mon-mgr", ""]}]: dispatch
2023-07-09T21:00:18.404 INFO:journalctl@ceph.mon.a.smithi055.stdout:Jul 09 21:00:18 smithi055 ceph-mon[95503]: from='client.14138 -' entity='client.admin' cmd=[{"prefix": "orch host add", "hostname": "smithi055", "addr": "172.21.15.55", "target": ["mon-mgr", ""]}]: dispatch
2023-07-09T21:00:19.452 INFO:journalctl@ceph.mon.a.smithi055.stdout:Jul 09 21:00:19 smithi055 ceph-mon[95503]: Deploying cephadm binary to smithi055
2023-07-09T21:00:20.688 INFO:teuthology.orchestra.run.smithi055.stdout:/usr/bin/ceph: stdout Added host 'smithi055' with addr '172.21.15.55'
2023-07-09T21:00:20.688 INFO:teuthology.orchestra.run.smithi055.stdout:/usr/bin/ceph: stderr
2023-07-09T21:00:16.845+0000 7fe4d0abc700 1 Processor -- start
2023-07-09T21:00:20.689 INFO:teuthology.orchestra.run.smithi055.stdout:/usr/bin/ceph: stderr
2023-07-09T21:00:16.846+0000 7fe4d0abc700 1 -- start start
2023-07-09T21:00:20.689 INFO:teuthology.orchestra.run.smithi055.stdout:/usr/bin/ceph: stderr
2023-07-09T21:00:16.846+0000 7fe4d0abc700 1 --2- >> [v2:172.21.15.55:3300/0,v1:172.21.15.55:6789/0] conn(0x7fe4cc1056f0 0x7fe4cc106570 unknown :-1 s=NONE pgs=0 cs=0 l=0 rev1=0 crypto rx=0 tx=0 comp rx=0 tx=0).connect
2023-07-09T21:00:20.689 INFO:teuthology.orchestra.run.smithi055.stdout:/usr/bin/ceph: stderr
2023-07-09T21:00:16.846+0000 7fe4d0abc700 1 -- --> [v2:172.21.15.55:3300/0,v1:172.21.15.55:6789/0] -- mon_getmap magic: 0 v1 -- 0x7fe4cc105b00 con 0x7fe4cc1056f0
2023-07-09T21:00:20.690 INFO:teuthology.orchestra.run.smithi055.stdout:/usr/bin/ceph: stderr
2023-07-09T21:00:16.847+0000 7fe4ca59c700 1 --2- >> [v2:172.21.15.55:3300/0,v1:172.21.15.55:6789/0] conn(0x7fe4cc1056f0 0x7fe4cc106570 unknown :-1 s=BANNER_CONNECTING pgs=0 cs=0 l=0 rev1=0 crypto rx=0 tx=0 comp rx=0 tx=0)._handle_peer_banner_payload supported=3 required=0
2023-07-09T21:00:20.690 INFO:teuthology.orchestra.run.smithi055.stdout:/usr/bin/ceph: stderr
2023-07-09T21:00:16.847+0000 7fe4ca59c700 1 --2- >> [v2:172.21.15.55:3300/0,v1:172.21.15.55:6789/0] conn(0x7fe4cc1056f0 0x7fe4cc106570 unknown :-1 s=HELLO_CONNECTING pgs=0 cs=0 l=0 rev1=1 crypto rx=0 tx=0 comp rx=0 tx=0).handle_hello peer v2:172.21.15.55:3300/0 says I am v2:172.21.15.55:39676/0 (socket says 172.21.15.55:39676)
2023-07-09T21:00:20.690 INFO:teuthology.orchestra.run.smithi055.stdout:/usr/bin/ceph: stderr
2023-07-09T21:00:16.847+0000 7fe4ca59c700 1 -- 172.21.15.55:0/1638409820 learned_addr learned my addr 172.21.15.55:0/1638409820 (peer_addr_for_me v2:172.21.15.55:0/0)
2023-07-09T21:00:20.691 INFO:teuthology.orchestra.run.smithi055.stdout:/usr/bin/ceph: stderr
2023-07-09T21:00:16.847+0000 7fe4ca59c700 1 -- 172.21.15.55:0/1638409820 --> [v2:172.21.15.55:3300/0,v1:172.21.15.55:6789/0] -- mon_subscribe({config=0+,monmap=0+}) v3 -- 0x7fe4cc105c40 con 0x7fe4cc1056f0
2023-07-09T21:00:20.691 INFO:teuthology.orchestra.run.smithi055.stdout:/usr/bin/ceph: stderr
2023-07-09T21:00:16.847+0000 7fe4ca59c700 1 --2- 172.21.15.55:0/1638409820 >> [v2:172.21.15.55:3300/0,v1:172.21.15.55:6789/0] conn(0x7fe4cc1056f0 0x7fe4cc106570 secure :-1 s=READY pgs=43 cs=0 l=1 rev1=1 crypto rx=0x7fe4bc0098a0 tx=0x7fe4bc009bb0 comp rx=0 tx=0).ready entity=mon.0 client_cookie=4aa65c8935722dc5 server_cookie=0 in_seq=0 out_seq=0
2023-07-09T21:00:20.691 INFO:teuthology.orchestra.run.smithi055.stdout:/usr/bin/ceph: stderr
2023-07-09T21:00:16.847+0000 7fe4c959a700 1 -- 172.21.15.55:0/1638409820 <== mon.0 v2:172.21.15.55:3300/0 1 ==== mon_map magic: 0 v1 ==== 205+0+0 (secure 0 0 0) 0x7fe4bc004160 con 0x7fe4cc1056f0
2023-07-09T21:00:20.692 INFO:teuthology.orchestra.run.smithi055.stdout:/usr/bin/ceph: stderr
2023-07-09T21:00:16.847+0000 7fe4c959a700 1 -- 172.21.15.55:0/1638409820 <== mon.0 v2:172.21.15.55:3300/0 2 ==== config(26 keys) v1 ==== 1074+0+0 (secure 0 0 0) 0x7fe4bc0042c0 con 0x7fe4cc1056f0
2023-07-09T21:00:20.692 INFO:teuthology.orchestra.run.smithi055.stdout:/usr/bin/ceph: stderr
2023-07-09T21:00:16.847+0000 7fe4c959a700 1 -- 172.21.15.55:0/1638409820 <== mon.0 v2:172.21.15.55:3300/0 3 ==== mon_map magic: 0 v1 ==== 205+0+0 (secure 0 0 0) 0x7fe4bc011a00 con 0x7fe4cc1056f0
2023-07-09T21:00:20.692 INFO:teuthology.orchestra.run.smithi055.stdout:/usr/bin/ceph: stderr
2023-07-09T21:00:16.848+0000 7fe4d0abc700 1 -- 172.21.15.55:0/1638409820 >> [v2:172.21.15.55:3300/0,v1:172.21.15.55:6789/0] conn(0x7fe4cc1056f0 msgr2=0x7fe4cc106570 secure :-1 s=STATE_CONNECTION_ESTABLISHED l=1).mark_down
2023-07-09T21:00:20.692 INFO:teuthology.orchestra.run.smithi055.stdout:/usr/bin/ceph: stderr
2023-07-09T21:00:16.848+0000 7fe4d0abc700 1 --2- 172.21.15.55:0/1638409820 >> [v2:172.21.15.55:3300/0,v1:172.21.15.55:6789/0] conn(0x7fe4cc1056f0 0x7fe4cc106570 secure :-1 s=READY pgs=43 cs=0 l=1 rev1=1 crypto rx=0x7fe4bc0098a0 tx=0x7fe4bc009bb0 comp rx=0 tx=0).stop
2023-07-09T21:00:20.693 INFO:teuthology.orchestra.run.smithi055.stdout:/usr/bin/ceph: stderr
2023-07-09T21:00:16.848+0000 7fe4d0abc700 1 -- 172.21.15.55:0/1638409820 shutdown_connections
2023-07-09T21:00:20.693 INFO:teuthology.orchestra.run.smithi055.stdout:/usr/bin/ceph: stderr
2023-07-09T21:00:16.848+0000 7fe4d0abc700 1 --2- 172.21.15.55:0/1638409820 >> [v2:172.21.15.55:3300/0,v1:172.21.15.55:6789/0] conn(0x7fe4cc1056f0 0x7fe4cc106570 unknown :-1 s=CLOSED pgs=43 cs=0 l=1 rev1=1 crypto rx=0 tx=0 comp rx=0 tx=0).stop
2023-07-09T21:00:20.693 INFO:teuthology.orchestra.run.smithi055.stdout:/usr/bin/ceph: stderr
2023-07-09T21:00:16.848+0000 7fe4d0abc700 1 -- 172.21.15.55:0/1638409820 >> 172.21.15.55:0/1638409820 conn(0x7fe4cc100960 msgr2=0x7fe4cc102d70 unknown :-1 s=STATE_NONE l=0).mark_down
2023-07-09T21:00:20.693 INFO:teuthology.orchestra.run.smithi055.stdout:/usr/bin/ceph: stderr
2023-07-09T21:00:16.848+0000 7fe4d0abc700 1 -- 172.21.15.55:0/1638409820 shutdown_connections
2023-07-09T21:00:20.694 INFO:teuthology.orchestra.run.smithi055.stdout:/usr/bin/ceph: stderr
2023-07-09T21:00:16.848+0000 7fe4d0abc700 1 -- 172.21.15.55:0/1638409820 wait complete.
2023-07-09T21:00:20.694 INFO:teuthology.orchestra.run.smithi055.stdout:/usr/bin/ceph: stderr
2023-07-09T21:00:16.849+0000 7fe4d0abc700 1 Processor -- start
2023-07-09T21:00:20.694 INFO:teuthology.orchestra.run.smithi055.stdout:/usr/bin/ceph: stderr
2023-07-09T21:00:16.849+0000 7fe4d0abc700 1 -- start start
2023-07-09T21:00:20.695 INFO:teuthology.orchestra.run.smithi055.stdout:/usr/bin/ceph: stderr
2023-07-09T21:00:16.850+0000 7fe4d0abc700 1 --2- >> [v2:172.21.15.55:3300/0,v1:172.21.15.55:6789/0] conn(0x7fe4cc1056f0 0x7fe4cc19ba00 unknown :-1 s=NONE pgs=0 cs=0 l=1 rev1=0 crypto rx=0 tx=0 comp rx=0 tx=0).connect
2023-07-09T21:00:20.695 INFO:teuthology.orchestra.run.smithi055.stdout:/usr/bin/ceph: stderr
2023-07-09T21:00:16.850+0000 7fe4d0abc700 1 -- --> [v2:172.21.15.55:3300/0,v1:172.21.15.55:6789/0] -- mon_getmap magic: 0 v1 -- 0x7fe4cc19bf40 con 0x7fe4cc1056f0
2023-07-09T21:00:20.695 INFO:teuthology.orchestra.run.smithi055.stdout:/usr/bin/ceph: stderr
2023-07-09T21:00:16.850+0000 7fe4ca59c700 1 --2- >> [v2:172.21.15.55:3300/0,v1:172.21.15.55:6789/0] conn(0x7fe4cc1056f0 0x7fe4cc19ba00 unknown :-1 s=BANNER_CONNECTING pgs=0 cs=0 l=1 rev1=0 crypto rx=0 tx=0 comp rx=0 tx=0)._handle_peer_banner_payload supported=3 required=0
2023-07-09T21:00:20.695 INFO:teuthology.orchestra.run.smithi055.stdout:/usr/bin/ceph: stderr
2023-07-09T21:00:16.850+0000 7fe4ca59c700 1 --2- >> [v2:172.21.15.55:3300/0,v1:172.21.15.55:6789/0] conn(0x7fe4cc1056f0 0x7fe4cc19ba00 unknown :-1 s=HELLO_CONNECTING pgs=0 cs=0 l=1 rev1=1 crypto rx=0 tx=0 comp rx=0 tx=0).handle_hello peer v2:172.21.15.55:3300/0 says I am v2:172.21.15.55:39690/0 (socket says 172.21.15.55:39690)
2023-07-09T21:00:20.695 INFO:teuthology.orchestra.run.smithi055.stdout:/usr/bin/ceph: stderr
2023-07-09T21:00:16.850+0000 7fe4ca59c700 1 -- 172.21.15.55:0/2374552579 learned_addr learned my addr 172.21.15.55:0/2374552579 (peer_addr_for_me v2:172.21.15.55:0/0)
2023-07-09T21:00:20.695 INFO:teuthology.orchestra.run.smithi055.stdout:/usr/bin/ceph: stderr
2023-07-09T21:00:16.850+0000 7fe4ca59c700 1 -- 172.21.15.55:0/2374552579 --> [v2:172.21.15.55:3300/0,v1:172.21.15.55:6789/0] -- mon_subscribe({config=0+,monmap=0+}) v3 -- 0x7fe4bc009550 con 0x7fe4cc1056f0
2023-07-09T21:00:20.696 INFO:teuthology.orchestra.run.smithi055.stdout:/usr/bin/ceph: stderr
2023-07-09T21:00:16.851+0000 7fe4ca59c700 1 --2- 172.21.15.55:0/2374552579 >> [v2:172.21.15.55:3300/0,v1:172.21.15.55:6789/0] conn(0x7fe4cc1056f0 0x7fe4cc19ba00 secure :-1 s=READY pgs=44 cs=0 l=1 rev1=1 crypto rx=0x7fe4bc009fb0 tx=0x7fe4bc011ad0 comp rx=0 tx=0).ready entity=mon.0 client_cookie=0 server_cookie=0 in_seq=0 out_seq=0
2023-07-09T21:00:20.696 INFO:teuthology.orchestra.run.smithi055.stdout:/usr/bin/ceph: stderr
2023-07-09T21:00:16.851+0000 7fe4bb7fe700 1 -- 172.21.15.55:0/2374552579 <== mon.0 v2:172.21.15.55:3300/0 1 ==== mon_map magic: 0 v1 ==== 205+0+0 (secure 0 0 0) 0x7fe4bc003a40 con 0x7fe4cc1056f0
2023-07-09T21:00:20.696 INFO:teuthology.orchestra.run.smithi055.stdout:/usr/bin/ceph: stderr
2023-07-09T21:00:16.851+0000 7fe4bb7fe700 1 -- 172.21.15.55:0/2374552579 <== mon.0 v2:172.21.15.55:3300/0 2 ==== config(26 keys) v1 ==== 1074+0+0 (secure 0 0 0) 0x7fe4bc003ba0 con 0x7fe4cc1056f0
2023-07-09T21:00:20.696 INFO:teuthology.orchestra.run.smithi055.stdout:/usr/bin/ceph: stderr
2023-07-09T21:00:16.851+0000 7fe4d0abc700 1 -- 172.21.15.55:0/2374552579 --> [v2:172.21.15.55:3300/0,v1:172.21.15.55:6789/0] -- mon_subscribe({mgrmap=0+}) v3 -- 0x7fe4cc19c140 con 0x7fe4cc1056f0
2023-07-09T21:00:20.696 INFO:teuthology.orchestra.run.smithi055.stdout:/usr/bin/ceph: stderr
2023-07-09T21:00:16.851+0000 7fe4bb7fe700 1 -- 172.21.15.55:0/2374552579 <== mon.0 v2:172.21.15.55:3300/0 3 ==== mon_map magic: 0 v1 ==== 205+0+0 (secure 0 0 0) 0x7fe4bc01a750 con 0x7fe4cc1056f0
2023-07-09T21:00:20.696 INFO:teuthology.orchestra.run.smithi055.stdout:/usr/bin/ceph: stderr
2023-07-09T21:00:16.851+0000 7fe4d0abc700 1 -- 172.21.15.55:0/2374552579 --> [v2:172.21.15.55:3300/0,v1:172.21.15.55:6789/0] -- mon_subscribe({osdmap=0}) v3 -- 0x7fe4cc19c560 con 0x7fe4cc1056f0
2023-07-09T21:00:20.697 INFO:teuthology.orchestra.run.smithi055.stdout:/usr/bin/ceph: stderr
2023-07-09T21:00:16.852+0000 7fe4d0abc700 1 -- 172.21.15.55:0/2374552579 --> [v2:172.21.15.55:3300/0,v1:172.21.15.55:6789/0] -- mon_command({"prefix": "get_command_descriptions"} v 0) v1 -- 0x7fe4cc1958c0 con 0x7fe4cc1056f0
2023-07-09T21:00:20.697 INFO:teuthology.orchestra.run.smithi055.stdout:/usr/bin/ceph: stderr
2023-07-09T21:00:16.852+0000 7fe4bb7fe700 1 -- 172.21.15.55:0/2374552579 <== mon.0 v2:172.21.15.55:3300/0 4 ==== mgrmap(e 8) v1 ==== 45483+0+0 (secure 0 0 0) 0x7fe4bc024b60 con 0x7fe4cc1056f0
2023-07-09T21:00:20.697 INFO:teuthology.orchestra.run.smithi055.stdout:/usr/bin/ceph: stderr
2023-07-09T21:00:16.852+0000 7fe4bb7fe700 1 --2- 172.21.15.55:0/2374552579 >> [v2:172.21.15.55:6800/2666365158,v1:172.21.15.55:6801/2666365158] conn(0x7fe4b4038710 0x7fe4b403abc0 unknown :-1 s=NONE pgs=0 cs=0 l=1 rev1=0 crypto rx=0 tx=0 comp rx=0 tx=0).connect
2023-07-09T21:00:20.697 INFO:teuthology.orchestra.run.smithi055.stdout:/usr/bin/ceph: stderr
2023-07-09T21:00:16.853+0000 7fe4bb7fe700 1 -- 172.21.15.55:0/2374552579 <== mon.0 v2:172.21.15.55:3300/0 5 ==== osd_map(2..2 src has 1..2) v4 ==== 940+0+0 (secure 0 0 0) 0x7fe4bc04c7b0 con 0x7fe4cc1056f0
2023-07-09T21:00:20.697 INFO:teuthology.orchestra.run.smithi055.stdout:/usr/bin/ceph: stderr
2023-07-09T21:00:16.853+0000 7fe4c9d9b700 1 --2- 172.21.15.55:0/2374552579 >> [v2:172.21.15.55:6800/2666365158,v1:172.21.15.55:6801/2666365158] conn(0x7fe4b4038710 0x7fe4b403abc0 unknown :-1 s=BANNER_CONNECTING pgs=0 cs=0 l=1 rev1=0 crypto rx=0 tx=0 comp rx=0 tx=0)._handle_peer_banner_payload supported=3 required=0
2023-07-09T21:00:20.697 INFO:teuthology.orchestra.run.smithi055.stdout:/usr/bin/ceph: stderr
2023-07-09T21:00:16.853+0000 7fe4c9d9b700 1 --2- 172.21.15.55:0/2374552579 >> [v2:172.21.15.55:6800/2666365158,v1:172.21.15.55:6801/2666365158] conn(0x7fe4b4038710 0x7fe4b403abc0 secure :-1 s=READY pgs=11 cs=0 l=1 rev1=1 crypto rx=0x7fe4c0006fd0 tx=0x7fe4c0006e40 comp rx=0 tx=0).ready entity=mgr.14118 client_cookie=0 server_cookie=0 in_seq=0 out_seq=0
2023-07-09T21:00:20.697 INFO:teuthology.orchestra.run.smithi055.stdout:/usr/bin/ceph: stderr
2023-07-09T21:00:16.858+0000 7fe4bb7fe700 1 -- 172.21.15.55:0/2374552579 <== mon.0 v2:172.21.15.55:3300/0 6 ==== mon_command_ack([{"prefix": "get_command_descriptions"}]=0 v0) v1 ==== 72+0+178008 (secure 0 0 0) 0x7fe4bc024430 con 0x7fe4cc1056f0
2023-07-09T21:00:20.698 INFO:teuthology.orchestra.run.smithi055.stdout:/usr/bin/ceph: stderr
2023-07-09T21:00:17.070+0000 7fe4d0abc700 1 -- 172.21.15.55:0/2374552579 --> [v2:172.21.15.55:6800/2666365158,v1:172.21.15.55:6801/2666365158] -- mgr_command(tid 0: {"prefix": "orch host add", "hostname": "smithi055", "addr": "172.21.15.55", "target": ["mon-mgr", ""]}) v1 -- 0x7fe4cc109b30 con 0x7fe4b4038710
2023-07-09T21:00:20.698 INFO:teuthology.orchestra.run.smithi055.stdout:/usr/bin/ceph: stderr
2023-07-09T21:00:20.278+0000 7fe4bb7fe700 1 -- 172.21.15.55:0/2374552579 <== mgr.14118 v2:172.21.15.55:6800/2666365158 1 ==== mgr_command_reply(tid 0: 0 ) v1 ==== 8+0+48 (secure 0 0 0) 0x7fe4cc109b30 con 0x7fe4b4038710
2023-07-09T21:00:20.698 INFO:teuthology.orchestra.run.smithi055.stdout:/usr/bin/ceph: stderr
2023-07-09T21:00:20.282+0000 7fe4d0abc700 1 -- 172.21.15.55:0/2374552579 >> [v2:172.21.15.55:6800/2666365158,v1:172.21.15.55:6801/2666365158] conn(0x7fe4b4038710 msgr2=0x7fe4b403abc0 secure :-1 s=STATE_CONNECTION_ESTABLISHED l=1).mark_down
2023-07-09T21:00:20.698 INFO:teuthology.orchestra.run.smithi055.stdout:/usr/bin/ceph: stderr
2023-07-09T21:00:20.282+0000 7fe4d0abc700 1 --2- 172.21.15.55:0/2374552579 >> [v2:172.21.15.55:6800/2666365158,v1:172.21.15.55:6801/2666365158] conn(0x7fe4b4038710 0x7fe4b403abc0 secure :-1 s=READY pgs=11 cs=0 l=1 rev1=1 crypto rx=0x7fe4c0006fd0 tx=0x7fe4c0006e40 comp rx=0 tx=0).stop
2023-07-09T21:00:20.698 INFO:teuthology.orchestra.run.smithi055.stdout:/usr/bin/ceph: stderr
2023-07-09T21:00:20.282+0000 7fe4d0abc700 1 -- 172.21.15.55:0/2374552579 >> [v2:172.21.15.55:3300/0,v1:172.21.15.55:6789/0] conn(0x7fe4cc1056f0 msgr2=0x7fe4cc19ba00 secure :-1 s=STATE_CONNECTION_ESTABLISHED l=1).mark_down
2023-07-09T21:00:20.698 INFO:teuthology.orchestra.run.smithi055.stdout:/usr/bin/ceph: stderr
2023-07-09T21:00:20.282+0000 7fe4d0abc700 1 --2- 172.21.15.55:0/2374552579 >> [v2:172.21.15.55:3300/0,v1:172.21.15.55:6789/0] conn(0x7fe4cc1056f0 0x7fe4cc19ba00 secure :-1 s=READY pgs=44 cs=0 l=1 rev1=1 crypto rx=0x7fe4bc009fb0 tx=0x7fe4bc011ad0 comp rx=0 tx=0).stop
2023-07-09T21:00:20.698 INFO:teuthology.orchestra.run.smithi055.stdout:/usr/bin/ceph: stderr
2023-07-09T21:00:20.282+0000 7fe4d0abc700 1 -- 172.21.15.55:0/2374552579 shutdown_connections
2023-07-09T21:00:20.699 INFO:teuthology.orchestra.run.smithi055.stdout:/usr/bin/ceph: stderr
2023-07-09T21:00:20.282+0000 7fe4d0abc700 1 --2- 172.21.15.55:0/2374552579 >> [v2:172.21.15.55:6800/2666365158,v1:172.21.15.55:6801/2666365158] conn(0x7fe4b4038710 0x7fe4b403abc0 unknown :-1 s=CLOSED pgs=11 cs=0 l=1 rev1=1 crypto rx=0 tx=0 comp rx=0 tx=0).stop
2023-07-09T21:00:20.699 INFO:teuthology.orchestra.run.smithi055.stdout:/usr/bin/ceph: stderr
2023-07-09T21:00:20.282+0000 7fe4d0abc700 1 --2- 172.21.15.55:0/2374552579 >> [v2:172.21.15.55:3300/0,v1:172.21.15.55:6789/0] conn(0x7fe4cc1056f0 0x7fe4cc19ba00 unknown :-1 s=CLOSED pgs=44 cs=0 l=1 rev1=1 crypto rx=0 tx=0 comp rx=0 tx=0).stop
2023-07-09T21:00:20.699 INFO:teuthology.orchestra.run.smithi055.stdout:/usr/bin/ceph: stderr
2023-07-09T21:00:20.282+0000 7fe4d0abc700 1 -- 172.21.15.55:0/2374552579 >> 172.21.15.55:0/2374552579 conn(0x7fe4cc100960 msgr2=0x7fe4cc102ce0 unknown :-1 s=STATE_NONE l=0).mark_down
2023-07-09T21:00:20.699 INFO:teuthology.orchestra.run.smithi055.stdout:/usr/bin/ceph: stderr
2023-07-09T21:00:20.282+0000 7fe4d0abc700 1 -- 172.21.15.55:0/2374552579 shutdown_connections
2023-07-09T21:00:20.699 INFO:teuthology.orchestra.run.smithi055.stdout:/usr/bin/ceph: stderr
2023-07-09T21:00:20.282+0000 7fe4d0abc700 1 -- 172.21.15.55:0/2374552579 wait complete.
2023-07-09T21:00:20.699 INFO:teuthology.orchestra.run.smithi055.stdout:Deploying unmanaged mon service...
2023-07-09T21:00:21.557 INFO:journalctl@ceph.mon.a.smithi055.stdout:Jul 09 21:00:21 smithi055 ceph-mon[95503]: from='mgr.14118 172.21.15.55:0/3872379661' entity='mgr.x'
2023-07-09T21:00:21.557 INFO:journalctl@ceph.mon.a.smithi055.stdout:Jul 09 21:00:21 smithi055 ceph-mon[95503]: Added host smithi055
2023-07-09T21:00:21.557 INFO:journalctl@ceph.mon.a.smithi055.stdout:Jul 09 21:00:21 smithi055 ceph-mon[95503]: from='mgr.14118 172.21.15.55:0/3872379661' entity='mgr.x' cmd=[{"prefix": "config dump", "format": "json"}]: dispatch
2023-07-09T21:00:22.002 INFO:teuthology.orchestra.run.smithi055.stdout:/usr/bin/ceph: stdout Scheduled mon update...
2023-07-09T21:00:22.002 INFO:teuthology.orchestra.run.smithi055.stdout:/usr/bin/ceph: stderr
2023-07-09T21:00:21.290+0000 7f21a8a77700 1 Processor -- start
2023-07-09T21:00:22.003 INFO:teuthology.orchestra.run.smithi055.stdout:/usr/bin/ceph: stderr
2023-07-09T21:00:21.290+0000 7f21a8a77700 1 -- start start
2023-07-09T21:00:22.003 INFO:teuthology.orchestra.run.smithi055.stdout:/usr/bin/ceph: stderr
2023-07-09T21:00:21.291+0000 7f21a8a77700 1 --2- >> [v2:172.21.15.55:3300/0,v1:172.21.15.55:6789/0] conn(0x7f21a407a2f0 0x7f21a407a700 unknown :-1 s=NONE pgs=0 cs=0 l=0 rev1=0 crypto rx=0 tx=0 comp rx=0 tx=0).connect
2023-07-09T21:00:22.003 INFO:teuthology.orchestra.run.smithi055.stdout:/usr/bin/ceph: stderr
2023-07-09T21:00:21.291+0000 7f21a8a77700 1 -- --> [v2:172.21.15.55:3300/0,v1:172.21.15.55:6789/0] -- mon_getmap magic: 0 v1 -- 0x7f21a407ac40 con 0x7f21a407a2f0
2023-07-09T21:00:22.003 INFO:teuthology.orchestra.run.smithi055.stdout:/usr/bin/ceph: stderr
2023-07-09T21:00:21.291+0000 7f21a259c700 1 --2- >> [v2:172.21.15.55:3300/0,v1:172.21.15.55:6789/0] conn(0x7f21a407a2f0 0x7f21a407a700 unknown :-1 s=BANNER_CONNECTING pgs=0 cs=0 l=0 rev1=0 crypto rx=0 tx=0 comp rx=0 tx=0)._handle_peer_banner_payload supported=3 required=0
2023-07-09T21:00:22.003 INFO:teuthology.orchestra.run.smithi055.stdout:/usr/bin/ceph: stderr
2023-07-09T21:00:21.291+0000 7f21a259c700 1 --2- >> [v2:172.21.15.55:3300/0,v1:172.21.15.55:6789/0] conn(0x7f21a407a2f0 0x7f21a407a700 unknown :-1 s=HELLO_CONNECTING pgs=0 cs=0 l=0 rev1=1 crypto rx=0 tx=0 comp rx=0 tx=0).handle_hello peer v2:172.21.15.55:3300/0 says I am v2:172.21.15.55:39694/0 (socket says 172.21.15.55:39694)
2023-07-09T21:00:22.003 INFO:teuthology.orchestra.run.smithi055.stdout:/usr/bin/ceph: stderr
2023-07-09T21:00:21.291+0000 7f21a259c700 1 -- 172.21.15.55:0/1969730069 learned_addr learned my addr 172.21.15.55:0/1969730069 (peer_addr_for_me v2:172.21.15.55:0/0)
2023-07-09T21:00:22.003 INFO:teuthology.orchestra.run.smithi055.stdout:/usr/bin/ceph: stderr
2023-07-09T21:00:21.291+0000 7f21a259c700 1 -- 172.21.15.55:0/1969730069 --> [v2:172.21.15.55:3300/0,v1:172.21.15.55:6789/0] -- mon_subscribe({config=0+,monmap=0+}) v3 -- 0x7f21a407ad80 con 0x7f21a407a2f0
2023-07-09T21:00:22.004 INFO:teuthology.orchestra.run.smithi055.stdout:/usr/bin/ceph: stderr
2023-07-09T21:00:21.292+0000 7f21a259c700 1 --2- 172.21.15.55:0/1969730069 >> [v2:172.21.15.55:3300/0,v1:172.21.15.55:6789/0] conn(0x7f21a407a2f0 0x7f21a407a700 secure :-1 s=READY pgs=45 cs=0 l=1 rev1=1 crypto rx=0x7f21940098a0 tx=0x7f2194009bb0 comp rx=0 tx=0).ready entity=mon.0 client_cookie=5679dccbdb379645 server_cookie=0 in_seq=0 out_seq=0
2023-07-09T21:00:22.004 INFO:teuthology.orchestra.run.smithi055.stdout:/usr/bin/ceph: stderr
2023-07-09T21:00:21.292+0000 7f21a159a700 1 -- 172.21.15.55:0/1969730069 <== mon.0 v2:172.21.15.55:3300/0 1 ==== mon_map magic: 0 v1 ==== 205+0+0 (secure 0 0 0) 0x7f2194004160 con 0x7f21a407a2f0
2023-07-09T21:00:22.004 INFO:teuthology.orchestra.run.smithi055.stdout:/usr/bin/ceph: stderr
2023-07-09T21:00:21.292+0000 7f21a159a700 1 -- 172.21.15.55:0/1969730069 <== mon.0 v2:172.21.15.55:3300/0 2 ==== config(26 keys) v1 ==== 1074+0+0 (secure 0 0 0) 0x7f21940042c0 con 0x7f21a407a2f0
2023-07-09T21:00:22.004 INFO:teuthology.orchestra.run.smithi055.stdout:/usr/bin/ceph: stderr
2023-07-09T21:00:21.292+0000 7f21a159a700 1 -- 172.21.15.55:0/1969730069 <== mon.0 v2:172.21.15.55:3300/0 3 ==== mon_map magic: 0 v1 ==== 205+0+0 (secure 0 0 0) 0x7f2194011a00 con 0x7f21a407a2f0
2023-07-09T21:00:22.004 INFO:teuthology.orchestra.run.smithi055.stdout:/usr/bin/ceph: stderr
2023-07-09T21:00:21.293+0000 7f21a8a77700 1 -- 172.21.15.55:0/1969730069 >> [v2:172.21.15.55:3300/0,v1:172.21.15.55:6789/0] conn(0x7f21a407a2f0 msgr2=0x7f21a407a700 secure :-1 s=STATE_CONNECTION_ESTABLISHED l=1).mark_down
2023-07-09T21:00:22.004 INFO:teuthology.orchestra.run.smithi055.stdout:/usr/bin/ceph: stderr
2023-07-09T21:00:21.293+0000 7f21a8a77700 1 --2- 172.21.15.55:0/1969730069 >> [v2:172.21.15.55:3300/0,v1:172.21.15.55:6789/0] conn(0x7f21a407a2f0 0x7f21a407a700 secure :-1 s=READY pgs=45 cs=0 l=1 rev1=1 crypto rx=0x7f21940098a0 tx=0x7f2194009bb0 comp rx=0 tx=0).stop
2023-07-09T21:00:22.004 INFO:teuthology.orchestra.run.smithi055.stdout:/usr/bin/ceph: stderr
2023-07-09T21:00:21.293+0000 7f21a8a77700 1 -- 172.21.15.55:0/1969730069 shutdown_connections
2023-07-09T21:00:22.005 INFO:teuthology.orchestra.run.smithi055.stdout:/usr/bin/ceph: stderr
2023-07-09T21:00:21.293+0000 7f21a8a77700 1 --2- 172.21.15.55:0/1969730069 >> [v2:172.21.15.55:3300/0,v1:172.21.15.55:6789/0] conn(0x7f21a407a2f0 0x7f21a407a700 unknown :-1 s=CLOSED pgs=45 cs=0 l=1 rev1=1 crypto rx=0 tx=0 comp rx=0 tx=0).stop
2023-07-09T21:00:22.005 INFO:teuthology.orchestra.run.smithi055.stdout:/usr/bin/ceph: stderr
2023-07-09T21:00:21.293+0000 7f21a8a77700 1 -- 172.21.15.55:0/1969730069 >> 172.21.15.55:0/1969730069 conn(0x7f21a4100960 msgr2=0x7f21a4102d70 unknown :-1 s=STATE_NONE l=0).mark_down
2023-07-09T21:00:22.005 INFO:teuthology.orchestra.run.smithi055.stdout:/usr/bin/ceph: stderr
2023-07-09T21:00:21.293+0000 7f21a8a77700 1 -- 172.21.15.55:0/1969730069 shutdown_connections
2023-07-09T21:00:22.005 INFO:teuthology.orchestra.run.smithi055.stdout:/usr/bin/ceph: stderr
2023-07-09T21:00:21.293+0000 7f21a8a77700 1 -- 172.21.15.55:0/1969730069 wait complete.
2023-07-09T21:00:22.005 INFO:teuthology.orchestra.run.smithi055.stdout:/usr/bin/ceph: stderr
2023-07-09T21:00:21.294+0000 7f21a8a77700 1 Processor -- start
2023-07-09T21:00:22.005 INFO:teuthology.orchestra.run.smithi055.stdout:/usr/bin/ceph: stderr
2023-07-09T21:00:21.294+0000 7f21a8a77700 1 -- start start
2023-07-09T21:00:22.005 INFO:teuthology.orchestra.run.smithi055.stdout:/usr/bin/ceph: stderr
2023-07-09T21:00:21.295+0000 7f21a8a77700 1 --2- >> [v2:172.21.15.55:3300/0,v1:172.21.15.55:6789/0] conn(0x7f21a407a2f0 0x7f21a419ba50 unknown :-1 s=NONE pgs=0 cs=0 l=1 rev1=0 crypto rx=0 tx=0 comp rx=0 tx=0).connect
2023-07-09T21:00:22.005 INFO:teuthology.orchestra.run.smithi055.stdout:/usr/bin/ceph: stderr
2023-07-09T21:00:21.295+0000 7f21a8a77700 1 -- --> [v2:172.21.15.55:3300/0,v1:172.21.15.55:6789/0] -- mon_getmap magic: 0 v1 -- 0x7f21a419bf90 con 0x7f21a407a2f0
2023-07-09T21:00:22.006 INFO:teuthology.orchestra.run.smithi055.stdout:/usr/bin/ceph: stderr
2023-07-09T21:00:21.295+0000 7f21a259c700 1 --2- >> [v2:172.21.15.55:3300/0,v1:172.21.15.55:6789/0] conn(0x7f21a407a2f0 0x7f21a419ba50 unknown :-1 s=BANNER_CONNECTING pgs=0 cs=0 l=1 rev1=0 crypto rx=0 tx=0 comp rx=0 tx=0)._handle_peer_banner_payload supported=3 required=0
2023-07-09T21:00:22.006 INFO:teuthology.orchestra.run.smithi055.stdout:/usr/bin/ceph: stderr
2023-07-09T21:00:21.295+0000 7f21a259c700 1 --2- >> [v2:172.21.15.55:3300/0,v1:172.21.15.55:6789/0] conn(0x7f21a407a2f0 0x7f21a419ba50 unknown :-1 s=HELLO_CONNECTING pgs=0 cs=0 l=1 rev1=1 crypto rx=0 tx=0 comp rx=0 tx=0).handle_hello peer v2:172.21.15.55:3300/0 says I am v2:172.21.15.55:39702/0 (socket says 172.21.15.55:39702)
2023-07-09T21:00:22.006 INFO:teuthology.orchestra.run.smithi055.stdout:/usr/bin/ceph: stderr
2023-07-09T21:00:21.295+0000 7f21a259c700 1 -- 172.21.15.55:0/193080683 learned_addr learned my addr 172.21.15.55:0/193080683 (peer_addr_for_me v2:172.21.15.55:0/0)
2023-07-09T21:00:22.006 INFO:teuthology.orchestra.run.smithi055.stdout:/usr/bin/ceph: stderr
2023-07-09T21:00:21.295+0000 7f21a259c700 1 -- 172.21.15.55:0/193080683 --> [v2:172.21.15.55:3300/0,v1:172.21.15.55:6789/0] -- mon_subscribe({config=0+,monmap=0+}) v3 -- 0x7f2194009550 con 0x7f21a407a2f0
2023-07-09T21:00:22.006 INFO:teuthology.orchestra.run.smithi055.stdout:/usr/bin/ceph: stderr
2023-07-09T21:00:21.296+0000 7f21a259c700 1 --2- 172.21.15.55:0/193080683 >> [v2:172.21.15.55:3300/0,v1:172.21.15.55:6789/0] conn(0x7f21a407a2f0 0x7f21a419ba50 secure :-1 s=READY pgs=46 cs=0 l=1 rev1=1 crypto rx=0x7f2194009130 tx=0x7f2194011ad0 comp rx=0 tx=0).ready entity=mon.0 client_cookie=0 server_cookie=0 in_seq=0 out_seq=0
2023-07-09T21:00:22.006 INFO:teuthology.orchestra.run.smithi055.stdout:/usr/bin/ceph: stderr
2023-07-09T21:00:21.296+0000 7f21937fe700 1 -- 172.21.15.55:0/193080683 <== mon.0 v2:172.21.15.55:3300/0 1 ==== mon_map magic: 0 v1 ==== 205+0+0 (secure 0 0 0) 0x7f2194003ab0 con 0x7f21a407a2f0
2023-07-09T21:00:22.006 INFO:teuthology.orchestra.run.smithi055.stdout:/usr/bin/ceph: stderr
2023-07-09T21:00:21.296+0000 7f21937fe700 1 -- 172.21.15.55:0/193080683 <== mon.0 v2:172.21.15.55:3300/0 2 ==== config(26 keys) v1 ==== 1074+0+0 (secure 0 0 0) 0x7f2194003c10 con 0x7f21a407a2f0
2023-07-09T21:00:22.007 INFO:teuthology.orchestra.run.smithi055.stdout:/usr/bin/ceph: stderr
2023-07-09T21:00:21.296+0000 7f21937fe700 1 -- 172.21.15.55:0/193080683 <== mon.0 v2:172.21.15.55:3300/0 3 ==== mon_map magic: 0 v1 ==== 205+0+0 (secure 0 0 0) 0x7f21940247d0 con 0x7f21a407a2f0
2023-07-09T21:00:22.007 INFO:teuthology.orchestra.run.smithi055.stdout:/usr/bin/ceph: stderr
2023-07-09T21:00:21.296+0000 7f21a8a77700 1 -- 172.21.15.55:0/193080683 --> [v2:172.21.15.55:3300/0,v1:172.21.15.55:6789/0] -- mon_subscribe({mgrmap=0+}) v3 -- 0x7f21a419c190 con 0x7f21a407a2f0
2023-07-09T21:00:22.007 INFO:teuthology.orchestra.run.smithi055.stdout:/usr/bin/ceph: stderr
2023-07-09T21:00:21.296+0000 7f21a8a77700 1 -- 172.21.15.55:0/193080683 --> [v2:172.21.15.55:3300/0,v1:172.21.15.55:6789/0] -- mon_subscribe({osdmap=0}) v3 -- 0x7f21a419c5b0 con 0x7f21a407a2f0
2023-07-09T21:00:22.007 INFO:teuthology.orchestra.run.smithi055.stdout:/usr/bin/ceph: stderr
2023-07-09T21:00:21.297+0000 7f21937fe700 1 -- 172.21.15.55:0/193080683 <== mon.0 v2:172.21.15.55:3300/0 4 ==== mgrmap(e 8) v1 ==== 45483+0+0 (secure 0 0 0) 0x7f219401abb0 con 0x7f21a407a2f0
2023-07-09T21:00:22.007 INFO:teuthology.orchestra.run.smithi055.stdout:/usr/bin/ceph: stderr
2023-07-09T21:00:21.297+0000 7f21a8a77700 1 -- 172.21.15.55:0/193080683 --> [v2:172.21.15.55:3300/0,v1:172.21.15.55:6789/0] -- mon_command({"prefix": "get_command_descriptions"} v 0) v1 -- 0x7f21a41956d0 con 0x7f21a407a2f0
2023-07-09T21:00:22.007 INFO:teuthology.orchestra.run.smithi055.stdout:/usr/bin/ceph: stderr
2023-07-09T21:00:21.298+0000 7f21937fe700 1 --2- 172.21.15.55:0/193080683 >> [v2:172.21.15.55:6800/2666365158,v1:172.21.15.55:6801/2666365158] conn(0x7f218c038760 0x7f218c03ac10 unknown :-1 s=NONE pgs=0 cs=0 l=1 rev1=0 crypto rx=0 tx=0 comp rx=0 tx=0).connect
2023-07-09T21:00:22.007 INFO:teuthology.orchestra.run.smithi055.stdout:/usr/bin/ceph: stderr
2023-07-09T21:00:21.298+0000 7f21937fe700 1 -- 172.21.15.55:0/193080683 <== mon.0 v2:172.21.15.55:3300/0 5 ==== osd_map(2..2 src has 1..2) v4 ==== 940+0+0 (secure 0 0 0) 0x7f219404c850 con 0x7f21a407a2f0
2023-07-09T21:00:22.008 INFO:teuthology.orchestra.run.smithi055.stdout:/usr/bin/ceph: stderr
2023-07-09T21:00:21.298+0000 7f21a1d9b700 1 --2- 172.21.15.55:0/193080683 >> [v2:172.21.15.55:6800/2666365158,v1:172.21.15.55:6801/2666365158] conn(0x7f218c038760 0x7f218c03ac10 unknown :-1 s=BANNER_CONNECTING pgs=0 cs=0 l=1 rev1=0 crypto rx=0 tx=0 comp rx=0 tx=0)._handle_peer_banner_payload supported=3 required=0
2023-07-09T21:00:22.008 INFO:teuthology.orchestra.run.smithi055.stdout:/usr/bin/ceph: stderr
2023-07-09T21:00:21.298+0000 7f21a1d9b700 1 --2- 172.21.15.55:0/193080683 >> [v2:172.21.15.55:6800/2666365158,v1:172.21.15.55:6801/2666365158] conn(0x7f218c038760 0x7f218c03ac10 secure :-1 s=READY pgs=12 cs=0 l=1 rev1=1 crypto rx=0x7f2198006fd0 tx=0x7f2198006e40 comp rx=0 tx=0).ready entity=mgr.14118 client_cookie=0 server_cookie=0 in_seq=0 out_seq=0
2023-07-09T21:00:22.008 INFO:teuthology.orchestra.run.smithi055.stdout:/usr/bin/ceph: stderr
2023-07-09T21:00:21.303+0000 7f21937fe700 1 -- 172.21.15.55:0/193080683 <== mon.0 v2:172.21.15.55:3300/0 6 ==== mon_command_ack([{"prefix": "get_command_descriptions"}]=0 v0) v1 ==== 72+0+178008 (secure 0 0 0) 0x7f2194018530 con 0x7f21a407a2f0
2023-07-09T21:00:22.008 INFO:teuthology.orchestra.run.smithi055.stdout:/usr/bin/ceph: stderr
2023-07-09T21:00:21.527+0000 7f21a8a77700 1 -- 172.21.15.55:0/193080683 --> [v2:172.21.15.55:6800/2666365158,v1:172.21.15.55:6801/2666365158] -- mgr_command(tid 0: {"prefix": "orch apply", "service_type": "mon", "unmanaged": true, "target": ["mon-mgr", ""]}) v1 -- 0x7f21a410bd60 con 0x7f218c038760
2023-07-09T21:00:22.008 INFO:teuthology.orchestra.run.smithi055.stdout:/usr/bin/ceph: stderr
2023-07-09T21:00:21.533+0000 7f21937fe700 1 -- 172.21.15.55:0/193080683 <== mgr.14118 v2:172.21.15.55:6800/2666365158 1 ==== mgr_command_reply(tid 0: 0 ) v1 ==== 8+0+24 (secure 0 0 0) 0x7f21a410bd60 con 0x7f218c038760
2023-07-09T21:00:22.008 INFO:teuthology.orchestra.run.smithi055.stdout:/usr/bin/ceph: stderr
2023-07-09T21:00:21.535+0000 7f21a8a77700 1 -- 172.21.15.55:0/193080683 >> [v2:172.21.15.55:6800/2666365158,v1:172.21.15.55:6801/2666365158] conn(0x7f218c038760 msgr2=0x7f218c03ac10 secure :-1 s=STATE_CONNECTION_ESTABLISHED l=1).mark_down
2023-07-09T21:00:22.008 INFO:teuthology.orchestra.run.smithi055.stdout:/usr/bin/ceph: stderr
2023-07-09T21:00:21.535+0000 7f21a8a77700 1 --2- 172.21.15.55:0/193080683 >> [v2:172.21.15.55:6800/2666365158,v1:172.21.15.55:6801/2666365158] conn(0x7f218c038760 0x7f218c03ac10 secure :-1 s=READY pgs=12 cs=0 l=1 rev1=1 crypto rx=0x7f2198006fd0 tx=0x7f2198006e40 comp rx=0 tx=0).stop
2023-07-09T21:00:22.009 INFO:teuthology.orchestra.run.smithi055.stdout:/usr/bin/ceph: stderr
2023-07-09T21:00:21.535+0000 7f21a8a77700 1 -- 172.21.15.55:0/193080683 >> [v2:172.21.15.55:3300/0,v1:172.21.15.55:6789/0] conn(0x7f21a407a2f0 msgr2=0x7f21a419ba50 secure :-1 s=STATE_CONNECTION_ESTABLISHED l=1).mark_down
2023-07-09T21:00:22.009 INFO:teuthology.orchestra.run.smithi055.stdout:/usr/bin/ceph: stderr
2023-07-09T21:00:21.535+0000 7f21a8a77700 1 --2- 172.21.15.55:0/193080683 >> [v2:172.21.15.55:3300/0,v1:172.21.15.55:6789/0] conn(0x7f21a407a2f0 0x7f21a419ba50 secure :-1 s=READY pgs=46 cs=0 l=1 rev1=1 crypto rx=0x7f2194009130 tx=0x7f2194011ad0 comp rx=0 tx=0).stop
2023-07-09T21:00:22.009 INFO:teuthology.orchestra.run.smithi055.stdout:/usr/bin/ceph: stderr
2023-07-09T21:00:21.535+0000 7f21a8a77700 1 -- 172.21.15.55:0/193080683 shutdown_connections
2023-07-09T21:00:22.009 INFO:teuthology.orchestra.run.smithi055.stdout:/usr/bin/ceph: stderr
2023-07-09T21:00:21.535+0000 7f21a8a77700 1 --2- 172.21.15.55:0/193080683 >> [v2:172.21.15.55:6800/2666365158,v1:172.21.15.55:6801/2666365158] conn(0x7f218c038760 0x7f218c03ac10 unknown :-1 s=CLOSED pgs=12 cs=0 l=1 rev1=1 crypto rx=0 tx=0 comp rx=0 tx=0).stop
2023-07-09T21:00:22.009 INFO:teuthology.orchestra.run.smithi055.stdout:/usr/bin/ceph: stderr
2023-07-09T21:00:21.535+0000 7f21a8a77700 1 --2- 172.21.15.55:0/193080683 >> [v2:172.21.15.55:3300/0,v1:172.21.15.55:6789/0] conn(0x7f21a407a2f0 0x7f21a419ba50 unknown :-1 s=CLOSED pgs=46 cs=0 l=1 rev1=1 crypto rx=0 tx=0 comp rx=0 tx=0).stop
2023-07-09T21:00:22.009 INFO:teuthology.orchestra.run.smithi055.stdout:/usr/bin/ceph: stderr
