2023-07-09T21:21:43.910 INFO:teuthology.orchestra.run.smithi043.stdout:/usr/bin/ceph: stderr
2023-07-09T21:21:43.501+0000 7f8e82e03700 1 -- 172.21.15.43:0/469006098 >> [v2:172.21.15.43:6800/1084572421,v1:172.21.15.43:6801/1084572421] conn(0x7f8e6c038760 msgr2=0x7f8e6c03ac10 secure :-1 s=STATE_CONNECTION_ESTABLISHED l=1).mark_down
2023-07-09T21:21:43.910 INFO:teuthology.orchestra.run.smithi043.stdout:/usr/bin/ceph: stderr
2023-07-09T21:21:43.501+0000 7f8e82e03700 1 --2- 172.21.15.43:0/469006098 >> [v2:172.21.15.43:6800/1084572421,v1:172.21.15.43:6801/1084572421] conn(0x7f8e6c038760 0x7f8e6c03ac10 secure :-1 s=READY pgs=8 cs=0 l=1 rev1=1 crypto rx=0x7f8e68006fd0 tx=0x7f8e68006e40 comp rx=0 tx=0).stop
2023-07-09T21:21:43.910 INFO:teuthology.orchestra.run.smithi043.stdout:/usr/bin/ceph: stderr
2023-07-09T21:21:43.501+0000 7f8e82e03700 1 -- 172.21.15.43:0/469006098 >> [v2:172.21.15.43:3300/0,v1:172.21.15.43:6789/0] conn(0x7f8e7c07a260 msgr2=0x7f8e7c19b560 secure :-1 s=STATE_CONNECTION_ESTABLISHED l=1).mark_down
2023-07-09T21:21:43.910 INFO:teuthology.orchestra.run.smithi043.stdout:/usr/bin/ceph: stderr
2023-07-09T21:21:43.501+0000 7f8e82e03700 1 --2- 172.21.15.43:0/469006098 >> [v2:172.21.15.43:3300/0,v1:172.21.15.43:6789/0] conn(0x7f8e7c07a260 0x7f8e7c19b560 secure :-1 s=READY pgs=40 cs=0 l=1 rev1=1 crypto rx=0x7f8e70003f50 tx=0x7f8e70011ad0 comp rx=0 tx=0).stop
2023-07-09T21:21:43.911 INFO:teuthology.orchestra.run.smithi043.stdout:/usr/bin/ceph: stderr
2023-07-09T21:21:43.501+0000 7f8e82e03700 1 -- 172.21.15.43:0/469006098 shutdown_connections
2023-07-09T21:21:43.911 INFO:teuthology.orchestra.run.smithi043.stdout:/usr/bin/ceph: stderr
2023-07-09T21:21:43.501+0000 7f8e82e03700 1 --2- 172.21.15.43:0/469006098 >> [v2:172.21.15.43:6800/1084572421,v1:172.21.15.43:6801/1084572421] conn(0x7f8e6c038760 0x7f8e6c03ac10 unknown :-1 s=CLOSED pgs=8 cs=0 l=1 rev1=1 crypto rx=0 tx=0 comp rx=0 tx=0).stop
2023-07-09T21:21:43.911 INFO:teuthology.orchestra.run.smithi043.stdout:/usr/bin/ceph: stderr
2023-07-09T21:21:43.501+0000 7f8e82e03700 1 --2- 172.21.15.43:0/469006098 >> [v2:172.21.15.43:3300/0,v1:172.21.15.43:6789/0] conn(0x7f8e7c07a260 0x7f8e7c19b560 unknown :-1 s=CLOSED pgs=40 cs=0 l=1 rev1=1 crypto rx=0 tx=0 comp rx=0 tx=0).stop
2023-07-09T21:21:43.911 INFO:teuthology.orchestra.run.smithi043.stdout:/usr/bin/ceph: stderr
2023-07-09T21:21:43.501+0000 7f8e82e03700 1 -- 172.21.15.43:0/469006098 >> 172.21.15.43:0/469006098 conn(0x7f8e7c1008d0 msgr2=0x7f8e7c101f70 unknown :-1 s=STATE_NONE l=0).mark_down
2023-07-09T21:21:43.912 INFO:teuthology.orchestra.run.smithi043.stdout:/usr/bin/ceph: stderr
2023-07-09T21:21:43.501+0000 7f8e82e03700 1 -- 172.21.15.43:0/469006098 shutdown_connections
2023-07-09T21:21:43.912 INFO:teuthology.orchestra.run.smithi043.stdout:/usr/bin/ceph: stderr
2023-07-09T21:21:43.501+0000 7f8e82e03700 1 -- 172.21.15.43:0/469006098 wait complete.
2023-07-09T21:21:43.912 INFO:teuthology.orchestra.run.smithi043.stdout:Generating ssh key...
2023-07-09T21:21:44.816 INFO:journalctl@ceph.mon.a.smithi043.stdout:Jul 09 21:21:44 smithi043 ceph-mon[95471]: from='client.14134 -' entity='client.admin' cmd=[{"prefix": "cephadm set-user", "user": "root", "target": ["mon-mgr", ""]}]: dispatch
2023-07-09T21:21:45.131 INFO:journalctl@ceph.mgr.x.smithi043.stdout:Jul 09 21:21:44 smithi043 ceph-5d4899b4-1e9e-11ee-9b31-001a4aab830c-mgr-x[95719]: Generating public/private rsa key pair.
2023-07-09T21:21:45.131 INFO:journalctl@ceph.mgr.x.smithi043.stdout:Jul 09 21:21:44 smithi043 ceph-5d4899b4-1e9e-11ee-9b31-001a4aab830c-mgr-x[95719]: Your identification has been saved in /tmp/tmpjt5a85ir/key.
2023-07-09T21:21:45.132 INFO:journalctl@ceph.mgr.x.smithi043.stdout:Jul 09 21:21:44 smithi043 ceph-5d4899b4-1e9e-11ee-9b31-001a4aab830c-mgr-x[95719]: Your public key has been saved in /tmp/tmpjt5a85ir/key.pub.
2023-07-09T21:21:45.132 INFO:journalctl@ceph.mgr.x.smithi043.stdout:Jul 09 21:21:44 smithi043 ceph-5d4899b4-1e9e-11ee-9b31-001a4aab830c-mgr-x[95719]: The key fingerprint is:
2023-07-09T21:21:45.132 INFO:journalctl@ceph.mgr.x.smithi043.stdout:Jul 09 21:21:44 smithi043 ceph-5d4899b4-1e9e-11ee-9b31-001a4aab830c-mgr-x[95719]: SHA256:2citbLFd0BEyUFTAKe0rFigUvwAC/Nz2SWvZPX999No ceph-5d4899b4-1e9e-11ee-9b31-001a4aab830c
2023-07-09T21:21:45.132 INFO:journalctl@ceph.mgr.x.smithi043.stdout:Jul 09 21:21:44 smithi043 ceph-5d4899b4-1e9e-11ee-9b31-001a4aab830c-mgr-x[95719]: The key's randomart image is:
2023-07-09T21:21:45.132 INFO:journalctl@ceph.mgr.x.smithi043.stdout:Jul 09 21:21:44 smithi043 ceph-5d4899b4-1e9e-11ee-9b31-001a4aab830c-mgr-x[95719]: +---[RSA 3072]----+
2023-07-09T21:21:45.133 INFO:journalctl@ceph.mgr.x.smithi043.stdout:Jul 09 21:21:44 smithi043 ceph-5d4899b4-1e9e-11ee-9b31-001a4aab830c-mgr-x[95719]: |= . .. .**++. |
2023-07-09T21:21:45.133 INFO:journalctl@ceph.mgr.x.smithi043.stdout:Jul 09 21:21:44 smithi043 ceph-5d4899b4-1e9e-11ee-9b31-001a4aab830c-mgr-x[95719]: | o ... . ++ . |
2023-07-09T21:21:45.133 INFO:journalctl@ceph.mgr.x.smithi043.stdout:Jul 09 21:21:44 smithi043 ceph-5d4899b4-1e9e-11ee-9b31-001a4aab830c-mgr-x[95719]: | o.o .. o. . |
2023-07-09T21:21:45.133 INFO:journalctl@ceph.mgr.x.smithi043.stdout:Jul 09 21:21:44 smithi043 ceph-5d4899b4-1e9e-11ee-9b31-001a4aab830c-mgr-x[95719]: | o.+.+.=.. |
2023-07-09T21:21:45.133 INFO:journalctl@ceph.mgr.x.smithi043.stdout:Jul 09 21:21:44 smithi043 ceph-5d4899b4-1e9e-11ee-9b31-001a4aab830c-mgr-x[95719]: | ..+ S.+.. |
2023-07-09T21:21:45.133 INFO:journalctl@ceph.mgr.x.smithi043.stdout:Jul 09 21:21:44 smithi043 ceph-5d4899b4-1e9e-11ee-9b31-001a4aab830c-mgr-x[95719]: | Bo*.+ .|
2023-07-09T21:21:45.133 INFO:journalctl@ceph.mgr.x.smithi043.stdout:Jul 09 21:21:44 smithi043 ceph-5d4899b4-1e9e-11ee-9b31-001a4aab830c-mgr-x[95719]: | ..=.. o .o|
2023-07-09T21:21:45.134 INFO:journalctl@ceph.mgr.x.smithi043.stdout:Jul 09 21:21:44 smithi043 ceph-5d4899b4-1e9e-11ee-9b31-001a4aab830c-mgr-x[95719]: | . . o+|
2023-07-09T21:21:45.134 INFO:journalctl@ceph.mgr.x.smithi043.stdout:Jul 09 21:21:44 smithi043 ceph-5d4899b4-1e9e-11ee-9b31-001a4aab830c-mgr-x[95719]: | o.E|
2023-07-09T21:21:45.134 INFO:journalctl@ceph.mgr.x.smithi043.stdout:Jul 09 21:21:44 smithi043 ceph-5d4899b4-1e9e-11ee-9b31-001a4aab830c-mgr-x[95719]: +----[SHA256]-----+
2023-07-09T21:21:45.270 INFO:teuthology.orchestra.run.smithi043.stdout:/usr/bin/ceph: stderr
2023-07-09T21:21:44.441+0000 7f0774adc700 1 Processor -- start
2023-07-09T21:21:45.271 INFO:teuthology.orchestra.run.smithi043.stdout:/usr/bin/ceph: stderr
2023-07-09T21:21:44.441+0000 7f0774adc700 1 -- start start
2023-07-09T21:21:45.271 INFO:teuthology.orchestra.run.smithi043.stdout:/usr/bin/ceph: stderr
2023-07-09T21:21:44.441+0000 7f0774adc700 1 --2- >> [v2:172.21.15.43:3300/0,v1:172.21.15.43:6789/0] conn(0x7f077007a260 0x7f077007a670 unknown :-1 s=NONE pgs=0 cs=0 l=0 rev1=0 crypto rx=0 tx=0 comp rx=0 tx=0).connect
2023-07-09T21:21:45.271 INFO:teuthology.orchestra.run.smithi043.stdout:/usr/bin/ceph: stderr
2023-07-09T21:21:44.441+0000 7f0774adc700 1 -- --> [v2:172.21.15.43:3300/0,v1:172.21.15.43:6789/0] -- mon_getmap magic: 0 v1 -- 0x7f077007abb0 con 0x7f077007a260
2023-07-09T21:21:45.271 INFO:teuthology.orchestra.run.smithi043.stdout:/usr/bin/ceph: stderr
2023-07-09T21:21:44.442+0000 7f076e59c700 1 --2- >> [v2:172.21.15.43:3300/0,v1:172.21.15.43:6789/0] conn(0x7f077007a260 0x7f077007a670 unknown :-1 s=BANNER_CONNECTING pgs=0 cs=0 l=0 rev1=0 crypto rx=0 tx=0 comp rx=0 tx=0)._handle_peer_banner_payload supported=3 required=0
2023-07-09T21:21:45.271 INFO:teuthology.orchestra.run.smithi043.stdout:/usr/bin/ceph: stderr
2023-07-09T21:21:44.442+0000 7f076e59c700 1 --2- >> [v2:172.21.15.43:3300/0,v1:172.21.15.43:6789/0] conn(0x7f077007a260 0x7f077007a670 unknown :-1 s=HELLO_CONNECTING pgs=0 cs=0 l=0 rev1=1 crypto rx=0 tx=0 comp rx=0 tx=0).handle_hello peer v2:172.21.15.43:3300/0 says I am v2:172.21.15.43:33194/0 (socket says 172.21.15.43:33194)
2023-07-09T21:21:45.275 INFO:teuthology.orchestra.run.smithi043.stdout:/usr/bin/ceph: stderr
2023-07-09T21:21:44.442+0000 7f076e59c700 1 -- 172.21.15.43:0/3970060347 learned_addr learned my addr 172.21.15.43:0/3970060347 (peer_addr_for_me v2:172.21.15.43:0/0)
2023-07-09T21:21:45.275 INFO:teuthology.orchestra.run.smithi043.stdout:/usr/bin/ceph: stderr
2023-07-09T21:21:44.442+0000 7f076e59c700 1 -- 172.21.15.43:0/3970060347 --> [v2:172.21.15.43:3300/0,v1:172.21.15.43:6789/0] -- mon_subscribe({config=0+,monmap=0+}) v3 -- 0x7f077007acf0 con 0x7f077007a260
2023-07-09T21:21:45.275 INFO:teuthology.orchestra.run.smithi043.stdout:/usr/bin/ceph: stderr
2023-07-09T21:21:44.442+0000 7f076e59c700 1 --2- 172.21.15.43:0/3970060347 >> [v2:172.21.15.43:3300/0,v1:172.21.15.43:6789/0] conn(0x7f077007a260 0x7f077007a670 secure :-1 s=READY pgs=41 cs=0 l=1 rev1=1 crypto rx=0x7f07600098a0 tx=0x7f0760009bb0 comp rx=0 tx=0).ready entity=mon.0 client_cookie=7c4725a2d4d511d7 server_cookie=0 in_seq=0 out_seq=0
2023-07-09T21:21:45.275 INFO:teuthology.orchestra.run.smithi043.stdout:/usr/bin/ceph: stderr
2023-07-09T21:21:44.442+0000 7f076d59a700 1 -- 172.21.15.43:0/3970060347 <== mon.0 v2:172.21.15.43:3300/0 1 ==== mon_map magic: 0 v1 ==== 205+0+0 (secure 0 0 0) 0x7f0760004160 con 0x7f077007a260
2023-07-09T21:21:45.276 INFO:teuthology.orchestra.run.smithi043.stdout:/usr/bin/ceph: stderr
2023-07-09T21:21:44.442+0000 7f076d59a700 1 -- 172.21.15.43:0/3970060347 <== mon.0 v2:172.21.15.43:3300/0 2 ==== config(26 keys) v1 ==== 1074+0+0 (secure 0 0 0) 0x7f07600042c0 con 0x7f077007a260
2023-07-09T21:21:45.276 INFO:teuthology.orchestra.run.smithi043.stdout:/usr/bin/ceph: stderr
2023-07-09T21:21:44.442+0000 7f076d59a700 1 -- 172.21.15.43:0/3970060347 <== mon.0 v2:172.21.15.43:3300/0 3 ==== mon_map magic: 0 v1 ==== 205+0+0 (secure 0 0 0) 0x7f0760011a00 con 0x7f077007a260
2023-07-09T21:21:45.276 INFO:teuthology.orchestra.run.smithi043.stdout:/usr/bin/ceph: stderr
2023-07-09T21:21:44.443+0000 7f0774adc700 1 -- 172.21.15.43:0/3970060347 >> [v2:172.21.15.43:3300/0,v1:172.21.15.43:6789/0] conn(0x7f077007a260 msgr2=0x7f077007a670 secure :-1 s=STATE_CONNECTION_ESTABLISHED l=1).mark_down
2023-07-09T21:21:45.276 INFO:teuthology.orchestra.run.smithi043.stdout:/usr/bin/ceph: stderr
2023-07-09T21:21:44.443+0000 7f0774adc700 1 --2- 172.21.15.43:0/3970060347 >> [v2:172.21.15.43:3300/0,v1:172.21.15.43:6789/0] conn(0x7f077007a260 0x7f077007a670 secure :-1 s=READY pgs=41 cs=0 l=1 rev1=1 crypto rx=0x7f07600098a0 tx=0x7f0760009bb0 comp rx=0 tx=0).stop
2023-07-09T21:21:45.278 INFO:teuthology.orchestra.run.smithi043.stdout:/usr/bin/ceph: stderr
2023-07-09T21:21:44.443+0000 7f0774adc700 1 -- 172.21.15.43:0/3970060347 shutdown_connections
2023-07-09T21:21:45.279 INFO:teuthology.orchestra.run.smithi043.stdout:/usr/bin/ceph: stderr
2023-07-09T21:21:44.443+0000 7f0774adc700 1 --2- 172.21.15.43:0/3970060347 >> [v2:172.21.15.43:3300/0,v1:172.21.15.43:6789/0] conn(0x7f077007a260 0x7f077007a670 unknown :-1 s=CLOSED pgs=41 cs=0 l=1 rev1=1 crypto rx=0 tx=0 comp rx=0 tx=0).stop
2023-07-09T21:21:45.279 INFO:teuthology.orchestra.run.smithi043.stdout:/usr/bin/ceph: stderr
2023-07-09T21:21:44.443+0000 7f0774adc700 1 -- 172.21.15.43:0/3970060347 >> 172.21.15.43:0/3970060347 conn(0x7f07701008d0 msgr2=0x7f0770102ce0 unknown :-1 s=STATE_NONE l=0).mark_down
2023-07-09T21:21:45.279 INFO:teuthology.orchestra.run.smithi043.stdout:/usr/bin/ceph: stderr
2023-07-09T21:21:44.443+0000 7f0774adc700 1 -- 172.21.15.43:0/3970060347 shutdown_connections
2023-07-09T21:21:45.279 INFO:teuthology.orchestra.run.smithi043.stdout:/usr/bin/ceph: stderr
2023-07-09T21:21:44.443+0000 7f0774adc700 1 -- 172.21.15.43:0/3970060347 wait complete.
2023-07-09T21:21:45.279 INFO:teuthology.orchestra.run.smithi043.stdout:/usr/bin/ceph: stderr
2023-07-09T21:21:44.444+0000 7f0774adc700 1 Processor -- start
2023-07-09T21:21:45.279 INFO:teuthology.orchestra.run.smithi043.stdout:/usr/bin/ceph: stderr
2023-07-09T21:21:44.444+0000 7f0774adc700 1 -- start start
2023-07-09T21:21:45.279 INFO:teuthology.orchestra.run.smithi043.stdout:/usr/bin/ceph: stderr
2023-07-09T21:21:44.445+0000 7f0774adc700 1 --2- >> [v2:172.21.15.43:3300/0,v1:172.21.15.43:6789/0] conn(0x7f077007a260 0x7f077019b560 unknown :-1 s=NONE pgs=0 cs=0 l=1 rev1=0 crypto rx=0 tx=0 comp rx=0 tx=0).connect
2023-07-09T21:21:45.280 INFO:teuthology.orchestra.run.smithi043.stdout:/usr/bin/ceph: stderr
2023-07-09T21:21:44.445+0000 7f0774adc700 1 -- --> [v2:172.21.15.43:3300/0,v1:172.21.15.43:6789/0] -- mon_getmap magic: 0 v1 -- 0x7f077019baa0 con 0x7f077007a260
2023-07-09T21:21:45.280 INFO:teuthology.orchestra.run.smithi043.stdout:/usr/bin/ceph: stderr
2023-07-09T21:21:44.445+0000 7f076e59c700 1 --2- >> [v2:172.21.15.43:3300/0,v1:172.21.15.43:6789/0] conn(0x7f077007a260 0x7f077019b560 unknown :-1 s=BANNER_CONNECTING pgs=0 cs=0 l=1 rev1=0 crypto rx=0 tx=0 comp rx=0 tx=0)._handle_peer_banner_payload supported=3 required=0
2023-07-09T21:21:45.280 INFO:teuthology.orchestra.run.smithi043.stdout:/usr/bin/ceph: stderr
2023-07-09T21:21:44.445+0000 7f076e59c700 1 --2- >> [v2:172.21.15.43:3300/0,v1:172.21.15.43:6789/0] conn(0x7f077007a260 0x7f077019b560 unknown :-1 s=HELLO_CONNECTING pgs=0 cs=0 l=1 rev1=1 crypto rx=0 tx=0 comp rx=0 tx=0).handle_hello peer v2:172.21.15.43:3300/0 says I am v2:172.21.15.43:33208/0 (socket says 172.21.15.43:33208)
2023-07-09T21:21:45.280 INFO:teuthology.orchestra.run.smithi043.stdout:/usr/bin/ceph: stderr
2023-07-09T21:21:44.445+0000 7f076e59c700 1 -- 172.21.15.43:0/2780090638 learned_addr learned my addr 172.21.15.43:0/2780090638 (peer_addr_for_me v2:172.21.15.43:0/0)
2023-07-09T21:21:45.280 INFO:teuthology.orchestra.run.smithi043.stdout:/usr/bin/ceph: stderr
2023-07-09T21:21:44.445+0000 7f076e59c700 1 -- 172.21.15.43:0/2780090638 --> [v2:172.21.15.43:3300/0,v1:172.21.15.43:6789/0] -- mon_subscribe({config=0+,monmap=0+}) v3 -- 0x7f0760009550 con 0x7f077007a260
2023-07-09T21:21:45.280 INFO:teuthology.orchestra.run.smithi043.stdout:/usr/bin/ceph: stderr
2023-07-09T21:21:44.445+0000 7f076e59c700 1 --2- 172.21.15.43:0/2780090638 >> [v2:172.21.15.43:3300/0,v1:172.21.15.43:6789/0] conn(0x7f077007a260 0x7f077019b560 secure :-1 s=READY pgs=42 cs=0 l=1 rev1=1 crypto rx=0x7f0760003f50 tx=0x7f0760011ad0 comp rx=0 tx=0).ready entity=mon.0 client_cookie=0 server_cookie=0 in_seq=0 out_seq=0
2023-07-09T21:21:45.281 INFO:teuthology.orchestra.run.smithi043.stdout:/usr/bin/ceph: stderr
2023-07-09T21:21:44.446+0000 7f075f7fe700 1 -- 172.21.15.43:0/2780090638 <== mon.0 v2:172.21.15.43:3300/0 1 ==== mon_map magic: 0 v1 ==== 205+0+0 (secure 0 0 0) 0x7f0760003aa0 con 0x7f077007a260
2023-07-09T21:21:45.281 INFO:teuthology.orchestra.run.smithi043.stdout:/usr/bin/ceph: stderr
2023-07-09T21:21:44.446+0000 7f075f7fe700 1 -- 172.21.15.43:0/2780090638 <== mon.0 v2:172.21.15.43:3300/0 2 ==== config(26 keys) v1 ==== 1074+0+0 (secure 0 0 0) 0x7f0760003c00 con 0x7f077007a260
2023-07-09T21:21:45.281 INFO:teuthology.orchestra.run.smithi043.stdout:/usr/bin/ceph: stderr
2023-07-09T21:21:44.446+0000 7f0774adc700 1 -- 172.21.15.43:0/2780090638 --> [v2:172.21.15.43:3300/0,v1:172.21.15.43:6789/0] -- mon_subscribe({mgrmap=0+}) v3 -- 0x7f077019bca0 con 0x7f077007a260
2023-07-09T21:21:45.281 INFO:teuthology.orchestra.run.smithi043.stdout:/usr/bin/ceph: stderr
2023-07-09T21:21:44.446+0000 7f075f7fe700 1 -- 172.21.15.43:0/2780090638 <== mon.0 v2:172.21.15.43:3300/0 3 ==== mon_map magic: 0 v1 ==== 205+0+0 (secure 0 0 0) 0x7f07600247c0 con 0x7f077007a260
2023-07-09T21:21:45.281 INFO:teuthology.orchestra.run.smithi043.stdout:/usr/bin/ceph: stderr
2023-07-09T21:21:44.446+0000 7f0774adc700 1 -- 172.21.15.43:0/2780090638 --> [v2:172.21.15.43:3300/0,v1:172.21.15.43:6789/0] -- mon_subscribe({osdmap=0}) v3 -- 0x7f077019c0c0 con 0x7f077007a260
2023-07-09T21:21:45.281 INFO:teuthology.orchestra.run.smithi043.stdout:/usr/bin/ceph: stderr
2023-07-09T21:21:44.447+0000 7f075f7fe700 1 -- 172.21.15.43:0/2780090638 <== mon.0 v2:172.21.15.43:3300/0 4 ==== mgrmap(e 8) v1 ==== 45483+0+0 (secure 0 0 0) 0x7f076001ab60 con 0x7f077007a260
2023-07-09T21:21:45.281 INFO:teuthology.orchestra.run.smithi043.stdout:/usr/bin/ceph: stderr
2023-07-09T21:21:44.447+0000 7f0774adc700 1 -- 172.21.15.43:0/2780090638 --> [v2:172.21.15.43:3300/0,v1:172.21.15.43:6789/0] -- mon_command({"prefix": "get_command_descriptions"} v 0) v1 -- 0x7f0770061b40 con 0x7f077007a260
2023-07-09T21:21:45.282 INFO:teuthology.orchestra.run.smithi043.stdout:/usr/bin/ceph: stderr
2023-07-09T21:21:44.447+0000 7f075f7fe700 1 --2- 172.21.15.43:0/2780090638 >> [v2:172.21.15.43:6800/1084572421,v1:172.21.15.43:6801/1084572421] conn(0x7f0758038760 0x7f075803ac10 unknown :-1 s=NONE pgs=0 cs=0 l=1 rev1=0 crypto rx=0 tx=0 comp rx=0 tx=0).connect
2023-07-09T21:21:45.282 INFO:teuthology.orchestra.run.smithi043.stdout:/usr/bin/ceph: stderr
2023-07-09T21:21:44.447+0000 7f075f7fe700 1 -- 172.21.15.43:0/2780090638 <== mon.0 v2:172.21.15.43:3300/0 5 ==== osd_map(2..2 src has 1..2) v4 ==== 940+0+0 (secure 0 0 0) 0x7f076004c6b0 con 0x7f077007a260
2023-07-09T21:21:45.282 INFO:teuthology.orchestra.run.smithi043.stdout:/usr/bin/ceph: stderr
2023-07-09T21:21:44.448+0000 7f076dd9b700 1 --2- 172.21.15.43:0/2780090638 >> [v2:172.21.15.43:6800/1084572421,v1:172.21.15.43:6801/1084572421] conn(0x7f0758038760 0x7f075803ac10 unknown :-1 s=BANNER_CONNECTING pgs=0 cs=0 l=1 rev1=0 crypto rx=0 tx=0 comp rx=0 tx=0)._handle_peer_banner_payload supported=3 required=0
2023-07-09T21:21:45.282 INFO:teuthology.orchestra.run.smithi043.stdout:/usr/bin/ceph: stderr
2023-07-09T21:21:44.448+0000 7f076dd9b700 1 --2- 172.21.15.43:0/2780090638 >> [v2:172.21.15.43:6800/1084572421,v1:172.21.15.43:6801/1084572421] conn(0x7f0758038760 0x7f075803ac10 secure :-1 s=READY pgs=9 cs=0 l=1 rev1=1 crypto rx=0x7f0764006fd0 tx=0x7f0764006e40 comp rx=0 tx=0).ready entity=mgr.14120 client_cookie=0 server_cookie=0 in_seq=0 out_seq=0
2023-07-09T21:21:45.282 INFO:teuthology.orchestra.run.smithi043.stdout:/usr/bin/ceph: stderr
2023-07-09T21:21:44.452+0000 7f075f7fe700 1 -- 172.21.15.43:0/2780090638 <== mon.0 v2:172.21.15.43:3300/0 6 ==== mon_command_ack([{"prefix": "get_command_descriptions"}]=0 v0) v1 ==== 72+0+178008 (secure 0 0 0) 0x7f0760024920 con 0x7f077007a260
2023-07-09T21:21:45.282 INFO:teuthology.orchestra.run.smithi043.stdout:/usr/bin/ceph: stderr
2023-07-09T21:21:44.663+0000 7f0774adc700 1 -- 172.21.15.43:0/2780090638 --> [v2:172.21.15.43:6800/1084572421,v1:172.21.15.43:6801/1084572421] -- mgr_command(tid 0: {"prefix": "cephadm generate-key", "target": ["mon-mgr", ""]}) v1 -- 0x7f0770102bd0 con 0x7f0758038760
2023-07-09T21:21:45.282 INFO:teuthology.orchestra.run.smithi043.stdout:/usr/bin/ceph: stderr
2023-07-09T21:21:44.822+0000 7f075f7fe700 1 -- 172.21.15.43:0/2780090638 <== mgr.14120 v2:172.21.15.43:6800/1084572421 1 ==== mgr_command_reply(tid 0: 0 ) v1 ==== 8+0+0 (secure 0 0 0) 0x7f0770102bd0 con 0x7f0758038760
2023-07-09T21:21:45.283 INFO:teuthology.orchestra.run.smithi043.stdout:/usr/bin/ceph: stderr
2023-07-09T21:21:44.825+0000 7f0774adc700 1 -- 172.21.15.43:0/2780090638 >> [v2:172.21.15.43:6800/1084572421,v1:172.21.15.43:6801/1084572421] conn(0x7f0758038760 msgr2=0x7f075803ac10 secure :-1 s=STATE_CONNECTION_ESTABLISHED l=1).mark_down
2023-07-09T21:21:45.283 INFO:teuthology.orchestra.run.smithi043.stdout:/usr/bin/ceph: stderr
2023-07-09T21:21:44.825+0000 7f0774adc700 1 --2- 172.21.15.43:0/2780090638 >> [v2:172.21.15.43:6800/1084572421,v1:172.21.15.43:6801/1084572421] conn(0x7f0758038760 0x7f075803ac10 secure :-1 s=READY pgs=9 cs=0 l=1 rev1=1 crypto rx=0x7f0764006fd0 tx=0x7f0764006e40 comp rx=0 tx=0).stop
2023-07-09T21:21:45.283 INFO:teuthology.orchestra.run.smithi043.stdout:/usr/bin/ceph: stderr
2023-07-09T21:21:44.825+0000 7f0774adc700 1 -- 172.21.15.43:0/2780090638 >> [v2:172.21.15.43:3300/0,v1:172.21.15.43:6789/0] conn(0x7f077007a260 msgr2=0x7f077019b560 secure :-1 s=STATE_CONNECTION_ESTABLISHED l=1).mark_down
2023-07-09T21:21:45.283 INFO:teuthology.orchestra.run.smithi043.stdout:/usr/bin/ceph: stderr
2023-07-09T21:21:44.825+0000 7f0774adc700 1 --2- 172.21.15.43:0/2780090638 >> [v2:172.21.15.43:3300/0,v1:172.21.15.43:6789/0] conn(0x7f077007a260 0x7f077019b560 secure :-1 s=READY pgs=42 cs=0 l=1 rev1=1 crypto rx=0x7f0760003f50 tx=0x7f0760011ad0 comp rx=0 tx=0).stop
2023-07-09T21:21:45.283 INFO:teuthology.orchestra.run.smithi043.stdout:/usr/bin/ceph: stderr
2023-07-09T21:21:44.825+0000 7f0774adc700 1 -- 172.21.15.43:0/2780090638 shutdown_connections
2023-07-09T21:21:45.283 INFO:teuthology.orchestra.run.smithi043.stdout:/usr/bin/ceph: stderr
2023-07-09T21:21:44.825+0000 7f0774adc700 1 --2- 172.21.15.43:0/2780090638 >> [v2:172.21.15.43:6800/1084572421,v1:172.21.15.43:6801/1084572421] conn(0x7f0758038760 0x7f075803ac10 unknown :-1 s=CLOSED pgs=9 cs=0 l=1 rev1=1 crypto rx=0 tx=0 comp rx=0 tx=0).stop
2023-07-09T21:21:45.284 INFO:teuthology.orchestra.run.smithi043.stdout:/usr/bin/ceph: stderr
2023-07-09T21:21:44.825+0000 7f0774adc700 1 --2- 172.21.15.43:0/2780090638 >> [v2:172.21.15.43:3300/0,v1:172.21.15.43:6789/0] conn(0x7f077007a260 0x7f077019b560 unknown :-1 s=CLOSED pgs=42 cs=0 l=1 rev1=1 crypto rx=0 tx=0 comp rx=0 tx=0).stop
2023-07-09T21:21:45.284 INFO:teuthology.orchestra.run.smithi043.stdout:/usr/bin/ceph: stderr
2023-07-09T21:21:44.825+0000 7f0774adc700 1 -- 172.21.15.43:0/2780090638 >> 172.21.15.43:0/2780090638 conn(0x7f07701008d0 msgr2=0x7f0770101f70 unknown :-1 s=STATE_NONE l=0).mark_down
2023-07-09T21:21:45.284 INFO:teuthology.orchestra.run.smithi043.stdout:/usr/bin/ceph: stderr
2023-07-09T21:21:44.825+0000 7f0774adc700 1 -- 172.21.15.43:0/2780090638 shutdown_connections
2023-07-09T21:21:45.284 INFO:teuthology.orchestra.run.smithi043.stdout:/usr/bin/ceph: stderr
2023-07-09T21:21:44.825+0000 7f0774adc700 1 -- 172.21.15.43:0/2780090638 wait complete.
2023-07-09T21:21:45.881 INFO:journalctl@ceph.mon.a.smithi043.stdout:Jul 09 21:21:45 smithi043 ceph-mon[95471]: from='client.14136 -' entity='client.admin' cmd=[{"prefix": "cephadm generate-key", "target": ["mon-mgr", ""]}]: dispatch
2023-07-09T21:21:45.881 INFO:journalctl@ceph.mon.a.smithi043.stdout:Jul 09 21:21:45 smithi043 ceph-mon[95471]: Generating ssh key...
2023-07-09T21:21:45.882 INFO:journalctl@ceph.mon.a.smithi043.stdout:Jul 09 21:21:45 smithi043 ceph-mon[95471]: from='mgr.14120 172.21.15.43:0/413324179' entity='mgr.x'
2023-07-09T21:21:45.882 INFO:journalctl@ceph.mon.a.smithi043.stdout:Jul 09 21:21:45 smithi043 ceph-mon[95471]: from='mgr.14120 172.21.15.43:0/413324179' entity='mgr.x'
2023-07-09T21:21:46.552 INFO:teuthology.orchestra.run.smithi043.stdout:/usr/bin/ceph: stdout ssh-rsa AAAAB3NzaC1yc2EAAAADAQABAAABgQCgAjrh6j2NZTgShT75swAm5l3/MfocyKoyfcy28t5CqcsWX+DSvKCgK+KeMx91Og2DWNo6f6wpwjbTkfzHlR2L5lG+iUQhoaEWDjso0ux++sa7VUBzcigBRdwMUil+gxwoqtLMgiMJANkyrnVblwhsTB6051+EYng5llLroWALv6P9j2SX2zXfqX0vunRp7ZpJOaRJx/l+l9TFGN69w8ND7/40jppKrIgvhKr8ldot0FIwl2CUrixOru7QGjmYK72fL25nPHVHqU4av/5mbKffpYbUf2pqTRs4VurcSeh3jAIH7MEto9L67HPKScz5H42tyYK80gEOJLiOiv3DcVllH6CpPOnh43WYLMsNDbF+BRtU5Nr7EDrWnnhXTlzTPgP3FFi1Rc3uDjOoZf4pFX+wD8NBBIy9FUBiiiOgT6oU9+8SST38pod8HUQZ2f73vSNQ/+guGONItu3fD6EkdEr4fu+Lhdr9Cur6SADOVxoW5aYyADVpikB0XdF3GDm+MX8= ceph-5d4899b4-1e9e-11ee-9b31-001a4aab830c
2023-07-09T21:21:46.554 INFO:teuthology.orchestra.run.smithi043.stdout:/usr/bin/ceph: stderr
2023-07-09T21:21:45.814+0000 7fa8b3b43700 1 Processor -- start
2023-07-09T21:21:46.554 INFO:teuthology.orchestra.run.smithi043.stdout:/usr/bin/ceph: stderr
2023-07-09T21:21:45.815+0000 7fa8b3b43700 1 -- start start
2023-07-09T21:21:46.555 INFO:teuthology.orchestra.run.smithi043.stdout:/usr/bin/ceph: stderr
2023-07-09T21:21:45.815+0000 7fa8b3b43700 1 --2- >> [v2:172.21.15.43:3300/0,v1:172.21.15.43:6789/0] conn(0x7fa8ac105620 0x7fa8ac1064a0 unknown :-1 s=NONE pgs=0 cs=0 l=0 rev1=0 crypto rx=0 tx=0 comp rx=0 tx=0).connect
2023-07-09T21:21:46.555 INFO:teuthology.orchestra.run.smithi043.stdout:/usr/bin/ceph: stderr
2023-07-09T21:21:45.815+0000 7fa8b3b43700 1 -- --> [v2:172.21.15.43:3300/0,v1:172.21.15.43:6789/0] -- mon_getmap magic: 0 v1 -- 0x7fa8ac105a30 con 0x7fa8ac105620
2023-07-09T21:21:46.555 INFO:teuthology.orchestra.run.smithi043.stdout:/usr/bin/ceph: stderr
2023-07-09T21:21:45.815+0000 7fa8b18df700 1 --2- >> [v2:172.21.15.43:3300/0,v1:172.21.15.43:6789/0] conn(0x7fa8ac105620 0x7fa8ac1064a0 unknown :-1 s=BANNER_CONNECTING pgs=0 cs=0 l=0 rev1=0 crypto rx=0 tx=0 comp rx=0 tx=0)._handle_peer_banner_payload supported=3 required=0
2023-07-09T21:21:46.555 INFO:teuthology.orchestra.run.smithi043.stdout:/usr/bin/ceph: stderr
2023-07-09T21:21:45.815+0000 7fa8b18df700 1 --2- >> [v2:172.21.15.43:3300/0,v1:172.21.15.43:6789/0] conn(0x7fa8ac105620 0x7fa8ac1064a0 unknown :-1 s=HELLO_CONNECTING pgs=0 cs=0 l=0 rev1=1 crypto rx=0 tx=0 comp rx=0 tx=0).handle_hello peer v2:172.21.15.43:3300/0 says I am v2:172.21.15.43:33220/0 (socket says 172.21.15.43:33220)
2023-07-09T21:21:46.555 INFO:teuthology.orchestra.run.smithi043.stdout:/usr/bin/ceph: stderr
2023-07-09T21:21:45.815+0000 7fa8b18df700 1 -- 172.21.15.43:0/2879158209 learned_addr learned my addr 172.21.15.43:0/2879158209 (peer_addr_for_me v2:172.21.15.43:0/0)
2023-07-09T21:21:46.555 INFO:teuthology.orchestra.run.smithi043.stdout:/usr/bin/ceph: stderr
2023-07-09T21:21:45.816+0000 7fa8b18df700 1 -- 172.21.15.43:0/2879158209 --> [v2:172.21.15.43:3300/0,v1:172.21.15.43:6789/0] -- mon_subscribe({config=0+,monmap=0+}) v3 -- 0x7fa8ac105b70 con 0x7fa8ac105620
2023-07-09T21:21:46.556 INFO:teuthology.orchestra.run.smithi043.stdout:/usr/bin/ceph: stderr
2023-07-09T21:21:45.816+0000 7fa8b18df700 1 --2- 172.21.15.43:0/2879158209 >> [v2:172.21.15.43:3300/0,v1:172.21.15.43:6789/0] conn(0x7fa8ac105620 0x7fa8ac1064a0 secure :-1 s=READY pgs=43 cs=0 l=1 rev1=1 crypto rx=0x7fa8a80098a0 tx=0x7fa8a8009bb0 comp rx=0 tx=0).ready entity=mon.0 client_cookie=49f268d8ebbaac2d server_cookie=0 in_seq=0 out_seq=0
2023-07-09T21:21:46.556 INFO:teuthology.orchestra.run.smithi043.stdout:/usr/bin/ceph: stderr
2023-07-09T21:21:45.816+0000 7fa8b08dd700 1 -- 172.21.15.43:0/2879158209 <== mon.0 v2:172.21.15.43:3300/0 1 ==== mon_map magic: 0 v1 ==== 205+0+0 (secure 0 0 0) 0x7fa8a8004160 con 0x7fa8ac105620
2023-07-09T21:21:46.556 INFO:teuthology.orchestra.run.smithi043.stdout:/usr/bin/ceph: stderr
2023-07-09T21:21:45.816+0000 7fa8b08dd700 1 -- 172.21.15.43:0/2879158209 <== mon.0 v2:172.21.15.43:3300/0 2 ==== config(26 keys) v1 ==== 1074+0+0 (secure 0 0 0) 0x7fa8a80042c0 con 0x7fa8ac105620
2023-07-09T21:21:46.556 INFO:teuthology.orchestra.run.smithi043.stdout:/usr/bin/ceph: stderr
2023-07-09T21:21:45.816+0000 7fa8b08dd700 1 -- 172.21.15.43:0/2879158209 <== mon.0 v2:172.21.15.43:3300/0 3 ==== mon_map magic: 0 v1 ==== 205+0+0 (secure 0 0 0) 0x7fa8a8011a00 con 0x7fa8ac105620
2023-07-09T21:21:46.556 INFO:teuthology.orchestra.run.smithi043.stdout:/usr/bin/ceph: stderr
2023-07-09T21:21:45.817+0000 7fa8b3b43700 1 -- 172.21.15.43:0/2879158209 >> [v2:172.21.15.43:3300/0,v1:172.21.15.43:6789/0] conn(0x7fa8ac105620 msgr2=0x7fa8ac1064a0 secure :-1 s=STATE_CONNECTION_ESTABLISHED l=1).mark_down
2023-07-09T21:21:46.556 INFO:teuthology.orchestra.run.smithi043.stdout:/usr/bin/ceph: stderr
2023-07-09T21:21:45.817+0000 7fa8b3b43700 1 --2- 172.21.15.43:0/2879158209 >> [v2:172.21.15.43:3300/0,v1:172.21.15.43:6789/0] conn(0x7fa8ac105620 0x7fa8ac1064a0 secure :-1 s=READY pgs=43 cs=0 l=1 rev1=1 crypto rx=0x7fa8a80098a0 tx=0x7fa8a8009bb0 comp rx=0 tx=0).stop
2023-07-09T21:21:46.556 INFO:teuthology.orchestra.run.smithi043.stdout:/usr/bin/ceph: stderr
2023-07-09T21:21:45.817+0000 7fa8b3b43700 1 -- 172.21.15.43:0/2879158209 shutdown_connections
2023-07-09T21:21:46.557 INFO:teuthology.orchestra.run.smithi043.stdout:/usr/bin/ceph: stderr
2023-07-09T21:21:45.817+0000 7fa8b3b43700 1 --2- 172.21.15.43:0/2879158209 >> [v2:172.21.15.43:3300/0,v1:172.21.15.43:6789/0] conn(0x7fa8ac105620 0x7fa8ac1064a0 unknown :-1 s=CLOSED pgs=43 cs=0 l=1 rev1=1 crypto rx=0 tx=0 comp rx=0 tx=0).stop
2023-07-09T21:21:46.557 INFO:teuthology.orchestra.run.smithi043.stdout:/usr/bin/ceph: stderr
2023-07-09T21:21:45.817+0000 7fa8b3b43700 1 -- 172.21.15.43:0/2879158209 >> 172.21.15.43:0/2879158209 conn(0x7fa8ac1008d0 msgr2=0x7fa8ac102ce0 unknown :-1 s=STATE_NONE l=0).mark_down
2023-07-09T21:21:46.557 INFO:teuthology.orchestra.run.smithi043.stdout:/usr/bin/ceph: stderr
2023-07-09T21:21:45.817+0000 7fa8b3b43700 1 -- 172.21.15.43:0/2879158209 shutdown_connections
2023-07-09T21:21:46.557 INFO:teuthology.orchestra.run.smithi043.stdout:/usr/bin/ceph: stderr
2023-07-09T21:21:45.817+0000 7fa8b3b43700 1 -- 172.21.15.43:0/2879158209 wait complete.
2023-07-09T21:21:46.557 INFO:teuthology.orchestra.run.smithi043.stdout:/usr/bin/ceph: stderr
2023-07-09T21:21:45.818+0000 7fa8b3b43700 1 Processor -- start
2023-07-09T21:21:46.557 INFO:teuthology.orchestra.run.smithi043.stdout:/usr/bin/ceph: stderr
2023-07-09T21:21:45.819+0000 7fa8b3b43700 1 -- start start
2023-07-09T21:21:46.557 INFO:teuthology.orchestra.run.smithi043.stdout:/usr/bin/ceph: stderr
2023-07-09T21:21:45.819+0000 7fa8b3b43700 1 --2- >> [v2:172.21.15.43:3300/0,v1:172.21.15.43:6789/0] conn(0x7fa8ac105620 0x7fa8ac19b520 unknown :-1 s=NONE pgs=0 cs=0 l=1 rev1=0 crypto rx=0 tx=0 comp rx=0 tx=0).connect
2023-07-09T21:21:46.558 INFO:teuthology.orchestra.run.smithi043.stdout:/usr/bin/ceph: stderr
2023-07-09T21:21:45.819+0000 7fa8b3b43700 1 -- --> [v2:172.21.15.43:3300/0,v1:172.21.15.43:6789/0] -- mon_getmap magic: 0 v1 -- 0x7fa8ac19ba60 con 0x7fa8ac105620
2023-07-09T21:21:46.558 INFO:teuthology.orchestra.run.smithi043.stdout:/usr/bin/ceph: stderr
2023-07-09T21:21:45.819+0000 7fa8b18df700 1 --2- >> [v2:172.21.15.43:3300/0,v1:172.21.15.43:6789/0] conn(0x7fa8ac105620 0x7fa8ac19b520 unknown :-1 s=BANNER_CONNECTING pgs=0 cs=0 l=1 rev1=0 crypto rx=0 tx=0 comp rx=0 tx=0)._handle_peer_banner_payload supported=3 required=0
2023-07-09T21:21:46.558 INFO:teuthology.orchestra.run.smithi043.stdout:/usr/bin/ceph: stderr
2023-07-09T21:21:45.819+0000 7fa8b18df700 1 --2- >> [v2:172.21.15.43:3300/0,v1:172.21.15.43:6789/0] conn(0x7fa8ac105620 0x7fa8ac19b520 unknown :-1 s=HELLO_CONNECTING pgs=0 cs=0 l=1 rev1=1 crypto rx=0 tx=0 comp rx=0 tx=0).handle_hello peer v2:172.21.15.43:3300/0 says I am v2:172.21.15.43:33236/0 (socket says 172.21.15.43:33236)
2023-07-09T21:21:46.558 INFO:teuthology.orchestra.run.smithi043.stdout:/usr/bin/ceph: stderr
2023-07-09T21:21:45.819+0000 7fa8b18df700 1 -- 172.21.15.43:0/1252939253 learned_addr learned my addr 172.21.15.43:0/1252939253 (peer_addr_for_me v2:172.21.15.43:0/0)
2023-07-09T21:21:46.560 INFO:teuthology.orchestra.run.smithi043.stdout:/usr/bin/ceph: stderr
2023-07-09T21:21:45.820+0000 7fa8b18df700 1 -- 172.21.15.43:0/1252939253 --> [v2:172.21.15.43:3300/0,v1:172.21.15.43:6789/0] -- mon_subscribe({config=0+,monmap=0+}) v3 -- 0x7fa8a8009550 con 0x7fa8ac105620
2023-07-09T21:21:46.560 INFO:teuthology.orchestra.run.smithi043.stdout:/usr/bin/ceph: stderr
2023-07-09T21:21:45.820+0000 7fa8b18df700 1 --2- 172.21.15.43:0/1252939253 >> [v2:172.21.15.43:3300/0,v1:172.21.15.43:6789/0] conn(0x7fa8ac105620 0x7fa8ac19b520 secure :-1 s=READY pgs=44 cs=0 l=1 rev1=1 crypto rx=0x7fa8a8009130 tx=0x7fa8a8011ad0 comp rx=0 tx=0).ready entity=mon.0 client_cookie=0 server_cookie=0 in_seq=0 out_seq=0
2023-07-09T21:21:46.561 INFO:teuthology.orchestra.run.smithi043.stdout:/usr/bin/ceph: stderr
2023-07-09T21:21:45.820+0000 7fa8a2ffd700 1 -- 172.21.15.43:0/1252939253 <== mon.0 v2:172.21.15.43:3300/0 1 ==== mon_map magic: 0 v1 ==== 205+0+0 (secure 0 0 0) 0x7fa8a8003b70 con 0x7fa8ac105620
2023-07-09T21:21:46.561 INFO:teuthology.orchestra.run.smithi043.stdout:/usr/bin/ceph: stderr
2023-07-09T21:21:45.820+0000 7fa8a2ffd700 1 -- 172.21.15.43:0/1252939253 <== mon.0 v2:172.21.15.43:3300/0 2 ==== config(26 keys) v1 ==== 1074+0+0 (secure 0 0 0) 0x7fa8a8003cd0 con 0x7fa8ac105620
2023-07-09T21:21:46.561 INFO:teuthology.orchestra.run.smithi043.stdout:/usr/bin/ceph: stderr
2023-07-09T21:21:45.820+0000 7fa8b3b43700 1 -- 172.21.15.43:0/1252939253 --> [v2:172.21.15.43:3300/0,v1:172.21.15.43:6789/0] -- mon_subscribe({mgrmap=0+}) v3 -- 0x7fa8ac19bc60 con 0x7fa8ac105620
2023-07-09T21:21:46.561 INFO:teuthology.orchestra.run.smithi043.stdout:/usr/bin/ceph: stderr
2023-07-09T21:21:45.820+0000 7fa8a2ffd700 1 -- 172.21.15.43:0/1252939253 <== mon.0 v2:172.21.15.43:3300/0 3 ==== mon_map magic: 0 v1 ==== 205+0+0 (secure 0 0 0) 0x7fa8a80197d0 con 0x7fa8ac105620
2023-07-09T21:21:46.561 INFO:teuthology.orchestra.run.smithi043.stdout:/usr/bin/ceph: stderr
2023-07-09T21:21:45.820+0000 7fa8b3b43700 1 -- 172.21.15.43:0/1252939253 --> [v2:172.21.15.43:3300/0,v1:172.21.15.43:6789/0] -- mon_subscribe({osdmap=0}) v3 -- 0x7fa8ac19c080 con 0x7fa8ac105620
2023-07-09T21:21:46.561 INFO:teuthology.orchestra.run.smithi043.stdout:/usr/bin/ceph: stderr
2023-07-09T21:21:45.821+0000 7fa8a2ffd700 1 -- 172.21.15.43:0/1252939253 <== mon.0 v2:172.21.15.43:3300/0 4 ==== mgrmap(e 8) v1 ==== 45483+0+0 (secure 0 0 0) 0x7fa8a8019a10 con 0x7fa8ac105620
2023-07-09T21:21:46.561 INFO:teuthology.orchestra.run.smithi043.stdout:/usr/bin/ceph: stderr
2023-07-09T21:21:45.821+0000 7fa8b3b43700 1 -- 172.21.15.43:0/1252939253 --> [v2:172.21.15.43:3300/0,v1:172.21.15.43:6789/0] -- mon_command({"prefix": "get_command_descriptions"} v 0) v1 -- 0x7fa8ac1096d0 con 0x7fa8ac105620
2023-07-09T21:21:46.562 INFO:teuthology.orchestra.run.smithi043.stdout:/usr/bin/ceph: stderr
2023-07-09T21:21:45.822+0000 7fa8a2ffd700 1 --2- 172.21.15.43:0/1252939253 >> [v2:172.21.15.43:6800/1084572421,v1:172.21.15.43:6801/1084572421] conn(0x7fa898038710 0x7fa89803abc0 unknown :-1 s=NONE pgs=0 cs=0 l=1 rev1=0 crypto rx=0 tx=0 comp rx=0 tx=0).connect
2023-07-09T21:21:46.562 INFO:teuthology.orchestra.run.smithi043.stdout:/usr/bin/ceph: stderr
2023-07-09T21:21:45.822+0000 7fa8a2ffd700 1 -- 172.21.15.43:0/1252939253 <== mon.0 v2:172.21.15.43:3300/0 5 ==== osd_map(2..2 src has 1..2) v4 ==== 940+0+0 (secure 0 0 0) 0x7fa8a804cba0 con 0x7fa8ac105620
2023-07-09T21:21:46.562 INFO:teuthology.orchestra.run.smithi043.stdout:/usr/bin/ceph: stderr
2023-07-09T21:21:45.822+0000 7fa8b10de700 1 --2- 172.21.15.43:0/1252939253 >> [v2:172.21.15.43:6800/1084572421,v1:172.21.15.43:6801/1084572421] conn(0x7fa898038710 0x7fa89803abc0 unknown :-1 s=BANNER_CONNECTING pgs=0 cs=0 l=1 rev1=0 crypto rx=0 tx=0 comp rx=0 tx=0)._handle_peer_banner_payload supported=3 required=0
2023-07-09T21:21:46.562 INFO:teuthology.orchestra.run.smithi043.stdout:/usr/bin/ceph: stderr
2023-07-09T21:21:45.823+0000 7fa8b10de700 1 --2- 172.21.15.43:0/1252939253 >> [v2:172.21.15.43:6800/1084572421,v1:172.21.15.43:6801/1084572421] conn(0x7fa898038710 0x7fa89803abc0 secure :-1 s=READY pgs=10 cs=0 l=1 rev1=1 crypto rx=0x7fa89c006fd0 tx=0x7fa89c006e40 comp rx=0 tx=0).ready entity=mgr.14120 client_cookie=0 server_cookie=0 in_seq=0 out_seq=0
2023-07-09T21:21:46.562 INFO:teuthology.orchestra.run.smithi043.stdout:/usr/bin/ceph: stderr
2023-07-09T21:21:45.827+0000 7fa8a2ffd700 1 -- 172.21.15.43:0/1252939253 <== mon.0 v2:172.21.15.43:3300/0 6 ==== mon_command_ack([{"prefix": "get_command_descriptions"}]=0 v0) v1 ==== 72+0+178008 (secure 0 0 0) 0x7fa8a8018db0 con 0x7fa8ac105620
2023-07-09T21:21:46.562 INFO:teuthology.orchestra.run.smithi043.stdout:/usr/bin/ceph: stderr
2023-07-09T21:21:46.034+0000 7fa8b3b43700 1 -- 172.21.15.43:0/1252939253 --> [v2:172.21.15.43:6800/1084572421,v1:172.21.15.43:6801/1084572421] -- mgr_command(tid 0: {"prefix": "cephadm get-pub-key", "target": ["mon-mgr", ""]}) v1 -- 0x7fa8ac19eac0 con 0x7fa898038710
2023-07-09T21:21:46.562 INFO:teuthology.orchestra.run.smithi043.stdout:/usr/bin/ceph: stderr
2023-07-09T21:21:46.035+0000 7fa8a2ffd700 1 -- 172.21.15.43:0/1252939253 <== mgr.14120 v2:172.21.15.43:6800/1084572421 1 ==== mgr_command_reply(tid 0: 0 ) v1 ==== 8+0+595 (secure 0 0 0) 0x7fa8ac19eac0 con 0x7fa898038710
2023-07-09T21:21:46.562 INFO:teuthology.orchestra.run.smithi043.stdout:/usr/bin/ceph: stderr
2023-07-09T21:21:46.037+0000 7fa8b3b43700 1 -- 172.21.15.43:0/1252939253 >> [v2:172.21.15.43:6800/1084572421,v1:172.21.15.43:6801/1084572421] conn(0x7fa898038710 msgr2=0x7fa89803abc0 secure :-1 s=STATE_CONNECTION_ESTABLISHED l=1).mark_down
2023-07-09T21:21:46.563 INFO:teuthology.orchestra.run.smithi043.stdout:/usr/bin/ceph: stderr
2023-07-09T21:21:46.037+0000 7fa8b3b43700 1 --2- 172.21.15.43:0/1252939253 >> [v2:172.21.15.43:6800/1084572421,v1:172.21.15.43:6801/1084572421] conn(0x7fa898038710 0x7fa89803abc0 secure :-1 s=READY pgs=10 cs=0 l=1 rev1=1 crypto rx=0x7fa89c006fd0 tx=0x7fa89c006e40 comp rx=0 tx=0).stop
2023-07-09T21:21:46.563 INFO:teuthology.orchestra.run.smithi043.stdout:/usr/bin/ceph: stderr
2023-07-09T21:21:46.037+0000 7fa8b3b43700 1 -- 172.21.15.43:0/1252939253 >> [v2:172.21.15.43:3300/0,v1:172.21.15.43:6789/0] conn(0x7fa8ac105620 msgr2=0x7fa8ac19b520 secure :-1 s=STATE_CONNECTION_ESTABLISHED l=1).mark_down
2023-07-09T21:21:46.563 INFO:teuthology.orchestra.run.smithi043.stdout:/usr/bin/ceph: stderr
2023-07-09T21:21:46.037+0000 7fa8b3b43700 1 --2- 172.21.15.43:0/1252939253 >> [v2:172.21.15.43:3300/0,v1:172.21.15.43:6789/0] conn(0x7fa8ac105620 0x7fa8ac19b520 secure :-1 s=READY pgs=44 cs=0 l=1 rev1=1 crypto rx=0x7fa8a8009130 tx=0x7fa8a8011ad0 comp rx=0 tx=0).stop
2023-07-09T21:21:46.563 INFO:teuthology.orchestra.run.smithi043.stdout:/usr/bin/ceph: stderr
2023-07-09T21:21:46.038+0000 7fa8b3b43700 1 -- 172.21.15.43:0/1252939253 shutdown_connections
2023-07-09T21:21:46.563 INFO:teuthology.orchestra.run.smithi043.stdout:/usr/bin/ceph: stderr
2023-07-09T21:21:46.038+0000 7fa8b3b43700 1 --2- 172.21.15.43:0/1252939253 >> [v2:172.21.15.43:6800/1084572421,v1:172.21.15.43:6801/1084572421] conn(0x7fa898038710 0x7fa89803abc0 unknown :-1 s=CLOSED pgs=10 cs=0 l=1 rev1=1 crypto rx=0 tx=0 comp rx=0 tx=0).stop
2023-07-09T21:21:46.563 INFO:teuthology.orchestra.run.smithi043.stdout:/usr/bin/ceph: stderr
2023-07-09T21:21:46.038+0000 7fa8b3b43700 1 --2- 172.21.15.43:0/1252939253 >> [v2:172.21.15.43:3300/0,v1:172.21.15.43:6789/0] conn(0x7fa8ac105620 0x7fa8ac19b520 unknown :-1 s=CLOSED pgs=44 cs=0 l=1 rev1=1 crypto rx=0 tx=0 comp rx=0 tx=0).stop
2023-07-09T21:21:46.563 INFO:teuthology.orchestra.run.smithi043.stdout:/usr/bin/ceph: stderr
2023-07-09T21:21:46.038+0000 7fa8b3b43700 1 -- 172.21.15.43:0/1252939253 >> 172.21.15.43:0/1252939253 conn(0x7fa8ac1008d0 msgr2=0x7fa8ac101f40 unknown :-1 s=STATE_NONE l=0).mark_down
2023-07-09T21:21:46.564 INFO:teuthology.orchestra.run.smithi043.stdout:/usr/bin/ceph: stderr
2023-07-09T21:21:46.038+0000 7fa8b3b43700 1 -- 172.21.15.43:0/1252939253 shutdown_connections
2023-07-09T21:21:46.564 INFO:teuthology.orchestra.run.smithi043.stdout:/usr/bin/ceph: stderr
2023-07-09T21:21:46.038+0000 7fa8b3b43700 1 -- 172.21.15.43:0/1252939253 wait complete.
2023-07-09T21:21:46.564 INFO:teuthology.orchestra.run.smithi043.stdout:Wrote public SSH key to /home/ubuntu/cephtest/ceph.pub
2023-07-09T21:21:46.564 INFO:teuthology.orchestra.run.smithi043.stdout:Adding key to root@localhost authorized_keys...
2023-07-09T21:21:46.564 INFO:teuthology.orchestra.run.smithi043.stdout:Adding host smithi043...
2023-07-09T21:21:47.131 INFO:journalctl@ceph.mon.a.smithi043.stdout:Jul 09 21:21:46 smithi043 ceph-mon[95471]: from='client.14138 -' entity='client.admin' cmd=[{"prefix": "cephadm get-pub-key", "target": ["mon-mgr", ""]}]: dispatch
2023-07-09T21:21:48.056 INFO:journalctl@ceph.mon.a.smithi043.stdout:Jul 09 21:21:47 smithi043 ceph-mon[95471]: from='client.14140 -' entity='client.admin' cmd=[{"prefix": "orch host add", "hostname": "smithi043", "addr": "172.21.15.43", "target": ["mon-mgr", ""]}]: dispatch
2023-07-09T21:21:49.131 INFO:journalctl@ceph.mon.a.smithi043.stdout:Jul 09 21:21:48 smithi043 ceph-mon[95471]: Deploying cephadm binary to smithi043
2023-07-09T21:21:50.947 INFO:teuthology.orchestra.run.smithi043.stdout:/usr/bin/ceph: stdout Added host 'smithi043' with addr '172.21.15.43'
2023-07-09T21:21:50.948 INFO:teuthology.orchestra.run.smithi043.stdout:/usr/bin/ceph: stderr
2023-07-09T21:21:47.143+0000 7fe334505700 1 Processor -- start
2023-07-09T21:21:50.948 INFO:teuthology.orchestra.run.smithi043.stdout:/usr/bin/ceph: stderr
2023-07-09T21:21:47.143+0000 7fe334505700 1 -- start start
2023-07-09T21:21:50.948 INFO:teuthology.orchestra.run.smithi043.stdout:/usr/bin/ceph: stderr
2023-07-09T21:21:47.143+0000 7fe334505700 1 --2- >> [v2:172.21.15.43:3300/0,v1:172.21.15.43:6789/0] conn(0x7fe32c07a260 0x7fe32c07a670 unknown :-1 s=NONE pgs=0 cs=0 l=0 rev1=0 crypto rx=0 tx=0 comp rx=0 tx=0).connect
2023-07-09T21:21:50.948 INFO:teuthology.orchestra.run.smithi043.stdout:/usr/bin/ceph: stderr
2023-07-09T21:21:47.143+0000 7fe334505700 1 -- --> [v2:172.21.15.43:3300/0,v1:172.21.15.43:6789/0] -- mon_getmap magic: 0 v1 -- 0x7fe32c07abb0 con 0x7fe32c07a260
2023-07-09T21:21:50.948 INFO:teuthology.orchestra.run.smithi043.stdout:/usr/bin/ceph: stderr
2023-07-09T21:21:47.144+0000 7fe3322a1700 1 --2- >> [v2:172.21.15.43:3300/0,v1:172.21.15.43:6789/0] conn(0x7fe32c07a260 0x7fe32c07a670 unknown :-1 s=BANNER_CONNECTING pgs=0 cs=0 l=0 rev1=0 crypto rx=0 tx=0 comp rx=0 tx=0)._handle_peer_banner_payload supported=3 required=0
2023-07-09T21:21:50.948 INFO:teuthology.orchestra.run.smithi043.stdout:/usr/bin/ceph: stderr
2023-07-09T21:21:47.144+0000 7fe3322a1700 1 --2- >> [v2:172.21.15.43:3300/0,v1:172.21.15.43:6789/0] conn(0x7fe32c07a260 0x7fe32c07a670 unknown :-1 s=HELLO_CONNECTING pgs=0 cs=0 l=0 rev1=1 crypto rx=0 tx=0 comp rx=0 tx=0).handle_hello peer v2:172.21.15.43:3300/0 says I am v2:172.21.15.43:33248/0 (socket says 172.21.15.43:33248)
2023-07-09T21:21:50.949 INFO:teuthology.orchestra.run.smithi043.stdout:/usr/bin/ceph: stderr
2023-07-09T21:21:47.144+0000 7fe3322a1700 1 -- 172.21.15.43:0/4014033307 learned_addr learned my addr 172.21.15.43:0/4014033307 (peer_addr_for_me v2:172.21.15.43:0/0)
2023-07-09T21:21:50.949 INFO:teuthology.orchestra.run.smithi043.stdout:/usr/bin/ceph: stderr
2023-07-09T21:21:47.144+0000 7fe3322a1700 1 -- 172.21.15.43:0/4014033307 --> [v2:172.21.15.43:3300/0,v1:172.21.15.43:6789/0] -- mon_subscribe({config=0+,monmap=0+}) v3 -- 0x7fe32c07acf0 con 0x7fe32c07a260
2023-07-09T21:21:50.949 INFO:teuthology.orchestra.run.smithi043.stdout:/usr/bin/ceph: stderr
2023-07-09T21:21:47.145+0000 7fe3322a1700 1 --2- 172.21.15.43:0/4014033307 >> [v2:172.21.15.43:3300/0,v1:172.21.15.43:6789/0] conn(0x7fe32c07a260 0x7fe32c07a670 secure :-1 s=READY pgs=45 cs=0 l=1 rev1=1 crypto rx=0x7fe3280098a0 tx=0x7fe328009bb0 comp rx=0 tx=0).ready entity=mon.0 client_cookie=4a985e0e082dad29 server_cookie=0 in_seq=0 out_seq=0
2023-07-09T21:21:50.949 INFO:teuthology.orchestra.run.smithi043.stdout:/usr/bin/ceph: stderr
2023-07-09T21:21:47.145+0000 7fe33129f700 1 -- 172.21.15.43:0/4014033307 <== mon.0 v2:172.21.15.43:3300/0 1 ==== mon_map magic: 0 v1 ==== 205+0+0 (secure 0 0 0) 0x7fe328004160 con 0x7fe32c07a260
2023-07-09T21:21:50.949 INFO:teuthology.orchestra.run.smithi043.stdout:/usr/bin/ceph: stderr
2023-07-09T21:21:47.145+0000 7fe33129f700 1 -- 172.21.15.43:0/4014033307 <== mon.0 v2:172.21.15.43:3300/0 2 ==== config(26 keys) v1 ==== 1074+0+0 (secure 0 0 0) 0x7fe3280042c0 con 0x7fe32c07a260
2023-07-09T21:21:50.949 INFO:teuthology.orchestra.run.smithi043.stdout:/usr/bin/ceph: stderr
2023-07-09T21:21:47.145+0000 7fe33129f700 1 -- 172.21.15.43:0/4014033307 <== mon.0 v2:172.21.15.43:3300/0 3 ==== mon_map magic: 0 v1 ==== 205+0+0 (secure 0 0 0) 0x7fe328011a00 con 0x7fe32c07a260
2023-07-09T21:21:50.949 INFO:teuthology.orchestra.run.smithi043.stdout:/usr/bin/ceph: stderr
2023-07-09T21:21:47.145+0000 7fe334505700 1 -- 172.21.15.43:0/4014033307 >> [v2:172.21.15.43:3300/0,v1:172.21.15.43:6789/0] conn(0x7fe32c07a260 msgr2=0x7fe32c07a670 secure :-1 s=STATE_CONNECTION_ESTABLISHED l=1).mark_down
2023-07-09T21:21:50.950 INFO:teuthology.orchestra.run.smithi043.stdout:/usr/bin/ceph: stderr
2023-07-09T21:21:47.145+0000 7fe334505700 1 --2- 172.21.15.43:0/4014033307 >> [v2:172.21.15.43:3300/0,v1:172.21.15.43:6789/0] conn(0x7fe32c07a260 0x7fe32c07a670 secure :-1 s=READY pgs=45 cs=0 l=1 rev1=1 crypto rx=0x7fe3280098a0 tx=0x7fe328009bb0 comp rx=0 tx=0).stop
2023-07-09T21:21:50.950 INFO:teuthology.orchestra.run.smithi043.stdout:/usr/bin/ceph: stderr
2023-07-09T21:21:47.146+0000 7fe334505700 1 -- 172.21.15.43:0/4014033307 shutdown_connections
2023-07-09T21:21:50.950 INFO:teuthology.orchestra.run.smithi043.stdout:/usr/bin/ceph: stderr
2023-07-09T21:21:47.146+0000 7fe334505700 1 --2- 172.21.15.43:0/4014033307 >> [v2:172.21.15.43:3300/0,v1:172.21.15.43:6789/0] conn(0x7fe32c07a260 0x7fe32c07a670 unknown :-1 s=CLOSED pgs=45 cs=0 l=1 rev1=1 crypto rx=0 tx=0 comp rx=0 tx=0).stop
2023-07-09T21:21:50.950 INFO:teuthology.orchestra.run.smithi043.stdout:/usr/bin/ceph: stderr
2023-07-09T21:21:47.146+0000 7fe334505700 1 -- 172.21.15.43:0/4014033307 >> 172.21.15.43:0/4014033307 conn(0x7fe32c1008d0 msgr2=0x7fe32c102ce0 unknown :-1 s=STATE_NONE l=0).mark_down
2023-07-09T21:21:50.950 INFO:teuthology.orchestra.run.smithi043.stdout:/usr/bin/ceph: stderr
2023-07-09T21:21:47.146+0000 7fe334505700 1 -- 172.21.15.43:0/4014033307 shutdown_connections
2023-07-09T21:21:50.950 INFO:teuthology.orchestra.run.smithi043.stdout:/usr/bin/ceph: stderr
2023-07-09T21:21:47.146+0000 7fe334505700 1 -- 172.21.15.43:0/4014033307 wait complete.
2023-07-09T21:21:50.950 INFO:teuthology.orchestra.run.smithi043.stdout:/usr/bin/ceph: stderr
2023-07-09T21:21:47.147+0000 7fe334505700 1 Processor -- start
2023-07-09T21:21:50.950 INFO:teuthology.orchestra.run.smithi043.stdout:/usr/bin/ceph: stderr
2023-07-09T21:21:47.147+0000 7fe334505700 1 -- start start
2023-07-09T21:21:50.951 INFO:teuthology.orchestra.run.smithi043.stdout:/usr/bin/ceph: stderr
2023-07-09T21:21:47.147+0000 7fe334505700 1 --2- >> [v2:172.21.15.43:3300/0,v1:172.21.15.43:6789/0] conn(0x7fe32c07a260 0x7fe32c19b590 unknown :-1 s=NONE pgs=0 cs=0 l=1 rev1=0 crypto rx=0 tx=0 comp rx=0 tx=0).connect
2023-07-09T21:21:50.951 INFO:teuthology.orchestra.run.smithi043.stdout:/usr/bin/ceph: stderr
2023-07-09T21:21:47.147+0000 7fe334505700 1 -- --> [v2:172.21.15.43:3300/0,v1:172.21.15.43:6789/0] -- mon_getmap magic: 0 v1 -- 0x7fe32c19bad0 con 0x7fe32c07a260
2023-07-09T21:21:50.951 INFO:teuthology.orchestra.run.smithi043.stdout:/usr/bin/ceph: stderr
2023-07-09T21:21:47.147+0000 7fe3322a1700 1 --2- >> [v2:172.21.15.43:3300/0,v1:172.21.15.43:6789/0] conn(0x7fe32c07a260 0x7fe32c19b590 unknown :-1 s=BANNER_CONNECTING pgs=0 cs=0 l=1 rev1=0 crypto rx=0 tx=0 comp rx=0 tx=0)._handle_peer_banner_payload supported=3 required=0
2023-07-09T21:21:50.951 INFO:teuthology.orchestra.run.smithi043.stdout:/usr/bin/ceph: stderr
2023-07-09T21:21:47.147+0000 7fe3322a1700 1 --2- >> [v2:172.21.15.43:3300/0,v1:172.21.15.43:6789/0] conn(0x7fe32c07a260 0x7fe32c19b590 unknown :-1 s=HELLO_CONNECTING pgs=0 cs=0 l=1 rev1=1 crypto rx=0 tx=0 comp rx=0 tx=0).handle_hello peer v2:172.21.15.43:3300/0 says I am v2:172.21.15.43:33264/0 (socket says 172.21.15.43:33264)
2023-07-09T21:21:50.951 INFO:teuthology.orchestra.run.smithi043.stdout:/usr/bin/ceph: stderr
2023-07-09T21:21:47.147+0000 7fe3322a1700 1 -- 172.21.15.43:0/4135347374 learned_addr learned my addr 172.21.15.43:0/4135347374 (peer_addr_for_me v2:172.21.15.43:0/0)
2023-07-09T21:21:50.951 INFO:teuthology.orchestra.run.smithi043.stdout:/usr/bin/ceph: stderr
2023-07-09T21:21:47.148+0000 7fe3322a1700 1 -- 172.21.15.43:0/4135347374 --> [v2:172.21.15.43:3300/0,v1:172.21.15.43:6789/0] -- mon_subscribe({config=0+,monmap=0+}) v3 -- 0x7fe328009550 con 0x7fe32c07a260
2023-07-09T21:21:50.951 INFO:teuthology.orchestra.run.smithi043.stdout:/usr/bin/ceph: stderr
2023-07-09T21:21:47.148+0000 7fe3322a1700 1 --2- 172.21.15.43:0/4135347374 >> [v2:172.21.15.43:3300/0,v1:172.21.15.43:6789/0] conn(0x7fe32c07a260 0x7fe32c19b590 secure :-1 s=READY pgs=46 cs=0 l=1 rev1=1 crypto rx=0x7fe328009fb0 tx=0x7fe328011ad0 comp rx=0 tx=0).ready entity=mon.0 client_cookie=0 server_cookie=0 in_seq=0 out_seq=0
2023-07-09T21:21:50.951 INFO:teuthology.orchestra.run.smithi043.stdout:/usr/bin/ceph: stderr
2023-07-09T21:21:47.148+0000 7fe3237fe700 1 -- 172.21.15.43:0/4135347374 <== mon.0 v2:172.21.15.43:3300/0 1 ==== mon_map magic: 0 v1 ==== 205+0+0 (secure 0 0 0) 0x7fe3280039c0 con 0x7fe32c07a260
2023-07-09T21:21:50.952 INFO:teuthology.orchestra.run.smithi043.stdout:/usr/bin/ceph: stderr
2023-07-09T21:21:47.148+0000 7fe3237fe700 1 -- 172.21.15.43:0/4135347374 <== mon.0 v2:172.21.15.43:3300/0 2 ==== config(26 keys) v1 ==== 1074+0+0 (secure 0 0 0) 0x7fe328003b20 con 0x7fe32c07a260
2023-07-09T21:21:50.952 INFO:teuthology.orchestra.run.smithi043.stdout:/usr/bin/ceph: stderr
2023-07-09T21:21:47.148+0000 7fe334505700 1 -- 172.21.15.43:0/4135347374 --> [v2:172.21.15.43:3300/0,v1:172.21.15.43:6789/0] -- mon_subscribe({mgrmap=0+}) v3 -- 0x7fe32c19bcd0 con 0x7fe32c07a260
2023-07-09T21:21:50.952 INFO:teuthology.orchestra.run.smithi043.stdout:/usr/bin/ceph: stderr
2023-07-09T21:21:47.148+0000 7fe3237fe700 1 -- 172.21.15.43:0/4135347374 <== mon.0 v2:172.21.15.43:3300/0 3 ==== mon_map magic: 0 v1 ==== 205+0+0 (secure 0 0 0) 0x7fe32801a5e0 con 0x7fe32c07a260
2023-07-09T21:21:50.952 INFO:teuthology.orchestra.run.smithi043.stdout:/usr/bin/ceph: stderr
2023-07-09T21:21:47.148+0000 7fe334505700 1 -- 172.21.15.43:0/4135347374 --> [v2:172.21.15.43:3300/0,v1:172.21.15.43:6789/0] -- mon_subscribe({osdmap=0}) v3 -- 0x7fe32c19c0f0 con 0x7fe32c07a260
2023-07-09T21:21:50.952 INFO:teuthology.orchestra.run.smithi043.stdout:/usr/bin/ceph: stderr
2023-07-09T21:21:47.149+0000 7fe3237fe700 1 -- 172.21.15.43:0/4135347374 <== mon.0 v2:172.21.15.43:3300/0 4 ==== mgrmap(e 8) v1 ==== 45483+0+0 (secure 0 0 0) 0x7fe328024430 con 0x7fe32c07a260
2023-07-09T21:21:50.952 INFO:teuthology.orchestra.run.smithi043.stdout:/usr/bin/ceph: stderr
2023-07-09T21:21:47.149+0000 7fe334505700 1 -- 172.21.15.43:0/4135347374 --> [v2:172.21.15.43:3300/0,v1:172.21.15.43:6789/0] -- mon_command({"prefix": "get_command_descriptions"} v 0) v1 -- 0x7fe32c1955a0 con 0x7fe32c07a260
2023-07-09T21:21:50.953 INFO:teuthology.orchestra.run.smithi043.stdout:/usr/bin/ceph: stderr
