2023-07-13T22:05:56.302+0000 7f1c1affd700 1 --2- 172.21.15.26:0/2995247555 >> [v2:172.21.15.26:3300/0,v1:172.21.15.26:6789/0] conn(0x7f1c1c105370 0x7f1c1c19b360 secure :-1 s=READY pgs=71 cs=0 l=1 rev1=1 crypto rx=0x7f1c0c006af0 tx=0x7f1c0c011a10 comp rx=0 tx=0).ready entity=mon.0 client_cookie=0 server_cookie=0 in_seq=0 out_seq=0
2023-07-13T22:05:57.282 INFO:teuthology.orchestra.run.smithi026.stdout:/usr/bin/ceph: stderr
2023-07-13T22:05:56.302+0000 7f1c209d8700 1 -- 172.21.15.26:0/2995247555 <== mon.0 v2:172.21.15.26:3300/0 1 ==== mon_map magic: 0 v1 ==== 205+0+0 (secure 0 0 0) 0x7f1c0c003a40 con 0x7f1c1c105370
2023-07-13T22:05:57.282 INFO:teuthology.orchestra.run.smithi026.stdout:/usr/bin/ceph: stderr
2023-07-13T22:05:56.302+0000 7f1c209d8700 1 -- 172.21.15.26:0/2995247555 <== mon.0 v2:172.21.15.26:3300/0 2 ==== config(26 keys) v1 ==== 1105+0+0 (secure 0 0 0) 0x7f1c0c003ba0 con 0x7f1c1c105370
2023-07-13T22:05:57.283 INFO:teuthology.orchestra.run.smithi026.stdout:/usr/bin/ceph: stderr
2023-07-13T22:05:56.302+0000 7f1c219da700 1 -- 172.21.15.26:0/2995247555 --> [v2:172.21.15.26:3300/0,v1:172.21.15.26:6789/0] -- mon_subscribe({mgrmap=0+}) v3 -- 0x7f1c1c19baa0 con 0x7f1c1c105370
2023-07-13T22:05:57.283 INFO:teuthology.orchestra.run.smithi026.stdout:/usr/bin/ceph: stderr
2023-07-13T22:05:56.302+0000 7f1c209d8700 1 -- 172.21.15.26:0/2995247555 <== mon.0 v2:172.21.15.26:3300/0 3 ==== mon_map magic: 0 v1 ==== 205+0+0 (secure 0 0 0) 0x7f1c0c0196c0 con 0x7f1c1c105370
2023-07-13T22:05:57.283 INFO:teuthology.orchestra.run.smithi026.stdout:/usr/bin/ceph: stderr
2023-07-13T22:05:56.302+0000 7f1c219da700 1 -- 172.21.15.26:0/2995247555 --> [v2:172.21.15.26:3300/0,v1:172.21.15.26:6789/0] -- mon_subscribe({osdmap=0}) v3 -- 0x7f1c1c19bec0 con 0x7f1c1c105370
2023-07-13T22:05:57.283 INFO:teuthology.orchestra.run.smithi026.stdout:/usr/bin/ceph: stderr
2023-07-13T22:05:56.303+0000 7f1c209d8700 1 -- 172.21.15.26:0/2995247555 <== mon.0 v2:172.21.15.26:3300/0 4 ==== mgrmap(e 12) v1 ==== 45496+0+0 (secure 0 0 0) 0x7f1c0c01aa80 con 0x7f1c1c105370
2023-07-13T22:05:57.283 INFO:teuthology.orchestra.run.smithi026.stdout:/usr/bin/ceph: stderr
2023-07-13T22:05:56.303+0000 7f1c219da700 1 -- 172.21.15.26:0/2995247555 --> [v2:172.21.15.26:3300/0,v1:172.21.15.26:6789/0] -- mon_command({"prefix": "get_command_descriptions"} v 0) v1 -- 0x7f1c1c061b40 con 0x7f1c1c105370
2023-07-13T22:05:57.283 INFO:teuthology.orchestra.run.smithi026.stdout:/usr/bin/ceph: stderr
2023-07-13T22:05:56.304+0000 7f1c209d8700 1 --2- 172.21.15.26:0/2995247555 >> [v2:172.21.15.26:6800/4053809718,v1:172.21.15.26:6801/4053809718] conn(0x7f1c04038760 0x7f1c0403ac10 unknown :-1 s=NONE pgs=0 cs=0 l=1 rev1=0 crypto rx=0 tx=0 comp rx=0 tx=0).connect
2023-07-13T22:05:57.284 INFO:teuthology.orchestra.run.smithi026.stdout:/usr/bin/ceph: stderr
2023-07-13T22:05:56.304+0000 7f1c209d8700 1 -- 172.21.15.26:0/2995247555 <== mon.0 v2:172.21.15.26:3300/0 5 ==== osd_map(3..3 src has 1..3) v4 ==== 1155+0+0 (secure 0 0 0) 0x7f1c0c04cc10 con 0x7f1c1c105370
2023-07-13T22:05:57.284 INFO:teuthology.orchestra.run.smithi026.stdout:/usr/bin/ceph: stderr
2023-07-13T22:05:56.304+0000 7f1c1a7fc700 1 --2- 172.21.15.26:0/2995247555 >> [v2:172.21.15.26:6800/4053809718,v1:172.21.15.26:6801/4053809718] conn(0x7f1c04038760 0x7f1c0403ac10 unknown :-1 s=BANNER_CONNECTING pgs=0 cs=0 l=1 rev1=0 crypto rx=0 tx=0 comp rx=0 tx=0)._handle_peer_banner_payload supported=3 required=0
2023-07-13T22:05:57.284 INFO:teuthology.orchestra.run.smithi026.stdout:/usr/bin/ceph: stderr
2023-07-13T22:05:56.305+0000 7f1c1a7fc700 1 --2- 172.21.15.26:0/2995247555 >> [v2:172.21.15.26:6800/4053809718,v1:172.21.15.26:6801/4053809718] conn(0x7f1c04038760 0x7f1c0403ac10 secure :-1 s=READY pgs=9 cs=0 l=1 rev1=1 crypto rx=0x7f1c10006fd0 tx=0x7f1c10006e40 comp rx=0 tx=0).ready entity=mgr.14148 client_cookie=0 server_cookie=0 in_seq=0 out_seq=0
2023-07-13T22:05:57.284 INFO:teuthology.orchestra.run.smithi026.stdout:/usr/bin/ceph: stderr
2023-07-13T22:05:56.312+0000 7f1c209d8700 1 -- 172.21.15.26:0/2995247555 <== mon.0 v2:172.21.15.26:3300/0 6 ==== mon_command_ack([{"prefix": "get_command_descriptions"}]=0 v0) v1 ==== 72+0+178038 (secure 0 0 0) 0x7f1c0c01a430 con 0x7f1c1c105370
2023-07-13T22:05:57.284 INFO:teuthology.orchestra.run.smithi026.stdout:/usr/bin/ceph: stderr
2023-07-13T22:05:56.538+0000 7f1c219da700 1 -- 172.21.15.26:0/2995247555 --> [v2:172.21.15.26:3300/0,v1:172.21.15.26:6789/0] -- mon_command({"prefix": "config get", "who": "mgr", "key": "mgr/dashboard/ssl_server_port"} v 0) v1 -- 0x7f1c1c109810 con 0x7f1c1c105370
2023-07-13T22:05:57.284 INFO:teuthology.orchestra.run.smithi026.stdout:/usr/bin/ceph: stderr
2023-07-13T22:05:56.539+0000 7f1c209d8700 1 -- 172.21.15.26:0/2995247555 <== mon.0 v2:172.21.15.26:3300/0 7 ==== mon_command_ack([{"prefix": "config get", "who": "mgr", "key": "mgr/dashboard/ssl_server_port"}]=0 v8) v1 ==== 112+0+5 (secure 0 0 0) 0x7f1c0c02c3e0 con 0x7f1c1c105370
2023-07-13T22:05:57.284 INFO:teuthology.orchestra.run.smithi026.stdout:/usr/bin/ceph: stderr
2023-07-13T22:05:56.541+0000 7f1c219da700 1 -- 172.21.15.26:0/2995247555 >> [v2:172.21.15.26:6800/4053809718,v1:172.21.15.26:6801/4053809718] conn(0x7f1c04038760 msgr2=0x7f1c0403ac10 secure :-1 s=STATE_CONNECTION_ESTABLISHED l=1).mark_down
2023-07-13T22:05:57.285 INFO:teuthology.orchestra.run.smithi026.stdout:/usr/bin/ceph: stderr
2023-07-13T22:05:56.541+0000 7f1c219da700 1 --2- 172.21.15.26:0/2995247555 >> [v2:172.21.15.26:6800/4053809718,v1:172.21.15.26:6801/4053809718] conn(0x7f1c04038760 0x7f1c0403ac10 secure :-1 s=READY pgs=9 cs=0 l=1 rev1=1 crypto rx=0x7f1c10006fd0 tx=0x7f1c10006e40 comp rx=0 tx=0).stop
2023-07-13T22:05:57.285 INFO:teuthology.orchestra.run.smithi026.stdout:/usr/bin/ceph: stderr
2023-07-13T22:05:56.541+0000 7f1c219da700 1 -- 172.21.15.26:0/2995247555 >> [v2:172.21.15.26:3300/0,v1:172.21.15.26:6789/0] conn(0x7f1c1c105370 msgr2=0x7f1c1c19b360 secure :-1 s=STATE_CONNECTION_ESTABLISHED l=1).mark_down
2023-07-13T22:05:57.285 INFO:teuthology.orchestra.run.smithi026.stdout:/usr/bin/ceph: stderr
2023-07-13T22:05:56.541+0000 7f1c219da700 1 --2- 172.21.15.26:0/2995247555 >> [v2:172.21.15.26:3300/0,v1:172.21.15.26:6789/0] conn(0x7f1c1c105370 0x7f1c1c19b360 secure :-1 s=READY pgs=71 cs=0 l=1 rev1=1 crypto rx=0x7f1c0c006af0 tx=0x7f1c0c011a10 comp rx=0 tx=0).stop
2023-07-13T22:05:57.285 INFO:teuthology.orchestra.run.smithi026.stdout:/usr/bin/ceph: stderr
2023-07-13T22:05:56.541+0000 7f1c219da700 1 -- 172.21.15.26:0/2995247555 shutdown_connections
2023-07-13T22:05:57.285 INFO:teuthology.orchestra.run.smithi026.stdout:/usr/bin/ceph: stderr
2023-07-13T22:05:56.542+0000 7f1c219da700 1 --2- 172.21.15.26:0/2995247555 >> [v2:172.21.15.26:6800/4053809718,v1:172.21.15.26:6801/4053809718] conn(0x7f1c04038760 0x7f1c0403ac10 unknown :-1 s=CLOSED pgs=9 cs=0 l=1 rev1=1 crypto rx=0 tx=0 comp rx=0 tx=0).stop
2023-07-13T22:05:57.286 INFO:teuthology.orchestra.run.smithi026.stdout:/usr/bin/ceph: stderr
2023-07-13T22:05:56.542+0000 7f1c219da700 1 --2- 172.21.15.26:0/2995247555 >> [v2:172.21.15.26:3300/0,v1:172.21.15.26:6789/0] conn(0x7f1c1c105370 0x7f1c1c19b360 unknown :-1 s=CLOSED pgs=71 cs=0 l=1 rev1=1 crypto rx=0 tx=0 comp rx=0 tx=0).stop
2023-07-13T22:05:57.286 INFO:teuthology.orchestra.run.smithi026.stdout:/usr/bin/ceph: stderr
2023-07-13T22:05:56.542+0000 7f1c219da700 1 -- 172.21.15.26:0/2995247555 >> 172.21.15.26:0/2995247555 conn(0x7f1c1c1009e0 msgr2=0x7f1c1c1020b0 unknown :-1 s=STATE_NONE l=0).mark_down
2023-07-13T22:05:57.286 INFO:teuthology.orchestra.run.smithi026.stdout:/usr/bin/ceph: stderr
2023-07-13T22:05:56.542+0000 7f1c219da700 1 -- 172.21.15.26:0/2995247555 shutdown_connections
2023-07-13T22:05:57.286 INFO:teuthology.orchestra.run.smithi026.stdout:/usr/bin/ceph: stderr
2023-07-13T22:05:56.542+0000 7f1c219da700 1 -- 172.21.15.26:0/2995247555 wait complete.
2023-07-13T22:05:57.296 INFO:teuthology.orchestra.run.smithi026.stdout:Non-zero exit code 1 from systemctl is-enabled firewalld.service
2023-07-13T22:05:57.296 INFO:teuthology.orchestra.run.smithi026.stdout:systemctl: stdout disabled
2023-07-13T22:05:57.312 INFO:teuthology.orchestra.run.smithi026.stdout:Non-zero exit code 3 from systemctl is-active firewalld.service
2023-07-13T22:05:57.313 INFO:teuthology.orchestra.run.smithi026.stdout:systemctl: stdout inactive
2023-07-13T22:05:57.313 INFO:teuthology.orchestra.run.smithi026.stdout:firewalld.service is not enabled
2023-07-13T22:05:57.313 INFO:teuthology.orchestra.run.smithi026.stdout:Not possible to open ports <[8443]>. firewalld.service is not available
2023-07-13T22:05:57.315 INFO:teuthology.orchestra.run.smithi026.stdout:Ceph Dashboard is now available at:
2023-07-13T22:05:57.315 INFO:teuthology.orchestra.run.smithi026.stdout:
2023-07-13T22:05:57.315 INFO:teuthology.orchestra.run.smithi026.stdout: URL: https://smithi026.front.sepia.ceph.com:8443/
2023-07-13T22:05:57.315 INFO:teuthology.orchestra.run.smithi026.stdout: User: admin
2023-07-13T22:05:57.316 INFO:teuthology.orchestra.run.smithi026.stdout: Password: 61nkhvitlc
2023-07-13T22:05:57.316 INFO:teuthology.orchestra.run.smithi026.stdout:
2023-07-13T22:05:57.316 INFO:teuthology.orchestra.run.smithi026.stdout:Saving cluster configuration to /var/lib/ceph/23b26990-21c9-11ee-9b32-001a4aab830c/config directory
2023-07-13T22:05:57.317 INFO:teuthology.orchestra.run.smithi026.stdout:Enabling autotune for osd_memory_target
2023-07-13T22:05:58.729 INFO:teuthology.orchestra.run.smithi026.stdout:/usr/bin/ceph: stderr
2023-07-13T22:05:58.010+0000 7fb07f3fa700 1 Processor -- start
2023-07-13T22:05:58.734 INFO:teuthology.orchestra.run.smithi026.stdout:/usr/bin/ceph: stderr
2023-07-13T22:05:58.011+0000 7fb07f3fa700 1 -- start start
2023-07-13T22:05:58.734 INFO:teuthology.orchestra.run.smithi026.stdout:/usr/bin/ceph: stderr
2023-07-13T22:05:58.011+0000 7fb07f3fa700 1 --2- >> [v2:172.21.15.26:3300/0,v1:172.21.15.26:6789/0] conn(0x7fb07807acd0 0x7fb0780791d0 unknown :-1 s=NONE pgs=0 cs=0 l=0 rev1=0 crypto rx=0 tx=0 comp rx=0 tx=0).connect
2023-07-13T22:05:58.734 INFO:teuthology.orchestra.run.smithi026.stdout:/usr/bin/ceph: stderr
2023-07-13T22:05:58.011+0000 7fb07f3fa700 1 -- --> [v2:172.21.15.26:3300/0,v1:172.21.15.26:6789/0] -- mon_getmap magic: 0 v1 -- 0x7fb078079710 con 0x7fb07807acd0
2023-07-13T22:05:58.735 INFO:teuthology.orchestra.run.smithi026.stdout:/usr/bin/ceph: stderr
2023-07-13T22:05:58.011+0000 7fb07d196700 1 --2- >> [v2:172.21.15.26:3300/0,v1:172.21.15.26:6789/0] conn(0x7fb07807acd0 0x7fb0780791d0 unknown :-1 s=BANNER_CONNECTING pgs=0 cs=0 l=0 rev1=0 crypto rx=0 tx=0 comp rx=0 tx=0)._handle_peer_banner_payload supported=3 required=0
2023-07-13T22:05:58.735 INFO:teuthology.orchestra.run.smithi026.stdout:/usr/bin/ceph: stderr
2023-07-13T22:05:58.012+0000 7fb07d196700 1 --2- >> [v2:172.21.15.26:3300/0,v1:172.21.15.26:6789/0] conn(0x7fb07807acd0 0x7fb0780791d0 unknown :-1 s=HELLO_CONNECTING pgs=0 cs=0 l=0 rev1=1 crypto rx=0 tx=0 comp rx=0 tx=0).handle_hello peer v2:172.21.15.26:3300/0 says I am v2:172.21.15.26:43598/0 (socket says 172.21.15.26:43598)
2023-07-13T22:05:58.735 INFO:teuthology.orchestra.run.smithi026.stdout:/usr/bin/ceph: stderr
2023-07-13T22:05:58.012+0000 7fb07d196700 1 -- 172.21.15.26:0/2253436930 learned_addr learned my addr 172.21.15.26:0/2253436930 (peer_addr_for_me v2:172.21.15.26:0/0)
2023-07-13T22:05:58.735 INFO:teuthology.orchestra.run.smithi026.stdout:/usr/bin/ceph: stderr
2023-07-13T22:05:58.012+0000 7fb07d196700 1 -- 172.21.15.26:0/2253436930 --> [v2:172.21.15.26:3300/0,v1:172.21.15.26:6789/0] -- mon_subscribe({config=0+,monmap=0+}) v3 -- 0x7fb078079850 con 0x7fb07807acd0
2023-07-13T22:05:58.735 INFO:teuthology.orchestra.run.smithi026.stdout:/usr/bin/ceph: stderr
2023-07-13T22:05:58.012+0000 7fb07d196700 1 --2- 172.21.15.26:0/2253436930 >> [v2:172.21.15.26:3300/0,v1:172.21.15.26:6789/0] conn(0x7fb07807acd0 0x7fb0780791d0 secure :-1 s=READY pgs=72 cs=0 l=1 rev1=1 crypto rx=0x7fb0740098a0 tx=0x7fb074009bb0 comp rx=0 tx=0).ready entity=mon.0 client_cookie=1a25707fb7646179 server_cookie=0 in_seq=0 out_seq=0
2023-07-13T22:05:58.735 INFO:teuthology.orchestra.run.smithi026.stdout:/usr/bin/ceph: stderr
2023-07-13T22:05:58.012+0000 7fb06ffff700 1 -- 172.21.15.26:0/2253436930 <== mon.0 v2:172.21.15.26:3300/0 1 ==== mon_map magic: 0 v1 ==== 205+0+0 (secure 0 0 0) 0x7fb074004160 con 0x7fb07807acd0
2023-07-13T22:05:58.735 INFO:teuthology.orchestra.run.smithi026.stdout:/usr/bin/ceph: stderr
2023-07-13T22:05:58.012+0000 7fb06ffff700 1 -- 172.21.15.26:0/2253436930 <== mon.0 v2:172.21.15.26:3300/0 2 ==== config(26 keys) v1 ==== 1105+0+0 (secure 0 0 0) 0x7fb0740042c0 con 0x7fb07807acd0
2023-07-13T22:05:58.735 INFO:teuthology.orchestra.run.smithi026.stdout:/usr/bin/ceph: stderr
2023-07-13T22:05:58.012+0000 7fb06ffff700 1 -- 172.21.15.26:0/2253436930 <== mon.0 v2:172.21.15.26:3300/0 3 ==== mon_map magic: 0 v1 ==== 205+0+0 (secure 0 0 0) 0x7fb0740119b0 con 0x7fb07807acd0
2023-07-13T22:05:58.736 INFO:teuthology.orchestra.run.smithi026.stdout:/usr/bin/ceph: stderr
2023-07-13T22:05:58.013+0000 7fb07f3fa700 1 -- 172.21.15.26:0/2253436930 >> [v2:172.21.15.26:3300/0,v1:172.21.15.26:6789/0] conn(0x7fb07807acd0 msgr2=0x7fb0780791d0 secure :-1 s=STATE_CONNECTION_ESTABLISHED l=1).mark_down
2023-07-13T22:05:58.736 INFO:teuthology.orchestra.run.smithi026.stdout:/usr/bin/ceph: stderr
2023-07-13T22:05:58.013+0000 7fb07f3fa700 1 --2- 172.21.15.26:0/2253436930 >> [v2:172.21.15.26:3300/0,v1:172.21.15.26:6789/0] conn(0x7fb07807acd0 0x7fb0780791d0 secure :-1 s=READY pgs=72 cs=0 l=1 rev1=1 crypto rx=0x7fb0740098a0 tx=0x7fb074009bb0 comp rx=0 tx=0).stop
2023-07-13T22:05:58.736 INFO:teuthology.orchestra.run.smithi026.stdout:/usr/bin/ceph: stderr
2023-07-13T22:05:58.013+0000 7fb07f3fa700 1 -- 172.21.15.26:0/2253436930 shutdown_connections
2023-07-13T22:05:58.736 INFO:teuthology.orchestra.run.smithi026.stdout:/usr/bin/ceph: stderr
2023-07-13T22:05:58.013+0000 7fb07f3fa700 1 --2- 172.21.15.26:0/2253436930 >> [v2:172.21.15.26:3300/0,v1:172.21.15.26:6789/0] conn(0x7fb07807acd0 0x7fb0780791d0 unknown :-1 s=CLOSED pgs=72 cs=0 l=1 rev1=1 crypto rx=0 tx=0 comp rx=0 tx=0).stop
2023-07-13T22:05:58.736 INFO:teuthology.orchestra.run.smithi026.stdout:/usr/bin/ceph: stderr
2023-07-13T22:05:58.013+0000 7fb07f3fa700 1 -- 172.21.15.26:0/2253436930 >> 172.21.15.26:0/2253436930 conn(0x7fb0781009f0 msgr2=0x7fb078102e00 unknown :-1 s=STATE_NONE l=0).mark_down
2023-07-13T22:05:58.736 INFO:teuthology.orchestra.run.smithi026.stdout:/usr/bin/ceph: stderr
2023-07-13T22:05:58.013+0000 7fb07f3fa700 1 -- 172.21.15.26:0/2253436930 shutdown_connections
2023-07-13T22:05:58.736 INFO:teuthology.orchestra.run.smithi026.stdout:/usr/bin/ceph: stderr
2023-07-13T22:05:58.013+0000 7fb07f3fa700 1 -- 172.21.15.26:0/2253436930 wait complete.
2023-07-13T22:05:58.737 INFO:teuthology.orchestra.run.smithi026.stdout:/usr/bin/ceph: stderr
2023-07-13T22:05:58.014+0000 7fb07f3fa700 1 Processor -- start
2023-07-13T22:05:58.737 INFO:teuthology.orchestra.run.smithi026.stdout:/usr/bin/ceph: stderr
2023-07-13T22:05:58.014+0000 7fb07f3fa700 1 -- start start
2023-07-13T22:05:58.737 INFO:teuthology.orchestra.run.smithi026.stdout:/usr/bin/ceph: stderr
2023-07-13T22:05:58.015+0000 7fb07f3fa700 1 --2- >> [v2:172.21.15.26:3300/0,v1:172.21.15.26:6789/0] conn(0x7fb07807acd0 0x7fb07819b380 unknown :-1 s=NONE pgs=0 cs=0 l=1 rev1=0 crypto rx=0 tx=0 comp rx=0 tx=0).connect
2023-07-13T22:05:58.737 INFO:teuthology.orchestra.run.smithi026.stdout:/usr/bin/ceph: stderr
2023-07-13T22:05:58.015+0000 7fb07f3fa700 1 -- --> [v2:172.21.15.26:3300/0,v1:172.21.15.26:6789/0] -- mon_getmap magic: 0 v1 -- 0x7fb07819b8c0 con 0x7fb07807acd0
2023-07-13T22:05:58.737 INFO:teuthology.orchestra.run.smithi026.stdout:/usr/bin/ceph: stderr
2023-07-13T22:05:58.015+0000 7fb07d196700 1 --2- >> [v2:172.21.15.26:3300/0,v1:172.21.15.26:6789/0] conn(0x7fb07807acd0 0x7fb07819b380 unknown :-1 s=BANNER_CONNECTING pgs=0 cs=0 l=1 rev1=0 crypto rx=0 tx=0 comp rx=0 tx=0)._handle_peer_banner_payload supported=3 required=0
2023-07-13T22:05:58.737 INFO:teuthology.orchestra.run.smithi026.stdout:/usr/bin/ceph: stderr
2023-07-13T22:05:58.015+0000 7fb07d196700 1 --2- >> [v2:172.21.15.26:3300/0,v1:172.21.15.26:6789/0] conn(0x7fb07807acd0 0x7fb07819b380 unknown :-1 s=HELLO_CONNECTING pgs=0 cs=0 l=1 rev1=1 crypto rx=0 tx=0 comp rx=0 tx=0).handle_hello peer v2:172.21.15.26:3300/0 says I am v2:172.21.15.26:43606/0 (socket says 172.21.15.26:43606)
2023-07-13T22:05:58.737 INFO:teuthology.orchestra.run.smithi026.stdout:/usr/bin/ceph: stderr
2023-07-13T22:05:58.015+0000 7fb07d196700 1 -- 172.21.15.26:0/2994163425 learned_addr learned my addr 172.21.15.26:0/2994163425 (peer_addr_for_me v2:172.21.15.26:0/0)
2023-07-13T22:05:58.738 INFO:teuthology.orchestra.run.smithi026.stdout:/usr/bin/ceph: stderr
2023-07-13T22:05:58.015+0000 7fb07d196700 1 -- 172.21.15.26:0/2994163425 --> [v2:172.21.15.26:3300/0,v1:172.21.15.26:6789/0] -- mon_subscribe({config=0+,monmap=0+}) v3 -- 0x7fb074009550 con 0x7fb07807acd0
2023-07-13T22:05:58.738 INFO:teuthology.orchestra.run.smithi026.stdout:/usr/bin/ceph: stderr
2023-07-13T22:05:58.015+0000 7fb07d196700 1 --2- 172.21.15.26:0/2994163425 >> [v2:172.21.15.26:3300/0,v1:172.21.15.26:6789/0] conn(0x7fb07807acd0 0x7fb07819b380 secure :-1 s=READY pgs=73 cs=0 l=1 rev1=1 crypto rx=0x7fb074003e60 tx=0x7fb074011980 comp rx=0 tx=0).ready entity=mon.0 client_cookie=0 server_cookie=0 in_seq=0 out_seq=0
2023-07-13T22:05:58.738 INFO:teuthology.orchestra.run.smithi026.stdout:/usr/bin/ceph: stderr
2023-07-13T22:05:58.016+0000 7fb06e7fc700 1 -- 172.21.15.26:0/2994163425 <== mon.0 v2:172.21.15.26:3300/0 1 ==== mon_map magic: 0 v1 ==== 205+0+0 (secure 0 0 0) 0x7fb074003af0 con 0x7fb07807acd0
2023-07-13T22:05:58.738 INFO:teuthology.orchestra.run.smithi026.stdout:/usr/bin/ceph: stderr
2023-07-13T22:05:58.016+0000 7fb06e7fc700 1 -- 172.21.15.26:0/2994163425 <== mon.0 v2:172.21.15.26:3300/0 2 ==== config(26 keys) v1 ==== 1105+0+0 (secure 0 0 0) 0x7fb074003c50 con 0x7fb07807acd0
2023-07-13T22:05:58.738 INFO:teuthology.orchestra.run.smithi026.stdout:/usr/bin/ceph: stderr
2023-07-13T22:05:58.016+0000 7fb07f3fa700 1 -- 172.21.15.26:0/2994163425 --> [v2:172.21.15.26:3300/0,v1:172.21.15.26:6789/0] -- mon_subscribe({mgrmap=0+}) v3 -- 0x7fb07819bac0 con 0x7fb07807acd0
2023-07-13T22:05:58.738 INFO:teuthology.orchestra.run.smithi026.stdout:/usr/bin/ceph: stderr
2023-07-13T22:05:58.016+0000 7fb06e7fc700 1 -- 172.21.15.26:0/2994163425 <== mon.0 v2:172.21.15.26:3300/0 3 ==== mon_map magic: 0 v1 ==== 205+0+0 (secure 0 0 0) 0x7fb074024800 con 0x7fb07807acd0
2023-07-13T22:05:58.738 INFO:teuthology.orchestra.run.smithi026.stdout:/usr/bin/ceph: stderr
2023-07-13T22:05:58.016+0000 7fb07f3fa700 1 -- 172.21.15.26:0/2994163425 --> [v2:172.21.15.26:3300/0,v1:172.21.15.26:6789/0] -- mon_subscribe({osdmap=0}) v3 -- 0x7fb07819bee0 con 0x7fb07807acd0
2023-07-13T22:05:58.738 INFO:teuthology.orchestra.run.smithi026.stdout:/usr/bin/ceph: stderr
2023-07-13T22:05:58.017+0000 7fb06e7fc700 1 -- 172.21.15.26:0/2994163425 <== mon.0 v2:172.21.15.26:3300/0 4 ==== mgrmap(e 12) v1 ==== 45496+0+0 (secure 0 0 0) 0x7fb07401ab80 con 0x7fb07807acd0
2023-07-13T22:05:58.739 INFO:teuthology.orchestra.run.smithi026.stdout:/usr/bin/ceph: stderr
2023-07-13T22:05:58.017+0000 7fb07f3fa700 1 -- 172.21.15.26:0/2994163425 --> [v2:172.21.15.26:3300/0,v1:172.21.15.26:6789/0] -- mon_command({"prefix": "get_command_descriptions"} v 0) v1 -- 0x7fb078061b40 con 0x7fb07807acd0
2023-07-13T22:05:58.739 INFO:teuthology.orchestra.run.smithi026.stdout:/usr/bin/ceph: stderr
2023-07-13T22:05:58.017+0000 7fb06e7fc700 1 --2- 172.21.15.26:0/2994163425 >> [v2:172.21.15.26:6800/4053809718,v1:172.21.15.26:6801/4053809718] conn(0x7fb064038760 0x7fb06403ac10 unknown :-1 s=NONE pgs=0 cs=0 l=1 rev1=0 crypto rx=0 tx=0 comp rx=0 tx=0).connect
2023-07-13T22:05:58.739 INFO:teuthology.orchestra.run.smithi026.stdout:/usr/bin/ceph: stderr
2023-07-13T22:05:58.017+0000 7fb06e7fc700 1 -- 172.21.15.26:0/2994163425 <== mon.0 v2:172.21.15.26:3300/0 5 ==== osd_map(3..3 src has 1..3) v4 ==== 1155+0+0 (secure 0 0 0) 0x7fb07404c9f0 con 0x7fb07807acd0
2023-07-13T22:05:58.739 INFO:teuthology.orchestra.run.smithi026.stdout:/usr/bin/ceph: stderr
2023-07-13T22:05:58.018+0000 7fb07c995700 1 --2- 172.21.15.26:0/2994163425 >> [v2:172.21.15.26:6800/4053809718,v1:172.21.15.26:6801/4053809718] conn(0x7fb064038760 0x7fb06403ac10 unknown :-1 s=BANNER_CONNECTING pgs=0 cs=0 l=1 rev1=0 crypto rx=0 tx=0 comp rx=0 tx=0)._handle_peer_banner_payload supported=3 required=0
2023-07-13T22:05:58.739 INFO:teuthology.orchestra.run.smithi026.stdout:/usr/bin/ceph: stderr
2023-07-13T22:05:58.018+0000 7fb07c995700 1 --2- 172.21.15.26:0/2994163425 >> [v2:172.21.15.26:6800/4053809718,v1:172.21.15.26:6801/4053809718] conn(0x7fb064038760 0x7fb06403ac10 secure :-1 s=READY pgs=10 cs=0 l=1 rev1=1 crypto rx=0x7fb068006fd0 tx=0x7fb068006e40 comp rx=0 tx=0).ready entity=mgr.14148 client_cookie=0 server_cookie=0 in_seq=0 out_seq=0
2023-07-13T22:05:58.739 INFO:teuthology.orchestra.run.smithi026.stdout:/usr/bin/ceph: stderr
2023-07-13T22:05:58.022+0000 7fb06e7fc700 1 -- 172.21.15.26:0/2994163425 <== mon.0 v2:172.21.15.26:3300/0 6 ==== mon_command_ack([{"prefix": "get_command_descriptions"}]=0 v0) v1 ==== 72+0+178038 (secure 0 0 0) 0x7fb07401a950 con 0x7fb07807acd0
2023-07-13T22:05:58.739 INFO:teuthology.orchestra.run.smithi026.stdout:/usr/bin/ceph: stderr
2023-07-13T22:05:58.048+0000 7fb06e7fc700 1 -- 172.21.15.26:0/2994163425 <== mon.0 v2:172.21.15.26:3300/0 7 ==== mgrmap(e 13) v1 ==== 45539+0+0 (secure 0 0 0) 0x7fb07401a430 con 0x7fb07807acd0
2023-07-13T22:05:58.739 INFO:teuthology.orchestra.run.smithi026.stdout:/usr/bin/ceph: stderr
2023-07-13T22:05:58.230+0000 7fb07f3fa700 1 -- 172.21.15.26:0/2994163425 --> [v2:172.21.15.26:3300/0,v1:172.21.15.26:6789/0] -- mon_command([{prefix=config set, name=osd_memory_target_autotune}] v 0) v1 -- 0x7fb07819e920 con 0x7fb07807acd0
2023-07-13T22:05:58.740 INFO:teuthology.orchestra.run.smithi026.stdout:/usr/bin/ceph: stderr
2023-07-13T22:05:58.230+0000 7fb06e7fc700 1 -- 172.21.15.26:0/2994163425 <== mon.0 v2:172.21.15.26:3300/0 8 ==== mon_command_ack([{prefix=config set, name=osd_memory_target_autotune}]=0 v8)=0 v8) v1 ==== 127+0+0 (secure 0 0 0) 0x7fb07401a950 con 0x7fb07807acd0
2023-07-13T22:05:58.740 INFO:teuthology.orchestra.run.smithi026.stdout:/usr/bin/ceph: stderr
2023-07-13T22:05:58.233+0000 7fb07f3fa700 1 -- 172.21.15.26:0/2994163425 >> [v2:172.21.15.26:6800/4053809718,v1:172.21.15.26:6801/4053809718] conn(0x7fb064038760 msgr2=0x7fb06403ac10 secure :-1 s=STATE_CONNECTION_ESTABLISHED l=1).mark_down
2023-07-13T22:05:58.740 INFO:teuthology.orchestra.run.smithi026.stdout:/usr/bin/ceph: stderr
2023-07-13T22:05:58.233+0000 7fb07f3fa700 1 --2- 172.21.15.26:0/2994163425 >> [v2:172.21.15.26:6800/4053809718,v1:172.21.15.26:6801/4053809718] conn(0x7fb064038760 0x7fb06403ac10 secure :-1 s=READY pgs=10 cs=0 l=1 rev1=1 crypto rx=0x7fb068006fd0 tx=0x7fb068006e40 comp rx=0 tx=0).stop
2023-07-13T22:05:58.740 INFO:teuthology.orchestra.run.smithi026.stdout:/usr/bin/ceph: stderr
2023-07-13T22:05:58.233+0000 7fb07f3fa700 1 -- 172.21.15.26:0/2994163425 >> [v2:172.21.15.26:3300/0,v1:172.21.15.26:6789/0] conn(0x7fb07807acd0 msgr2=0x7fb07819b380 secure :-1 s=STATE_CONNECTION_ESTABLISHED l=1).mark_down
2023-07-13T22:05:58.740 INFO:teuthology.orchestra.run.smithi026.stdout:/usr/bin/ceph: stderr
2023-07-13T22:05:58.233+0000 7fb07f3fa700 1 --2- 172.21.15.26:0/2994163425 >> [v2:172.21.15.26:3300/0,v1:172.21.15.26:6789/0] conn(0x7fb07807acd0 0x7fb07819b380 secure :-1 s=READY pgs=73 cs=0 l=1 rev1=1 crypto rx=0x7fb074003e60 tx=0x7fb074011980 comp rx=0 tx=0).stop
2023-07-13T22:05:58.740 INFO:teuthology.orchestra.run.smithi026.stdout:/usr/bin/ceph: stderr
2023-07-13T22:05:58.233+0000 7fb07f3fa700 1 -- 172.21.15.26:0/2994163425 shutdown_connections
2023-07-13T22:05:58.740 INFO:teuthology.orchestra.run.smithi026.stdout:/usr/bin/ceph: stderr
2023-07-13T22:05:58.233+0000 7fb07f3fa700 1 --2- 172.21.15.26:0/2994163425 >> [v2:172.21.15.26:6800/4053809718,v1:172.21.15.26:6801/4053809718] conn(0x7fb064038760 0x7fb06403ac10 unknown :-1 s=CLOSED pgs=10 cs=0 l=1 rev1=1 crypto rx=0 tx=0 comp rx=0 tx=0).stop
2023-07-13T22:05:58.741 INFO:teuthology.orchestra.run.smithi026.stdout:/usr/bin/ceph: stderr
2023-07-13T22:05:58.233+0000 7fb07f3fa700 1 --2- 172.21.15.26:0/2994163425 >> [v2:172.21.15.26:3300/0,v1:172.21.15.26:6789/0] conn(0x7fb07807acd0 0x7fb07819b380 unknown :-1 s=CLOSED pgs=73 cs=0 l=1 rev1=1 crypto rx=0 tx=0 comp rx=0 tx=0).stop
2023-07-13T22:05:58.741 INFO:teuthology.orchestra.run.smithi026.stdout:/usr/bin/ceph: stderr
2023-07-13T22:05:58.233+0000 7fb07f3fa700 1 -- 172.21.15.26:0/2994163425 >> 172.21.15.26:0/2994163425 conn(0x7fb0781009f0 msgr2=0x7fb0781020b0 unknown :-1 s=STATE_NONE l=0).mark_down
2023-07-13T22:05:58.741 INFO:teuthology.orchestra.run.smithi026.stdout:/usr/bin/ceph: stderr
2023-07-13T22:05:58.233+0000 7fb07f3fa700 1 -- 172.21.15.26:0/2994163425 shutdown_connections
2023-07-13T22:05:58.741 INFO:teuthology.orchestra.run.smithi026.stdout:/usr/bin/ceph: stderr
2023-07-13T22:05:58.233+0000 7fb07f3fa700 1 -- 172.21.15.26:0/2994163425 wait complete.
2023-07-13T22:05:59.458 INFO:journalctl@ceph.mon.a.smithi026.stdout:Jul 13 22:05:59 smithi026 ceph-mon[95647]: mgrmap e13: x(active, since 6s)
2023-07-13T22:06:00.117 INFO:teuthology.orchestra.run.smithi026.stdout:/usr/bin/ceph: stderr
2023-07-13T22:05:59.310+0000 7fda73ab9700 1 Processor -- start
2023-07-13T22:06:00.118 INFO:teuthology.orchestra.run.smithi026.stdout:/usr/bin/ceph: stderr
2023-07-13T22:05:59.310+0000 7fda73ab9700 1 -- start start
2023-07-13T22:06:00.118 INFO:teuthology.orchestra.run.smithi026.stdout:/usr/bin/ceph: stderr
2023-07-13T22:05:59.310+0000 7fda73ab9700 1 --2- >> [v2:172.21.15.26:3300/0,v1:172.21.15.26:6789/0] conn(0x7fda6c07acd0 0x7fda6c0791d0 unknown :-1 s=NONE pgs=0 cs=0 l=0 rev1=0 crypto rx=0 tx=0 comp rx=0 tx=0).connect
2023-07-13T22:06:00.118 INFO:teuthology.orchestra.run.smithi026.stdout:/usr/bin/ceph: stderr
2023-07-13T22:05:59.310+0000 7fda73ab9700 1 -- --> [v2:172.21.15.26:3300/0,v1:172.21.15.26:6789/0] -- mon_getmap magic: 0 v1 -- 0x7fda6c079710 con 0x7fda6c07acd0
2023-07-13T22:06:00.118 INFO:teuthology.orchestra.run.smithi026.stdout:/usr/bin/ceph: stderr
2023-07-13T22:05:59.311+0000 7fda71855700 1 --2- >> [v2:172.21.15.26:3300/0,v1:172.21.15.26:6789/0] conn(0x7fda6c07acd0 0x7fda6c0791d0 unknown :-1 s=BANNER_CONNECTING pgs=0 cs=0 l=0 rev1=0 crypto rx=0 tx=0 comp rx=0 tx=0)._handle_peer_banner_payload supported=3 required=0
2023-07-13T22:06:00.119 INFO:teuthology.orchestra.run.smithi026.stdout:/usr/bin/ceph: stderr
2023-07-13T22:05:59.311+0000 7fda71855700 1 --2- >> [v2:172.21.15.26:3300/0,v1:172.21.15.26:6789/0] conn(0x7fda6c07acd0 0x7fda6c0791d0 unknown :-1 s=HELLO_CONNECTING pgs=0 cs=0 l=0 rev1=1 crypto rx=0 tx=0 comp rx=0 tx=0).handle_hello peer v2:172.21.15.26:3300/0 says I am v2:172.21.15.26:43614/0 (socket says 172.21.15.26:43614)
2023-07-13T22:06:00.119 INFO:teuthology.orchestra.run.smithi026.stdout:/usr/bin/ceph: stderr
2023-07-13T22:05:59.311+0000 7fda71855700 1 -- 172.21.15.26:0/3892408418 learned_addr learned my addr 172.21.15.26:0/3892408418 (peer_addr_for_me v2:172.21.15.26:0/0)
2023-07-13T22:06:00.119 INFO:teuthology.orchestra.run.smithi026.stdout:/usr/bin/ceph: stderr
2023-07-13T22:05:59.311+0000 7fda71855700 1 -- 172.21.15.26:0/3892408418 --> [v2:172.21.15.26:3300/0,v1:172.21.15.26:6789/0] -- mon_subscribe({config=0+,monmap=0+}) v3 -- 0x7fda6c079850 con 0x7fda6c07acd0
2023-07-13T22:06:00.119 INFO:teuthology.orchestra.run.smithi026.stdout:/usr/bin/ceph: stderr
2023-07-13T22:05:59.311+0000 7fda71855700 1 --2- 172.21.15.26:0/3892408418 >> [v2:172.21.15.26:3300/0,v1:172.21.15.26:6789/0] conn(0x7fda6c07acd0 0x7fda6c0791d0 secure :-1 s=READY pgs=74 cs=0 l=1 rev1=1 crypto rx=0x7fda680098a0 tx=0x7fda68009bb0 comp rx=0 tx=0).ready entity=mon.0 client_cookie=11ebc12051f9c8ee server_cookie=0 in_seq=0 out_seq=0
2023-07-13T22:06:00.120 INFO:teuthology.orchestra.run.smithi026.stdout:/usr/bin/ceph: stderr
2023-07-13T22:05:59.311+0000 7fda70853700 1 -- 172.21.15.26:0/3892408418 <== mon.0 v2:172.21.15.26:3300/0 1 ==== mon_map magic: 0 v1 ==== 205+0+0 (secure 0 0 0) 0x7fda68004160 con 0x7fda6c07acd0
2023-07-13T22:06:00.120 INFO:teuthology.orchestra.run.smithi026.stdout:/usr/bin/ceph: stderr
2023-07-13T22:05:59.312+0000 7fda70853700 1 -- 172.21.15.26:0/3892408418 <== mon.0 v2:172.21.15.26:3300/0 2 ==== config(26 keys) v1 ==== 1105+0+0 (secure 0 0 0) 0x7fda680042c0 con 0x7fda6c07acd0
2023-07-13T22:06:00.120 INFO:teuthology.orchestra.run.smithi026.stdout:/usr/bin/ceph: stderr
2023-07-13T22:05:59.312+0000 7fda70853700 1 -- 172.21.15.26:0/3892408418 <== mon.0 v2:172.21.15.26:3300/0 3 ==== mon_map magic: 0 v1 ==== 205+0+0 (secure 0 0 0) 0x7fda680119b0 con 0x7fda6c07acd0
2023-07-13T22:06:00.120 INFO:teuthology.orchestra.run.smithi026.stdout:/usr/bin/ceph: stderr
2023-07-13T22:05:59.312+0000 7fda73ab9700 1 -- 172.21.15.26:0/3892408418 >> [v2:172.21.15.26:3300/0,v1:172.21.15.26:6789/0] conn(0x7fda6c07acd0 msgr2=0x7fda6c0791d0 secure :-1 s=STATE_CONNECTION_ESTABLISHED l=1).mark_down
2023-07-13T22:06:00.121 INFO:teuthology.orchestra.run.smithi026.stdout:/usr/bin/ceph: stderr
2023-07-13T22:05:59.312+0000 7fda73ab9700 1 --2- 172.21.15.26:0/3892408418 >> [v2:172.21.15.26:3300/0,v1:172.21.15.26:6789/0] conn(0x7fda6c07acd0 0x7fda6c0791d0 secure :-1 s=READY pgs=74 cs=0 l=1 rev1=1 crypto rx=0x7fda680098a0 tx=0x7fda68009bb0 comp rx=0 tx=0).stop
2023-07-13T22:06:00.121 INFO:teuthology.orchestra.run.smithi026.stdout:/usr/bin/ceph: stderr
2023-07-13T22:05:59.312+0000 7fda73ab9700 1 -- 172.21.15.26:0/3892408418 shutdown_connections
2023-07-13T22:06:00.121 INFO:teuthology.orchestra.run.smithi026.stdout:/usr/bin/ceph: stderr
2023-07-13T22:05:59.312+0000 7fda73ab9700 1 --2- 172.21.15.26:0/3892408418 >> [v2:172.21.15.26:3300/0,v1:172.21.15.26:6789/0] conn(0x7fda6c07acd0 0x7fda6c0791d0 unknown :-1 s=CLOSED pgs=74 cs=0 l=1 rev1=1 crypto rx=0 tx=0 comp rx=0 tx=0).stop
2023-07-13T22:06:00.121 INFO:teuthology.orchestra.run.smithi026.stdout:/usr/bin/ceph: stderr
2023-07-13T22:05:59.312+0000 7fda73ab9700 1 -- 172.21.15.26:0/3892408418 >> 172.21.15.26:0/3892408418 conn(0x7fda6c1009f0 msgr2=0x7fda6c102e00 unknown :-1 s=STATE_NONE l=0).mark_down
2023-07-13T22:06:00.122 INFO:teuthology.orchestra.run.smithi026.stdout:/usr/bin/ceph: stderr
2023-07-13T22:05:59.312+0000 7fda73ab9700 1 -- 172.21.15.26:0/3892408418 shutdown_connections
2023-07-13T22:06:00.122 INFO:teuthology.orchestra.run.smithi026.stdout:/usr/bin/ceph: stderr
2023-07-13T22:05:59.312+0000 7fda73ab9700 1 -- 172.21.15.26:0/3892408418 wait complete.
2023-07-13T22:06:00.123 INFO:teuthology.orchestra.run.smithi026.stdout:/usr/bin/ceph: stderr
2023-07-13T22:05:59.313+0000 7fda73ab9700 1 Processor -- start
2023-07-13T22:06:00.123 INFO:teuthology.orchestra.run.smithi026.stdout:/usr/bin/ceph: stderr
2023-07-13T22:05:59.314+0000 7fda73ab9700 1 -- start start
2023-07-13T22:06:00.123 INFO:teuthology.orchestra.run.smithi026.stdout:/usr/bin/ceph: stderr
2023-07-13T22:05:59.314+0000 7fda73ab9700 1 --2- >> [v2:172.21.15.26:3300/0,v1:172.21.15.26:6789/0] conn(0x7fda6c07acd0 0x7fda6c19b380 unknown :-1 s=NONE pgs=0 cs=0 l=1 rev1=0 crypto rx=0 tx=0 comp rx=0 tx=0).connect
2023-07-13T22:06:00.123 INFO:teuthology.orchestra.run.smithi026.stdout:/usr/bin/ceph: stderr
2023-07-13T22:05:59.314+0000 7fda73ab9700 1 -- --> [v2:172.21.15.26:3300/0,v1:172.21.15.26:6789/0] -- mon_getmap magic: 0 v1 -- 0x7fda6c19b8c0 con 0x7fda6c07acd0
2023-07-13T22:06:00.124 INFO:teuthology.orchestra.run.smithi026.stdout:/usr/bin/ceph: stderr
2023-07-13T22:05:59.314+0000 7fda71855700 1 --2- >> [v2:172.21.15.26:3300/0,v1:172.21.15.26:6789/0] conn(0x7fda6c07acd0 0x7fda6c19b380 unknown :-1 s=BANNER_CONNECTING pgs=0 cs=0 l=1 rev1=0 crypto rx=0 tx=0 comp rx=0 tx=0)._handle_peer_banner_payload supported=3 required=0
2023-07-13T22:06:00.124 INFO:teuthology.orchestra.run.smithi026.stdout:/usr/bin/ceph: stderr
2023-07-13T22:05:59.314+0000 7fda71855700 1 --2- >> [v2:172.21.15.26:3300/0,v1:172.21.15.26:6789/0] conn(0x7fda6c07acd0 0x7fda6c19b380 unknown :-1 s=HELLO_CONNECTING pgs=0 cs=0 l=1 rev1=1 crypto rx=0 tx=0 comp rx=0 tx=0).handle_hello peer v2:172.21.15.26:3300/0 says I am v2:172.21.15.26:43616/0 (socket says 172.21.15.26:43616)
2023-07-13T22:06:00.124 INFO:teuthology.orchestra.run.smithi026.stdout:/usr/bin/ceph: stderr
2023-07-13T22:05:59.314+0000 7fda71855700 1 -- 172.21.15.26:0/2446907938 learned_addr learned my addr 172.21.15.26:0/2446907938 (peer_addr_for_me v2:172.21.15.26:0/0)
2023-07-13T22:06:00.125 INFO:teuthology.orchestra.run.smithi026.stdout:/usr/bin/ceph: stderr
2023-07-13T22:05:59.314+0000 7fda71855700 1 -- 172.21.15.26:0/2446907938 --> [v2:172.21.15.26:3300/0,v1:172.21.15.26:6789/0] -- mon_subscribe({config=0+,monmap=0+}) v3 -- 0x7fda68009550 con 0x7fda6c07acd0
2023-07-13T22:06:00.125 INFO:teuthology.orchestra.run.smithi026.stdout:/usr/bin/ceph: stderr
2023-07-13T22:05:59.315+0000 7fda71855700 1 --2- 172.21.15.26:0/2446907938 >> [v2:172.21.15.26:3300/0,v1:172.21.15.26:6789/0] conn(0x7fda6c07acd0 0x7fda6c19b380 secure :-1 s=READY pgs=75 cs=0 l=1 rev1=1 crypto rx=0x7fda68003e60 tx=0x7fda68011980 comp rx=0 tx=0).ready entity=mon.0 client_cookie=0 server_cookie=0 in_seq=0 out_seq=0
2023-07-13T22:06:00.125 INFO:teuthology.orchestra.run.smithi026.stdout:/usr/bin/ceph: stderr
2023-07-13T22:05:59.315+0000 7fda62ffd700 1 -- 172.21.15.26:0/2446907938 <== mon.0 v2:172.21.15.26:3300/0 1 ==== mon_map magic: 0 v1 ==== 205+0+0 (secure 0 0 0) 0x7fda68003af0 con 0x7fda6c07acd0
2023-07-13T22:06:00.126 INFO:teuthology.orchestra.run.smithi026.stdout:/usr/bin/ceph: stderr
2023-07-13T22:05:59.315+0000 7fda73ab9700 1 -- 172.21.15.26:0/2446907938 --> [v2:172.21.15.26:3300/0,v1:172.21.15.26:6789/0] -- mon_subscribe({mgrmap=0+}) v3 -- 0x7fda6c19bac0 con 0x7fda6c07acd0
2023-07-13T22:06:00.128 INFO:teuthology.orchestra.run.smithi026.stdout:/usr/bin/ceph: stderr
2023-07-13T22:05:59.315+0000 7fda73ab9700 1 -- 172.21.15.26:0/2446907938 --> [v2:172.21.15.26:3300/0,v1:172.21.15.26:6789/0] -- mon_subscribe({osdmap=0}) v3 -- 0x7fda6c19bee0 con 0x7fda6c07acd0
2023-07-13T22:06:00.128 INFO:teuthology.orchestra.run.smithi026.stdout:/usr/bin/ceph: stderr
2023-07-13T22:05:59.315+0000 7fda62ffd700 1 -- 172.21.15.26:0/2446907938 <== mon.0 v2:172.21.15.26:3300/0 2 ==== config(26 keys) v1 ==== 1105+0+0 (secure 0 0 0) 0x7fda68003c50 con 0x7fda6c07acd0
2023-07-13T22:06:00.128 INFO:teuthology.orchestra.run.smithi026.stdout:/usr/bin/ceph: stderr
2023-07-13T22:05:59.315+0000 7fda62ffd700 1 -- 172.21.15.26:0/2446907938 <== mon.0 v2:172.21.15.26:3300/0 3 ==== mon_map magic: 0 v1 ==== 205+0+0 (secure 0 0 0) 0x7fda68024760 con 0x7fda6c07acd0
2023-07-13T22:06:00.129 INFO:teuthology.orchestra.run.smithi026.stdout:/usr/bin/ceph: stderr
2023-07-13T22:05:59.316+0000 7fda62ffd700 1 -- 172.21.15.26:0/2446907938 <== mon.0 v2:172.21.15.26:3300/0 4 ==== mgrmap(e 13) v1 ==== 45539+0+0 (secure 0 0 0) 0x7fda6801a430 con 0x7fda6c07acd0
2023-07-13T22:06:00.129 INFO:teuthology.orchestra.run.smithi026.stdout:/usr/bin/ceph: stderr
2023-07-13T22:05:59.316+0000 7fda73ab9700 1 -- 172.21.15.26:0/2446907938 --> [v2:172.21.15.26:3300/0,v1:172.21.15.26:6789/0] -- mon_command({"prefix": "get_command_descriptions"} v 0) v1 -- 0x7fda6c061b40 con 0x7fda6c07acd0
2023-07-13T22:06:00.129 INFO:teuthology.orchestra.run.smithi026.stdout:/usr/bin/ceph: stderr
2023-07-13T22:05:59.317+0000 7fda62ffd700 1 --2- 172.21.15.26:0/2446907938 >> [v2:172.21.15.26:6800/4053809718,v1:172.21.15.26:6801/4053809718] conn(0x7fda58038850 0x7fda5803ad00 unknown :-1 s=NONE pgs=0 cs=0 l=1 rev1=0 crypto rx=0 tx=0 comp rx=0 tx=0).connect
2023-07-13T22:06:00.129 INFO:teuthology.orchestra.run.smithi026.stdout:/usr/bin/ceph: stderr
2023-07-13T22:05:59.317+0000 7fda62ffd700 1 -- 172.21.15.26:0/2446907938 <== mon.0 v2:172.21.15.26:3300/0 5 ==== osd_map(3..3 src has 1..3) v4 ==== 1155+0+0 (secure 0 0 0) 0x7fda6804cb40 con 0x7fda6c07acd0
2023-07-13T22:06:00.129 INFO:teuthology.orchestra.run.smithi026.stdout:/usr/bin/ceph: stderr
2023-07-13T22:05:59.317+0000 7fda71054700 1 --2- 172.21.15.26:0/2446907938 >> [v2:172.21.15.26:6800/4053809718,v1:172.21.15.26:6801/4053809718] conn(0x7fda58038850 0x7fda5803ad00 unknown :-1 s=BANNER_CONNECTING pgs=0 cs=0 l=1 rev1=0 crypto rx=0 tx=0 comp rx=0 tx=0)._handle_peer_banner_payload supported=3 required=0
2023-07-13T22:06:00.129 INFO:teuthology.orchestra.run.smithi026.stdout:/usr/bin/ceph: stderr
2023-07-13T22:05:59.317+0000 7fda71054700 1 --2- 172.21.15.26:0/2446907938 >> [v2:172.21.15.26:6800/4053809718,v1:172.21.15.26:6801/4053809718] conn(0x7fda58038850 0x7fda5803ad00 secure :-1 s=READY pgs=11 cs=0 l=1 rev1=1 crypto rx=0x7fda5c006fd0 tx=0x7fda5c006e40 comp rx=0 tx=0).ready entity=mgr.14148 client_cookie=0 server_cookie=0 in_seq=0 out_seq=0
2023-07-13T22:06:00.130 INFO:teuthology.orchestra.run.smithi026.stdout:/usr/bin/ceph: stderr
2023-07-13T22:05:59.322+0000 7fda62ffd700 1 -- 172.21.15.26:0/2446907938 <== mon.0 v2:172.21.15.26:3300/0 6 ==== mon_command_ack([{"prefix": "get_command_descriptions"}]=0 v0) v1 ==== 72+0+178038 (secure 0 0 0) 0x7fda6801ab40 con 0x7fda6c07acd0
2023-07-13T22:06:00.130 INFO:teuthology.orchestra.run.smithi026.stdout:/usr/bin/ceph: stderr
2023-07-13T22:05:59.637+0000 7fda73ab9700 1 -- 172.21.15.26:0/2446907938 --> [v2:172.21.15.26:3300/0,v1:172.21.15.26:6789/0] -- mon_command([{prefix=config-key set, key=mgr/dashboard/cluster/status}] v 0) v1 -- 0x7fda6c19e920 con 0x7fda6c07acd0
2023-07-13T22:06:00.130 INFO:teuthology.orchestra.run.smithi026.stdout:/usr/bin/ceph: stderr
2023-07-13T22:05:59.640+0000 7fda62ffd700 1 -- 172.21.15.26:0/2446907938 <== mon.0 v2:172.21.15.26:3300/0 7 ==== mon_command_ack([{prefix=config-key set, key=mgr/dashboard/cluster/status}]=0 set mgr/dashboard/cluster/status v28)=0 set mgr/dashboard/cluster/status v28) v1 ==== 153+0+0 (secure 0 0 0) 0x7fda6802cb00 con 0x7fda6c07acd0
2023-07-13T22:06:00.130 INFO:teuthology.orchestra.run.smithi026.stdout:/usr/bin/ceph: stderr
2023-07-13T22:05:59.642+0000 7fda73ab9700 1 -- 172.21.15.26:0/2446907938 >> [v2:172.21.15.26:6800/4053809718,v1:172.21.15.26:6801/4053809718] conn(0x7fda58038850 msgr2=0x7fda5803ad00 secure :-1 s=STATE_CONNECTION_ESTABLISHED l=1).mark_down
2023-07-13T22:06:00.130 INFO:teuthology.orchestra.run.smithi026.stdout:/usr/bin/ceph: stderr
2023-07-13T22:05:59.642+0000 7fda73ab9700 1 --2- 172.21.15.26:0/2446907938 >> [v2:172.21.15.26:6800/4053809718,v1:172.21.15.26:6801/4053809718] conn(0x7fda58038850 0x7fda5803ad00 secure :-1 s=READY pgs=11 cs=0 l=1 rev1=1 crypto rx=0x7fda5c006fd0 tx=0x7fda5c006e40 comp rx=0 tx=0).stop
2023-07-13T22:06:00.130 INFO:teuthology.orchestra.run.smithi026.stdout:/usr/bin/ceph: stderr
2023-07-13T22:05:59.642+0000 7fda73ab9700 1 -- 172.21.15.26:0/2446907938 >> [v2:172.21.15.26:3300/0,v1:172.21.15.26:6789/0] conn(0x7fda6c07acd0 msgr2=0x7fda6c19b380 secure :-1 s=STATE_CONNECTION_ESTABLISHED l=1).mark_down
2023-07-13T22:06:00.130 INFO:teuthology.orchestra.run.smithi026.stdout:/usr/bin/ceph: stderr
2023-07-13T22:05:59.642+0000 7fda73ab9700 1 --2- 172.21.15.26:0/2446907938 >> [v2:172.21.15.26:3300/0,v1:172.21.15.26:6789/0] conn(0x7fda6c07acd0 0x7fda6c19b380 secure :-1 s=READY pgs=75 cs=0 l=1 rev1=1 crypto rx=0x7fda68003e60 tx=0x7fda68011980 comp rx=0 tx=0).stop
2023-07-13T22:06:00.130 INFO:teuthology.orchestra.run.smithi026.stdout:/usr/bin/ceph: stderr
2023-07-13T22:05:59.643+0000 7fda73ab9700 1 -- 172.21.15.26:0/2446907938 shutdown_connections
2023-07-13T22:06:00.131 INFO:teuthology.orchestra.run.smithi026.stdout:/usr/bin/ceph: stderr
2023-07-13T22:05:59.643+0000 7fda73ab9700 1 --2- 172.21.15.26:0/2446907938 >> [v2:172.21.15.26:6800/4053809718,v1:172.21.15.26:6801/4053809718] conn(0x7fda58038850 0x7fda5803ad00 unknown :-1 s=CLOSED pgs=11 cs=0 l=1 rev1=1 crypto rx=0 tx=0 comp rx=0 tx=0).stop
2023-07-13T22:06:00.131 INFO:teuthology.orchestra.run.smithi026.stdout:/usr/bin/ceph: stderr
2023-07-13T22:05:59.643+0000 7fda73ab9700 1 --2- 172.21.15.26:0/2446907938 >> [v2:172.21.15.26:3300/0,v1:172.21.15.26:6789/0] conn(0x7fda6c07acd0 0x7fda6c19b380 unknown :-1 s=CLOSED pgs=75 cs=0 l=1 rev1=1 crypto rx=0 tx=0 comp rx=0 tx=0).stop
2023-07-13T22:06:00.131 INFO:teuthology.orchestra.run.smithi026.stdout:/usr/bin/ceph: stderr
2023-07-13T22:05:59.643+0000 7fda73ab9700 1 -- 172.21.15.26:0/2446907938 >> 172.21.15.26:0/2446907938 conn(0x7fda6c1009f0 msgr2=0x7fda6c1020b0 unknown :-1 s=STATE_NONE l=0).mark_down
2023-07-13T22:06:00.131 INFO:teuthology.orchestra.run.smithi026.stdout:/usr/bin/ceph: stderr
2023-07-13T22:05:59.643+0000 7fda73ab9700 1 -- 172.21.15.26:0/2446907938 shutdown_connections
2023-07-13T22:06:00.131 INFO:teuthology.orchestra.run.smithi026.stdout:/usr/bin/ceph: stderr
2023-07-13T22:05:59.643+0000 7fda73ab9700 1 -- 172.21.15.26:0/2446907938 wait complete.
2023-07-13T22:06:00.131 INFO:teuthology.orchestra.run.smithi026.stdout:/usr/bin/ceph: stderr set mgr/dashboard/cluster/status
2023-07-13T22:06:00.131 INFO:teuthology.orchestra.run.smithi026.stdout:You can access the Ceph CLI as following in case of multi-cluster or non-default config:
2023-07-13T22:06:00.132 INFO:teuthology.orchestra.run.smithi026.stdout:
2023-07-13T22:06:00.132 INFO:teuthology.orchestra.run.smithi026.stdout: sudo /home/ubuntu/cephtest/cephadm shell --fsid 23b26990-21c9-11ee-9b32-001a4aab830c -c /etc/ceph/ceph.conf -k /etc/ceph/ceph.client.admin.keyring
2023-07-13T22:06:00.132 INFO:teuthology.orchestra.run.smithi026.stdout:
2023-07-13T22:06:00.132 INFO:teuthology.orchestra.run.smithi026.stdout:Or, if you are only running a single cluster on this host:
2023-07-13T22:06:00.132 INFO:teuthology.orchestra.run.smithi026.stdout:
2023-07-13T22:06:00.132 INFO:teuthology.orchestra.run.smithi026.stdout: sudo /home/ubuntu/cephtest/cephadm shell
2023-07-13T22:06:00.132 INFO:teuthology.orchestra.run.smithi026.stdout:
2023-07-13T22:06:00.133 INFO:teuthology.orchestra.run.smithi026.stdout:Please consider enabling telemetry to help improve Ceph:
2023-07-13T22:06:00.133 INFO:teuthology.orchestra.run.smithi026.stdout:
2023-07-13T22:06:00.133 INFO:teuthology.orchestra.run.smithi026.stdout: ceph telemetry on
2023-07-13T22:06:00.133 INFO:teuthology.orchestra.run.smithi026.stdout:
2023-07-13T22:06:00.133 INFO:teuthology.orchestra.run.smithi026.stdout:For more information see:
2023-07-13T22:06:00.133 INFO:teuthology.orchestra.run.smithi026.stdout:
2023-07-13T22:06:00.133 INFO:teuthology.orchestra.run.smithi026.stdout: https://docs.ceph.com/en/latest/mgr/telemetry/
2023-07-13T22:06:00.133 INFO:teuthology.orchestra.run.smithi026.stdout:
2023-07-13T22:06:00.134 INFO:teuthology.orchestra.run.smithi026.stdout:Bootstrap complete.
2023-07-13T22:06:00.176 INFO:tasks.cephadm:Fetching config...
2023-07-13T22:06:00.177 DEBUG:teuthology.orchestra.run.smithi026:> set -ex
2023-07-13T22:06:00.177 DEBUG:teuthology.orchestra.run.smithi026:> dd if=/etc/ceph/ceph.conf of=/dev/stdout
2023-07-13T22:06:00.220 INFO:tasks.cephadm:Fetching client.admin keyring...
2023-07-13T22:06:00.221 DEBUG:teuthology.orchestra.run.smithi026:> set -ex
2023-07-13T22:06:00.221 DEBUG:teuthology.orchestra.run.smithi026:> dd if=/etc/ceph/ceph.client.admin.keyring of=/dev/stdout
2023-07-13T22:06:00.307 INFO:tasks.cephadm:Fetching mon keyring...
2023-07-13T22:06:00.307 DEBUG:teuthology.orchestra.run.smithi026:> set -ex
2023-07-13T22:06:00.308 DEBUG:teuthology.orchestra.run.smithi026:> sudo dd if=/var/lib/ceph/23b26990-21c9-11ee-9b32-001a4aab830c/mon.a/keyring of=/dev/stdout
2023-07-13T22:06:00.418 INFO:tasks.cephadm:Fetching pub ssh key...
2023-07-13T22:06:00.419 DEBUG:teuthology.orchestra.run.smithi026:> set -ex
2023-07-13T22:06:00.419 DEBUG:teuthology.orchestra.run.smithi026:> dd if=/home/ubuntu/cephtest/ceph.pub of=/dev/stdout
2023-07-13T22:06:00.502 INFO:tasks.cephadm:Installing pub ssh key for root users...
2023-07-13T22:06:00.503 DEBUG:teuthology.orchestra.run.smithi026:> sudo install -d -m 0700 /root/.ssh && echo 'ssh-rsa AAAAB3NzaC1yc2EAAAADAQABAAABgQDaiawHXTxqJmYc3ViP6hJkRrM59EYrK8yojbd8ekGAkPVkz3Tt5HM3bx0VP8Q5GXGFRlyYiqz8WN+DkrOrCs7ECy2BWCm+Owlt1TYNZSI+u5uva25LkCYyEHBXi94XXFKRA1sveaiRwT8KU0/hSKjFxXrQE25IGTZJdvEJBukHv9H7ewGgRUQkClVB+D82HRTWqwzEYF+Kdz8iWHhs/BQ5Io32Pzpd06oUapq2h0UqYoVSkzoVYS1yQhdmuiHI9WJsPKGpXXsdnSv/xiNMWKhHfhXzSmkPRWh4tXY5XEpwCd1G6Ei//ite7l7Ld1tFsPomdRxGB2LchnnNnZADNdfnEzdmzLo3ekcb7ZzghYJe0W8ovUNP02Oyt3nzyQRcWlzPFO6Px3qbR375HpqXgLKPishZLDjNchoPm/Crl3StU0i1CyM0rMU0gHe8WfDSEhlZ0u3pMgusmborO+24eBj57dm8yn/v10YIsSDJmiEN2frlY7slpeR5cdRIqSJKpW8= ceph-23b26990-21c9-11ee-9b32-001a4aab830c' | sudo tee -a /root/.ssh/authorized_keys && sudo chmod 0600 /root/.ssh/authorized_keys
2023-07-13T22:06:00.647 INFO:teuthology.orchestra.run.smithi026.stdout:ssh-rsa AAAAB3NzaC1yc2EAAAADAQABAAABgQDaiawHXTxqJmYc3ViP6hJkRrM59EYrK8yojbd8ekGAkPVkz3Tt5HM3bx0VP8Q5GXGFRlyYiqz8WN+DkrOrCs7ECy2BWCm+Owlt1TYNZSI+u5uva25LkCYyEHBXi94XXFKRA1sveaiRwT8KU0/hSKjFxXrQE25IGTZJdvEJBukHv9H7ewGgRUQkClVB+D82HRTWqwzEYF+Kdz8iWHhs/BQ5Io32Pzpd06oUapq2h0UqYoVSkzoVYS1yQhdmuiHI9WJsPKGpXXsdnSv/xiNMWKhHfhXzSmkPRWh4tXY5XEpwCd1G6Ei//ite7l7Ld1tFsPomdRxGB2LchnnNnZADNdfnEzdmzLo3ekcb7ZzghYJe0W8ovUNP02Oyt3nzyQRcWlzPFO6Px3qbR375HpqXgLKPishZLDjNchoPm/Crl3StU0i1CyM0rMU0gHe8WfDSEhlZ0u3pMgusmborO+24eBj57dm8yn/v10YIsSDJmiEN2frlY7slpeR5cdRIqSJKpW8= ceph-23b26990-21c9-11ee-9b32-001a4aab830c
2023-07-13T22:06:00.671 INFO:journalctl@ceph.mon.a.smithi026.stdout:Jul 13 22:06:00 smithi026 ceph-mon[95647]: from='client.? 172.21.15.26:0/2446907938' entity='client.admin'
2023-07-13T22:06:00.681 DEBUG:teuthology.orchestra.run.smithi117:> sudo install -d -m 0700 /root/.ssh && echo 'ssh-rsa AAAAB3NzaC1yc2EAAAADAQABAAABgQDaiawHXTxqJmYc3ViP6hJkRrM59EYrK8yojbd8ekGAkPVkz3Tt5HM3bx0VP8Q5GXGFRlyYiqz8WN+DkrOrCs7ECy2BWCm+Owlt1TYNZSI+u5uva25LkCYyEHBXi94XXFKRA1sveaiRwT8KU0/hSKjFxXrQE25IGTZJdvEJBukHv9H7ewGgRUQkClVB+D82HRTWqwzEYF+Kdz8iWHhs/BQ5Io32Pzpd06oUapq2h0UqYoVSkzoVYS1yQhdmuiHI9WJsPKGpXXsdnSv/xiNMWKhHfhXzSmkPRWh4tXY5XEpwCd1G6Ei//ite7l7Ld1tFsPomdRxGB2LchnnNnZADNdfnEzdmzLo3ekcb7ZzghYJe0W8ovUNP02Oyt3nzyQRcWlzPFO6Px3qbR375HpqXgLKPishZLDjNchoPm/Crl3StU0i1CyM0rMU0gHe8WfDSEhlZ0u3pMgusmborO+24eBj57dm8yn/v10YIsSDJmiEN2frlY7slpeR5cdRIqSJKpW8= ceph-23b26990-21c9-11ee-9b32-001a4aab830c' | sudo tee -a /root/.ssh/authorized_keys && sudo chmod 0600 /root/.ssh/authorized_keys
2023-07-13T22:06:00.725 INFO:teuthology.orchestra.run.smithi117.stdout:ssh-rsa AAAAB3NzaC1yc2EAAAADAQABAAABgQDaiawHXTxqJmYc3ViP6hJkRrM59EYrK8yojbd8ekGAkPVkz3Tt5HM3bx0VP8Q5GXGFRlyYiqz8WN+DkrOrCs7ECy2BWCm+Owlt1TYNZSI+u5uva25LkCYyEHBXi94XXFKRA1sveaiRwT8KU0/hSKjFxXrQE25IGTZJdvEJBukHv9H7ewGgRUQkClVB+D82HRTWqwzEYF+Kdz8iWHhs/BQ5Io32Pzpd06oUapq2h0UqYoVSkzoVYS1yQhdmuiHI9WJsPKGpXXsdnSv/xiNMWKhHfhXzSmkPRWh4tXY5XEpwCd1G6Ei//ite7l7Ld1tFsPomdRxGB2LchnnNnZADNdfnEzdmzLo3ekcb7ZzghYJe0W8ovUNP02Oyt3nzyQRcWlzPFO6Px3qbR375HpqXgLKPishZLDjNchoPm/Crl3StU0i1CyM0rMU0gHe8WfDSEhlZ0u3pMgusmborO+24eBj57dm8yn/v10YIsSDJmiEN2frlY7slpeR5cdRIqSJKpW8= ceph-23b26990-21c9-11ee-9b32-001a4aab830c
2023-07-13T22:06:00.738 DEBUG:teuthology.orchestra.run.smithi121:> sudo install -d -m 0700 /root/.ssh && echo 'ssh-rsa AAAAB3NzaC1yc2EAAAADAQABAAABgQDaiawHXTxqJmYc3ViP6hJkRrM59EYrK8yojbd8ekGAkPVkz3Tt5HM3bx0VP8Q5GXGFRlyYiqz8WN+DkrOrCs7ECy2BWCm+Owlt1TYNZSI+u5uva25LkCYyEHBXi94XXFKRA1sveaiRwT8KU0/hSKjFxXrQE25IGTZJdvEJBukHv9H7ewGgRUQkClVB+D82HRTWqwzEYF+Kdz8iWHhs/BQ5Io32Pzpd06oUapq2h0UqYoVSkzoVYS1yQhdmuiHI9WJsPKGpXXsdnSv/xiNMWKhHfhXzSmkPRWh4tXY5XEpwCd1G6Ei//ite7l7Ld1tFsPomdRxGB2LchnnNnZADNdfnEzdmzLo3ekcb7ZzghYJe0W8ovUNP02Oyt3nzyQRcWlzPFO6Px3qbR375HpqXgLKPishZLDjNchoPm/Crl3StU0i1CyM0rMU0gHe8WfDSEhlZ0u3pMgusmborO+24eBj57dm8yn/v10YIsSDJmiEN2frlY7slpeR5cdRIqSJKpW8= ceph-23b26990-21c9-11ee-9b32-001a4aab830c' | sudo tee -a /root/.ssh/authorized_keys && sudo chmod 0600 /root/.ssh/authorized_keys
2023-07-13T22:06:00.784 INFO:teuthology.orchestra.run.smithi121.stdout:ssh-rsa AAAAB3NzaC1yc2EAAAADAQABAAABgQDaiawHXTxqJmYc3ViP6hJkRrM59EYrK8yojbd8ekGAkPVkz3Tt5HM3bx0VP8Q5GXGFRlyYiqz8WN+DkrOrCs7ECy2BWCm+Owlt1TYNZSI+u5uva25LkCYyEHBXi94XXFKRA1sveaiRwT8KU0/hSKjFxXrQE25IGTZJdvEJBukHv9H7ewGgRUQkClVB+D82HRTWqwzEYF+Kdz8iWHhs/BQ5Io32Pzpd06oUapq2h0UqYoVSkzoVYS1yQhdmuiHI9WJsPKGpXXsdnSv/xiNMWKhHfhXzSmkPRWh4tXY5XEpwCd1G6Ei//ite7l7Ld1tFsPomdRxGB2LchnnNnZADNdfnEzdmzLo3ekcb7ZzghYJe0W8ovUNP02Oyt3nzyQRcWlzPFO6Px3qbR375HpqXgLKPishZLDjNchoPm/Crl3StU0i1CyM0rMU0gHe8WfDSEhlZ0u3pMgusmborO+24eBj57dm8yn/v10YIsSDJmiEN2frlY7slpeR5cdRIqSJKpW8= ceph-23b26990-21c9-11ee-9b32-001a4aab830c
2023-07-13T22:06:00.797 DEBUG:teuthology.orchestra.run.smithi026:> sudo /home/ubuntu/cephtest/cephadm --image quay-quay-quay.apps.os.sepia.ceph.com/ceph-ci/ceph:3fc0089cc1082313a98853d48b892acdc1385b8b shell -c /etc/ceph/ceph.conf -k /etc/ceph/ceph.client.admin.keyring --fsid 23b26990-21c9-11ee-9b32-001a4aab830c -- ceph config set mgr mgr/cephadm/allow_ptrace true
2023-07-13T22:06:01.731 INFO:teuthology.orchestra.run.smithi026.stderr:Inferring config /var/lib/ceph/23b26990-21c9-11ee-9b32-001a4aab830c/mon.a/config
2023-07-13T22:06:03.926 INFO:teuthology.orchestra.run.smithi026.stderr:2023-07-13T22:06:03.929+0000 7f01cdb43700 1 -- 172.21.15.26:0/493859835 >> [v2:172.21.15.26:3300/0,v1:172.21.15.26:6789/0] conn(0x7f01c80fdee0 msgr2=0x7f01c80fe2f0 secure :-1 s=STATE_CONNECTION_ESTABLISHED l=1).mark_down
2023-07-13T22:06:03.926 INFO:teuthology.orchestra.run.smithi026.stderr:2023-07-13T22:06:03.929+0000 7f01cdb43700 1 --2- 172.21.15.26:0/493859835 >> [v2:172.21.15.26:3300/0,v1:172.21.15.26:6789/0] conn(0x7f01c80fdee0 0x7f01c80fe2f0 secure :-1 s=READY pgs=76 cs=0 l=1 rev1=1 crypto rx=0x7f01b8009910 tx=0x7f01b8009c20 comp rx=0 tx=0).stop
2023-07-13T22:06:03.926 INFO:teuthology.orchestra.run.smithi026.stderr:2023-07-13T22:06:03.929+0000 7f01cdb43700 1 -- 172.21.15.26:0/493859835 shutdown_connections
