2023-07-14T01:16:13.606+0000 7efd1d7fa700 1 -- 172.21.15.83:0/278240576 <== mon.0 v2:172.21.15.83:3300/0 5 ==== osd_map(1..1 src has 1..1) v4 ==== 721+0+0 (secure 0 0 0) 0x7efd14044100 con 0x7efd200fd110
2023-07-14T01:16:14.570 INFO:teuthology.orchestra.run.smithi083.stderr:/usr/bin/ceph:
2023-07-14T01:16:13.606+0000 7efd1ffff700 1 --2- 172.21.15.83:0/278240576 >> [v2:172.21.15.83:6800/81028925,v1:172.21.15.83:6801/81028925] conn(0x7efd100323e0 0x7efd100348a0 unknown :-1 s=BANNER_CONNECTING pgs=0 cs=0 l=1 rev1=0 rx=0 tx=0)._handle_peer_banner_payload supported=1 required=0
2023-07-14T01:16:14.570 INFO:teuthology.orchestra.run.smithi083.stderr:/usr/bin/ceph:
2023-07-14T01:16:13.607+0000 7efd1ffff700 1 --2- 172.21.15.83:0/278240576 >> [v2:172.21.15.83:6800/81028925,v1:172.21.15.83:6801/81028925] conn(0x7efd100323e0 0x7efd100348a0 secure :-1 s=READY pgs=5 cs=0 l=1 rev1=1 rx=0x7efd0c009780 tx=0x7efd0c006cc0).ready entity=mgr.14100 client_cookie=0 server_cookie=0 in_seq=0 out_seq=0
2023-07-14T01:16:14.571 INFO:teuthology.orchestra.run.smithi083.stderr:/usr/bin/ceph:
2023-07-14T01:16:13.612+0000 7efd1d7fa700 1 -- 172.21.15.83:0/278240576 <== mon.0 v2:172.21.15.83:3300/0 6 ==== mon_command_ack([{"prefix": "get_command_descriptions"}]=0 v0) v1 ==== 72+0+163129 (secure 0 0 0) 0x7efd1402b7c0 con 0x7efd200fd110
2023-07-14T01:16:14.571 INFO:teuthology.orchestra.run.smithi083.stderr:/usr/bin/ceph:
2023-07-14T01:16:13.847+0000 7efd26aee700 1 -- 172.21.15.83:0/278240576 --> [v2:172.21.15.83:3300/0,v1:172.21.15.83:6789/0] -- mon_command({"prefix": "status", "format": "json-pretty"} v 0) v1 -- 0x7efd20059510 con 0x7efd200fd110
2023-07-14T01:16:14.571 INFO:teuthology.orchestra.run.smithi083.stderr:/usr/bin/ceph:
2023-07-14T01:16:13.848+0000 7efd1d7fa700 1 -- 172.21.15.83:0/278240576 <== mon.0 v2:172.21.15.83:3300/0 7 ==== mon_command_ack([{"prefix": "status", "format": "json-pretty"}]=0 v0) v1 ==== 79+0+1249 (secure 0 0 0) 0x7efd1401e070 con 0x7efd200fd110
2023-07-14T01:16:14.572 INFO:teuthology.orchestra.run.smithi083.stderr:/usr/bin/ceph:
2023-07-14T01:16:13.850+0000 7efd26aee700 1 -- 172.21.15.83:0/278240576 >> [v2:172.21.15.83:6800/81028925,v1:172.21.15.83:6801/81028925] conn(0x7efd100323e0 msgr2=0x7efd100348a0 secure :-1 s=STATE_CONNECTION_ESTABLISHED l=1).mark_down
2023-07-14T01:16:14.572 INFO:teuthology.orchestra.run.smithi083.stderr:/usr/bin/ceph:
2023-07-14T01:16:13.850+0000 7efd26aee700 1 --2- 172.21.15.83:0/278240576 >> [v2:172.21.15.83:6800/81028925,v1:172.21.15.83:6801/81028925] conn(0x7efd100323e0 0x7efd100348a0 secure :-1 s=READY pgs=5 cs=0 l=1 rev1=1 rx=0x7efd0c009780 tx=0x7efd0c006cc0).stop
2023-07-14T01:16:14.572 INFO:teuthology.orchestra.run.smithi083.stderr:/usr/bin/ceph:
2023-07-14T01:16:13.850+0000 7efd26aee700 1 -- 172.21.15.83:0/278240576 >> [v2:172.21.15.83:3300/0,v1:172.21.15.83:6789/0] conn(0x7efd200fd110 msgr2=0x7efd2010daf0 secure :-1 s=STATE_CONNECTION_ESTABLISHED l=1).mark_down
2023-07-14T01:16:14.573 INFO:teuthology.orchestra.run.smithi083.stderr:/usr/bin/ceph:
2023-07-14T01:16:13.850+0000 7efd26aee700 1 --2- 172.21.15.83:0/278240576 >> [v2:172.21.15.83:3300/0,v1:172.21.15.83:6789/0] conn(0x7efd200fd110 0x7efd2010daf0 secure :-1 s=READY pgs=17 cs=0 l=1 rev1=1 rx=0x7efd14002f40 tx=0x7efd140090f0).stop
2023-07-14T01:16:14.573 INFO:teuthology.orchestra.run.smithi083.stderr:/usr/bin/ceph:
2023-07-14T01:16:13.850+0000 7efd26aee700 1 -- 172.21.15.83:0/278240576 shutdown_connections
2023-07-14T01:16:14.573 INFO:teuthology.orchestra.run.smithi083.stderr:/usr/bin/ceph:
2023-07-14T01:16:13.850+0000 7efd26aee700 1 --2- 172.21.15.83:0/278240576 >> [v2:172.21.15.83:6800/81028925,v1:172.21.15.83:6801/81028925] conn(0x7efd100323e0 0x7efd100348a0 unknown :-1 s=CLOSED pgs=5 cs=0 l=1 rev1=1 rx=0 tx=0).stop
2023-07-14T01:16:14.574 INFO:teuthology.orchestra.run.smithi083.stderr:/usr/bin/ceph:
2023-07-14T01:16:13.850+0000 7efd26aee700 1 --2- 172.21.15.83:0/278240576 >> [v2:172.21.15.83:3300/0,v1:172.21.15.83:6789/0] conn(0x7efd200fd110 0x7efd2010daf0 unknown :-1 s=CLOSED pgs=17 cs=0 l=1 rev1=1 rx=0 tx=0).stop
2023-07-14T01:16:14.574 INFO:teuthology.orchestra.run.smithi083.stderr:/usr/bin/ceph:
2023-07-14T01:16:13.850+0000 7efd26aee700 1 -- 172.21.15.83:0/278240576 >> 172.21.15.83:0/278240576 conn(0x7efd200f7260 msgr2=0x7efd200f9650 unknown :-1 s=STATE_NONE l=0).mark_down
2023-07-14T01:16:14.574 INFO:teuthology.orchestra.run.smithi083.stderr:/usr/bin/ceph:
2023-07-14T01:16:13.850+0000 7efd26aee700 1 -- 172.21.15.83:0/278240576 shutdown_connections
2023-07-14T01:16:14.574 INFO:teuthology.orchestra.run.smithi083.stderr:/usr/bin/ceph:
2023-07-14T01:16:13.850+0000 7efd26aee700 1 -- 172.21.15.83:0/278240576 wait complete.
2023-07-14T01:16:14.574 INFO:teuthology.orchestra.run.smithi083.stderr:/usr/bin/ceph:
2023-07-14T01:16:14.574 INFO:teuthology.orchestra.run.smithi083.stderr:/usr/bin/ceph: {
2023-07-14T01:16:14.575 INFO:teuthology.orchestra.run.smithi083.stderr:/usr/bin/ceph: "fsid": "e4808c00-21e3-11ee-9b32-001a4aab830c",
2023-07-14T01:16:14.575 INFO:teuthology.orchestra.run.smithi083.stderr:/usr/bin/ceph: "health": {
2023-07-14T01:16:14.575 INFO:teuthology.orchestra.run.smithi083.stderr:/usr/bin/ceph: "status": "HEALTH_OK",
2023-07-14T01:16:14.575 INFO:teuthology.orchestra.run.smithi083.stderr:/usr/bin/ceph: "checks": {},
2023-07-14T01:16:14.575 INFO:teuthology.orchestra.run.smithi083.stderr:/usr/bin/ceph: "mutes": []
2023-07-14T01:16:14.576 INFO:teuthology.orchestra.run.smithi083.stderr:/usr/bin/ceph: },
2023-07-14T01:16:14.576 INFO:teuthology.orchestra.run.smithi083.stderr:/usr/bin/ceph: "election_epoch": 5,
2023-07-14T01:16:14.576 INFO:teuthology.orchestra.run.smithi083.stderr:/usr/bin/ceph: "quorum": [
2023-07-14T01:16:14.576 INFO:teuthology.orchestra.run.smithi083.stderr:/usr/bin/ceph: 0
2023-07-14T01:16:14.576 INFO:teuthology.orchestra.run.smithi083.stderr:/usr/bin/ceph: ],
2023-07-14T01:16:14.576 INFO:teuthology.orchestra.run.smithi083.stderr:/usr/bin/ceph: "quorum_names": [
2023-07-14T01:16:14.577 INFO:teuthology.orchestra.run.smithi083.stderr:/usr/bin/ceph: "smithi083"
2023-07-14T01:16:14.577 INFO:teuthology.orchestra.run.smithi083.stderr:/usr/bin/ceph: ],
2023-07-14T01:16:14.577 INFO:teuthology.orchestra.run.smithi083.stderr:/usr/bin/ceph: "quorum_age": 15,
2023-07-14T01:16:14.577 INFO:teuthology.orchestra.run.smithi083.stderr:/usr/bin/ceph: "monmap": {
2023-07-14T01:16:14.577 INFO:teuthology.orchestra.run.smithi083.stderr:/usr/bin/ceph: "epoch": 1,
2023-07-14T01:16:14.577 INFO:teuthology.orchestra.run.smithi083.stderr:/usr/bin/ceph: "min_mon_release_name": "pacific",
2023-07-14T01:16:14.577 INFO:teuthology.orchestra.run.smithi083.stderr:/usr/bin/ceph: "num_mons": 1
2023-07-14T01:16:14.578 INFO:teuthology.orchestra.run.smithi083.stderr:/usr/bin/ceph: },
2023-07-14T01:16:14.578 INFO:teuthology.orchestra.run.smithi083.stderr:/usr/bin/ceph: "osdmap": {
2023-07-14T01:16:14.578 INFO:teuthology.orchestra.run.smithi083.stderr:/usr/bin/ceph: "epoch": 1,
2023-07-14T01:16:14.578 INFO:teuthology.orchestra.run.smithi083.stderr:/usr/bin/ceph: "num_osds": 0,
2023-07-14T01:16:14.578 INFO:teuthology.orchestra.run.smithi083.stderr:/usr/bin/ceph: "num_up_osds": 0,
2023-07-14T01:16:14.578 INFO:teuthology.orchestra.run.smithi083.stderr:/usr/bin/ceph: "osd_up_since": 0,
2023-07-14T01:16:14.578 INFO:teuthology.orchestra.run.smithi083.stderr:/usr/bin/ceph: "num_in_osds": 0,
2023-07-14T01:16:14.579 INFO:teuthology.orchestra.run.smithi083.stderr:/usr/bin/ceph: "osd_in_since": 0,
2023-07-14T01:16:14.579 INFO:teuthology.orchestra.run.smithi083.stderr:/usr/bin/ceph: "num_remapped_pgs": 0
2023-07-14T01:16:14.579 INFO:teuthology.orchestra.run.smithi083.stderr:/usr/bin/ceph: },
2023-07-14T01:16:14.579 INFO:teuthology.orchestra.run.smithi083.stderr:/usr/bin/ceph: "pgmap": {
2023-07-14T01:16:14.579 INFO:teuthology.orchestra.run.smithi083.stderr:/usr/bin/ceph: "pgs_by_state": [],
2023-07-14T01:16:14.579 INFO:teuthology.orchestra.run.smithi083.stderr:/usr/bin/ceph: "num_pgs": 0,
2023-07-14T01:16:14.579 INFO:teuthology.orchestra.run.smithi083.stderr:/usr/bin/ceph: "num_pools": 0,
2023-07-14T01:16:14.580 INFO:teuthology.orchestra.run.smithi083.stderr:/usr/bin/ceph: "num_objects": 0,
2023-07-14T01:16:14.580 INFO:teuthology.orchestra.run.smithi083.stderr:/usr/bin/ceph: "data_bytes": 0,
2023-07-14T01:16:14.580 INFO:teuthology.orchestra.run.smithi083.stderr:/usr/bin/ceph: "bytes_used": 0,
2023-07-14T01:16:14.580 INFO:teuthology.orchestra.run.smithi083.stderr:/usr/bin/ceph: "bytes_avail": 0,
2023-07-14T01:16:14.580 INFO:teuthology.orchestra.run.smithi083.stderr:/usr/bin/ceph: "bytes_total": 0
2023-07-14T01:16:14.580 INFO:teuthology.orchestra.run.smithi083.stderr:/usr/bin/ceph: },
2023-07-14T01:16:14.581 INFO:teuthology.orchestra.run.smithi083.stderr:/usr/bin/ceph: "fsmap": {
2023-07-14T01:16:14.581 INFO:teuthology.orchestra.run.smithi083.stderr:/usr/bin/ceph: "epoch": 1,
2023-07-14T01:16:14.581 INFO:teuthology.orchestra.run.smithi083.stderr:/usr/bin/ceph: "by_rank": [],
2023-07-14T01:16:14.581 INFO:teuthology.orchestra.run.smithi083.stderr:/usr/bin/ceph: "up:standby": 0
2023-07-14T01:16:14.581 INFO:teuthology.orchestra.run.smithi083.stderr:/usr/bin/ceph: },
2023-07-14T01:16:14.581 INFO:teuthology.orchestra.run.smithi083.stderr:/usr/bin/ceph: "mgrmap": {
2023-07-14T01:16:14.581 INFO:teuthology.orchestra.run.smithi083.stderr:/usr/bin/ceph: "available": true,
2023-07-14T01:16:14.581 INFO:teuthology.orchestra.run.smithi083.stderr:/usr/bin/ceph: "num_standbys": 0,
2023-07-14T01:16:14.582 INFO:teuthology.orchestra.run.smithi083.stderr:/usr/bin/ceph: "modules": [
2023-07-14T01:16:14.582 INFO:teuthology.orchestra.run.smithi083.stderr:/usr/bin/ceph: "iostat",
2023-07-14T01:16:14.582 INFO:teuthology.orchestra.run.smithi083.stderr:/usr/bin/ceph: "nfs",
2023-07-14T01:16:14.582 INFO:teuthology.orchestra.run.smithi083.stderr:/usr/bin/ceph: "restful"
2023-07-14T01:16:14.582 INFO:teuthology.orchestra.run.smithi083.stderr:/usr/bin/ceph: ],
2023-07-14T01:16:14.582 INFO:teuthology.orchestra.run.smithi083.stderr:/usr/bin/ceph: "services": {}
2023-07-14T01:16:14.583 INFO:teuthology.orchestra.run.smithi083.stderr:/usr/bin/ceph: },
2023-07-14T01:16:14.583 INFO:teuthology.orchestra.run.smithi083.stderr:/usr/bin/ceph: "servicemap": {
2023-07-14T01:16:14.583 INFO:teuthology.orchestra.run.smithi083.stderr:/usr/bin/ceph: "epoch": 1,
2023-07-14T01:16:14.583 INFO:teuthology.orchestra.run.smithi083.stderr:/usr/bin/ceph: "modified": "2023-07-14T01:15:53.394232+0000",
2023-07-14T01:16:14.583 INFO:teuthology.orchestra.run.smithi083.stderr:/usr/bin/ceph: "services": {}
2023-07-14T01:16:14.583 INFO:teuthology.orchestra.run.smithi083.stderr:/usr/bin/ceph: },
2023-07-14T01:16:14.583 INFO:teuthology.orchestra.run.smithi083.stderr:/usr/bin/ceph: "progress_events": {}
2023-07-14T01:16:14.583 INFO:teuthology.orchestra.run.smithi083.stderr:/usr/bin/ceph: }
2023-07-14T01:16:14.615 INFO:journalctl@ceph.mon.smithi083.smithi083.stdout:Jul 14 01:16:14 smithi083 ceph-e4808c00-21e3-11ee-9b32-001a4aab830c-mon-smithi083[103886]: audit
2023-07-14T01:16:13.848351+0000 mon.smithi083 (mon.0) 25 : audit [DBG] from='client.? 172.21.15.83:0/278240576' entity='client.admin' cmd=[{"prefix": "status", "format": "json-pretty"}]: dispatch
2023-07-14T01:16:14.884 INFO:teuthology.orchestra.run.smithi083.stderr:mgr is available
2023-07-14T01:16:15.244 INFO:teuthology.orchestra.run.smithi083.stderr:/usr/bin/ceph:
2023-07-14T01:16:15.189+0000 7f7a4c28d700 1 Processor -- start
2023-07-14T01:16:15.244 INFO:teuthology.orchestra.run.smithi083.stderr:/usr/bin/ceph:
2023-07-14T01:16:15.189+0000 7f7a4c28d700 1 -- start start
2023-07-14T01:16:15.245 INFO:teuthology.orchestra.run.smithi083.stderr:/usr/bin/ceph:
2023-07-14T01:16:15.189+0000 7f7a4c28d700 1 --2- >> [v2:172.21.15.83:3300/0,v1:172.21.15.83:6789/0] conn(0x7f7a44070ca0 0x7f7a440ff7f0 unknown :-1 s=NONE pgs=0 cs=0 l=0 rev1=0 rx=0 tx=0).connect
2023-07-14T01:16:15.246 INFO:teuthology.orchestra.run.smithi083.stderr:/usr/bin/ceph:
2023-07-14T01:16:15.189+0000 7f7a4c28d700 1 -- --> [v2:172.21.15.83:3300/0,v1:172.21.15.83:6789/0] -- mon_getmap magic: 0 v1 -- 0x7f7a440ffce0 con 0x7f7a44070ca0
2023-07-14T01:16:15.247 INFO:teuthology.orchestra.run.smithi083.stderr:/usr/bin/ceph:
2023-07-14T01:16:15.189+0000 7f7a4a029700 1 --2- >> [v2:172.21.15.83:3300/0,v1:172.21.15.83:6789/0] conn(0x7f7a44070ca0 0x7f7a440ff7f0 unknown :-1 s=BANNER_CONNECTING pgs=0 cs=0 l=0 rev1=0 rx=0 tx=0)._handle_peer_banner_payload supported=1 required=0
2023-07-14T01:16:15.247 INFO:teuthology.orchestra.run.smithi083.stderr:/usr/bin/ceph:
2023-07-14T01:16:15.189+0000 7f7a4a029700 1 --2- >> [v2:172.21.15.83:3300/0,v1:172.21.15.83:6789/0] conn(0x7f7a44070ca0 0x7f7a440ff7f0 unknown :-1 s=HELLO_CONNECTING pgs=0 cs=0 l=0 rev1=1 rx=0 tx=0).handle_hello peer v2:172.21.15.83:3300/0 says I am v2:172.21.15.83:51076/0 (socket says 172.21.15.83:51076)
2023-07-14T01:16:15.247 INFO:teuthology.orchestra.run.smithi083.stderr:/usr/bin/ceph:
2023-07-14T01:16:15.189+0000 7f7a4a029700 1 -- 172.21.15.83:0/502178238 learned_addr learned my addr 172.21.15.83:0/502178238 (peer_addr_for_me v2:172.21.15.83:0/0)
2023-07-14T01:16:15.247 INFO:teuthology.orchestra.run.smithi083.stderr:/usr/bin/ceph:
2023-07-14T01:16:15.190+0000 7f7a4a029700 1 -- 172.21.15.83:0/502178238 --> [v2:172.21.15.83:3300/0,v1:172.21.15.83:6789/0] -- mon_subscribe({config=0+,monmap=0+}) v3 -- 0x7f7a440ffe20 con 0x7f7a44070ca0
2023-07-14T01:16:15.247 INFO:teuthology.orchestra.run.smithi083.stderr:/usr/bin/ceph:
2023-07-14T01:16:15.190+0000 7f7a4a029700 1 --2- 172.21.15.83:0/502178238 >> [v2:172.21.15.83:3300/0,v1:172.21.15.83:6789/0] conn(0x7f7a44070ca0 0x7f7a440ff7f0 secure :-1 s=READY pgs=18 cs=0 l=1 rev1=1 rx=0x7f7a40009730 tx=0x7f7a400090f0).ready entity=mon.0 client_cookie=b711277f322e7254 server_cookie=0 in_seq=0 out_seq=0
2023-07-14T01:16:15.247 INFO:teuthology.orchestra.run.smithi083.stderr:/usr/bin/ceph:
2023-07-14T01:16:15.190+0000 7f7a49027700 1 -- 172.21.15.83:0/502178238 <== mon.0 v2:172.21.15.83:3300/0 1 ==== mon_map magic: 0 v1 ==== 229+0+0 (secure 0 0 0) 0x7f7a4000b6e0 con 0x7f7a44070ca0
2023-07-14T01:16:15.247 INFO:teuthology.orchestra.run.smithi083.stderr:/usr/bin/ceph:
2023-07-14T01:16:15.190+0000 7f7a49027700 1 -- 172.21.15.83:0/502178238 <== mon.0 v2:172.21.15.83:3300/0 2 ==== config(25 keys) v1 ==== 982+0+0 (secure 0 0 0) 0x7f7a4000bc90 con 0x7f7a44070ca0
2023-07-14T01:16:15.248 INFO:teuthology.orchestra.run.smithi083.stderr:/usr/bin/ceph:
2023-07-14T01:16:15.190+0000 7f7a49027700 1 -- 172.21.15.83:0/502178238 <== mon.0 v2:172.21.15.83:3300/0 3 ==== mon_map magic: 0 v1 ==== 229+0+0 (secure 0 0 0) 0x7f7a40011c70 con 0x7f7a44070ca0
2023-07-14T01:16:15.248 INFO:teuthology.orchestra.run.smithi083.stderr:/usr/bin/ceph:
2023-07-14T01:16:15.191+0000 7f7a4c28d700 1 -- 172.21.15.83:0/502178238 >> [v2:172.21.15.83:3300/0,v1:172.21.15.83:6789/0] conn(0x7f7a44070ca0 msgr2=0x7f7a440ff7f0 secure :-1 s=STATE_CONNECTION_ESTABLISHED l=1).mark_down
2023-07-14T01:16:15.248 INFO:teuthology.orchestra.run.smithi083.stderr:/usr/bin/ceph:
2023-07-14T01:16:15.191+0000 7f7a4c28d700 1 --2- 172.21.15.83:0/502178238 >> [v2:172.21.15.83:3300/0,v1:172.21.15.83:6789/0] conn(0x7f7a44070ca0 0x7f7a440ff7f0 secure :-1 s=READY pgs=18 cs=0 l=1 rev1=1 rx=0x7f7a40009730 tx=0x7f7a400090f0).stop
2023-07-14T01:16:15.248 INFO:teuthology.orchestra.run.smithi083.stderr:/usr/bin/ceph:
2023-07-14T01:16:15.191+0000 7f7a4c28d700 1 -- 172.21.15.83:0/502178238 shutdown_connections
2023-07-14T01:16:15.248 INFO:teuthology.orchestra.run.smithi083.stderr:/usr/bin/ceph:
2023-07-14T01:16:15.191+0000 7f7a4c28d700 1 --2- 172.21.15.83:0/502178238 >> [v2:172.21.15.83:3300/0,v1:172.21.15.83:6789/0] conn(0x7f7a44070ca0 0x7f7a440ff7f0 unknown :-1 s=CLOSED pgs=18 cs=0 l=1 rev1=1 rx=0 tx=0).stop
2023-07-14T01:16:15.248 INFO:teuthology.orchestra.run.smithi083.stderr:/usr/bin/ceph:
2023-07-14T01:16:15.191+0000 7f7a4c28d700 1 -- 172.21.15.83:0/502178238 >> 172.21.15.83:0/502178238 conn(0x7f7a440f7230 msgr2=0x7f7a440f9650 unknown :-1 s=STATE_NONE l=0).mark_down
2023-07-14T01:16:15.248 INFO:teuthology.orchestra.run.smithi083.stderr:/usr/bin/ceph:
2023-07-14T01:16:15.191+0000 7f7a4c28d700 1 -- 172.21.15.83:0/502178238 shutdown_connections
2023-07-14T01:16:15.249 INFO:teuthology.orchestra.run.smithi083.stderr:/usr/bin/ceph:
2023-07-14T01:16:15.191+0000 7f7a4c28d700 1 -- 172.21.15.83:0/502178238 wait complete.
2023-07-14T01:16:15.251 INFO:teuthology.orchestra.run.smithi083.stderr:/usr/bin/ceph:
2023-07-14T01:16:15.192+0000 7f7a4c28d700 1 Processor -- start
2023-07-14T01:16:15.251 INFO:teuthology.orchestra.run.smithi083.stderr:/usr/bin/ceph:
2023-07-14T01:16:15.193+0000 7f7a4c28d700 1 -- start start
2023-07-14T01:16:15.251 INFO:teuthology.orchestra.run.smithi083.stderr:/usr/bin/ceph:
2023-07-14T01:16:15.193+0000 7f7a4c28d700 1 --2- >> [v2:172.21.15.83:3300/0,v1:172.21.15.83:6789/0] conn(0x7f7a44070ca0 0x7f7a4410dab0 unknown :-1 s=NONE pgs=0 cs=0 l=1 rev1=0 rx=0 tx=0).connect
2023-07-14T01:16:15.251 INFO:teuthology.orchestra.run.smithi083.stderr:/usr/bin/ceph:
2023-07-14T01:16:15.193+0000 7f7a4c28d700 1 -- --> [v2:172.21.15.83:3300/0,v1:172.21.15.83:6789/0] -- mon_getmap magic: 0 v1 -- 0x7f7a4410dfa0 con 0x7f7a44070ca0
2023-07-14T01:16:15.251 INFO:teuthology.orchestra.run.smithi083.stderr:/usr/bin/ceph:
2023-07-14T01:16:15.193+0000 7f7a4a029700 1 --2- >> [v2:172.21.15.83:3300/0,v1:172.21.15.83:6789/0] conn(0x7f7a44070ca0 0x7f7a4410dab0 unknown :-1 s=BANNER_CONNECTING pgs=0 cs=0 l=1 rev1=0 rx=0 tx=0)._handle_peer_banner_payload supported=1 required=0
2023-07-14T01:16:15.251 INFO:teuthology.orchestra.run.smithi083.stderr:/usr/bin/ceph:
2023-07-14T01:16:15.193+0000 7f7a4a029700 1 --2- >> [v2:172.21.15.83:3300/0,v1:172.21.15.83:6789/0] conn(0x7f7a44070ca0 0x7f7a4410dab0 unknown :-1 s=HELLO_CONNECTING pgs=0 cs=0 l=1 rev1=1 rx=0 tx=0).handle_hello peer v2:172.21.15.83:3300/0 says I am v2:172.21.15.83:51088/0 (socket says 172.21.15.83:51088)
2023-07-14T01:16:15.252 INFO:teuthology.orchestra.run.smithi083.stderr:/usr/bin/ceph:
2023-07-14T01:16:15.193+0000 7f7a4a029700 1 -- 172.21.15.83:0/3747035920 learned_addr learned my addr 172.21.15.83:0/3747035920 (peer_addr_for_me v2:172.21.15.83:0/0)
2023-07-14T01:16:15.252 INFO:teuthology.orchestra.run.smithi083.stderr:/usr/bin/ceph:
2023-07-14T01:16:15.193+0000 7f7a4a029700 1 -- 172.21.15.83:0/3747035920 --> [v2:172.21.15.83:3300/0,v1:172.21.15.83:6789/0] -- mon_subscribe({config=0+,monmap=0+}) v3 -- 0x7f7a40009370 con 0x7f7a44070ca0
2023-07-14T01:16:15.252 INFO:teuthology.orchestra.run.smithi083.stderr:/usr/bin/ceph:
2023-07-14T01:16:15.194+0000 7f7a4a029700 1 --2- 172.21.15.83:0/3747035920 >> [v2:172.21.15.83:3300/0,v1:172.21.15.83:6789/0] conn(0x7f7a44070ca0 0x7f7a4410dab0 secure :-1 s=READY pgs=19 cs=0 l=1 rev1=1 rx=0x7f7a400115c0 tx=0x7f7a400090f0).ready entity=mon.0 client_cookie=0 server_cookie=0 in_seq=0 out_seq=0
2023-07-14T01:16:15.252 INFO:teuthology.orchestra.run.smithi083.stderr:/usr/bin/ceph:
2023-07-14T01:16:15.194+0000 7f7a3affd700 1 -- 172.21.15.83:0/3747035920 <== mon.0 v2:172.21.15.83:3300/0 1 ==== mon_map magic: 0 v1 ==== 229+0+0 (secure 0 0 0) 0x7f7a40011a90 con 0x7f7a44070ca0
2023-07-14T01:16:15.252 INFO:teuthology.orchestra.run.smithi083.stderr:/usr/bin/ceph:
2023-07-14T01:16:15.194+0000 7f7a3affd700 1 -- 172.21.15.83:0/3747035920 <== mon.0 v2:172.21.15.83:3300/0 2 ==== config(25 keys) v1 ==== 982+0+0 (secure 0 0 0) 0x7f7a40011bf0 con 0x7f7a44070ca0
2023-07-14T01:16:15.252 INFO:teuthology.orchestra.run.smithi083.stderr:/usr/bin/ceph:
2023-07-14T01:16:15.194+0000 7f7a4c28d700 1 -- 172.21.15.83:0/3747035920 --> [v2:172.21.15.83:3300/0,v1:172.21.15.83:6789/0] -- mon_subscribe({mgrmap=0+}) v3 -- 0x7f7a4410e1a0 con 0x7f7a44070ca0
2023-07-14T01:16:15.252 INFO:teuthology.orchestra.run.smithi083.stderr:/usr/bin/ceph:
2023-07-14T01:16:15.194+0000 7f7a3affd700 1 -- 172.21.15.83:0/3747035920 <== mon.0 v2:172.21.15.83:3300/0 3 ==== mon_map magic: 0 v1 ==== 229+0+0 (secure 0 0 0) 0x7f7a4001ac30 con 0x7f7a44070ca0
2023-07-14T01:16:15.253 INFO:teuthology.orchestra.run.smithi083.stderr:/usr/bin/ceph:
2023-07-14T01:16:15.194+0000 7f7a4c28d700 1 -- 172.21.15.83:0/3747035920 --> [v2:172.21.15.83:3300/0,v1:172.21.15.83:6789/0] -- mon_subscribe({osdmap=0}) v3 -- 0x7f7a4410e630 con 0x7f7a44070ca0
2023-07-14T01:16:15.253 INFO:teuthology.orchestra.run.smithi083.stderr:/usr/bin/ceph:
2023-07-14T01:16:15.195+0000 7f7a3affd700 1 -- 172.21.15.83:0/3747035920 <== mon.0 v2:172.21.15.83:3300/0 4 ==== mgrmap(e 4) v1 ==== 38504+0+0 (secure 0 0 0) 0x7f7a4002a070 con 0x7f7a44070ca0
2023-07-14T01:16:15.253 INFO:teuthology.orchestra.run.smithi083.stderr:/usr/bin/ceph:
2023-07-14T01:16:15.195+0000 7f7a4c28d700 1 -- 172.21.15.83:0/3747035920 --> [v2:172.21.15.83:3300/0,v1:172.21.15.83:6789/0] -- mon_command({"prefix": "get_command_descriptions"} v 0) v1 -- 0x7f7a44059f30 con 0x7f7a44070ca0
2023-07-14T01:16:15.253 INFO:teuthology.orchestra.run.smithi083.stderr:/usr/bin/ceph:
2023-07-14T01:16:15.195+0000 7f7a3affd700 1 --2- 172.21.15.83:0/3747035920 >> [v2:172.21.15.83:6800/81028925,v1:172.21.15.83:6801/81028925] conn(0x7f7a300323e0 0x7f7a300348a0 unknown :-1 s=NONE pgs=0 cs=0 l=1 rev1=0 rx=0 tx=0).connect
2023-07-14T01:16:15.253 INFO:teuthology.orchestra.run.smithi083.stderr:/usr/bin/ceph:
2023-07-14T01:16:15.195+0000 7f7a3affd700 1 -- 172.21.15.83:0/3747035920 <== mon.0 v2:172.21.15.83:3300/0 5 ==== osd_map(1..1 src has 1..1) v4 ==== 721+0+0 (secure 0 0 0) 0x7f7a400444a0 con 0x7f7a44070ca0
2023-07-14T01:16:15.253 INFO:teuthology.orchestra.run.smithi083.stderr:/usr/bin/ceph:
2023-07-14T01:16:15.196+0000 7f7a49828700 1 --2- 172.21.15.83:0/3747035920 >> [v2:172.21.15.83:6800/81028925,v1:172.21.15.83:6801/81028925] conn(0x7f7a300323e0 0x7f7a300348a0 unknown :-1 s=BANNER_CONNECTING pgs=0 cs=0 l=1 rev1=0 rx=0 tx=0)._handle_peer_banner_payload supported=1 required=0
2023-07-14T01:16:15.253 INFO:teuthology.orchestra.run.smithi083.stderr:/usr/bin/ceph:
2023-07-14T01:16:15.196+0000 7f7a49828700 1 --2- 172.21.15.83:0/3747035920 >> [v2:172.21.15.83:6800/81028925,v1:172.21.15.83:6801/81028925] conn(0x7f7a300323e0 0x7f7a300348a0 secure :-1 s=READY pgs=6 cs=0 l=1 rev1=1 rx=0x7f7a34009780 tx=0x7f7a34006cc0).ready entity=mgr.14100 client_cookie=0 server_cookie=0 in_seq=0 out_seq=0
2023-07-14T01:16:15.255 INFO:teuthology.orchestra.run.smithi083.stderr:/usr/bin/ceph:
2023-07-14T01:16:15.201+0000 7f7a3affd700 1 -- 172.21.15.83:0/3747035920 <== mon.0 v2:172.21.15.83:3300/0 6 ==== mon_command_ack([{"prefix": "get_command_descriptions"}]=0 v0) v1 ==== 72+0+163129 (secure 0 0 0) 0x7f7a40010ac0 con 0x7f7a44070ca0
2023-07-14T01:16:15.424 INFO:teuthology.orchestra.run.smithi083.stderr:/usr/bin/ceph:
2023-07-14T01:16:15.368+0000 7f7a4c28d700 1 -- 172.21.15.83:0/3747035920 --> [v2:172.21.15.83:3300/0,v1:172.21.15.83:6789/0] -- mon_command({"prefix": "config assimilate-conf"} v 0) v1 -- 0x7f7a44100b40 con 0x7f7a44070ca0
2023-07-14T01:16:15.429 INFO:teuthology.orchestra.run.smithi083.stderr:/usr/bin/ceph:
2023-07-14T01:16:15.369+0000 7f7a3affd700 1 -- 172.21.15.83:0/3747035920 <== mon.0 v2:172.21.15.83:3300/0 7 ==== mon_command_ack([{"prefix": "config assimilate-conf"}]=0 v3) v1 ==== 70+0+398 (secure 0 0 0) 0x7f7a4001e020 con 0x7f7a44070ca0
2023-07-14T01:16:15.429 INFO:teuthology.orchestra.run.smithi083.stderr:/usr/bin/ceph:
2023-07-14T01:16:15.429 INFO:teuthology.orchestra.run.smithi083.stderr:/usr/bin/ceph: [global]
2023-07-14T01:16:15.430 INFO:teuthology.orchestra.run.smithi083.stderr:/usr/bin/ceph: fsid = e4808c00-21e3-11ee-9b32-001a4aab830c
2023-07-14T01:16:15.430 INFO:teuthology.orchestra.run.smithi083.stderr:/usr/bin/ceph: log_to_journald = false
2023-07-14T01:16:15.430 INFO:teuthology.orchestra.run.smithi083.stderr:/usr/bin/ceph: mon_osd_allow_pg_remap = true
2023-07-14T01:16:15.431 INFO:teuthology.orchestra.run.smithi083.stderr:/usr/bin/ceph: mon_osd_allow_primary_affinity = true
2023-07-14T01:16:15.431 INFO:teuthology.orchestra.run.smithi083.stderr:/usr/bin/ceph: mon_warn_on_no_sortbitwise = false
2023-07-14T01:16:15.431 INFO:teuthology.orchestra.run.smithi083.stderr:/usr/bin/ceph: osd_crush_chooseleaf_type = 0
2023-07-14T01:16:15.431 INFO:teuthology.orchestra.run.smithi083.stderr:/usr/bin/ceph:
2023-07-14T01:16:15.432 INFO:teuthology.orchestra.run.smithi083.stderr:/usr/bin/ceph: [mgr]
2023-07-14T01:16:15.432 INFO:teuthology.orchestra.run.smithi083.stderr:/usr/bin/ceph: mgr/telemetry/nag = false
2023-07-14T01:16:15.432 INFO:teuthology.orchestra.run.smithi083.stderr:/usr/bin/ceph:
2023-07-14T01:16:15.433 INFO:teuthology.orchestra.run.smithi083.stderr:/usr/bin/ceph: [osd]
2023-07-14T01:16:15.433 INFO:teuthology.orchestra.run.smithi083.stderr:/usr/bin/ceph: mon_osd_backfillfull_ratio = 0.85
2023-07-14T01:16:15.433 INFO:teuthology.orchestra.run.smithi083.stderr:/usr/bin/ceph: mon_osd_full_ratio = 0.9
2023-07-14T01:16:15.433 INFO:teuthology.orchestra.run.smithi083.stderr:/usr/bin/ceph: mon_osd_nearfull_ratio = 0.8
2023-07-14T01:16:15.434 INFO:teuthology.orchestra.run.smithi083.stderr:/usr/bin/ceph: osd_map_max_advance = 10
2023-07-14T01:16:15.434 INFO:teuthology.orchestra.run.smithi083.stderr:/usr/bin/ceph: osd_sloppy_crc = true
2023-07-14T01:16:15.434 INFO:teuthology.orchestra.run.smithi083.stderr:/usr/bin/ceph:
2023-07-14T01:16:15.372+0000 7f7a4c28d700 1 -- 172.21.15.83:0/3747035920 >> [v2:172.21.15.83:6800/81028925,v1:172.21.15.83:6801/81028925] conn(0x7f7a300323e0 msgr2=0x7f7a300348a0 secure :-1 s=STATE_CONNECTION_ESTABLISHED l=1).mark_down
2023-07-14T01:16:15.434 INFO:teuthology.orchestra.run.smithi083.stderr:/usr/bin/ceph:
2023-07-14T01:16:15.372+0000 7f7a4c28d700 1 --2- 172.21.15.83:0/3747035920 >> [v2:172.21.15.83:6800/81028925,v1:172.21.15.83:6801/81028925] conn(0x7f7a300323e0 0x7f7a300348a0 secure :-1 s=READY pgs=6 cs=0 l=1 rev1=1 rx=0x7f7a34009780 tx=0x7f7a34006cc0).stop
2023-07-14T01:16:15.434 INFO:teuthology.orchestra.run.smithi083.stderr:/usr/bin/ceph:
2023-07-14T01:16:15.372+0000 7f7a4c28d700 1 -- 172.21.15.83:0/3747035920 >> [v2:172.21.15.83:3300/0,v1:172.21.15.83:6789/0] conn(0x7f7a44070ca0 msgr2=0x7f7a4410dab0 secure :-1 s=STATE_CONNECTION_ESTABLISHED l=1).mark_down
2023-07-14T01:16:15.434 INFO:teuthology.orchestra.run.smithi083.stderr:/usr/bin/ceph:
2023-07-14T01:16:15.372+0000 7f7a4c28d700 1 --2- 172.21.15.83:0/3747035920 >> [v2:172.21.15.83:3300/0,v1:172.21.15.83:6789/0] conn(0x7f7a44070ca0 0x7f7a4410dab0 secure :-1 s=READY pgs=19 cs=0 l=1 rev1=1 rx=0x7f7a400115c0 tx=0x7f7a400090f0).stop
2023-07-14T01:16:15.435 INFO:teuthology.orchestra.run.smithi083.stderr:/usr/bin/ceph:
2023-07-14T01:16:15.372+0000 7f7a4c28d700 1 -- 172.21.15.83:0/3747035920 shutdown_connections
2023-07-14T01:16:15.435 INFO:teuthology.orchestra.run.smithi083.stderr:/usr/bin/ceph:
2023-07-14T01:16:15.372+0000 7f7a4c28d700 1 --2- 172.21.15.83:0/3747035920 >> [v2:172.21.15.83:6800/81028925,v1:172.21.15.83:6801/81028925] conn(0x7f7a300323e0 0x7f7a300348a0 unknown :-1 s=CLOSED pgs=6 cs=0 l=1 rev1=1 rx=0 tx=0).stop
2023-07-14T01:16:15.435 INFO:teuthology.orchestra.run.smithi083.stderr:/usr/bin/ceph:
2023-07-14T01:16:15.372+0000 7f7a4c28d700 1 --2- 172.21.15.83:0/3747035920 >> [v2:172.21.15.83:3300/0,v1:172.21.15.83:6789/0] conn(0x7f7a44070ca0 0x7f7a4410dab0 unknown :-1 s=CLOSED pgs=19 cs=0 l=1 rev1=1 rx=0 tx=0).stop
2023-07-14T01:16:15.435 INFO:teuthology.orchestra.run.smithi083.stderr:/usr/bin/ceph:
2023-07-14T01:16:15.372+0000 7f7a4c28d700 1 -- 172.21.15.83:0/3747035920 >> 172.21.15.83:0/3747035920 conn(0x7f7a440f7230 msgr2=0x7f7a440f8bd0 unknown :-1 s=STATE_NONE l=0).mark_down
2023-07-14T01:16:15.435 INFO:teuthology.orchestra.run.smithi083.stderr:/usr/bin/ceph:
2023-07-14T01:16:15.372+0000 7f7a4c28d700 1 -- 172.21.15.83:0/3747035920 shutdown_connections
2023-07-14T01:16:15.436 INFO:teuthology.orchestra.run.smithi083.stderr:/usr/bin/ceph:
2023-07-14T01:16:15.372+0000 7f7a4c28d700 1 -- 172.21.15.83:0/3747035920 wait complete.
2023-07-14T01:16:15.794 INFO:teuthology.orchestra.run.smithi083.stderr:Enabling cephadm module...
2023-07-14T01:16:15.798 INFO:journalctl@ceph.mon.smithi083.smithi083.stdout:Jul 14 01:16:15 smithi083 ceph-e4808c00-21e3-11ee-9b32-001a4aab830c-mon-smithi083[103886]: audit
2023-07-14T01:16:15.370398+0000 mon.smithi083 (mon.0) 26 : audit [INF] from='client.? 172.21.15.83:0/3747035920' entity='client.admin' cmd=[{"prefix": "config assimilate-conf"}]: dispatch
2023-07-14T01:16:16.198 INFO:teuthology.orchestra.run.smithi083.stderr:/usr/bin/ceph:
2023-07-14T01:16:16.141+0000 7f8b1aec9700 1 Processor -- start
2023-07-14T01:16:16.199 INFO:teuthology.orchestra.run.smithi083.stderr:/usr/bin/ceph:
2023-07-14T01:16:16.141+0000 7f8b1aec9700 1 -- start start
2023-07-14T01:16:16.199 INFO:teuthology.orchestra.run.smithi083.stderr:/usr/bin/ceph:
2023-07-14T01:16:16.141+0000 7f8b1aec9700 1 --2- >> [v2:172.21.15.83:3300/0,v1:172.21.15.83:6789/0] conn(0x7f8b14070ce0 0x7f8b140ff800 unknown :-1 s=NONE pgs=0 cs=0 l=0 rev1=0 rx=0 tx=0).connect
2023-07-14T01:16:16.199 INFO:teuthology.orchestra.run.smithi083.stderr:/usr/bin/ceph:
2023-07-14T01:16:16.141+0000 7f8b1aec9700 1 -- --> [v2:172.21.15.83:3300/0,v1:172.21.15.83:6789/0] -- mon_getmap magic: 0 v1 -- 0x7f8b140ffcf0 con 0x7f8b14070ce0
2023-07-14T01:16:16.200 INFO:teuthology.orchestra.run.smithi083.stderr:/usr/bin/ceph:
2023-07-14T01:16:16.142+0000 7f8b18c65700 1 --2- >> [v2:172.21.15.83:3300/0,v1:172.21.15.83:6789/0] conn(0x7f8b14070ce0 0x7f8b140ff800 unknown :-1 s=BANNER_CONNECTING pgs=0 cs=0 l=0 rev1=0 rx=0 tx=0)._handle_peer_banner_payload supported=1 required=0
2023-07-14T01:16:16.200 INFO:teuthology.orchestra.run.smithi083.stderr:/usr/bin/ceph:
2023-07-14T01:16:16.142+0000 7f8b18c65700 1 --2- >> [v2:172.21.15.83:3300/0,v1:172.21.15.83:6789/0] conn(0x7f8b14070ce0 0x7f8b140ff800 unknown :-1 s=HELLO_CONNECTING pgs=0 cs=0 l=0 rev1=1 rx=0 tx=0).handle_hello peer v2:172.21.15.83:3300/0 says I am v2:172.21.15.83:49372/0 (socket says 172.21.15.83:49372)
2023-07-14T01:16:16.201 INFO:teuthology.orchestra.run.smithi083.stderr:/usr/bin/ceph:
2023-07-14T01:16:16.142+0000 7f8b18c65700 1 -- 172.21.15.83:0/1794164785 learned_addr learned my addr 172.21.15.83:0/1794164785 (peer_addr_for_me v2:172.21.15.83:0/0)
2023-07-14T01:16:16.201 INFO:teuthology.orchestra.run.smithi083.stderr:/usr/bin/ceph:
2023-07-14T01:16:16.142+0000 7f8b18c65700 1 -- 172.21.15.83:0/1794164785 --> [v2:172.21.15.83:3300/0,v1:172.21.15.83:6789/0] -- mon_subscribe({config=0+,monmap=0+}) v3 -- 0x7f8b140ffe30 con 0x7f8b14070ce0
2023-07-14T01:16:16.201 INFO:teuthology.orchestra.run.smithi083.stderr:/usr/bin/ceph:
2023-07-14T01:16:16.142+0000 7f8b18c65700 1 --2- 172.21.15.83:0/1794164785 >> [v2:172.21.15.83:3300/0,v1:172.21.15.83:6789/0] conn(0x7f8b14070ce0 0x7f8b140ff800 secure :-1 s=READY pgs=20 cs=0 l=1 rev1=1 rx=0x7f8b08009730 tx=0x7f8b080090f0).ready entity=mon.0 client_cookie=d0dc26e50790e7c server_cookie=0 in_seq=0 out_seq=0
2023-07-14T01:16:16.202 INFO:teuthology.orchestra.run.smithi083.stderr:/usr/bin/ceph:
2023-07-14T01:16:16.142+0000 7f8b137fe700 1 -- 172.21.15.83:0/1794164785 <== mon.0 v2:172.21.15.83:3300/0 1 ==== mon_map magic: 0 v1 ==== 229+0+0 (secure 0 0 0) 0x7f8b0800b6e0 con 0x7f8b14070ce0
2023-07-14T01:16:16.202 INFO:teuthology.orchestra.run.smithi083.stderr:/usr/bin/ceph:
2023-07-14T01:16:16.143+0000 7f8b137fe700 1 -- 172.21.15.83:0/1794164785 <== mon.0 v2:172.21.15.83:3300/0 2 ==== config(25 keys) v1 ==== 982+0+0 (secure 0 0 0) 0x7f8b0800bc90 con 0x7f8b14070ce0
2023-07-14T01:16:16.202 INFO:teuthology.orchestra.run.smithi083.stderr:/usr/bin/ceph:
2023-07-14T01:16:16.143+0000 7f8b137fe700 1 -- 172.21.15.83:0/1794164785 <== mon.0 v2:172.21.15.83:3300/0 3 ==== mon_map magic: 0 v1 ==== 229+0+0 (secure 0 0 0) 0x7f8b08011c70 con 0x7f8b14070ce0
2023-07-14T01:16:16.202 INFO:teuthology.orchestra.run.smithi083.stderr:/usr/bin/ceph:
2023-07-14T01:16:16.143+0000 7f8b1aec9700 1 -- 172.21.15.83:0/1794164785 >> [v2:172.21.15.83:3300/0,v1:172.21.15.83:6789/0] conn(0x7f8b14070ce0 msgr2=0x7f8b140ff800 secure :-1 s=STATE_CONNECTION_ESTABLISHED l=1).mark_down
2023-07-14T01:16:16.203 INFO:teuthology.orchestra.run.smithi083.stderr:/usr/bin/ceph:
2023-07-14T01:16:16.143+0000 7f8b1aec9700 1 --2- 172.21.15.83:0/1794164785 >> [v2:172.21.15.83:3300/0,v1:172.21.15.83:6789/0] conn(0x7f8b14070ce0 0x7f8b140ff800 secure :-1 s=READY pgs=20 cs=0 l=1 rev1=1 rx=0x7f8b08009730 tx=0x7f8b080090f0).stop
2023-07-14T01:16:16.203 INFO:teuthology.orchestra.run.smithi083.stderr:/usr/bin/ceph:
2023-07-14T01:16:16.143+0000 7f8b1aec9700 1 -- 172.21.15.83:0/1794164785 shutdown_connections
2023-07-14T01:16:16.203 INFO:teuthology.orchestra.run.smithi083.stderr:/usr/bin/ceph:
2023-07-14T01:16:16.143+0000 7f8b1aec9700 1 --2- 172.21.15.83:0/1794164785 >> [v2:172.21.15.83:3300/0,v1:172.21.15.83:6789/0] conn(0x7f8b14070ce0 0x7f8b140ff800 unknown :-1 s=CLOSED pgs=20 cs=0 l=1 rev1=1 rx=0 tx=0).stop
2023-07-14T01:16:16.203 INFO:teuthology.orchestra.run.smithi083.stderr:/usr/bin/ceph:
2023-07-14T01:16:16.143+0000 7f8b1aec9700 1 -- 172.21.15.83:0/1794164785 >> 172.21.15.83:0/1794164785 conn(0x7f8b140f7260 msgr2=0x7f8b140f9680 unknown :-1 s=STATE_NONE l=0).mark_down
2023-07-14T01:16:16.204 INFO:teuthology.orchestra.run.smithi083.stderr:/usr/bin/ceph:
2023-07-14T01:16:16.143+0000 7f8b1aec9700 1 -- 172.21.15.83:0/1794164785 shutdown_connections
2023-07-14T01:16:16.204 INFO:teuthology.orchestra.run.smithi083.stderr:/usr/bin/ceph:
2023-07-14T01:16:16.143+0000 7f8b1aec9700 1 -- 172.21.15.83:0/1794164785 wait complete.
2023-07-14T01:16:16.207 INFO:teuthology.orchestra.run.smithi083.stderr:/usr/bin/ceph:
2023-07-14T01:16:16.144+0000 7f8b1aec9700 1 Processor -- start
2023-07-14T01:16:16.207 INFO:teuthology.orchestra.run.smithi083.stderr:/usr/bin/ceph:
2023-07-14T01:16:16.145+0000 7f8b1aec9700 1 -- start start
2023-07-14T01:16:16.208 INFO:teuthology.orchestra.run.smithi083.stderr:/usr/bin/ceph:
2023-07-14T01:16:16.145+0000 7f8b1aec9700 1 --2- >> [v2:172.21.15.83:3300/0,v1:172.21.15.83:6789/0] conn(0x7f8b14070ce0 0x7f8b140fd0a0 unknown :-1 s=NONE pgs=0 cs=0 l=1 rev1=0 rx=0 tx=0).connect
2023-07-14T01:16:16.208 INFO:teuthology.orchestra.run.smithi083.stderr:/usr/bin/ceph:
2023-07-14T01:16:16.145+0000 7f8b1aec9700 1 -- --> [v2:172.21.15.83:3300/0,v1:172.21.15.83:6789/0] -- mon_getmap magic: 0 v1 -- 0x7f8b140fd590 con 0x7f8b14070ce0
2023-07-14T01:16:16.208 INFO:teuthology.orchestra.run.smithi083.stderr:/usr/bin/ceph:
2023-07-14T01:16:16.145+0000 7f8b18c65700 1 --2- >> [v2:172.21.15.83:3300/0,v1:172.21.15.83:6789/0] conn(0x7f8b14070ce0 0x7f8b140fd0a0 unknown :-1 s=BANNER_CONNECTING pgs=0 cs=0 l=1 rev1=0 rx=0 tx=0)._handle_peer_banner_payload supported=1 required=0
2023-07-14T01:16:16.209 INFO:teuthology.orchestra.run.smithi083.stderr:/usr/bin/ceph:
2023-07-14T01:16:16.145+0000 7f8b18c65700 1 --2- >> [v2:172.21.15.83:3300/0,v1:172.21.15.83:6789/0] conn(0x7f8b14070ce0 0x7f8b140fd0a0 unknown :-1 s=HELLO_CONNECTING pgs=0 cs=0 l=1 rev1=1 rx=0 tx=0).handle_hello peer v2:172.21.15.83:3300/0 says I am v2:172.21.15.83:49384/0 (socket says 172.21.15.83:49384)
2023-07-14T01:16:16.209 INFO:teuthology.orchestra.run.smithi083.stderr:/usr/bin/ceph:
2023-07-14T01:16:16.145+0000 7f8b18c65700 1 -- 172.21.15.83:0/3474710865 learned_addr learned my addr 172.21.15.83:0/3474710865 (peer_addr_for_me v2:172.21.15.83:0/0)
2023-07-14T01:16:16.209 INFO:teuthology.orchestra.run.smithi083.stderr:/usr/bin/ceph:
2023-07-14T01:16:16.146+0000 7f8b18c65700 1 -- 172.21.15.83:0/3474710865 --> [v2:172.21.15.83:3300/0,v1:172.21.15.83:6789/0] -- mon_subscribe({config=0+,monmap=0+}) v3 -- 0x7f8b08009370 con 0x7f8b14070ce0
2023-07-14T01:16:16.209 INFO:teuthology.orchestra.run.smithi083.stderr:/usr/bin/ceph:
2023-07-14T01:16:16.146+0000 7f8b18c65700 1 --2- 172.21.15.83:0/3474710865 >> [v2:172.21.15.83:3300/0,v1:172.21.15.83:6789/0] conn(0x7f8b14070ce0 0x7f8b140fd0a0 secure :-1 s=READY pgs=21 cs=0 l=1 rev1=1 rx=0x7f8b08000c00 tx=0x7f8b080090f0).ready entity=mon.0 client_cookie=0 server_cookie=0 in_seq=0 out_seq=0
2023-07-14T01:16:16.210 INFO:teuthology.orchestra.run.smithi083.stderr:/usr/bin/ceph:
2023-07-14T01:16:16.146+0000 7f8b117fa700 1 -- 172.21.15.83:0/3474710865 <== mon.0 v2:172.21.15.83:3300/0 1 ==== mon_map magic: 0 v1 ==== 229+0+0 (secure 0 0 0) 0x7f8b0801a610 con 0x7f8b14070ce0
2023-07-14T01:16:16.210 INFO:teuthology.orchestra.run.smithi083.stderr:/usr/bin/ceph:
2023-07-14T01:16:16.146+0000 7f8b117fa700 1 -- 172.21.15.83:0/3474710865 <== mon.0 v2:172.21.15.83:3300/0 2 ==== config(25 keys) v1 ==== 982+0+0 (secure 0 0 0) 0x7f8b0801abc0 con 0x7f8b14070ce0
2023-07-14T01:16:16.210 INFO:teuthology.orchestra.run.smithi083.stderr:/usr/bin/ceph:
2023-07-14T01:16:16.146+0000 7f8b117fa700 1 -- 172.21.15.83:0/3474710865 <== mon.0 v2:172.21.15.83:3300/0 3 ==== mon_map magic: 0 v1 ==== 229+0+0 (secure 0 0 0) 0x7f8b08022a70 con 0x7f8b14070ce0
2023-07-14T01:16:16.210 INFO:teuthology.orchestra.run.smithi083.stderr:/usr/bin/ceph:
2023-07-14T01:16:16.146+0000 7f8b1aec9700 1 -- 172.21.15.83:0/3474710865 --> [v2:172.21.15.83:3300/0,v1:172.21.15.83:6789/0] -- mon_subscribe({mgrmap=0+}) v3 -- 0x7f8b140fb700 con 0x7f8b14070ce0
2023-07-14T01:16:16.211 INFO:teuthology.orchestra.run.smithi083.stderr:/usr/bin/ceph:
2023-07-14T01:16:16.146+0000 7f8b1aec9700 1 -- 172.21.15.83:0/3474710865 --> [v2:172.21.15.83:3300/0,v1:172.21.15.83:6789/0] -- mon_subscribe({osdmap=0}) v3 -- 0x7f8b140fbb30 con 0x7f8b14070ce0
2023-07-14T01:16:16.211 INFO:teuthology.orchestra.run.smithi083.stderr:/usr/bin/ceph:
2023-07-14T01:16:16.147+0000 7f8b117fa700 1 -- 172.21.15.83:0/3474710865 <== mon.0 v2:172.21.15.83:3300/0 4 ==== mgrmap(e 4) v1 ==== 38504+0+0 (secure 0 0 0) 0x7f8b0802a070 con 0x7f8b14070ce0
2023-07-14T01:16:16.211 INFO:teuthology.orchestra.run.smithi083.stderr:/usr/bin/ceph:
2023-07-14T01:16:16.147+0000 7f8b1aec9700 1 -- 172.21.15.83:0/3474710865 --> [v2:172.21.15.83:3300/0,v1:172.21.15.83:6789/0] -- mon_command({"prefix": "get_command_descriptions"} v 0) v1 -- 0x7f8b14059f30 con 0x7f8b14070ce0
2023-07-14T01:16:16.212 INFO:teuthology.orchestra.run.smithi083.stderr:/usr/bin/ceph:
2023-07-14T01:16:16.147+0000 7f8b117fa700 1 --2- 172.21.15.83:0/3474710865 >> [v2:172.21.15.83:6800/81028925,v1:172.21.15.83:6801/81028925] conn(0x7f8b040323e0 0x7f8b040348a0 unknown :-1 s=NONE pgs=0 cs=0 l=1 rev1=0 rx=0 tx=0).connect
2023-07-14T01:16:16.212 INFO:teuthology.orchestra.run.smithi083.stderr:/usr/bin/ceph:
2023-07-14T01:16:16.148+0000 7f8b117fa700 1 -- 172.21.15.83:0/3474710865 <== mon.0 v2:172.21.15.83:3300/0 5 ==== osd_map(1..1 src has 1..1) v4 ==== 721+0+0 (secure 0 0 0) 0x7f8b080441f0 con 0x7f8b14070ce0
2023-07-14T01:16:16.212 INFO:teuthology.orchestra.run.smithi083.stderr:/usr/bin/ceph:
2023-07-14T01:16:16.148+0000 7f8b13fff700 1 --2- 172.21.15.83:0/3474710865 >> [v2:172.21.15.83:6800/81028925,v1:172.21.15.83:6801/81028925] conn(0x7f8b040323e0 0x7f8b040348a0 unknown :-1 s=BANNER_CONNECTING pgs=0 cs=0 l=1 rev1=0 rx=0 tx=0)._handle_peer_banner_payload supported=1 required=0
2023-07-14T01:16:16.212 INFO:teuthology.orchestra.run.smithi083.stderr:/usr/bin/ceph:
2023-07-14T01:16:16.148+0000 7f8b13fff700 1 --2- 172.21.15.83:0/3474710865 >> [v2:172.21.15.83:6800/81028925,v1:172.21.15.83:6801/81028925] conn(0x7f8b040323e0 0x7f8b040348a0 secure :-1 s=READY pgs=7 cs=0 l=1 rev1=1 rx=0x7f8b00009780 tx=0x7f8b00006cc0).ready entity=mgr.14100 client_cookie=0 server_cookie=0 in_seq=0 out_seq=0
2023-07-14T01:16:16.213 INFO:teuthology.orchestra.run.smithi083.stderr:/usr/bin/ceph:
2023-07-14T01:16:16.152+0000 7f8b117fa700 1 -- 172.21.15.83:0/3474710865 <== mon.0 v2:172.21.15.83:3300/0 6 ==== mon_command_ack([{"prefix": "get_command_descriptions"}]=0 v0) v1 ==== 72+0+163129 (secure 0 0 0) 0x7f8b08021b50 con 0x7f8b14070ce0
2023-07-14T01:16:16.419 INFO:teuthology.orchestra.run.smithi083.stderr:/usr/bin/ceph:
2023-07-14T01:16:16.364+0000 7f8b1aec9700 1 -- 172.21.15.83:0/3474710865 --> [v2:172.21.15.83:3300/0,v1:172.21.15.83:6789/0] -- mon_command({"prefix": "mgr module enable", "module": "cephadm"} v 0) v1 -- 0x7f8b140fc540 con 0x7f8b14070ce0
2023-07-14T01:16:16.483 INFO:teuthology.orchestra.run.smithi083.stderr:/usr/bin/ceph:
2023-07-14T01:16:16.428+0000 7f8b117fa700 1 -- 172.21.15.83:0/3474710865 <== mon.0 v2:172.21.15.83:3300/0 7 ==== mgrmap(e 5) v1 ==== 38515+0+0 (secure 0 0 0) 0x7f8b08020030 con 0x7f8b14070ce0
2023-07-14T01:16:16.484 INFO:teuthology.orchestra.run.smithi083.stderr:/usr/bin/ceph:
2023-07-14T01:16:16.429+0000 7f8b117fa700 1 -- 172.21.15.83:0/3474710865 <== mon.0 v2:172.21.15.83:3300/0 8 ==== mon_command_ack([{"prefix": "mgr module enable", "module": "cephadm"}]=0 v5) v1 ==== 86+0+0 (secure 0 0 0) 0x7f8b08046b30 con 0x7f8b14070ce0
2023-07-14T01:16:16.487 INFO:teuthology.orchestra.run.smithi083.stderr:/usr/bin/ceph:
2023-07-14T01:16:16.432+0000 7f8b1aec9700 1 -- 172.21.15.83:0/3474710865 >> [v2:172.21.15.83:6800/81028925,v1:172.21.15.83:6801/81028925] conn(0x7f8b040323e0 msgr2=0x7f8b040348a0 secure :-1 s=STATE_CONNECTION_ESTABLISHED l=1).mark_down
2023-07-14T01:16:16.487 INFO:teuthology.orchestra.run.smithi083.stderr:/usr/bin/ceph:
2023-07-14T01:16:16.432+0000 7f8b1aec9700 1 --2- 172.21.15.83:0/3474710865 >> [v2:172.21.15.83:6800/81028925,v1:172.21.15.83:6801/81028925] conn(0x7f8b040323e0 0x7f8b040348a0 secure :-1 s=READY pgs=7 cs=0 l=1 rev1=1 rx=0x7f8b00009780 tx=0x7f8b00006cc0).stop
2023-07-14T01:16:16.487 INFO:teuthology.orchestra.run.smithi083.stderr:/usr/bin/ceph:
2023-07-14T01:16:16.432+0000 7f8b1aec9700 1 -- 172.21.15.83:0/3474710865 >> [v2:172.21.15.83:3300/0,v1:172.21.15.83:6789/0] conn(0x7f8b14070ce0 msgr2=0x7f8b140fd0a0 secure :-1 s=STATE_CONNECTION_ESTABLISHED l=1).mark_down
2023-07-14T01:16:16.488 INFO:teuthology.orchestra.run.smithi083.stderr:/usr/bin/ceph:
2023-07-14T01:16:16.432+0000 7f8b1aec9700 1 --2- 172.21.15.83:0/3474710865 >> [v2:172.21.15.83:3300/0,v1:172.21.15.83:6789/0] conn(0x7f8b14070ce0 0x7f8b140fd0a0 secure :-1 s=READY pgs=21 cs=0 l=1 rev1=1 rx=0x7f8b08000c00 tx=0x7f8b080090f0).stop
2023-07-14T01:16:16.488 INFO:teuthology.orchestra.run.smithi083.stderr:/usr/bin/ceph:
2023-07-14T01:16:16.432+0000 7f8b1aec9700 1 -- 172.21.15.83:0/3474710865 shutdown_connections
2023-07-14T01:16:16.488 INFO:teuthology.orchestra.run.smithi083.stderr:/usr/bin/ceph:
2023-07-14T01:16:16.432+0000 7f8b1aec9700 1 --2- 172.21.15.83:0/3474710865 >> [v2:172.21.15.83:6800/81028925,v1:172.21.15.83:6801/81028925] conn(0x7f8b040323e0 0x7f8b040348a0 unknown :-1 s=CLOSED pgs=7 cs=0 l=1 rev1=1 rx=0 tx=0).stop
2023-07-14T01:16:16.489 INFO:teuthology.orchestra.run.smithi083.stderr:/usr/bin/ceph:
2023-07-14T01:16:16.432+0000 7f8b1aec9700 1 --2- 172.21.15.83:0/3474710865 >> [v2:172.21.15.83:3300/0,v1:172.21.15.83:6789/0] conn(0x7f8b14070ce0 0x7f8b140fd0a0 unknown :-1 s=CLOSED pgs=21 cs=0 l=1 rev1=1 rx=0 tx=0).stop
2023-07-14T01:16:16.489 INFO:teuthology.orchestra.run.smithi083.stderr:/usr/bin/ceph:
2023-07-14T01:16:16.432+0000 7f8b1aec9700 1 -- 172.21.15.83:0/3474710865 >> 172.21.15.83:0/3474710865 conn(0x7f8b140f7260 msgr2=0x7f8b140f8cf0 unknown :-1 s=STATE_NONE l=0).mark_down
2023-07-14T01:16:16.489 INFO:teuthology.orchestra.run.smithi083.stderr:/usr/bin/ceph:
2023-07-14T01:16:16.432+0000 7f8b1aec9700 1 -- 172.21.15.83:0/3474710865 shutdown_connections
2023-07-14T01:16:16.489 INFO:teuthology.orchestra.run.smithi083.stderr:/usr/bin/ceph:
2023-07-14T01:16:16.433+0000 7f8b1aec9700 1 -- 172.21.15.83:0/3474710865 wait complete.
2023-07-14T01:16:16.737 INFO:journalctl@ceph.mon.smithi083.smithi083.stdout:Jul 14 01:16:16 smithi083 ceph-e4808c00-21e3-11ee-9b32-001a4aab830c-mon-smithi083[103886]: audit
2023-07-14T01:16:16.366117+0000 mon.smithi083 (mon.0) 27 : audit [INF] from='client.? 172.21.15.83:0/3474710865' entity='client.admin' cmd=[{"prefix": "mgr module enable", "module": "cephadm"}]: dispatch
2023-07-14T01:16:17.240 INFO:teuthology.orchestra.run.smithi083.stderr:/usr/bin/ceph:
2023-07-14T01:16:17.184+0000 7fcc7cee2700 1 Processor -- start
2023-07-14T01:16:17.240 INFO:teuthology.orchestra.run.smithi083.stderr:/usr/bin/ceph:
2023-07-14T01:16:17.184+0000 7fcc7cee2700 1 -- start start
2023-07-14T01:16:17.240 INFO:teuthology.orchestra.run.smithi083.stderr:/usr/bin/ceph:
2023-07-14T01:16:17.185+0000 7fcc7cee2700 1 --2- >> [v2:172.21.15.83:3300/0,v1:172.21.15.83:6789/0] conn(0x7fcc780fd7b0 0x7fcc780ffba0 unknown :-1 s=NONE pgs=0 cs=0 l=0 rev1=0 rx=0 tx=0).connect
2023-07-14T01:16:17.241 INFO:teuthology.orchestra.run.smithi083.stderr:/usr/bin/ceph:
2023-07-14T01:16:17.185+0000 7fcc7cee2700 1 -- --> [v2:172.21.15.83:3300/0,v1:172.21.15.83:6789/0] -- mon_getmap magic: 0 v1 -- 0x7fcc78070d20 con 0x7fcc780fd7b0
2023-07-14T01:16:17.242 INFO:teuthology.orchestra.run.smithi083.stderr:/usr/bin/ceph:
2023-07-14T01:16:17.185+0000 7fcc7659c700 1 --2- >> [v2:172.21.15.83:3300/0,v1:172.21.15.83:6789/0] conn(0x7fcc780fd7b0 0x7fcc780ffba0 unknown :-1 s=BANNER_CONNECTING pgs=0 cs=0 l=0 rev1=0 rx=0 tx=0)._handle_peer_banner_payload supported=1 required=0
2023-07-14T01:16:17.242 INFO:teuthology.orchestra.run.smithi083.stderr:/usr/bin/ceph:
2023-07-14T01:16:17.185+0000 7fcc7659c700 1 --2- >> [v2:172.21.15.83:3300/0,v1:172.21.15.83:6789/0] conn(0x7fcc780fd7b0 0x7fcc780ffba0 unknown :-1 s=HELLO_CONNECTING pgs=0 cs=0 l=0 rev1=1 rx=0 tx=0).handle_hello peer v2:172.21.15.83:3300/0 says I am v2:172.21.15.83:49398/0 (socket says 172.21.15.83:49398)
2023-07-14T01:16:17.242 INFO:teuthology.orchestra.run.smithi083.stderr:/usr/bin/ceph:
2023-07-14T01:16:17.185+0000 7fcc7659c700 1 -- 172.21.15.83:0/2173832764 learned_addr learned my addr 172.21.15.83:0/2173832764 (peer_addr_for_me v2:172.21.15.83:0/0)
2023-07-14T01:16:17.242 INFO:teuthology.orchestra.run.smithi083.stderr:/usr/bin/ceph:
2023-07-14T01:16:17.185+0000 7fcc7659c700 1 -- 172.21.15.83:0/2173832764 --> [v2:172.21.15.83:3300/0,v1:172.21.15.83:6789/0] -- mon_subscribe({config=0+,monmap=0+}) v3 -- 0x7fcc78070e60 con 0x7fcc780fd7b0
2023-07-14T01:16:17.243 INFO:teuthology.orchestra.run.smithi083.stderr:/usr/bin/ceph:
2023-07-14T01:16:17.186+0000 7fcc7659c700 1 --2- 172.21.15.83:0/2173832764 >> [v2:172.21.15.83:3300/0,v1:172.21.15.83:6789/0] conn(0x7fcc780fd7b0 0x7fcc780ffba0 secure :-1 s=READY pgs=24 cs=0 l=1 rev1=1 rx=0x7fcc68009730 tx=0x7fcc680090f0).ready entity=mon.0 client_cookie=f3733744d49a14cd server_cookie=0 in_seq=0 out_seq=0
2023-07-14T01:16:17.243 INFO:teuthology.orchestra.run.smithi083.stderr:/usr/bin/ceph:
2023-07-14T01:16:17.186+0000 7fcc7559a700 1 -- 172.21.15.83:0/2173832764 <== mon.0 v2:172.21.15.83:3300/0 1 ==== mon_map magic: 0 v1 ==== 229+0+0 (secure 0 0 0) 0x7fcc6800b6e0 con 0x7fcc780fd7b0
2023-07-14T01:16:17.243 INFO:teuthology.orchestra.run.smithi083.stderr:/usr/bin/ceph:
2023-07-14T01:16:17.186+0000 7fcc7559a700 1 -- 172.21.15.83:0/2173832764 <== mon.0 v2:172.21.15.83:3300/0 2 ==== config(25 keys) v1 ==== 982+0+0 (secure 0 0 0) 0x7fcc6800bc90 con 0x7fcc780fd7b0
2023-07-14T01:16:17.243 INFO:teuthology.orchestra.run.smithi083.stderr:/usr/bin/ceph:
2023-07-14T01:16:17.186+0000 7fcc7559a700 1 -- 172.21.15.83:0/2173832764 <== mon.0 v2:172.21.15.83:3300/0 3 ==== mon_map magic: 0 v1 ==== 229+0+0 (secure 0 0 0) 0x7fcc68011c70 con 0x7fcc780fd7b0
2023-07-14T01:16:17.243 INFO:teuthology.orchestra.run.smithi083.stderr:/usr/bin/ceph:
2023-07-14T01:16:17.187+0000 7fcc7cee2700 1 -- 172.21.15.83:0/2173832764 >> [v2:172.21.15.83:3300/0,v1:172.21.15.83:6789/0] conn(0x7fcc780fd7b0 msgr2=0x7fcc780ffba0 secure :-1 s=STATE_CONNECTION_ESTABLISHED l=1).mark_down
2023-07-14T01:16:17.243 INFO:teuthology.orchestra.run.smithi083.stderr:/usr/bin/ceph:
2023-07-14T01:16:17.187+0000 7fcc7cee2700 1 --2- 172.21.15.83:0/2173832764 >> [v2:172.21.15.83:3300/0,v1:172.21.15.83:6789/0] conn(0x7fcc780fd7b0 0x7fcc780ffba0 secure :-1 s=READY pgs=24 cs=0 l=1 rev1=1 rx=0x7fcc68009730 tx=0x7fcc680090f0).stop
2023-07-14T01:16:17.243 INFO:teuthology.orchestra.run.smithi083.stderr:/usr/bin/ceph:
2023-07-14T01:16:17.187+0000 7fcc7cee2700 1 -- 172.21.15.83:0/2173832764 shutdown_connections
2023-07-14T01:16:17.244 INFO:teuthology.orchestra.run.smithi083.stderr:/usr/bin/ceph:
2023-07-14T01:16:17.187+0000 7fcc7cee2700 1 --2- 172.21.15.83:0/2173832764 >> [v2:172.21.15.83:3300/0,v1:172.21.15.83:6789/0] conn(0x7fcc780fd7b0 0x7fcc780ffba0 unknown :-1 s=CLOSED pgs=24 cs=0 l=1 rev1=1 rx=0 tx=0).stop
2023-07-14T01:16:17.244 INFO:teuthology.orchestra.run.smithi083.stderr:/usr/bin/ceph:
2023-07-14T01:16:17.187+0000 7fcc7cee2700 1 -- 172.21.15.83:0/2173832764 >> 172.21.15.83:0/2173832764 conn(0x7fcc780f7260 msgr2=0x7fcc780f9680 unknown :-1 s=STATE_NONE l=0).mark_down
2023-07-14T01:16:17.244 INFO:teuthology.orchestra.run.smithi083.stderr:/usr/bin/ceph:
2023-07-14T01:16:17.187+0000 7fcc7cee2700 1 -- 172.21.15.83:0/2173832764 shutdown_connections
2023-07-14T01:16:17.244 INFO:teuthology.orchestra.run.smithi083.stderr:/usr/bin/ceph:
2023-07-14T01:16:17.187+0000 7fcc7cee2700 1 -- 172.21.15.83:0/2173832764 wait complete.
2023-07-14T01:16:17.245 INFO:teuthology.orchestra.run.smithi083.stderr:/usr/bin/ceph:
2023-07-14T01:16:17.188+0000 7fcc7cee2700 1 Processor -- start
2023-07-14T01:16:17.245 INFO:teuthology.orchestra.run.smithi083.stderr:/usr/bin/ceph:
2023-07-14T01:16:17.189+0000 7fcc7cee2700 1 -- start start
2023-07-14T01:16:17.245 INFO:teuthology.orchestra.run.smithi083.stderr:/usr/bin/ceph:
2023-07-14T01:16:17.189+0000 7fcc7cee2700 1 --2- >> [v2:172.21.15.83:3300/0,v1:172.21.15.83:6789/0] conn(0x7fcc780fd7b0 0x7fcc7810b900 unknown :-1 s=NONE pgs=0 cs=0 l=1 rev1=0 rx=0 tx=0).connect
2023-07-14T01:16:17.246 INFO:teuthology.orchestra.run.smithi083.stderr:/usr/bin/ceph:
2023-07-14T01:16:17.189+0000 7fcc7cee2700 1 -- --> [v2:172.21.15.83:3300/0,v1:172.21.15.83:6789/0] -- mon_getmap magic: 0 v1 -- 0x7fcc7810bdf0 con 0x7fcc780fd7b0
2023-07-14T01:16:17.246 INFO:teuthology.orchestra.run.smithi083.stderr:/usr/bin/ceph:
