2023-07-14T01:16:33.615 INFO:journalctl@ceph.mon.smithi083.smithi083.stdout:Jul 14 01:16:33 smithi083 ceph-e4808c00-21e3-11ee-9b32-001a4aab830c-mon-smithi083[103886]: audit
2023-07-14T01:16:32.333090+0000 mgr.smithi083.cyzpcu (mgr.14118) 11 : audit [DBG] from='client.14138 -' entity='client.admin' cmd=[{"prefix": "orch apply", "service_type": "mon", "target": ["mon-mgr", ""]}]: dispatch
2023-07-14T01:16:33.615 INFO:journalctl@ceph.mon.smithi083.smithi083.stdout:Jul 14 01:16:33 smithi083 ceph-e4808c00-21e3-11ee-9b32-001a4aab830c-mon-smithi083[103886]: cephadm
2023-07-14T01:16:32.334594+0000 mgr.smithi083.cyzpcu (mgr.14118) 12 : cephadm [INF] Saving service mon spec with placement count:5
2023-07-14T01:16:33.820 INFO:teuthology.orchestra.run.smithi083.stderr:Deploying crash service with default placement...
2023-07-14T01:16:34.243 INFO:teuthology.orchestra.run.smithi083.stderr:/usr/bin/ceph:
2023-07-14T01:16:34.187+0000 7f95dfa19700 1 Processor -- start
2023-07-14T01:16:34.243 INFO:teuthology.orchestra.run.smithi083.stderr:/usr/bin/ceph:
2023-07-14T01:16:34.188+0000 7f95dfa19700 1 -- start start
2023-07-14T01:16:34.243 INFO:teuthology.orchestra.run.smithi083.stderr:/usr/bin/ceph:
2023-07-14T01:16:34.188+0000 7f95dfa19700 1 --2- >> [v2:172.21.15.83:3300/0,v1:172.21.15.83:6789/0] conn(0x7f95d80fb5a0 0x7f95d80fb9c0 unknown :-1 s=NONE pgs=0 cs=0 l=0 rev1=0 rx=0 tx=0).connect
2023-07-14T01:16:34.244 INFO:teuthology.orchestra.run.smithi083.stderr:/usr/bin/ceph:
2023-07-14T01:16:34.188+0000 7f95dfa19700 1 -- --> [v2:172.21.15.83:3300/0,v1:172.21.15.83:6789/0] -- mon_getmap magic: 0 v1 -- 0x7f95d8070d20 con 0x7f95d80fb5a0
2023-07-14T01:16:34.244 INFO:teuthology.orchestra.run.smithi083.stderr:/usr/bin/ceph:
2023-07-14T01:16:34.188+0000 7f95dd7b5700 1 --2- >> [v2:172.21.15.83:3300/0,v1:172.21.15.83:6789/0] conn(0x7f95d80fb5a0 0x7f95d80fb9c0 unknown :-1 s=BANNER_CONNECTING pgs=0 cs=0 l=0 rev1=0 rx=0 tx=0)._handle_peer_banner_payload supported=1 required=0
2023-07-14T01:16:34.245 INFO:teuthology.orchestra.run.smithi083.stderr:/usr/bin/ceph:
2023-07-14T01:16:34.189+0000 7f95dd7b5700 1 --2- >> [v2:172.21.15.83:3300/0,v1:172.21.15.83:6789/0] conn(0x7f95d80fb5a0 0x7f95d80fb9c0 unknown :-1 s=HELLO_CONNECTING pgs=0 cs=0 l=0 rev1=1 rx=0 tx=0).handle_hello peer v2:172.21.15.83:3300/0 says I am v2:172.21.15.83:42036/0 (socket says 172.21.15.83:42036)
2023-07-14T01:16:34.245 INFO:teuthology.orchestra.run.smithi083.stderr:/usr/bin/ceph:
2023-07-14T01:16:34.189+0000 7f95dd7b5700 1 -- 172.21.15.83:0/3013206212 learned_addr learned my addr 172.21.15.83:0/3013206212 (peer_addr_for_me v2:172.21.15.83:0/0)
2023-07-14T01:16:34.245 INFO:teuthology.orchestra.run.smithi083.stderr:/usr/bin/ceph:
2023-07-14T01:16:34.189+0000 7f95dd7b5700 1 -- 172.21.15.83:0/3013206212 --> [v2:172.21.15.83:3300/0,v1:172.21.15.83:6789/0] -- mon_subscribe({config=0+,monmap=0+}) v3 -- 0x7f95d8070e60 con 0x7f95d80fb5a0
2023-07-14T01:16:34.246 INFO:teuthology.orchestra.run.smithi083.stderr:/usr/bin/ceph:
2023-07-14T01:16:34.189+0000 7f95dd7b5700 1 --2- 172.21.15.83:0/3013206212 >> [v2:172.21.15.83:3300/0,v1:172.21.15.83:6789/0] conn(0x7f95d80fb5a0 0x7f95d80fb9c0 secure :-1 s=READY pgs=47 cs=0 l=1 rev1=1 rx=0x7f95d4009730 tx=0x7f95d40090f0).ready entity=mon.0 client_cookie=a7dbcf3b80981312 server_cookie=0 in_seq=0 out_seq=0
2023-07-14T01:16:34.246 INFO:teuthology.orchestra.run.smithi083.stderr:/usr/bin/ceph:
2023-07-14T01:16:34.189+0000 7f95cffff700 1 -- 172.21.15.83:0/3013206212 <== mon.0 v2:172.21.15.83:3300/0 1 ==== mon_map magic: 0 v1 ==== 229+0+0 (secure 0 0 0) 0x7f95d400b6e0 con 0x7f95d80fb5a0
2023-07-14T01:16:34.246 INFO:teuthology.orchestra.run.smithi083.stderr:/usr/bin/ceph:
2023-07-14T01:16:34.189+0000 7f95cffff700 1 -- 172.21.15.83:0/3013206212 <== mon.0 v2:172.21.15.83:3300/0 2 ==== config(25 keys) v1 ==== 1046+0+0 (secure 0 0 0) 0x7f95d400bcd0 con 0x7f95d80fb5a0
2023-07-14T01:16:34.246 INFO:teuthology.orchestra.run.smithi083.stderr:/usr/bin/ceph:
2023-07-14T01:16:34.189+0000 7f95cffff700 1 -- 172.21.15.83:0/3013206212 <== mon.0 v2:172.21.15.83:3300/0 3 ==== mon_map magic: 0 v1 ==== 229+0+0 (secure 0 0 0) 0x7f95d4011cb0 con 0x7f95d80fb5a0
2023-07-14T01:16:34.246 INFO:teuthology.orchestra.run.smithi083.stderr:/usr/bin/ceph:
2023-07-14T01:16:34.190+0000 7f95dfa19700 1 -- 172.21.15.83:0/3013206212 >> [v2:172.21.15.83:3300/0,v1:172.21.15.83:6789/0] conn(0x7f95d80fb5a0 msgr2=0x7f95d80fb9c0 secure :-1 s=STATE_CONNECTION_ESTABLISHED l=1).mark_down
2023-07-14T01:16:34.246 INFO:teuthology.orchestra.run.smithi083.stderr:/usr/bin/ceph:
2023-07-14T01:16:34.190+0000 7f95dfa19700 1 --2- 172.21.15.83:0/3013206212 >> [v2:172.21.15.83:3300/0,v1:172.21.15.83:6789/0] conn(0x7f95d80fb5a0 0x7f95d80fb9c0 secure :-1 s=READY pgs=47 cs=0 l=1 rev1=1 rx=0x7f95d4009730 tx=0x7f95d40090f0).stop
2023-07-14T01:16:34.246 INFO:teuthology.orchestra.run.smithi083.stderr:/usr/bin/ceph:
2023-07-14T01:16:34.190+0000 7f95dfa19700 1 -- 172.21.15.83:0/3013206212 shutdown_connections
2023-07-14T01:16:34.247 INFO:teuthology.orchestra.run.smithi083.stderr:/usr/bin/ceph:
2023-07-14T01:16:34.190+0000 7f95dfa19700 1 --2- 172.21.15.83:0/3013206212 >> [v2:172.21.15.83:3300/0,v1:172.21.15.83:6789/0] conn(0x7f95d80fb5a0 0x7f95d80fb9c0 unknown :-1 s=CLOSED pgs=47 cs=0 l=1 rev1=1 rx=0 tx=0).stop
2023-07-14T01:16:34.247 INFO:teuthology.orchestra.run.smithi083.stderr:/usr/bin/ceph:
2023-07-14T01:16:34.190+0000 7f95dfa19700 1 -- 172.21.15.83:0/3013206212 >> 172.21.15.83:0/3013206212 conn(0x7f95d80f7260 msgr2=0x7f95d80f9680 unknown :-1 s=STATE_NONE l=0).mark_down
2023-07-14T01:16:34.247 INFO:teuthology.orchestra.run.smithi083.stderr:/usr/bin/ceph:
2023-07-14T01:16:34.190+0000 7f95dfa19700 1 -- 172.21.15.83:0/3013206212 shutdown_connections
2023-07-14T01:16:34.247 INFO:teuthology.orchestra.run.smithi083.stderr:/usr/bin/ceph:
2023-07-14T01:16:34.190+0000 7f95dfa19700 1 -- 172.21.15.83:0/3013206212 wait complete.
2023-07-14T01:16:34.248 INFO:teuthology.orchestra.run.smithi083.stderr:/usr/bin/ceph:
2023-07-14T01:16:34.191+0000 7f95dfa19700 1 Processor -- start
2023-07-14T01:16:34.249 INFO:teuthology.orchestra.run.smithi083.stderr:/usr/bin/ceph:
2023-07-14T01:16:34.191+0000 7f95dfa19700 1 -- start start
2023-07-14T01:16:34.249 INFO:teuthology.orchestra.run.smithi083.stderr:/usr/bin/ceph:
2023-07-14T01:16:34.192+0000 7f95dfa19700 1 --2- >> [v2:172.21.15.83:3300/0,v1:172.21.15.83:6789/0] conn(0x7f95d80fb5a0 0x7f95d810dbd0 unknown :-1 s=NONE pgs=0 cs=0 l=1 rev1=0 rx=0 tx=0).connect
2023-07-14T01:16:34.249 INFO:teuthology.orchestra.run.smithi083.stderr:/usr/bin/ceph:
2023-07-14T01:16:34.192+0000 7f95dfa19700 1 -- --> [v2:172.21.15.83:3300/0,v1:172.21.15.83:6789/0] -- mon_getmap magic: 0 v1 -- 0x7f95d810e0c0 con 0x7f95d80fb5a0
2023-07-14T01:16:34.249 INFO:teuthology.orchestra.run.smithi083.stderr:/usr/bin/ceph:
2023-07-14T01:16:34.192+0000 7f95dd7b5700 1 --2- >> [v2:172.21.15.83:3300/0,v1:172.21.15.83:6789/0] conn(0x7f95d80fb5a0 0x7f95d810dbd0 unknown :-1 s=BANNER_CONNECTING pgs=0 cs=0 l=1 rev1=0 rx=0 tx=0)._handle_peer_banner_payload supported=1 required=0
2023-07-14T01:16:34.249 INFO:teuthology.orchestra.run.smithi083.stderr:/usr/bin/ceph:
2023-07-14T01:16:34.192+0000 7f95dd7b5700 1 --2- >> [v2:172.21.15.83:3300/0,v1:172.21.15.83:6789/0] conn(0x7f95d80fb5a0 0x7f95d810dbd0 unknown :-1 s=HELLO_CONNECTING pgs=0 cs=0 l=1 rev1=1 rx=0 tx=0).handle_hello peer v2:172.21.15.83:3300/0 says I am v2:172.21.15.83:42038/0 (socket says 172.21.15.83:42038)
2023-07-14T01:16:34.249 INFO:teuthology.orchestra.run.smithi083.stderr:/usr/bin/ceph:
2023-07-14T01:16:34.192+0000 7f95dd7b5700 1 -- 172.21.15.83:0/2318984032 learned_addr learned my addr 172.21.15.83:0/2318984032 (peer_addr_for_me v2:172.21.15.83:0/0)
2023-07-14T01:16:34.249 INFO:teuthology.orchestra.run.smithi083.stderr:/usr/bin/ceph:
2023-07-14T01:16:34.192+0000 7f95dd7b5700 1 -- 172.21.15.83:0/2318984032 --> [v2:172.21.15.83:3300/0,v1:172.21.15.83:6789/0] -- mon_subscribe({config=0+,monmap=0+}) v3 -- 0x7f95d4009370 con 0x7f95d80fb5a0
2023-07-14T01:16:34.250 INFO:teuthology.orchestra.run.smithi083.stderr:/usr/bin/ceph:
2023-07-14T01:16:34.192+0000 7f95dd7b5700 1 --2- 172.21.15.83:0/2318984032 >> [v2:172.21.15.83:3300/0,v1:172.21.15.83:6789/0] conn(0x7f95d80fb5a0 0x7f95d810dbd0 secure :-1 s=READY pgs=48 cs=0 l=1 rev1=1 rx=0x7f95d4002f90 tx=0x7f95d40090f0).ready entity=mon.0 client_cookie=0 server_cookie=0 in_seq=0 out_seq=0
2023-07-14T01:16:34.250 INFO:teuthology.orchestra.run.smithi083.stderr:/usr/bin/ceph:
2023-07-14T01:16:34.193+0000 7f95cdffb700 1 -- 172.21.15.83:0/2318984032 <== mon.0 v2:172.21.15.83:3300/0 1 ==== mon_map magic: 0 v1 ==== 229+0+0 (secure 0 0 0) 0x7f95d401a640 con 0x7f95d80fb5a0
2023-07-14T01:16:34.250 INFO:teuthology.orchestra.run.smithi083.stderr:/usr/bin/ceph:
2023-07-14T01:16:34.193+0000 7f95cdffb700 1 -- 172.21.15.83:0/2318984032 <== mon.0 v2:172.21.15.83:3300/0 2 ==== config(25 keys) v1 ==== 1046+0+0 (secure 0 0 0) 0x7f95d401ac30 con 0x7f95d80fb5a0
2023-07-14T01:16:34.250 INFO:teuthology.orchestra.run.smithi083.stderr:/usr/bin/ceph:
2023-07-14T01:16:34.193+0000 7f95dfa19700 1 -- 172.21.15.83:0/2318984032 --> [v2:172.21.15.83:3300/0,v1:172.21.15.83:6789/0] -- mon_subscribe({mgrmap=0+}) v3 -- 0x7f95d810e2c0 con 0x7f95d80fb5a0
2023-07-14T01:16:34.250 INFO:teuthology.orchestra.run.smithi083.stderr:/usr/bin/ceph:
2023-07-14T01:16:34.193+0000 7f95cdffb700 1 -- 172.21.15.83:0/2318984032 <== mon.0 v2:172.21.15.83:3300/0 3 ==== mon_map magic: 0 v1 ==== 229+0+0 (secure 0 0 0) 0x7f95d4022b20 con 0x7f95d80fb5a0
2023-07-14T01:16:34.250 INFO:teuthology.orchestra.run.smithi083.stderr:/usr/bin/ceph:
2023-07-14T01:16:34.193+0000 7f95dfa19700 1 -- 172.21.15.83:0/2318984032 --> [v2:172.21.15.83:3300/0,v1:172.21.15.83:6789/0] -- mon_subscribe({osdmap=0}) v3 -- 0x7f95d810e750 con 0x7f95d80fb5a0
2023-07-14T01:16:34.250 INFO:teuthology.orchestra.run.smithi083.stderr:/usr/bin/ceph:
2023-07-14T01:16:34.194+0000 7f95cdffb700 1 -- 172.21.15.83:0/2318984032 <== mon.0 v2:172.21.15.83:3300/0 4 ==== mgrmap(e 8) v1 ==== 38515+0+0 (secure 0 0 0) 0x7f95d402a070 con 0x7f95d80fb5a0
2023-07-14T01:16:34.251 INFO:teuthology.orchestra.run.smithi083.stderr:/usr/bin/ceph:
2023-07-14T01:16:34.194+0000 7f95dfa19700 1 -- 172.21.15.83:0/2318984032 --> [v2:172.21.15.83:3300/0,v1:172.21.15.83:6789/0] -- mon_command({"prefix": "get_command_descriptions"} v 0) v1 -- 0x7f95d8059f30 con 0x7f95d80fb5a0
2023-07-14T01:16:34.251 INFO:teuthology.orchestra.run.smithi083.stderr:/usr/bin/ceph:
2023-07-14T01:16:34.194+0000 7f95cdffb700 1 --2- 172.21.15.83:0/2318984032 >> [v2:172.21.15.83:6800/2966774419,v1:172.21.15.83:6801/2966774419] conn(0x7f95c4032430 0x7f95c40348f0 unknown :-1 s=NONE pgs=0 cs=0 l=1 rev1=0 rx=0 tx=0).connect
2023-07-14T01:16:34.251 INFO:teuthology.orchestra.run.smithi083.stderr:/usr/bin/ceph:
2023-07-14T01:16:34.194+0000 7f95cdffb700 1 -- 172.21.15.83:0/2318984032 <== mon.0 v2:172.21.15.83:3300/0 5 ==== osd_map(2..2 src has 1..2) v4 ==== 893+0+0 (secure 0 0 0) 0x7f95d40440f0 con 0x7f95d80fb5a0
2023-07-14T01:16:34.252 INFO:teuthology.orchestra.run.smithi083.stderr:/usr/bin/ceph:
2023-07-14T01:16:34.195+0000 7f95dcfb4700 1 --2- 172.21.15.83:0/2318984032 >> [v2:172.21.15.83:6800/2966774419,v1:172.21.15.83:6801/2966774419] conn(0x7f95c4032430 0x7f95c40348f0 unknown :-1 s=BANNER_CONNECTING pgs=0 cs=0 l=1 rev1=0 rx=0 tx=0)._handle_peer_banner_payload supported=1 required=0
2023-07-14T01:16:34.252 INFO:teuthology.orchestra.run.smithi083.stderr:/usr/bin/ceph:
2023-07-14T01:16:34.196+0000 7f95dcfb4700 1 --2- 172.21.15.83:0/2318984032 >> [v2:172.21.15.83:6800/2966774419,v1:172.21.15.83:6801/2966774419] conn(0x7f95c4032430 0x7f95c40348f0 secure :-1 s=READY pgs=13 cs=0 l=1 rev1=1 rx=0x7f95c8009780 tx=0x7f95c8006cc0).ready entity=mgr.14118 client_cookie=0 server_cookie=0 in_seq=0 out_seq=0
2023-07-14T01:16:34.254 INFO:teuthology.orchestra.run.smithi083.stderr:/usr/bin/ceph:
2023-07-14T01:16:34.199+0000 7f95cdffb700 1 -- 172.21.15.83:0/2318984032 <== mon.0 v2:172.21.15.83:3300/0 6 ==== mon_command_ack([{"prefix": "get_command_descriptions"}]=0 v0) v1 ==== 72+0+163129 (secure 0 0 0) 0x7f95d401ada0 con 0x7f95d80fb5a0
2023-07-14T01:16:34.459 INFO:teuthology.orchestra.run.smithi083.stderr:/usr/bin/ceph:
2023-07-14T01:16:34.403+0000 7f95dfa19700 1 -- 172.21.15.83:0/2318984032 --> [v2:172.21.15.83:6800/2966774419,v1:172.21.15.83:6801/2966774419] -- mgr_command(tid 0: {"prefix": "orch apply", "service_type": "crash", "target": ["mon-mgr", ""]}) v1 -- 0x7f95d8058d40 con 0x7f95c4032430
2023-07-14T01:16:34.463 INFO:teuthology.orchestra.run.smithi083.stderr:/usr/bin/ceph:
2023-07-14T01:16:34.408+0000 7f95cdffb700 1 -- 172.21.15.83:0/2318984032 <== mgr.14118 v2:172.21.15.83:6800/2966774419 1 ==== mgr_command_reply(tid 0: 0 ) v1 ==== 8+0+26 (secure 0 0 0) 0x7f95d8058d40 con 0x7f95c4032430
2023-07-14T01:16:34.463 INFO:teuthology.orchestra.run.smithi083.stderr:/usr/bin/ceph: Scheduled crash update...
2023-07-14T01:16:34.465 INFO:teuthology.orchestra.run.smithi083.stderr:/usr/bin/ceph:
2023-07-14T01:16:34.410+0000 7f95dfa19700 1 -- 172.21.15.83:0/2318984032 >> [v2:172.21.15.83:6800/2966774419,v1:172.21.15.83:6801/2966774419] conn(0x7f95c4032430 msgr2=0x7f95c40348f0 secure :-1 s=STATE_CONNECTION_ESTABLISHED l=1).mark_down
2023-07-14T01:16:34.465 INFO:teuthology.orchestra.run.smithi083.stderr:/usr/bin/ceph:
2023-07-14T01:16:34.410+0000 7f95dfa19700 1 --2- 172.21.15.83:0/2318984032 >> [v2:172.21.15.83:6800/2966774419,v1:172.21.15.83:6801/2966774419] conn(0x7f95c4032430 0x7f95c40348f0 secure :-1 s=READY pgs=13 cs=0 l=1 rev1=1 rx=0x7f95c8009780 tx=0x7f95c8006cc0).stop
2023-07-14T01:16:34.466 INFO:teuthology.orchestra.run.smithi083.stderr:/usr/bin/ceph:
2023-07-14T01:16:34.410+0000 7f95dfa19700 1 -- 172.21.15.83:0/2318984032 >> [v2:172.21.15.83:3300/0,v1:172.21.15.83:6789/0] conn(0x7f95d80fb5a0 msgr2=0x7f95d810dbd0 secure :-1 s=STATE_CONNECTION_ESTABLISHED l=1).mark_down
2023-07-14T01:16:34.466 INFO:teuthology.orchestra.run.smithi083.stderr:/usr/bin/ceph:
2023-07-14T01:16:34.410+0000 7f95dfa19700 1 --2- 172.21.15.83:0/2318984032 >> [v2:172.21.15.83:3300/0,v1:172.21.15.83:6789/0] conn(0x7f95d80fb5a0 0x7f95d810dbd0 secure :-1 s=READY pgs=48 cs=0 l=1 rev1=1 rx=0x7f95d4002f90 tx=0x7f95d40090f0).stop
2023-07-14T01:16:34.466 INFO:teuthology.orchestra.run.smithi083.stderr:/usr/bin/ceph:
2023-07-14T01:16:34.410+0000 7f95dfa19700 1 -- 172.21.15.83:0/2318984032 shutdown_connections
2023-07-14T01:16:34.466 INFO:teuthology.orchestra.run.smithi083.stderr:/usr/bin/ceph:
2023-07-14T01:16:34.411+0000 7f95dfa19700 1 --2- 172.21.15.83:0/2318984032 >> [v2:172.21.15.83:6800/2966774419,v1:172.21.15.83:6801/2966774419] conn(0x7f95c4032430 0x7f95c40348f0 unknown :-1 s=CLOSED pgs=13 cs=0 l=1 rev1=1 rx=0 tx=0).stop
2023-07-14T01:16:34.467 INFO:teuthology.orchestra.run.smithi083.stderr:/usr/bin/ceph:
2023-07-14T01:16:34.411+0000 7f95dfa19700 1 --2- 172.21.15.83:0/2318984032 >> [v2:172.21.15.83:3300/0,v1:172.21.15.83:6789/0] conn(0x7f95d80fb5a0 0x7f95d810dbd0 unknown :-1 s=CLOSED pgs=48 cs=0 l=1 rev1=1 rx=0 tx=0).stop
2023-07-14T01:16:34.467 INFO:teuthology.orchestra.run.smithi083.stderr:/usr/bin/ceph:
2023-07-14T01:16:34.411+0000 7f95dfa19700 1 -- 172.21.15.83:0/2318984032 >> 172.21.15.83:0/2318984032 conn(0x7f95d80f7260 msgr2=0x7f95d8102480 unknown :-1 s=STATE_NONE l=0).mark_down
2023-07-14T01:16:34.467 INFO:teuthology.orchestra.run.smithi083.stderr:/usr/bin/ceph:
2023-07-14T01:16:34.411+0000 7f95dfa19700 1 -- 172.21.15.83:0/2318984032 shutdown_connections
2023-07-14T01:16:34.467 INFO:teuthology.orchestra.run.smithi083.stderr:/usr/bin/ceph:
2023-07-14T01:16:34.411+0000 7f95dfa19700 1 -- 172.21.15.83:0/2318984032 wait complete.
2023-07-14T01:16:34.855 INFO:journalctl@ceph.mon.smithi083.smithi083.stdout:Jul 14 01:16:34 smithi083 ceph-e4808c00-21e3-11ee-9b32-001a4aab830c-mon-smithi083[103886]: audit
2023-07-14T01:16:33.423112+0000 mgr.smithi083.cyzpcu (mgr.14118) 13 : audit [DBG] from='client.14140 -' entity='client.admin' cmd=[{"prefix": "orch apply", "service_type": "mgr", "target": ["mon-mgr", ""]}]: dispatch
2023-07-14T01:16:34.855 INFO:journalctl@ceph.mon.smithi083.smithi083.stdout:Jul 14 01:16:34 smithi083 ceph-e4808c00-21e3-11ee-9b32-001a4aab830c-mon-smithi083[103886]: cephadm
2023-07-14T01:16:33.424037+0000 mgr.smithi083.cyzpcu (mgr.14118) 14 : cephadm [INF] Saving service mgr spec with placement count:2
2023-07-14T01:16:34.856 INFO:journalctl@ceph.mon.smithi083.smithi083.stdout:Jul 14 01:16:34 smithi083 ceph-e4808c00-21e3-11ee-9b32-001a4aab830c-mon-smithi083[103886]: audit
2023-07-14T01:16:33.427216+0000 mon.smithi083 (mon.0) 57 : audit [INF] from='mgr.14118 172.21.15.83:0/3808044744' entity='mgr.smithi083.cyzpcu'
2023-07-14T01:16:34.856 INFO:journalctl@ceph.mon.smithi083.smithi083.stdout:Jul 14 01:16:34 smithi083 ceph-e4808c00-21e3-11ee-9b32-001a4aab830c-mon-smithi083[103886]: audit
2023-07-14T01:16:33.455842+0000 mon.smithi083 (mon.0) 58 : audit [INF] from='mgr.14118 172.21.15.83:0/3808044744' entity='mgr.smithi083.cyzpcu'
2023-07-14T01:16:34.856 INFO:journalctl@ceph.mon.smithi083.smithi083.stdout:Jul 14 01:16:34 smithi083 ceph-e4808c00-21e3-11ee-9b32-001a4aab830c-mon-smithi083[103886]: audit
2023-07-14T01:16:33.862036+0000 mon.smithi083 (mon.0) 59 : audit [INF] from='mgr.14118 172.21.15.83:0/3808044744' entity='mgr.smithi083.cyzpcu'
2023-07-14T01:16:34.856 INFO:journalctl@ceph.mon.smithi083.smithi083.stdout:Jul 14 01:16:34 smithi083 ceph-e4808c00-21e3-11ee-9b32-001a4aab830c-mon-smithi083[103886]: audit
2023-07-14T01:16:34.409225+0000 mon.smithi083 (mon.0) 60 : audit [INF] from='mgr.14118 172.21.15.83:0/3808044744' entity='mgr.smithi083.cyzpcu'
2023-07-14T01:16:35.009 INFO:teuthology.orchestra.run.smithi083.stderr:Deploying prometheus service with default placement...
2023-07-14T01:16:35.465 INFO:teuthology.orchestra.run.smithi083.stderr:/usr/bin/ceph:
2023-07-14T01:16:35.409+0000 7f86075ce700 1 Processor -- start
2023-07-14T01:16:35.465 INFO:teuthology.orchestra.run.smithi083.stderr:/usr/bin/ceph:
2023-07-14T01:16:35.410+0000 7f86075ce700 1 -- start start
2023-07-14T01:16:35.466 INFO:teuthology.orchestra.run.smithi083.stderr:/usr/bin/ceph:
2023-07-14T01:16:35.410+0000 7f86075ce700 1 --2- >> [v2:172.21.15.83:3300/0,v1:172.21.15.83:6789/0] conn(0x7f8600070ca0 0x7f86000ff840 unknown :-1 s=NONE pgs=0 cs=0 l=0 rev1=0 rx=0 tx=0).connect
2023-07-14T01:16:35.466 INFO:teuthology.orchestra.run.smithi083.stderr:/usr/bin/ceph:
2023-07-14T01:16:35.410+0000 7f86075ce700 1 -- --> [v2:172.21.15.83:3300/0,v1:172.21.15.83:6789/0] -- mon_getmap magic: 0 v1 -- 0x7f86000ffd30 con 0x7f8600070ca0
2023-07-14T01:16:35.467 INFO:teuthology.orchestra.run.smithi083.stderr:/usr/bin/ceph:
2023-07-14T01:16:35.410+0000 7f860536a700 1 --2- >> [v2:172.21.15.83:3300/0,v1:172.21.15.83:6789/0] conn(0x7f8600070ca0 0x7f86000ff840 unknown :-1 s=BANNER_CONNECTING pgs=0 cs=0 l=0 rev1=0 rx=0 tx=0)._handle_peer_banner_payload supported=1 required=0
2023-07-14T01:16:35.468 INFO:teuthology.orchestra.run.smithi083.stderr:/usr/bin/ceph:
2023-07-14T01:16:35.411+0000 7f860536a700 1 --2- >> [v2:172.21.15.83:3300/0,v1:172.21.15.83:6789/0] conn(0x7f8600070ca0 0x7f86000ff840 unknown :-1 s=HELLO_CONNECTING pgs=0 cs=0 l=0 rev1=1 rx=0 tx=0).handle_hello peer v2:172.21.15.83:3300/0 says I am v2:172.21.15.83:42044/0 (socket says 172.21.15.83:42044)
2023-07-14T01:16:35.468 INFO:teuthology.orchestra.run.smithi083.stderr:/usr/bin/ceph:
2023-07-14T01:16:35.411+0000 7f860536a700 1 -- 172.21.15.83:0/3757155738 learned_addr learned my addr 172.21.15.83:0/3757155738 (peer_addr_for_me v2:172.21.15.83:0/0)
2023-07-14T01:16:35.468 INFO:teuthology.orchestra.run.smithi083.stderr:/usr/bin/ceph:
2023-07-14T01:16:35.411+0000 7f860536a700 1 -- 172.21.15.83:0/3757155738 --> [v2:172.21.15.83:3300/0,v1:172.21.15.83:6789/0] -- mon_subscribe({config=0+,monmap=0+}) v3 -- 0x7f86000ffe70 con 0x7f8600070ca0
2023-07-14T01:16:35.468 INFO:teuthology.orchestra.run.smithi083.stderr:/usr/bin/ceph:
2023-07-14T01:16:35.412+0000 7f860536a700 1 --2- 172.21.15.83:0/3757155738 >> [v2:172.21.15.83:3300/0,v1:172.21.15.83:6789/0] conn(0x7f8600070ca0 0x7f86000ff840 secure :-1 s=READY pgs=49 cs=0 l=1 rev1=1 rx=0x7f85fc009730 tx=0x7f85fc0090f0).ready entity=mon.0 client_cookie=cd6691a85c32b763 server_cookie=0 in_seq=0 out_seq=0
2023-07-14T01:16:35.468 INFO:teuthology.orchestra.run.smithi083.stderr:/usr/bin/ceph:
2023-07-14T01:16:35.412+0000 7f85f7fff700 1 -- 172.21.15.83:0/3757155738 <== mon.0 v2:172.21.15.83:3300/0 1 ==== mon_map magic: 0 v1 ==== 229+0+0 (secure 0 0 0) 0x7f85fc00b6e0 con 0x7f8600070ca0
2023-07-14T01:16:35.468 INFO:teuthology.orchestra.run.smithi083.stderr:/usr/bin/ceph:
2023-07-14T01:16:35.412+0000 7f85f7fff700 1 -- 172.21.15.83:0/3757155738 <== mon.0 v2:172.21.15.83:3300/0 2 ==== config(25 keys) v1 ==== 1046+0+0 (secure 0 0 0) 0x7f85fc00bcd0 con 0x7f8600070ca0
2023-07-14T01:16:35.469 INFO:teuthology.orchestra.run.smithi083.stderr:/usr/bin/ceph:
2023-07-14T01:16:35.412+0000 7f85f7fff700 1 -- 172.21.15.83:0/3757155738 <== mon.0 v2:172.21.15.83:3300/0 3 ==== mon_map magic: 0 v1 ==== 229+0+0 (secure 0 0 0) 0x7f85fc011cb0 con 0x7f8600070ca0
2023-07-14T01:16:35.469 INFO:teuthology.orchestra.run.smithi083.stderr:/usr/bin/ceph:
2023-07-14T01:16:35.413+0000 7f86075ce700 1 -- 172.21.15.83:0/3757155738 >> [v2:172.21.15.83:3300/0,v1:172.21.15.83:6789/0] conn(0x7f8600070ca0 msgr2=0x7f86000ff840 secure :-1 s=STATE_CONNECTION_ESTABLISHED l=1).mark_down
2023-07-14T01:16:35.469 INFO:teuthology.orchestra.run.smithi083.stderr:/usr/bin/ceph:
2023-07-14T01:16:35.413+0000 7f86075ce700 1 --2- 172.21.15.83:0/3757155738 >> [v2:172.21.15.83:3300/0,v1:172.21.15.83:6789/0] conn(0x7f8600070ca0 0x7f86000ff840 secure :-1 s=READY pgs=49 cs=0 l=1 rev1=1 rx=0x7f85fc009730 tx=0x7f85fc0090f0).stop
2023-07-14T01:16:35.469 INFO:teuthology.orchestra.run.smithi083.stderr:/usr/bin/ceph:
2023-07-14T01:16:35.413+0000 7f86075ce700 1 -- 172.21.15.83:0/3757155738 shutdown_connections
2023-07-14T01:16:35.469 INFO:teuthology.orchestra.run.smithi083.stderr:/usr/bin/ceph:
2023-07-14T01:16:35.413+0000 7f86075ce700 1 --2- 172.21.15.83:0/3757155738 >> [v2:172.21.15.83:3300/0,v1:172.21.15.83:6789/0] conn(0x7f8600070ca0 0x7f86000ff840 unknown :-1 s=CLOSED pgs=49 cs=0 l=1 rev1=1 rx=0 tx=0).stop
2023-07-14T01:16:35.471 INFO:teuthology.orchestra.run.smithi083.stderr:/usr/bin/ceph:
2023-07-14T01:16:35.413+0000 7f86075ce700 1 -- 172.21.15.83:0/3757155738 >> 172.21.15.83:0/3757155738 conn(0x7f86000f7260 msgr2=0x7f86000f9680 unknown :-1 s=STATE_NONE l=0).mark_down
2023-07-14T01:16:35.471 INFO:teuthology.orchestra.run.smithi083.stderr:/usr/bin/ceph:
2023-07-14T01:16:35.413+0000 7f86075ce700 1 -- 172.21.15.83:0/3757155738 shutdown_connections
2023-07-14T01:16:35.471 INFO:teuthology.orchestra.run.smithi083.stderr:/usr/bin/ceph:
2023-07-14T01:16:35.413+0000 7f86075ce700 1 -- 172.21.15.83:0/3757155738 wait complete.
2023-07-14T01:16:35.471 INFO:teuthology.orchestra.run.smithi083.stderr:/usr/bin/ceph:
2023-07-14T01:16:35.414+0000 7f86075ce700 1 Processor -- start
2023-07-14T01:16:35.471 INFO:teuthology.orchestra.run.smithi083.stderr:/usr/bin/ceph:
2023-07-14T01:16:35.414+0000 7f86075ce700 1 -- start start
2023-07-14T01:16:35.471 INFO:teuthology.orchestra.run.smithi083.stderr:/usr/bin/ceph:
2023-07-14T01:16:35.414+0000 7f86075ce700 1 --2- >> [v2:172.21.15.83:3300/0,v1:172.21.15.83:6789/0] conn(0x7f8600070ca0 0x7f860010b950 unknown :-1 s=NONE pgs=0 cs=0 l=1 rev1=0 rx=0 tx=0).connect
2023-07-14T01:16:35.471 INFO:teuthology.orchestra.run.smithi083.stderr:/usr/bin/ceph:
2023-07-14T01:16:35.414+0000 7f86075ce700 1 -- --> [v2:172.21.15.83:3300/0,v1:172.21.15.83:6789/0] -- mon_getmap magic: 0 v1 -- 0x7f860010be40 con 0x7f8600070ca0
2023-07-14T01:16:35.472 INFO:teuthology.orchestra.run.smithi083.stderr:/usr/bin/ceph:
2023-07-14T01:16:35.414+0000 7f860536a700 1 --2- >> [v2:172.21.15.83:3300/0,v1:172.21.15.83:6789/0] conn(0x7f8600070ca0 0x7f860010b950 unknown :-1 s=BANNER_CONNECTING pgs=0 cs=0 l=1 rev1=0 rx=0 tx=0)._handle_peer_banner_payload supported=1 required=0
2023-07-14T01:16:35.472 INFO:teuthology.orchestra.run.smithi083.stderr:/usr/bin/ceph:
2023-07-14T01:16:35.414+0000 7f860536a700 1 --2- >> [v2:172.21.15.83:3300/0,v1:172.21.15.83:6789/0] conn(0x7f8600070ca0 0x7f860010b950 unknown :-1 s=HELLO_CONNECTING pgs=0 cs=0 l=1 rev1=1 rx=0 tx=0).handle_hello peer v2:172.21.15.83:3300/0 says I am v2:172.21.15.83:42054/0 (socket says 172.21.15.83:42054)
2023-07-14T01:16:35.472 INFO:teuthology.orchestra.run.smithi083.stderr:/usr/bin/ceph:
2023-07-14T01:16:35.414+0000 7f860536a700 1 -- 172.21.15.83:0/3611191071 learned_addr learned my addr 172.21.15.83:0/3611191071 (peer_addr_for_me v2:172.21.15.83:0/0)
2023-07-14T01:16:35.472 INFO:teuthology.orchestra.run.smithi083.stderr:/usr/bin/ceph:
2023-07-14T01:16:35.415+0000 7f860536a700 1 -- 172.21.15.83:0/3611191071 --> [v2:172.21.15.83:3300/0,v1:172.21.15.83:6789/0] -- mon_subscribe({config=0+,monmap=0+}) v3 -- 0x7f85fc009370 con 0x7f8600070ca0
2023-07-14T01:16:35.472 INFO:teuthology.orchestra.run.smithi083.stderr:/usr/bin/ceph:
2023-07-14T01:16:35.415+0000 7f860536a700 1 --2- 172.21.15.83:0/3611191071 >> [v2:172.21.15.83:3300/0,v1:172.21.15.83:6789/0] conn(0x7f8600070ca0 0x7f860010b950 secure :-1 s=READY pgs=50 cs=0 l=1 rev1=1 rx=0x7f85fc012fc0 tx=0x7f85fc0090f0).ready entity=mon.0 client_cookie=0 server_cookie=0 in_seq=0 out_seq=0
2023-07-14T01:16:35.472 INFO:teuthology.orchestra.run.smithi083.stderr:/usr/bin/ceph:
2023-07-14T01:16:35.415+0000 7f85f5ffb700 1 -- 172.21.15.83:0/3611191071 <== mon.0 v2:172.21.15.83:3300/0 1 ==== mon_map magic: 0 v1 ==== 229+0+0 (secure 0 0 0) 0x7f85fc01a640 con 0x7f8600070ca0
2023-07-14T01:16:35.472 INFO:teuthology.orchestra.run.smithi083.stderr:/usr/bin/ceph:
2023-07-14T01:16:35.415+0000 7f86075ce700 1 -- 172.21.15.83:0/3611191071 --> [v2:172.21.15.83:3300/0,v1:172.21.15.83:6789/0] -- mon_subscribe({mgrmap=0+}) v3 -- 0x7f860010c040 con 0x7f8600070ca0
2023-07-14T01:16:35.473 INFO:teuthology.orchestra.run.smithi083.stderr:/usr/bin/ceph:
2023-07-14T01:16:35.415+0000 7f85f5ffb700 1 -- 172.21.15.83:0/3611191071 <== mon.0 v2:172.21.15.83:3300/0 2 ==== config(25 keys) v1 ==== 1046+0+0 (secure 0 0 0) 0x7f85fc01ac30 con 0x7f8600070ca0
2023-07-14T01:16:35.473 INFO:teuthology.orchestra.run.smithi083.stderr:/usr/bin/ceph:
2023-07-14T01:16:35.415+0000 7f85f5ffb700 1 -- 172.21.15.83:0/3611191071 <== mon.0 v2:172.21.15.83:3300/0 3 ==== mon_map magic: 0 v1 ==== 229+0+0 (secure 0 0 0) 0x7f85fc023c90 con 0x7f8600070ca0
2023-07-14T01:16:35.473 INFO:teuthology.orchestra.run.smithi083.stderr:/usr/bin/ceph:
2023-07-14T01:16:35.415+0000 7f86075ce700 1 -- 172.21.15.83:0/3611191071 --> [v2:172.21.15.83:3300/0,v1:172.21.15.83:6789/0] -- mon_subscribe({osdmap=0}) v3 -- 0x7f860010c4d0 con 0x7f8600070ca0
2023-07-14T01:16:35.474 INFO:teuthology.orchestra.run.smithi083.stderr:/usr/bin/ceph:
2023-07-14T01:16:35.417+0000 7f85f5ffb700 1 -- 172.21.15.83:0/3611191071 <== mon.0 v2:172.21.15.83:3300/0 4 ==== mgrmap(e 8) v1 ==== 38515+0+0 (secure 0 0 0) 0x7f85fc00f070 con 0x7f8600070ca0
2023-07-14T01:16:35.474 INFO:teuthology.orchestra.run.smithi083.stderr:/usr/bin/ceph:
2023-07-14T01:16:35.417+0000 7f86075ce700 1 -- 172.21.15.83:0/3611191071 --> [v2:172.21.15.83:3300/0,v1:172.21.15.83:6789/0] -- mon_command({"prefix": "get_command_descriptions"} v 0) v1 -- 0x7f8600059f30 con 0x7f8600070ca0
2023-07-14T01:16:35.474 INFO:teuthology.orchestra.run.smithi083.stderr:/usr/bin/ceph:
2023-07-14T01:16:35.417+0000 7f85f5ffb700 1 --2- 172.21.15.83:0/3611191071 >> [v2:172.21.15.83:6800/2966774419,v1:172.21.15.83:6801/2966774419] conn(0x7f85ec0323e0 0x7f85ec0348a0 unknown :-1 s=NONE pgs=0 cs=0 l=1 rev1=0 rx=0 tx=0).connect
2023-07-14T01:16:35.474 INFO:teuthology.orchestra.run.smithi083.stderr:/usr/bin/ceph:
2023-07-14T01:16:35.417+0000 7f85f5ffb700 1 -- 172.21.15.83:0/3611191071 <== mon.0 v2:172.21.15.83:3300/0 5 ==== osd_map(2..2 src has 1..2) v4 ==== 893+0+0 (secure 0 0 0) 0x7f85fc0443f0 con 0x7f8600070ca0
2023-07-14T01:16:35.474 INFO:teuthology.orchestra.run.smithi083.stderr:/usr/bin/ceph:
2023-07-14T01:16:35.418+0000 7f8604b69700 1 --2- 172.21.15.83:0/3611191071 >> [v2:172.21.15.83:6800/2966774419,v1:172.21.15.83:6801/2966774419] conn(0x7f85ec0323e0 0x7f85ec0348a0 unknown :-1 s=BANNER_CONNECTING pgs=0 cs=0 l=1 rev1=0 rx=0 tx=0)._handle_peer_banner_payload supported=1 required=0
2023-07-14T01:16:35.474 INFO:teuthology.orchestra.run.smithi083.stderr:/usr/bin/ceph:
2023-07-14T01:16:35.418+0000 7f8604b69700 1 --2- 172.21.15.83:0/3611191071 >> [v2:172.21.15.83:6800/2966774419,v1:172.21.15.83:6801/2966774419] conn(0x7f85ec0323e0 0x7f85ec0348a0 secure :-1 s=READY pgs=14 cs=0 l=1 rev1=1 rx=0x7f85f0009780 tx=0x7f85f0006cc0).ready entity=mgr.14118 client_cookie=0 server_cookie=0 in_seq=0 out_seq=0
2023-07-14T01:16:35.477 INFO:teuthology.orchestra.run.smithi083.stderr:/usr/bin/ceph:
2023-07-14T01:16:35.422+0000 7f85f5ffb700 1 -- 172.21.15.83:0/3611191071 <== mon.0 v2:172.21.15.83:3300/0 6 ==== mon_command_ack([{"prefix": "get_command_descriptions"}]=0 v0) v1 ==== 72+0+163129 (secure 0 0 0) 0x7f85fc02bb40 con 0x7f8600070ca0
2023-07-14T01:16:35.670 INFO:teuthology.orchestra.run.smithi083.stderr:/usr/bin/ceph:
2023-07-14T01:16:35.615+0000 7f86075ce700 1 -- 172.21.15.83:0/3611191071 --> [v2:172.21.15.83:6800/2966774419,v1:172.21.15.83:6801/2966774419] -- mgr_command(tid 0: {"prefix": "orch apply", "service_type": "prometheus", "target": ["mon-mgr", ""]}) v1 -- 0x7f8600058d40 con 0x7f85ec0323e0
2023-07-14T01:16:35.678 INFO:teuthology.orchestra.run.smithi083.stderr:/usr/bin/ceph:
2023-07-14T01:16:35.622+0000 7f85f5ffb700 1 -- 172.21.15.83:0/3611191071 <== mgr.14118 v2:172.21.15.83:6800/2966774419 1 ==== mgr_command_reply(tid 0: 0 ) v1 ==== 8+0+31 (secure 0 0 0) 0x7f8600058d40 con 0x7f85ec0323e0
2023-07-14T01:16:35.678 INFO:teuthology.orchestra.run.smithi083.stderr:/usr/bin/ceph: Scheduled prometheus update...
2023-07-14T01:16:35.681 INFO:teuthology.orchestra.run.smithi083.stderr:/usr/bin/ceph:
2023-07-14T01:16:35.625+0000 7f86075ce700 1 -- 172.21.15.83:0/3611191071 >> [v2:172.21.15.83:6800/2966774419,v1:172.21.15.83:6801/2966774419] conn(0x7f85ec0323e0 msgr2=0x7f85ec0348a0 secure :-1 s=STATE_CONNECTION_ESTABLISHED l=1).mark_down
2023-07-14T01:16:35.681 INFO:teuthology.orchestra.run.smithi083.stderr:/usr/bin/ceph:
2023-07-14T01:16:35.625+0000 7f86075ce700 1 --2- 172.21.15.83:0/3611191071 >> [v2:172.21.15.83:6800/2966774419,v1:172.21.15.83:6801/2966774419] conn(0x7f85ec0323e0 0x7f85ec0348a0 secure :-1 s=READY pgs=14 cs=0 l=1 rev1=1 rx=0x7f85f0009780 tx=0x7f85f0006cc0).stop
2023-07-14T01:16:35.682 INFO:teuthology.orchestra.run.smithi083.stderr:/usr/bin/ceph:
2023-07-14T01:16:35.625+0000 7f86075ce700 1 -- 172.21.15.83:0/3611191071 >> [v2:172.21.15.83:3300/0,v1:172.21.15.83:6789/0] conn(0x7f8600070ca0 msgr2=0x7f860010b950 secure :-1 s=STATE_CONNECTION_ESTABLISHED l=1).mark_down
2023-07-14T01:16:35.682 INFO:teuthology.orchestra.run.smithi083.stderr:/usr/bin/ceph:
2023-07-14T01:16:35.625+0000 7f86075ce700 1 --2- 172.21.15.83:0/3611191071 >> [v2:172.21.15.83:3300/0,v1:172.21.15.83:6789/0] conn(0x7f8600070ca0 0x7f860010b950 secure :-1 s=READY pgs=50 cs=0 l=1 rev1=1 rx=0x7f85fc012fc0 tx=0x7f85fc0090f0).stop
2023-07-14T01:16:35.682 INFO:teuthology.orchestra.run.smithi083.stderr:/usr/bin/ceph:
2023-07-14T01:16:35.625+0000 7f86075ce700 1 -- 172.21.15.83:0/3611191071 shutdown_connections
2023-07-14T01:16:35.682 INFO:teuthology.orchestra.run.smithi083.stderr:/usr/bin/ceph:
2023-07-14T01:16:35.625+0000 7f86075ce700 1 --2- 172.21.15.83:0/3611191071 >> [v2:172.21.15.83:6800/2966774419,v1:172.21.15.83:6801/2966774419] conn(0x7f85ec0323e0 0x7f85ec0348a0 unknown :-1 s=CLOSED pgs=14 cs=0 l=1 rev1=1 rx=0 tx=0).stop
2023-07-14T01:16:35.682 INFO:teuthology.orchestra.run.smithi083.stderr:/usr/bin/ceph:
2023-07-14T01:16:35.625+0000 7f86075ce700 1 --2- 172.21.15.83:0/3611191071 >> [v2:172.21.15.83:3300/0,v1:172.21.15.83:6789/0] conn(0x7f8600070ca0 0x7f860010b950 unknown :-1 s=CLOSED pgs=50 cs=0 l=1 rev1=1 rx=0 tx=0).stop
2023-07-14T01:16:35.682 INFO:teuthology.orchestra.run.smithi083.stderr:/usr/bin/ceph:
2023-07-14T01:16:35.625+0000 7f86075ce700 1 -- 172.21.15.83:0/3611191071 >> 172.21.15.83:0/3611191071 conn(0x7f86000f7260 msgr2=0x7f86000f8ce0 unknown :-1 s=STATE_NONE l=0).mark_down
2023-07-14T01:16:35.682 INFO:teuthology.orchestra.run.smithi083.stderr:/usr/bin/ceph:
2023-07-14T01:16:35.625+0000 7f86075ce700 1 -- 172.21.15.83:0/3611191071 shutdown_connections
2023-07-14T01:16:35.683 INFO:teuthology.orchestra.run.smithi083.stderr:/usr/bin/ceph:
2023-07-14T01:16:35.625+0000 7f86075ce700 1 -- 172.21.15.83:0/3611191071 wait complete.
2023-07-14T01:16:35.741 INFO:journalctl@ceph.mon.smithi083.smithi083.stdout:Jul 14 01:16:35 smithi083 ceph-e4808c00-21e3-11ee-9b32-001a4aab830c-mon-smithi083[103886]: audit
2023-07-14T01:16:34.405761+0000 mgr.smithi083.cyzpcu (mgr.14118) 15 : audit [DBG] from='client.14142 -' entity='client.admin' cmd=[{"prefix": "orch apply", "service_type": "crash", "target": ["mon-mgr", ""]}]: dispatch
2023-07-14T01:16:35.741 INFO:journalctl@ceph.mon.smithi083.smithi083.stdout:Jul 14 01:16:35 smithi083 ceph-e4808c00-21e3-11ee-9b32-001a4aab830c-mon-smithi083[103886]: cephadm
2023-07-14T01:16:34.406719+0000 mgr.smithi083.cyzpcu (mgr.14118) 16 : cephadm [INF] Saving service crash spec with placement *
2023-07-14T01:16:35.742 INFO:journalctl@ceph.mon.smithi083.smithi083.stdout:Jul 14 01:16:35 smithi083 ceph-e4808c00-21e3-11ee-9b32-001a4aab830c-mon-smithi083[103886]: audit
2023-07-14T01:16:35.003603+0000 mon.smithi083 (mon.0) 61 : audit [INF] from='mgr.14118 172.21.15.83:0/3808044744' entity='mgr.smithi083.cyzpcu'
2023-07-14T01:16:36.199 INFO:teuthology.orchestra.run.smithi083.stderr:Deploying grafana service with default placement...
2023-07-14T01:16:36.778 INFO:teuthology.orchestra.run.smithi083.stderr:/usr/bin/ceph:
2023-07-14T01:16:36.722+0000 7f83e98fa700 1 Processor -- start
2023-07-14T01:16:36.780 INFO:teuthology.orchestra.run.smithi083.stderr:/usr/bin/ceph:
2023-07-14T01:16:36.723+0000 7f83e98fa700 1 -- start start
2023-07-14T01:16:36.781 INFO:teuthology.orchestra.run.smithi083.stderr:/usr/bin/ceph:
2023-07-14T01:16:36.723+0000 7f83e98fa700 1 --2- >> [v2:172.21.15.83:3300/0,v1:172.21.15.83:6789/0] conn(0x7f83e40fd110 0x7f83e40fd530 unknown :-1 s=NONE pgs=0 cs=0 l=0 rev1=0 rx=0 tx=0).connect
2023-07-14T01:16:36.781 INFO:teuthology.orchestra.run.smithi083.stderr:/usr/bin/ceph:
2023-07-14T01:16:36.723+0000 7f83e98fa700 1 -- --> [v2:172.21.15.83:3300/0,v1:172.21.15.83:6789/0] -- mon_getmap magic: 0 v1 -- 0x7f83e40fda20 con 0x7f83e40fd110
2023-07-14T01:16:36.781 INFO:teuthology.orchestra.run.smithi083.stderr:/usr/bin/ceph:
2023-07-14T01:16:36.723+0000 7f83e2ffd700 1 --2- >> [v2:172.21.15.83:3300/0,v1:172.21.15.83:6789/0] conn(0x7f83e40fd110 0x7f83e40fd530 unknown :-1 s=BANNER_CONNECTING pgs=0 cs=0 l=0 rev1=0 rx=0 tx=0)._handle_peer_banner_payload supported=1 required=0
2023-07-14T01:16:36.781 INFO:teuthology.orchestra.run.smithi083.stderr:/usr/bin/ceph:
2023-07-14T01:16:36.723+0000 7f83e2ffd700 1 --2- >> [v2:172.21.15.83:3300/0,v1:172.21.15.83:6789/0] conn(0x7f83e40fd110 0x7f83e40fd530 unknown :-1 s=HELLO_CONNECTING pgs=0 cs=0 l=0 rev1=1 rx=0 tx=0).handle_hello peer v2:172.21.15.83:3300/0 says I am v2:172.21.15.83:38262/0 (socket says 172.21.15.83:38262)
2023-07-14T01:16:36.781 INFO:teuthology.orchestra.run.smithi083.stderr:/usr/bin/ceph:
2023-07-14T01:16:36.723+0000 7f83e2ffd700 1 -- 172.21.15.83:0/3834876823 learned_addr learned my addr 172.21.15.83:0/3834876823 (peer_addr_for_me v2:172.21.15.83:0/0)
2023-07-14T01:16:36.781 INFO:teuthology.orchestra.run.smithi083.stderr:/usr/bin/ceph:
2023-07-14T01:16:36.724+0000 7f83e2ffd700 1 -- 172.21.15.83:0/3834876823 --> [v2:172.21.15.83:3300/0,v1:172.21.15.83:6789/0] -- mon_subscribe({config=0+,monmap=0+}) v3 -- 0x7f83e40fdb60 con 0x7f83e40fd110
2023-07-14T01:16:36.782 INFO:teuthology.orchestra.run.smithi083.stderr:/usr/bin/ceph:
2023-07-14T01:16:36.724+0000 7f83e2ffd700 1 --2- 172.21.15.83:0/3834876823 >> [v2:172.21.15.83:3300/0,v1:172.21.15.83:6789/0] conn(0x7f83e40fd110 0x7f83e40fd530 secure :-1 s=READY pgs=51 cs=0 l=1 rev1=1 rx=0x7f83d4009730 tx=0x7f83d40090f0).ready entity=mon.0 client_cookie=17bf198e2751a8b4 server_cookie=0 in_seq=0 out_seq=0
2023-07-14T01:16:36.782 INFO:teuthology.orchestra.run.smithi083.stderr:/usr/bin/ceph:
2023-07-14T01:16:36.724+0000 7f83e1ffb700 1 -- 172.21.15.83:0/3834876823 <== mon.0 v2:172.21.15.83:3300/0 1 ==== mon_map magic: 0 v1 ==== 229+0+0 (secure 0 0 0) 0x7f83d400b6e0 con 0x7f83e40fd110
2023-07-14T01:16:36.782 INFO:teuthology.orchestra.run.smithi083.stderr:/usr/bin/ceph:
2023-07-14T01:16:36.724+0000 7f83e1ffb700 1 -- 172.21.15.83:0/3834876823 <== mon.0 v2:172.21.15.83:3300/0 2 ==== config(25 keys) v1 ==== 1046+0+0 (secure 0 0 0) 0x7f83d400bcd0 con 0x7f83e40fd110
2023-07-14T01:16:36.782 INFO:teuthology.orchestra.run.smithi083.stderr:/usr/bin/ceph:
2023-07-14T01:16:36.724+0000 7f83e1ffb700 1 -- 172.21.15.83:0/3834876823 <== mon.0 v2:172.21.15.83:3300/0 3 ==== mon_map magic: 0 v1 ==== 229+0+0 (secure 0 0 0) 0x7f83d4011cb0 con 0x7f83e40fd110
2023-07-14T01:16:36.783 INFO:teuthology.orchestra.run.smithi083.stderr:/usr/bin/ceph:
2023-07-14T01:16:36.725+0000 7f83e98fa700 1 -- 172.21.15.83:0/3834876823 >> [v2:172.21.15.83:3300/0,v1:172.21.15.83:6789/0] conn(0x7f83e40fd110 msgr2=0x7f83e40fd530 secure :-1 s=STATE_CONNECTION_ESTABLISHED l=1).mark_down
2023-07-14T01:16:36.783 INFO:teuthology.orchestra.run.smithi083.stderr:/usr/bin/ceph:
2023-07-14T01:16:36.725+0000 7f83e98fa700 1 --2- 172.21.15.83:0/3834876823 >> [v2:172.21.15.83:3300/0,v1:172.21.15.83:6789/0] conn(0x7f83e40fd110 0x7f83e40fd530 secure :-1 s=READY pgs=51 cs=0 l=1 rev1=1 rx=0x7f83d4009730 tx=0x7f83d40090f0).stop
2023-07-14T01:16:36.783 INFO:teuthology.orchestra.run.smithi083.stderr:/usr/bin/ceph:
2023-07-14T01:16:36.725+0000 7f83e98fa700 1 -- 172.21.15.83:0/3834876823 shutdown_connections
2023-07-14T01:16:36.783 INFO:teuthology.orchestra.run.smithi083.stderr:/usr/bin/ceph:
2023-07-14T01:16:36.725+0000 7f83e98fa700 1 --2- 172.21.15.83:0/3834876823 >> [v2:172.21.15.83:3300/0,v1:172.21.15.83:6789/0] conn(0x7f83e40fd110 0x7f83e40fd530 unknown :-1 s=CLOSED pgs=51 cs=0 l=1 rev1=1 rx=0 tx=0).stop
2023-07-14T01:16:36.783 INFO:teuthology.orchestra.run.smithi083.stderr:/usr/bin/ceph:
2023-07-14T01:16:36.725+0000 7f83e98fa700 1 -- 172.21.15.83:0/3834876823 >> 172.21.15.83:0/3834876823 conn(0x7f83e40f7260 msgr2=0x7f83e40f9680 unknown :-1 s=STATE_NONE l=0).mark_down
2023-07-14T01:16:36.783 INFO:teuthology.orchestra.run.smithi083.stderr:/usr/bin/ceph:
2023-07-14T01:16:36.725+0000 7f83e98fa700 1 -- 172.21.15.83:0/3834876823 shutdown_connections
2023-07-14T01:16:36.784 INFO:teuthology.orchestra.run.smithi083.stderr:/usr/bin/ceph:
2023-07-14T01:16:36.725+0000 7f83e98fa700 1 -- 172.21.15.83:0/3834876823 wait complete.
2023-07-14T01:16:36.784 INFO:teuthology.orchestra.run.smithi083.stderr:/usr/bin/ceph:
2023-07-14T01:16:36.726+0000 7f83e98fa700 1 Processor -- start
2023-07-14T01:16:36.785 INFO:teuthology.orchestra.run.smithi083.stderr:/usr/bin/ceph:
2023-07-14T01:16:36.726+0000 7f83e98fa700 1 -- start start
2023-07-14T01:16:36.785 INFO:teuthology.orchestra.run.smithi083.stderr:/usr/bin/ceph:
2023-07-14T01:16:36.726+0000 7f83e98fa700 1 --2- >> [v2:172.21.15.83:3300/0,v1:172.21.15.83:6789/0] conn(0x7f83e40fd110 0x7f83e410b900 unknown :-1 s=NONE pgs=0 cs=0 l=1 rev1=0 rx=0 tx=0).connect
2023-07-14T01:16:36.786 INFO:teuthology.orchestra.run.smithi083.stderr:/usr/bin/ceph:
2023-07-14T01:16:36.726+0000 7f83e98fa700 1 -- --> [v2:172.21.15.83:3300/0,v1:172.21.15.83:6789/0] -- mon_getmap magic: 0 v1 -- 0x7f83e410bdf0 con 0x7f83e40fd110
2023-07-14T01:16:36.786 INFO:teuthology.orchestra.run.smithi083.stderr:/usr/bin/ceph:
2023-07-14T01:16:36.726+0000 7f83e2ffd700 1 --2- >> [v2:172.21.15.83:3300/0,v1:172.21.15.83:6789/0] conn(0x7f83e40fd110 0x7f83e410b900 unknown :-1 s=BANNER_CONNECTING pgs=0 cs=0 l=1 rev1=0 rx=0 tx=0)._handle_peer_banner_payload supported=1 required=0
2023-07-14T01:16:36.786 INFO:teuthology.orchestra.run.smithi083.stderr:/usr/bin/ceph:
2023-07-14T01:16:36.726+0000 7f83e2ffd700 1 --2- >> [v2:172.21.15.83:3300/0,v1:172.21.15.83:6789/0] conn(0x7f83e40fd110 0x7f83e410b900 unknown :-1 s=HELLO_CONNECTING pgs=0 cs=0 l=1 rev1=1 rx=0 tx=0).handle_hello peer v2:172.21.15.83:3300/0 says I am v2:172.21.15.83:38276/0 (socket says 172.21.15.83:38276)
2023-07-14T01:16:36.786 INFO:teuthology.orchestra.run.smithi083.stderr:/usr/bin/ceph:
2023-07-14T01:16:36.726+0000 7f83e2ffd700 1 -- 172.21.15.83:0/2334530716 learned_addr learned my addr 172.21.15.83:0/2334530716 (peer_addr_for_me v2:172.21.15.83:0/0)
2023-07-14T01:16:36.786 INFO:teuthology.orchestra.run.smithi083.stderr:/usr/bin/ceph:
2023-07-14T01:16:36.727+0000 7f83e2ffd700 1 -- 172.21.15.83:0/2334530716 --> [v2:172.21.15.83:3300/0,v1:172.21.15.83:6789/0] -- mon_subscribe({config=0+,monmap=0+}) v3 -- 0x7f83d4009370 con 0x7f83e40fd110
2023-07-14T01:16:36.786 INFO:teuthology.orchestra.run.smithi083.stderr:/usr/bin/ceph:
2023-07-14T01:16:36.727+0000 7f83e2ffd700 1 --2- 172.21.15.83:0/2334530716 >> [v2:172.21.15.83:3300/0,v1:172.21.15.83:6789/0] conn(0x7f83e40fd110 0x7f83e410b900 secure :-1 s=READY pgs=52 cs=0 l=1 rev1=1 rx=0x7f83d4006ba0 tx=0x7f83d40090f0).ready entity=mon.0 client_cookie=0 server_cookie=0 in_seq=0 out_seq=0
2023-07-14T01:16:36.787 INFO:teuthology.orchestra.run.smithi083.stderr:/usr/bin/ceph:
2023-07-14T01:16:36.727+0000 7f83cb7fe700 1 -- 172.21.15.83:0/2334530716 <== mon.0 v2:172.21.15.83:3300/0 1 ==== mon_map magic: 0 v1 ==== 229+0+0 (secure 0 0 0) 0x7f83d401a640 con 0x7f83e40fd110
2023-07-14T01:16:36.787 INFO:teuthology.orchestra.run.smithi083.stderr:/usr/bin/ceph:
2023-07-14T01:16:36.727+0000 7f83cb7fe700 1 -- 172.21.15.83:0/2334530716 <== mon.0 v2:172.21.15.83:3300/0 2 ==== config(25 keys) v1 ==== 1046+0+0 (secure 0 0 0) 0x7f83d401ac30 con 0x7f83e40fd110
2023-07-14T01:16:36.787 INFO:teuthology.orchestra.run.smithi083.stderr:/usr/bin/ceph:
2023-07-14T01:16:36.727+0000 7f83cb7fe700 1 -- 172.21.15.83:0/2334530716 <== mon.0 v2:172.21.15.83:3300/0 3 ==== mon_map magic: 0 v1 ==== 229+0+0 (secure 0 0 0) 0x7f83d4022b60 con 0x7f83e40fd110
2023-07-14T01:16:36.787 INFO:teuthology.orchestra.run.smithi083.stderr:/usr/bin/ceph:
2023-07-14T01:16:36.727+0000 7f83e98fa700 1 -- 172.21.15.83:0/2334530716 --> [v2:172.21.15.83:3300/0,v1:172.21.15.83:6789/0] -- mon_subscribe({mgrmap=0+}) v3 -- 0x7f83e410bff0 con 0x7f83e40fd110
2023-07-14T01:16:36.788 INFO:teuthology.orchestra.run.smithi083.stderr:/usr/bin/ceph:
2023-07-14T01:16:36.727+0000 7f83e98fa700 1 -- 172.21.15.83:0/2334530716 --> [v2:172.21.15.83:3300/0,v1:172.21.15.83:6789/0] -- mon_subscribe({osdmap=0}) v3 -- 0x7f83e410c480 con 0x7f83e40fd110
2023-07-14T01:16:36.788 INFO:teuthology.orchestra.run.smithi083.stderr:/usr/bin/ceph:
2023-07-14T01:16:36.728+0000 7f83cb7fe700 1 -- 172.21.15.83:0/2334530716 <== mon.0 v2:172.21.15.83:3300/0 4 ==== mgrmap(e 8) v1 ==== 38515+0+0 (secure 0 0 0) 0x7f83d402a070 con 0x7f83e40fd110
2023-07-14T01:16:36.788 INFO:teuthology.orchestra.run.smithi083.stderr:/usr/bin/ceph:
2023-07-14T01:16:36.728+0000 7f83e98fa700 1 -- 172.21.15.83:0/2334530716 --> [v2:172.21.15.83:3300/0,v1:172.21.15.83:6789/0] -- mon_command({"prefix": "get_command_descriptions"} v 0) v1 -- 0x7f83e4059f30 con 0x7f83e40fd110
2023-07-14T01:16:36.788 INFO:teuthology.orchestra.run.smithi083.stderr:/usr/bin/ceph:
2023-07-14T01:16:36.729+0000 7f83cb7fe700 1 --2- 172.21.15.83:0/2334530716 >> [v2:172.21.15.83:6800/2966774419,v1:172.21.15.83:6801/2966774419] conn(0x7f83cc032430 0x7f83cc0348f0 unknown :-1 s=NONE pgs=0 cs=0 l=1 rev1=0 rx=0 tx=0).connect
2023-07-14T01:16:36.789 INFO:teuthology.orchestra.run.smithi083.stderr:/usr/bin/ceph:
2023-07-14T01:16:36.729+0000 7f83cb7fe700 1 -- 172.21.15.83:0/2334530716 <== mon.0 v2:172.21.15.83:3300/0 5 ==== osd_map(2..2 src has 1..2) v4 ==== 893+0+0 (secure 0 0 0) 0x7f83d4044600 con 0x7f83e40fd110
2023-07-14T01:16:36.789 INFO:teuthology.orchestra.run.smithi083.stderr:/usr/bin/ceph:
2023-07-14T01:16:36.729+0000 7f83e27fc700 1 --2- 172.21.15.83:0/2334530716 >> [v2:172.21.15.83:6800/2966774419,v1:172.21.15.83:6801/2966774419] conn(0x7f83cc032430 0x7f83cc0348f0 unknown :-1 s=BANNER_CONNECTING pgs=0 cs=0 l=1 rev1=0 rx=0 tx=0)._handle_peer_banner_payload supported=1 required=0
2023-07-14T01:16:36.789 INFO:teuthology.orchestra.run.smithi083.stderr:/usr/bin/ceph:
2023-07-14T01:16:36.730+0000 7f83e27fc700 1 --2- 172.21.15.83:0/2334530716 >> [v2:172.21.15.83:6800/2966774419,v1:172.21.15.83:6801/2966774419] conn(0x7f83cc032430 0x7f83cc0348f0 secure :-1 s=READY pgs=15 cs=0 l=1 rev1=1 rx=0x7f83d8009780 tx=0x7f83d8006cc0).ready entity=mgr.14118 client_cookie=0 server_cookie=0 in_seq=0 out_seq=0
2023-07-14T01:16:36.790 INFO:teuthology.orchestra.run.smithi083.stderr:/usr/bin/ceph:
2023-07-14T01:16:36.733+0000 7f83cb7fe700 1 -- 172.21.15.83:0/2334530716 <== mon.0 v2:172.21.15.83:3300/0 6 ==== mon_command_ack([{"prefix": "get_command_descriptions"}]=0 v0) v1 ==== 72+0+163129 (secure 0 0 0) 0x7f83d401ada0 con 0x7f83e40fd110
2023-07-14T01:16:36.865 INFO:journalctl@ceph.mon.smithi083.smithi083.stdout:Jul 14 01:16:36 smithi083 ceph-e4808c00-21e3-11ee-9b32-001a4aab830c-mon-smithi083[103886]: audit
2023-07-14T01:16:35.617473+0000 mgr.smithi083.cyzpcu (mgr.14118) 17 : audit [DBG] from='client.14144 -' entity='client.admin' cmd=[{"prefix": "orch apply", "service_type": "prometheus", "target": ["mon-mgr", ""]}]: dispatch
2023-07-14T01:16:36.866 INFO:journalctl@ceph.mon.smithi083.smithi083.stdout:Jul 14 01:16:36 smithi083 ceph-e4808c00-21e3-11ee-9b32-001a4aab830c-mon-smithi083[103886]: cephadm
2023-07-14T01:16:35.618379+0000 mgr.smithi083.cyzpcu (mgr.14118) 18 : cephadm [INF] Saving service prometheus spec with placement count:1
2023-07-14T01:16:36.866 INFO:journalctl@ceph.mon.smithi083.smithi083.stdout:Jul 14 01:16:36 smithi083 ceph-e4808c00-21e3-11ee-9b32-001a4aab830c-mon-smithi083[103886]: audit
2023-07-14T01:16:35.623567+0000 mon.smithi083 (mon.0) 62 : audit [INF] from='mgr.14118 172.21.15.83:0/3808044744' entity='mgr.smithi083.cyzpcu'
2023-07-14T01:16:36.970 INFO:teuthology.orchestra.run.smithi083.stderr:/usr/bin/ceph:
2023-07-14T01:16:36.915+0000 7f83e98fa700 1 -- 172.21.15.83:0/2334530716 --> [v2:172.21.15.83:6800/2966774419,v1:172.21.15.83:6801/2966774419] -- mgr_command(tid 0: {"prefix": "orch apply", "service_type": "grafana", "target": ["mon-mgr", ""]}) v1 -- 0x7f83e4058d40 con 0x7f83cc032430
2023-07-14T01:16:36.977 INFO:teuthology.orchestra.run.smithi083.stderr:/usr/bin/ceph:
2023-07-14T01:16:36.922+0000 7f83cb7fe700 1 -- 172.21.15.83:0/2334530716 <== mgr.14118 v2:172.21.15.83:6800/2966774419 1 ==== mgr_command_reply(tid 0: 0 ) v1 ==== 8+0+28 (secure 0 0 0) 0x7f83e4058d40 con 0x7f83cc032430
2023-07-14T01:16:36.978 INFO:teuthology.orchestra.run.smithi083.stderr:/usr/bin/ceph: Scheduled grafana update...
2023-07-14T01:16:36.980 INFO:teuthology.orchestra.run.smithi083.stderr:/usr/bin/ceph:
2023-07-14T01:16:36.924+0000 7f83e98fa700 1 -- 172.21.15.83:0/2334530716 >> [v2:172.21.15.83:6800/2966774419,v1:172.21.15.83:6801/2966774419] conn(0x7f83cc032430 msgr2=0x7f83cc0348f0 secure :-1 s=STATE_CONNECTION_ESTABLISHED l=1).mark_down
2023-07-14T01:16:36.980 INFO:teuthology.orchestra.run.smithi083.stderr:/usr/bin/ceph:
2023-07-14T01:16:36.924+0000 7f83e98fa700 1 --2- 172.21.15.83:0/2334530716 >> [v2:172.21.15.83:6800/2966774419,v1:172.21.15.83:6801/2966774419] conn(0x7f83cc032430 0x7f83cc0348f0 secure :-1 s=READY pgs=15 cs=0 l=1 rev1=1 rx=0x7f83d8009780 tx=0x7f83d8006cc0).stop
2023-07-14T01:16:36.980 INFO:teuthology.orchestra.run.smithi083.stderr:/usr/bin/ceph:
2023-07-14T01:16:36.924+0000 7f83e98fa700 1 -- 172.21.15.83:0/2334530716 >> [v2:172.21.15.83:3300/0,v1:172.21.15.83:6789/0] conn(0x7f83e40fd110 msgr2=0x7f83e410b900 secure :-1 s=STATE_CONNECTION_ESTABLISHED l=1).mark_down
2023-07-14T01:16:36.980 INFO:teuthology.orchestra.run.smithi083.stderr:/usr/bin/ceph:
2023-07-14T01:16:36.924+0000 7f83e98fa700 1 --2- 172.21.15.83:0/2334530716 >> [v2:172.21.15.83:3300/0,v1:172.21.15.83:6789/0] conn(0x7f83e40fd110 0x7f83e410b900 secure :-1 s=READY pgs=52 cs=0 l=1 rev1=1 rx=0x7f83d4006ba0 tx=0x7f83d40090f0).stop
2023-07-14T01:16:36.980 INFO:teuthology.orchestra.run.smithi083.stderr:/usr/bin/ceph:
2023-07-14T01:16:36.925+0000 7f83e98fa700 1 -- 172.21.15.83:0/2334530716 shutdown_connections
2023-07-14T01:16:36.981 INFO:teuthology.orchestra.run.smithi083.stderr:/usr/bin/ceph:
2023-07-14T01:16:36.925+0000 7f83e98fa700 1 --2- 172.21.15.83:0/2334530716 >> [v2:172.21.15.83:6800/2966774419,v1:172.21.15.83:6801/2966774419] conn(0x7f83cc032430 0x7f83cc0348f0 unknown :-1 s=CLOSED pgs=15 cs=0 l=1 rev1=1 rx=0 tx=0).stop
2023-07-14T01:16:36.981 INFO:teuthology.orchestra.run.smithi083.stderr:/usr/bin/ceph:
2023-07-14T01:16:36.925+0000 7f83e98fa700 1 --2- 172.21.15.83:0/2334530716 >> [v2:172.21.15.83:3300/0,v1:172.21.15.83:6789/0] conn(0x7f83e40fd110 0x7f83e410b900 unknown :-1 s=CLOSED pgs=52 cs=0 l=1 rev1=1 rx=0 tx=0).stop
2023-07-14T01:16:36.981 INFO:teuthology.orchestra.run.smithi083.stderr:/usr/bin/ceph:
2023-07-14T01:16:36.925+0000 7f83e98fa700 1 -- 172.21.15.83:0/2334530716 >> 172.21.15.83:0/2334530716 conn(0x7f83e40f7260 msgr2=0x7f83e4070880 unknown :-1 s=STATE_NONE l=0).mark_down
2023-07-14T01:16:36.981 INFO:teuthology.orchestra.run.smithi083.stderr:/usr/bin/ceph:
2023-07-14T01:16:36.925+0000 7f83e98fa700 1 -- 172.21.15.83:0/2334530716 shutdown_connections
2023-07-14T01:16:36.981 INFO:teuthology.orchestra.run.smithi083.stderr:/usr/bin/ceph:
2023-07-14T01:16:36.925+0000 7f83e98fa700 1 -- 172.21.15.83:0/2334530716 wait complete.
2023-07-14T01:16:37.320 INFO:teuthology.orchestra.run.smithi083.stderr:Deploying node-exporter service with default placement...
2023-07-14T01:16:37.693 INFO:teuthology.orchestra.run.smithi083.stderr:/usr/bin/ceph:
2023-07-14T01:16:37.638+0000 7fb794ce0700 1 Processor -- start
