2023-07-14T01:16:40.513 INFO:teuthology.orchestra.run.smithi083.stderr:/usr/bin/ceph:
2023-07-14T01:16:40.457+0000 7f98b37fe700 1 -- 172.21.15.83:0/958797925 <== mon.0 v2:172.21.15.83:3300/0 3 ==== mon_map magic: 0 v1 ==== 229+0+0 (secure 0 0 0) 0x7f98a8011cb0 con 0x7f98b40fd110
2023-07-14T01:16:40.513 INFO:teuthology.orchestra.run.smithi083.stderr:/usr/bin/ceph:
2023-07-14T01:16:40.457+0000 7f98bb253700 1 -- 172.21.15.83:0/958797925 >> [v2:172.21.15.83:3300/0,v1:172.21.15.83:6789/0] conn(0x7f98b40fd110 msgr2=0x7f98b40fd530 secure :-1 s=STATE_CONNECTION_ESTABLISHED l=1).mark_down
2023-07-14T01:16:40.513 INFO:teuthology.orchestra.run.smithi083.stderr:/usr/bin/ceph:
2023-07-14T01:16:40.457+0000 7f98bb253700 1 --2- 172.21.15.83:0/958797925 >> [v2:172.21.15.83:3300/0,v1:172.21.15.83:6789/0] conn(0x7f98b40fd110 0x7f98b40fd530 secure :-1 s=READY pgs=59 cs=0 l=1 rev1=1 rx=0x7f98a8009730 tx=0x7f98a80090f0).stop
2023-07-14T01:16:40.513 INFO:teuthology.orchestra.run.smithi083.stderr:/usr/bin/ceph:
2023-07-14T01:16:40.457+0000 7f98bb253700 1 -- 172.21.15.83:0/958797925 shutdown_connections
2023-07-14T01:16:40.514 INFO:teuthology.orchestra.run.smithi083.stderr:/usr/bin/ceph:
2023-07-14T01:16:40.457+0000 7f98bb253700 1 --2- 172.21.15.83:0/958797925 >> [v2:172.21.15.83:3300/0,v1:172.21.15.83:6789/0] conn(0x7f98b40fd110 0x7f98b40fd530 unknown :-1 s=CLOSED pgs=59 cs=0 l=1 rev1=1 rx=0 tx=0).stop
2023-07-14T01:16:40.515 INFO:teuthology.orchestra.run.smithi083.stderr:/usr/bin/ceph:
2023-07-14T01:16:40.457+0000 7f98bb253700 1 -- 172.21.15.83:0/958797925 >> 172.21.15.83:0/958797925 conn(0x7f98b40f7260 msgr2=0x7f98b40f9680 unknown :-1 s=STATE_NONE l=0).mark_down
2023-07-14T01:16:40.515 INFO:teuthology.orchestra.run.smithi083.stderr:/usr/bin/ceph:
2023-07-14T01:16:40.457+0000 7f98bb253700 1 -- 172.21.15.83:0/958797925 shutdown_connections
2023-07-14T01:16:40.515 INFO:teuthology.orchestra.run.smithi083.stderr:/usr/bin/ceph:
2023-07-14T01:16:40.457+0000 7f98bb253700 1 -- 172.21.15.83:0/958797925 wait complete.
2023-07-14T01:16:40.515 INFO:teuthology.orchestra.run.smithi083.stderr:/usr/bin/ceph:
2023-07-14T01:16:40.459+0000 7f98bb253700 1 Processor -- start
2023-07-14T01:16:40.516 INFO:teuthology.orchestra.run.smithi083.stderr:/usr/bin/ceph:
2023-07-14T01:16:40.459+0000 7f98bb253700 1 -- start start
2023-07-14T01:16:40.516 INFO:teuthology.orchestra.run.smithi083.stderr:/usr/bin/ceph:
2023-07-14T01:16:40.459+0000 7f98bb253700 1 --2- >> [v2:172.21.15.83:3300/0,v1:172.21.15.83:6789/0] conn(0x7f98b40fd110 0x7f98b4070a90 unknown :-1 s=NONE pgs=0 cs=0 l=1 rev1=0 rx=0 tx=0).connect
2023-07-14T01:16:40.516 INFO:teuthology.orchestra.run.smithi083.stderr:/usr/bin/ceph:
2023-07-14T01:16:40.459+0000 7f98bb253700 1 -- --> [v2:172.21.15.83:3300/0,v1:172.21.15.83:6789/0] -- mon_getmap magic: 0 v1 -- 0x7f98b4070f80 con 0x7f98b40fd110
2023-07-14T01:16:40.516 INFO:teuthology.orchestra.run.smithi083.stderr:/usr/bin/ceph:
2023-07-14T01:16:40.459+0000 7f98b8fef700 1 --2- >> [v2:172.21.15.83:3300/0,v1:172.21.15.83:6789/0] conn(0x7f98b40fd110 0x7f98b4070a90 unknown :-1 s=BANNER_CONNECTING pgs=0 cs=0 l=1 rev1=0 rx=0 tx=0)._handle_peer_banner_payload supported=1 required=0
2023-07-14T01:16:40.516 INFO:teuthology.orchestra.run.smithi083.stderr:/usr/bin/ceph:
2023-07-14T01:16:40.459+0000 7f98b8fef700 1 --2- >> [v2:172.21.15.83:3300/0,v1:172.21.15.83:6789/0] conn(0x7f98b40fd110 0x7f98b4070a90 unknown :-1 s=HELLO_CONNECTING pgs=0 cs=0 l=1 rev1=1 rx=0 tx=0).handle_hello peer v2:172.21.15.83:3300/0 says I am v2:172.21.15.83:38342/0 (socket says 172.21.15.83:38342)
2023-07-14T01:16:40.516 INFO:teuthology.orchestra.run.smithi083.stderr:/usr/bin/ceph:
2023-07-14T01:16:40.459+0000 7f98b8fef700 1 -- 172.21.15.83:0/563572708 learned_addr learned my addr 172.21.15.83:0/563572708 (peer_addr_for_me v2:172.21.15.83:0/0)
2023-07-14T01:16:40.516 INFO:teuthology.orchestra.run.smithi083.stderr:/usr/bin/ceph:
2023-07-14T01:16:40.460+0000 7f98b8fef700 1 -- 172.21.15.83:0/563572708 --> [v2:172.21.15.83:3300/0,v1:172.21.15.83:6789/0] -- mon_subscribe({config=0+,monmap=0+}) v3 -- 0x7f98a8009370 con 0x7f98b40fd110
2023-07-14T01:16:40.517 INFO:teuthology.orchestra.run.smithi083.stderr:/usr/bin/ceph:
2023-07-14T01:16:40.460+0000 7f98b8fef700 1 --2- 172.21.15.83:0/563572708 >> [v2:172.21.15.83:3300/0,v1:172.21.15.83:6789/0] conn(0x7f98b40fd110 0x7f98b4070a90 secure :-1 s=READY pgs=60 cs=0 l=1 rev1=1 rx=0x7f98a8006ba0 tx=0x7f98a80090f0).ready entity=mon.0 client_cookie=0 server_cookie=0 in_seq=0 out_seq=0
2023-07-14T01:16:40.517 INFO:teuthology.orchestra.run.smithi083.stderr:/usr/bin/ceph:
2023-07-14T01:16:40.460+0000 7f98b17fa700 1 -- 172.21.15.83:0/563572708 <== mon.0 v2:172.21.15.83:3300/0 1 ==== mon_map magic: 0 v1 ==== 229+0+0 (secure 0 0 0) 0x7f98a801a640 con 0x7f98b40fd110
2023-07-14T01:16:40.517 INFO:teuthology.orchestra.run.smithi083.stderr:/usr/bin/ceph:
2023-07-14T01:16:40.460+0000 7f98b17fa700 1 -- 172.21.15.83:0/563572708 <== mon.0 v2:172.21.15.83:3300/0 2 ==== config(25 keys) v1 ==== 1046+0+0 (secure 0 0 0) 0x7f98a801ac30 con 0x7f98b40fd110
2023-07-14T01:16:40.517 INFO:teuthology.orchestra.run.smithi083.stderr:/usr/bin/ceph:
2023-07-14T01:16:40.460+0000 7f98b17fa700 1 -- 172.21.15.83:0/563572708 <== mon.0 v2:172.21.15.83:3300/0 3 ==== mon_map magic: 0 v1 ==== 229+0+0 (secure 0 0 0) 0x7f98a8022b60 con 0x7f98b40fd110
2023-07-14T01:16:40.517 INFO:teuthology.orchestra.run.smithi083.stderr:/usr/bin/ceph:
2023-07-14T01:16:40.460+0000 7f98bb253700 1 -- 172.21.15.83:0/563572708 --> [v2:172.21.15.83:3300/0,v1:172.21.15.83:6789/0] -- mon_subscribe({mgrmap=0+}) v3 -- 0x7f98b410e730 con 0x7f98b40fd110
2023-07-14T01:16:40.518 INFO:teuthology.orchestra.run.smithi083.stderr:/usr/bin/ceph:
2023-07-14T01:16:40.460+0000 7f98bb253700 1 -- 172.21.15.83:0/563572708 --> [v2:172.21.15.83:3300/0,v1:172.21.15.83:6789/0] -- mon_subscribe({osdmap=0}) v3 -- 0x7f98b410ebc0 con 0x7f98b40fd110
2023-07-14T01:16:40.518 INFO:teuthology.orchestra.run.smithi083.stderr:/usr/bin/ceph:
2023-07-14T01:16:40.461+0000 7f98b17fa700 1 -- 172.21.15.83:0/563572708 <== mon.0 v2:172.21.15.83:3300/0 4 ==== mgrmap(e 8) v1 ==== 38515+0+0 (secure 0 0 0) 0x7f98a802a070 con 0x7f98b40fd110
2023-07-14T01:16:40.518 INFO:teuthology.orchestra.run.smithi083.stderr:/usr/bin/ceph:
2023-07-14T01:16:40.461+0000 7f98bb253700 1 -- 172.21.15.83:0/563572708 --> [v2:172.21.15.83:3300/0,v1:172.21.15.83:6789/0] -- mon_command({"prefix": "get_command_descriptions"} v 0) v1 -- 0x7f98b4059f30 con 0x7f98b40fd110
2023-07-14T01:16:40.518 INFO:teuthology.orchestra.run.smithi083.stderr:/usr/bin/ceph:
2023-07-14T01:16:40.462+0000 7f98b17fa700 1 --2- 172.21.15.83:0/563572708 >> [v2:172.21.15.83:6800/2966774419,v1:172.21.15.83:6801/2966774419] conn(0x7f98a4032430 0x7f98a40348f0 unknown :-1 s=NONE pgs=0 cs=0 l=1 rev1=0 rx=0 tx=0).connect
2023-07-14T01:16:40.518 INFO:teuthology.orchestra.run.smithi083.stderr:/usr/bin/ceph:
2023-07-14T01:16:40.462+0000 7f98b17fa700 1 -- 172.21.15.83:0/563572708 <== mon.0 v2:172.21.15.83:3300/0 5 ==== osd_map(2..2 src has 1..2) v4 ==== 893+0+0 (secure 0 0 0) 0x7f98a80445c0 con 0x7f98b40fd110
2023-07-14T01:16:40.519 INFO:teuthology.orchestra.run.smithi083.stderr:/usr/bin/ceph:
2023-07-14T01:16:40.462+0000 7f98b3fff700 1 --2- 172.21.15.83:0/563572708 >> [v2:172.21.15.83:6800/2966774419,v1:172.21.15.83:6801/2966774419] conn(0x7f98a4032430 0x7f98a40348f0 unknown :-1 s=BANNER_CONNECTING pgs=0 cs=0 l=1 rev1=0 rx=0 tx=0)._handle_peer_banner_payload supported=1 required=0
2023-07-14T01:16:40.519 INFO:teuthology.orchestra.run.smithi083.stderr:/usr/bin/ceph:
2023-07-14T01:16:40.463+0000 7f98b3fff700 1 --2- 172.21.15.83:0/563572708 >> [v2:172.21.15.83:6800/2966774419,v1:172.21.15.83:6801/2966774419] conn(0x7f98a4032430 0x7f98a40348f0 secure :-1 s=READY pgs=19 cs=0 l=1 rev1=1 rx=0x7f98a0009780 tx=0x7f98a0006cc0).ready entity=mgr.14118 client_cookie=0 server_cookie=0 in_seq=0 out_seq=0
2023-07-14T01:16:40.521 INFO:teuthology.orchestra.run.smithi083.stderr:/usr/bin/ceph:
2023-07-14T01:16:40.466+0000 7f98b17fa700 1 -- 172.21.15.83:0/563572708 <== mon.0 v2:172.21.15.83:3300/0 6 ==== mon_command_ack([{"prefix": "get_command_descriptions"}]=0 v0) v1 ==== 72+0+163129 (secure 0 0 0) 0x7f98a801ada0 con 0x7f98b40fd110
2023-07-14T01:16:40.615 INFO:journalctl@ceph.mon.smithi083.smithi083.stdout:Jul 14 01:16:40 smithi083 ceph-e4808c00-21e3-11ee-9b32-001a4aab830c-mon-smithi083[103886]: audit
2023-07-14T01:16:38.774061+0000 mgr.smithi083.cyzpcu (mgr.14118) 23 : audit [DBG] from='client.14150 -' entity='client.admin' cmd=[{"prefix": "orch apply", "service_type": "alertmanager", "target": ["mon-mgr", ""]}]: dispatch
2023-07-14T01:16:40.615 INFO:journalctl@ceph.mon.smithi083.smithi083.stdout:Jul 14 01:16:40 smithi083 ceph-e4808c00-21e3-11ee-9b32-001a4aab830c-mon-smithi083[103886]: cephadm
2023-07-14T01:16:38.774875+0000 mgr.smithi083.cyzpcu (mgr.14118) 24 : cephadm [INF] Saving service alertmanager spec with placement count:1
2023-07-14T01:16:40.616 INFO:journalctl@ceph.mon.smithi083.smithi083.stdout:Jul 14 01:16:40 smithi083 ceph-e4808c00-21e3-11ee-9b32-001a4aab830c-mon-smithi083[103886]: audit
2023-07-14T01:16:39.733113+0000 mon.smithi083 (mon.0) 66 : audit [INF] from='client.? 172.21.15.83:0/1325452667' entity='client.admin'
2023-07-14T01:16:40.690 INFO:teuthology.orchestra.run.smithi083.stderr:/usr/bin/ceph:
2023-07-14T01:16:40.635+0000 7f98bb253700 1 -- 172.21.15.83:0/563572708 --> [v2:172.21.15.83:3300/0,v1:172.21.15.83:6789/0] -- mon_command([{prefix=config set, name=mgr/dashboard/ssl_server_port}] v 0) v1 -- 0x7f98b4059510 con 0x7f98b40fd110
2023-07-14T01:16:40.693 INFO:teuthology.orchestra.run.smithi083.stderr:/usr/bin/ceph:
2023-07-14T01:16:40.638+0000 7f98b17fa700 1 -- 172.21.15.83:0/563572708 <== mon.0 v2:172.21.15.83:3300/0 7 ==== mon_command_ack([{prefix=config set, name=mgr/dashboard/ssl_server_port}]=0 v8)=0 v8) v1 ==== 130+0+0 (secure 0 0 0) 0x7f98a801e070 con 0x7f98b40fd110
2023-07-14T01:16:40.696 INFO:teuthology.orchestra.run.smithi083.stderr:/usr/bin/ceph:
2023-07-14T01:16:40.640+0000 7f98bb253700 1 -- 172.21.15.83:0/563572708 >> [v2:172.21.15.83:6800/2966774419,v1:172.21.15.83:6801/2966774419] conn(0x7f98a4032430 msgr2=0x7f98a40348f0 secure :-1 s=STATE_CONNECTION_ESTABLISHED l=1).mark_down
2023-07-14T01:16:40.696 INFO:teuthology.orchestra.run.smithi083.stderr:/usr/bin/ceph:
2023-07-14T01:16:40.640+0000 7f98bb253700 1 --2- 172.21.15.83:0/563572708 >> [v2:172.21.15.83:6800/2966774419,v1:172.21.15.83:6801/2966774419] conn(0x7f98a4032430 0x7f98a40348f0 secure :-1 s=READY pgs=19 cs=0 l=1 rev1=1 rx=0x7f98a0009780 tx=0x7f98a0006cc0).stop
2023-07-14T01:16:40.696 INFO:teuthology.orchestra.run.smithi083.stderr:/usr/bin/ceph:
2023-07-14T01:16:40.640+0000 7f98bb253700 1 -- 172.21.15.83:0/563572708 >> [v2:172.21.15.83:3300/0,v1:172.21.15.83:6789/0] conn(0x7f98b40fd110 msgr2=0x7f98b4070a90 secure :-1 s=STATE_CONNECTION_ESTABLISHED l=1).mark_down
2023-07-14T01:16:40.696 INFO:teuthology.orchestra.run.smithi083.stderr:/usr/bin/ceph:
2023-07-14T01:16:40.640+0000 7f98bb253700 1 --2- 172.21.15.83:0/563572708 >> [v2:172.21.15.83:3300/0,v1:172.21.15.83:6789/0] conn(0x7f98b40fd110 0x7f98b4070a90 secure :-1 s=READY pgs=60 cs=0 l=1 rev1=1 rx=0x7f98a8006ba0 tx=0x7f98a80090f0).stop
2023-07-14T01:16:40.696 INFO:teuthology.orchestra.run.smithi083.stderr:/usr/bin/ceph:
2023-07-14T01:16:40.641+0000 7f98bb253700 1 -- 172.21.15.83:0/563572708 shutdown_connections
2023-07-14T01:16:40.696 INFO:teuthology.orchestra.run.smithi083.stderr:/usr/bin/ceph:
2023-07-14T01:16:40.641+0000 7f98bb253700 1 --2- 172.21.15.83:0/563572708 >> [v2:172.21.15.83:6800/2966774419,v1:172.21.15.83:6801/2966774419] conn(0x7f98a4032430 0x7f98a40348f0 unknown :-1 s=CLOSED pgs=19 cs=0 l=1 rev1=1 rx=0 tx=0).stop
2023-07-14T01:16:40.697 INFO:teuthology.orchestra.run.smithi083.stderr:/usr/bin/ceph:
2023-07-14T01:16:40.641+0000 7f98bb253700 1 --2- 172.21.15.83:0/563572708 >> [v2:172.21.15.83:3300/0,v1:172.21.15.83:6789/0] conn(0x7f98b40fd110 0x7f98b4070a90 unknown :-1 s=CLOSED pgs=60 cs=0 l=1 rev1=1 rx=0 tx=0).stop
2023-07-14T01:16:40.697 INFO:teuthology.orchestra.run.smithi083.stderr:/usr/bin/ceph:
2023-07-14T01:16:40.641+0000 7f98bb253700 1 -- 172.21.15.83:0/563572708 >> 172.21.15.83:0/563572708 conn(0x7f98b40f7260 msgr2=0x7f98b40f8c70 unknown :-1 s=STATE_NONE l=0).mark_down
2023-07-14T01:16:40.697 INFO:teuthology.orchestra.run.smithi083.stderr:/usr/bin/ceph:
2023-07-14T01:16:40.641+0000 7f98bb253700 1 -- 172.21.15.83:0/563572708 shutdown_connections
2023-07-14T01:16:40.698 INFO:teuthology.orchestra.run.smithi083.stderr:/usr/bin/ceph:
2023-07-14T01:16:40.641+0000 7f98bb253700 1 -- 172.21.15.83:0/563572708 wait complete.
2023-07-14T01:16:41.028 INFO:teuthology.orchestra.run.smithi083.stderr:Enabling the dashboard module...
2023-07-14T01:16:41.436 INFO:teuthology.orchestra.run.smithi083.stderr:/usr/bin/ceph:
2023-07-14T01:16:41.380+0000 7fc0feb9e700 1 Processor -- start
2023-07-14T01:16:41.436 INFO:teuthology.orchestra.run.smithi083.stderr:/usr/bin/ceph:
2023-07-14T01:16:41.380+0000 7fc0feb9e700 1 -- start start
2023-07-14T01:16:41.437 INFO:teuthology.orchestra.run.smithi083.stderr:/usr/bin/ceph:
2023-07-14T01:16:41.381+0000 7fc0feb9e700 1 --2- >> [v2:172.21.15.83:3300/0,v1:172.21.15.83:6789/0] conn(0x7fc0f80fd7b0 0x7fc0f80ffba0 unknown :-1 s=NONE pgs=0 cs=0 l=0 rev1=0 rx=0 tx=0).connect
2023-07-14T01:16:41.437 INFO:teuthology.orchestra.run.smithi083.stderr:/usr/bin/ceph:
2023-07-14T01:16:41.381+0000 7fc0feb9e700 1 -- --> [v2:172.21.15.83:3300/0,v1:172.21.15.83:6789/0] -- mon_getmap magic: 0 v1 -- 0x7fc0f8070d20 con 0x7fc0f80fd7b0
2023-07-14T01:16:41.437 INFO:teuthology.orchestra.run.smithi083.stderr:/usr/bin/ceph:
2023-07-14T01:16:41.381+0000 7fc0fc93a700 1 --2- >> [v2:172.21.15.83:3300/0,v1:172.21.15.83:6789/0] conn(0x7fc0f80fd7b0 0x7fc0f80ffba0 unknown :-1 s=BANNER_CONNECTING pgs=0 cs=0 l=0 rev1=0 rx=0 tx=0)._handle_peer_banner_payload supported=1 required=0
2023-07-14T01:16:41.437 INFO:teuthology.orchestra.run.smithi083.stderr:/usr/bin/ceph:
2023-07-14T01:16:41.381+0000 7fc0fc93a700 1 --2- >> [v2:172.21.15.83:3300/0,v1:172.21.15.83:6789/0] conn(0x7fc0f80fd7b0 0x7fc0f80ffba0 unknown :-1 s=HELLO_CONNECTING pgs=0 cs=0 l=0 rev1=1 rx=0 tx=0).handle_hello peer v2:172.21.15.83:3300/0 says I am v2:172.21.15.83:38352/0 (socket says 172.21.15.83:38352)
2023-07-14T01:16:41.437 INFO:teuthology.orchestra.run.smithi083.stderr:/usr/bin/ceph:
2023-07-14T01:16:41.381+0000 7fc0fc93a700 1 -- 172.21.15.83:0/3660151004 learned_addr learned my addr 172.21.15.83:0/3660151004 (peer_addr_for_me v2:172.21.15.83:0/0)
2023-07-14T01:16:41.439 INFO:teuthology.orchestra.run.smithi083.stderr:/usr/bin/ceph:
2023-07-14T01:16:41.382+0000 7fc0fc93a700 1 -- 172.21.15.83:0/3660151004 --> [v2:172.21.15.83:3300/0,v1:172.21.15.83:6789/0] -- mon_subscribe({config=0+,monmap=0+}) v3 -- 0x7fc0f8070e60 con 0x7fc0f80fd7b0
2023-07-14T01:16:41.439 INFO:teuthology.orchestra.run.smithi083.stderr:/usr/bin/ceph:
2023-07-14T01:16:41.382+0000 7fc0fc93a700 1 --2- 172.21.15.83:0/3660151004 >> [v2:172.21.15.83:3300/0,v1:172.21.15.83:6789/0] conn(0x7fc0f80fd7b0 0x7fc0f80ffba0 secure :-1 s=READY pgs=61 cs=0 l=1 rev1=1 rx=0x7fc0ec009730 tx=0x7fc0ec0090f0).ready entity=mon.0 client_cookie=5325d6cbe5dbd6db server_cookie=0 in_seq=0 out_seq=0
2023-07-14T01:16:41.440 INFO:teuthology.orchestra.run.smithi083.stderr:/usr/bin/ceph:
2023-07-14T01:16:41.382+0000 7fc0f77fe700 1 -- 172.21.15.83:0/3660151004 <== mon.0 v2:172.21.15.83:3300/0 1 ==== mon_map magic: 0 v1 ==== 229+0+0 (secure 0 0 0) 0x7fc0ec00b6e0 con 0x7fc0f80fd7b0
2023-07-14T01:16:41.440 INFO:teuthology.orchestra.run.smithi083.stderr:/usr/bin/ceph:
2023-07-14T01:16:41.382+0000 7fc0f77fe700 1 -- 172.21.15.83:0/3660151004 <== mon.0 v2:172.21.15.83:3300/0 2 ==== config(25 keys) v1 ==== 1046+0+0 (secure 0 0 0) 0x7fc0ec00bcd0 con 0x7fc0f80fd7b0
2023-07-14T01:16:41.440 INFO:teuthology.orchestra.run.smithi083.stderr:/usr/bin/ceph:
2023-07-14T01:16:41.382+0000 7fc0f77fe700 1 -- 172.21.15.83:0/3660151004 <== mon.0 v2:172.21.15.83:3300/0 3 ==== mon_map magic: 0 v1 ==== 229+0+0 (secure 0 0 0) 0x7fc0ec011cb0 con 0x7fc0f80fd7b0
2023-07-14T01:16:41.440 INFO:teuthology.orchestra.run.smithi083.stderr:/usr/bin/ceph:
2023-07-14T01:16:41.382+0000 7fc0feb9e700 1 -- 172.21.15.83:0/3660151004 >> [v2:172.21.15.83:3300/0,v1:172.21.15.83:6789/0] conn(0x7fc0f80fd7b0 msgr2=0x7fc0f80ffba0 secure :-1 s=STATE_CONNECTION_ESTABLISHED l=1).mark_down
2023-07-14T01:16:41.440 INFO:teuthology.orchestra.run.smithi083.stderr:/usr/bin/ceph:
2023-07-14T01:16:41.383+0000 7fc0feb9e700 1 --2- 172.21.15.83:0/3660151004 >> [v2:172.21.15.83:3300/0,v1:172.21.15.83:6789/0] conn(0x7fc0f80fd7b0 0x7fc0f80ffba0 secure :-1 s=READY pgs=61 cs=0 l=1 rev1=1 rx=0x7fc0ec009730 tx=0x7fc0ec0090f0).stop
2023-07-14T01:16:41.440 INFO:teuthology.orchestra.run.smithi083.stderr:/usr/bin/ceph:
2023-07-14T01:16:41.383+0000 7fc0feb9e700 1 -- 172.21.15.83:0/3660151004 shutdown_connections
2023-07-14T01:16:41.441 INFO:teuthology.orchestra.run.smithi083.stderr:/usr/bin/ceph:
2023-07-14T01:16:41.383+0000 7fc0feb9e700 1 --2- 172.21.15.83:0/3660151004 >> [v2:172.21.15.83:3300/0,v1:172.21.15.83:6789/0] conn(0x7fc0f80fd7b0 0x7fc0f80ffba0 unknown :-1 s=CLOSED pgs=61 cs=0 l=1 rev1=1 rx=0 tx=0).stop
2023-07-14T01:16:41.441 INFO:teuthology.orchestra.run.smithi083.stderr:/usr/bin/ceph:
2023-07-14T01:16:41.383+0000 7fc0feb9e700 1 -- 172.21.15.83:0/3660151004 >> 172.21.15.83:0/3660151004 conn(0x7fc0f80f7260 msgr2=0x7fc0f80f9680 unknown :-1 s=STATE_NONE l=0).mark_down
2023-07-14T01:16:41.441 INFO:teuthology.orchestra.run.smithi083.stderr:/usr/bin/ceph:
2023-07-14T01:16:41.383+0000 7fc0feb9e700 1 -- 172.21.15.83:0/3660151004 shutdown_connections
2023-07-14T01:16:41.441 INFO:teuthology.orchestra.run.smithi083.stderr:/usr/bin/ceph:
2023-07-14T01:16:41.383+0000 7fc0feb9e700 1 -- 172.21.15.83:0/3660151004 wait complete.
2023-07-14T01:16:41.441 INFO:teuthology.orchestra.run.smithi083.stderr:/usr/bin/ceph:
2023-07-14T01:16:41.384+0000 7fc0feb9e700 1 Processor -- start
2023-07-14T01:16:41.441 INFO:teuthology.orchestra.run.smithi083.stderr:/usr/bin/ceph:
2023-07-14T01:16:41.384+0000 7fc0feb9e700 1 -- start start
2023-07-14T01:16:41.441 INFO:teuthology.orchestra.run.smithi083.stderr:/usr/bin/ceph:
2023-07-14T01:16:41.384+0000 7fc0feb9e700 1 --2- >> [v2:172.21.15.83:3300/0,v1:172.21.15.83:6789/0] conn(0x7fc0f80fd7b0 0x7fc0f810b920 unknown :-1 s=NONE pgs=0 cs=0 l=1 rev1=0 rx=0 tx=0).connect
2023-07-14T01:16:41.442 INFO:teuthology.orchestra.run.smithi083.stderr:/usr/bin/ceph:
2023-07-14T01:16:41.384+0000 7fc0feb9e700 1 -- --> [v2:172.21.15.83:3300/0,v1:172.21.15.83:6789/0] -- mon_getmap magic: 0 v1 -- 0x7fc0f810be10 con 0x7fc0f80fd7b0
2023-07-14T01:16:41.442 INFO:teuthology.orchestra.run.smithi083.stderr:/usr/bin/ceph:
2023-07-14T01:16:41.384+0000 7fc0fc93a700 1 --2- >> [v2:172.21.15.83:3300/0,v1:172.21.15.83:6789/0] conn(0x7fc0f80fd7b0 0x7fc0f810b920 unknown :-1 s=BANNER_CONNECTING pgs=0 cs=0 l=1 rev1=0 rx=0 tx=0)._handle_peer_banner_payload supported=1 required=0
2023-07-14T01:16:41.442 INFO:teuthology.orchestra.run.smithi083.stderr:/usr/bin/ceph:
2023-07-14T01:16:41.384+0000 7fc0fc93a700 1 --2- >> [v2:172.21.15.83:3300/0,v1:172.21.15.83:6789/0] conn(0x7fc0f80fd7b0 0x7fc0f810b920 unknown :-1 s=HELLO_CONNECTING pgs=0 cs=0 l=1 rev1=1 rx=0 tx=0).handle_hello peer v2:172.21.15.83:3300/0 says I am v2:172.21.15.83:38366/0 (socket says 172.21.15.83:38366)
2023-07-14T01:16:41.442 INFO:teuthology.orchestra.run.smithi083.stderr:/usr/bin/ceph:
2023-07-14T01:16:41.384+0000 7fc0fc93a700 1 -- 172.21.15.83:0/3544034432 learned_addr learned my addr 172.21.15.83:0/3544034432 (peer_addr_for_me v2:172.21.15.83:0/0)
2023-07-14T01:16:41.442 INFO:teuthology.orchestra.run.smithi083.stderr:/usr/bin/ceph:
2023-07-14T01:16:41.385+0000 7fc0fc93a700 1 -- 172.21.15.83:0/3544034432 --> [v2:172.21.15.83:3300/0,v1:172.21.15.83:6789/0] -- mon_subscribe({config=0+,monmap=0+}) v3 -- 0x7fc0ec009370 con 0x7fc0f80fd7b0
2023-07-14T01:16:41.443 INFO:teuthology.orchestra.run.smithi083.stderr:/usr/bin/ceph:
2023-07-14T01:16:41.385+0000 7fc0fc93a700 1 --2- 172.21.15.83:0/3544034432 >> [v2:172.21.15.83:3300/0,v1:172.21.15.83:6789/0] conn(0x7fc0f80fd7b0 0x7fc0f810b920 secure :-1 s=READY pgs=62 cs=0 l=1 rev1=1 rx=0x7fc0ec012fc0 tx=0x7fc0ec0090f0).ready entity=mon.0 client_cookie=0 server_cookie=0 in_seq=0 out_seq=0
2023-07-14T01:16:41.443 INFO:teuthology.orchestra.run.smithi083.stderr:/usr/bin/ceph:
2023-07-14T01:16:41.385+0000 7fc0f57fa700 1 -- 172.21.15.83:0/3544034432 <== mon.0 v2:172.21.15.83:3300/0 1 ==== mon_map magic: 0 v1 ==== 229+0+0 (secure 0 0 0) 0x7fc0ec01a640 con 0x7fc0f80fd7b0
2023-07-14T01:16:41.444 INFO:teuthology.orchestra.run.smithi083.stderr:/usr/bin/ceph:
2023-07-14T01:16:41.385+0000 7fc0f57fa700 1 -- 172.21.15.83:0/3544034432 <== mon.0 v2:172.21.15.83:3300/0 2 ==== config(25 keys) v1 ==== 1046+0+0 (secure 0 0 0) 0x7fc0ec01ac30 con 0x7fc0f80fd7b0
2023-07-14T01:16:41.444 INFO:teuthology.orchestra.run.smithi083.stderr:/usr/bin/ceph:
2023-07-14T01:16:41.385+0000 7fc0f57fa700 1 -- 172.21.15.83:0/3544034432 <== mon.0 v2:172.21.15.83:3300/0 3 ==== mon_map magic: 0 v1 ==== 229+0+0 (secure 0 0 0) 0x7fc0ec023c90 con 0x7fc0f80fd7b0
2023-07-14T01:16:41.444 INFO:teuthology.orchestra.run.smithi083.stderr:/usr/bin/ceph:
2023-07-14T01:16:41.385+0000 7fc0feb9e700 1 -- 172.21.15.83:0/3544034432 --> [v2:172.21.15.83:3300/0,v1:172.21.15.83:6789/0] -- mon_subscribe({mgrmap=0+}) v3 -- 0x7fc0f810c010 con 0x7fc0f80fd7b0
2023-07-14T01:16:41.444 INFO:teuthology.orchestra.run.smithi083.stderr:/usr/bin/ceph:
2023-07-14T01:16:41.385+0000 7fc0feb9e700 1 -- 172.21.15.83:0/3544034432 --> [v2:172.21.15.83:3300/0,v1:172.21.15.83:6789/0] -- mon_subscribe({osdmap=0}) v3 -- 0x7fc0f810c4a0 con 0x7fc0f80fd7b0
2023-07-14T01:16:41.444 INFO:teuthology.orchestra.run.smithi083.stderr:/usr/bin/ceph:
2023-07-14T01:16:41.386+0000 7fc0f57fa700 1 -- 172.21.15.83:0/3544034432 <== mon.0 v2:172.21.15.83:3300/0 4 ==== mgrmap(e 8) v1 ==== 38515+0+0 (secure 0 0 0) 0x7fc0ec00f070 con 0x7fc0f80fd7b0
2023-07-14T01:16:41.444 INFO:teuthology.orchestra.run.smithi083.stderr:/usr/bin/ceph:
2023-07-14T01:16:41.386+0000 7fc0feb9e700 1 -- 172.21.15.83:0/3544034432 --> [v2:172.21.15.83:3300/0,v1:172.21.15.83:6789/0] -- mon_command({"prefix": "get_command_descriptions"} v 0) v1 -- 0x7fc0f8059f30 con 0x7fc0f80fd7b0
2023-07-14T01:16:41.445 INFO:teuthology.orchestra.run.smithi083.stderr:/usr/bin/ceph:
2023-07-14T01:16:41.387+0000 7fc0f57fa700 1 --2- 172.21.15.83:0/3544034432 >> [v2:172.21.15.83:6800/2966774419,v1:172.21.15.83:6801/2966774419] conn(0x7fc0e8032430 0x7fc0e80348f0 unknown :-1 s=NONE pgs=0 cs=0 l=1 rev1=0 rx=0 tx=0).connect
2023-07-14T01:16:41.445 INFO:teuthology.orchestra.run.smithi083.stderr:/usr/bin/ceph:
2023-07-14T01:16:41.387+0000 7fc0f57fa700 1 -- 172.21.15.83:0/3544034432 <== mon.0 v2:172.21.15.83:3300/0 5 ==== osd_map(2..2 src has 1..2) v4 ==== 893+0+0 (secure 0 0 0) 0x7fc0ec0443f0 con 0x7fc0f80fd7b0
2023-07-14T01:16:41.445 INFO:teuthology.orchestra.run.smithi083.stderr:/usr/bin/ceph:
2023-07-14T01:16:41.387+0000 7fc0f7fff700 1 --2- 172.21.15.83:0/3544034432 >> [v2:172.21.15.83:6800/2966774419,v1:172.21.15.83:6801/2966774419] conn(0x7fc0e8032430 0x7fc0e80348f0 unknown :-1 s=BANNER_CONNECTING pgs=0 cs=0 l=1 rev1=0 rx=0 tx=0)._handle_peer_banner_payload supported=1 required=0
2023-07-14T01:16:41.445 INFO:teuthology.orchestra.run.smithi083.stderr:/usr/bin/ceph:
2023-07-14T01:16:41.387+0000 7fc0f7fff700 1 --2- 172.21.15.83:0/3544034432 >> [v2:172.21.15.83:6800/2966774419,v1:172.21.15.83:6801/2966774419] conn(0x7fc0e8032430 0x7fc0e80348f0 secure :-1 s=READY pgs=20 cs=0 l=1 rev1=1 rx=0x7fc0e4009780 tx=0x7fc0e4006cc0).ready entity=mgr.14118 client_cookie=0 server_cookie=0 in_seq=0 out_seq=0
2023-07-14T01:16:41.446 INFO:teuthology.orchestra.run.smithi083.stderr:/usr/bin/ceph:
2023-07-14T01:16:41.391+0000 7fc0f57fa700 1 -- 172.21.15.83:0/3544034432 <== mon.0 v2:172.21.15.83:3300/0 6 ==== mon_command_ack([{"prefix": "get_command_descriptions"}]=0 v0) v1 ==== 72+0+163129 (secure 0 0 0) 0x7fc0ec02bb40 con 0x7fc0f80fd7b0
2023-07-14T01:16:41.661 INFO:teuthology.orchestra.run.smithi083.stderr:/usr/bin/ceph:
2023-07-14T01:16:41.606+0000 7fc0feb9e700 1 -- 172.21.15.83:0/3544034432 --> [v2:172.21.15.83:3300/0,v1:172.21.15.83:6789/0] -- mon_command({"prefix": "mgr module enable", "module": "dashboard"} v 0) v1 -- 0x7fc0f8100bc0 con 0x7fc0f80fd7b0
2023-07-14T01:16:41.693 INFO:teuthology.orchestra.run.smithi083.stderr:/usr/bin/ceph:
2023-07-14T01:16:41.638+0000 7fc0f57fa700 1 -- 172.21.15.83:0/3544034432 <== mon.0 v2:172.21.15.83:3300/0 7 ==== mgrmap(e 9) v1 ==== 38528+0+0 (secure 0 0 0) 0x7fc0ec023410 con 0x7fc0f80fd7b0
2023-07-14T01:16:41.695 INFO:teuthology.orchestra.run.smithi083.stderr:/usr/bin/ceph:
2023-07-14T01:16:41.640+0000 7fc0f57fa700 1 -- 172.21.15.83:0/3544034432 <== mon.0 v2:172.21.15.83:3300/0 8 ==== mon_command_ack([{"prefix": "mgr module enable", "module": "dashboard"}]=0 v9) v1 ==== 88+0+0 (secure 0 0 0) 0x7fc0ec0446a0 con 0x7fc0f80fd7b0
2023-07-14T01:16:41.698 INFO:teuthology.orchestra.run.smithi083.stderr:/usr/bin/ceph:
2023-07-14T01:16:41.642+0000 7fc0feb9e700 1 -- 172.21.15.83:0/3544034432 >> [v2:172.21.15.83:6800/2966774419,v1:172.21.15.83:6801/2966774419] conn(0x7fc0e8032430 msgr2=0x7fc0e80348f0 secure :-1 s=STATE_CONNECTION_ESTABLISHED l=1).mark_down
2023-07-14T01:16:41.698 INFO:teuthology.orchestra.run.smithi083.stderr:/usr/bin/ceph:
2023-07-14T01:16:41.642+0000 7fc0feb9e700 1 --2- 172.21.15.83:0/3544034432 >> [v2:172.21.15.83:6800/2966774419,v1:172.21.15.83:6801/2966774419] conn(0x7fc0e8032430 0x7fc0e80348f0 secure :-1 s=READY pgs=20 cs=0 l=1 rev1=1 rx=0x7fc0e4009780 tx=0x7fc0e4006cc0).stop
2023-07-14T01:16:41.698 INFO:teuthology.orchestra.run.smithi083.stderr:/usr/bin/ceph:
2023-07-14T01:16:41.642+0000 7fc0feb9e700 1 -- 172.21.15.83:0/3544034432 >> [v2:172.21.15.83:3300/0,v1:172.21.15.83:6789/0] conn(0x7fc0f80fd7b0 msgr2=0x7fc0f810b920 secure :-1 s=STATE_CONNECTION_ESTABLISHED l=1).mark_down
2023-07-14T01:16:41.698 INFO:teuthology.orchestra.run.smithi083.stderr:/usr/bin/ceph:
2023-07-14T01:16:41.642+0000 7fc0feb9e700 1 --2- 172.21.15.83:0/3544034432 >> [v2:172.21.15.83:3300/0,v1:172.21.15.83:6789/0] conn(0x7fc0f80fd7b0 0x7fc0f810b920 secure :-1 s=READY pgs=62 cs=0 l=1 rev1=1 rx=0x7fc0ec012fc0 tx=0x7fc0ec0090f0).stop
2023-07-14T01:16:41.698 INFO:teuthology.orchestra.run.smithi083.stderr:/usr/bin/ceph:
2023-07-14T01:16:41.642+0000 7fc0feb9e700 1 -- 172.21.15.83:0/3544034432 shutdown_connections
2023-07-14T01:16:41.698 INFO:teuthology.orchestra.run.smithi083.stderr:/usr/bin/ceph:
2023-07-14T01:16:41.642+0000 7fc0feb9e700 1 --2- 172.21.15.83:0/3544034432 >> [v2:172.21.15.83:6800/2966774419,v1:172.21.15.83:6801/2966774419] conn(0x7fc0e8032430 0x7fc0e80348f0 unknown :-1 s=CLOSED pgs=20 cs=0 l=1 rev1=1 rx=0 tx=0).stop
2023-07-14T01:16:41.699 INFO:teuthology.orchestra.run.smithi083.stderr:/usr/bin/ceph:
2023-07-14T01:16:41.642+0000 7fc0feb9e700 1 --2- 172.21.15.83:0/3544034432 >> [v2:172.21.15.83:3300/0,v1:172.21.15.83:6789/0] conn(0x7fc0f80fd7b0 0x7fc0f810b920 unknown :-1 s=CLOSED pgs=62 cs=0 l=1 rev1=1 rx=0 tx=0).stop
2023-07-14T01:16:41.699 INFO:teuthology.orchestra.run.smithi083.stderr:/usr/bin/ceph:
2023-07-14T01:16:41.642+0000 7fc0feb9e700 1 -- 172.21.15.83:0/3544034432 >> 172.21.15.83:0/3544034432 conn(0x7fc0f80f7260 msgr2=0x7fc0f80f8c80 unknown :-1 s=STATE_NONE l=0).mark_down
2023-07-14T01:16:41.699 INFO:teuthology.orchestra.run.smithi083.stderr:/usr/bin/ceph:
2023-07-14T01:16:41.643+0000 7fc0feb9e700 1 -- 172.21.15.83:0/3544034432 shutdown_connections
2023-07-14T01:16:41.699 INFO:teuthology.orchestra.run.smithi083.stderr:/usr/bin/ceph:
2023-07-14T01:16:41.643+0000 7fc0feb9e700 1 -- 172.21.15.83:0/3544034432 wait complete.
2023-07-14T01:16:41.954 INFO:journalctl@ceph.mon.smithi083.smithi083.stdout:Jul 14 01:16:41 smithi083 ceph-e4808c00-21e3-11ee-9b32-001a4aab830c-mon-smithi083[103886]: audit
2023-07-14T01:16:40.639656+0000 mon.smithi083 (mon.0) 67 : audit [INF] from='client.? 172.21.15.83:0/563572708' entity='client.admin'
2023-07-14T01:16:41.954 INFO:journalctl@ceph.mon.smithi083.smithi083.stdout:Jul 14 01:16:41 smithi083 ceph-e4808c00-21e3-11ee-9b32-001a4aab830c-mon-smithi083[103886]: audit
2023-07-14T01:16:41.607717+0000 mon.smithi083 (mon.0) 68 : audit [INF] from='client.? 172.21.15.83:0/3544034432' entity='client.admin' cmd=[{"prefix": "mgr module enable", "module": "dashboard"}]: dispatch
2023-07-14T01:16:42.429 INFO:teuthology.orchestra.run.smithi083.stderr:/usr/bin/ceph:
2023-07-14T01:16:42.373+0000 7f44c7bb2700 1 Processor -- start
2023-07-14T01:16:42.429 INFO:teuthology.orchestra.run.smithi083.stderr:/usr/bin/ceph:
2023-07-14T01:16:42.374+0000 7f44c7bb2700 1 -- start start
2023-07-14T01:16:42.430 INFO:teuthology.orchestra.run.smithi083.stderr:/usr/bin/ceph:
2023-07-14T01:16:42.374+0000 7f44c7bb2700 1 --2- >> [v2:172.21.15.83:3300/0,v1:172.21.15.83:6789/0] conn(0x7f44c00fd7b0 0x7f44c00ffba0 unknown :-1 s=NONE pgs=0 cs=0 l=0 rev1=0 rx=0 tx=0).connect
2023-07-14T01:16:42.430 INFO:teuthology.orchestra.run.smithi083.stderr:/usr/bin/ceph:
2023-07-14T01:16:42.374+0000 7f44c7bb2700 1 -- --> [v2:172.21.15.83:3300/0,v1:172.21.15.83:6789/0] -- mon_getmap magic: 0 v1 -- 0x7f44c0070d20 con 0x7f44c00fd7b0
2023-07-14T01:16:42.430 INFO:teuthology.orchestra.run.smithi083.stderr:/usr/bin/ceph:
2023-07-14T01:16:42.374+0000 7f44c594e700 1 --2- >> [v2:172.21.15.83:3300/0,v1:172.21.15.83:6789/0] conn(0x7f44c00fd7b0 0x7f44c00ffba0 unknown :-1 s=BANNER_CONNECTING pgs=0 cs=0 l=0 rev1=0 rx=0 tx=0)._handle_peer_banner_payload supported=1 required=0
2023-07-14T01:16:42.430 INFO:teuthology.orchestra.run.smithi083.stderr:/usr/bin/ceph:
2023-07-14T01:16:42.374+0000 7f44c594e700 1 --2- >> [v2:172.21.15.83:3300/0,v1:172.21.15.83:6789/0] conn(0x7f44c00fd7b0 0x7f44c00ffba0 unknown :-1 s=HELLO_CONNECTING pgs=0 cs=0 l=0 rev1=1 rx=0 tx=0).handle_hello peer v2:172.21.15.83:3300/0 says I am v2:172.21.15.83:38392/0 (socket says 172.21.15.83:38392)
2023-07-14T01:16:42.431 INFO:teuthology.orchestra.run.smithi083.stderr:/usr/bin/ceph:
2023-07-14T01:16:42.374+0000 7f44c594e700 1 -- 172.21.15.83:0/2489233454 learned_addr learned my addr 172.21.15.83:0/2489233454 (peer_addr_for_me v2:172.21.15.83:0/0)
2023-07-14T01:16:42.431 INFO:teuthology.orchestra.run.smithi083.stderr:/usr/bin/ceph:
2023-07-14T01:16:42.375+0000 7f44c594e700 1 -- 172.21.15.83:0/2489233454 --> [v2:172.21.15.83:3300/0,v1:172.21.15.83:6789/0] -- mon_subscribe({config=0+,monmap=0+}) v3 -- 0x7f44c0070e60 con 0x7f44c00fd7b0
2023-07-14T01:16:42.432 INFO:teuthology.orchestra.run.smithi083.stderr:/usr/bin/ceph:
2023-07-14T01:16:42.375+0000 7f44c594e700 1 --2- 172.21.15.83:0/2489233454 >> [v2:172.21.15.83:3300/0,v1:172.21.15.83:6789/0] conn(0x7f44c00fd7b0 0x7f44c00ffba0 secure :-1 s=READY pgs=65 cs=0 l=1 rev1=1 rx=0x7f44bc009730 tx=0x7f44bc0090f0).ready entity=mon.0 client_cookie=532200846e194fac server_cookie=0 in_seq=0 out_seq=0
2023-07-14T01:16:42.432 INFO:teuthology.orchestra.run.smithi083.stderr:/usr/bin/ceph:
2023-07-14T01:16:42.375+0000 7f44c494c700 1 -- 172.21.15.83:0/2489233454 <== mon.0 v2:172.21.15.83:3300/0 1 ==== mon_map magic: 0 v1 ==== 229+0+0 (secure 0 0 0) 0x7f44bc00b6e0 con 0x7f44c00fd7b0
2023-07-14T01:16:42.432 INFO:teuthology.orchestra.run.smithi083.stderr:/usr/bin/ceph:
2023-07-14T01:16:42.375+0000 7f44c494c700 1 -- 172.21.15.83:0/2489233454 <== mon.0 v2:172.21.15.83:3300/0 2 ==== config(25 keys) v1 ==== 1046+0+0 (secure 0 0 0) 0x7f44bc00bcd0 con 0x7f44c00fd7b0
2023-07-14T01:16:42.432 INFO:teuthology.orchestra.run.smithi083.stderr:/usr/bin/ceph:
2023-07-14T01:16:42.375+0000 7f44c494c700 1 -- 172.21.15.83:0/2489233454 <== mon.0 v2:172.21.15.83:3300/0 3 ==== mon_map magic: 0 v1 ==== 229+0+0 (secure 0 0 0) 0x7f44bc011cb0 con 0x7f44c00fd7b0
2023-07-14T01:16:42.433 INFO:teuthology.orchestra.run.smithi083.stderr:/usr/bin/ceph:
2023-07-14T01:16:42.376+0000 7f44c7bb2700 1 -- 172.21.15.83:0/2489233454 >> [v2:172.21.15.83:3300/0,v1:172.21.15.83:6789/0] conn(0x7f44c00fd7b0 msgr2=0x7f44c00ffba0 secure :-1 s=STATE_CONNECTION_ESTABLISHED l=1).mark_down
2023-07-14T01:16:42.433 INFO:teuthology.orchestra.run.smithi083.stderr:/usr/bin/ceph:
2023-07-14T01:16:42.376+0000 7f44c7bb2700 1 --2- 172.21.15.83:0/2489233454 >> [v2:172.21.15.83:3300/0,v1:172.21.15.83:6789/0] conn(0x7f44c00fd7b0 0x7f44c00ffba0 secure :-1 s=READY pgs=65 cs=0 l=1 rev1=1 rx=0x7f44bc009730 tx=0x7f44bc0090f0).stop
2023-07-14T01:16:42.433 INFO:teuthology.orchestra.run.smithi083.stderr:/usr/bin/ceph:
2023-07-14T01:16:42.376+0000 7f44c7bb2700 1 -- 172.21.15.83:0/2489233454 shutdown_connections
2023-07-14T01:16:42.433 INFO:teuthology.orchestra.run.smithi083.stderr:/usr/bin/ceph:
2023-07-14T01:16:42.376+0000 7f44c7bb2700 1 --2- 172.21.15.83:0/2489233454 >> [v2:172.21.15.83:3300/0,v1:172.21.15.83:6789/0] conn(0x7f44c00fd7b0 0x7f44c00ffba0 unknown :-1 s=CLOSED pgs=65 cs=0 l=1 rev1=1 rx=0 tx=0).stop
2023-07-14T01:16:42.433 INFO:teuthology.orchestra.run.smithi083.stderr:/usr/bin/ceph:
2023-07-14T01:16:42.376+0000 7f44c7bb2700 1 -- 172.21.15.83:0/2489233454 >> 172.21.15.83:0/2489233454 conn(0x7f44c00f7260 msgr2=0x7f44c00f9680 unknown :-1 s=STATE_NONE l=0).mark_down
2023-07-14T01:16:42.433 INFO:teuthology.orchestra.run.smithi083.stderr:/usr/bin/ceph:
2023-07-14T01:16:42.376+0000 7f44c7bb2700 1 -- 172.21.15.83:0/2489233454 shutdown_connections
2023-07-14T01:16:42.433 INFO:teuthology.orchestra.run.smithi083.stderr:/usr/bin/ceph:
2023-07-14T01:16:42.376+0000 7f44c7bb2700 1 -- 172.21.15.83:0/2489233454 wait complete.
2023-07-14T01:16:42.434 INFO:teuthology.orchestra.run.smithi083.stderr:/usr/bin/ceph:
2023-07-14T01:16:42.377+0000 7f44c7bb2700 1 Processor -- start
2023-07-14T01:16:42.434 INFO:teuthology.orchestra.run.smithi083.stderr:/usr/bin/ceph:
2023-07-14T01:16:42.377+0000 7f44c7bb2700 1 -- start start
2023-07-14T01:16:42.434 INFO:teuthology.orchestra.run.smithi083.stderr:/usr/bin/ceph:
2023-07-14T01:16:42.377+0000 7f44c7bb2700 1 --2- >> [v2:172.21.15.83:3300/0,v1:172.21.15.83:6789/0] conn(0x7f44c00fd7b0 0x7f44c010db40 unknown :-1 s=NONE pgs=0 cs=0 l=1 rev1=0 rx=0 tx=0).connect
2023-07-14T01:16:42.435 INFO:teuthology.orchestra.run.smithi083.stderr:/usr/bin/ceph:
2023-07-14T01:16:42.377+0000 7f44c7bb2700 1 -- --> [v2:172.21.15.83:3300/0,v1:172.21.15.83:6789/0] -- mon_getmap magic: 0 v1 -- 0x7f44c010e030 con 0x7f44c00fd7b0
2023-07-14T01:16:42.435 INFO:teuthology.orchestra.run.smithi083.stderr:/usr/bin/ceph:
2023-07-14T01:16:42.377+0000 7f44c594e700 1 --2- >> [v2:172.21.15.83:3300/0,v1:172.21.15.83:6789/0] conn(0x7f44c00fd7b0 0x7f44c010db40 unknown :-1 s=BANNER_CONNECTING pgs=0 cs=0 l=1 rev1=0 rx=0 tx=0)._handle_peer_banner_payload supported=1 required=0
2023-07-14T01:16:42.435 INFO:teuthology.orchestra.run.smithi083.stderr:/usr/bin/ceph:
2023-07-14T01:16:42.378+0000 7f44c594e700 1 --2- >> [v2:172.21.15.83:3300/0,v1:172.21.15.83:6789/0] conn(0x7f44c00fd7b0 0x7f44c010db40 unknown :-1 s=HELLO_CONNECTING pgs=0 cs=0 l=1 rev1=1 rx=0 tx=0).handle_hello peer v2:172.21.15.83:3300/0 says I am v2:172.21.15.83:38394/0 (socket says 172.21.15.83:38394)
2023-07-14T01:16:42.435 INFO:teuthology.orchestra.run.smithi083.stderr:/usr/bin/ceph:
2023-07-14T01:16:42.378+0000 7f44c594e700 1 -- 172.21.15.83:0/3638364712 learned_addr learned my addr 172.21.15.83:0/3638364712 (peer_addr_for_me v2:172.21.15.83:0/0)
2023-07-14T01:16:42.436 INFO:teuthology.orchestra.run.smithi083.stderr:/usr/bin/ceph:
2023-07-14T01:16:42.378+0000 7f44c594e700 1 -- 172.21.15.83:0/3638364712 --> [v2:172.21.15.83:3300/0,v1:172.21.15.83:6789/0] -- mon_subscribe({config=0+,monmap=0+}) v3 -- 0x7f44bc009370 con 0x7f44c00fd7b0
2023-07-14T01:16:42.436 INFO:teuthology.orchestra.run.smithi083.stderr:/usr/bin/ceph:
2023-07-14T01:16:42.378+0000 7f44c594e700 1 --2- 172.21.15.83:0/3638364712 >> [v2:172.21.15.83:3300/0,v1:172.21.15.83:6789/0] conn(0x7f44c00fd7b0 0x7f44c010db40 secure :-1 s=READY pgs=66 cs=0 l=1 rev1=1 rx=0x7f44bc012fc0 tx=0x7f44bc0090f0).ready entity=mon.0 client_cookie=0 server_cookie=0 in_seq=0 out_seq=0
2023-07-14T01:16:42.436 INFO:teuthology.orchestra.run.smithi083.stderr:/usr/bin/ceph:
2023-07-14T01:16:42.378+0000 7f44b67fc700 1 -- 172.21.15.83:0/3638364712 <== mon.0 v2:172.21.15.83:3300/0 1 ==== mon_map magic: 0 v1 ==== 229+0+0 (secure 0 0 0) 0x7f44bc01a640 con 0x7f44c00fd7b0
2023-07-14T01:16:42.436 INFO:teuthology.orchestra.run.smithi083.stderr:/usr/bin/ceph:
2023-07-14T01:16:42.378+0000 7f44b67fc700 1 -- 172.21.15.83:0/3638364712 <== mon.0 v2:172.21.15.83:3300/0 2 ==== config(25 keys) v1 ==== 1046+0+0 (secure 0 0 0) 0x7f44bc01ac30 con 0x7f44c00fd7b0
2023-07-14T01:16:42.436 INFO:teuthology.orchestra.run.smithi083.stderr:/usr/bin/ceph:
2023-07-14T01:16:42.378+0000 7f44c7bb2700 1 -- 172.21.15.83:0/3638364712 --> [v2:172.21.15.83:3300/0,v1:172.21.15.83:6789/0] -- mon_subscribe({mgrmap=0+}) v3 -- 0x7f44c010e230 con 0x7f44c00fd7b0
2023-07-14T01:16:42.436 INFO:teuthology.orchestra.run.smithi083.stderr:/usr/bin/ceph:
2023-07-14T01:16:42.378+0000 7f44b67fc700 1 -- 172.21.15.83:0/3638364712 <== mon.0 v2:172.21.15.83:3300/0 3 ==== mon_map magic: 0 v1 ==== 229+0+0 (secure 0 0 0) 0x7f44bc023c90 con 0x7f44c00fd7b0
2023-07-14T01:16:42.437 INFO:teuthology.orchestra.run.smithi083.stderr:/usr/bin/ceph:
2023-07-14T01:16:42.378+0000 7f44c7bb2700 1 -- 172.21.15.83:0/3638364712 --> [v2:172.21.15.83:3300/0,v1:172.21.15.83:6789/0] -- mon_subscribe({osdmap=0}) v3 -- 0x7f44c010e6c0 con 0x7f44c00fd7b0
2023-07-14T01:16:42.437 INFO:teuthology.orchestra.run.smithi083.stderr:/usr/bin/ceph:
2023-07-14T01:16:42.379+0000 7f44c7bb2700 1 -- 172.21.15.83:0/3638364712 --> [v2:172.21.15.83:3300/0,v1:172.21.15.83:6789/0] -- mon_command({"prefix": "get_command_descriptions"} v 0) v1 -- 0x7f44c0059f30 con 0x7f44c00fd7b0
2023-07-14T01:16:42.437 INFO:teuthology.orchestra.run.smithi083.stderr:/usr/bin/ceph:
2023-07-14T01:16:42.380+0000 7f44b67fc700 1 -- 172.21.15.83:0/3638364712 <== mon.0 v2:172.21.15.83:3300/0 4 ==== mgrmap(e 9) v1 ==== 38528+0+0 (secure 0 0 0) 0x7f44bc00f070 con 0x7f44c00fd7b0
2023-07-14T01:16:42.437 INFO:teuthology.orchestra.run.smithi083.stderr:/usr/bin/ceph:
2023-07-14T01:16:42.380+0000 7f44b67fc700 1 --2- 172.21.15.83:0/3638364712 >> [v2:172.21.15.83:6800/2966774419,v1:172.21.15.83:6801/2966774419] conn(0x7f44ac032430 0x7f44ac0348f0 unknown :-1 s=NONE pgs=0 cs=0 l=1 rev1=0 rx=0 tx=0).connect
2023-07-14T01:16:42.437 INFO:teuthology.orchestra.run.smithi083.stderr:/usr/bin/ceph:
2023-07-14T01:16:42.380+0000 7f44b67fc700 1 -- 172.21.15.83:0/3638364712 <== mon.0 v2:172.21.15.83:3300/0 5 ==== osd_map(2..2 src has 1..2) v4 ==== 893+0+0 (secure 0 0 0) 0x7f44bc044440 con 0x7f44c00fd7b0
2023-07-14T01:16:42.437 INFO:teuthology.orchestra.run.smithi083.stderr:/usr/bin/ceph:
2023-07-14T01:16:42.380+0000 7f44c514d700 1 -- 172.21.15.83:0/3638364712 >> [v2:172.21.15.83:6800/2966774419,v1:172.21.15.83:6801/2966774419] conn(0x7f44ac032430 msgr2=0x7f44ac0348f0 unknown :-1 s=STATE_CONNECTING_RE l=1).process reconnect failed to v2:172.21.15.83:6800/2966774419
2023-07-14T01:16:42.437 INFO:teuthology.orchestra.run.smithi083.stderr:/usr/bin/ceph:
2023-07-14T01:16:42.380+0000 7f44c514d700 1 --2- 172.21.15.83:0/3638364712 >> [v2:172.21.15.83:6800/2966774419,v1:172.21.15.83:6801/2966774419] conn(0x7f44ac032430 0x7f44ac0348f0 unknown :-1 s=START_CONNECT pgs=0 cs=0 l=1 rev1=0 rx=0 tx=0)._fault waiting 0.200000
2023-07-14T01:16:42.439 INFO:teuthology.orchestra.run.smithi083.stderr:/usr/bin/ceph:
2023-07-14T01:16:42.385+0000 7f44b67fc700 1 -- 172.21.15.83:0/3638364712 <== mon.0 v2:172.21.15.83:3300/0 6 ==== mon_command_ack([{"prefix": "get_command_descriptions"}]=0 v0) v1 ==== 72+0+163129 (secure 0 0 0) 0x7f44bc02bb40 con 0x7f44c00fd7b0
2023-07-14T01:16:42.636 INFO:teuthology.orchestra.run.smithi083.stderr:/usr/bin/ceph:
2023-07-14T01:16:42.581+0000 7f44c514d700 1 -- 172.21.15.83:0/3638364712 >> [v2:172.21.15.83:6800/2966774419,v1:172.21.15.83:6801/2966774419] conn(0x7f44ac032430 msgr2=0x7f44ac0348f0 unknown :-1 s=STATE_CONNECTING_RE l=1).process reconnect failed to v2:172.21.15.83:6800/2966774419
2023-07-14T01:16:42.636 INFO:teuthology.orchestra.run.smithi083.stderr:/usr/bin/ceph:
2023-07-14T01:16:42.581+0000 7f44c514d700 1 --2- 172.21.15.83:0/3638364712 >> [v2:172.21.15.83:6800/2966774419,v1:172.21.15.83:6801/2966774419] conn(0x7f44ac032430 0x7f44ac0348f0 unknown :-1 s=START_CONNECT pgs=0 cs=0 l=1 rev1=0 rx=0 tx=0)._fault waiting 0.400000
2023-07-14T01:16:42.661 INFO:teuthology.orchestra.run.smithi083.stderr:/usr/bin/ceph:
2023-07-14T01:16:42.605+0000 7f44c7bb2700 1 -- 172.21.15.83:0/3638364712 --> [v2:172.21.15.83:3300/0,v1:172.21.15.83:6789/0] -- mon_command({"prefix": "mgr stat"} v 0) v1 -- 0x7f44c0107e90 con 0x7f44c00fd7b0
2023-07-14T01:16:42.661 INFO:teuthology.orchestra.run.smithi083.stderr:/usr/bin/ceph:
2023-07-14T01:16:42.605+0000 7f44b67fc700 1 -- 172.21.15.83:0/3638364712 <== mon.0 v2:172.21.15.83:3300/0 7 ==== mon_command_ack([{"prefix": "mgr stat"}]=0 v9) v1 ==== 56+0+103 (secure 0 0 0) 0x7f44bc01e070 con 0x7f44c00fd7b0
2023-07-14T01:16:42.661 INFO:teuthology.orchestra.run.smithi083.stderr:/usr/bin/ceph: {
2023-07-14T01:16:42.661 INFO:teuthology.orchestra.run.smithi083.stderr:/usr/bin/ceph: "epoch": 9,
2023-07-14T01:16:42.661 INFO:teuthology.orchestra.run.smithi083.stderr:/usr/bin/ceph: "available": true,
2023-07-14T01:16:42.661 INFO:teuthology.orchestra.run.smithi083.stderr:/usr/bin/ceph: "active_name": "smithi083.cyzpcu",
2023-07-14T01:16:42.662 INFO:teuthology.orchestra.run.smithi083.stderr:/usr/bin/ceph: "num_standby": 0
2023-07-14T01:16:42.662 INFO:teuthology.orchestra.run.smithi083.stderr:/usr/bin/ceph: }
2023-07-14T01:16:42.663 INFO:teuthology.orchestra.run.smithi083.stderr:/usr/bin/ceph:
2023-07-14T01:16:42.608+0000 7f44c7bb2700 1 -- 172.21.15.83:0/3638364712 >> [v2:172.21.15.83:6800/2966774419,v1:172.21.15.83:6801/2966774419] conn(0x7f44ac032430 msgr2=0x7f44ac0348f0 unknown :-1 s=STATE_CONNECTING l=1).mark_down
2023-07-14T01:16:42.664 INFO:teuthology.orchestra.run.smithi083.stderr:/usr/bin/ceph:
2023-07-14T01:16:42.608+0000 7f44c7bb2700 1 --2- 172.21.15.83:0/3638364712 >> [v2:172.21.15.83:6800/2966774419,v1:172.21.15.83:6801/2966774419] conn(0x7f44ac032430 0x7f44ac0348f0 unknown :-1 s=START_CONNECT pgs=0 cs=0 l=1 rev1=0 rx=0 tx=0).stop
2023-07-14T01:16:42.664 INFO:teuthology.orchestra.run.smithi083.stderr:/usr/bin/ceph:
2023-07-14T01:16:42.608+0000 7f44c7bb2700 1 -- 172.21.15.83:0/3638364712 >> [v2:172.21.15.83:3300/0,v1:172.21.15.83:6789/0] conn(0x7f44c00fd7b0 msgr2=0x7f44c010db40 secure :-1 s=STATE_CONNECTION_ESTABLISHED l=1).mark_down
2023-07-14T01:16:42.664 INFO:teuthology.orchestra.run.smithi083.stderr:/usr/bin/ceph:
2023-07-14T01:16:42.608+0000 7f44c7bb2700 1 --2- 172.21.15.83:0/3638364712 >> [v2:172.21.15.83:3300/0,v1:172.21.15.83:6789/0] conn(0x7f44c00fd7b0 0x7f44c010db40 secure :-1 s=READY pgs=66 cs=0 l=1 rev1=1 rx=0x7f44bc012fc0 tx=0x7f44bc0090f0).stop
2023-07-14T01:16:42.664 INFO:teuthology.orchestra.run.smithi083.stderr:/usr/bin/ceph:
2023-07-14T01:16:42.608+0000 7f44c7bb2700 1 -- 172.21.15.83:0/3638364712 shutdown_connections
2023-07-14T01:16:42.664 INFO:teuthology.orchestra.run.smithi083.stderr:/usr/bin/ceph:
2023-07-14T01:16:42.608+0000 7f44c7bb2700 1 --2- 172.21.15.83:0/3638364712 >> [v2:172.21.15.83:6800/2966774419,v1:172.21.15.83:6801/2966774419] conn(0x7f44ac032430 0x7f44ac0348f0 unknown :-1 s=CLOSED pgs=0 cs=0 l=1 rev1=0 rx=0 tx=0).stop
2023-07-14T01:16:42.664 INFO:teuthology.orchestra.run.smithi083.stderr:/usr/bin/ceph:
2023-07-14T01:16:42.608+0000 7f44c7bb2700 1 --2- 172.21.15.83:0/3638364712 >> [v2:172.21.15.83:3300/0,v1:172.21.15.83:6789/0] conn(0x7f44c00fd7b0 0x7f44c010db40 unknown :-1 s=CLOSED pgs=66 cs=0 l=1 rev1=1 rx=0 tx=0).stop
2023-07-14T01:16:42.665 INFO:teuthology.orchestra.run.smithi083.stderr:/usr/bin/ceph:
2023-07-14T01:16:42.608+0000 7f44c7bb2700 1 -- 172.21.15.83:0/3638364712 >> 172.21.15.83:0/3638364712 conn(0x7f44c00f7260 msgr2=0x7f44c00f8c60 unknown :-1 s=STATE_NONE l=0).mark_down
2023-07-14T01:16:42.665 INFO:teuthology.orchestra.run.smithi083.stderr:/usr/bin/ceph:
2023-07-14T01:16:42.608+0000 7f44c7bb2700 1 -- 172.21.15.83:0/3638364712 shutdown_connections
2023-07-14T01:16:42.665 INFO:teuthology.orchestra.run.smithi083.stderr:/usr/bin/ceph:
2023-07-14T01:16:42.608+0000 7f44c7bb2700 1 -- 172.21.15.83:0/3638364712 wait complete.
2023-07-14T01:16:42.846 INFO:journalctl@ceph.mon.smithi083.smithi083.stdout:Jul 14 01:16:42 smithi083 ceph-e4808c00-21e3-11ee-9b32-001a4aab830c-mon-smithi083[103886]: audit
2023-07-14T01:16:41.641354+0000 mon.smithi083 (mon.0) 69 : audit [INF] from='client.? 172.21.15.83:0/3544034432' entity='client.admin' cmd='[{"prefix": "mgr module enable", "module": "dashboard"}]': finished
2023-07-14T01:16:42.846 INFO:journalctl@ceph.mon.smithi083.smithi083.stdout:Jul 14 01:16:42 smithi083 ceph-e4808c00-21e3-11ee-9b32-001a4aab830c-mon-smithi083[103886]: cluster
2023-07-14T01:16:41.641433+0000 mon.smithi083 (mon.0) 70 : cluster [DBG] mgrmap e9: smithi083.cyzpcu(active, since 18s)
2023-07-14T01:16:42.846 INFO:journalctl@ceph.mon.smithi083.smithi083.stdout:Jul 14 01:16:42 smithi083 ceph-e4808c00-21e3-11ee-9b32-001a4aab830c-mon-smithi083[103886]: audit
2023-07-14T01:16:42.606955+0000 mon.smithi083 (mon.0) 71 : audit [DBG] from='client.? 172.21.15.83:0/3638364712' entity='client.admin' cmd=[{"prefix": "mgr stat"}]: dispatch
2023-07-14T01:16:43.007 INFO:teuthology.orchestra.run.smithi083.stderr:Waiting for the mgr to restart...
2023-07-14T01:16:43.007 INFO:teuthology.orchestra.run.smithi083.stderr:Waiting for mgr epoch 9...
2023-07-14T01:16:43.497 INFO:teuthology.orchestra.run.smithi083.stderr:/usr/bin/ceph:
2023-07-14T01:16:43.438+0000 7fe136d9d700 1 Processor -- start
2023-07-14T01:16:43.498 INFO:teuthology.orchestra.run.smithi083.stderr:/usr/bin/ceph:
2023-07-14T01:16:43.438+0000 7fe136d9d700 1 -- start start
2023-07-14T01:16:43.498 INFO:teuthology.orchestra.run.smithi083.stderr:/usr/bin/ceph:
2023-07-14T01:16:43.439+0000 7fe136d9d700 1 --2- >> [v2:172.21.15.83:3300/0,v1:172.21.15.83:6789/0] conn(0x7fe130068d80 0x7fe1300691a0 unknown :-1 s=NONE pgs=0 cs=0 l=0 rev1=0 rx=0 tx=0).connect
2023-07-14T01:16:43.498 INFO:teuthology.orchestra.run.smithi083.stderr:/usr/bin/ceph:
2023-07-14T01:16:43.439+0000 7fe136d9d700 1 -- --> [v2:172.21.15.83:3300/0,v1:172.21.15.83:6789/0] -- mon_getmap magic: 0 v1 -- 0x7fe13006a7a0 con 0x7fe130068d80
2023-07-14T01:16:43.498 INFO:teuthology.orchestra.run.smithi083.stderr:/usr/bin/ceph:
2023-07-14T01:16:43.439+0000 7fe134b39700 1 --2- >> [v2:172.21.15.83:3300/0,v1:172.21.15.83:6789/0] conn(0x7fe130068d80 0x7fe1300691a0 unknown :-1 s=BANNER_CONNECTING pgs=0 cs=0 l=0 rev1=0 rx=0 tx=0)._handle_peer_banner_payload supported=1 required=0
2023-07-14T01:16:43.498 INFO:teuthology.orchestra.run.smithi083.stderr:/usr/bin/ceph:
2023-07-14T01:16:43.439+0000 7fe134b39700 1 --2- >> [v2:172.21.15.83:3300/0,v1:172.21.15.83:6789/0] conn(0x7fe130068d80 0x7fe1300691a0 unknown :-1 s=HELLO_CONNECTING pgs=0 cs=0 l=0 rev1=1 rx=0 tx=0).handle_hello peer v2:172.21.15.83:3300/0 says I am v2:172.21.15.83:38404/0 (socket says 172.21.15.83:38404)
2023-07-14T01:16:43.498 INFO:teuthology.orchestra.run.smithi083.stderr:/usr/bin/ceph:
2023-07-14T01:16:43.439+0000 7fe134b39700 1 -- 172.21.15.83:0/2600260681 learned_addr learned my addr 172.21.15.83:0/2600260681 (peer_addr_for_me v2:172.21.15.83:0/0)
2023-07-14T01:16:43.498 INFO:teuthology.orchestra.run.smithi083.stderr:/usr/bin/ceph:
2023-07-14T01:16:43.440+0000 7fe134b39700 1 -- 172.21.15.83:0/2600260681 --> [v2:172.21.15.83:3300/0,v1:172.21.15.83:6789/0] -- mon_subscribe({config=0+,monmap=0+}) v3 -- 0x7fe13006a8e0 con 0x7fe130068d80
2023-07-14T01:16:43.499 INFO:teuthology.orchestra.run.smithi083.stderr:/usr/bin/ceph:
2023-07-14T01:16:43.440+0000 7fe134b39700 1 --2- 172.21.15.83:0/2600260681 >> [v2:172.21.15.83:3300/0,v1:172.21.15.83:6789/0] conn(0x7fe130068d80 0x7fe1300691a0 secure :-1 s=READY pgs=67 cs=0 l=1 rev1=1 rx=0x7fe118008a00 tx=0x7fe1180083f0).ready entity=mon.0 client_cookie=586de0c1c9c9aca server_cookie=0 in_seq=0 out_seq=0
2023-07-14T01:16:43.499 INFO:teuthology.orchestra.run.smithi083.stderr:/usr/bin/ceph:
2023-07-14T01:16:43.441+0000 7fe12f7fe700 1 -- 172.21.15.83:0/2600260681 <== mon.0 v2:172.21.15.83:3300/0 1 ==== mon_map magic: 0 v1 ==== 229+0+0 (secure 0 0 0) 0x7fe11800dc30 con 0x7fe130068d80
2023-07-14T01:16:43.499 INFO:teuthology.orchestra.run.smithi083.stderr:/usr/bin/ceph:
2023-07-14T01:16:43.441+0000 7fe12f7fe700 1 -- 172.21.15.83:0/2600260681 <== mon.0 v2:172.21.15.83:3300/0 2 ==== config(25 keys) v1 ==== 1046+0+0 (secure 0 0 0) 0x7fe11800dd90 con 0x7fe130068d80
2023-07-14T01:16:43.499 INFO:teuthology.orchestra.run.smithi083.stderr:/usr/bin/ceph:
2023-07-14T01:16:43.441+0000 7fe12f7fe700 1 -- 172.21.15.83:0/2600260681 <== mon.0 v2:172.21.15.83:3300/0 3 ==== mon_map magic: 0 v1 ==== 229+0+0 (secure 0 0 0) 0x7fe1180146d0 con 0x7fe130068d80
2023-07-14T01:16:43.499 INFO:teuthology.orchestra.run.smithi083.stderr:/usr/bin/ceph:
2023-07-14T01:16:43.441+0000 7fe136d9d700 1 -- 172.21.15.83:0/2600260681 >> [v2:172.21.15.83:3300/0,v1:172.21.15.83:6789/0] conn(0x7fe130068d80 msgr2=0x7fe1300691a0 secure :-1 s=STATE_CONNECTION_ESTABLISHED l=1).mark_down
2023-07-14T01:16:43.499 INFO:teuthology.orchestra.run.smithi083.stderr:/usr/bin/ceph:
2023-07-14T01:16:43.441+0000 7fe136d9d700 1 --2- 172.21.15.83:0/2600260681 >> [v2:172.21.15.83:3300/0,v1:172.21.15.83:6789/0] conn(0x7fe130068d80 0x7fe1300691a0 secure :-1 s=READY pgs=67 cs=0 l=1 rev1=1 rx=0x7fe118008a00 tx=0x7fe1180083f0).stop
2023-07-14T01:16:43.509 INFO:teuthology.orchestra.run.smithi083.stderr:/usr/bin/ceph:
2023-07-14T01:16:43.453+0000 7fe136d9d700 1 -- 172.21.15.83:0/2600260681 shutdown_connections
2023-07-14T01:16:43.509 INFO:teuthology.orchestra.run.smithi083.stderr:/usr/bin/ceph:
