2023-07-14T01:16:17.189+0000 7fcc7659c700 1 --2- >> [v2:172.21.15.83:3300/0,v1:172.21.15.83:6789/0] conn(0x7fcc780fd7b0 0x7fcc7810b900 unknown :-1 s=BANNER_CONNECTING pgs=0 cs=0 l=1 rev1=0 rx=0 tx=0)._handle_peer_banner_payload supported=1 required=0
2023-07-14T01:16:17.246 INFO:teuthology.orchestra.run.smithi083.stderr:/usr/bin/ceph:
2023-07-14T01:16:17.189+0000 7fcc7659c700 1 --2- >> [v2:172.21.15.83:3300/0,v1:172.21.15.83:6789/0] conn(0x7fcc780fd7b0 0x7fcc7810b900 unknown :-1 s=HELLO_CONNECTING pgs=0 cs=0 l=1 rev1=1 rx=0 tx=0).handle_hello peer v2:172.21.15.83:3300/0 says I am v2:172.21.15.83:49410/0 (socket says 172.21.15.83:49410)
2023-07-14T01:16:17.246 INFO:teuthology.orchestra.run.smithi083.stderr:/usr/bin/ceph:
2023-07-14T01:16:17.189+0000 7fcc7659c700 1 -- 172.21.15.83:0/1564830724 learned_addr learned my addr 172.21.15.83:0/1564830724 (peer_addr_for_me v2:172.21.15.83:0/0)
2023-07-14T01:16:17.246 INFO:teuthology.orchestra.run.smithi083.stderr:/usr/bin/ceph:
2023-07-14T01:16:17.190+0000 7fcc7659c700 1 -- 172.21.15.83:0/1564830724 --> [v2:172.21.15.83:3300/0,v1:172.21.15.83:6789/0] -- mon_subscribe({config=0+,monmap=0+}) v3 -- 0x7fcc68009370 con 0x7fcc780fd7b0
2023-07-14T01:16:17.246 INFO:teuthology.orchestra.run.smithi083.stderr:/usr/bin/ceph:
2023-07-14T01:16:17.190+0000 7fcc7659c700 1 --2- 172.21.15.83:0/1564830724 >> [v2:172.21.15.83:3300/0,v1:172.21.15.83:6789/0] conn(0x7fcc780fd7b0 0x7fcc7810b900 secure :-1 s=READY pgs=25 cs=0 l=1 rev1=1 rx=0x7fcc68009330 tx=0x7fcc680090f0).ready entity=mon.0 client_cookie=0 server_cookie=0 in_seq=0 out_seq=0
2023-07-14T01:16:17.246 INFO:teuthology.orchestra.run.smithi083.stderr:/usr/bin/ceph:
2023-07-14T01:16:17.190+0000 7fcc66ffd700 1 -- 172.21.15.83:0/1564830724 <== mon.0 v2:172.21.15.83:3300/0 1 ==== mon_map magic: 0 v1 ==== 229+0+0 (secure 0 0 0) 0x7fcc6801a610 con 0x7fcc780fd7b0
2023-07-14T01:16:17.247 INFO:teuthology.orchestra.run.smithi083.stderr:/usr/bin/ceph:
2023-07-14T01:16:17.190+0000 7fcc66ffd700 1 -- 172.21.15.83:0/1564830724 <== mon.0 v2:172.21.15.83:3300/0 2 ==== config(25 keys) v1 ==== 982+0+0 (secure 0 0 0) 0x7fcc6801abc0 con 0x7fcc780fd7b0
2023-07-14T01:16:17.247 INFO:teuthology.orchestra.run.smithi083.stderr:/usr/bin/ceph:
2023-07-14T01:16:17.190+0000 7fcc66ffd700 1 -- 172.21.15.83:0/1564830724 <== mon.0 v2:172.21.15.83:3300/0 3 ==== mon_map magic: 0 v1 ==== 229+0+0 (secure 0 0 0) 0x7fcc68022ac0 con 0x7fcc780fd7b0
2023-07-14T01:16:17.247 INFO:teuthology.orchestra.run.smithi083.stderr:/usr/bin/ceph:
2023-07-14T01:16:17.190+0000 7fcc7cee2700 1 -- 172.21.15.83:0/1564830724 --> [v2:172.21.15.83:3300/0,v1:172.21.15.83:6789/0] -- mon_subscribe({mgrmap=0+}) v3 -- 0x7fcc7810bff0 con 0x7fcc780fd7b0
2023-07-14T01:16:17.247 INFO:teuthology.orchestra.run.smithi083.stderr:/usr/bin/ceph:
2023-07-14T01:16:17.190+0000 7fcc7cee2700 1 -- 172.21.15.83:0/1564830724 --> [v2:172.21.15.83:3300/0,v1:172.21.15.83:6789/0] -- mon_subscribe({osdmap=0}) v3 -- 0x7fcc7810c480 con 0x7fcc780fd7b0
2023-07-14T01:16:17.248 INFO:teuthology.orchestra.run.smithi083.stderr:/usr/bin/ceph:
2023-07-14T01:16:17.191+0000 7fcc66ffd700 1 -- 172.21.15.83:0/1564830724 <== mon.0 v2:172.21.15.83:3300/0 4 ==== mgrmap(e 5) v1 ==== 38515+0+0 (secure 0 0 0) 0x7fcc6802a070 con 0x7fcc780fd7b0
2023-07-14T01:16:17.248 INFO:teuthology.orchestra.run.smithi083.stderr:/usr/bin/ceph:
2023-07-14T01:16:17.192+0000 7fcc66ffd700 1 --2- 172.21.15.83:0/1564830724 >> [v2:172.21.15.83:6800/81028925,v1:172.21.15.83:6801/81028925] conn(0x7fcc600323e0 0x7fcc600348a0 unknown :-1 s=NONE pgs=0 cs=0 l=1 rev1=0 rx=0 tx=0).connect
2023-07-14T01:16:17.248 INFO:teuthology.orchestra.run.smithi083.stderr:/usr/bin/ceph:
2023-07-14T01:16:17.192+0000 7fcc66ffd700 1 -- 172.21.15.83:0/1564830724 <== mon.0 v2:172.21.15.83:3300/0 5 ==== osd_map(1..1 src has 1..1) v4 ==== 721+0+0 (secure 0 0 0) 0x7fcc68044260 con 0x7fcc780fd7b0
2023-07-14T01:16:17.248 INFO:teuthology.orchestra.run.smithi083.stderr:/usr/bin/ceph:
2023-07-14T01:16:17.192+0000 7fcc7cee2700 1 -- 172.21.15.83:0/1564830724 --> [v2:172.21.15.83:3300/0,v1:172.21.15.83:6789/0] -- mon_command({"prefix": "get_command_descriptions"} v 0) v1 -- 0x7fcc78059f30 con 0x7fcc780fd7b0
2023-07-14T01:16:17.248 INFO:teuthology.orchestra.run.smithi083.stderr:/usr/bin/ceph:
2023-07-14T01:16:17.192+0000 7fcc75d9b700 1 -- 172.21.15.83:0/1564830724 >> [v2:172.21.15.83:6800/81028925,v1:172.21.15.83:6801/81028925] conn(0x7fcc600323e0 msgr2=0x7fcc600348a0 unknown :-1 s=STATE_CONNECTING_RE l=1).process reconnect failed to v2:172.21.15.83:6800/81028925
2023-07-14T01:16:17.248 INFO:teuthology.orchestra.run.smithi083.stderr:/usr/bin/ceph:
2023-07-14T01:16:17.192+0000 7fcc75d9b700 1 --2- 172.21.15.83:0/1564830724 >> [v2:172.21.15.83:6800/81028925,v1:172.21.15.83:6801/81028925] conn(0x7fcc600323e0 0x7fcc600348a0 unknown :-1 s=START_CONNECT pgs=0 cs=0 l=1 rev1=0 rx=0 tx=0)._fault waiting 0.200000
2023-07-14T01:16:17.251 INFO:teuthology.orchestra.run.smithi083.stderr:/usr/bin/ceph:
2023-07-14T01:16:17.196+0000 7fcc66ffd700 1 -- 172.21.15.83:0/1564830724 <== mon.0 v2:172.21.15.83:3300/0 6 ==== mon_command_ack([{"prefix": "get_command_descriptions"}]=0 v0) v1 ==== 72+0+163129 (secure 0 0 0) 0x7fcc6801e080 con 0x7fcc780fd7b0
2023-07-14T01:16:17.448 INFO:teuthology.orchestra.run.smithi083.stderr:/usr/bin/ceph:
2023-07-14T01:16:17.393+0000 7fcc75d9b700 1 -- 172.21.15.83:0/1564830724 >> [v2:172.21.15.83:6800/81028925,v1:172.21.15.83:6801/81028925] conn(0x7fcc600323e0 msgr2=0x7fcc600348a0 unknown :-1 s=STATE_CONNECTING_RE l=1).process reconnect failed to v2:172.21.15.83:6800/81028925
2023-07-14T01:16:17.448 INFO:teuthology.orchestra.run.smithi083.stderr:/usr/bin/ceph:
2023-07-14T01:16:17.393+0000 7fcc75d9b700 1 --2- 172.21.15.83:0/1564830724 >> [v2:172.21.15.83:6800/81028925,v1:172.21.15.83:6801/81028925] conn(0x7fcc600323e0 0x7fcc600348a0 unknown :-1 s=START_CONNECT pgs=0 cs=0 l=1 rev1=0 rx=0 tx=0)._fault waiting 0.400000
2023-07-14T01:16:17.472 INFO:teuthology.orchestra.run.smithi083.stderr:/usr/bin/ceph:
2023-07-14T01:16:17.416+0000 7fcc7cee2700 1 -- 172.21.15.83:0/1564830724 --> [v2:172.21.15.83:3300/0,v1:172.21.15.83:6789/0] -- mon_command({"prefix": "mgr stat"} v 0) v1 -- 0x7fcc78059510 con 0x7fcc780fd7b0
2023-07-14T01:16:17.472 INFO:teuthology.orchestra.run.smithi083.stderr:/usr/bin/ceph:
2023-07-14T01:16:17.417+0000 7fcc66ffd700 1 -- 172.21.15.83:0/1564830724 <== mon.0 v2:172.21.15.83:3300/0 7 ==== mon_command_ack([{"prefix": "mgr stat"}]=0 v5) v1 ==== 56+0+103 (secure 0 0 0) 0x7fcc6801a770 con 0x7fcc780fd7b0
2023-07-14T01:16:17.472 INFO:teuthology.orchestra.run.smithi083.stderr:/usr/bin/ceph: {
2023-07-14T01:16:17.472 INFO:teuthology.orchestra.run.smithi083.stderr:/usr/bin/ceph: "epoch": 5,
2023-07-14T01:16:17.472 INFO:teuthology.orchestra.run.smithi083.stderr:/usr/bin/ceph: "available": true,
2023-07-14T01:16:17.473 INFO:teuthology.orchestra.run.smithi083.stderr:/usr/bin/ceph: "active_name": "smithi083.cyzpcu",
2023-07-14T01:16:17.473 INFO:teuthology.orchestra.run.smithi083.stderr:/usr/bin/ceph: "num_standby": 0
2023-07-14T01:16:17.473 INFO:teuthology.orchestra.run.smithi083.stderr:/usr/bin/ceph: }
2023-07-14T01:16:17.474 INFO:teuthology.orchestra.run.smithi083.stderr:/usr/bin/ceph:
2023-07-14T01:16:17.419+0000 7fcc7cee2700 1 -- 172.21.15.83:0/1564830724 >> [v2:172.21.15.83:6800/81028925,v1:172.21.15.83:6801/81028925] conn(0x7fcc600323e0 msgr2=0x7fcc600348a0 unknown :-1 s=STATE_CONNECTING l=1).mark_down
2023-07-14T01:16:17.474 INFO:teuthology.orchestra.run.smithi083.stderr:/usr/bin/ceph:
2023-07-14T01:16:17.419+0000 7fcc7cee2700 1 --2- 172.21.15.83:0/1564830724 >> [v2:172.21.15.83:6800/81028925,v1:172.21.15.83:6801/81028925] conn(0x7fcc600323e0 0x7fcc600348a0 unknown :-1 s=START_CONNECT pgs=0 cs=0 l=1 rev1=0 rx=0 tx=0).stop
2023-07-14T01:16:17.475 INFO:teuthology.orchestra.run.smithi083.stderr:/usr/bin/ceph:
2023-07-14T01:16:17.419+0000 7fcc7cee2700 1 -- 172.21.15.83:0/1564830724 >> [v2:172.21.15.83:3300/0,v1:172.21.15.83:6789/0] conn(0x7fcc780fd7b0 msgr2=0x7fcc7810b900 secure :-1 s=STATE_CONNECTION_ESTABLISHED l=1).mark_down
2023-07-14T01:16:17.475 INFO:teuthology.orchestra.run.smithi083.stderr:/usr/bin/ceph:
2023-07-14T01:16:17.419+0000 7fcc7cee2700 1 --2- 172.21.15.83:0/1564830724 >> [v2:172.21.15.83:3300/0,v1:172.21.15.83:6789/0] conn(0x7fcc780fd7b0 0x7fcc7810b900 secure :-1 s=READY pgs=25 cs=0 l=1 rev1=1 rx=0x7fcc68009330 tx=0x7fcc680090f0).stop
2023-07-14T01:16:17.475 INFO:teuthology.orchestra.run.smithi083.stderr:/usr/bin/ceph:
2023-07-14T01:16:17.419+0000 7fcc7cee2700 1 -- 172.21.15.83:0/1564830724 shutdown_connections
2023-07-14T01:16:17.475 INFO:teuthology.orchestra.run.smithi083.stderr:/usr/bin/ceph:
2023-07-14T01:16:17.419+0000 7fcc7cee2700 1 --2- 172.21.15.83:0/1564830724 >> [v2:172.21.15.83:6800/81028925,v1:172.21.15.83:6801/81028925] conn(0x7fcc600323e0 0x7fcc600348a0 unknown :-1 s=CLOSED pgs=0 cs=0 l=1 rev1=0 rx=0 tx=0).stop
2023-07-14T01:16:17.476 INFO:teuthology.orchestra.run.smithi083.stderr:/usr/bin/ceph:
2023-07-14T01:16:17.419+0000 7fcc7cee2700 1 --2- 172.21.15.83:0/1564830724 >> [v2:172.21.15.83:3300/0,v1:172.21.15.83:6789/0] conn(0x7fcc780fd7b0 0x7fcc7810b900 unknown :-1 s=CLOSED pgs=25 cs=0 l=1 rev1=1 rx=0 tx=0).stop
2023-07-14T01:16:17.476 INFO:teuthology.orchestra.run.smithi083.stderr:/usr/bin/ceph:
2023-07-14T01:16:17.419+0000 7fcc7cee2700 1 -- 172.21.15.83:0/1564830724 >> 172.21.15.83:0/1564830724 conn(0x7fcc780f7260 msgr2=0x7fcc780f8cf0 unknown :-1 s=STATE_NONE l=0).mark_down
2023-07-14T01:16:17.476 INFO:teuthology.orchestra.run.smithi083.stderr:/usr/bin/ceph:
2023-07-14T01:16:17.420+0000 7fcc7cee2700 1 -- 172.21.15.83:0/1564830724 shutdown_connections
2023-07-14T01:16:17.476 INFO:teuthology.orchestra.run.smithi083.stderr:/usr/bin/ceph:
2023-07-14T01:16:17.420+0000 7fcc7cee2700 1 -- 172.21.15.83:0/1564830724 wait complete.
2023-07-14T01:16:17.615 INFO:journalctl@ceph.mon.smithi083.smithi083.stdout:Jul 14 01:16:17 smithi083 ceph-e4808c00-21e3-11ee-9b32-001a4aab830c-mon-smithi083[103886]: audit
2023-07-14T01:16:16.430635+0000 mon.smithi083 (mon.0) 28 : audit [INF] from='client.? 172.21.15.83:0/3474710865' entity='client.admin' cmd='[{"prefix": "mgr module enable", "module": "cephadm"}]': finished
2023-07-14T01:16:17.615 INFO:journalctl@ceph.mon.smithi083.smithi083.stdout:Jul 14 01:16:17 smithi083 ceph-e4808c00-21e3-11ee-9b32-001a4aab830c-mon-smithi083[103886]: cluster
2023-07-14T01:16:16.430710+0000 mon.smithi083 (mon.0) 29 : cluster [DBG] mgrmap e5: smithi083.cyzpcu(active, since 9s)
2023-07-14T01:16:17.615 INFO:journalctl@ceph.mon.smithi083.smithi083.stdout:Jul 14 01:16:17 smithi083 ceph-e4808c00-21e3-11ee-9b32-001a4aab830c-mon-smithi083[103886]: audit
2023-07-14T01:16:17.418290+0000 mon.smithi083 (mon.0) 30 : audit [DBG] from='client.? 172.21.15.83:0/1564830724' entity='client.admin' cmd=[{"prefix": "mgr stat"}]: dispatch
2023-07-14T01:16:17.807 INFO:teuthology.orchestra.run.smithi083.stderr:Waiting for the mgr to restart...
2023-07-14T01:16:17.807 INFO:teuthology.orchestra.run.smithi083.stderr:Waiting for mgr epoch 5...
2023-07-14T01:16:18.237 INFO:teuthology.orchestra.run.smithi083.stderr:/usr/bin/ceph:
2023-07-14T01:16:18.178+0000 7f16575e8700 1 Processor -- start
2023-07-14T01:16:18.237 INFO:teuthology.orchestra.run.smithi083.stderr:/usr/bin/ceph:
2023-07-14T01:16:18.178+0000 7f16575e8700 1 -- start start
2023-07-14T01:16:18.237 INFO:teuthology.orchestra.run.smithi083.stderr:/usr/bin/ceph:
2023-07-14T01:16:18.178+0000 7f16575e8700 1 --2- >> [v2:172.21.15.83:3300/0,v1:172.21.15.83:6789/0] conn(0x7f1650069390 0x7f16500697b0 unknown :-1 s=NONE pgs=0 cs=0 l=0 rev1=0 rx=0 tx=0).connect
2023-07-14T01:16:18.237 INFO:teuthology.orchestra.run.smithi083.stderr:/usr/bin/ceph:
2023-07-14T01:16:18.178+0000 7f16575e8700 1 -- --> [v2:172.21.15.83:3300/0,v1:172.21.15.83:6789/0] -- mon_getmap magic: 0 v1 -- 0x7f1650069ca0 con 0x7f1650069390
2023-07-14T01:16:18.237 INFO:teuthology.orchestra.run.smithi083.stderr:/usr/bin/ceph:
2023-07-14T01:16:18.180+0000 7f1655384700 1 --2- >> [v2:172.21.15.83:3300/0,v1:172.21.15.83:6789/0] conn(0x7f1650069390 0x7f16500697b0 unknown :-1 s=BANNER_CONNECTING pgs=0 cs=0 l=0 rev1=0 rx=0 tx=0)._handle_peer_banner_payload supported=1 required=0
2023-07-14T01:16:18.238 INFO:teuthology.orchestra.run.smithi083.stderr:/usr/bin/ceph:
2023-07-14T01:16:18.180+0000 7f1655384700 1 --2- >> [v2:172.21.15.83:3300/0,v1:172.21.15.83:6789/0] conn(0x7f1650069390 0x7f16500697b0 unknown :-1 s=HELLO_CONNECTING pgs=0 cs=0 l=0 rev1=1 rx=0 tx=0).handle_hello peer v2:172.21.15.83:3300/0 says I am v2:172.21.15.83:49418/0 (socket says 172.21.15.83:49418)
2023-07-14T01:16:18.238 INFO:teuthology.orchestra.run.smithi083.stderr:/usr/bin/ceph:
2023-07-14T01:16:18.180+0000 7f1655384700 1 -- 172.21.15.83:0/2961445613 learned_addr learned my addr 172.21.15.83:0/2961445613 (peer_addr_for_me v2:172.21.15.83:0/0)
2023-07-14T01:16:18.238 INFO:teuthology.orchestra.run.smithi083.stderr:/usr/bin/ceph:
2023-07-14T01:16:18.180+0000 7f1655384700 1 -- 172.21.15.83:0/2961445613 --> [v2:172.21.15.83:3300/0,v1:172.21.15.83:6789/0] -- mon_subscribe({config=0+,monmap=0+}) v3 -- 0x7f1650069de0 con 0x7f1650069390
2023-07-14T01:16:18.238 INFO:teuthology.orchestra.run.smithi083.stderr:/usr/bin/ceph:
2023-07-14T01:16:18.181+0000 7f1655384700 1 --2- 172.21.15.83:0/2961445613 >> [v2:172.21.15.83:3300/0,v1:172.21.15.83:6789/0] conn(0x7f1650069390 0x7f16500697b0 secure :-1 s=READY pgs=26 cs=0 l=1 rev1=1 rx=0x7f164c008730 tx=0x7f164c008190).ready entity=mon.0 client_cookie=3b7abd0b0038067d server_cookie=0 in_seq=0 out_seq=0
2023-07-14T01:16:18.246 INFO:teuthology.orchestra.run.smithi083.stderr:/usr/bin/ceph:
2023-07-14T01:16:18.190+0000 7f1647fff700 1 -- 172.21.15.83:0/2961445613 <== mon.0 v2:172.21.15.83:3300/0 1 ==== mon_map magic: 0 v1 ==== 229+0+0 (secure 0 0 0) 0x7f164c00db60 con 0x7f1650069390
2023-07-14T01:16:18.247 INFO:teuthology.orchestra.run.smithi083.stderr:/usr/bin/ceph:
2023-07-14T01:16:18.190+0000 7f1647fff700 1 -- 172.21.15.83:0/2961445613 <== mon.0 v2:172.21.15.83:3300/0 2 ==== config(25 keys) v1 ==== 982+0+0 (secure 0 0 0) 0x7f164c00dcc0 con 0x7f1650069390
2023-07-14T01:16:18.247 INFO:teuthology.orchestra.run.smithi083.stderr:/usr/bin/ceph:
2023-07-14T01:16:18.190+0000 7f1647fff700 1 -- 172.21.15.83:0/2961445613 <== mon.0 v2:172.21.15.83:3300/0 3 ==== mon_map magic: 0 v1 ==== 229+0+0 (secure 0 0 0) 0x7f164c0145b0 con 0x7f1650069390
2023-07-14T01:16:18.247 INFO:teuthology.orchestra.run.smithi083.stderr:/usr/bin/ceph:
2023-07-14T01:16:18.190+0000 7f16575e8700 1 -- 172.21.15.83:0/2961445613 >> [v2:172.21.15.83:3300/0,v1:172.21.15.83:6789/0] conn(0x7f1650069390 msgr2=0x7f16500697b0 secure :-1 s=STATE_CONNECTION_ESTABLISHED l=1).mark_down
2023-07-14T01:16:18.247 INFO:teuthology.orchestra.run.smithi083.stderr:/usr/bin/ceph:
2023-07-14T01:16:18.190+0000 7f16575e8700 1 --2- 172.21.15.83:0/2961445613 >> [v2:172.21.15.83:3300/0,v1:172.21.15.83:6789/0] conn(0x7f1650069390 0x7f16500697b0 secure :-1 s=READY pgs=26 cs=0 l=1 rev1=1 rx=0x7f164c008730 tx=0x7f164c008190).stop
2023-07-14T01:16:18.257 INFO:teuthology.orchestra.run.smithi083.stderr:/usr/bin/ceph:
2023-07-14T01:16:18.191+0000 7f16575e8700 1 -- 172.21.15.83:0/2961445613 shutdown_connections
2023-07-14T01:16:18.257 INFO:teuthology.orchestra.run.smithi083.stderr:/usr/bin/ceph:
2023-07-14T01:16:18.191+0000 7f16575e8700 1 --2- 172.21.15.83:0/2961445613 >> [v2:172.21.15.83:3300/0,v1:172.21.15.83:6789/0] conn(0x7f1650069390 0x7f16500697b0 unknown :-1 s=CLOSED pgs=26 cs=0 l=1 rev1=1 rx=0 tx=0).stop
2023-07-14T01:16:18.257 INFO:teuthology.orchestra.run.smithi083.stderr:/usr/bin/ceph:
2023-07-14T01:16:18.191+0000 7f16575e8700 1 -- 172.21.15.83:0/2961445613 >> 172.21.15.83:0/2961445613 conn(0x7f1650064970 msgr2=0x7f1650066d90 unknown :-1 s=STATE_NONE l=0).mark_down
2023-07-14T01:16:18.268 INFO:teuthology.orchestra.run.smithi083.stderr:/usr/bin/ceph:
2023-07-14T01:16:18.202+0000 7f16575e8700 1 -- 172.21.15.83:0/2961445613 shutdown_connections
2023-07-14T01:16:18.269 INFO:teuthology.orchestra.run.smithi083.stderr:/usr/bin/ceph:
2023-07-14T01:16:18.202+0000 7f16575e8700 1 -- 172.21.15.83:0/2961445613 wait complete.
2023-07-14T01:16:18.269 INFO:teuthology.orchestra.run.smithi083.stderr:/usr/bin/ceph:
2023-07-14T01:16:18.203+0000 7f16575e8700 1 Processor -- start
2023-07-14T01:16:18.269 INFO:teuthology.orchestra.run.smithi083.stderr:/usr/bin/ceph:
2023-07-14T01:16:18.203+0000 7f16575e8700 1 -- start start
2023-07-14T01:16:18.269 INFO:teuthology.orchestra.run.smithi083.stderr:/usr/bin/ceph:
2023-07-14T01:16:18.204+0000 7f16575e8700 1 --2- >> [v2:172.21.15.83:3300/0,v1:172.21.15.83:6789/0] conn(0x7f1650069390 0x7f165011a780 unknown :-1 s=NONE pgs=0 cs=0 l=1 rev1=0 rx=0 tx=0).connect
2023-07-14T01:16:18.270 INFO:teuthology.orchestra.run.smithi083.stderr:/usr/bin/ceph:
2023-07-14T01:16:18.204+0000 7f16575e8700 1 -- --> [v2:172.21.15.83:3300/0,v1:172.21.15.83:6789/0] -- mon_getmap magic: 0 v1 -- 0x7f165011ac70 con 0x7f1650069390
2023-07-14T01:16:18.279 INFO:teuthology.orchestra.run.smithi083.stderr:/usr/bin/ceph:
2023-07-14T01:16:18.217+0000 7f1655384700 1 --2- >> [v2:172.21.15.83:3300/0,v1:172.21.15.83:6789/0] conn(0x7f1650069390 0x7f165011a780 unknown :-1 s=BANNER_CONNECTING pgs=0 cs=0 l=1 rev1=0 rx=0 tx=0)._handle_peer_banner_payload supported=1 required=0
2023-07-14T01:16:18.279 INFO:teuthology.orchestra.run.smithi083.stderr:/usr/bin/ceph:
2023-07-14T01:16:18.217+0000 7f1655384700 1 --2- >> [v2:172.21.15.83:3300/0,v1:172.21.15.83:6789/0] conn(0x7f1650069390 0x7f165011a780 unknown :-1 s=HELLO_CONNECTING pgs=0 cs=0 l=1 rev1=1 rx=0 tx=0).handle_hello peer v2:172.21.15.83:3300/0 says I am v2:172.21.15.83:49420/0 (socket says 172.21.15.83:49420)
2023-07-14T01:16:18.279 INFO:teuthology.orchestra.run.smithi083.stderr:/usr/bin/ceph:
2023-07-14T01:16:18.217+0000 7f1655384700 1 -- 172.21.15.83:0/1136212355 learned_addr learned my addr 172.21.15.83:0/1136212355 (peer_addr_for_me v2:172.21.15.83:0/0)
2023-07-14T01:16:18.282 INFO:teuthology.orchestra.run.smithi083.stderr:/usr/bin/ceph:
2023-07-14T01:16:18.227+0000 7f1655384700 1 -- 172.21.15.83:0/1136212355 --> [v2:172.21.15.83:3300/0,v1:172.21.15.83:6789/0] -- mon_subscribe({config=0+,monmap=0+}) v3 -- 0x7f164c0083f0 con 0x7f1650069390
2023-07-14T01:16:18.283 INFO:teuthology.orchestra.run.smithi083.stderr:/usr/bin/ceph:
2023-07-14T01:16:18.228+0000 7f1655384700 1 --2- 172.21.15.83:0/1136212355 >> [v2:172.21.15.83:3300/0,v1:172.21.15.83:6789/0] conn(0x7f1650069390 0x7f165011a780 secure :-1 s=READY pgs=27 cs=0 l=1 rev1=1 rx=0x7f164c00d740 tx=0x7f164c008190).ready entity=mon.0 client_cookie=0 server_cookie=0 in_seq=0 out_seq=0
2023-07-14T01:16:18.283 INFO:teuthology.orchestra.run.smithi083.stderr:/usr/bin/ceph:
2023-07-14T01:16:18.228+0000 7f1645ffb700 1 -- 172.21.15.83:0/1136212355 <== mon.0 v2:172.21.15.83:3300/0 1 ==== mon_map magic: 0 v1 ==== 229+0+0 (secure 0 0 0) 0x7f164c00db60 con 0x7f1650069390
2023-07-14T01:16:18.284 INFO:teuthology.orchestra.run.smithi083.stderr:/usr/bin/ceph:
2023-07-14T01:16:18.228+0000 7f16575e8700 1 -- 172.21.15.83:0/1136212355 --> [v2:172.21.15.83:3300/0,v1:172.21.15.83:6789/0] -- mon_subscribe({mgrmap=0+}) v3 -- 0x7f165011ae70 con 0x7f1650069390
2023-07-14T01:16:18.284 INFO:teuthology.orchestra.run.smithi083.stderr:/usr/bin/ceph:
2023-07-14T01:16:18.228+0000 7f16575e8700 1 -- 172.21.15.83:0/1136212355 --> [v2:172.21.15.83:3300/0,v1:172.21.15.83:6789/0] -- mon_subscribe({osdmap=0}) v3 -- 0x7f165011b300 con 0x7f1650069390
2023-07-14T01:16:18.284 INFO:teuthology.orchestra.run.smithi083.stderr:/usr/bin/ceph:
2023-07-14T01:16:18.228+0000 7f1645ffb700 1 -- 172.21.15.83:0/1136212355 <== mon.0 v2:172.21.15.83:3300/0 2 ==== config(25 keys) v1 ==== 982+0+0 (secure 0 0 0) 0x7f164c009e90 con 0x7f1650069390
2023-07-14T01:16:18.284 INFO:teuthology.orchestra.run.smithi083.stderr:/usr/bin/ceph:
2023-07-14T01:16:18.228+0000 7f1645ffb700 1 -- 172.21.15.83:0/1136212355 <== mon.0 v2:172.21.15.83:3300/0 3 ==== mon_map magic: 0 v1 ==== 229+0+0 (secure 0 0 0) 0x7f164c01d980 con 0x7f1650069390
2023-07-14T01:16:18.284 INFO:teuthology.orchestra.run.smithi083.stderr:/usr/bin/ceph:
2023-07-14T01:16:18.229+0000 7f1645ffb700 1 -- 172.21.15.83:0/1136212355 <== mon.0 v2:172.21.15.83:3300/0 4 ==== mgrmap(e 5) v1 ==== 38515+0+0 (secure 0 0 0) 0x7f164c01dbf0 con 0x7f1650069390
2023-07-14T01:16:18.285 INFO:teuthology.orchestra.run.smithi083.stderr:/usr/bin/ceph:
2023-07-14T01:16:18.230+0000 7f1645ffb700 1 --2- 172.21.15.83:0/1136212355 >> [v2:172.21.15.83:6800/81028925,v1:172.21.15.83:6801/81028925] conn(0x7f163c032480 0x7f163c034940 unknown :-1 s=NONE pgs=0 cs=0 l=1 rev1=0 rx=0 tx=0).connect
2023-07-14T01:16:18.285 INFO:teuthology.orchestra.run.smithi083.stderr:/usr/bin/ceph:
2023-07-14T01:16:18.230+0000 7f1645ffb700 1 -- 172.21.15.83:0/1136212355 --> [v2:172.21.15.83:6800/81028925,v1:172.21.15.83:6801/81028925] -- command(tid 0: {"prefix": "get_command_descriptions"}) v1 -- 0x7f163c035000 con 0x7f163c032480
2023-07-14T01:16:18.285 INFO:teuthology.orchestra.run.smithi083.stderr:/usr/bin/ceph:
2023-07-14T01:16:18.230+0000 7f1645ffb700 1 -- 172.21.15.83:0/1136212355 <== mon.0 v2:172.21.15.83:3300/0 5 ==== osd_map(1..1 src has 1..1) v4 ==== 721+0+0 (secure 0 0 0) 0x7f164c044680 con 0x7f1650069390
2023-07-14T01:16:18.285 INFO:teuthology.orchestra.run.smithi083.stderr:/usr/bin/ceph:
2023-07-14T01:16:18.230+0000 7f1654b83700 1 -- 172.21.15.83:0/1136212355 >> [v2:172.21.15.83:6800/81028925,v1:172.21.15.83:6801/81028925] conn(0x7f163c032480 msgr2=0x7f163c034940 unknown :-1 s=STATE_CONNECTING_RE l=1).process reconnect failed to v2:172.21.15.83:6800/81028925
2023-07-14T01:16:18.286 INFO:teuthology.orchestra.run.smithi083.stderr:/usr/bin/ceph:
2023-07-14T01:16:18.230+0000 7f1654b83700 1 --2- 172.21.15.83:0/1136212355 >> [v2:172.21.15.83:6800/81028925,v1:172.21.15.83:6801/81028925] conn(0x7f163c032480 0x7f163c034940 unknown :-1 s=START_CONNECT pgs=0 cs=0 l=1 rev1=0 rx=0 tx=0)._fault waiting 0.200000
2023-07-14T01:16:18.486 INFO:teuthology.orchestra.run.smithi083.stderr:/usr/bin/ceph:
2023-07-14T01:16:18.431+0000 7f1654b83700 1 -- 172.21.15.83:0/1136212355 >> [v2:172.21.15.83:6800/81028925,v1:172.21.15.83:6801/81028925] conn(0x7f163c032480 msgr2=0x7f163c034940 unknown :-1 s=STATE_CONNECTING_RE l=1).process reconnect failed to v2:172.21.15.83:6800/81028925
2023-07-14T01:16:18.486 INFO:teuthology.orchestra.run.smithi083.stderr:/usr/bin/ceph:
2023-07-14T01:16:18.431+0000 7f1654b83700 1 --2- 172.21.15.83:0/1136212355 >> [v2:172.21.15.83:6800/81028925,v1:172.21.15.83:6801/81028925] conn(0x7f163c032480 0x7f163c034940 unknown :-1 s=START_CONNECT pgs=0 cs=0 l=1 rev1=0 rx=0 tx=0)._fault waiting 0.400000
2023-07-14T01:16:18.887 INFO:teuthology.orchestra.run.smithi083.stderr:/usr/bin/ceph:
2023-07-14T01:16:18.832+0000 7f1654b83700 1 -- 172.21.15.83:0/1136212355 >> [v2:172.21.15.83:6800/81028925,v1:172.21.15.83:6801/81028925] conn(0x7f163c032480 msgr2=0x7f163c034940 unknown :-1 s=STATE_CONNECTING_RE l=1).process reconnect failed to v2:172.21.15.83:6800/81028925
2023-07-14T01:16:18.887 INFO:teuthology.orchestra.run.smithi083.stderr:/usr/bin/ceph:
2023-07-14T01:16:18.832+0000 7f1654b83700 1 --2- 172.21.15.83:0/1136212355 >> [v2:172.21.15.83:6800/81028925,v1:172.21.15.83:6801/81028925] conn(0x7f163c032480 0x7f163c034940 unknown :-1 s=START_CONNECT pgs=0 cs=0 l=1 rev1=0 rx=0 tx=0)._fault waiting 0.800000
2023-07-14T01:16:19.688 INFO:teuthology.orchestra.run.smithi083.stderr:/usr/bin/ceph:
2023-07-14T01:16:19.633+0000 7f1654b83700 1 -- 172.21.15.83:0/1136212355 >> [v2:172.21.15.83:6800/81028925,v1:172.21.15.83:6801/81028925] conn(0x7f163c032480 msgr2=0x7f163c034940 unknown :-1 s=STATE_CONNECTING_RE l=1).process reconnect failed to v2:172.21.15.83:6800/81028925
2023-07-14T01:16:19.688 INFO:teuthology.orchestra.run.smithi083.stderr:/usr/bin/ceph:
2023-07-14T01:16:19.633+0000 7f1654b83700 1 --2- 172.21.15.83:0/1136212355 >> [v2:172.21.15.83:6800/81028925,v1:172.21.15.83:6801/81028925] conn(0x7f163c032480 0x7f163c034940 unknown :-1 s=START_CONNECT pgs=0 cs=0 l=1 rev1=0 rx=0 tx=0)._fault waiting 1.600000
2023-07-14T01:16:21.290 INFO:teuthology.orchestra.run.smithi083.stderr:/usr/bin/ceph:
2023-07-14T01:16:21.235+0000 7f1654b83700 1 -- 172.21.15.83:0/1136212355 >> [v2:172.21.15.83:6800/81028925,v1:172.21.15.83:6801/81028925] conn(0x7f163c032480 msgr2=0x7f163c034940 unknown :-1 s=STATE_CONNECTING_RE l=1).process reconnect failed to v2:172.21.15.83:6800/81028925
2023-07-14T01:16:21.290 INFO:teuthology.orchestra.run.smithi083.stderr:/usr/bin/ceph:
2023-07-14T01:16:21.235+0000 7f1654b83700 1 --2- 172.21.15.83:0/1136212355 >> [v2:172.21.15.83:6800/81028925,v1:172.21.15.83:6801/81028925] conn(0x7f163c032480 0x7f163c034940 unknown :-1 s=START_CONNECT pgs=0 cs=0 l=1 rev1=0 rx=0 tx=0)._fault waiting 3.200000
2023-07-14T01:16:23.312 INFO:teuthology.orchestra.run.smithi083.stderr:/usr/bin/ceph:
2023-07-14T01:16:23.257+0000 7f1645ffb700 1 -- 172.21.15.83:0/1136212355 <== mon.0 v2:172.21.15.83:3300/0 6 ==== mgrmap(e 6) v1 ==== 38365+0+0 (secure 0 0 0) 0x7f164c027460 con 0x7f1650069390
2023-07-14T01:16:23.313 INFO:teuthology.orchestra.run.smithi083.stderr:/usr/bin/ceph:
2023-07-14T01:16:23.257+0000 7f1645ffb700 1 -- 172.21.15.83:0/1136212355 >> [v2:172.21.15.83:6800/81028925,v1:172.21.15.83:6801/81028925] conn(0x7f163c032480 msgr2=0x7f163c034940 unknown :-1 s=STATE_CONNECTING l=1).mark_down
2023-07-14T01:16:23.313 INFO:teuthology.orchestra.run.smithi083.stderr:/usr/bin/ceph:
2023-07-14T01:16:23.257+0000 7f1645ffb700 1 --2- 172.21.15.83:0/1136212355 >> [v2:172.21.15.83:6800/81028925,v1:172.21.15.83:6801/81028925] conn(0x7f163c032480 0x7f163c034940 unknown :-1 s=START_CONNECT pgs=0 cs=0 l=1 rev1=0 rx=0 tx=0).stop
2023-07-14T01:16:24.314 INFO:teuthology.orchestra.run.smithi083.stderr:/usr/bin/ceph:
2023-07-14T01:16:24.259+0000 7f1645ffb700 1 -- 172.21.15.83:0/1136212355 <== mon.0 v2:172.21.15.83:3300/0 7 ==== mgrmap(e 7) v1 ==== 38435+0+0 (secure 0 0 0) 0x7f164c025cc0 con 0x7f1650069390
2023-07-14T01:16:24.315 INFO:teuthology.orchestra.run.smithi083.stderr:/usr/bin/ceph:
2023-07-14T01:16:24.259+0000 7f1645ffb700 1 --2- 172.21.15.83:0/1136212355 >> [v2:172.21.15.83:6800/2966774419,v1:172.21.15.83:6801/2966774419] conn(0x7f163c035ee0 0x7f163c0382d0 unknown :-1 s=NONE pgs=0 cs=0 l=1 rev1=0 rx=0 tx=0).connect
2023-07-14T01:16:24.315 INFO:teuthology.orchestra.run.smithi083.stderr:/usr/bin/ceph:
2023-07-14T01:16:24.259+0000 7f1645ffb700 1 -- 172.21.15.83:0/1136212355 --> [v2:172.21.15.83:6800/2966774419,v1:172.21.15.83:6801/2966774419] -- command(tid 0: {"prefix": "get_command_descriptions"}) v1 -- 0x7f163c035000 con 0x7f163c035ee0
2023-07-14T01:16:24.316 INFO:teuthology.orchestra.run.smithi083.stderr:/usr/bin/ceph:
2023-07-14T01:16:24.260+0000 7f1654b83700 1 --2- 172.21.15.83:0/1136212355 >> [v2:172.21.15.83:6800/2966774419,v1:172.21.15.83:6801/2966774419] conn(0x7f163c035ee0 0x7f163c0382d0 unknown :-1 s=BANNER_CONNECTING pgs=0 cs=0 l=1 rev1=0 rx=0 tx=0)._handle_peer_banner_payload supported=1 required=0
2023-07-14T01:16:24.316 INFO:teuthology.orchestra.run.smithi083.stderr:/usr/bin/ceph:
2023-07-14T01:16:24.261+0000 7f1654b83700 1 --2- 172.21.15.83:0/1136212355 >> [v2:172.21.15.83:6800/2966774419,v1:172.21.15.83:6801/2966774419] conn(0x7f163c035ee0 0x7f163c0382d0 secure :-1 s=READY pgs=2 cs=0 l=1 rev1=1 rx=0x7f1640003850 tx=0x7f1640009350).ready entity=mgr.14118 client_cookie=0 server_cookie=0 in_seq=0 out_seq=0
2023-07-14T01:16:24.317 INFO:teuthology.orchestra.run.smithi083.stderr:/usr/bin/ceph:
2023-07-14T01:16:24.262+0000 7f1645ffb700 1 -- 172.21.15.83:0/1136212355 <== mgr.14118 v2:172.21.15.83:6800/2966774419 1 ==== command_reply(tid 0: 0 ) v1 ==== 8+0+6438 (secure 0 0 0) 0x7f163c035000 con 0x7f163c035ee0
2023-07-14T01:16:24.324 INFO:teuthology.orchestra.run.smithi083.stderr:/usr/bin/ceph:
2023-07-14T01:16:24.269+0000 7f16575e8700 1 -- 172.21.15.83:0/1136212355 --> [v2:172.21.15.83:6800/2966774419,v1:172.21.15.83:6801/2966774419] -- command(tid 1: {"prefix": "mgr_status"}) v1 -- 0x7f1634000df0 con 0x7f163c035ee0
2023-07-14T01:16:24.325 INFO:teuthology.orchestra.run.smithi083.stderr:/usr/bin/ceph:
2023-07-14T01:16:24.269+0000 7f1645ffb700 1 -- 172.21.15.83:0/1136212355 <== mgr.14118 v2:172.21.15.83:6800/2966774419 2 ==== command_reply(tid 1: 0 ) v1 ==== 8+0+51 (secure 0 0 0) 0x7f1634000df0 con 0x7f163c035ee0
2023-07-14T01:16:24.325 INFO:teuthology.orchestra.run.smithi083.stderr:/usr/bin/ceph: {
2023-07-14T01:16:24.325 INFO:teuthology.orchestra.run.smithi083.stderr:/usr/bin/ceph: "mgrmap_epoch": 7,
2023-07-14T01:16:24.325 INFO:teuthology.orchestra.run.smithi083.stderr:/usr/bin/ceph: "initialized": true
2023-07-14T01:16:24.325 INFO:teuthology.orchestra.run.smithi083.stderr:/usr/bin/ceph: }
2023-07-14T01:16:24.326 INFO:teuthology.orchestra.run.smithi083.stderr:/usr/bin/ceph:
2023-07-14T01:16:24.270+0000 7f16575e8700 1 -- 172.21.15.83:0/1136212355 >> [v2:172.21.15.83:6800/2966774419,v1:172.21.15.83:6801/2966774419] conn(0x7f163c035ee0 msgr2=0x7f163c0382d0 secure :-1 s=STATE_CONNECTION_ESTABLISHED l=1).mark_down
2023-07-14T01:16:24.327 INFO:teuthology.orchestra.run.smithi083.stderr:/usr/bin/ceph:
2023-07-14T01:16:24.270+0000 7f16575e8700 1 --2- 172.21.15.83:0/1136212355 >> [v2:172.21.15.83:6800/2966774419,v1:172.21.15.83:6801/2966774419] conn(0x7f163c035ee0 0x7f163c0382d0 secure :-1 s=READY pgs=2 cs=0 l=1 rev1=1 rx=0x7f1640003850 tx=0x7f1640009350).stop
2023-07-14T01:16:24.327 INFO:teuthology.orchestra.run.smithi083.stderr:/usr/bin/ceph:
2023-07-14T01:16:24.270+0000 7f16575e8700 1 -- 172.21.15.83:0/1136212355 >> [v2:172.21.15.83:3300/0,v1:172.21.15.83:6789/0] conn(0x7f1650069390 msgr2=0x7f165011a780 secure :-1 s=STATE_CONNECTION_ESTABLISHED l=1).mark_down
2023-07-14T01:16:24.328 INFO:teuthology.orchestra.run.smithi083.stderr:/usr/bin/ceph:
2023-07-14T01:16:24.270+0000 7f16575e8700 1 --2- 172.21.15.83:0/1136212355 >> [v2:172.21.15.83:3300/0,v1:172.21.15.83:6789/0] conn(0x7f1650069390 0x7f165011a780 secure :-1 s=READY pgs=27 cs=0 l=1 rev1=1 rx=0x7f164c00d740 tx=0x7f164c008190).stop
2023-07-14T01:16:24.328 INFO:teuthology.orchestra.run.smithi083.stderr:/usr/bin/ceph:
2023-07-14T01:16:24.270+0000 7f16575e8700 1 -- 172.21.15.83:0/1136212355 shutdown_connections
2023-07-14T01:16:24.329 INFO:teuthology.orchestra.run.smithi083.stderr:/usr/bin/ceph:
2023-07-14T01:16:24.270+0000 7f16575e8700 1 --2- 172.21.15.83:0/1136212355 >> [v2:172.21.15.83:6800/2966774419,v1:172.21.15.83:6801/2966774419] conn(0x7f163c035ee0 0x7f163c0382d0 unknown :-1 s=CLOSED pgs=2 cs=0 l=1 rev1=1 rx=0 tx=0).stop
2023-07-14T01:16:24.329 INFO:teuthology.orchestra.run.smithi083.stderr:/usr/bin/ceph:
2023-07-14T01:16:24.270+0000 7f16575e8700 1 --2- 172.21.15.83:0/1136212355 >> [v2:172.21.15.83:3300/0,v1:172.21.15.83:6789/0] conn(0x7f1650069390 0x7f165011a780 unknown :-1 s=CLOSED pgs=27 cs=0 l=1 rev1=1 rx=0 tx=0).stop
2023-07-14T01:16:24.329 INFO:teuthology.orchestra.run.smithi083.stderr:/usr/bin/ceph:
2023-07-14T01:16:24.270+0000 7f16575e8700 1 --2- 172.21.15.83:0/1136212355 >> [v2:172.21.15.83:6800/81028925,v1:172.21.15.83:6801/81028925] conn(0x7f163c032480 0x7f163c034940 unknown :-1 s=CLOSED pgs=0 cs=0 l=1 rev1=0 rx=0 tx=0).stop
2023-07-14T01:16:24.329 INFO:teuthology.orchestra.run.smithi083.stderr:/usr/bin/ceph:
2023-07-14T01:16:24.270+0000 7f16575e8700 1 -- 172.21.15.83:0/1136212355 >> 172.21.15.83:0/1136212355 conn(0x7f1650064970 msgr2=0x7f16500673d0 unknown :-1 s=STATE_NONE l=0).mark_down
2023-07-14T01:16:24.329 INFO:teuthology.orchestra.run.smithi083.stderr:/usr/bin/ceph:
2023-07-14T01:16:24.270+0000 7f16575e8700 1 -- 172.21.15.83:0/1136212355 shutdown_connections
2023-07-14T01:16:24.329 INFO:teuthology.orchestra.run.smithi083.stderr:/usr/bin/ceph:
2023-07-14T01:16:24.270+0000 7f16575e8700 1 -- 172.21.15.83:0/1136212355 wait complete.
2023-07-14T01:16:24.543 INFO:journalctl@ceph.mon.smithi083.smithi083.stdout:Jul 14 01:16:24 smithi083 ceph-e4808c00-21e3-11ee-9b32-001a4aab830c-mon-smithi083[103886]: cluster
2023-07-14T01:16:23.255680+0000 mon.smithi083 (mon.0) 31 : cluster [INF] Active manager daemon smithi083.cyzpcu restarted
2023-07-14T01:16:24.544 INFO:journalctl@ceph.mon.smithi083.smithi083.stdout:Jul 14 01:16:24 smithi083 ceph-e4808c00-21e3-11ee-9b32-001a4aab830c-mon-smithi083[103886]: cluster
2023-07-14T01:16:23.255897+0000 mon.smithi083 (mon.0) 32 : cluster [INF] Activating manager daemon smithi083.cyzpcu
2023-07-14T01:16:24.544 INFO:journalctl@ceph.mon.smithi083.smithi083.stdout:Jul 14 01:16:24 smithi083 ceph-e4808c00-21e3-11ee-9b32-001a4aab830c-mon-smithi083[103886]: cluster
2023-07-14T01:16:23.259441+0000 mon.smithi083 (mon.0) 33 : cluster [DBG] osdmap e2: 0 total, 0 up, 0 in
2023-07-14T01:16:24.544 INFO:journalctl@ceph.mon.smithi083.smithi083.stdout:Jul 14 01:16:24 smithi083 ceph-e4808c00-21e3-11ee-9b32-001a4aab830c-mon-smithi083[103886]: cluster
2023-07-14T01:16:23.259570+0000 mon.smithi083 (mon.0) 34 : cluster [DBG] mgrmap e6: smithi083.cyzpcu(active, starting, since 0.00374321s)
2023-07-14T01:16:24.544 INFO:journalctl@ceph.mon.smithi083.smithi083.stdout:Jul 14 01:16:24 smithi083 ceph-e4808c00-21e3-11ee-9b32-001a4aab830c-mon-smithi083[103886]: audit
2023-07-14T01:16:23.260549+0000 mon.smithi083 (mon.0) 35 : audit [DBG] from='mgr.14118 172.21.15.83:0/3808044744' entity='mgr.smithi083.cyzpcu' cmd=[{"prefix": "mon metadata", "id": "smithi083"}]: dispatch
2023-07-14T01:16:24.545 INFO:journalctl@ceph.mon.smithi083.smithi083.stdout:Jul 14 01:16:24 smithi083 ceph-e4808c00-21e3-11ee-9b32-001a4aab830c-mon-smithi083[103886]: audit
2023-07-14T01:16:23.261351+0000 mon.smithi083 (mon.0) 36 : audit [DBG] from='mgr.14118 172.21.15.83:0/3808044744' entity='mgr.smithi083.cyzpcu' cmd=[{"prefix": "mgr metadata", "who": "smithi083.cyzpcu", "id": "smithi083.cyzpcu"}]: dispatch
2023-07-14T01:16:24.545 INFO:journalctl@ceph.mon.smithi083.smithi083.stdout:Jul 14 01:16:24 smithi083 ceph-e4808c00-21e3-11ee-9b32-001a4aab830c-mon-smithi083[103886]: audit
2023-07-14T01:16:23.262364+0000 mon.smithi083 (mon.0) 37 : audit [DBG] from='mgr.14118 172.21.15.83:0/3808044744' entity='mgr.smithi083.cyzpcu' cmd=[{"prefix": "mds metadata"}]: dispatch
2023-07-14T01:16:24.545 INFO:journalctl@ceph.mon.smithi083.smithi083.stdout:Jul 14 01:16:24 smithi083 ceph-e4808c00-21e3-11ee-9b32-001a4aab830c-mon-smithi083[103886]: audit
2023-07-14T01:16:23.262494+0000 mon.smithi083 (mon.0) 38 : audit [DBG] from='mgr.14118 172.21.15.83:0/3808044744' entity='mgr.smithi083.cyzpcu' cmd=[{"prefix": "osd metadata"}]: dispatch
2023-07-14T01:16:24.545 INFO:journalctl@ceph.mon.smithi083.smithi083.stdout:Jul 14 01:16:24 smithi083 ceph-e4808c00-21e3-11ee-9b32-001a4aab830c-mon-smithi083[103886]: audit
2023-07-14T01:16:23.262628+0000 mon.smithi083 (mon.0) 39 : audit [DBG] from='mgr.14118 172.21.15.83:0/3808044744' entity='mgr.smithi083.cyzpcu' cmd=[{"prefix": "mon metadata"}]: dispatch
2023-07-14T01:16:24.545 INFO:journalctl@ceph.mon.smithi083.smithi083.stdout:Jul 14 01:16:24 smithi083 ceph-e4808c00-21e3-11ee-9b32-001a4aab830c-mon-smithi083[103886]: cluster
2023-07-14T01:16:23.265431+0000 mon.smithi083 (mon.0) 40 : cluster [INF] Manager daemon smithi083.cyzpcu is now available
2023-07-14T01:16:24.545 INFO:journalctl@ceph.mon.smithi083.smithi083.stdout:Jul 14 01:16:24 smithi083 ceph-e4808c00-21e3-11ee-9b32-001a4aab830c-mon-smithi083[103886]: cephadm
2023-07-14T01:16:23.279935+0000 mgr.smithi083.cyzpcu (mgr.14118) 1 : cephadm [INF] Found migration_current of "None". Setting to last migration.
2023-07-14T01:16:24.545 INFO:journalctl@ceph.mon.smithi083.smithi083.stdout:Jul 14 01:16:24 smithi083 ceph-e4808c00-21e3-11ee-9b32-001a4aab830c-mon-smithi083[103886]: audit
2023-07-14T01:16:23.282928+0000 mon.smithi083 (mon.0) 41 : audit [INF] from='mgr.14118 172.21.15.83:0/3808044744' entity='mgr.smithi083.cyzpcu'
2023-07-14T01:16:24.545 INFO:journalctl@ceph.mon.smithi083.smithi083.stdout:Jul 14 01:16:24 smithi083 ceph-e4808c00-21e3-11ee-9b32-001a4aab830c-mon-smithi083[103886]: audit
2023-07-14T01:16:23.384154+0000 mon.smithi083 (mon.0) 42 : audit [INF] from='mgr.14118 172.21.15.83:0/3808044744' entity='mgr.smithi083.cyzpcu'
2023-07-14T01:16:24.546 INFO:journalctl@ceph.mon.smithi083.smithi083.stdout:Jul 14 01:16:24 smithi083 ceph-e4808c00-21e3-11ee-9b32-001a4aab830c-mon-smithi083[103886]: audit
2023-07-14T01:16:23.385530+0000 mon.smithi083 (mon.0) 43 : audit [DBG] from='mgr.14118 172.21.15.83:0/3808044744' entity='mgr.smithi083.cyzpcu' cmd=[{"prefix": "config dump", "format": "json"}]: dispatch
2023-07-14T01:16:24.546 INFO:journalctl@ceph.mon.smithi083.smithi083.stdout:Jul 14 01:16:24 smithi083 ceph-e4808c00-21e3-11ee-9b32-001a4aab830c-mon-smithi083[103886]: audit
2023-07-14T01:16:23.387510+0000 mon.smithi083 (mon.0) 44 : audit [DBG] from='mgr.14118 172.21.15.83:0/3808044744' entity='mgr.smithi083.cyzpcu' cmd=[{"prefix": "config dump", "format": "json"}]: dispatch
2023-07-14T01:16:24.546 INFO:journalctl@ceph.mon.smithi083.smithi083.stdout:Jul 14 01:16:24 smithi083 ceph-e4808c00-21e3-11ee-9b32-001a4aab830c-mon-smithi083[103886]: audit
2023-07-14T01:16:23.390297+0000 mon.smithi083 (mon.0) 45 : audit [DBG] from='mgr.14118 172.21.15.83:0/3808044744' entity='mgr.smithi083.cyzpcu' cmd=[{"prefix": "config dump", "format": "json"}]: dispatch
2023-07-14T01:16:24.546 INFO:journalctl@ceph.mon.smithi083.smithi083.stdout:Jul 14 01:16:24 smithi083 ceph-e4808c00-21e3-11ee-9b32-001a4aab830c-mon-smithi083[103886]: audit
2023-07-14T01:16:23.406058+0000 mon.smithi083 (mon.0) 46 : audit [INF] from='mgr.14118 172.21.15.83:0/3808044744' entity='mgr.smithi083.cyzpcu' cmd=[{"prefix":"config rm","who":"mgr","name":"mgr/rbd_support/smithi083.cyzpcu/mirror_snapshot_schedule"}]: dispatch
2023-07-14T01:16:24.546 INFO:journalctl@ceph.mon.smithi083.smithi083.stdout:Jul 14 01:16:24 smithi083 ceph-e4808c00-21e3-11ee-9b32-001a4aab830c-mon-smithi083[103886]: audit
2023-07-14T01:16:23.407709+0000 mon.smithi083 (mon.0) 47 : audit [INF] from='mgr.14118 172.21.15.83:0/3808044744' entity='mgr.smithi083.cyzpcu' cmd=[{"prefix":"config rm","who":"mgr","name":"mgr/rbd_support/smithi083.cyzpcu/trash_purge_schedule"}]: dispatch
2023-07-14T01:16:24.704 INFO:teuthology.orchestra.run.smithi083.stderr:mgr epoch 5 is available
2023-07-14T01:16:24.704 INFO:teuthology.orchestra.run.smithi083.stderr:Setting orchestrator backend to cephadm...
2023-07-14T01:16:25.137 INFO:teuthology.orchestra.run.smithi083.stderr:/usr/bin/ceph:
2023-07-14T01:16:25.082+0000 7f7bc188c700 1 Processor -- start
2023-07-14T01:16:25.137 INFO:teuthology.orchestra.run.smithi083.stderr:/usr/bin/ceph:
2023-07-14T01:16:25.082+0000 7f7bc188c700 1 -- start start
2023-07-14T01:16:25.137 INFO:teuthology.orchestra.run.smithi083.stderr:/usr/bin/ceph:
2023-07-14T01:16:25.082+0000 7f7bc188c700 1 --2- >> [v2:172.21.15.83:3300/0,v1:172.21.15.83:6789/0] conn(0x7f7bbc070c40 0x7f7bbc0ff8a0 unknown :-1 s=NONE pgs=0 cs=0 l=0 rev1=0 rx=0 tx=0).connect
2023-07-14T01:16:25.139 INFO:teuthology.orchestra.run.smithi083.stderr:/usr/bin/ceph:
2023-07-14T01:16:25.082+0000 7f7bc188c700 1 -- --> [v2:172.21.15.83:3300/0,v1:172.21.15.83:6789/0] -- mon_getmap magic: 0 v1 -- 0x7f7bbc0ffd90 con 0x7f7bbc070c40
2023-07-14T01:16:25.139 INFO:teuthology.orchestra.run.smithi083.stderr:/usr/bin/ceph:
2023-07-14T01:16:25.082+0000 7f7bbaffd700 1 --2- >> [v2:172.21.15.83:3300/0,v1:172.21.15.83:6789/0] conn(0x7f7bbc070c40 0x7f7bbc0ff8a0 unknown :-1 s=BANNER_CONNECTING pgs=0 cs=0 l=0 rev1=0 rx=0 tx=0)._handle_peer_banner_payload supported=1 required=0
2023-07-14T01:16:25.139 INFO:teuthology.orchestra.run.smithi083.stderr:/usr/bin/ceph:
2023-07-14T01:16:25.083+0000 7f7bbaffd700 1 --2- >> [v2:172.21.15.83:3300/0,v1:172.21.15.83:6789/0] conn(0x7f7bbc070c40 0x7f7bbc0ff8a0 unknown :-1 s=HELLO_CONNECTING pgs=0 cs=0 l=0 rev1=1 rx=0 tx=0).handle_hello peer v2:172.21.15.83:3300/0 says I am v2:172.21.15.83:49458/0 (socket says 172.21.15.83:49458)
2023-07-14T01:16:25.139 INFO:teuthology.orchestra.run.smithi083.stderr:/usr/bin/ceph:
2023-07-14T01:16:25.083+0000 7f7bbaffd700 1 -- 172.21.15.83:0/2185110350 learned_addr learned my addr 172.21.15.83:0/2185110350 (peer_addr_for_me v2:172.21.15.83:0/0)
2023-07-14T01:16:25.140 INFO:teuthology.orchestra.run.smithi083.stderr:/usr/bin/ceph:
2023-07-14T01:16:25.083+0000 7f7bbaffd700 1 -- 172.21.15.83:0/2185110350 --> [v2:172.21.15.83:3300/0,v1:172.21.15.83:6789/0] -- mon_subscribe({config=0+,monmap=0+}) v3 -- 0x7f7bbc0ffed0 con 0x7f7bbc070c40
2023-07-14T01:16:25.140 INFO:teuthology.orchestra.run.smithi083.stderr:/usr/bin/ceph:
2023-07-14T01:16:25.083+0000 7f7bbaffd700 1 --2- 172.21.15.83:0/2185110350 >> [v2:172.21.15.83:3300/0,v1:172.21.15.83:6789/0] conn(0x7f7bbc070c40 0x7f7bbc0ff8a0 secure :-1 s=READY pgs=33 cs=0 l=1 rev1=1 rx=0x7f7bac009730 tx=0x7f7bac0090f0).ready entity=mon.0 client_cookie=8c51a0ae54d4196b server_cookie=0 in_seq=0 out_seq=0
2023-07-14T01:16:25.140 INFO:teuthology.orchestra.run.smithi083.stderr:/usr/bin/ceph:
2023-07-14T01:16:25.083+0000 7f7bb9ffb700 1 -- 172.21.15.83:0/2185110350 <== mon.0 v2:172.21.15.83:3300/0 1 ==== mon_map magic: 0 v1 ==== 229+0+0 (secure 0 0 0) 0x7f7bac00b6e0 con 0x7f7bbc070c40
2023-07-14T01:16:25.140 INFO:teuthology.orchestra.run.smithi083.stderr:/usr/bin/ceph:
2023-07-14T01:16:25.083+0000 7f7bb9ffb700 1 -- 172.21.15.83:0/2185110350 <== mon.0 v2:172.21.15.83:3300/0 2 ==== config(25 keys) v1 ==== 982+0+0 (secure 0 0 0) 0x7f7bac00bc90 con 0x7f7bbc070c40
2023-07-14T01:16:25.140 INFO:teuthology.orchestra.run.smithi083.stderr:/usr/bin/ceph:
2023-07-14T01:16:25.083+0000 7f7bb9ffb700 1 -- 172.21.15.83:0/2185110350 <== mon.0 v2:172.21.15.83:3300/0 3 ==== mon_map magic: 0 v1 ==== 229+0+0 (secure 0 0 0) 0x7f7bac011c70 con 0x7f7bbc070c40
2023-07-14T01:16:25.140 INFO:teuthology.orchestra.run.smithi083.stderr:/usr/bin/ceph:
2023-07-14T01:16:25.084+0000 7f7bc188c700 1 -- 172.21.15.83:0/2185110350 >> [v2:172.21.15.83:3300/0,v1:172.21.15.83:6789/0] conn(0x7f7bbc070c40 msgr2=0x7f7bbc0ff8a0 secure :-1 s=STATE_CONNECTION_ESTABLISHED l=1).mark_down
2023-07-14T01:16:25.140 INFO:teuthology.orchestra.run.smithi083.stderr:/usr/bin/ceph:
2023-07-14T01:16:25.084+0000 7f7bc188c700 1 --2- 172.21.15.83:0/2185110350 >> [v2:172.21.15.83:3300/0,v1:172.21.15.83:6789/0] conn(0x7f7bbc070c40 0x7f7bbc0ff8a0 secure :-1 s=READY pgs=33 cs=0 l=1 rev1=1 rx=0x7f7bac009730 tx=0x7f7bac0090f0).stop
2023-07-14T01:16:25.141 INFO:teuthology.orchestra.run.smithi083.stderr:/usr/bin/ceph:
2023-07-14T01:16:25.084+0000 7f7bc188c700 1 -- 172.21.15.83:0/2185110350 shutdown_connections
2023-07-14T01:16:25.141 INFO:teuthology.orchestra.run.smithi083.stderr:/usr/bin/ceph:
2023-07-14T01:16:25.084+0000 7f7bc188c700 1 --2- 172.21.15.83:0/2185110350 >> [v2:172.21.15.83:3300/0,v1:172.21.15.83:6789/0] conn(0x7f7bbc070c40 0x7f7bbc0ff8a0 unknown :-1 s=CLOSED pgs=33 cs=0 l=1 rev1=1 rx=0 tx=0).stop
2023-07-14T01:16:25.141 INFO:teuthology.orchestra.run.smithi083.stderr:/usr/bin/ceph:
2023-07-14T01:16:25.084+0000 7f7bc188c700 1 -- 172.21.15.83:0/2185110350 >> 172.21.15.83:0/2185110350 conn(0x7f7bbc0f7260 msgr2=0x7f7bbc0f9680 unknown :-1 s=STATE_NONE l=0).mark_down
2023-07-14T01:16:25.141 INFO:teuthology.orchestra.run.smithi083.stderr:/usr/bin/ceph:
2023-07-14T01:16:25.084+0000 7f7bc188c700 1 -- 172.21.15.83:0/2185110350 shutdown_connections
2023-07-14T01:16:25.141 INFO:teuthology.orchestra.run.smithi083.stderr:/usr/bin/ceph:
2023-07-14T01:16:25.084+0000 7f7bc188c700 1 -- 172.21.15.83:0/2185110350 wait complete.
2023-07-14T01:16:25.142 INFO:teuthology.orchestra.run.smithi083.stderr:/usr/bin/ceph:
2023-07-14T01:16:25.085+0000 7f7bc188c700 1 Processor -- start
2023-07-14T01:16:25.143 INFO:teuthology.orchestra.run.smithi083.stderr:/usr/bin/ceph:
2023-07-14T01:16:25.086+0000 7f7bc188c700 1 -- start start
2023-07-14T01:16:25.143 INFO:teuthology.orchestra.run.smithi083.stderr:/usr/bin/ceph:
2023-07-14T01:16:25.086+0000 7f7bc188c700 1 --2- >> [v2:172.21.15.83:3300/0,v1:172.21.15.83:6789/0] conn(0x7f7bbc070c40 0x7f7bbc0fd140 unknown :-1 s=NONE pgs=0 cs=0 l=1 rev1=0 rx=0 tx=0).connect
2023-07-14T01:16:25.143 INFO:teuthology.orchestra.run.smithi083.stderr:/usr/bin/ceph:
2023-07-14T01:16:25.086+0000 7f7bc188c700 1 -- --> [v2:172.21.15.83:3300/0,v1:172.21.15.83:6789/0] -- mon_getmap magic: 0 v1 -- 0x7f7bbc0fd630 con 0x7f7bbc070c40
2023-07-14T01:16:25.143 INFO:teuthology.orchestra.run.smithi083.stderr:/usr/bin/ceph:
2023-07-14T01:16:25.086+0000 7f7bbaffd700 1 --2- >> [v2:172.21.15.83:3300/0,v1:172.21.15.83:6789/0] conn(0x7f7bbc070c40 0x7f7bbc0fd140 unknown :-1 s=BANNER_CONNECTING pgs=0 cs=0 l=1 rev1=0 rx=0 tx=0)._handle_peer_banner_payload supported=1 required=0
2023-07-14T01:16:25.144 INFO:teuthology.orchestra.run.smithi083.stderr:/usr/bin/ceph:
2023-07-14T01:16:25.086+0000 7f7bbaffd700 1 --2- >> [v2:172.21.15.83:3300/0,v1:172.21.15.83:6789/0] conn(0x7f7bbc070c40 0x7f7bbc0fd140 unknown :-1 s=HELLO_CONNECTING pgs=0 cs=0 l=1 rev1=1 rx=0 tx=0).handle_hello peer v2:172.21.15.83:3300/0 says I am v2:172.21.15.83:49472/0 (socket says 172.21.15.83:49472)
2023-07-14T01:16:25.144 INFO:teuthology.orchestra.run.smithi083.stderr:/usr/bin/ceph:
2023-07-14T01:16:25.086+0000 7f7bbaffd700 1 -- 172.21.15.83:0/3194164176 learned_addr learned my addr 172.21.15.83:0/3194164176 (peer_addr_for_me v2:172.21.15.83:0/0)
2023-07-14T01:16:25.144 INFO:teuthology.orchestra.run.smithi083.stderr:/usr/bin/ceph:
2023-07-14T01:16:25.087+0000 7f7bbaffd700 1 -- 172.21.15.83:0/3194164176 --> [v2:172.21.15.83:3300/0,v1:172.21.15.83:6789/0] -- mon_subscribe({config=0+,monmap=0+}) v3 -- 0x7f7bac009370 con 0x7f7bbc070c40
2023-07-14T01:16:25.145 INFO:teuthology.orchestra.run.smithi083.stderr:/usr/bin/ceph:
2023-07-14T01:16:25.087+0000 7f7bbaffd700 1 --2- 172.21.15.83:0/3194164176 >> [v2:172.21.15.83:3300/0,v1:172.21.15.83:6789/0] conn(0x7f7bbc070c40 0x7f7bbc0fd140 secure :-1 s=READY pgs=34 cs=0 l=1 rev1=1 rx=0x7f7bac0115c0 tx=0x7f7bac0090f0).ready entity=mon.0 client_cookie=0 server_cookie=0 in_seq=0 out_seq=0
2023-07-14T01:16:25.145 INFO:teuthology.orchestra.run.smithi083.stderr:/usr/bin/ceph:
2023-07-14T01:16:25.087+0000 7f7ba37fe700 1 -- 172.21.15.83:0/3194164176 <== mon.0 v2:172.21.15.83:3300/0 1 ==== mon_map magic: 0 v1 ==== 229+0+0 (secure 0 0 0) 0x7f7bac011a90 con 0x7f7bbc070c40
2023-07-14T01:16:25.145 INFO:teuthology.orchestra.run.smithi083.stderr:/usr/bin/ceph:
2023-07-14T01:16:25.087+0000 7f7ba37fe700 1 -- 172.21.15.83:0/3194164176 <== mon.0 v2:172.21.15.83:3300/0 2 ==== config(25 keys) v1 ==== 982+0+0 (secure 0 0 0) 0x7f7bac011bf0 con 0x7f7bbc070c40
2023-07-14T01:16:25.145 INFO:teuthology.orchestra.run.smithi083.stderr:/usr/bin/ceph:
2023-07-14T01:16:25.087+0000 7f7bc188c700 1 -- 172.21.15.83:0/3194164176 --> [v2:172.21.15.83:3300/0,v1:172.21.15.83:6789/0] -- mon_subscribe({mgrmap=0+}) v3 -- 0x7f7bbc0fb7a0 con 0x7f7bbc070c40
2023-07-14T01:16:25.146 INFO:teuthology.orchestra.run.smithi083.stderr:/usr/bin/ceph:
2023-07-14T01:16:25.087+0000 7f7ba37fe700 1 -- 172.21.15.83:0/3194164176 <== mon.0 v2:172.21.15.83:3300/0 3 ==== mon_map magic: 0 v1 ==== 229+0+0 (secure 0 0 0) 0x7f7bac01ac30 con 0x7f7bbc070c40
2023-07-14T01:16:25.146 INFO:teuthology.orchestra.run.smithi083.stderr:/usr/bin/ceph:
2023-07-14T01:16:25.087+0000 7f7bc188c700 1 -- 172.21.15.83:0/3194164176 --> [v2:172.21.15.83:3300/0,v1:172.21.15.83:6789/0] -- mon_subscribe({osdmap=0}) v3 -- 0x7f7bbc0fbc30 con 0x7f7bbc070c40
2023-07-14T01:16:25.147 INFO:teuthology.orchestra.run.smithi083.stderr:/usr/bin/ceph:
2023-07-14T01:16:25.088+0000 7f7ba37fe700 1 -- 172.21.15.83:0/3194164176 <== mon.0 v2:172.21.15.83:3300/0 4 ==== mgrmap(e 7) v1 ==== 38435+0+0 (secure 0 0 0) 0x7f7bac02a070 con 0x7f7bbc070c40
2023-07-14T01:16:25.148 INFO:teuthology.orchestra.run.smithi083.stderr:/usr/bin/ceph:
2023-07-14T01:16:25.088+0000 7f7bc188c700 1 -- 172.21.15.83:0/3194164176 --> [v2:172.21.15.83:3300/0,v1:172.21.15.83:6789/0] -- mon_command({"prefix": "get_command_descriptions"} v 0) v1 -- 0x7f7bbc0fc640 con 0x7f7bbc070c40
2023-07-14T01:16:25.148 INFO:teuthology.orchestra.run.smithi083.stderr:/usr/bin/ceph:
2023-07-14T01:16:25.089+0000 7f7ba37fe700 1 --2- 172.21.15.83:0/3194164176 >> [v2:172.21.15.83:6800/2966774419,v1:172.21.15.83:6801/2966774419] conn(0x7f7ba4032380 0x7f7ba4034840 unknown :-1 s=NONE pgs=0 cs=0 l=1 rev1=0 rx=0 tx=0).connect
2023-07-14T01:16:25.149 INFO:teuthology.orchestra.run.smithi083.stderr:/usr/bin/ceph:
2023-07-14T01:16:25.089+0000 7f7ba37fe700 1 -- 172.21.15.83:0/3194164176 <== mon.0 v2:172.21.15.83:3300/0 5 ==== osd_map(2..2 src has 1..2) v4 ==== 893+0+0 (secure 0 0 0) 0x7f7bac044820 con 0x7f7bbc070c40
2023-07-14T01:16:25.149 INFO:teuthology.orchestra.run.smithi083.stderr:/usr/bin/ceph:
2023-07-14T01:16:25.089+0000 7f7bba7fc700 1 --2- 172.21.15.83:0/3194164176 >> [v2:172.21.15.83:6800/2966774419,v1:172.21.15.83:6801/2966774419] conn(0x7f7ba4032380 0x7f7ba4034840 unknown :-1 s=BANNER_CONNECTING pgs=0 cs=0 l=1 rev1=0 rx=0 tx=0)._handle_peer_banner_payload supported=1 required=0
2023-07-14T01:16:25.149 INFO:teuthology.orchestra.run.smithi083.stderr:/usr/bin/ceph:
2023-07-14T01:16:25.089+0000 7f7bba7fc700 1 --2- 172.21.15.83:0/3194164176 >> [v2:172.21.15.83:6800/2966774419,v1:172.21.15.83:6801/2966774419] conn(0x7f7ba4032380 0x7f7ba4034840 secure :-1 s=READY pgs=6 cs=0 l=1 rev1=1 rx=0x7f7bb0009780 tx=0x7f7bb0006cc0).ready entity=mgr.14118 client_cookie=0 server_cookie=0 in_seq=0 out_seq=0
2023-07-14T01:16:25.150 INFO:teuthology.orchestra.run.smithi083.stderr:/usr/bin/ceph:
2023-07-14T01:16:25.094+0000 7f7ba37fe700 1 -- 172.21.15.83:0/3194164176 <== mon.0 v2:172.21.15.83:3300/0 6 ==== mon_command_ack([{"prefix": "get_command_descriptions"}]=0 v0) v1 ==== 72+0+163129 (secure 0 0 0) 0x7f7bac010ac0 con 0x7f7bbc070c40
2023-07-14T01:16:25.318 INFO:teuthology.orchestra.run.smithi083.stderr:/usr/bin/ceph:
2023-07-14T01:16:25.262+0000 7f7ba37fe700 1 -- 172.21.15.83:0/3194164176 <== mon.0 v2:172.21.15.83:3300/0 7 ==== mgrmap(e 8) v1 ==== 38515+0+0 (secure 0 0 0) 0x7f7bac00f070 con 0x7f7bbc070c40
