2023-07-14T11:12:52.961+0000 7fb4f5f77700 1 --2- >> [v2:172.21.15.161:3300/0,v1:172.21.15.161:6789/0] conn(0x7fb4f007be20 0x7fb4f019b340 unknown :-1 s=NONE pgs=0 cs=0 l=1 rev1=0 crypto rx=0 tx=0 comp rx=0 tx=0).connect
2023-07-14T11:12:53.614 INFO:teuthology.orchestra.run.smithi161.stdout:/usr/bin/ceph: stderr
2023-07-14T11:12:52.961+0000 7fb4f5f77700 1 -- --> [v2:172.21.15.161:3300/0,v1:172.21.15.161:6789/0] -- mon_getmap magic: 0 v1 -- 0x7fb4f019b880 con 0x7fb4f007be20
2023-07-14T11:12:53.614 INFO:teuthology.orchestra.run.smithi161.stdout:/usr/bin/ceph: stderr
2023-07-14T11:12:52.962+0000 7fb4ef7fe700 1 --2- >> [v2:172.21.15.161:3300/0,v1:172.21.15.161:6789/0] conn(0x7fb4f007be20 0x7fb4f019b340 unknown :-1 s=BANNER_CONNECTING pgs=0 cs=0 l=1 rev1=0 crypto rx=0 tx=0 comp rx=0 tx=0)._handle_peer_banner_payload supported=3 required=0
2023-07-14T11:12:53.614 INFO:teuthology.orchestra.run.smithi161.stdout:/usr/bin/ceph: stderr
2023-07-14T11:12:52.962+0000 7fb4ef7fe700 1 --2- >> [v2:172.21.15.161:3300/0,v1:172.21.15.161:6789/0] conn(0x7fb4f007be20 0x7fb4f019b340 unknown :-1 s=HELLO_CONNECTING pgs=0 cs=0 l=1 rev1=1 crypto rx=0 tx=0 comp rx=0 tx=0).handle_hello peer v2:172.21.15.161:3300/0 says I am v2:172.21.15.161:47238/0 (socket says 172.21.15.161:47238)
2023-07-14T11:12:53.614 INFO:teuthology.orchestra.run.smithi161.stdout:/usr/bin/ceph: stderr
2023-07-14T11:12:52.962+0000 7fb4ef7fe700 1 -- 172.21.15.161:0/858749548 learned_addr learned my addr 172.21.15.161:0/858749548 (peer_addr_for_me v2:172.21.15.161:0/0)
2023-07-14T11:12:53.614 INFO:teuthology.orchestra.run.smithi161.stdout:/usr/bin/ceph: stderr
2023-07-14T11:12:52.962+0000 7fb4ef7fe700 1 -- 172.21.15.161:0/858749548 --> [v2:172.21.15.161:3300/0,v1:172.21.15.161:6789/0] -- mon_subscribe({config=0+,monmap=0+}) v3 -- 0x7fb4e0009550 con 0x7fb4f007be20
2023-07-14T11:12:53.615 INFO:teuthology.orchestra.run.smithi161.stdout:/usr/bin/ceph: stderr
2023-07-14T11:12:52.962+0000 7fb4ef7fe700 1 --2- 172.21.15.161:0/858749548 >> [v2:172.21.15.161:3300/0,v1:172.21.15.161:6789/0] conn(0x7fb4f007be20 0x7fb4f019b340 secure :-1 s=READY pgs=40 cs=0 l=1 rev1=1 crypto rx=0x7fb4e0003f50 tx=0x7fb4e0011ad0 comp rx=0 tx=0).ready entity=mon.0 client_cookie=0 server_cookie=0 in_seq=0 out_seq=0
2023-07-14T11:12:53.615 INFO:teuthology.orchestra.run.smithi161.stdout:/usr/bin/ceph: stderr
2023-07-14T11:12:52.962+0000 7fb4ecff9700 1 -- 172.21.15.161:0/858749548 <== mon.0 v2:172.21.15.161:3300/0 1 ==== mon_map magic: 0 v1 ==== 205+0+0 (secure 0 0 0) 0x7fb4e0003aa0 con 0x7fb4f007be20
2023-07-14T11:12:53.615 INFO:teuthology.orchestra.run.smithi161.stdout:/usr/bin/ceph: stderr
2023-07-14T11:12:52.963+0000 7fb4ecff9700 1 -- 172.21.15.161:0/858749548 <== mon.0 v2:172.21.15.161:3300/0 2 ==== config(26 keys) v1 ==== 1074+0+0 (secure 0 0 0) 0x7fb4e0003c00 con 0x7fb4f007be20
2023-07-14T11:12:53.615 INFO:teuthology.orchestra.run.smithi161.stdout:/usr/bin/ceph: stderr
2023-07-14T11:12:52.963+0000 7fb4f5f77700 1 -- 172.21.15.161:0/858749548 --> [v2:172.21.15.161:3300/0,v1:172.21.15.161:6789/0] -- mon_subscribe({mgrmap=0+}) v3 -- 0x7fb4f019ba80 con 0x7fb4f007be20
2023-07-14T11:12:53.615 INFO:teuthology.orchestra.run.smithi161.stdout:/usr/bin/ceph: stderr
2023-07-14T11:12:52.963+0000 7fb4ecff9700 1 -- 172.21.15.161:0/858749548 <== mon.0 v2:172.21.15.161:3300/0 3 ==== mon_map magic: 0 v1 ==== 205+0+0 (secure 0 0 0) 0x7fb4e00247c0 con 0x7fb4f007be20
2023-07-14T11:12:53.615 INFO:teuthology.orchestra.run.smithi161.stdout:/usr/bin/ceph: stderr
2023-07-14T11:12:52.963+0000 7fb4f5f77700 1 -- 172.21.15.161:0/858749548 --> [v2:172.21.15.161:3300/0,v1:172.21.15.161:6789/0] -- mon_subscribe({osdmap=0}) v3 -- 0x7fb4f019bea0 con 0x7fb4f007be20
2023-07-14T11:12:53.615 INFO:teuthology.orchestra.run.smithi161.stdout:/usr/bin/ceph: stderr
2023-07-14T11:12:52.964+0000 7fb4f5f77700 1 -- 172.21.15.161:0/858749548 --> [v2:172.21.15.161:3300/0,v1:172.21.15.161:6789/0] -- mon_command({"prefix": "get_command_descriptions"} v 0) v1 -- 0x7fb4f0195320 con 0x7fb4f007be20
2023-07-14T11:12:53.616 INFO:teuthology.orchestra.run.smithi161.stdout:/usr/bin/ceph: stderr
2023-07-14T11:12:52.964+0000 7fb4ecff9700 1 -- 172.21.15.161:0/858749548 <== mon.0 v2:172.21.15.161:3300/0 4 ==== mgrmap(e 8) v1 ==== 45483+0+0 (secure 0 0 0) 0x7fb4e001ab60 con 0x7fb4f007be20
2023-07-14T11:12:53.616 INFO:teuthology.orchestra.run.smithi161.stdout:/usr/bin/ceph: stderr
2023-07-14T11:12:52.964+0000 7fb4ecff9700 1 --2- 172.21.15.161:0/858749548 >> [v2:172.21.15.161:6800/3292405426,v1:172.21.15.161:6801/3292405426] conn(0x7fb4d8038760 0x7fb4d803ac10 unknown :-1 s=NONE pgs=0 cs=0 l=1 rev1=0 crypto rx=0 tx=0 comp rx=0 tx=0).connect
2023-07-14T11:12:53.616 INFO:teuthology.orchestra.run.smithi161.stdout:/usr/bin/ceph: stderr
2023-07-14T11:12:52.964+0000 7fb4ecff9700 1 -- 172.21.15.161:0/858749548 <== mon.0 v2:172.21.15.161:3300/0 5 ==== osd_map(2..2 src has 1..2) v4 ==== 940+0+0 (secure 0 0 0) 0x7fb4e004c680 con 0x7fb4f007be20
2023-07-14T11:12:53.616 INFO:teuthology.orchestra.run.smithi161.stdout:/usr/bin/ceph: stderr
2023-07-14T11:12:52.964+0000 7fb4eeffd700 1 --2- 172.21.15.161:0/858749548 >> [v2:172.21.15.161:6800/3292405426,v1:172.21.15.161:6801/3292405426] conn(0x7fb4d8038760 0x7fb4d803ac10 unknown :-1 s=BANNER_CONNECTING pgs=0 cs=0 l=1 rev1=0 crypto rx=0 tx=0 comp rx=0 tx=0)._handle_peer_banner_payload supported=3 required=0
2023-07-14T11:12:53.616 INFO:teuthology.orchestra.run.smithi161.stdout:/usr/bin/ceph: stderr
2023-07-14T11:12:52.965+0000 7fb4eeffd700 1 --2- 172.21.15.161:0/858749548 >> [v2:172.21.15.161:6800/3292405426,v1:172.21.15.161:6801/3292405426] conn(0x7fb4d8038760 0x7fb4d803ac10 secure :-1 s=READY pgs=10 cs=0 l=1 rev1=1 crypto rx=0x7fb4e4006fd0 tx=0x7fb4e4006e40 comp rx=0 tx=0).ready entity=mgr.14116 client_cookie=0 server_cookie=0 in_seq=0 out_seq=0
2023-07-14T11:12:53.616 INFO:teuthology.orchestra.run.smithi161.stdout:/usr/bin/ceph: stderr
2023-07-14T11:12:52.969+0000 7fb4ecff9700 1 -- 172.21.15.161:0/858749548 <== mon.0 v2:172.21.15.161:3300/0 6 ==== mon_command_ack([{"prefix": "get_command_descriptions"}]=0 v0) v1 ==== 72+0+178038 (secure 0 0 0) 0x7fb4e0024920 con 0x7fb4f007be20
2023-07-14T11:12:53.616 INFO:teuthology.orchestra.run.smithi161.stdout:/usr/bin/ceph: stderr
2023-07-14T11:12:53.164+0000 7fb4f5f77700 1 -- 172.21.15.161:0/858749548 --> [v2:172.21.15.161:6800/3292405426,v1:172.21.15.161:6801/3292405426] -- mgr_command(tid 0: {"prefix": "cephadm get-pub-key", "target": ["mon-mgr", ""]}) v1 -- 0x7fb4f0060950 con 0x7fb4d8038760
2023-07-14T11:12:53.617 INFO:teuthology.orchestra.run.smithi161.stdout:/usr/bin/ceph: stderr
2023-07-14T11:12:53.165+0000 7fb4ecff9700 1 -- 172.21.15.161:0/858749548 <== mgr.14116 v2:172.21.15.161:6800/3292405426 1 ==== mgr_command_reply(tid 0: 0 ) v1 ==== 8+0+595 (secure 0 0 0) 0x7fb4f0060950 con 0x7fb4d8038760
2023-07-14T11:12:53.617 INFO:teuthology.orchestra.run.smithi161.stdout:/usr/bin/ceph: stderr
2023-07-14T11:12:53.168+0000 7fb4f5f77700 1 -- 172.21.15.161:0/858749548 >> [v2:172.21.15.161:6800/3292405426,v1:172.21.15.161:6801/3292405426] conn(0x7fb4d8038760 msgr2=0x7fb4d803ac10 secure :-1 s=STATE_CONNECTION_ESTABLISHED l=1).mark_down
2023-07-14T11:12:53.617 INFO:teuthology.orchestra.run.smithi161.stdout:/usr/bin/ceph: stderr
2023-07-14T11:12:53.168+0000 7fb4f5f77700 1 --2- 172.21.15.161:0/858749548 >> [v2:172.21.15.161:6800/3292405426,v1:172.21.15.161:6801/3292405426] conn(0x7fb4d8038760 0x7fb4d803ac10 secure :-1 s=READY pgs=10 cs=0 l=1 rev1=1 crypto rx=0x7fb4e4006fd0 tx=0x7fb4e4006e40 comp rx=0 tx=0).stop
2023-07-14T11:12:53.617 INFO:teuthology.orchestra.run.smithi161.stdout:/usr/bin/ceph: stderr
2023-07-14T11:12:53.168+0000 7fb4f5f77700 1 -- 172.21.15.161:0/858749548 >> [v2:172.21.15.161:3300/0,v1:172.21.15.161:6789/0] conn(0x7fb4f007be20 msgr2=0x7fb4f019b340 secure :-1 s=STATE_CONNECTION_ESTABLISHED l=1).mark_down
2023-07-14T11:12:53.617 INFO:teuthology.orchestra.run.smithi161.stdout:/usr/bin/ceph: stderr
2023-07-14T11:12:53.168+0000 7fb4f5f77700 1 --2- 172.21.15.161:0/858749548 >> [v2:172.21.15.161:3300/0,v1:172.21.15.161:6789/0] conn(0x7fb4f007be20 0x7fb4f019b340 secure :-1 s=READY pgs=40 cs=0 l=1 rev1=1 crypto rx=0x7fb4e0003f50 tx=0x7fb4e0011ad0 comp rx=0 tx=0).stop
2023-07-14T11:12:53.617 INFO:teuthology.orchestra.run.smithi161.stdout:/usr/bin/ceph: stderr
2023-07-14T11:12:53.168+0000 7fb4f5f77700 1 -- 172.21.15.161:0/858749548 shutdown_connections
2023-07-14T11:12:53.617 INFO:teuthology.orchestra.run.smithi161.stdout:/usr/bin/ceph: stderr
2023-07-14T11:12:53.168+0000 7fb4f5f77700 1 --2- 172.21.15.161:0/858749548 >> [v2:172.21.15.161:6800/3292405426,v1:172.21.15.161:6801/3292405426] conn(0x7fb4d8038760 0x7fb4d803ac10 unknown :-1 s=CLOSED pgs=10 cs=0 l=1 rev1=1 crypto rx=0 tx=0 comp rx=0 tx=0).stop
2023-07-14T11:12:53.617 INFO:teuthology.orchestra.run.smithi161.stdout:/usr/bin/ceph: stderr
2023-07-14T11:12:53.168+0000 7fb4f5f77700 1 --2- 172.21.15.161:0/858749548 >> [v2:172.21.15.161:3300/0,v1:172.21.15.161:6789/0] conn(0x7fb4f007be20 0x7fb4f019b340 unknown :-1 s=CLOSED pgs=40 cs=0 l=1 rev1=1 crypto rx=0 tx=0 comp rx=0 tx=0).stop
2023-07-14T11:12:53.618 INFO:teuthology.orchestra.run.smithi161.stdout:/usr/bin/ceph: stderr
2023-07-14T11:12:53.168+0000 7fb4f5f77700 1 -- 172.21.15.161:0/858749548 >> 172.21.15.161:0/858749548 conn(0x7fb4f0100970 msgr2=0x7fb4f0102d40 unknown :-1 s=STATE_NONE l=0).mark_down
2023-07-14T11:12:53.618 INFO:teuthology.orchestra.run.smithi161.stdout:/usr/bin/ceph: stderr
2023-07-14T11:12:53.168+0000 7fb4f5f77700 1 -- 172.21.15.161:0/858749548 shutdown_connections
2023-07-14T11:12:53.618 INFO:teuthology.orchestra.run.smithi161.stdout:/usr/bin/ceph: stderr
2023-07-14T11:12:53.168+0000 7fb4f5f77700 1 -- 172.21.15.161:0/858749548 wait complete.
2023-07-14T11:12:53.618 INFO:teuthology.orchestra.run.smithi161.stdout:Wrote public SSH key to /home/ubuntu/cephtest/ceph.pub
2023-07-14T11:12:53.618 INFO:teuthology.orchestra.run.smithi161.stdout:Adding key to root@localhost authorized_keys...
2023-07-14T11:12:53.618 INFO:teuthology.orchestra.run.smithi161.stdout:Adding host smithi161...
2023-07-14T11:12:54.245 INFO:journalctl@ceph.mon.a.smithi161.stdout:Jul 14 11:12:54 smithi161 ceph-mon[95526]: from='client.14134 -' entity='client.admin' cmd=[{"prefix": "cephadm get-pub-key", "target": ["mon-mgr", ""]}]: dispatch
2023-07-14T11:12:55.074 INFO:journalctl@ceph.mon.a.smithi161.stdout:Jul 14 11:12:55 smithi161 ceph-mon[95526]: from='client.14136 -' entity='client.admin' cmd=[{"prefix": "orch host add", "hostname": "smithi161", "addr": "172.21.15.161", "target": ["mon-mgr", ""]}]: dispatch
2023-07-14T11:12:56.495 INFO:journalctl@ceph.mon.a.smithi161.stdout:Jul 14 11:12:56 smithi161 ceph-mon[95526]: Deploying cephadm binary to smithi161
2023-07-14T11:12:58.005 INFO:teuthology.orchestra.run.smithi161.stdout:/usr/bin/ceph: stdout Added host 'smithi161' with addr '172.21.15.161'
2023-07-14T11:12:58.005 INFO:teuthology.orchestra.run.smithi161.stdout:/usr/bin/ceph: stderr
2023-07-14T11:12:54.168+0000 7ff83fd11700 1 Processor -- start
2023-07-14T11:12:58.005 INFO:teuthology.orchestra.run.smithi161.stdout:/usr/bin/ceph: stderr
2023-07-14T11:12:54.168+0000 7ff83fd11700 1 -- start start
2023-07-14T11:12:58.005 INFO:teuthology.orchestra.run.smithi161.stdout:/usr/bin/ceph: stderr
2023-07-14T11:12:54.168+0000 7ff83fd11700 1 --2- >> [v2:172.21.15.161:3300/0,v1:172.21.15.161:6789/0] conn(0x7ff83807be00 0x7ff83807a300 unknown :-1 s=NONE pgs=0 cs=0 l=0 rev1=0 crypto rx=0 tx=0 comp rx=0 tx=0).connect
2023-07-14T11:12:58.005 INFO:teuthology.orchestra.run.smithi161.stdout:/usr/bin/ceph: stderr
2023-07-14T11:12:54.168+0000 7ff83fd11700 1 -- --> [v2:172.21.15.161:3300/0,v1:172.21.15.161:6789/0] -- mon_getmap magic: 0 v1 -- 0x7ff83807a840 con 0x7ff83807be00
2023-07-14T11:12:58.006 INFO:teuthology.orchestra.run.smithi161.stdout:/usr/bin/ceph: stderr
2023-07-14T11:12:54.168+0000 7ff83daad700 1 --2- >> [v2:172.21.15.161:3300/0,v1:172.21.15.161:6789/0] conn(0x7ff83807be00 0x7ff83807a300 unknown :-1 s=BANNER_CONNECTING pgs=0 cs=0 l=0 rev1=0 crypto rx=0 tx=0 comp rx=0 tx=0)._handle_peer_banner_payload supported=3 required=0
2023-07-14T11:12:58.006 INFO:teuthology.orchestra.run.smithi161.stdout:/usr/bin/ceph: stderr
2023-07-14T11:12:54.168+0000 7ff83daad700 1 --2- >> [v2:172.21.15.161:3300/0,v1:172.21.15.161:6789/0] conn(0x7ff83807be00 0x7ff83807a300 unknown :-1 s=HELLO_CONNECTING pgs=0 cs=0 l=0 rev1=1 crypto rx=0 tx=0 comp rx=0 tx=0).handle_hello peer v2:172.21.15.161:3300/0 says I am v2:172.21.15.161:47254/0 (socket says 172.21.15.161:47254)
2023-07-14T11:12:58.006 INFO:teuthology.orchestra.run.smithi161.stdout:/usr/bin/ceph: stderr
2023-07-14T11:12:54.168+0000 7ff83daad700 1 -- 172.21.15.161:0/4239890390 learned_addr learned my addr 172.21.15.161:0/4239890390 (peer_addr_for_me v2:172.21.15.161:0/0)
2023-07-14T11:12:58.006 INFO:teuthology.orchestra.run.smithi161.stdout:/usr/bin/ceph: stderr
2023-07-14T11:12:54.169+0000 7ff83daad700 1 -- 172.21.15.161:0/4239890390 --> [v2:172.21.15.161:3300/0,v1:172.21.15.161:6789/0] -- mon_subscribe({config=0+,monmap=0+}) v3 -- 0x7ff83807a980 con 0x7ff83807be00
2023-07-14T11:12:58.006 INFO:teuthology.orchestra.run.smithi161.stdout:/usr/bin/ceph: stderr
2023-07-14T11:12:54.169+0000 7ff83daad700 1 --2- 172.21.15.161:0/4239890390 >> [v2:172.21.15.161:3300/0,v1:172.21.15.161:6789/0] conn(0x7ff83807be00 0x7ff83807a300 secure :-1 s=READY pgs=41 cs=0 l=1 rev1=1 crypto rx=0x7ff8340098a0 tx=0x7ff834009bb0 comp rx=0 tx=0).ready entity=mon.0 client_cookie=c2415f059a889fd6 server_cookie=0 in_seq=0 out_seq=0
2023-07-14T11:12:58.006 INFO:teuthology.orchestra.run.smithi161.stdout:/usr/bin/ceph: stderr
2023-07-14T11:12:54.169+0000 7ff83caab700 1 -- 172.21.15.161:0/4239890390 <== mon.0 v2:172.21.15.161:3300/0 1 ==== mon_map magic: 0 v1 ==== 205+0+0 (secure 0 0 0) 0x7ff834004160 con 0x7ff83807be00
2023-07-14T11:12:58.006 INFO:teuthology.orchestra.run.smithi161.stdout:/usr/bin/ceph: stderr
2023-07-14T11:12:54.169+0000 7ff83caab700 1 -- 172.21.15.161:0/4239890390 <== mon.0 v2:172.21.15.161:3300/0 2 ==== config(26 keys) v1 ==== 1074+0+0 (secure 0 0 0) 0x7ff8340042c0 con 0x7ff83807be00
2023-07-14T11:12:58.007 INFO:teuthology.orchestra.run.smithi161.stdout:/usr/bin/ceph: stderr
2023-07-14T11:12:54.169+0000 7ff83caab700 1 -- 172.21.15.161:0/4239890390 <== mon.0 v2:172.21.15.161:3300/0 3 ==== mon_map magic: 0 v1 ==== 205+0+0 (secure 0 0 0) 0x7ff834011a00 con 0x7ff83807be00
2023-07-14T11:12:58.007 INFO:teuthology.orchestra.run.smithi161.stdout:/usr/bin/ceph: stderr
2023-07-14T11:12:54.170+0000 7ff83fd11700 1 -- 172.21.15.161:0/4239890390 >> [v2:172.21.15.161:3300/0,v1:172.21.15.161:6789/0] conn(0x7ff83807be00 msgr2=0x7ff83807a300 secure :-1 s=STATE_CONNECTION_ESTABLISHED l=1).mark_down
2023-07-14T11:12:58.007 INFO:teuthology.orchestra.run.smithi161.stdout:/usr/bin/ceph: stderr
2023-07-14T11:12:54.170+0000 7ff83fd11700 1 --2- 172.21.15.161:0/4239890390 >> [v2:172.21.15.161:3300/0,v1:172.21.15.161:6789/0] conn(0x7ff83807be00 0x7ff83807a300 secure :-1 s=READY pgs=41 cs=0 l=1 rev1=1 crypto rx=0x7ff8340098a0 tx=0x7ff834009bb0 comp rx=0 tx=0).stop
2023-07-14T11:12:58.007 INFO:teuthology.orchestra.run.smithi161.stdout:/usr/bin/ceph: stderr
2023-07-14T11:12:54.170+0000 7ff83fd11700 1 -- 172.21.15.161:0/4239890390 shutdown_connections
2023-07-14T11:12:58.007 INFO:teuthology.orchestra.run.smithi161.stdout:/usr/bin/ceph: stderr
2023-07-14T11:12:54.170+0000 7ff83fd11700 1 --2- 172.21.15.161:0/4239890390 >> [v2:172.21.15.161:3300/0,v1:172.21.15.161:6789/0] conn(0x7ff83807be00 0x7ff83807a300 unknown :-1 s=CLOSED pgs=41 cs=0 l=1 rev1=1 crypto rx=0 tx=0 comp rx=0 tx=0).stop
2023-07-14T11:12:58.007 INFO:teuthology.orchestra.run.smithi161.stdout:/usr/bin/ceph: stderr
2023-07-14T11:12:54.170+0000 7ff83fd11700 1 -- 172.21.15.161:0/4239890390 >> 172.21.15.161:0/4239890390 conn(0x7ff838100970 msgr2=0x7ff838102da0 unknown :-1 s=STATE_NONE l=0).mark_down
2023-07-14T11:12:58.007 INFO:teuthology.orchestra.run.smithi161.stdout:/usr/bin/ceph: stderr
2023-07-14T11:12:54.170+0000 7ff83fd11700 1 -- 172.21.15.161:0/4239890390 shutdown_connections
2023-07-14T11:12:58.008 INFO:teuthology.orchestra.run.smithi161.stdout:/usr/bin/ceph: stderr
2023-07-14T11:12:54.170+0000 7ff83fd11700 1 -- 172.21.15.161:0/4239890390 wait complete.
2023-07-14T11:12:58.008 INFO:teuthology.orchestra.run.smithi161.stdout:/usr/bin/ceph: stderr
2023-07-14T11:12:54.171+0000 7ff83fd11700 1 Processor -- start
2023-07-14T11:12:58.008 INFO:teuthology.orchestra.run.smithi161.stdout:/usr/bin/ceph: stderr
2023-07-14T11:12:54.171+0000 7ff83fd11700 1 -- start start
2023-07-14T11:12:58.008 INFO:teuthology.orchestra.run.smithi161.stdout:/usr/bin/ceph: stderr
2023-07-14T11:12:54.172+0000 7ff83fd11700 1 --2- >> [v2:172.21.15.161:3300/0,v1:172.21.15.161:6789/0] conn(0x7ff83807be00 0x7ff83819b340 unknown :-1 s=NONE pgs=0 cs=0 l=1 rev1=0 crypto rx=0 tx=0 comp rx=0 tx=0).connect
2023-07-14T11:12:58.008 INFO:teuthology.orchestra.run.smithi161.stdout:/usr/bin/ceph: stderr
2023-07-14T11:12:54.172+0000 7ff83fd11700 1 -- --> [v2:172.21.15.161:3300/0,v1:172.21.15.161:6789/0] -- mon_getmap magic: 0 v1 -- 0x7ff83819b880 con 0x7ff83807be00
2023-07-14T11:12:58.008 INFO:teuthology.orchestra.run.smithi161.stdout:/usr/bin/ceph: stderr
2023-07-14T11:12:54.172+0000 7ff83daad700 1 --2- >> [v2:172.21.15.161:3300/0,v1:172.21.15.161:6789/0] conn(0x7ff83807be00 0x7ff83819b340 unknown :-1 s=BANNER_CONNECTING pgs=0 cs=0 l=1 rev1=0 crypto rx=0 tx=0 comp rx=0 tx=0)._handle_peer_banner_payload supported=3 required=0
2023-07-14T11:12:58.008 INFO:teuthology.orchestra.run.smithi161.stdout:/usr/bin/ceph: stderr
2023-07-14T11:12:54.172+0000 7ff83daad700 1 --2- >> [v2:172.21.15.161:3300/0,v1:172.21.15.161:6789/0] conn(0x7ff83807be00 0x7ff83819b340 unknown :-1 s=HELLO_CONNECTING pgs=0 cs=0 l=1 rev1=1 crypto rx=0 tx=0 comp rx=0 tx=0).handle_hello peer v2:172.21.15.161:3300/0 says I am v2:172.21.15.161:47270/0 (socket says 172.21.15.161:47270)
2023-07-14T11:12:58.009 INFO:teuthology.orchestra.run.smithi161.stdout:/usr/bin/ceph: stderr
2023-07-14T11:12:54.172+0000 7ff83daad700 1 -- 172.21.15.161:0/2448799711 learned_addr learned my addr 172.21.15.161:0/2448799711 (peer_addr_for_me v2:172.21.15.161:0/0)
2023-07-14T11:12:58.009 INFO:teuthology.orchestra.run.smithi161.stdout:/usr/bin/ceph: stderr
2023-07-14T11:12:54.172+0000 7ff83daad700 1 -- 172.21.15.161:0/2448799711 --> [v2:172.21.15.161:3300/0,v1:172.21.15.161:6789/0] -- mon_subscribe({config=0+,monmap=0+}) v3 -- 0x7ff834009550 con 0x7ff83807be00
2023-07-14T11:12:58.009 INFO:teuthology.orchestra.run.smithi161.stdout:/usr/bin/ceph: stderr
2023-07-14T11:12:54.172+0000 7ff83daad700 1 --2- 172.21.15.161:0/2448799711 >> [v2:172.21.15.161:3300/0,v1:172.21.15.161:6789/0] conn(0x7ff83807be00 0x7ff83819b340 secure :-1 s=READY pgs=42 cs=0 l=1 rev1=1 crypto rx=0x7ff834009130 tx=0x7ff834011ad0 comp rx=0 tx=0).ready entity=mon.0 client_cookie=0 server_cookie=0 in_seq=0 out_seq=0
2023-07-14T11:12:58.009 INFO:teuthology.orchestra.run.smithi161.stdout:/usr/bin/ceph: stderr
2023-07-14T11:12:54.173+0000 7ff82effd700 1 -- 172.21.15.161:0/2448799711 <== mon.0 v2:172.21.15.161:3300/0 1 ==== mon_map magic: 0 v1 ==== 205+0+0 (secure 0 0 0) 0x7ff834003ab0 con 0x7ff83807be00
2023-07-14T11:12:58.009 INFO:teuthology.orchestra.run.smithi161.stdout:/usr/bin/ceph: stderr
2023-07-14T11:12:54.173+0000 7ff82effd700 1 -- 172.21.15.161:0/2448799711 <== mon.0 v2:172.21.15.161:3300/0 2 ==== config(26 keys) v1 ==== 1074+0+0 (secure 0 0 0) 0x7ff834003c10 con 0x7ff83807be00
2023-07-14T11:12:58.009 INFO:teuthology.orchestra.run.smithi161.stdout:/usr/bin/ceph: stderr
2023-07-14T11:12:54.173+0000 7ff82effd700 1 -- 172.21.15.161:0/2448799711 <== mon.0 v2:172.21.15.161:3300/0 3 ==== mon_map magic: 0 v1 ==== 205+0+0 (secure 0 0 0) 0x7ff8340247d0 con 0x7ff83807be00
2023-07-14T11:12:58.009 INFO:teuthology.orchestra.run.smithi161.stdout:/usr/bin/ceph: stderr
2023-07-14T11:12:54.173+0000 7ff83fd11700 1 -- 172.21.15.161:0/2448799711 --> [v2:172.21.15.161:3300/0,v1:172.21.15.161:6789/0] -- mon_subscribe({mgrmap=0+}) v3 -- 0x7ff83819ba80 con 0x7ff83807be00
2023-07-14T11:12:58.009 INFO:teuthology.orchestra.run.smithi161.stdout:/usr/bin/ceph: stderr
2023-07-14T11:12:54.173+0000 7ff83fd11700 1 -- 172.21.15.161:0/2448799711 --> [v2:172.21.15.161:3300/0,v1:172.21.15.161:6789/0] -- mon_subscribe({osdmap=0}) v3 -- 0x7ff83819bea0 con 0x7ff83807be00
2023-07-14T11:12:58.010 INFO:teuthology.orchestra.run.smithi161.stdout:/usr/bin/ceph: stderr
2023-07-14T11:12:54.174+0000 7ff82effd700 1 -- 172.21.15.161:0/2448799711 <== mon.0 v2:172.21.15.161:3300/0 4 ==== mgrmap(e 8) v1 ==== 45483+0+0 (secure 0 0 0) 0x7ff83401a430 con 0x7ff83807be00
2023-07-14T11:12:58.010 INFO:teuthology.orchestra.run.smithi161.stdout:/usr/bin/ceph: stderr
2023-07-14T11:12:54.174+0000 7ff83fd11700 1 -- 172.21.15.161:0/2448799711 --> [v2:172.21.15.161:3300/0,v1:172.21.15.161:6789/0] -- mon_command({"prefix": "get_command_descriptions"} v 0) v1 -- 0x7ff8381952f0 con 0x7ff83807be00
2023-07-14T11:12:58.010 INFO:teuthology.orchestra.run.smithi161.stdout:/usr/bin/ceph: stderr
2023-07-14T11:12:54.174+0000 7ff82effd700 1 --2- 172.21.15.161:0/2448799711 >> [v2:172.21.15.161:6800/3292405426,v1:172.21.15.161:6801/3292405426] conn(0x7ff824038760 0x7ff82403ac10 unknown :-1 s=NONE pgs=0 cs=0 l=1 rev1=0 crypto rx=0 tx=0 comp rx=0 tx=0).connect
2023-07-14T11:12:58.010 INFO:teuthology.orchestra.run.smithi161.stdout:/usr/bin/ceph: stderr
2023-07-14T11:12:54.174+0000 7ff82effd700 1 -- 172.21.15.161:0/2448799711 <== mon.0 v2:172.21.15.161:3300/0 5 ==== osd_map(2..2 src has 1..2) v4 ==== 940+0+0 (secure 0 0 0) 0x7ff83404c840 con 0x7ff83807be00
2023-07-14T11:12:58.010 INFO:teuthology.orchestra.run.smithi161.stdout:/usr/bin/ceph: stderr
2023-07-14T11:12:54.175+0000 7ff83d2ac700 1 --2- 172.21.15.161:0/2448799711 >> [v2:172.21.15.161:6800/3292405426,v1:172.21.15.161:6801/3292405426] conn(0x7ff824038760 0x7ff82403ac10 unknown :-1 s=BANNER_CONNECTING pgs=0 cs=0 l=1 rev1=0 crypto rx=0 tx=0 comp rx=0 tx=0)._handle_peer_banner_payload supported=3 required=0
2023-07-14T11:12:58.010 INFO:teuthology.orchestra.run.smithi161.stdout:/usr/bin/ceph: stderr
2023-07-14T11:12:54.175+0000 7ff83d2ac700 1 --2- 172.21.15.161:0/2448799711 >> [v2:172.21.15.161:6800/3292405426,v1:172.21.15.161:6801/3292405426] conn(0x7ff824038760 0x7ff82403ac10 secure :-1 s=READY pgs=11 cs=0 l=1 rev1=1 crypto rx=0x7ff828006fd0 tx=0x7ff828006e40 comp rx=0 tx=0).ready entity=mgr.14116 client_cookie=0 server_cookie=0 in_seq=0 out_seq=0
2023-07-14T11:12:58.010 INFO:teuthology.orchestra.run.smithi161.stdout:/usr/bin/ceph: stderr
2023-07-14T11:12:54.179+0000 7ff82effd700 1 -- 172.21.15.161:0/2448799711 <== mon.0 v2:172.21.15.161:3300/0 6 ==== mon_command_ack([{"prefix": "get_command_descriptions"}]=0 v0) v1 ==== 72+0+178038 (secure 0 0 0) 0x7ff834018b40 con 0x7ff83807be00
2023-07-14T11:12:58.011 INFO:teuthology.orchestra.run.smithi161.stdout:/usr/bin/ceph: stderr
2023-07-14T11:12:54.379+0000 7ff83fd11700 1 -- 172.21.15.161:0/2448799711 --> [v2:172.21.15.161:6800/3292405426,v1:172.21.15.161:6801/3292405426] -- mgr_command(tid 0: {"prefix": "orch host add", "hostname": "smithi161", "addr": "172.21.15.161", "target": ["mon-mgr", ""]}) v1 -- 0x7ff838060950 con 0x7ff824038760
2023-07-14T11:12:58.011 INFO:teuthology.orchestra.run.smithi161.stdout:/usr/bin/ceph: stderr
2023-07-14T11:12:57.541+0000 7ff82effd700 1 -- 172.21.15.161:0/2448799711 <== mgr.14116 v2:172.21.15.161:6800/3292405426 1 ==== mgr_command_reply(tid 0: 0 ) v1 ==== 8+0+49 (secure 0 0 0) 0x7ff838060950 con 0x7ff824038760
2023-07-14T11:12:58.011 INFO:teuthology.orchestra.run.smithi161.stdout:/usr/bin/ceph: stderr
2023-07-14T11:12:57.544+0000 7ff83fd11700 1 -- 172.21.15.161:0/2448799711 >> [v2:172.21.15.161:6800/3292405426,v1:172.21.15.161:6801/3292405426] conn(0x7ff824038760 msgr2=0x7ff82403ac10 secure :-1 s=STATE_CONNECTION_ESTABLISHED l=1).mark_down
2023-07-14T11:12:58.011 INFO:teuthology.orchestra.run.smithi161.stdout:/usr/bin/ceph: stderr
2023-07-14T11:12:57.544+0000 7ff83fd11700 1 --2- 172.21.15.161:0/2448799711 >> [v2:172.21.15.161:6800/3292405426,v1:172.21.15.161:6801/3292405426] conn(0x7ff824038760 0x7ff82403ac10 secure :-1 s=READY pgs=11 cs=0 l=1 rev1=1 crypto rx=0x7ff828006fd0 tx=0x7ff828006e40 comp rx=0 tx=0).stop
2023-07-14T11:12:58.011 INFO:teuthology.orchestra.run.smithi161.stdout:/usr/bin/ceph: stderr
2023-07-14T11:12:57.544+0000 7ff83fd11700 1 -- 172.21.15.161:0/2448799711 >> [v2:172.21.15.161:3300/0,v1:172.21.15.161:6789/0] conn(0x7ff83807be00 msgr2=0x7ff83819b340 secure :-1 s=STATE_CONNECTION_ESTABLISHED l=1).mark_down
2023-07-14T11:12:58.011 INFO:teuthology.orchestra.run.smithi161.stdout:/usr/bin/ceph: stderr
2023-07-14T11:12:57.544+0000 7ff83fd11700 1 --2- 172.21.15.161:0/2448799711 >> [v2:172.21.15.161:3300/0,v1:172.21.15.161:6789/0] conn(0x7ff83807be00 0x7ff83819b340 secure :-1 s=READY pgs=42 cs=0 l=1 rev1=1 crypto rx=0x7ff834009130 tx=0x7ff834011ad0 comp rx=0 tx=0).stop
2023-07-14T11:12:58.011 INFO:teuthology.orchestra.run.smithi161.stdout:/usr/bin/ceph: stderr
2023-07-14T11:12:57.544+0000 7ff83fd11700 1 -- 172.21.15.161:0/2448799711 shutdown_connections
2023-07-14T11:12:58.011 INFO:teuthology.orchestra.run.smithi161.stdout:/usr/bin/ceph: stderr
2023-07-14T11:12:57.544+0000 7ff83fd11700 1 --2- 172.21.15.161:0/2448799711 >> [v2:172.21.15.161:6800/3292405426,v1:172.21.15.161:6801/3292405426] conn(0x7ff824038760 0x7ff82403ac10 unknown :-1 s=CLOSED pgs=11 cs=0 l=1 rev1=1 crypto rx=0 tx=0 comp rx=0 tx=0).stop
2023-07-14T11:12:58.012 INFO:teuthology.orchestra.run.smithi161.stdout:/usr/bin/ceph: stderr
2023-07-14T11:12:57.544+0000 7ff83fd11700 1 --2- 172.21.15.161:0/2448799711 >> [v2:172.21.15.161:3300/0,v1:172.21.15.161:6789/0] conn(0x7ff83807be00 0x7ff83819b340 unknown :-1 s=CLOSED pgs=42 cs=0 l=1 rev1=1 crypto rx=0 tx=0 comp rx=0 tx=0).stop
2023-07-14T11:12:58.012 INFO:teuthology.orchestra.run.smithi161.stdout:/usr/bin/ceph: stderr
2023-07-14T11:12:57.544+0000 7ff83fd11700 1 -- 172.21.15.161:0/2448799711 >> 172.21.15.161:0/2448799711 conn(0x7ff838100970 msgr2=0x7ff8381020e0 unknown :-1 s=STATE_NONE l=0).mark_down
2023-07-14T11:12:58.012 INFO:teuthology.orchestra.run.smithi161.stdout:/usr/bin/ceph: stderr
2023-07-14T11:12:57.544+0000 7ff83fd11700 1 -- 172.21.15.161:0/2448799711 shutdown_connections
2023-07-14T11:12:58.012 INFO:teuthology.orchestra.run.smithi161.stdout:/usr/bin/ceph: stderr
2023-07-14T11:12:57.544+0000 7ff83fd11700 1 -- 172.21.15.161:0/2448799711 wait complete.
2023-07-14T11:12:58.012 INFO:teuthology.orchestra.run.smithi161.stdout:Deploying unmanaged mon service...
2023-07-14T11:12:58.837 INFO:journalctl@ceph.mon.a.smithi161.stdout:Jul 14 11:12:58 smithi161 ceph-mon[95526]: from='mgr.14116 172.21.15.161:0/605333364' entity='mgr.x'
2023-07-14T11:12:58.838 INFO:journalctl@ceph.mon.a.smithi161.stdout:Jul 14 11:12:58 smithi161 ceph-mon[95526]: Added host smithi161
2023-07-14T11:12:58.838 INFO:journalctl@ceph.mon.a.smithi161.stdout:Jul 14 11:12:58 smithi161 ceph-mon[95526]: from='mgr.14116 172.21.15.161:0/605333364' entity='mgr.x' cmd=[{"prefix": "config dump", "format": "json"}]: dispatch
2023-07-14T11:12:59.296 INFO:teuthology.orchestra.run.smithi161.stdout:/usr/bin/ceph: stdout Scheduled mon update...
2023-07-14T11:12:59.296 INFO:teuthology.orchestra.run.smithi161.stdout:/usr/bin/ceph: stderr
2023-07-14T11:12:58.578+0000 7f8f21ff8700 1 Processor -- start
2023-07-14T11:12:59.297 INFO:teuthology.orchestra.run.smithi161.stdout:/usr/bin/ceph: stderr
2023-07-14T11:12:58.579+0000 7f8f21ff8700 1 -- start start
2023-07-14T11:12:59.297 INFO:teuthology.orchestra.run.smithi161.stdout:/usr/bin/ceph: stderr
2023-07-14T11:12:58.579+0000 7f8f21ff8700 1 --2- >> [v2:172.21.15.161:3300/0,v1:172.21.15.161:6789/0] conn(0x7f8f1c079d20 0x7f8f1c107ec0 unknown :-1 s=NONE pgs=0 cs=0 l=0 rev1=0 crypto rx=0 tx=0 comp rx=0 tx=0).connect
2023-07-14T11:12:59.297 INFO:teuthology.orchestra.run.smithi161.stdout:/usr/bin/ceph: stderr
2023-07-14T11:12:58.579+0000 7f8f21ff8700 1 -- --> [v2:172.21.15.161:3300/0,v1:172.21.15.161:6789/0] -- mon_getmap magic: 0 v1 -- 0x7f8f1c108400 con 0x7f8f1c079d20
2023-07-14T11:12:59.297 INFO:teuthology.orchestra.run.smithi161.stdout:/usr/bin/ceph: stderr
2023-07-14T11:12:58.579+0000 7f8f1b7fe700 1 --2- >> [v2:172.21.15.161:3300/0,v1:172.21.15.161:6789/0] conn(0x7f8f1c079d20 0x7f8f1c107ec0 unknown :-1 s=BANNER_CONNECTING pgs=0 cs=0 l=0 rev1=0 crypto rx=0 tx=0 comp rx=0 tx=0)._handle_peer_banner_payload supported=3 required=0
2023-07-14T11:12:59.297 INFO:teuthology.orchestra.run.smithi161.stdout:/usr/bin/ceph: stderr
2023-07-14T11:12:58.579+0000 7f8f1b7fe700 1 --2- >> [v2:172.21.15.161:3300/0,v1:172.21.15.161:6789/0] conn(0x7f8f1c079d20 0x7f8f1c107ec0 unknown :-1 s=HELLO_CONNECTING pgs=0 cs=0 l=0 rev1=1 crypto rx=0 tx=0 comp rx=0 tx=0).handle_hello peer v2:172.21.15.161:3300/0 says I am v2:172.21.15.161:49252/0 (socket says 172.21.15.161:49252)
2023-07-14T11:12:59.297 INFO:teuthology.orchestra.run.smithi161.stdout:/usr/bin/ceph: stderr
2023-07-14T11:12:58.579+0000 7f8f1b7fe700 1 -- 172.21.15.161:0/1388191955 learned_addr learned my addr 172.21.15.161:0/1388191955 (peer_addr_for_me v2:172.21.15.161:0/0)
2023-07-14T11:12:59.297 INFO:teuthology.orchestra.run.smithi161.stdout:/usr/bin/ceph: stderr
2023-07-14T11:12:58.580+0000 7f8f1b7fe700 1 -- 172.21.15.161:0/1388191955 --> [v2:172.21.15.161:3300/0,v1:172.21.15.161:6789/0] -- mon_subscribe({config=0+,monmap=0+}) v3 -- 0x7f8f1c108540 con 0x7f8f1c079d20
2023-07-14T11:12:59.297 INFO:teuthology.orchestra.run.smithi161.stdout:/usr/bin/ceph: stderr
2023-07-14T11:12:58.580+0000 7f8f1b7fe700 1 --2- 172.21.15.161:0/1388191955 >> [v2:172.21.15.161:3300/0,v1:172.21.15.161:6789/0] conn(0x7f8f1c079d20 0x7f8f1c107ec0 secure :-1 s=READY pgs=43 cs=0 l=1 rev1=1 crypto rx=0x7f8f0c0098a0 tx=0x7f8f0c009bb0 comp rx=0 tx=0).ready entity=mon.0 client_cookie=48480f32c49c8cd6 server_cookie=0 in_seq=0 out_seq=0
2023-07-14T11:12:59.298 INFO:teuthology.orchestra.run.smithi161.stdout:/usr/bin/ceph: stderr
2023-07-14T11:12:58.580+0000 7f8f1a7fc700 1 -- 172.21.15.161:0/1388191955 <== mon.0 v2:172.21.15.161:3300/0 1 ==== mon_map magic: 0 v1 ==== 205+0+0 (secure 0 0 0) 0x7f8f0c004160 con 0x7f8f1c079d20
2023-07-14T11:12:59.298 INFO:teuthology.orchestra.run.smithi161.stdout:/usr/bin/ceph: stderr
2023-07-14T11:12:58.580+0000 7f8f1a7fc700 1 -- 172.21.15.161:0/1388191955 <== mon.0 v2:172.21.15.161:3300/0 2 ==== config(26 keys) v1 ==== 1074+0+0 (secure 0 0 0) 0x7f8f0c0042c0 con 0x7f8f1c079d20
2023-07-14T11:12:59.298 INFO:teuthology.orchestra.run.smithi161.stdout:/usr/bin/ceph: stderr
2023-07-14T11:12:58.580+0000 7f8f1a7fc700 1 -- 172.21.15.161:0/1388191955 <== mon.0 v2:172.21.15.161:3300/0 3 ==== mon_map magic: 0 v1 ==== 205+0+0 (secure 0 0 0) 0x7f8f0c011a00 con 0x7f8f1c079d20
2023-07-14T11:12:59.298 INFO:teuthology.orchestra.run.smithi161.stdout:/usr/bin/ceph: stderr
2023-07-14T11:12:58.581+0000 7f8f21ff8700 1 -- 172.21.15.161:0/1388191955 >> [v2:172.21.15.161:3300/0,v1:172.21.15.161:6789/0] conn(0x7f8f1c079d20 msgr2=0x7f8f1c107ec0 secure :-1 s=STATE_CONNECTION_ESTABLISHED l=1).mark_down
2023-07-14T11:12:59.298 INFO:teuthology.orchestra.run.smithi161.stdout:/usr/bin/ceph: stderr
2023-07-14T11:12:58.581+0000 7f8f21ff8700 1 --2- 172.21.15.161:0/1388191955 >> [v2:172.21.15.161:3300/0,v1:172.21.15.161:6789/0] conn(0x7f8f1c079d20 0x7f8f1c107ec0 secure :-1 s=READY pgs=43 cs=0 l=1 rev1=1 crypto rx=0x7f8f0c0098a0 tx=0x7f8f0c009bb0 comp rx=0 tx=0).stop
2023-07-14T11:12:59.298 INFO:teuthology.orchestra.run.smithi161.stdout:/usr/bin/ceph: stderr
2023-07-14T11:12:58.581+0000 7f8f21ff8700 1 -- 172.21.15.161:0/1388191955 shutdown_connections
2023-07-14T11:12:59.298 INFO:teuthology.orchestra.run.smithi161.stdout:/usr/bin/ceph: stderr
2023-07-14T11:12:58.581+0000 7f8f21ff8700 1 --2- 172.21.15.161:0/1388191955 >> [v2:172.21.15.161:3300/0,v1:172.21.15.161:6789/0] conn(0x7f8f1c079d20 0x7f8f1c107ec0 unknown :-1 s=CLOSED pgs=43 cs=0 l=1 rev1=1 crypto rx=0 tx=0 comp rx=0 tx=0).stop
2023-07-14T11:12:59.299 INFO:teuthology.orchestra.run.smithi161.stdout:/usr/bin/ceph: stderr
2023-07-14T11:12:58.581+0000 7f8f21ff8700 1 -- 172.21.15.161:0/1388191955 >> 172.21.15.161:0/1388191955 conn(0x7f8f1c0ff890 msgr2=0x7f8f1c101ca0 unknown :-1 s=STATE_NONE l=0).mark_down
2023-07-14T11:12:59.299 INFO:teuthology.orchestra.run.smithi161.stdout:/usr/bin/ceph: stderr
2023-07-14T11:12:58.581+0000 7f8f21ff8700 1 -- 172.21.15.161:0/1388191955 shutdown_connections
2023-07-14T11:12:59.299 INFO:teuthology.orchestra.run.smithi161.stdout:/usr/bin/ceph: stderr
2023-07-14T11:12:58.581+0000 7f8f21ff8700 1 -- 172.21.15.161:0/1388191955 wait complete.
2023-07-14T11:12:59.299 INFO:teuthology.orchestra.run.smithi161.stdout:/usr/bin/ceph: stderr
2023-07-14T11:12:58.582+0000 7f8f21ff8700 1 Processor -- start
2023-07-14T11:12:59.299 INFO:teuthology.orchestra.run.smithi161.stdout:/usr/bin/ceph: stderr
2023-07-14T11:12:58.582+0000 7f8f21ff8700 1 -- start start
2023-07-14T11:12:59.299 INFO:teuthology.orchestra.run.smithi161.stdout:/usr/bin/ceph: stderr
2023-07-14T11:12:58.582+0000 7f8f21ff8700 1 --2- >> [v2:172.21.15.161:3300/0,v1:172.21.15.161:6789/0] conn(0x7f8f1c1057d0 0x7f8f1c103e60 unknown :-1 s=NONE pgs=0 cs=0 l=1 rev1=0 crypto rx=0 tx=0 comp rx=0 tx=0).connect
2023-07-14T11:12:59.299 INFO:teuthology.orchestra.run.smithi161.stdout:/usr/bin/ceph: stderr
2023-07-14T11:12:58.583+0000 7f8f21ff8700 1 -- --> [v2:172.21.15.161:3300/0,v1:172.21.15.161:6789/0] -- mon_getmap magic: 0 v1 -- 0x7f8f1c105be0 con 0x7f8f1c1057d0
2023-07-14T11:12:59.299 INFO:teuthology.orchestra.run.smithi161.stdout:/usr/bin/ceph: stderr
2023-07-14T11:12:58.583+0000 7f8f1b7fe700 1 --2- >> [v2:172.21.15.161:3300/0,v1:172.21.15.161:6789/0] conn(0x7f8f1c1057d0 0x7f8f1c103e60 unknown :-1 s=BANNER_CONNECTING pgs=0 cs=0 l=1 rev1=0 crypto rx=0 tx=0 comp rx=0 tx=0)._handle_peer_banner_payload supported=3 required=0
2023-07-14T11:12:59.300 INFO:teuthology.orchestra.run.smithi161.stdout:/usr/bin/ceph: stderr
2023-07-14T11:12:58.583+0000 7f8f1b7fe700 1 --2- >> [v2:172.21.15.161:3300/0,v1:172.21.15.161:6789/0] conn(0x7f8f1c1057d0 0x7f8f1c103e60 unknown :-1 s=HELLO_CONNECTING pgs=0 cs=0 l=1 rev1=1 crypto rx=0 tx=0 comp rx=0 tx=0).handle_hello peer v2:172.21.15.161:3300/0 says I am v2:172.21.15.161:49262/0 (socket says 172.21.15.161:49262)
2023-07-14T11:12:59.300 INFO:teuthology.orchestra.run.smithi161.stdout:/usr/bin/ceph: stderr
2023-07-14T11:12:58.583+0000 7f8f1b7fe700 1 -- 172.21.15.161:0/4019315806 learned_addr learned my addr 172.21.15.161:0/4019315806 (peer_addr_for_me v2:172.21.15.161:0/0)
2023-07-14T11:12:59.300 INFO:teuthology.orchestra.run.smithi161.stdout:/usr/bin/ceph: stderr
2023-07-14T11:12:58.583+0000 7f8f1b7fe700 1 -- 172.21.15.161:0/4019315806 --> [v2:172.21.15.161:3300/0,v1:172.21.15.161:6789/0] -- mon_subscribe({config=0+,monmap=0+}) v3 -- 0x7f8f0c009550 con 0x7f8f1c1057d0
2023-07-14T11:12:59.300 INFO:teuthology.orchestra.run.smithi161.stdout:/usr/bin/ceph: stderr
2023-07-14T11:12:58.583+0000 7f8f1b7fe700 1 --2- 172.21.15.161:0/4019315806 >> [v2:172.21.15.161:3300/0,v1:172.21.15.161:6789/0] conn(0x7f8f1c1057d0 0x7f8f1c103e60 secure :-1 s=READY pgs=44 cs=0 l=1 rev1=1 crypto rx=0x7f8f0c009130 tx=0x7f8f0c011ad0 comp rx=0 tx=0).ready entity=mon.0 client_cookie=0 server_cookie=0 in_seq=0 out_seq=0
2023-07-14T11:12:59.300 INFO:teuthology.orchestra.run.smithi161.stdout:/usr/bin/ceph: stderr
2023-07-14T11:12:58.584+0000 7f8f18ff9700 1 -- 172.21.15.161:0/4019315806 <== mon.0 v2:172.21.15.161:3300/0 1 ==== mon_map magic: 0 v1 ==== 205+0+0 (secure 0 0 0) 0x7f8f0c003ab0 con 0x7f8f1c1057d0
2023-07-14T11:12:59.300 INFO:teuthology.orchestra.run.smithi161.stdout:/usr/bin/ceph: stderr
2023-07-14T11:12:58.584+0000 7f8f18ff9700 1 -- 172.21.15.161:0/4019315806 <== mon.0 v2:172.21.15.161:3300/0 2 ==== config(26 keys) v1 ==== 1074+0+0 (secure 0 0 0) 0x7f8f0c003c10 con 0x7f8f1c1057d0
2023-07-14T11:12:59.300 INFO:teuthology.orchestra.run.smithi161.stdout:/usr/bin/ceph: stderr
2023-07-14T11:12:58.584+0000 7f8f18ff9700 1 -- 172.21.15.161:0/4019315806 <== mon.0 v2:172.21.15.161:3300/0 3 ==== mon_map magic: 0 v1 ==== 205+0+0 (secure 0 0 0) 0x7f8f0c0247d0 con 0x7f8f1c1057d0
2023-07-14T11:12:59.301 INFO:teuthology.orchestra.run.smithi161.stdout:/usr/bin/ceph: stderr
2023-07-14T11:12:58.584+0000 7f8f21ff8700 1 -- 172.21.15.161:0/4019315806 --> [v2:172.21.15.161:3300/0,v1:172.21.15.161:6789/0] -- mon_subscribe({mgrmap=0+}) v3 -- 0x7f8f1c1043a0 con 0x7f8f1c1057d0
2023-07-14T11:12:59.301 INFO:teuthology.orchestra.run.smithi161.stdout:/usr/bin/ceph: stderr
2023-07-14T11:12:58.584+0000 7f8f21ff8700 1 -- 172.21.15.161:0/4019315806 --> [v2:172.21.15.161:3300/0,v1:172.21.15.161:6789/0] -- mon_subscribe({osdmap=0}) v3 -- 0x7f8f1c1047c0 con 0x7f8f1c1057d0
2023-07-14T11:12:59.301 INFO:teuthology.orchestra.run.smithi161.stdout:/usr/bin/ceph: stderr
2023-07-14T11:12:58.585+0000 7f8f18ff9700 1 -- 172.21.15.161:0/4019315806 <== mon.0 v2:172.21.15.161:3300/0 4 ==== mgrmap(e 8) v1 ==== 45483+0+0 (secure 0 0 0) 0x7f8f0c01abb0 con 0x7f8f1c1057d0
2023-07-14T11:12:59.301 INFO:teuthology.orchestra.run.smithi161.stdout:/usr/bin/ceph: stderr
2023-07-14T11:12:58.585+0000 7f8f21ff8700 1 -- 172.21.15.161:0/4019315806 --> [v2:172.21.15.161:3300/0,v1:172.21.15.161:6789/0] -- mon_command({"prefix": "get_command_descriptions"} v 0) v1 -- 0x7f8f1c061b40 con 0x7f8f1c1057d0
2023-07-14T11:12:59.301 INFO:teuthology.orchestra.run.smithi161.stdout:/usr/bin/ceph: stderr
2023-07-14T11:12:58.585+0000 7f8f18ff9700 1 --2- 172.21.15.161:0/4019315806 >> [v2:172.21.15.161:6800/3292405426,v1:172.21.15.161:6801/3292405426] conn(0x7f8f04038760 0x7f8f0403ac10 unknown :-1 s=NONE pgs=0 cs=0 l=1 rev1=0 crypto rx=0 tx=0 comp rx=0 tx=0).connect
2023-07-14T11:12:59.301 INFO:teuthology.orchestra.run.smithi161.stdout:/usr/bin/ceph: stderr
2023-07-14T11:12:58.585+0000 7f8f18ff9700 1 -- 172.21.15.161:0/4019315806 <== mon.0 v2:172.21.15.161:3300/0 5 ==== osd_map(2..2 src has 1..2) v4 ==== 940+0+0 (secure 0 0 0) 0x7f8f0c04c810 con 0x7f8f1c1057d0
2023-07-14T11:12:59.301 INFO:teuthology.orchestra.run.smithi161.stdout:/usr/bin/ceph: stderr
2023-07-14T11:12:58.586+0000 7f8f1affd700 1 --2- 172.21.15.161:0/4019315806 >> [v2:172.21.15.161:6800/3292405426,v1:172.21.15.161:6801/3292405426] conn(0x7f8f04038760 0x7f8f0403ac10 unknown :-1 s=BANNER_CONNECTING pgs=0 cs=0 l=1 rev1=0 crypto rx=0 tx=0 comp rx=0 tx=0)._handle_peer_banner_payload supported=3 required=0
2023-07-14T11:12:59.301 INFO:teuthology.orchestra.run.smithi161.stdout:/usr/bin/ceph: stderr
2023-07-14T11:12:58.586+0000 7f8f1affd700 1 --2- 172.21.15.161:0/4019315806 >> [v2:172.21.15.161:6800/3292405426,v1:172.21.15.161:6801/3292405426] conn(0x7f8f04038760 0x7f8f0403ac10 secure :-1 s=READY pgs=12 cs=0 l=1 rev1=1 crypto rx=0x7f8f10006fd0 tx=0x7f8f10006e40 comp rx=0 tx=0).ready entity=mgr.14116 client_cookie=0 server_cookie=0 in_seq=0 out_seq=0
2023-07-14T11:12:59.302 INFO:teuthology.orchestra.run.smithi161.stdout:/usr/bin/ceph: stderr
2023-07-14T11:12:58.590+0000 7f8f18ff9700 1 -- 172.21.15.161:0/4019315806 <== mon.0 v2:172.21.15.161:3300/0 6 ==== mon_command_ack([{"prefix": "get_command_descriptions"}]=0 v0) v1 ==== 72+0+178038 (secure 0 0 0) 0x7f8f0c018530 con 0x7f8f1c1057d0
2023-07-14T11:12:59.302 INFO:teuthology.orchestra.run.smithi161.stdout:/usr/bin/ceph: stderr
2023-07-14T11:12:58.803+0000 7f8f21ff8700 1 -- 172.21.15.161:0/4019315806 --> [v2:172.21.15.161:6800/3292405426,v1:172.21.15.161:6801/3292405426] -- mgr_command(tid 0: {"prefix": "orch apply", "service_type": "mon", "unmanaged": true, "target": ["mon-mgr", ""]}) v1 -- 0x7f8f1c101be0 con 0x7f8f04038760
2023-07-14T11:12:59.302 INFO:teuthology.orchestra.run.smithi161.stdout:/usr/bin/ceph: stderr
2023-07-14T11:12:58.810+0000 7f8f18ff9700 1 -- 172.21.15.161:0/4019315806 <== mgr.14116 v2:172.21.15.161:6800/3292405426 1 ==== mgr_command_reply(tid 0: 0 ) v1 ==== 8+0+24 (secure 0 0 0) 0x7f8f1c101be0 con 0x7f8f04038760
2023-07-14T11:12:59.302 INFO:teuthology.orchestra.run.smithi161.stdout:/usr/bin/ceph: stderr
2023-07-14T11:12:58.813+0000 7f8f21ff8700 1 -- 172.21.15.161:0/4019315806 >> [v2:172.21.15.161:6800/3292405426,v1:172.21.15.161:6801/3292405426] conn(0x7f8f04038760 msgr2=0x7f8f0403ac10 secure :-1 s=STATE_CONNECTION_ESTABLISHED l=1).mark_down
2023-07-14T11:12:59.302 INFO:teuthology.orchestra.run.smithi161.stdout:/usr/bin/ceph: stderr
2023-07-14T11:12:58.813+0000 7f8f21ff8700 1 --2- 172.21.15.161:0/4019315806 >> [v2:172.21.15.161:6800/3292405426,v1:172.21.15.161:6801/3292405426] conn(0x7f8f04038760 0x7f8f0403ac10 secure :-1 s=READY pgs=12 cs=0 l=1 rev1=1 crypto rx=0x7f8f10006fd0 tx=0x7f8f10006e40 comp rx=0 tx=0).stop
2023-07-14T11:12:59.302 INFO:teuthology.orchestra.run.smithi161.stdout:/usr/bin/ceph: stderr
2023-07-14T11:12:58.813+0000 7f8f21ff8700 1 -- 172.21.15.161:0/4019315806 >> [v2:172.21.15.161:3300/0,v1:172.21.15.161:6789/0] conn(0x7f8f1c1057d0 msgr2=0x7f8f1c103e60 secure :-1 s=STATE_CONNECTION_ESTABLISHED l=1).mark_down
2023-07-14T11:12:59.302 INFO:teuthology.orchestra.run.smithi161.stdout:/usr/bin/ceph: stderr
2023-07-14T11:12:58.813+0000 7f8f21ff8700 1 --2- 172.21.15.161:0/4019315806 >> [v2:172.21.15.161:3300/0,v1:172.21.15.161:6789/0] conn(0x7f8f1c1057d0 0x7f8f1c103e60 secure :-1 s=READY pgs=44 cs=0 l=1 rev1=1 crypto rx=0x7f8f0c009130 tx=0x7f8f0c011ad0 comp rx=0 tx=0).stop
2023-07-14T11:12:59.303 INFO:teuthology.orchestra.run.smithi161.stdout:/usr/bin/ceph: stderr
2023-07-14T11:12:58.813+0000 7f8f21ff8700 1 -- 172.21.15.161:0/4019315806 shutdown_connections
2023-07-14T11:12:59.303 INFO:teuthology.orchestra.run.smithi161.stdout:/usr/bin/ceph: stderr
2023-07-14T11:12:58.813+0000 7f8f21ff8700 1 --2- 172.21.15.161:0/4019315806 >> [v2:172.21.15.161:6800/3292405426,v1:172.21.15.161:6801/3292405426] conn(0x7f8f04038760 0x7f8f0403ac10 unknown :-1 s=CLOSED pgs=12 cs=0 l=1 rev1=1 crypto rx=0 tx=0 comp rx=0 tx=0).stop
2023-07-14T11:12:59.303 INFO:teuthology.orchestra.run.smithi161.stdout:/usr/bin/ceph: stderr
2023-07-14T11:12:58.813+0000 7f8f21ff8700 1 --2- 172.21.15.161:0/4019315806 >> [v2:172.21.15.161:3300/0,v1:172.21.15.161:6789/0] conn(0x7f8f1c1057d0 0x7f8f1c103e60 unknown :-1 s=CLOSED pgs=44 cs=0 l=1 rev1=1 crypto rx=0 tx=0 comp rx=0 tx=0).stop
2023-07-14T11:12:59.303 INFO:teuthology.orchestra.run.smithi161.stdout:/usr/bin/ceph: stderr
2023-07-14T11:12:58.813+0000 7f8f21ff8700 1 -- 172.21.15.161:0/4019315806 >> 172.21.15.161:0/4019315806 conn(0x7f8f1c0ff890 msgr2=0x7f8f1c100f80 unknown :-1 s=STATE_NONE l=0).mark_down
2023-07-14T11:12:59.303 INFO:teuthology.orchestra.run.smithi161.stdout:/usr/bin/ceph: stderr
2023-07-14T11:12:58.813+0000 7f8f21ff8700 1 -- 172.21.15.161:0/4019315806 shutdown_connections
2023-07-14T11:12:59.303 INFO:teuthology.orchestra.run.smithi161.stdout:/usr/bin/ceph: stderr
2023-07-14T11:12:58.813+0000 7f8f21ff8700 1 -- 172.21.15.161:0/4019315806 wait complete.
2023-07-14T11:12:59.303 INFO:teuthology.orchestra.run.smithi161.stdout:Deploying unmanaged mgr service...
2023-07-14T11:12:59.968 INFO:journalctl@ceph.mon.a.smithi161.stdout:Jul 14 11:12:59 smithi161 ceph-mon[95526]: from='client.14138 -' entity='client.admin' cmd=[{"prefix": "orch apply", "service_type": "mon", "unmanaged": true, "target": ["mon-mgr", ""]}]: dispatch
2023-07-14T11:12:59.968 INFO:journalctl@ceph.mon.a.smithi161.stdout:Jul 14 11:12:59 smithi161 ceph-mon[95526]: Saving service mon spec with placement count:5
2023-07-14T11:12:59.968 INFO:journalctl@ceph.mon.a.smithi161.stdout:Jul 14 11:12:59 smithi161 ceph-mon[95526]: from='mgr.14116 172.21.15.161:0/605333364' entity='mgr.x'
2023-07-14T11:13:00.989 INFO:teuthology.orchestra.run.smithi161.stdout:/usr/bin/ceph: stdout Scheduled mgr update...
2023-07-14T11:13:00.989 INFO:teuthology.orchestra.run.smithi161.stdout:/usr/bin/ceph: stderr
2023-07-14T11:13:00.220+0000 7f99f63f2700 1 Processor -- start
2023-07-14T11:13:00.989 INFO:teuthology.orchestra.run.smithi161.stdout:/usr/bin/ceph: stderr
2023-07-14T11:13:00.221+0000 7f99f63f2700 1 -- start start
2023-07-14T11:13:00.989 INFO:teuthology.orchestra.run.smithi161.stdout:/usr/bin/ceph: stderr
2023-07-14T11:13:00.221+0000 7f99f63f2700 1 --2- >> [v2:172.21.15.161:3300/0,v1:172.21.15.161:6789/0] conn(0x7f99f007be00 0x7f99f007a300 unknown :-1 s=NONE pgs=0 cs=0 l=0 rev1=0 crypto rx=0 tx=0 comp rx=0 tx=0).connect
2023-07-14T11:13:00.989 INFO:teuthology.orchestra.run.smithi161.stdout:/usr/bin/ceph: stderr
2023-07-14T11:13:00.221+0000 7f99f63f2700 1 -- --> [v2:172.21.15.161:3300/0,v1:172.21.15.161:6789/0] -- mon_getmap magic: 0 v1 -- 0x7f99f007a840 con 0x7f99f007be00
2023-07-14T11:13:00.989 INFO:teuthology.orchestra.run.smithi161.stdout:/usr/bin/ceph: stderr
2023-07-14T11:13:00.221+0000 7f99effff700 1 --2- >> [v2:172.21.15.161:3300/0,v1:172.21.15.161:6789/0] conn(0x7f99f007be00 0x7f99f007a300 unknown :-1 s=BANNER_CONNECTING pgs=0 cs=0 l=0 rev1=0 crypto rx=0 tx=0 comp rx=0 tx=0)._handle_peer_banner_payload supported=3 required=0
2023-07-14T11:13:00.990 INFO:teuthology.orchestra.run.smithi161.stdout:/usr/bin/ceph: stderr
2023-07-14T11:13:00.221+0000 7f99effff700 1 --2- >> [v2:172.21.15.161:3300/0,v1:172.21.15.161:6789/0] conn(0x7f99f007be00 0x7f99f007a300 unknown :-1 s=HELLO_CONNECTING pgs=0 cs=0 l=0 rev1=1 crypto rx=0 tx=0 comp rx=0 tx=0).handle_hello peer v2:172.21.15.161:3300/0 says I am v2:172.21.15.161:49274/0 (socket says 172.21.15.161:49274)
2023-07-14T11:13:00.990 INFO:teuthology.orchestra.run.smithi161.stdout:/usr/bin/ceph: stderr
2023-07-14T11:13:00.221+0000 7f99effff700 1 -- 172.21.15.161:0/3940660817 learned_addr learned my addr 172.21.15.161:0/3940660817 (peer_addr_for_me v2:172.21.15.161:0/0)
2023-07-14T11:13:00.990 INFO:teuthology.orchestra.run.smithi161.stdout:/usr/bin/ceph: stderr
2023-07-14T11:13:00.222+0000 7f99effff700 1 -- 172.21.15.161:0/3940660817 --> [v2:172.21.15.161:3300/0,v1:172.21.15.161:6789/0] -- mon_subscribe({config=0+,monmap=0+}) v3 -- 0x7f99f007a980 con 0x7f99f007be00
2023-07-14T11:13:00.990 INFO:teuthology.orchestra.run.smithi161.stdout:/usr/bin/ceph: stderr
2023-07-14T11:13:00.222+0000 7f99effff700 1 --2- 172.21.15.161:0/3940660817 >> [v2:172.21.15.161:3300/0,v1:172.21.15.161:6789/0] conn(0x7f99f007be00 0x7f99f007a300 secure :-1 s=READY pgs=45 cs=0 l=1 rev1=1 crypto rx=0x7f99e00098a0 tx=0x7f99e0009bb0 comp rx=0 tx=0).ready entity=mon.0 client_cookie=d20853667918f70f server_cookie=0 in_seq=0 out_seq=0
2023-07-14T11:13:00.990 INFO:teuthology.orchestra.run.smithi161.stdout:/usr/bin/ceph: stderr
2023-07-14T11:13:00.222+0000 7f99eeffd700 1 -- 172.21.15.161:0/3940660817 <== mon.0 v2:172.21.15.161:3300/0 1 ==== mon_map magic: 0 v1 ==== 205+0+0 (secure 0 0 0) 0x7f99e0004160 con 0x7f99f007be00
2023-07-14T11:13:00.990 INFO:teuthology.orchestra.run.smithi161.stdout:/usr/bin/ceph: stderr
2023-07-14T11:13:00.222+0000 7f99eeffd700 1 -- 172.21.15.161:0/3940660817 <== mon.0 v2:172.21.15.161:3300/0 2 ==== config(26 keys) v1 ==== 1074+0+0 (secure 0 0 0) 0x7f99e00042c0 con 0x7f99f007be00
2023-07-14T11:13:00.990 INFO:teuthology.orchestra.run.smithi161.stdout:/usr/bin/ceph: stderr
2023-07-14T11:13:00.222+0000 7f99eeffd700 1 -- 172.21.15.161:0/3940660817 <== mon.0 v2:172.21.15.161:3300/0 3 ==== mon_map magic: 0 v1 ==== 205+0+0 (secure 0 0 0) 0x7f99e0011a00 con 0x7f99f007be00
2023-07-14T11:13:00.991 INFO:teuthology.orchestra.run.smithi161.stdout:/usr/bin/ceph: stderr
2023-07-14T11:13:00.223+0000 7f99f63f2700 1 -- 172.21.15.161:0/3940660817 >> [v2:172.21.15.161:3300/0,v1:172.21.15.161:6789/0] conn(0x7f99f007be00 msgr2=0x7f99f007a300 secure :-1 s=STATE_CONNECTION_ESTABLISHED l=1).mark_down
2023-07-14T11:13:00.991 INFO:teuthology.orchestra.run.smithi161.stdout:/usr/bin/ceph: stderr
2023-07-14T11:13:00.223+0000 7f99f63f2700 1 --2- 172.21.15.161:0/3940660817 >> [v2:172.21.15.161:3300/0,v1:172.21.15.161:6789/0] conn(0x7f99f007be00 0x7f99f007a300 secure :-1 s=READY pgs=45 cs=0 l=1 rev1=1 crypto rx=0x7f99e00098a0 tx=0x7f99e0009bb0 comp rx=0 tx=0).stop
2023-07-14T11:13:00.991 INFO:teuthology.orchestra.run.smithi161.stdout:/usr/bin/ceph: stderr
2023-07-14T11:13:00.223+0000 7f99f63f2700 1 -- 172.21.15.161:0/3940660817 shutdown_connections
2023-07-14T11:13:00.991 INFO:teuthology.orchestra.run.smithi161.stdout:/usr/bin/ceph: stderr
2023-07-14T11:13:00.223+0000 7f99f63f2700 1 --2- 172.21.15.161:0/3940660817 >> [v2:172.21.15.161:3300/0,v1:172.21.15.161:6789/0] conn(0x7f99f007be00 0x7f99f007a300 unknown :-1 s=CLOSED pgs=45 cs=0 l=1 rev1=1 crypto rx=0 tx=0 comp rx=0 tx=0).stop
2023-07-14T11:13:00.991 INFO:teuthology.orchestra.run.smithi161.stdout:/usr/bin/ceph: stderr
2023-07-14T11:13:00.223+0000 7f99f63f2700 1 -- 172.21.15.161:0/3940660817 >> 172.21.15.161:0/3940660817 conn(0x7f99f0100970 msgr2=0x7f99f0102da0 unknown :-1 s=STATE_NONE l=0).mark_down
2023-07-14T11:13:00.991 INFO:teuthology.orchestra.run.smithi161.stdout:/usr/bin/ceph: stderr
2023-07-14T11:13:00.223+0000 7f99f63f2700 1 -- 172.21.15.161:0/3940660817 shutdown_connections
2023-07-14T11:13:00.991 INFO:teuthology.orchestra.run.smithi161.stdout:/usr/bin/ceph: stderr
2023-07-14T11:13:00.223+0000 7f99f63f2700 1 -- 172.21.15.161:0/3940660817 wait complete.
2023-07-14T11:13:00.991 INFO:teuthology.orchestra.run.smithi161.stdout:/usr/bin/ceph: stderr
2023-07-14T11:13:00.224+0000 7f99f63f2700 1 Processor -- start
2023-07-14T11:13:00.992 INFO:teuthology.orchestra.run.smithi161.stdout:/usr/bin/ceph: stderr
2023-07-14T11:13:00.224+0000 7f99f63f2700 1 -- start start
2023-07-14T11:13:00.992 INFO:teuthology.orchestra.run.smithi161.stdout:/usr/bin/ceph: stderr
2023-07-14T11:13:00.225+0000 7f99f63f2700 1 --2- >> [v2:172.21.15.161:3300/0,v1:172.21.15.161:6789/0] conn(0x7f99f007be00 0x7f99f019b340 unknown :-1 s=NONE pgs=0 cs=0 l=1 rev1=0 crypto rx=0 tx=0 comp rx=0 tx=0).connect
2023-07-14T11:13:00.992 INFO:teuthology.orchestra.run.smithi161.stdout:/usr/bin/ceph: stderr
