2023-07-14T11:55:44.071+0000 7f7e3d56d700 1 --2- 172.21.15.119:0/3365012267 >> [v2:172.21.15.119:3300/0,v1:172.21.15.119:6789/0] conn(0x7f7e381058f0 0x7f7e38105d00 secure :-1 s=READY pgs=49 cs=0 l=1 rev1=1 crypto rx=0x7f7e280098a0 tx=0x7f7e28009bb0 comp rx=0 tx=0).stop
2023-07-14T11:55:44.713 INFO:teuthology.orchestra.run.smithi119.stdout:/usr/bin/ceph: stderr
2023-07-14T11:55:44.071+0000 7f7e3d56d700 1 -- 172.21.15.119:0/3365012267 shutdown_connections
2023-07-14T11:55:44.713 INFO:teuthology.orchestra.run.smithi119.stdout:/usr/bin/ceph: stderr
2023-07-14T11:55:44.071+0000 7f7e3d56d700 1 --2- 172.21.15.119:0/3365012267 >> [v2:172.21.15.119:3300/0,v1:172.21.15.119:6789/0] conn(0x7f7e381058f0 0x7f7e38105d00 unknown :-1 s=CLOSED pgs=49 cs=0 l=1 rev1=1 crypto rx=0 tx=0 comp rx=0 tx=0).stop
2023-07-14T11:55:44.713 INFO:teuthology.orchestra.run.smithi119.stdout:/usr/bin/ceph: stderr
2023-07-14T11:55:44.071+0000 7f7e3d56d700 1 -- 172.21.15.119:0/3365012267 >> 172.21.15.119:0/3365012267 conn(0x7f7e380ff000 msgr2=0x7f7e38101470 unknown :-1 s=STATE_NONE l=0).mark_down
2023-07-14T11:55:44.714 INFO:teuthology.orchestra.run.smithi119.stdout:/usr/bin/ceph: stderr
2023-07-14T11:55:44.071+0000 7f7e3d56d700 1 -- 172.21.15.119:0/3365012267 shutdown_connections
2023-07-14T11:55:44.714 INFO:teuthology.orchestra.run.smithi119.stdout:/usr/bin/ceph: stderr
2023-07-14T11:55:44.071+0000 7f7e3d56d700 1 -- 172.21.15.119:0/3365012267 wait complete.
2023-07-14T11:55:44.714 INFO:teuthology.orchestra.run.smithi119.stdout:/usr/bin/ceph: stderr
2023-07-14T11:55:44.072+0000 7f7e3d56d700 1 Processor -- start
2023-07-14T11:55:44.714 INFO:teuthology.orchestra.run.smithi119.stdout:/usr/bin/ceph: stderr
2023-07-14T11:55:44.072+0000 7f7e3d56d700 1 -- start start
2023-07-14T11:55:44.714 INFO:teuthology.orchestra.run.smithi119.stdout:/usr/bin/ceph: stderr
2023-07-14T11:55:44.072+0000 7f7e3d56d700 1 --2- >> [v2:172.21.15.119:3300/0,v1:172.21.15.119:6789/0] conn(0x7f7e381058f0 0x7f7e38103f50 unknown :-1 s=NONE pgs=0 cs=0 l=1 rev1=0 crypto rx=0 tx=0 comp rx=0 tx=0).connect
2023-07-14T11:55:44.714 INFO:teuthology.orchestra.run.smithi119.stdout:/usr/bin/ceph: stderr
2023-07-14T11:55:44.072+0000 7f7e3d56d700 1 -- --> [v2:172.21.15.119:3300/0,v1:172.21.15.119:6789/0] -- mon_getmap magic: 0 v1 -- 0x7f7e3819bed0 con 0x7f7e381058f0
2023-07-14T11:55:44.714 INFO:teuthology.orchestra.run.smithi119.stdout:/usr/bin/ceph: stderr
2023-07-14T11:55:44.072+0000 7f7e36ffd700 1 --2- >> [v2:172.21.15.119:3300/0,v1:172.21.15.119:6789/0] conn(0x7f7e381058f0 0x7f7e38103f50 unknown :-1 s=BANNER_CONNECTING pgs=0 cs=0 l=1 rev1=0 crypto rx=0 tx=0 comp rx=0 tx=0)._handle_peer_banner_payload supported=3 required=0
2023-07-14T11:55:44.715 INFO:teuthology.orchestra.run.smithi119.stdout:/usr/bin/ceph: stderr
2023-07-14T11:55:44.072+0000 7f7e36ffd700 1 --2- >> [v2:172.21.15.119:3300/0,v1:172.21.15.119:6789/0] conn(0x7f7e381058f0 0x7f7e38103f50 unknown :-1 s=HELLO_CONNECTING pgs=0 cs=0 l=1 rev1=1 crypto rx=0 tx=0 comp rx=0 tx=0).handle_hello peer v2:172.21.15.119:3300/0 says I am v2:172.21.15.119:38056/0 (socket says 172.21.15.119:38056)
2023-07-14T11:55:44.715 INFO:teuthology.orchestra.run.smithi119.stdout:/usr/bin/ceph: stderr
2023-07-14T11:55:44.072+0000 7f7e36ffd700 1 -- 172.21.15.119:0/4144553705 learned_addr learned my addr 172.21.15.119:0/4144553705 (peer_addr_for_me v2:172.21.15.119:0/0)
2023-07-14T11:55:44.715 INFO:teuthology.orchestra.run.smithi119.stdout:/usr/bin/ceph: stderr
2023-07-14T11:55:44.073+0000 7f7e36ffd700 1 -- 172.21.15.119:0/4144553705 --> [v2:172.21.15.119:3300/0,v1:172.21.15.119:6789/0] -- mon_subscribe({config=0+,monmap=0+}) v3 -- 0x7f7e28009550 con 0x7f7e381058f0
2023-07-14T11:55:44.715 INFO:teuthology.orchestra.run.smithi119.stdout:/usr/bin/ceph: stderr
2023-07-14T11:55:44.073+0000 7f7e36ffd700 1 --2- 172.21.15.119:0/4144553705 >> [v2:172.21.15.119:3300/0,v1:172.21.15.119:6789/0] conn(0x7f7e381058f0 0x7f7e38103f50 secure :-1 s=READY pgs=50 cs=0 l=1 rev1=1 crypto rx=0x7f7e28009fb0 tx=0x7f7e28011ad0 comp rx=0 tx=0).ready entity=mon.0 client_cookie=0 server_cookie=0 in_seq=0 out_seq=0
2023-07-14T11:55:44.715 INFO:teuthology.orchestra.run.smithi119.stdout:/usr/bin/ceph: stderr
2023-07-14T11:55:44.073+0000 7f7e1ffff700 1 -- 172.21.15.119:0/4144553705 <== mon.0 v2:172.21.15.119:3300/0 1 ==== mon_map magic: 0 v1 ==== 205+0+0 (secure 0 0 0) 0x7f7e28003a40 con 0x7f7e381058f0
2023-07-14T11:55:44.715 INFO:teuthology.orchestra.run.smithi119.stdout:/usr/bin/ceph: stderr
2023-07-14T11:55:44.073+0000 7f7e3d56d700 1 -- 172.21.15.119:0/4144553705 --> [v2:172.21.15.119:3300/0,v1:172.21.15.119:6789/0] -- mon_subscribe({mgrmap=0+}) v3 -- 0x7f7e3819c010 con 0x7f7e381058f0
2023-07-14T11:55:44.715 INFO:teuthology.orchestra.run.smithi119.stdout:/usr/bin/ceph: stderr
2023-07-14T11:55:44.073+0000 7f7e1ffff700 1 -- 172.21.15.119:0/4144553705 <== mon.0 v2:172.21.15.119:3300/0 2 ==== config(26 keys) v1 ==== 1074+0+0 (secure 0 0 0) 0x7f7e28003ba0 con 0x7f7e381058f0
2023-07-14T11:55:44.715 INFO:teuthology.orchestra.run.smithi119.stdout:/usr/bin/ceph: stderr
2023-07-14T11:55:44.073+0000 7f7e1ffff700 1 -- 172.21.15.119:0/4144553705 <== mon.0 v2:172.21.15.119:3300/0 3 ==== mon_map magic: 0 v1 ==== 205+0+0 (secure 0 0 0) 0x7f7e2801a750 con 0x7f7e381058f0
2023-07-14T11:55:44.716 INFO:teuthology.orchestra.run.smithi119.stdout:/usr/bin/ceph: stderr
2023-07-14T11:55:44.073+0000 7f7e3d56d700 1 -- 172.21.15.119:0/4144553705 --> [v2:172.21.15.119:3300/0,v1:172.21.15.119:6789/0] -- mon_subscribe({osdmap=0}) v3 -- 0x7f7e3819c430 con 0x7f7e381058f0
2023-07-14T11:55:44.716 INFO:teuthology.orchestra.run.smithi119.stdout:/usr/bin/ceph: stderr
2023-07-14T11:55:44.074+0000 7f7e1ffff700 1 -- 172.21.15.119:0/4144553705 <== mon.0 v2:172.21.15.119:3300/0 4 ==== mgrmap(e 8) v1 ==== 45483+0+0 (secure 0 0 0) 0x7f7e2801a9d0 con 0x7f7e381058f0
2023-07-14T11:55:44.716 INFO:teuthology.orchestra.run.smithi119.stdout:/usr/bin/ceph: stderr
2023-07-14T11:55:44.074+0000 7f7e3d56d700 1 -- 172.21.15.119:0/4144553705 --> [v2:172.21.15.119:3300/0,v1:172.21.15.119:6789/0] -- mon_command({"prefix": "get_command_descriptions"} v 0) v1 -- 0x7f7e38061b40 con 0x7f7e381058f0
2023-07-14T11:55:44.716 INFO:teuthology.orchestra.run.smithi119.stdout:/usr/bin/ceph: stderr
2023-07-14T11:55:44.074+0000 7f7e1ffff700 1 --2- 172.21.15.119:0/4144553705 >> [v2:172.21.15.119:6800/891378237,v1:172.21.15.119:6801/891378237] conn(0x7f7e200386c0 0x7f7e2003ab70 unknown :-1 s=NONE pgs=0 cs=0 l=1 rev1=0 crypto rx=0 tx=0 comp rx=0 tx=0).connect
2023-07-14T11:55:44.716 INFO:teuthology.orchestra.run.smithi119.stdout:/usr/bin/ceph: stderr
2023-07-14T11:55:44.074+0000 7f7e1ffff700 1 -- 172.21.15.119:0/4144553705 <== mon.0 v2:172.21.15.119:3300/0 5 ==== osd_map(2..2 src has 1..2) v4 ==== 940+0+0 (secure 0 0 0) 0x7f7e2804c6e0 con 0x7f7e381058f0
2023-07-14T11:55:44.716 INFO:teuthology.orchestra.run.smithi119.stdout:/usr/bin/ceph: stderr
2023-07-14T11:55:44.074+0000 7f7e367fc700 1 --2- 172.21.15.119:0/4144553705 >> [v2:172.21.15.119:6800/891378237,v1:172.21.15.119:6801/891378237] conn(0x7f7e200386c0 0x7f7e2003ab70 unknown :-1 s=BANNER_CONNECTING pgs=0 cs=0 l=1 rev1=0 crypto rx=0 tx=0 comp rx=0 tx=0)._handle_peer_banner_payload supported=3 required=0
2023-07-14T11:55:44.716 INFO:teuthology.orchestra.run.smithi119.stdout:/usr/bin/ceph: stderr
2023-07-14T11:55:44.075+0000 7f7e367fc700 1 --2- 172.21.15.119:0/4144553705 >> [v2:172.21.15.119:6800/891378237,v1:172.21.15.119:6801/891378237] conn(0x7f7e200386c0 0x7f7e2003ab70 secure :-1 s=READY pgs=13 cs=0 l=1 rev1=1 crypto rx=0x7f7e2c006fd0 tx=0x7f7e2c006e40 comp rx=0 tx=0).ready entity=mgr.14120 client_cookie=0 server_cookie=0 in_seq=0 out_seq=0
2023-07-14T11:55:44.717 INFO:teuthology.orchestra.run.smithi119.stdout:/usr/bin/ceph: stderr
2023-07-14T11:55:44.079+0000 7f7e1ffff700 1 -- 172.21.15.119:0/4144553705 <== mon.0 v2:172.21.15.119:3300/0 6 ==== mon_command_ack([{"prefix": "get_command_descriptions"}]=0 v0) v1 ==== 72+0+178038 (secure 0 0 0) 0x7f7e28018b80 con 0x7f7e381058f0
2023-07-14T11:55:44.717 INFO:teuthology.orchestra.run.smithi119.stdout:/usr/bin/ceph: stderr
2023-07-14T11:55:44.144+0000 7f7e1ffff700 1 -- 172.21.15.119:0/4144553705 <== mon.0 v2:172.21.15.119:3300/0 7 ==== config(26 keys) v1 ==== 1105+0+0 (secure 0 0 0) 0x7f7e28020f00 con 0x7f7e381058f0
2023-07-14T11:55:44.717 INFO:teuthology.orchestra.run.smithi119.stdout:/usr/bin/ceph: stderr
2023-07-14T11:55:44.294+0000 7f7e3d56d700 1 -- 172.21.15.119:0/4144553705 --> [v2:172.21.15.119:6800/891378237,v1:172.21.15.119:6801/891378237] -- mgr_command(tid 0: {"prefix": "orch apply", "service_type": "mgr", "unmanaged": true, "target": ["mon-mgr", ""]}) v1 -- 0x7f7e38101360 con 0x7f7e200386c0
2023-07-14T11:55:44.717 INFO:teuthology.orchestra.run.smithi119.stdout:/usr/bin/ceph: stderr
2023-07-14T11:55:44.299+0000 7f7e1ffff700 1 -- 172.21.15.119:0/4144553705 <== mgr.14120 v2:172.21.15.119:6800/891378237 1 ==== mgr_command_reply(tid 0: 0 ) v1 ==== 8+0+24 (secure 0 0 0) 0x7f7e38101360 con 0x7f7e200386c0
2023-07-14T11:55:44.717 INFO:teuthology.orchestra.run.smithi119.stdout:/usr/bin/ceph: stderr
2023-07-14T11:55:44.301+0000 7f7e3d56d700 1 -- 172.21.15.119:0/4144553705 >> [v2:172.21.15.119:6800/891378237,v1:172.21.15.119:6801/891378237] conn(0x7f7e200386c0 msgr2=0x7f7e2003ab70 secure :-1 s=STATE_CONNECTION_ESTABLISHED l=1).mark_down
2023-07-14T11:55:44.717 INFO:teuthology.orchestra.run.smithi119.stdout:/usr/bin/ceph: stderr
2023-07-14T11:55:44.301+0000 7f7e3d56d700 1 --2- 172.21.15.119:0/4144553705 >> [v2:172.21.15.119:6800/891378237,v1:172.21.15.119:6801/891378237] conn(0x7f7e200386c0 0x7f7e2003ab70 secure :-1 s=READY pgs=13 cs=0 l=1 rev1=1 crypto rx=0x7f7e2c006fd0 tx=0x7f7e2c006e40 comp rx=0 tx=0).stop
2023-07-14T11:55:44.717 INFO:teuthology.orchestra.run.smithi119.stdout:/usr/bin/ceph: stderr
2023-07-14T11:55:44.301+0000 7f7e3d56d700 1 -- 172.21.15.119:0/4144553705 >> [v2:172.21.15.119:3300/0,v1:172.21.15.119:6789/0] conn(0x7f7e381058f0 msgr2=0x7f7e38103f50 secure :-1 s=STATE_CONNECTION_ESTABLISHED l=1).mark_down
2023-07-14T11:55:44.717 INFO:teuthology.orchestra.run.smithi119.stdout:/usr/bin/ceph: stderr
2023-07-14T11:55:44.301+0000 7f7e3d56d700 1 --2- 172.21.15.119:0/4144553705 >> [v2:172.21.15.119:3300/0,v1:172.21.15.119:6789/0] conn(0x7f7e381058f0 0x7f7e38103f50 secure :-1 s=READY pgs=50 cs=0 l=1 rev1=1 crypto rx=0x7f7e28009fb0 tx=0x7f7e28011ad0 comp rx=0 tx=0).stop
2023-07-14T11:55:44.718 INFO:teuthology.orchestra.run.smithi119.stdout:/usr/bin/ceph: stderr
2023-07-14T11:55:44.301+0000 7f7e3d56d700 1 -- 172.21.15.119:0/4144553705 shutdown_connections
2023-07-14T11:55:44.718 INFO:teuthology.orchestra.run.smithi119.stdout:/usr/bin/ceph: stderr
2023-07-14T11:55:44.301+0000 7f7e3d56d700 1 --2- 172.21.15.119:0/4144553705 >> [v2:172.21.15.119:6800/891378237,v1:172.21.15.119:6801/891378237] conn(0x7f7e200386c0 0x7f7e2003ab70 unknown :-1 s=CLOSED pgs=13 cs=0 l=1 rev1=1 crypto rx=0 tx=0 comp rx=0 tx=0).stop
2023-07-14T11:55:44.718 INFO:teuthology.orchestra.run.smithi119.stdout:/usr/bin/ceph: stderr
2023-07-14T11:55:44.301+0000 7f7e3d56d700 1 --2- 172.21.15.119:0/4144553705 >> [v2:172.21.15.119:3300/0,v1:172.21.15.119:6789/0] conn(0x7f7e381058f0 0x7f7e38103f50 unknown :-1 s=CLOSED pgs=50 cs=0 l=1 rev1=1 crypto rx=0 tx=0 comp rx=0 tx=0).stop
2023-07-14T11:55:44.718 INFO:teuthology.orchestra.run.smithi119.stdout:/usr/bin/ceph: stderr
2023-07-14T11:55:44.301+0000 7f7e3d56d700 1 -- 172.21.15.119:0/4144553705 >> 172.21.15.119:0/4144553705 conn(0x7f7e380ff000 msgr2=0x7f7e38100700 unknown :-1 s=STATE_NONE l=0).mark_down
2023-07-14T11:55:44.718 INFO:teuthology.orchestra.run.smithi119.stdout:/usr/bin/ceph: stderr
2023-07-14T11:55:44.301+0000 7f7e3d56d700 1 -- 172.21.15.119:0/4144553705 shutdown_connections
2023-07-14T11:55:44.718 INFO:teuthology.orchestra.run.smithi119.stdout:/usr/bin/ceph: stderr
2023-07-14T11:55:44.301+0000 7f7e3d56d700 1 -- 172.21.15.119:0/4144553705 wait complete.
2023-07-14T11:55:45.340 INFO:journalctl@ceph.mon.a.smithi119.stdout:Jul 14 11:55:45 smithi119 ceph-mon[96560]: from='mgr.14120 172.21.15.119:0/787996889' entity='mgr.x'
2023-07-14T11:55:45.340 INFO:journalctl@ceph.mon.a.smithi119.stdout:Jul 14 11:55:45 smithi119 ceph-mon[96560]: from='client.14144 -' entity='client.admin' cmd=[{"prefix": "orch apply", "service_type": "mgr", "unmanaged": true, "target": ["mon-mgr", ""]}]: dispatch
2023-07-14T11:55:45.341 INFO:journalctl@ceph.mon.a.smithi119.stdout:Jul 14 11:55:45 smithi119 ceph-mon[96560]: Saving service mgr spec with placement count:2
2023-07-14T11:55:45.341 INFO:journalctl@ceph.mon.a.smithi119.stdout:Jul 14 11:55:45 smithi119 ceph-mon[96560]: from='mgr.14120 172.21.15.119:0/787996889' entity='mgr.x'
2023-07-14T11:55:45.341 INFO:journalctl@ceph.mon.a.smithi119.stdout:Jul 14 11:55:45 smithi119 ceph-mon[96560]: from='mgr.14120 172.21.15.119:0/787996889' entity='mgr.x'
2023-07-14T11:55:45.753 INFO:teuthology.orchestra.run.smithi119.stdout:/usr/bin/ceph: stderr
2023-07-14T11:55:45.200+0000 7f017c652700 1 Processor -- start
2023-07-14T11:55:45.754 INFO:teuthology.orchestra.run.smithi119.stdout:/usr/bin/ceph: stderr
2023-07-14T11:55:45.200+0000 7f017c652700 1 -- start start
2023-07-14T11:55:45.754 INFO:teuthology.orchestra.run.smithi119.stdout:/usr/bin/ceph: stderr
2023-07-14T11:55:45.201+0000 7f017c652700 1 --2- >> [v2:172.21.15.119:3300/0,v1:172.21.15.119:6789/0] conn(0x7f01741053e0 0x7f01741057f0 unknown :-1 s=NONE pgs=0 cs=0 l=0 rev1=0 crypto rx=0 tx=0 comp rx=0 tx=0).connect
2023-07-14T11:55:45.754 INFO:teuthology.orchestra.run.smithi119.stdout:/usr/bin/ceph: stderr
2023-07-14T11:55:45.201+0000 7f017c652700 1 -- --> [v2:172.21.15.119:3300/0,v1:172.21.15.119:6789/0] -- mon_getmap magic: 0 v1 -- 0x7f0174105d30 con 0x7f01741053e0
2023-07-14T11:55:45.754 INFO:teuthology.orchestra.run.smithi119.stdout:/usr/bin/ceph: stderr
2023-07-14T11:55:45.201+0000 7f017a3ee700 1 --2- >> [v2:172.21.15.119:3300/0,v1:172.21.15.119:6789/0] conn(0x7f01741053e0 0x7f01741057f0 unknown :-1 s=BANNER_CONNECTING pgs=0 cs=0 l=0 rev1=0 crypto rx=0 tx=0 comp rx=0 tx=0)._handle_peer_banner_payload supported=3 required=0
2023-07-14T11:55:45.754 INFO:teuthology.orchestra.run.smithi119.stdout:/usr/bin/ceph: stderr
2023-07-14T11:55:45.201+0000 7f017a3ee700 1 --2- >> [v2:172.21.15.119:3300/0,v1:172.21.15.119:6789/0] conn(0x7f01741053e0 0x7f01741057f0 unknown :-1 s=HELLO_CONNECTING pgs=0 cs=0 l=0 rev1=1 crypto rx=0 tx=0 comp rx=0 tx=0).handle_hello peer v2:172.21.15.119:3300/0 says I am v2:172.21.15.119:38060/0 (socket says 172.21.15.119:38060)
2023-07-14T11:55:45.754 INFO:teuthology.orchestra.run.smithi119.stdout:/usr/bin/ceph: stderr
2023-07-14T11:55:45.201+0000 7f017a3ee700 1 -- 172.21.15.119:0/3520643320 learned_addr learned my addr 172.21.15.119:0/3520643320 (peer_addr_for_me v2:172.21.15.119:0/0)
2023-07-14T11:55:45.754 INFO:teuthology.orchestra.run.smithi119.stdout:/usr/bin/ceph: stderr
2023-07-14T11:55:45.201+0000 7f017a3ee700 1 -- 172.21.15.119:0/3520643320 --> [v2:172.21.15.119:3300/0,v1:172.21.15.119:6789/0] -- mon_subscribe({config=0+,monmap=0+}) v3 -- 0x7f0174105e70 con 0x7f01741053e0
2023-07-14T11:55:45.755 INFO:teuthology.orchestra.run.smithi119.stdout:/usr/bin/ceph: stderr
2023-07-14T11:55:45.201+0000 7f017a3ee700 1 --2- 172.21.15.119:0/3520643320 >> [v2:172.21.15.119:3300/0,v1:172.21.15.119:6789/0] conn(0x7f01741053e0 0x7f01741057f0 secure :-1 s=READY pgs=51 cs=0 l=1 rev1=1 crypto rx=0x7f01640098a0 tx=0x7f0164009bb0 comp rx=0 tx=0).ready entity=mon.0 client_cookie=2f0aa7180c99dfa server_cookie=0 in_seq=0 out_seq=0
2023-07-14T11:55:45.755 INFO:teuthology.orchestra.run.smithi119.stdout:/usr/bin/ceph: stderr
2023-07-14T11:55:45.201+0000 7f01793ec700 1 -- 172.21.15.119:0/3520643320 <== mon.0 v2:172.21.15.119:3300/0 1 ==== mon_map magic: 0 v1 ==== 205+0+0 (secure 0 0 0) 0x7f0164004160 con 0x7f01741053e0
2023-07-14T11:55:45.755 INFO:teuthology.orchestra.run.smithi119.stdout:/usr/bin/ceph: stderr
2023-07-14T11:55:45.201+0000 7f01793ec700 1 -- 172.21.15.119:0/3520643320 <== mon.0 v2:172.21.15.119:3300/0 2 ==== config(26 keys) v1 ==== 1105+0+0 (secure 0 0 0) 0x7f01640042c0 con 0x7f01741053e0
2023-07-14T11:55:45.755 INFO:teuthology.orchestra.run.smithi119.stdout:/usr/bin/ceph: stderr
2023-07-14T11:55:45.201+0000 7f01793ec700 1 -- 172.21.15.119:0/3520643320 <== mon.0 v2:172.21.15.119:3300/0 3 ==== mon_map magic: 0 v1 ==== 205+0+0 (secure 0 0 0) 0x7f01640119b0 con 0x7f01741053e0
2023-07-14T11:55:45.755 INFO:teuthology.orchestra.run.smithi119.stdout:/usr/bin/ceph: stderr
2023-07-14T11:55:45.202+0000 7f017c652700 1 -- 172.21.15.119:0/3520643320 >> [v2:172.21.15.119:3300/0,v1:172.21.15.119:6789/0] conn(0x7f01741053e0 msgr2=0x7f01741057f0 secure :-1 s=STATE_CONNECTION_ESTABLISHED l=1).mark_down
2023-07-14T11:55:45.755 INFO:teuthology.orchestra.run.smithi119.stdout:/usr/bin/ceph: stderr
2023-07-14T11:55:45.202+0000 7f017c652700 1 --2- 172.21.15.119:0/3520643320 >> [v2:172.21.15.119:3300/0,v1:172.21.15.119:6789/0] conn(0x7f01741053e0 0x7f01741057f0 secure :-1 s=READY pgs=51 cs=0 l=1 rev1=1 crypto rx=0x7f01640098a0 tx=0x7f0164009bb0 comp rx=0 tx=0).stop
2023-07-14T11:55:45.755 INFO:teuthology.orchestra.run.smithi119.stdout:/usr/bin/ceph: stderr
2023-07-14T11:55:45.202+0000 7f017c652700 1 -- 172.21.15.119:0/3520643320 shutdown_connections
2023-07-14T11:55:45.756 INFO:teuthology.orchestra.run.smithi119.stdout:/usr/bin/ceph: stderr
2023-07-14T11:55:45.202+0000 7f017c652700 1 --2- 172.21.15.119:0/3520643320 >> [v2:172.21.15.119:3300/0,v1:172.21.15.119:6789/0] conn(0x7f01741053e0 0x7f01741057f0 unknown :-1 s=CLOSED pgs=51 cs=0 l=1 rev1=1 crypto rx=0 tx=0 comp rx=0 tx=0).stop
2023-07-14T11:55:45.756 INFO:teuthology.orchestra.run.smithi119.stdout:/usr/bin/ceph: stderr
2023-07-14T11:55:45.202+0000 7f017c652700 1 -- 172.21.15.119:0/3520643320 >> 172.21.15.119:0/3520643320 conn(0x7f0174100a70 msgr2=0x7f0174102e80 unknown :-1 s=STATE_NONE l=0).mark_down
2023-07-14T11:55:45.756 INFO:teuthology.orchestra.run.smithi119.stdout:/usr/bin/ceph: stderr
2023-07-14T11:55:45.202+0000 7f017c652700 1 -- 172.21.15.119:0/3520643320 shutdown_connections
2023-07-14T11:55:45.756 INFO:teuthology.orchestra.run.smithi119.stdout:/usr/bin/ceph: stderr
2023-07-14T11:55:45.202+0000 7f017c652700 1 -- 172.21.15.119:0/3520643320 wait complete.
2023-07-14T11:55:45.756 INFO:teuthology.orchestra.run.smithi119.stdout:/usr/bin/ceph: stderr
2023-07-14T11:55:45.203+0000 7f017c652700 1 Processor -- start
2023-07-14T11:55:45.756 INFO:teuthology.orchestra.run.smithi119.stdout:/usr/bin/ceph: stderr
2023-07-14T11:55:45.203+0000 7f017c652700 1 -- start start
2023-07-14T11:55:45.756 INFO:teuthology.orchestra.run.smithi119.stdout:/usr/bin/ceph: stderr
2023-07-14T11:55:45.203+0000 7f017c652700 1 --2- >> [v2:172.21.15.119:3300/0,v1:172.21.15.119:6789/0] conn(0x7f01741053e0 0x7f0174199190 unknown :-1 s=NONE pgs=0 cs=0 l=1 rev1=0 crypto rx=0 tx=0 comp rx=0 tx=0).connect
2023-07-14T11:55:45.757 INFO:teuthology.orchestra.run.smithi119.stdout:/usr/bin/ceph: stderr
2023-07-14T11:55:45.203+0000 7f017c652700 1 -- --> [v2:172.21.15.119:3300/0,v1:172.21.15.119:6789/0] -- mon_getmap magic: 0 v1 -- 0x7f01741996d0 con 0x7f01741053e0
2023-07-14T11:55:45.757 INFO:teuthology.orchestra.run.smithi119.stdout:/usr/bin/ceph: stderr
2023-07-14T11:55:45.203+0000 7f017a3ee700 1 --2- >> [v2:172.21.15.119:3300/0,v1:172.21.15.119:6789/0] conn(0x7f01741053e0 0x7f0174199190 unknown :-1 s=BANNER_CONNECTING pgs=0 cs=0 l=1 rev1=0 crypto rx=0 tx=0 comp rx=0 tx=0)._handle_peer_banner_payload supported=3 required=0
2023-07-14T11:55:45.757 INFO:teuthology.orchestra.run.smithi119.stdout:/usr/bin/ceph: stderr
2023-07-14T11:55:45.203+0000 7f017a3ee700 1 --2- >> [v2:172.21.15.119:3300/0,v1:172.21.15.119:6789/0] conn(0x7f01741053e0 0x7f0174199190 unknown :-1 s=HELLO_CONNECTING pgs=0 cs=0 l=1 rev1=1 crypto rx=0 tx=0 comp rx=0 tx=0).handle_hello peer v2:172.21.15.119:3300/0 says I am v2:172.21.15.119:38062/0 (socket says 172.21.15.119:38062)
2023-07-14T11:55:45.757 INFO:teuthology.orchestra.run.smithi119.stdout:/usr/bin/ceph: stderr
2023-07-14T11:55:45.203+0000 7f017a3ee700 1 -- 172.21.15.119:0/3979618371 learned_addr learned my addr 172.21.15.119:0/3979618371 (peer_addr_for_me v2:172.21.15.119:0/0)
2023-07-14T11:55:45.757 INFO:teuthology.orchestra.run.smithi119.stdout:/usr/bin/ceph: stderr
2023-07-14T11:55:45.204+0000 7f017a3ee700 1 -- 172.21.15.119:0/3979618371 --> [v2:172.21.15.119:3300/0,v1:172.21.15.119:6789/0] -- mon_subscribe({config=0+,monmap=0+}) v3 -- 0x7f0164009550 con 0x7f01741053e0
2023-07-14T11:55:45.757 INFO:teuthology.orchestra.run.smithi119.stdout:/usr/bin/ceph: stderr
2023-07-14T11:55:45.204+0000 7f017a3ee700 1 --2- 172.21.15.119:0/3979618371 >> [v2:172.21.15.119:3300/0,v1:172.21.15.119:6789/0] conn(0x7f01741053e0 0x7f0174199190 secure :-1 s=READY pgs=52 cs=0 l=1 rev1=1 crypto rx=0x7f0164006af0 tx=0x7f0164011a10 comp rx=0 tx=0).ready entity=mon.0 client_cookie=0 server_cookie=0 in_seq=0 out_seq=0
2023-07-14T11:55:45.757 INFO:teuthology.orchestra.run.smithi119.stdout:/usr/bin/ceph: stderr
2023-07-14T11:55:45.204+0000 7f016b7fe700 1 -- 172.21.15.119:0/3979618371 <== mon.0 v2:172.21.15.119:3300/0 1 ==== mon_map magic: 0 v1 ==== 205+0+0 (secure 0 0 0) 0x7f0164003a40 con 0x7f01741053e0
2023-07-14T11:55:45.757 INFO:teuthology.orchestra.run.smithi119.stdout:/usr/bin/ceph: stderr
2023-07-14T11:55:45.204+0000 7f016b7fe700 1 -- 172.21.15.119:0/3979618371 <== mon.0 v2:172.21.15.119:3300/0 2 ==== config(26 keys) v1 ==== 1105+0+0 (secure 0 0 0) 0x7f0164003ba0 con 0x7f01741053e0
2023-07-14T11:55:45.758 INFO:teuthology.orchestra.run.smithi119.stdout:/usr/bin/ceph: stderr
2023-07-14T11:55:45.204+0000 7f017c652700 1 -- 172.21.15.119:0/3979618371 --> [v2:172.21.15.119:3300/0,v1:172.21.15.119:6789/0] -- mon_subscribe({mgrmap=0+}) v3 -- 0x7f01741998d0 con 0x7f01741053e0
2023-07-14T11:55:45.758 INFO:teuthology.orchestra.run.smithi119.stdout:/usr/bin/ceph: stderr
2023-07-14T11:55:45.204+0000 7f016b7fe700 1 -- 172.21.15.119:0/3979618371 <== mon.0 v2:172.21.15.119:3300/0 3 ==== mon_map magic: 0 v1 ==== 205+0+0 (secure 0 0 0) 0x7f01640196c0 con 0x7f01741053e0
2023-07-14T11:55:45.758 INFO:teuthology.orchestra.run.smithi119.stdout:/usr/bin/ceph: stderr
2023-07-14T11:55:45.204+0000 7f017c652700 1 -- 172.21.15.119:0/3979618371 --> [v2:172.21.15.119:3300/0,v1:172.21.15.119:6789/0] -- mon_subscribe({osdmap=0}) v3 -- 0x7f0174199cf0 con 0x7f01741053e0
2023-07-14T11:55:45.758 INFO:teuthology.orchestra.run.smithi119.stdout:/usr/bin/ceph: stderr
2023-07-14T11:55:45.205+0000 7f016b7fe700 1 -- 172.21.15.119:0/3979618371 <== mon.0 v2:172.21.15.119:3300/0 4 ==== mgrmap(e 8) v1 ==== 45483+0+0 (secure 0 0 0) 0x7f0164019930 con 0x7f01741053e0
2023-07-14T11:55:45.758 INFO:teuthology.orchestra.run.smithi119.stdout:/usr/bin/ceph: stderr
2023-07-14T11:55:45.205+0000 7f017c652700 1 -- 172.21.15.119:0/3979618371 --> [v2:172.21.15.119:3300/0,v1:172.21.15.119:6789/0] -- mon_command({"prefix": "get_command_descriptions"} v 0) v1 -- 0x7f0174061b40 con 0x7f01741053e0
2023-07-14T11:55:45.758 INFO:teuthology.orchestra.run.smithi119.stdout:/usr/bin/ceph: stderr
2023-07-14T11:55:45.205+0000 7f016b7fe700 1 --2- 172.21.15.119:0/3979618371 >> [v2:172.21.15.119:6800/891378237,v1:172.21.15.119:6801/891378237] conn(0x7f0160038710 0x7f016003abc0 unknown :-1 s=NONE pgs=0 cs=0 l=1 rev1=0 crypto rx=0 tx=0 comp rx=0 tx=0).connect
2023-07-14T11:55:45.758 INFO:teuthology.orchestra.run.smithi119.stdout:/usr/bin/ceph: stderr
2023-07-14T11:55:45.205+0000 7f016b7fe700 1 -- 172.21.15.119:0/3979618371 <== mon.0 v2:172.21.15.119:3300/0 5 ==== osd_map(2..2 src has 1..2) v4 ==== 940+0+0 (secure 0 0 0) 0x7f016404c830 con 0x7f01741053e0
2023-07-14T11:55:45.758 INFO:teuthology.orchestra.run.smithi119.stdout:/usr/bin/ceph: stderr
2023-07-14T11:55:45.205+0000 7f0179bed700 1 --2- 172.21.15.119:0/3979618371 >> [v2:172.21.15.119:6800/891378237,v1:172.21.15.119:6801/891378237] conn(0x7f0160038710 0x7f016003abc0 unknown :-1 s=BANNER_CONNECTING pgs=0 cs=0 l=1 rev1=0 crypto rx=0 tx=0 comp rx=0 tx=0)._handle_peer_banner_payload supported=3 required=0
2023-07-14T11:55:45.759 INFO:teuthology.orchestra.run.smithi119.stdout:/usr/bin/ceph: stderr
2023-07-14T11:55:45.205+0000 7f0179bed700 1 --2- 172.21.15.119:0/3979618371 >> [v2:172.21.15.119:6800/891378237,v1:172.21.15.119:6801/891378237] conn(0x7f0160038710 0x7f016003abc0 secure :-1 s=READY pgs=14 cs=0 l=1 rev1=1 crypto rx=0x7f0170006fd0 tx=0x7f0170006e40 comp rx=0 tx=0).ready entity=mgr.14120 client_cookie=0 server_cookie=0 in_seq=0 out_seq=0
2023-07-14T11:55:45.759 INFO:teuthology.orchestra.run.smithi119.stdout:/usr/bin/ceph: stderr
2023-07-14T11:55:45.210+0000 7f016b7fe700 1 -- 172.21.15.119:0/3979618371 <== mon.0 v2:172.21.15.119:3300/0 6 ==== mon_command_ack([{"prefix": "get_command_descriptions"}]=0 v0) v1 ==== 72+0+178038 (secure 0 0 0) 0x7f0164018350 con 0x7f01741053e0
2023-07-14T11:55:45.759 INFO:teuthology.orchestra.run.smithi119.stdout:/usr/bin/ceph: stderr
2023-07-14T11:55:45.403+0000 7f017c652700 1 -- 172.21.15.119:0/3979618371 --> [v2:172.21.15.119:3300/0,v1:172.21.15.119:6789/0] -- mon_command([{prefix=config set, name=mgr/cephadm/container_init}] v 0) v1 -- 0x7f017419cb50 con 0x7f01741053e0
2023-07-14T11:55:45.759 INFO:teuthology.orchestra.run.smithi119.stdout:/usr/bin/ceph: stderr
2023-07-14T11:55:45.406+0000 7f016b7fe700 1 -- 172.21.15.119:0/3979618371 <== mon.0 v2:172.21.15.119:3300/0 7 ==== mon_command_ack([{prefix=config set, name=mgr/cephadm/container_init}]=0 v7)=0 v7) v1 ==== 142+0+0 (secure 0 0 0) 0x7f0164024e40 con 0x7f01741053e0
2023-07-14T11:55:45.759 INFO:teuthology.orchestra.run.smithi119.stdout:/usr/bin/ceph: stderr
2023-07-14T11:55:45.408+0000 7f017c652700 1 -- 172.21.15.119:0/3979618371 >> [v2:172.21.15.119:6800/891378237,v1:172.21.15.119:6801/891378237] conn(0x7f0160038710 msgr2=0x7f016003abc0 secure :-1 s=STATE_CONNECTION_ESTABLISHED l=1).mark_down
2023-07-14T11:55:45.759 INFO:teuthology.orchestra.run.smithi119.stdout:/usr/bin/ceph: stderr
2023-07-14T11:55:45.408+0000 7f017c652700 1 --2- 172.21.15.119:0/3979618371 >> [v2:172.21.15.119:6800/891378237,v1:172.21.15.119:6801/891378237] conn(0x7f0160038710 0x7f016003abc0 secure :-1 s=READY pgs=14 cs=0 l=1 rev1=1 crypto rx=0x7f0170006fd0 tx=0x7f0170006e40 comp rx=0 tx=0).stop
2023-07-14T11:55:45.759 INFO:teuthology.orchestra.run.smithi119.stdout:/usr/bin/ceph: stderr
2023-07-14T11:55:45.408+0000 7f017c652700 1 -- 172.21.15.119:0/3979618371 >> [v2:172.21.15.119:3300/0,v1:172.21.15.119:6789/0] conn(0x7f01741053e0 msgr2=0x7f0174199190 secure :-1 s=STATE_CONNECTION_ESTABLISHED l=1).mark_down
2023-07-14T11:55:45.760 INFO:teuthology.orchestra.run.smithi119.stdout:/usr/bin/ceph: stderr
2023-07-14T11:55:45.408+0000 7f017c652700 1 --2- 172.21.15.119:0/3979618371 >> [v2:172.21.15.119:3300/0,v1:172.21.15.119:6789/0] conn(0x7f01741053e0 0x7f0174199190 secure :-1 s=READY pgs=52 cs=0 l=1 rev1=1 crypto rx=0x7f0164006af0 tx=0x7f0164011a10 comp rx=0 tx=0).stop
2023-07-14T11:55:45.760 INFO:teuthology.orchestra.run.smithi119.stdout:/usr/bin/ceph: stderr
2023-07-14T11:55:45.408+0000 7f017c652700 1 -- 172.21.15.119:0/3979618371 shutdown_connections
2023-07-14T11:55:45.760 INFO:teuthology.orchestra.run.smithi119.stdout:/usr/bin/ceph: stderr
2023-07-14T11:55:45.408+0000 7f017c652700 1 --2- 172.21.15.119:0/3979618371 >> [v2:172.21.15.119:6800/891378237,v1:172.21.15.119:6801/891378237] conn(0x7f0160038710 0x7f016003abc0 unknown :-1 s=CLOSED pgs=14 cs=0 l=1 rev1=1 crypto rx=0 tx=0 comp rx=0 tx=0).stop
2023-07-14T11:55:45.760 INFO:teuthology.orchestra.run.smithi119.stdout:/usr/bin/ceph: stderr
2023-07-14T11:55:45.408+0000 7f017c652700 1 --2- 172.21.15.119:0/3979618371 >> [v2:172.21.15.119:3300/0,v1:172.21.15.119:6789/0] conn(0x7f01741053e0 0x7f0174199190 unknown :-1 s=CLOSED pgs=52 cs=0 l=1 rev1=1 crypto rx=0 tx=0 comp rx=0 tx=0).stop
2023-07-14T11:55:45.760 INFO:teuthology.orchestra.run.smithi119.stdout:/usr/bin/ceph: stderr
2023-07-14T11:55:45.408+0000 7f017c652700 1 -- 172.21.15.119:0/3979618371 >> 172.21.15.119:0/3979618371 conn(0x7f0174100a70 msgr2=0x7f0174102110 unknown :-1 s=STATE_NONE l=0).mark_down
2023-07-14T11:55:45.760 INFO:teuthology.orchestra.run.smithi119.stdout:/usr/bin/ceph: stderr
2023-07-14T11:55:45.408+0000 7f017c652700 1 -- 172.21.15.119:0/3979618371 shutdown_connections
2023-07-14T11:55:45.760 INFO:teuthology.orchestra.run.smithi119.stdout:/usr/bin/ceph: stderr
2023-07-14T11:55:45.408+0000 7f017c652700 1 -- 172.21.15.119:0/3979618371 wait complete.
2023-07-14T11:55:46.650 INFO:journalctl@ceph.mon.a.smithi119.stdout:Jul 14 11:55:46 smithi119 ceph-mon[96560]: from='client.? 172.21.15.119:0/3979618371' entity='client.admin'
2023-07-14T11:55:46.651 INFO:journalctl@ceph.mon.a.smithi119.stdout:Jul 14 11:55:46 smithi119 ceph-mon[96560]: from='mgr.14120 172.21.15.119:0/787996889' entity='mgr.x'
2023-07-14T11:55:46.901 INFO:teuthology.orchestra.run.smithi119.stdout:/usr/bin/ceph: stderr
2023-07-14T11:55:46.340+0000 7f46be738700 1 Processor -- start
2023-07-14T11:55:46.901 INFO:teuthology.orchestra.run.smithi119.stdout:/usr/bin/ceph: stderr
2023-07-14T11:55:46.340+0000 7f46be738700 1 -- start start
2023-07-14T11:55:46.901 INFO:teuthology.orchestra.run.smithi119.stdout:/usr/bin/ceph: stderr
2023-07-14T11:55:46.340+0000 7f46be738700 1 --2- >> [v2:172.21.15.119:3300/0,v1:172.21.15.119:6789/0] conn(0x7f46b81042f0 0x7f46b8104700 unknown :-1 s=NONE pgs=0 cs=0 l=0 rev1=0 crypto rx=0 tx=0 comp rx=0 tx=0).connect
2023-07-14T11:55:46.901 INFO:teuthology.orchestra.run.smithi119.stdout:/usr/bin/ceph: stderr
2023-07-14T11:55:46.340+0000 7f46be738700 1 -- --> [v2:172.21.15.119:3300/0,v1:172.21.15.119:6789/0] -- mon_getmap magic: 0 v1 -- 0x7f46b8104cd0 con 0x7f46b81042f0
2023-07-14T11:55:46.902 INFO:teuthology.orchestra.run.smithi119.stdout:/usr/bin/ceph: stderr
2023-07-14T11:55:46.341+0000 7f46b7fff700 1 --2- >> [v2:172.21.15.119:3300/0,v1:172.21.15.119:6789/0] conn(0x7f46b81042f0 0x7f46b8104700 unknown :-1 s=BANNER_CONNECTING pgs=0 cs=0 l=0 rev1=0 crypto rx=0 tx=0 comp rx=0 tx=0)._handle_peer_banner_payload supported=3 required=0
2023-07-14T11:55:46.902 INFO:teuthology.orchestra.run.smithi119.stdout:/usr/bin/ceph: stderr
2023-07-14T11:55:46.341+0000 7f46b7fff700 1 --2- >> [v2:172.21.15.119:3300/0,v1:172.21.15.119:6789/0] conn(0x7f46b81042f0 0x7f46b8104700 unknown :-1 s=HELLO_CONNECTING pgs=0 cs=0 l=0 rev1=1 crypto rx=0 tx=0 comp rx=0 tx=0).handle_hello peer v2:172.21.15.119:3300/0 says I am v2:172.21.15.119:38066/0 (socket says 172.21.15.119:38066)
2023-07-14T11:55:46.902 INFO:teuthology.orchestra.run.smithi119.stdout:/usr/bin/ceph: stderr
2023-07-14T11:55:46.341+0000 7f46b7fff700 1 -- 172.21.15.119:0/3517447208 learned_addr learned my addr 172.21.15.119:0/3517447208 (peer_addr_for_me v2:172.21.15.119:0/0)
2023-07-14T11:55:46.902 INFO:teuthology.orchestra.run.smithi119.stdout:/usr/bin/ceph: stderr
2023-07-14T11:55:46.341+0000 7f46b7fff700 1 -- 172.21.15.119:0/3517447208 --> [v2:172.21.15.119:3300/0,v1:172.21.15.119:6789/0] -- mon_subscribe({config=0+,monmap=0+}) v3 -- 0x7f46b81054f0 con 0x7f46b81042f0
2023-07-14T11:55:46.902 INFO:teuthology.orchestra.run.smithi119.stdout:/usr/bin/ceph: stderr
2023-07-14T11:55:46.341+0000 7f46b7fff700 1 --2- 172.21.15.119:0/3517447208 >> [v2:172.21.15.119:3300/0,v1:172.21.15.119:6789/0] conn(0x7f46b81042f0 0x7f46b8104700 secure :-1 s=READY pgs=53 cs=0 l=1 rev1=1 crypto rx=0x7f46a80098a0 tx=0x7f46a8009bb0 comp rx=0 tx=0).ready entity=mon.0 client_cookie=7b5853bada62abd2 server_cookie=0 in_seq=0 out_seq=0
2023-07-14T11:55:46.902 INFO:teuthology.orchestra.run.smithi119.stdout:/usr/bin/ceph: stderr
2023-07-14T11:55:46.341+0000 7f46b6ffd700 1 -- 172.21.15.119:0/3517447208 <== mon.0 v2:172.21.15.119:3300/0 1 ==== mon_map magic: 0 v1 ==== 205+0+0 (secure 0 0 0) 0x7f46a8004160 con 0x7f46b81042f0
2023-07-14T11:55:46.902 INFO:teuthology.orchestra.run.smithi119.stdout:/usr/bin/ceph: stderr
2023-07-14T11:55:46.341+0000 7f46b6ffd700 1 -- 172.21.15.119:0/3517447208 <== mon.0 v2:172.21.15.119:3300/0 2 ==== config(26 keys) v1 ==== 1105+0+0 (secure 0 0 0) 0x7f46a80042c0 con 0x7f46b81042f0
2023-07-14T11:55:46.903 INFO:teuthology.orchestra.run.smithi119.stdout:/usr/bin/ceph: stderr
2023-07-14T11:55:46.341+0000 7f46b6ffd700 1 -- 172.21.15.119:0/3517447208 <== mon.0 v2:172.21.15.119:3300/0 3 ==== mon_map magic: 0 v1 ==== 205+0+0 (secure 0 0 0) 0x7f46a80119b0 con 0x7f46b81042f0
2023-07-14T11:55:46.903 INFO:teuthology.orchestra.run.smithi119.stdout:/usr/bin/ceph: stderr
2023-07-14T11:55:46.342+0000 7f46be738700 1 -- 172.21.15.119:0/3517447208 >> [v2:172.21.15.119:3300/0,v1:172.21.15.119:6789/0] conn(0x7f46b81042f0 msgr2=0x7f46b8104700 secure :-1 s=STATE_CONNECTION_ESTABLISHED l=1).mark_down
2023-07-14T11:55:46.903 INFO:teuthology.orchestra.run.smithi119.stdout:/usr/bin/ceph: stderr
2023-07-14T11:55:46.342+0000 7f46be738700 1 --2- 172.21.15.119:0/3517447208 >> [v2:172.21.15.119:3300/0,v1:172.21.15.119:6789/0] conn(0x7f46b81042f0 0x7f46b8104700 secure :-1 s=READY pgs=53 cs=0 l=1 rev1=1 crypto rx=0x7f46a80098a0 tx=0x7f46a8009bb0 comp rx=0 tx=0).stop
2023-07-14T11:55:46.903 INFO:teuthology.orchestra.run.smithi119.stdout:/usr/bin/ceph: stderr
2023-07-14T11:55:46.342+0000 7f46be738700 1 -- 172.21.15.119:0/3517447208 shutdown_connections
2023-07-14T11:55:46.903 INFO:teuthology.orchestra.run.smithi119.stdout:/usr/bin/ceph: stderr
2023-07-14T11:55:46.342+0000 7f46be738700 1 --2- 172.21.15.119:0/3517447208 >> [v2:172.21.15.119:3300/0,v1:172.21.15.119:6789/0] conn(0x7f46b81042f0 0x7f46b8104700 unknown :-1 s=CLOSED pgs=53 cs=0 l=1 rev1=1 crypto rx=0 tx=0 comp rx=0 tx=0).stop
2023-07-14T11:55:46.903 INFO:teuthology.orchestra.run.smithi119.stdout:/usr/bin/ceph: stderr
2023-07-14T11:55:46.342+0000 7f46be738700 1 -- 172.21.15.119:0/3517447208 >> 172.21.15.119:0/3517447208 conn(0x7f46b80ff860 msgr2=0x7f46b8101cd0 unknown :-1 s=STATE_NONE l=0).mark_down
2023-07-14T11:55:46.903 INFO:teuthology.orchestra.run.smithi119.stdout:/usr/bin/ceph: stderr
2023-07-14T11:55:46.342+0000 7f46be738700 1 -- 172.21.15.119:0/3517447208 shutdown_connections
2023-07-14T11:55:46.903 INFO:teuthology.orchestra.run.smithi119.stdout:/usr/bin/ceph: stderr
2023-07-14T11:55:46.342+0000 7f46be738700 1 -- 172.21.15.119:0/3517447208 wait complete.
2023-07-14T11:55:46.904 INFO:teuthology.orchestra.run.smithi119.stdout:/usr/bin/ceph: stderr
2023-07-14T11:55:46.343+0000 7f46be738700 1 Processor -- start
2023-07-14T11:55:46.904 INFO:teuthology.orchestra.run.smithi119.stdout:/usr/bin/ceph: stderr
2023-07-14T11:55:46.343+0000 7f46be738700 1 -- start start
2023-07-14T11:55:46.904 INFO:teuthology.orchestra.run.smithi119.stdout:/usr/bin/ceph: stderr
2023-07-14T11:55:46.343+0000 7f46be738700 1 --2- >> [v2:172.21.15.119:3300/0,v1:172.21.15.119:6789/0] conn(0x7f46b81042f0 0x7f46b8073a10 unknown :-1 s=NONE pgs=0 cs=0 l=1 rev1=0 crypto rx=0 tx=0 comp rx=0 tx=0).connect
2023-07-14T11:55:46.904 INFO:teuthology.orchestra.run.smithi119.stdout:/usr/bin/ceph: stderr
2023-07-14T11:55:46.343+0000 7f46be738700 1 -- --> [v2:172.21.15.119:3300/0,v1:172.21.15.119:6789/0] -- mon_getmap magic: 0 v1 -- 0x7f46b8199ca0 con 0x7f46b81042f0
2023-07-14T11:55:46.904 INFO:teuthology.orchestra.run.smithi119.stdout:/usr/bin/ceph: stderr
2023-07-14T11:55:46.343+0000 7f46b7fff700 1 --2- >> [v2:172.21.15.119:3300/0,v1:172.21.15.119:6789/0] conn(0x7f46b81042f0 0x7f46b8073a10 unknown :-1 s=BANNER_CONNECTING pgs=0 cs=0 l=1 rev1=0 crypto rx=0 tx=0 comp rx=0 tx=0)._handle_peer_banner_payload supported=3 required=0
2023-07-14T11:55:46.904 INFO:teuthology.orchestra.run.smithi119.stdout:/usr/bin/ceph: stderr
2023-07-14T11:55:46.343+0000 7f46b7fff700 1 --2- >> [v2:172.21.15.119:3300/0,v1:172.21.15.119:6789/0] conn(0x7f46b81042f0 0x7f46b8073a10 unknown :-1 s=HELLO_CONNECTING pgs=0 cs=0 l=1 rev1=1 crypto rx=0 tx=0 comp rx=0 tx=0).handle_hello peer v2:172.21.15.119:3300/0 says I am v2:172.21.15.119:38068/0 (socket says 172.21.15.119:38068)
2023-07-14T11:55:46.904 INFO:teuthology.orchestra.run.smithi119.stdout:/usr/bin/ceph: stderr
2023-07-14T11:55:46.343+0000 7f46b7fff700 1 -- 172.21.15.119:0/1846873486 learned_addr learned my addr 172.21.15.119:0/1846873486 (peer_addr_for_me v2:172.21.15.119:0/0)
2023-07-14T11:55:46.905 INFO:teuthology.orchestra.run.smithi119.stdout:/usr/bin/ceph: stderr
2023-07-14T11:55:46.344+0000 7f46b7fff700 1 -- 172.21.15.119:0/1846873486 --> [v2:172.21.15.119:3300/0,v1:172.21.15.119:6789/0] -- mon_subscribe({config=0+,monmap=0+}) v3 -- 0x7f46a8009550 con 0x7f46b81042f0
2023-07-14T11:55:46.905 INFO:teuthology.orchestra.run.smithi119.stdout:/usr/bin/ceph: stderr
2023-07-14T11:55:46.344+0000 7f46b7fff700 1 --2- 172.21.15.119:0/1846873486 >> [v2:172.21.15.119:3300/0,v1:172.21.15.119:6789/0] conn(0x7f46b81042f0 0x7f46b8073a10 secure :-1 s=READY pgs=54 cs=0 l=1 rev1=1 crypto rx=0x7f46a8003e60 tx=0x7f46a8011aa0 comp rx=0 tx=0).ready entity=mon.0 client_cookie=0 server_cookie=0 in_seq=0 out_seq=0
2023-07-14T11:55:46.905 INFO:teuthology.orchestra.run.smithi119.stdout:/usr/bin/ceph: stderr
2023-07-14T11:55:46.344+0000 7f46b57fa700 1 -- 172.21.15.119:0/1846873486 <== mon.0 v2:172.21.15.119:3300/0 1 ==== mon_map magic: 0 v1 ==== 205+0+0 (secure 0 0 0) 0x7f46a8003970 con 0x7f46b81042f0
2023-07-14T11:55:46.905 INFO:teuthology.orchestra.run.smithi119.stdout:/usr/bin/ceph: stderr
2023-07-14T11:55:46.344+0000 7f46b57fa700 1 -- 172.21.15.119:0/1846873486 <== mon.0 v2:172.21.15.119:3300/0 2 ==== config(26 keys) v1 ==== 1105+0+0 (secure 0 0 0) 0x7f46a8003ad0 con 0x7f46b81042f0
2023-07-14T11:55:46.905 INFO:teuthology.orchestra.run.smithi119.stdout:/usr/bin/ceph: stderr
2023-07-14T11:55:46.344+0000 7f46be738700 1 -- 172.21.15.119:0/1846873486 --> [v2:172.21.15.119:3300/0,v1:172.21.15.119:6789/0] -- mon_subscribe({mgrmap=0+}) v3 -- 0x7f46b819e2b0 con 0x7f46b81042f0
2023-07-14T11:55:46.905 INFO:teuthology.orchestra.run.smithi119.stdout:/usr/bin/ceph: stderr
2023-07-14T11:55:46.344+0000 7f46b57fa700 1 -- 172.21.15.119:0/1846873486 <== mon.0 v2:172.21.15.119:3300/0 3 ==== mon_map magic: 0 v1 ==== 205+0+0 (secure 0 0 0) 0x7f46a80195e0 con 0x7f46b81042f0
2023-07-14T11:55:46.905 INFO:teuthology.orchestra.run.smithi119.stdout:/usr/bin/ceph: stderr
2023-07-14T11:55:46.344+0000 7f46be738700 1 -- 172.21.15.119:0/1846873486 --> [v2:172.21.15.119:3300/0,v1:172.21.15.119:6789/0] -- mon_subscribe({osdmap=0}) v3 -- 0x7f46b819e610 con 0x7f46b81042f0
2023-07-14T11:55:46.905 INFO:teuthology.orchestra.run.smithi119.stdout:/usr/bin/ceph: stderr
2023-07-14T11:55:46.345+0000 7f46b57fa700 1 -- 172.21.15.119:0/1846873486 <== mon.0 v2:172.21.15.119:3300/0 4 ==== mgrmap(e 8) v1 ==== 45483+0+0 (secure 0 0 0) 0x7f46a80198a0 con 0x7f46b81042f0
2023-07-14T11:55:46.906 INFO:teuthology.orchestra.run.smithi119.stdout:/usr/bin/ceph: stderr
2023-07-14T11:55:46.345+0000 7f46b57fa700 1 --2- 172.21.15.119:0/1846873486 >> [v2:172.21.15.119:6800/891378237,v1:172.21.15.119:6801/891378237] conn(0x7f46a00386c0 0x7f46a003ab70 unknown :-1 s=NONE pgs=0 cs=0 l=1 rev1=0 crypto rx=0 tx=0 comp rx=0 tx=0).connect
2023-07-14T11:55:46.906 INFO:teuthology.orchestra.run.smithi119.stdout:/usr/bin/ceph: stderr
2023-07-14T11:55:46.345+0000 7f46b57fa700 1 -- 172.21.15.119:0/1846873486 <== mon.0 v2:172.21.15.119:3300/0 5 ==== osd_map(2..2 src has 1..2) v4 ==== 940+0+0 (secure 0 0 0) 0x7f46a804c850 con 0x7f46b81042f0
2023-07-14T11:55:46.906 INFO:teuthology.orchestra.run.smithi119.stdout:/usr/bin/ceph: stderr
2023-07-14T11:55:46.345+0000 7f46b77fe700 1 --2- 172.21.15.119:0/1846873486 >> [v2:172.21.15.119:6800/891378237,v1:172.21.15.119:6801/891378237] conn(0x7f46a00386c0 0x7f46a003ab70 unknown :-1 s=BANNER_CONNECTING pgs=0 cs=0 l=1 rev1=0 crypto rx=0 tx=0 comp rx=0 tx=0)._handle_peer_banner_payload supported=3 required=0
2023-07-14T11:55:46.906 INFO:teuthology.orchestra.run.smithi119.stdout:/usr/bin/ceph: stderr
2023-07-14T11:55:46.345+0000 7f46be738700 1 -- 172.21.15.119:0/1846873486 --> [v2:172.21.15.119:3300/0,v1:172.21.15.119:6789/0] -- mon_command({"prefix": "get_command_descriptions"} v 0) v1 -- 0x7f46b8108720 con 0x7f46b81042f0
2023-07-14T11:55:46.906 INFO:teuthology.orchestra.run.smithi119.stdout:/usr/bin/ceph: stderr
2023-07-14T11:55:46.346+0000 7f46b77fe700 1 --2- 172.21.15.119:0/1846873486 >> [v2:172.21.15.119:6800/891378237,v1:172.21.15.119:6801/891378237] conn(0x7f46a00386c0 0x7f46a003ab70 secure :-1 s=READY pgs=15 cs=0 l=1 rev1=1 crypto rx=0x7f46ac006fd0 tx=0x7f46ac006e40 comp rx=0 tx=0).ready entity=mgr.14120 client_cookie=0 server_cookie=0 in_seq=0 out_seq=0
2023-07-14T11:55:46.906 INFO:teuthology.orchestra.run.smithi119.stdout:/usr/bin/ceph: stderr
2023-07-14T11:55:46.350+0000 7f46b57fa700 1 -- 172.21.15.119:0/1846873486 <== mon.0 v2:172.21.15.119:3300/0 6 ==== mon_command_ack([{"prefix": "get_command_descriptions"}]=0 v0) v1 ==== 72+0+178038 (secure 0 0 0) 0x7f46a8019ba0 con 0x7f46b81042f0
2023-07-14T11:55:46.906 INFO:teuthology.orchestra.run.smithi119.stdout:/usr/bin/ceph: stderr
2023-07-14T11:55:46.545+0000 7f46be738700 1 -- 172.21.15.119:0/1846873486 --> [v2:172.21.15.119:3300/0,v1:172.21.15.119:6789/0] -- mon_command([{prefix=config set, name=mgr/dashboard/ssl_server_port}] v 0) v1 -- 0x7f46b81088e0 con 0x7f46b81042f0
2023-07-14T11:55:46.907 INFO:teuthology.orchestra.run.smithi119.stdout:/usr/bin/ceph: stderr
2023-07-14T11:55:46.551+0000 7f46b57fa700 1 -- 172.21.15.119:0/1846873486 <== mon.0 v2:172.21.15.119:3300/0 7 ==== mon_command_ack([{prefix=config set, name=mgr/dashboard/ssl_server_port}]=0 v8)=0 v8) v1 ==== 130+0+0 (secure 0 0 0) 0x7f46a8018b40 con 0x7f46b81042f0
2023-07-14T11:55:46.907 INFO:teuthology.orchestra.run.smithi119.stdout:/usr/bin/ceph: stderr
2023-07-14T11:55:46.553+0000 7f46be738700 1 -- 172.21.15.119:0/1846873486 >> [v2:172.21.15.119:6800/891378237,v1:172.21.15.119:6801/891378237] conn(0x7f46a00386c0 msgr2=0x7f46a003ab70 secure :-1 s=STATE_CONNECTION_ESTABLISHED l=1).mark_down
2023-07-14T11:55:46.907 INFO:teuthology.orchestra.run.smithi119.stdout:/usr/bin/ceph: stderr
2023-07-14T11:55:46.553+0000 7f46be738700 1 --2- 172.21.15.119:0/1846873486 >> [v2:172.21.15.119:6800/891378237,v1:172.21.15.119:6801/891378237] conn(0x7f46a00386c0 0x7f46a003ab70 secure :-1 s=READY pgs=15 cs=0 l=1 rev1=1 crypto rx=0x7f46ac006fd0 tx=0x7f46ac006e40 comp rx=0 tx=0).stop
2023-07-14T11:55:46.907 INFO:teuthology.orchestra.run.smithi119.stdout:/usr/bin/ceph: stderr
2023-07-14T11:55:46.553+0000 7f46be738700 1 -- 172.21.15.119:0/1846873486 >> [v2:172.21.15.119:3300/0,v1:172.21.15.119:6789/0] conn(0x7f46b81042f0 msgr2=0x7f46b8073a10 secure :-1 s=STATE_CONNECTION_ESTABLISHED l=1).mark_down
2023-07-14T11:55:46.907 INFO:teuthology.orchestra.run.smithi119.stdout:/usr/bin/ceph: stderr
2023-07-14T11:55:46.553+0000 7f46be738700 1 --2- 172.21.15.119:0/1846873486 >> [v2:172.21.15.119:3300/0,v1:172.21.15.119:6789/0] conn(0x7f46b81042f0 0x7f46b8073a10 secure :-1 s=READY pgs=54 cs=0 l=1 rev1=1 crypto rx=0x7f46a8003e60 tx=0x7f46a8011aa0 comp rx=0 tx=0).stop
2023-07-14T11:55:46.907 INFO:teuthology.orchestra.run.smithi119.stdout:/usr/bin/ceph: stderr
2023-07-14T11:55:46.553+0000 7f46be738700 1 -- 172.21.15.119:0/1846873486 shutdown_connections
2023-07-14T11:55:46.907 INFO:teuthology.orchestra.run.smithi119.stdout:/usr/bin/ceph: stderr
2023-07-14T11:55:46.553+0000 7f46be738700 1 --2- 172.21.15.119:0/1846873486 >> [v2:172.21.15.119:6800/891378237,v1:172.21.15.119:6801/891378237] conn(0x7f46a00386c0 0x7f46a003ab70 unknown :-1 s=CLOSED pgs=15 cs=0 l=1 rev1=1 crypto rx=0 tx=0 comp rx=0 tx=0).stop
2023-07-14T11:55:46.908 INFO:teuthology.orchestra.run.smithi119.stdout:/usr/bin/ceph: stderr
2023-07-14T11:55:46.553+0000 7f46be738700 1 --2- 172.21.15.119:0/1846873486 >> [v2:172.21.15.119:3300/0,v1:172.21.15.119:6789/0] conn(0x7f46b81042f0 0x7f46b8073a10 unknown :-1 s=CLOSED pgs=54 cs=0 l=1 rev1=1 crypto rx=0 tx=0 comp rx=0 tx=0).stop
2023-07-14T11:55:46.908 INFO:teuthology.orchestra.run.smithi119.stdout:/usr/bin/ceph: stderr
2023-07-14T11:55:46.553+0000 7f46be738700 1 -- 172.21.15.119:0/1846873486 >> 172.21.15.119:0/1846873486 conn(0x7f46b80ff860 msgr2=0x7f46b8100f50 unknown :-1 s=STATE_NONE l=0).mark_down
2023-07-14T11:55:46.908 INFO:teuthology.orchestra.run.smithi119.stdout:/usr/bin/ceph: stderr
2023-07-14T11:55:46.553+0000 7f46be738700 1 -- 172.21.15.119:0/1846873486 shutdown_connections
2023-07-14T11:55:46.908 INFO:teuthology.orchestra.run.smithi119.stdout:/usr/bin/ceph: stderr
2023-07-14T11:55:46.554+0000 7f46be738700 1 -- 172.21.15.119:0/1846873486 wait complete.
2023-07-14T11:55:46.908 INFO:teuthology.orchestra.run.smithi119.stdout:Enabling the dashboard module...
2023-07-14T11:55:47.844 INFO:journalctl@ceph.mon.a.smithi119.stdout:Jul 14 11:55:47 smithi119 ceph-mon[96560]: from='client.? 172.21.15.119:0/1846873486' entity='client.admin'
2023-07-14T11:55:47.845 INFO:journalctl@ceph.mon.a.smithi119.stdout:Jul 14 11:55:47 smithi119 ceph-mon[96560]: from='mgr.14120 172.21.15.119:0/787996889' entity='mgr.x'
2023-07-14T11:55:48.790 INFO:journalctl@ceph.mon.a.smithi119.stdout:Jul 14 11:55:48 smithi119 ceph-mon[96560]: from='client.? 172.21.15.119:0/755554286' entity='client.admin' cmd=[{"prefix": "mgr module enable", "module": "dashboard"}]: dispatch
2023-07-14T11:55:48.791 INFO:journalctl@ceph.mgr.x.smithi119.stdout:Jul 14 11:55:48 smithi119 ceph-185c7026-223d-11ee-9b33-001a4aab830c-mgr-x[96802]: ignoring --setuser ceph since I am not root
2023-07-14T11:55:48.791 INFO:journalctl@ceph.mgr.x.smithi119.stdout:Jul 14 11:55:48 smithi119 ceph-185c7026-223d-11ee-9b33-001a4aab830c-mgr-x[96802]: ignoring --setgroup ceph since I am not root
2023-07-14T11:55:48.791 INFO:journalctl@ceph.mgr.x.smithi119.stdout:Jul 14 11:55:48 smithi119 ceph-185c7026-223d-11ee-9b33-001a4aab830c-mgr-x[96802]:
2023-07-14T11:55:48.727+0000 7fb019a11200 -1 mgr[py] Module devicehealth has missing NOTIFY_TYPES member
2023-07-14T11:55:48.951 INFO:teuthology.orchestra.run.smithi119.stdout:/usr/bin/ceph: stderr
2023-07-14T11:55:47.391+0000 7fa6b2669700 1 Processor -- start
2023-07-14T11:55:48.952 INFO:teuthology.orchestra.run.smithi119.stdout:/usr/bin/ceph: stderr
2023-07-14T11:55:47.391+0000 7fa6b2669700 1 -- start start
2023-07-14T11:55:48.952 INFO:teuthology.orchestra.run.smithi119.stdout:/usr/bin/ceph: stderr
2023-07-14T11:55:47.391+0000 7fa6b2669700 1 --2- >> [v2:172.21.15.119:3300/0,v1:172.21.15.119:6789/0] conn(0x7fa6ac103cb0 0x7fa6ac1040c0 unknown :-1 s=NONE pgs=0 cs=0 l=0 rev1=0 crypto rx=0 tx=0 comp rx=0 tx=0).connect
2023-07-14T11:55:48.952 INFO:teuthology.orchestra.run.smithi119.stdout:/usr/bin/ceph: stderr
2023-07-14T11:55:47.391+0000 7fa6b2669700 1 -- --> [v2:172.21.15.119:3300/0,v1:172.21.15.119:6789/0] -- mon_getmap magic: 0 v1 -- 0x7fa6ac073d80 con 0x7fa6ac103cb0
2023-07-14T11:55:48.952 INFO:teuthology.orchestra.run.smithi119.stdout:/usr/bin/ceph: stderr
2023-07-14T11:55:47.391+0000 7fa6abfff700 1 --2- >> [v2:172.21.15.119:3300/0,v1:172.21.15.119:6789/0] conn(0x7fa6ac103cb0 0x7fa6ac1040c0 unknown :-1 s=BANNER_CONNECTING pgs=0 cs=0 l=0 rev1=0 crypto rx=0 tx=0 comp rx=0 tx=0)._handle_peer_banner_payload supported=3 required=0
2023-07-14T11:55:48.952 INFO:teuthology.orchestra.run.smithi119.stdout:/usr/bin/ceph: stderr
2023-07-14T11:55:47.391+0000 7fa6abfff700 1 --2- >> [v2:172.21.15.119:3300/0,v1:172.21.15.119:6789/0] conn(0x7fa6ac103cb0 0x7fa6ac1040c0 unknown :-1 s=HELLO_CONNECTING pgs=0 cs=0 l=0 rev1=1 crypto rx=0 tx=0 comp rx=0 tx=0).handle_hello peer v2:172.21.15.119:3300/0 says I am v2:172.21.15.119:38072/0 (socket says 172.21.15.119:38072)
2023-07-14T11:55:48.952 INFO:teuthology.orchestra.run.smithi119.stdout:/usr/bin/ceph: stderr
2023-07-14T11:55:47.391+0000 7fa6abfff700 1 -- 172.21.15.119:0/3614274292 learned_addr learned my addr 172.21.15.119:0/3614274292 (peer_addr_for_me v2:172.21.15.119:0/0)
2023-07-14T11:55:48.953 INFO:teuthology.orchestra.run.smithi119.stdout:/usr/bin/ceph: stderr
2023-07-14T11:55:47.391+0000 7fa6abfff700 1 -- 172.21.15.119:0/3614274292 --> [v2:172.21.15.119:3300/0,v1:172.21.15.119:6789/0] -- mon_subscribe({config=0+,monmap=0+}) v3 -- 0x7fa6ac104600 con 0x7fa6ac103cb0
2023-07-14T11:55:48.953 INFO:teuthology.orchestra.run.smithi119.stdout:/usr/bin/ceph: stderr
2023-07-14T11:55:47.391+0000 7fa6abfff700 1 --2- 172.21.15.119:0/3614274292 >> [v2:172.21.15.119:3300/0,v1:172.21.15.119:6789/0] conn(0x7fa6ac103cb0 0x7fa6ac1040c0 secure :-1 s=READY pgs=55 cs=0 l=1 rev1=1 crypto rx=0x7fa69c0098a0 tx=0x7fa69c009bb0 comp rx=0 tx=0).ready entity=mon.0 client_cookie=6ae4d1847d5d13b1 server_cookie=0 in_seq=0 out_seq=0
2023-07-14T11:55:48.953 INFO:teuthology.orchestra.run.smithi119.stdout:/usr/bin/ceph: stderr
2023-07-14T11:55:47.391+0000 7fa6aaffd700 1 -- 172.21.15.119:0/3614274292 <== mon.0 v2:172.21.15.119:3300/0 1 ==== mon_map magic: 0 v1 ==== 205+0+0 (secure 0 0 0) 0x7fa69c004160 con 0x7fa6ac103cb0
2023-07-14T11:55:48.953 INFO:teuthology.orchestra.run.smithi119.stdout:/usr/bin/ceph: stderr
2023-07-14T11:55:47.392+0000 7fa6aaffd700 1 -- 172.21.15.119:0/3614274292 <== mon.0 v2:172.21.15.119:3300/0 2 ==== config(26 keys) v1 ==== 1105+0+0 (secure 0 0 0) 0x7fa69c0042c0 con 0x7fa6ac103cb0
2023-07-14T11:55:48.953 INFO:teuthology.orchestra.run.smithi119.stdout:/usr/bin/ceph: stderr
2023-07-14T11:55:47.392+0000 7fa6aaffd700 1 -- 172.21.15.119:0/3614274292 <== mon.0 v2:172.21.15.119:3300/0 3 ==== mon_map magic: 0 v1 ==== 205+0+0 (secure 0 0 0) 0x7fa69c0119b0 con 0x7fa6ac103cb0
2023-07-14T11:55:48.953 INFO:teuthology.orchestra.run.smithi119.stdout:/usr/bin/ceph: stderr
2023-07-14T11:55:47.392+0000 7fa6b2669700 1 -- 172.21.15.119:0/3614274292 >> [v2:172.21.15.119:3300/0,v1:172.21.15.119:6789/0] conn(0x7fa6ac103cb0 msgr2=0x7fa6ac1040c0 secure :-1 s=STATE_CONNECTION_ESTABLISHED l=1).mark_down
2023-07-14T11:55:48.953 INFO:teuthology.orchestra.run.smithi119.stdout:/usr/bin/ceph: stderr
2023-07-14T11:55:47.392+0000 7fa6b2669700 1 --2- 172.21.15.119:0/3614274292 >> [v2:172.21.15.119:3300/0,v1:172.21.15.119:6789/0] conn(0x7fa6ac103cb0 0x7fa6ac1040c0 secure :-1 s=READY pgs=55 cs=0 l=1 rev1=1 crypto rx=0x7fa69c0098a0 tx=0x7fa69c009bb0 comp rx=0 tx=0).stop
