2023-07-14T11:55:35.125+0000 7f16203e7700 1 -- --> [v2:172.21.15.119:3300/0,v1:172.21.15.119:6789/0] -- mon_getmap magic: 0 v1 -- 0x7f161819b8a0 con 0x7f1618103ce0
2023-07-14T11:55:35.695 INFO:teuthology.orchestra.run.smithi119.stdout:/usr/bin/ceph: stderr
2023-07-14T11:55:35.125+0000 7f161e183700 1 --2- >> [v2:172.21.15.119:3300/0,v1:172.21.15.119:6789/0] conn(0x7f1618103ce0 0x7f161819b360 unknown :-1 s=BANNER_CONNECTING pgs=0 cs=0 l=1 rev1=0 crypto rx=0 tx=0 comp rx=0 tx=0)._handle_peer_banner_payload supported=3 required=0
2023-07-14T11:55:35.695 INFO:teuthology.orchestra.run.smithi119.stdout:/usr/bin/ceph: stderr
2023-07-14T11:55:35.125+0000 7f161e183700 1 --2- >> [v2:172.21.15.119:3300/0,v1:172.21.15.119:6789/0] conn(0x7f1618103ce0 0x7f161819b360 unknown :-1 s=HELLO_CONNECTING pgs=0 cs=0 l=1 rev1=1 crypto rx=0 tx=0 comp rx=0 tx=0).handle_hello peer v2:172.21.15.119:3300/0 says I am v2:172.21.15.119:37990/0 (socket says 172.21.15.119:37990)
2023-07-14T11:55:35.695 INFO:teuthology.orchestra.run.smithi119.stdout:/usr/bin/ceph: stderr
2023-07-14T11:55:35.125+0000 7f161e183700 1 -- 172.21.15.119:0/1014485958 learned_addr learned my addr 172.21.15.119:0/1014485958 (peer_addr_for_me v2:172.21.15.119:0/0)
2023-07-14T11:55:35.695 INFO:teuthology.orchestra.run.smithi119.stdout:/usr/bin/ceph: stderr
2023-07-14T11:55:35.125+0000 7f161e183700 1 -- 172.21.15.119:0/1014485958 --> [v2:172.21.15.119:3300/0,v1:172.21.15.119:6789/0] -- mon_subscribe({config=0+,monmap=0+}) v3 -- 0x7f1608009550 con 0x7f1618103ce0
2023-07-14T11:55:35.696 INFO:teuthology.orchestra.run.smithi119.stdout:/usr/bin/ceph: stderr
2023-07-14T11:55:35.125+0000 7f161e183700 1 --2- 172.21.15.119:0/1014485958 >> [v2:172.21.15.119:3300/0,v1:172.21.15.119:6789/0] conn(0x7f1618103ce0 0x7f161819b360 secure :-1 s=READY pgs=38 cs=0 l=1 rev1=1 crypto rx=0x7f1608009fb0 tx=0x7f1608011ad0 comp rx=0 tx=0).ready entity=mon.0 client_cookie=0 server_cookie=0 in_seq=0 out_seq=0
2023-07-14T11:55:35.696 INFO:teuthology.orchestra.run.smithi119.stdout:/usr/bin/ceph: stderr
2023-07-14T11:55:35.126+0000 7f160f7fe700 1 -- 172.21.15.119:0/1014485958 <== mon.0 v2:172.21.15.119:3300/0 1 ==== mon_map magic: 0 v1 ==== 205+0+0 (secure 0 0 0) 0x7f1608003a40 con 0x7f1618103ce0
2023-07-14T11:55:35.696 INFO:teuthology.orchestra.run.smithi119.stdout:/usr/bin/ceph: stderr
2023-07-14T11:55:35.126+0000 7f160f7fe700 1 -- 172.21.15.119:0/1014485958 <== mon.0 v2:172.21.15.119:3300/0 2 ==== config(26 keys) v1 ==== 1074+0+0 (secure 0 0 0) 0x7f1608003ba0 con 0x7f1618103ce0
2023-07-14T11:55:35.696 INFO:teuthology.orchestra.run.smithi119.stdout:/usr/bin/ceph: stderr
2023-07-14T11:55:35.126+0000 7f16203e7700 1 -- 172.21.15.119:0/1014485958 --> [v2:172.21.15.119:3300/0,v1:172.21.15.119:6789/0] -- mon_subscribe({mgrmap=0+}) v3 -- 0x7f161819baa0 con 0x7f1618103ce0
2023-07-14T11:55:35.696 INFO:teuthology.orchestra.run.smithi119.stdout:/usr/bin/ceph: stderr
2023-07-14T11:55:35.126+0000 7f160f7fe700 1 -- 172.21.15.119:0/1014485958 <== mon.0 v2:172.21.15.119:3300/0 3 ==== mon_map magic: 0 v1 ==== 205+0+0 (secure 0 0 0) 0x7f160801a750 con 0x7f1618103ce0
2023-07-14T11:55:35.696 INFO:teuthology.orchestra.run.smithi119.stdout:/usr/bin/ceph: stderr
2023-07-14T11:55:35.126+0000 7f16203e7700 1 -- 172.21.15.119:0/1014485958 --> [v2:172.21.15.119:3300/0,v1:172.21.15.119:6789/0] -- mon_subscribe({osdmap=0}) v3 -- 0x7f161819bec0 con 0x7f1618103ce0
2023-07-14T11:55:35.696 INFO:teuthology.orchestra.run.smithi119.stdout:/usr/bin/ceph: stderr
2023-07-14T11:55:35.126+0000 7f160f7fe700 1 -- 172.21.15.119:0/1014485958 <== mon.0 v2:172.21.15.119:3300/0 4 ==== mgrmap(e 7) v1 ==== 45377+0+0 (secure 0 0 0) 0x7f160801a980 con 0x7f1618103ce0
2023-07-14T11:55:35.697 INFO:teuthology.orchestra.run.smithi119.stdout:/usr/bin/ceph: stderr
2023-07-14T11:55:35.127+0000 7f160f7fe700 1 --2- 172.21.15.119:0/1014485958 >> [v2:172.21.15.119:6800/891378237,v1:172.21.15.119:6801/891378237] conn(0x7f16040385f0 0x7f160403aaa0 unknown :-1 s=NONE pgs=0 cs=0 l=1 rev1=0 crypto rx=0 tx=0 comp rx=0 tx=0).connect
2023-07-14T11:55:35.697 INFO:teuthology.orchestra.run.smithi119.stdout:/usr/bin/ceph: stderr
2023-07-14T11:55:35.127+0000 7f16203e7700 1 -- 172.21.15.119:0/1014485958 --> [v2:172.21.15.119:3300/0,v1:172.21.15.119:6789/0] -- mon_command({"prefix": "get_command_descriptions"} v 0) v1 -- 0x7f1618194c80 con 0x7f1618103ce0
2023-07-14T11:55:35.697 INFO:teuthology.orchestra.run.smithi119.stdout:/usr/bin/ceph: stderr
2023-07-14T11:55:35.127+0000 7f160f7fe700 1 -- 172.21.15.119:0/1014485958 <== mon.0 v2:172.21.15.119:3300/0 5 ==== osd_map(2..2 src has 1..2) v4 ==== 940+0+0 (secure 0 0 0) 0x7f160804c700 con 0x7f1618103ce0
2023-07-14T11:55:35.697 INFO:teuthology.orchestra.run.smithi119.stdout:/usr/bin/ceph: stderr
2023-07-14T11:55:35.127+0000 7f161d982700 1 --2- 172.21.15.119:0/1014485958 >> [v2:172.21.15.119:6800/891378237,v1:172.21.15.119:6801/891378237] conn(0x7f16040385f0 0x7f160403aaa0 unknown :-1 s=BANNER_CONNECTING pgs=0 cs=0 l=1 rev1=0 crypto rx=0 tx=0 comp rx=0 tx=0)._handle_peer_banner_payload supported=3 required=0
2023-07-14T11:55:35.697 INFO:teuthology.orchestra.run.smithi119.stdout:/usr/bin/ceph: stderr
2023-07-14T11:55:35.127+0000 7f161d982700 1 --2- 172.21.15.119:0/1014485958 >> [v2:172.21.15.119:6800/891378237,v1:172.21.15.119:6801/891378237] conn(0x7f16040385f0 0x7f160403aaa0 secure :-1 s=READY pgs=7 cs=0 l=1 rev1=1 crypto rx=0x7f1614006fd0 tx=0x7f1614006e40 comp rx=0 tx=0).ready entity=mgr.14120 client_cookie=0 server_cookie=0 in_seq=0 out_seq=0
2023-07-14T11:55:35.697 INFO:teuthology.orchestra.run.smithi119.stdout:/usr/bin/ceph: stderr
2023-07-14T11:55:35.132+0000 7f160f7fe700 1 -- 172.21.15.119:0/1014485958 <== mon.0 v2:172.21.15.119:3300/0 6 ==== mon_command_ack([{"prefix": "get_command_descriptions"}]=0 v0) v1 ==== 72+0+178038 (secure 0 0 0) 0x7f160801ac30 con 0x7f1618103ce0
2023-07-14T11:55:35.697 INFO:teuthology.orchestra.run.smithi119.stdout:/usr/bin/ceph: stderr
2023-07-14T11:55:35.329+0000 7f16203e7700 1 -- 172.21.15.119:0/1014485958 --> [v2:172.21.15.119:6800/891378237,v1:172.21.15.119:6801/891378237] -- mgr_command(tid 0: {"prefix": "orch set backend", "module_name": "cephadm", "target": ["mon-mgr", ""]}) v1 -- 0x7f1618060950 con 0x7f16040385f0
2023-07-14T11:55:35.698 INFO:teuthology.orchestra.run.smithi119.stdout:/usr/bin/ceph: stderr
2023-07-14T11:55:35.334+0000 7f160f7fe700 1 -- 172.21.15.119:0/1014485958 <== mgr.14120 v2:172.21.15.119:6800/891378237 1 ==== mgr_command_reply(tid 0: 0 ) v1 ==== 8+0+0 (secure 0 0 0) 0x7f1618060950 con 0x7f16040385f0
2023-07-14T11:55:35.698 INFO:teuthology.orchestra.run.smithi119.stdout:/usr/bin/ceph: stderr
2023-07-14T11:55:35.337+0000 7f16203e7700 1 -- 172.21.15.119:0/1014485958 >> [v2:172.21.15.119:6800/891378237,v1:172.21.15.119:6801/891378237] conn(0x7f16040385f0 msgr2=0x7f160403aaa0 secure :-1 s=STATE_CONNECTION_ESTABLISHED l=1).mark_down
2023-07-14T11:55:35.698 INFO:teuthology.orchestra.run.smithi119.stdout:/usr/bin/ceph: stderr
2023-07-14T11:55:35.337+0000 7f16203e7700 1 --2- 172.21.15.119:0/1014485958 >> [v2:172.21.15.119:6800/891378237,v1:172.21.15.119:6801/891378237] conn(0x7f16040385f0 0x7f160403aaa0 secure :-1 s=READY pgs=7 cs=0 l=1 rev1=1 crypto rx=0x7f1614006fd0 tx=0x7f1614006e40 comp rx=0 tx=0).stop
2023-07-14T11:55:35.698 INFO:teuthology.orchestra.run.smithi119.stdout:/usr/bin/ceph: stderr
2023-07-14T11:55:35.337+0000 7f16203e7700 1 -- 172.21.15.119:0/1014485958 >> [v2:172.21.15.119:3300/0,v1:172.21.15.119:6789/0] conn(0x7f1618103ce0 msgr2=0x7f161819b360 secure :-1 s=STATE_CONNECTION_ESTABLISHED l=1).mark_down
2023-07-14T11:55:35.698 INFO:teuthology.orchestra.run.smithi119.stdout:/usr/bin/ceph: stderr
2023-07-14T11:55:35.337+0000 7f16203e7700 1 --2- 172.21.15.119:0/1014485958 >> [v2:172.21.15.119:3300/0,v1:172.21.15.119:6789/0] conn(0x7f1618103ce0 0x7f161819b360 secure :-1 s=READY pgs=38 cs=0 l=1 rev1=1 crypto rx=0x7f1608009fb0 tx=0x7f1608011ad0 comp rx=0 tx=0).stop
2023-07-14T11:55:35.698 INFO:teuthology.orchestra.run.smithi119.stdout:/usr/bin/ceph: stderr
2023-07-14T11:55:35.337+0000 7f16203e7700 1 -- 172.21.15.119:0/1014485958 shutdown_connections
2023-07-14T11:55:35.698 INFO:teuthology.orchestra.run.smithi119.stdout:/usr/bin/ceph: stderr
2023-07-14T11:55:35.337+0000 7f16203e7700 1 --2- 172.21.15.119:0/1014485958 >> [v2:172.21.15.119:6800/891378237,v1:172.21.15.119:6801/891378237] conn(0x7f16040385f0 0x7f160403aaa0 unknown :-1 s=CLOSED pgs=7 cs=0 l=1 rev1=1 crypto rx=0 tx=0 comp rx=0 tx=0).stop
2023-07-14T11:55:35.698 INFO:teuthology.orchestra.run.smithi119.stdout:/usr/bin/ceph: stderr
2023-07-14T11:55:35.337+0000 7f16203e7700 1 --2- 172.21.15.119:0/1014485958 >> [v2:172.21.15.119:3300/0,v1:172.21.15.119:6789/0] conn(0x7f1618103ce0 0x7f161819b360 unknown :-1 s=CLOSED pgs=38 cs=0 l=1 rev1=1 crypto rx=0 tx=0 comp rx=0 tx=0).stop
2023-07-14T11:55:35.699 INFO:teuthology.orchestra.run.smithi119.stdout:/usr/bin/ceph: stderr
2023-07-14T11:55:35.337+0000 7f16203e7700 1 -- 172.21.15.119:0/1014485958 >> 172.21.15.119:0/1014485958 conn(0x7f16180ff870 msgr2=0x7f161818f8a0 unknown :-1 s=STATE_NONE l=0).mark_down
2023-07-14T11:55:35.699 INFO:teuthology.orchestra.run.smithi119.stdout:/usr/bin/ceph: stderr
2023-07-14T11:55:35.337+0000 7f16203e7700 1 -- 172.21.15.119:0/1014485958 shutdown_connections
2023-07-14T11:55:35.699 INFO:teuthology.orchestra.run.smithi119.stdout:/usr/bin/ceph: stderr
2023-07-14T11:55:35.337+0000 7f16203e7700 1 -- 172.21.15.119:0/1014485958 wait complete.
2023-07-14T11:55:36.666 INFO:journalctl@ceph.mon.a.smithi119.stdout:Jul 14 11:55:36 smithi119 ceph-mon[96560]: [14/Jul/2023:11:55:34] ENGINE Serving on https://172.21.15.119:7150
2023-07-14T11:55:36.666 INFO:journalctl@ceph.mon.a.smithi119.stdout:Jul 14 11:55:36 smithi119 ceph-mon[96560]: [14/Jul/2023:11:55:34] ENGINE Serving on http://172.21.15.119:8765
2023-07-14T11:55:36.666 INFO:journalctl@ceph.mon.a.smithi119.stdout:Jul 14 11:55:36 smithi119 ceph-mon[96560]: [14/Jul/2023:11:55:34] ENGINE Bus STARTED
2023-07-14T11:55:36.667 INFO:journalctl@ceph.mon.a.smithi119.stdout:Jul 14 11:55:36 smithi119 ceph-mon[96560]: from='client.14132 -' entity='client.admin' cmd=[{"prefix": "orch set backend", "module_name": "cephadm", "target": ["mon-mgr", ""]}]: dispatch
2023-07-14T11:55:36.667 INFO:journalctl@ceph.mon.a.smithi119.stdout:Jul 14 11:55:36 smithi119 ceph-mon[96560]: mgrmap e8: x(active, since 2s)
2023-07-14T11:55:36.731 INFO:teuthology.orchestra.run.smithi119.stdout:/usr/bin/ceph: stdout value unchanged
2023-07-14T11:55:36.735 INFO:teuthology.orchestra.run.smithi119.stdout:/usr/bin/ceph: stderr
2023-07-14T11:55:36.155+0000 7f35f2160700 1 Processor -- start
2023-07-14T11:55:36.735 INFO:teuthology.orchestra.run.smithi119.stdout:/usr/bin/ceph: stderr
2023-07-14T11:55:36.155+0000 7f35f2160700 1 -- start start
2023-07-14T11:55:36.735 INFO:teuthology.orchestra.run.smithi119.stdout:/usr/bin/ceph: stderr
2023-07-14T11:55:36.155+0000 7f35f2160700 1 --2- >> [v2:172.21.15.119:3300/0,v1:172.21.15.119:6789/0] conn(0x7f35ec1036e0 0x7f35ec103af0 unknown :-1 s=NONE pgs=0 cs=0 l=0 rev1=0 crypto rx=0 tx=0 comp rx=0 tx=0).connect
2023-07-14T11:55:36.736 INFO:teuthology.orchestra.run.smithi119.stdout:/usr/bin/ceph: stderr
2023-07-14T11:55:36.155+0000 7f35f2160700 1 -- --> [v2:172.21.15.119:3300/0,v1:172.21.15.119:6789/0] -- mon_getmap magic: 0 v1 -- 0x7f35ec1040c0 con 0x7f35ec1036e0
2023-07-14T11:55:36.736 INFO:teuthology.orchestra.run.smithi119.stdout:/usr/bin/ceph: stderr
2023-07-14T11:55:36.155+0000 7f35eb7fe700 1 --2- >> [v2:172.21.15.119:3300/0,v1:172.21.15.119:6789/0] conn(0x7f35ec1036e0 0x7f35ec103af0 unknown :-1 s=BANNER_CONNECTING pgs=0 cs=0 l=0 rev1=0 crypto rx=0 tx=0 comp rx=0 tx=0)._handle_peer_banner_payload supported=3 required=0
2023-07-14T11:55:36.736 INFO:teuthology.orchestra.run.smithi119.stdout:/usr/bin/ceph: stderr
2023-07-14T11:55:36.155+0000 7f35eb7fe700 1 --2- >> [v2:172.21.15.119:3300/0,v1:172.21.15.119:6789/0] conn(0x7f35ec1036e0 0x7f35ec103af0 unknown :-1 s=HELLO_CONNECTING pgs=0 cs=0 l=0 rev1=1 crypto rx=0 tx=0 comp rx=0 tx=0).handle_hello peer v2:172.21.15.119:3300/0 says I am v2:172.21.15.119:37994/0 (socket says 172.21.15.119:37994)
2023-07-14T11:55:36.736 INFO:teuthology.orchestra.run.smithi119.stdout:/usr/bin/ceph: stderr
2023-07-14T11:55:36.155+0000 7f35eb7fe700 1 -- 172.21.15.119:0/3570824876 learned_addr learned my addr 172.21.15.119:0/3570824876 (peer_addr_for_me v2:172.21.15.119:0/0)
2023-07-14T11:55:36.736 INFO:teuthology.orchestra.run.smithi119.stdout:/usr/bin/ceph: stderr
2023-07-14T11:55:36.155+0000 7f35eb7fe700 1 -- 172.21.15.119:0/3570824876 --> [v2:172.21.15.119:3300/0,v1:172.21.15.119:6789/0] -- mon_subscribe({config=0+,monmap=0+}) v3 -- 0x7f35ec104200 con 0x7f35ec1036e0
2023-07-14T11:55:36.736 INFO:teuthology.orchestra.run.smithi119.stdout:/usr/bin/ceph: stderr
2023-07-14T11:55:36.155+0000 7f35eb7fe700 1 --2- 172.21.15.119:0/3570824876 >> [v2:172.21.15.119:3300/0,v1:172.21.15.119:6789/0] conn(0x7f35ec1036e0 0x7f35ec103af0 secure :-1 s=READY pgs=39 cs=0 l=1 rev1=1 crypto rx=0x7f35e00098a0 tx=0x7f35e0009bb0 comp rx=0 tx=0).ready entity=mon.0 client_cookie=d99bda2027af1e99 server_cookie=0 in_seq=0 out_seq=0
2023-07-14T11:55:36.737 INFO:teuthology.orchestra.run.smithi119.stdout:/usr/bin/ceph: stderr
2023-07-14T11:55:36.156+0000 7f35ea7fc700 1 -- 172.21.15.119:0/3570824876 <== mon.0 v2:172.21.15.119:3300/0 1 ==== mon_map magic: 0 v1 ==== 205+0+0 (secure 0 0 0) 0x7f35e0004160 con 0x7f35ec1036e0
2023-07-14T11:55:36.737 INFO:teuthology.orchestra.run.smithi119.stdout:/usr/bin/ceph: stderr
2023-07-14T11:55:36.156+0000 7f35ea7fc700 1 -- 172.21.15.119:0/3570824876 <== mon.0 v2:172.21.15.119:3300/0 2 ==== config(26 keys) v1 ==== 1074+0+0 (secure 0 0 0) 0x7f35e00042c0 con 0x7f35ec1036e0
2023-07-14T11:55:36.737 INFO:teuthology.orchestra.run.smithi119.stdout:/usr/bin/ceph: stderr
2023-07-14T11:55:36.156+0000 7f35ea7fc700 1 -- 172.21.15.119:0/3570824876 <== mon.0 v2:172.21.15.119:3300/0 3 ==== mon_map magic: 0 v1 ==== 205+0+0 (secure 0 0 0) 0x7f35e0011a00 con 0x7f35ec1036e0
2023-07-14T11:55:36.737 INFO:teuthology.orchestra.run.smithi119.stdout:/usr/bin/ceph: stderr
2023-07-14T11:55:36.156+0000 7f35f2160700 1 -- 172.21.15.119:0/3570824876 >> [v2:172.21.15.119:3300/0,v1:172.21.15.119:6789/0] conn(0x7f35ec1036e0 msgr2=0x7f35ec103af0 secure :-1 s=STATE_CONNECTION_ESTABLISHED l=1).mark_down
2023-07-14T11:55:36.737 INFO:teuthology.orchestra.run.smithi119.stdout:/usr/bin/ceph: stderr
2023-07-14T11:55:36.156+0000 7f35f2160700 1 --2- 172.21.15.119:0/3570824876 >> [v2:172.21.15.119:3300/0,v1:172.21.15.119:6789/0] conn(0x7f35ec1036e0 0x7f35ec103af0 secure :-1 s=READY pgs=39 cs=0 l=1 rev1=1 crypto rx=0x7f35e00098a0 tx=0x7f35e0009bb0 comp rx=0 tx=0).stop
2023-07-14T11:55:36.737 INFO:teuthology.orchestra.run.smithi119.stdout:/usr/bin/ceph: stderr
2023-07-14T11:55:36.156+0000 7f35f2160700 1 -- 172.21.15.119:0/3570824876 shutdown_connections
2023-07-14T11:55:36.737 INFO:teuthology.orchestra.run.smithi119.stdout:/usr/bin/ceph: stderr
2023-07-14T11:55:36.156+0000 7f35f2160700 1 --2- 172.21.15.119:0/3570824876 >> [v2:172.21.15.119:3300/0,v1:172.21.15.119:6789/0] conn(0x7f35ec1036e0 0x7f35ec103af0 unknown :-1 s=CLOSED pgs=39 cs=0 l=1 rev1=1 crypto rx=0 tx=0 comp rx=0 tx=0).stop
2023-07-14T11:55:36.737 INFO:teuthology.orchestra.run.smithi119.stdout:/usr/bin/ceph: stderr
2023-07-14T11:55:36.156+0000 7f35f2160700 1 -- 172.21.15.119:0/3570824876 >> 172.21.15.119:0/3570824876 conn(0x7f35ec0ff000 msgr2=0x7f35ec101450 unknown :-1 s=STATE_NONE l=0).mark_down
2023-07-14T11:55:36.738 INFO:teuthology.orchestra.run.smithi119.stdout:/usr/bin/ceph: stderr
2023-07-14T11:55:36.156+0000 7f35f2160700 1 -- 172.21.15.119:0/3570824876 shutdown_connections
2023-07-14T11:55:36.738 INFO:teuthology.orchestra.run.smithi119.stdout:/usr/bin/ceph: stderr
2023-07-14T11:55:36.156+0000 7f35f2160700 1 -- 172.21.15.119:0/3570824876 wait complete.
2023-07-14T11:55:36.738 INFO:teuthology.orchestra.run.smithi119.stdout:/usr/bin/ceph: stderr
2023-07-14T11:55:36.157+0000 7f35f2160700 1 Processor -- start
2023-07-14T11:55:36.738 INFO:teuthology.orchestra.run.smithi119.stdout:/usr/bin/ceph: stderr
2023-07-14T11:55:36.157+0000 7f35f2160700 1 -- start start
2023-07-14T11:55:36.738 INFO:teuthology.orchestra.run.smithi119.stdout:/usr/bin/ceph: stderr
2023-07-14T11:55:36.157+0000 7f35f2160700 1 --2- >> [v2:172.21.15.119:3300/0,v1:172.21.15.119:6789/0] conn(0x7f35ec1036e0 0x7f35ec1990b0 unknown :-1 s=NONE pgs=0 cs=0 l=1 rev1=0 crypto rx=0 tx=0 comp rx=0 tx=0).connect
2023-07-14T11:55:36.738 INFO:teuthology.orchestra.run.smithi119.stdout:/usr/bin/ceph: stderr
2023-07-14T11:55:36.157+0000 7f35f2160700 1 -- --> [v2:172.21.15.119:3300/0,v1:172.21.15.119:6789/0] -- mon_getmap magic: 0 v1 -- 0x7f35ec1995f0 con 0x7f35ec1036e0
2023-07-14T11:55:36.738 INFO:teuthology.orchestra.run.smithi119.stdout:/usr/bin/ceph: stderr
2023-07-14T11:55:36.157+0000 7f35eb7fe700 1 --2- >> [v2:172.21.15.119:3300/0,v1:172.21.15.119:6789/0] conn(0x7f35ec1036e0 0x7f35ec1990b0 unknown :-1 s=BANNER_CONNECTING pgs=0 cs=0 l=1 rev1=0 crypto rx=0 tx=0 comp rx=0 tx=0)._handle_peer_banner_payload supported=3 required=0
2023-07-14T11:55:36.739 INFO:teuthology.orchestra.run.smithi119.stdout:/usr/bin/ceph: stderr
2023-07-14T11:55:36.157+0000 7f35eb7fe700 1 --2- >> [v2:172.21.15.119:3300/0,v1:172.21.15.119:6789/0] conn(0x7f35ec1036e0 0x7f35ec1990b0 unknown :-1 s=HELLO_CONNECTING pgs=0 cs=0 l=1 rev1=1 crypto rx=0 tx=0 comp rx=0 tx=0).handle_hello peer v2:172.21.15.119:3300/0 says I am v2:172.21.15.119:37996/0 (socket says 172.21.15.119:37996)
2023-07-14T11:55:36.739 INFO:teuthology.orchestra.run.smithi119.stdout:/usr/bin/ceph: stderr
2023-07-14T11:55:36.157+0000 7f35eb7fe700 1 -- 172.21.15.119:0/3003014595 learned_addr learned my addr 172.21.15.119:0/3003014595 (peer_addr_for_me v2:172.21.15.119:0/0)
2023-07-14T11:55:36.739 INFO:teuthology.orchestra.run.smithi119.stdout:/usr/bin/ceph: stderr
2023-07-14T11:55:36.158+0000 7f35eb7fe700 1 -- 172.21.15.119:0/3003014595 --> [v2:172.21.15.119:3300/0,v1:172.21.15.119:6789/0] -- mon_subscribe({config=0+,monmap=0+}) v3 -- 0x7f35e0009550 con 0x7f35ec1036e0
2023-07-14T11:55:36.739 INFO:teuthology.orchestra.run.smithi119.stdout:/usr/bin/ceph: stderr
2023-07-14T11:55:36.158+0000 7f35eb7fe700 1 --2- 172.21.15.119:0/3003014595 >> [v2:172.21.15.119:3300/0,v1:172.21.15.119:6789/0] conn(0x7f35ec1036e0 0x7f35ec1990b0 secure :-1 s=READY pgs=40 cs=0 l=1 rev1=1 crypto rx=0x7f35e0006af0 tx=0x7f35e0011ad0 comp rx=0 tx=0).ready entity=mon.0 client_cookie=0 server_cookie=0 in_seq=0 out_seq=0
2023-07-14T11:55:36.739 INFO:teuthology.orchestra.run.smithi119.stdout:/usr/bin/ceph: stderr
2023-07-14T11:55:36.158+0000 7f35e8ff9700 1 -- 172.21.15.119:0/3003014595 <== mon.0 v2:172.21.15.119:3300/0 1 ==== mon_map magic: 0 v1 ==== 205+0+0 (secure 0 0 0) 0x7f35e0003a40 con 0x7f35ec1036e0
2023-07-14T11:55:36.739 INFO:teuthology.orchestra.run.smithi119.stdout:/usr/bin/ceph: stderr
2023-07-14T11:55:36.158+0000 7f35e8ff9700 1 -- 172.21.15.119:0/3003014595 <== mon.0 v2:172.21.15.119:3300/0 2 ==== config(26 keys) v1 ==== 1074+0+0 (secure 0 0 0) 0x7f35e0003ba0 con 0x7f35ec1036e0
2023-07-14T11:55:36.740 INFO:teuthology.orchestra.run.smithi119.stdout:/usr/bin/ceph: stderr
2023-07-14T11:55:36.158+0000 7f35f2160700 1 -- 172.21.15.119:0/3003014595 --> [v2:172.21.15.119:3300/0,v1:172.21.15.119:6789/0] -- mon_subscribe({mgrmap=0+}) v3 -- 0x7f35ec199850 con 0x7f35ec1036e0
2023-07-14T11:55:36.740 INFO:teuthology.orchestra.run.smithi119.stdout:/usr/bin/ceph: stderr
2023-07-14T11:55:36.158+0000 7f35e8ff9700 1 -- 172.21.15.119:0/3003014595 <== mon.0 v2:172.21.15.119:3300/0 3 ==== mon_map magic: 0 v1 ==== 205+0+0 (secure 0 0 0) 0x7f35e001a700 con 0x7f35ec1036e0
2023-07-14T11:55:36.740 INFO:teuthology.orchestra.run.smithi119.stdout:/usr/bin/ceph: stderr
2023-07-14T11:55:36.158+0000 7f35f2160700 1 -- 172.21.15.119:0/3003014595 --> [v2:172.21.15.119:3300/0,v1:172.21.15.119:6789/0] -- mon_subscribe({osdmap=0}) v3 -- 0x7f35ec199cd0 con 0x7f35ec1036e0
2023-07-14T11:55:36.740 INFO:teuthology.orchestra.run.smithi119.stdout:/usr/bin/ceph: stderr
2023-07-14T11:55:36.159+0000 7f35e8ff9700 1 -- 172.21.15.119:0/3003014595 <== mon.0 v2:172.21.15.119:3300/0 4 ==== mgrmap(e 8) v1 ==== 45483+0+0 (secure 0 0 0) 0x7f35e001a930 con 0x7f35ec1036e0
2023-07-14T11:55:36.740 INFO:teuthology.orchestra.run.smithi119.stdout:/usr/bin/ceph: stderr
2023-07-14T11:55:36.159+0000 7f35f2160700 1 -- 172.21.15.119:0/3003014595 --> [v2:172.21.15.119:3300/0,v1:172.21.15.119:6789/0] -- mon_command({"prefix": "get_command_descriptions"} v 0) v1 -- 0x7f35ec061b40 con 0x7f35ec1036e0
2023-07-14T11:55:36.740 INFO:teuthology.orchestra.run.smithi119.stdout:/usr/bin/ceph: stderr
2023-07-14T11:55:36.159+0000 7f35e8ff9700 1 --2- 172.21.15.119:0/3003014595 >> [v2:172.21.15.119:6800/891378237,v1:172.21.15.119:6801/891378237] conn(0x7f35d4038760 0x7f35d403ac10 unknown :-1 s=NONE pgs=0 cs=0 l=1 rev1=0 crypto rx=0 tx=0 comp rx=0 tx=0).connect
2023-07-14T11:55:36.741 INFO:teuthology.orchestra.run.smithi119.stdout:/usr/bin/ceph: stderr
2023-07-14T11:55:36.159+0000 7f35e8ff9700 1 -- 172.21.15.119:0/3003014595 <== mon.0 v2:172.21.15.119:3300/0 5 ==== osd_map(2..2 src has 1..2) v4 ==== 940+0+0 (secure 0 0 0) 0x7f35e004c650 con 0x7f35ec1036e0
2023-07-14T11:55:36.741 INFO:teuthology.orchestra.run.smithi119.stdout:/usr/bin/ceph: stderr
2023-07-14T11:55:36.159+0000 7f35eaffd700 1 --2- 172.21.15.119:0/3003014595 >> [v2:172.21.15.119:6800/891378237,v1:172.21.15.119:6801/891378237] conn(0x7f35d4038760 0x7f35d403ac10 unknown :-1 s=BANNER_CONNECTING pgs=0 cs=0 l=1 rev1=0 crypto rx=0 tx=0 comp rx=0 tx=0)._handle_peer_banner_payload supported=3 required=0
2023-07-14T11:55:36.741 INFO:teuthology.orchestra.run.smithi119.stdout:/usr/bin/ceph: stderr
2023-07-14T11:55:36.159+0000 7f35eaffd700 1 --2- 172.21.15.119:0/3003014595 >> [v2:172.21.15.119:6800/891378237,v1:172.21.15.119:6801/891378237] conn(0x7f35d4038760 0x7f35d403ac10 secure :-1 s=READY pgs=8 cs=0 l=1 rev1=1 crypto rx=0x7f35dc006fd0 tx=0x7f35dc006e40 comp rx=0 tx=0).ready entity=mgr.14120 client_cookie=0 server_cookie=0 in_seq=0 out_seq=0
2023-07-14T11:55:36.741 INFO:teuthology.orchestra.run.smithi119.stdout:/usr/bin/ceph: stderr
2023-07-14T11:55:36.164+0000 7f35e8ff9700 1 -- 172.21.15.119:0/3003014595 <== mon.0 v2:172.21.15.119:3300/0 6 ==== mon_command_ack([{"prefix": "get_command_descriptions"}]=0 v0) v1 ==== 72+0+178038 (secure 0 0 0) 0x7f35e0018b80 con 0x7f35ec1036e0
2023-07-14T11:55:36.741 INFO:teuthology.orchestra.run.smithi119.stdout:/usr/bin/ceph: stderr
2023-07-14T11:55:36.349+0000 7f35f2160700 1 -- 172.21.15.119:0/3003014595 --> [v2:172.21.15.119:6800/891378237,v1:172.21.15.119:6801/891378237] -- mgr_command(tid 0: {"prefix": "cephadm set-user", "user": "root", "target": ["mon-mgr", ""]}) v1 -- 0x7f35ec1012e0 con 0x7f35d4038760
2023-07-14T11:55:36.741 INFO:teuthology.orchestra.run.smithi119.stdout:/usr/bin/ceph: stderr
2023-07-14T11:55:36.350+0000 7f35e8ff9700 1 -- 172.21.15.119:0/3003014595 <== mgr.14120 v2:172.21.15.119:6800/891378237 1 ==== mgr_command_reply(tid 0: 0 ) v1 ==== 8+0+16 (secure 0 0 0) 0x7f35ec1012e0 con 0x7f35d4038760
2023-07-14T11:55:36.741 INFO:teuthology.orchestra.run.smithi119.stdout:/usr/bin/ceph: stderr
2023-07-14T11:55:36.352+0000 7f35f2160700 1 -- 172.21.15.119:0/3003014595 >> [v2:172.21.15.119:6800/891378237,v1:172.21.15.119:6801/891378237] conn(0x7f35d4038760 msgr2=0x7f35d403ac10 secure :-1 s=STATE_CONNECTION_ESTABLISHED l=1).mark_down
2023-07-14T11:55:36.741 INFO:teuthology.orchestra.run.smithi119.stdout:/usr/bin/ceph: stderr
2023-07-14T11:55:36.352+0000 7f35f2160700 1 --2- 172.21.15.119:0/3003014595 >> [v2:172.21.15.119:6800/891378237,v1:172.21.15.119:6801/891378237] conn(0x7f35d4038760 0x7f35d403ac10 secure :-1 s=READY pgs=8 cs=0 l=1 rev1=1 crypto rx=0x7f35dc006fd0 tx=0x7f35dc006e40 comp rx=0 tx=0).stop
2023-07-14T11:55:36.742 INFO:teuthology.orchestra.run.smithi119.stdout:/usr/bin/ceph: stderr
2023-07-14T11:55:36.352+0000 7f35f2160700 1 -- 172.21.15.119:0/3003014595 >> [v2:172.21.15.119:3300/0,v1:172.21.15.119:6789/0] conn(0x7f35ec1036e0 msgr2=0x7f35ec1990b0 secure :-1 s=STATE_CONNECTION_ESTABLISHED l=1).mark_down
2023-07-14T11:55:36.742 INFO:teuthology.orchestra.run.smithi119.stdout:/usr/bin/ceph: stderr
2023-07-14T11:55:36.352+0000 7f35f2160700 1 --2- 172.21.15.119:0/3003014595 >> [v2:172.21.15.119:3300/0,v1:172.21.15.119:6789/0] conn(0x7f35ec1036e0 0x7f35ec1990b0 secure :-1 s=READY pgs=40 cs=0 l=1 rev1=1 crypto rx=0x7f35e0006af0 tx=0x7f35e0011ad0 comp rx=0 tx=0).stop
2023-07-14T11:55:36.742 INFO:teuthology.orchestra.run.smithi119.stdout:/usr/bin/ceph: stderr
2023-07-14T11:55:36.352+0000 7f35f2160700 1 -- 172.21.15.119:0/3003014595 shutdown_connections
2023-07-14T11:55:36.742 INFO:teuthology.orchestra.run.smithi119.stdout:/usr/bin/ceph: stderr
2023-07-14T11:55:36.352+0000 7f35f2160700 1 --2- 172.21.15.119:0/3003014595 >> [v2:172.21.15.119:6800/891378237,v1:172.21.15.119:6801/891378237] conn(0x7f35d4038760 0x7f35d403ac10 unknown :-1 s=CLOSED pgs=8 cs=0 l=1 rev1=1 crypto rx=0 tx=0 comp rx=0 tx=0).stop
2023-07-14T11:55:36.742 INFO:teuthology.orchestra.run.smithi119.stdout:/usr/bin/ceph: stderr
2023-07-14T11:55:36.352+0000 7f35f2160700 1 --2- 172.21.15.119:0/3003014595 >> [v2:172.21.15.119:3300/0,v1:172.21.15.119:6789/0] conn(0x7f35ec1036e0 0x7f35ec1990b0 unknown :-1 s=CLOSED pgs=40 cs=0 l=1 rev1=1 crypto rx=0 tx=0 comp rx=0 tx=0).stop
2023-07-14T11:55:36.742 INFO:teuthology.orchestra.run.smithi119.stdout:/usr/bin/ceph: stderr
2023-07-14T11:55:36.352+0000 7f35f2160700 1 -- 172.21.15.119:0/3003014595 >> 172.21.15.119:0/3003014595 conn(0x7f35ec0ff000 msgr2=0x7f35ec1006c0 unknown :-1 s=STATE_NONE l=0).mark_down
2023-07-14T11:55:36.742 INFO:teuthology.orchestra.run.smithi119.stdout:/usr/bin/ceph: stderr
2023-07-14T11:55:36.352+0000 7f35f2160700 1 -- 172.21.15.119:0/3003014595 shutdown_connections
2023-07-14T11:55:36.743 INFO:teuthology.orchestra.run.smithi119.stdout:/usr/bin/ceph: stderr
2023-07-14T11:55:36.352+0000 7f35f2160700 1 -- 172.21.15.119:0/3003014595 wait complete.
2023-07-14T11:55:36.743 INFO:teuthology.orchestra.run.smithi119.stdout:Generating ssh key...
2023-07-14T11:55:37.809 INFO:journalctl@ceph.mon.a.smithi119.stdout:Jul 14 11:55:37 smithi119 ceph-mon[96560]: from='client.14134 -' entity='client.admin' cmd=[{"prefix": "cephadm set-user", "user": "root", "target": ["mon-mgr", ""]}]: dispatch
2023-07-14T11:55:38.090 INFO:journalctl@ceph.mgr.x.smithi119.stdout:Jul 14 11:55:37 smithi119 ceph-185c7026-223d-11ee-9b33-001a4aab830c-mgr-x[96802]: Generating public/private rsa key pair.
2023-07-14T11:55:38.091 INFO:journalctl@ceph.mgr.x.smithi119.stdout:Jul 14 11:55:37 smithi119 ceph-185c7026-223d-11ee-9b33-001a4aab830c-mgr-x[96802]: Your identification has been saved in /tmp/tmpa1la70th/key.
2023-07-14T11:55:38.091 INFO:journalctl@ceph.mgr.x.smithi119.stdout:Jul 14 11:55:37 smithi119 ceph-185c7026-223d-11ee-9b33-001a4aab830c-mgr-x[96802]: Your public key has been saved in /tmp/tmpa1la70th/key.pub.
2023-07-14T11:55:38.091 INFO:journalctl@ceph.mgr.x.smithi119.stdout:Jul 14 11:55:37 smithi119 ceph-185c7026-223d-11ee-9b33-001a4aab830c-mgr-x[96802]: The key fingerprint is:
2023-07-14T11:55:38.091 INFO:journalctl@ceph.mgr.x.smithi119.stdout:Jul 14 11:55:37 smithi119 ceph-185c7026-223d-11ee-9b33-001a4aab830c-mgr-x[96802]: SHA256:VyV+HYdS3gTWrjvkd5zCnWJcp8kiKXMBZN5NOufWOt8 ceph-185c7026-223d-11ee-9b33-001a4aab830c
2023-07-14T11:55:38.091 INFO:journalctl@ceph.mgr.x.smithi119.stdout:Jul 14 11:55:37 smithi119 ceph-185c7026-223d-11ee-9b33-001a4aab830c-mgr-x[96802]: The key's randomart image is:
2023-07-14T11:55:38.091 INFO:journalctl@ceph.mgr.x.smithi119.stdout:Jul 14 11:55:37 smithi119 ceph-185c7026-223d-11ee-9b33-001a4aab830c-mgr-x[96802]: +---[RSA 3072]----+
2023-07-14T11:55:38.091 INFO:journalctl@ceph.mgr.x.smithi119.stdout:Jul 14 11:55:37 smithi119 ceph-185c7026-223d-11ee-9b33-001a4aab830c-mgr-x[96802]: | ..==o|
2023-07-14T11:55:38.092 INFO:journalctl@ceph.mgr.x.smithi119.stdout:Jul 14 11:55:37 smithi119 ceph-185c7026-223d-11ee-9b33-001a4aab830c-mgr-x[96802]: | o .o=.++|
2023-07-14T11:55:38.092 INFO:journalctl@ceph.mgr.x.smithi119.stdout:Jul 14 11:55:37 smithi119 ceph-185c7026-223d-11ee-9b33-001a4aab830c-mgr-x[96802]: | + . +o.o.o|
2023-07-14T11:55:38.092 INFO:journalctl@ceph.mgr.x.smithi119.stdout:Jul 14 11:55:37 smithi119 ceph-185c7026-223d-11ee-9b33-001a4aab830c-mgr-x[96802]: | o +.o. .|
2023-07-14T11:55:38.092 INFO:journalctl@ceph.mgr.x.smithi119.stdout:Jul 14 11:55:37 smithi119 ceph-185c7026-223d-11ee-9b33-001a4aab830c-mgr-x[96802]: | S..+ . . |
2023-07-14T11:55:38.092 INFO:journalctl@ceph.mgr.x.smithi119.stdout:Jul 14 11:55:37 smithi119 ceph-185c7026-223d-11ee-9b33-001a4aab830c-mgr-x[96802]: | .. o +..|
2023-07-14T11:55:38.092 INFO:journalctl@ceph.mgr.x.smithi119.stdout:Jul 14 11:55:37 smithi119 ceph-185c7026-223d-11ee-9b33-001a4aab830c-mgr-x[96802]: | +o=o=+|
2023-07-14T11:55:38.092 INFO:journalctl@ceph.mgr.x.smithi119.stdout:Jul 14 11:55:37 smithi119 ceph-185c7026-223d-11ee-9b33-001a4aab830c-mgr-x[96802]: | o + +*B=+|
2023-07-14T11:55:38.093 INFO:journalctl@ceph.mgr.x.smithi119.stdout:Jul 14 11:55:37 smithi119 ceph-185c7026-223d-11ee-9b33-001a4aab830c-mgr-x[96802]: | + ..++oE|
2023-07-14T11:55:38.093 INFO:journalctl@ceph.mgr.x.smithi119.stdout:Jul 14 11:55:37 smithi119 ceph-185c7026-223d-11ee-9b33-001a4aab830c-mgr-x[96802]: +----[SHA256]-----+
2023-07-14T11:55:38.178 INFO:teuthology.orchestra.run.smithi119.stdout:/usr/bin/ceph: stderr
2023-07-14T11:55:37.202+0000 7fc66c01e700 1 Processor -- start
2023-07-14T11:55:38.178 INFO:teuthology.orchestra.run.smithi119.stdout:/usr/bin/ceph: stderr
2023-07-14T11:55:37.202+0000 7fc66c01e700 1 -- start start
2023-07-14T11:55:38.179 INFO:teuthology.orchestra.run.smithi119.stdout:/usr/bin/ceph: stderr
2023-07-14T11:55:37.202+0000 7fc66c01e700 1 --2- >> [v2:172.21.15.119:3300/0,v1:172.21.15.119:6789/0] conn(0x7fc664105e60 0x7fc664108240 unknown :-1 s=NONE pgs=0 cs=0 l=0 rev1=0 crypto rx=0 tx=0 comp rx=0 tx=0).connect
2023-07-14T11:55:38.179 INFO:teuthology.orchestra.run.smithi119.stdout:/usr/bin/ceph: stderr
2023-07-14T11:55:37.202+0000 7fc66c01e700 1 -- --> [v2:172.21.15.119:3300/0,v1:172.21.15.119:6789/0] -- mon_getmap magic: 0 v1 -- 0x7fc664073de0 con 0x7fc664105e60
2023-07-14T11:55:38.179 INFO:teuthology.orchestra.run.smithi119.stdout:/usr/bin/ceph: stderr
2023-07-14T11:55:37.202+0000 7fc669dba700 1 --2- >> [v2:172.21.15.119:3300/0,v1:172.21.15.119:6789/0] conn(0x7fc664105e60 0x7fc664108240 unknown :-1 s=BANNER_CONNECTING pgs=0 cs=0 l=0 rev1=0 crypto rx=0 tx=0 comp rx=0 tx=0)._handle_peer_banner_payload supported=3 required=0
2023-07-14T11:55:38.179 INFO:teuthology.orchestra.run.smithi119.stdout:/usr/bin/ceph: stderr
2023-07-14T11:55:37.202+0000 7fc669dba700 1 --2- >> [v2:172.21.15.119:3300/0,v1:172.21.15.119:6789/0] conn(0x7fc664105e60 0x7fc664108240 unknown :-1 s=HELLO_CONNECTING pgs=0 cs=0 l=0 rev1=1 crypto rx=0 tx=0 comp rx=0 tx=0).handle_hello peer v2:172.21.15.119:3300/0 says I am v2:172.21.15.119:38000/0 (socket says 172.21.15.119:38000)
2023-07-14T11:55:38.179 INFO:teuthology.orchestra.run.smithi119.stdout:/usr/bin/ceph: stderr
2023-07-14T11:55:37.202+0000 7fc669dba700 1 -- 172.21.15.119:0/3020207626 learned_addr learned my addr 172.21.15.119:0/3020207626 (peer_addr_for_me v2:172.21.15.119:0/0)
2023-07-14T11:55:38.180 INFO:teuthology.orchestra.run.smithi119.stdout:/usr/bin/ceph: stderr
2023-07-14T11:55:37.203+0000 7fc669dba700 1 -- 172.21.15.119:0/3020207626 --> [v2:172.21.15.119:3300/0,v1:172.21.15.119:6789/0] -- mon_subscribe({config=0+,monmap=0+}) v3 -- 0x7fc664108780 con 0x7fc664105e60
2023-07-14T11:55:38.180 INFO:teuthology.orchestra.run.smithi119.stdout:/usr/bin/ceph: stderr
2023-07-14T11:55:37.203+0000 7fc669dba700 1 --2- 172.21.15.119:0/3020207626 >> [v2:172.21.15.119:3300/0,v1:172.21.15.119:6789/0] conn(0x7fc664105e60 0x7fc664108240 secure :-1 s=READY pgs=41 cs=0 l=1 rev1=1 crypto rx=0x7fc6600098a0 tx=0x7fc660009bb0 comp rx=0 tx=0).ready entity=mon.0 client_cookie=d7d5e949da39bb46 server_cookie=0 in_seq=0 out_seq=0
2023-07-14T11:55:38.180 INFO:teuthology.orchestra.run.smithi119.stdout:/usr/bin/ceph: stderr
2023-07-14T11:55:37.203+0000 7fc668db8700 1 -- 172.21.15.119:0/3020207626 <== mon.0 v2:172.21.15.119:3300/0 1 ==== mon_map magic: 0 v1 ==== 205+0+0 (secure 0 0 0) 0x7fc660004160 con 0x7fc664105e60
2023-07-14T11:55:38.180 INFO:teuthology.orchestra.run.smithi119.stdout:/usr/bin/ceph: stderr
2023-07-14T11:55:37.203+0000 7fc668db8700 1 -- 172.21.15.119:0/3020207626 <== mon.0 v2:172.21.15.119:3300/0 2 ==== config(26 keys) v1 ==== 1074+0+0 (secure 0 0 0) 0x7fc6600042c0 con 0x7fc664105e60
2023-07-14T11:55:38.180 INFO:teuthology.orchestra.run.smithi119.stdout:/usr/bin/ceph: stderr
2023-07-14T11:55:37.203+0000 7fc668db8700 1 -- 172.21.15.119:0/3020207626 <== mon.0 v2:172.21.15.119:3300/0 3 ==== mon_map magic: 0 v1 ==== 205+0+0 (secure 0 0 0) 0x7fc660011a00 con 0x7fc664105e60
2023-07-14T11:55:38.180 INFO:teuthology.orchestra.run.smithi119.stdout:/usr/bin/ceph: stderr
2023-07-14T11:55:37.203+0000 7fc66c01e700 1 -- 172.21.15.119:0/3020207626 >> [v2:172.21.15.119:3300/0,v1:172.21.15.119:6789/0] conn(0x7fc664105e60 msgr2=0x7fc664108240 secure :-1 s=STATE_CONNECTION_ESTABLISHED l=1).mark_down
2023-07-14T11:55:38.180 INFO:teuthology.orchestra.run.smithi119.stdout:/usr/bin/ceph: stderr
2023-07-14T11:55:37.203+0000 7fc66c01e700 1 --2- 172.21.15.119:0/3020207626 >> [v2:172.21.15.119:3300/0,v1:172.21.15.119:6789/0] conn(0x7fc664105e60 0x7fc664108240 secure :-1 s=READY pgs=41 cs=0 l=1 rev1=1 crypto rx=0x7fc6600098a0 tx=0x7fc660009bb0 comp rx=0 tx=0).stop
2023-07-14T11:55:38.181 INFO:teuthology.orchestra.run.smithi119.stdout:/usr/bin/ceph: stderr
2023-07-14T11:55:37.203+0000 7fc66c01e700 1 -- 172.21.15.119:0/3020207626 shutdown_connections
2023-07-14T11:55:38.181 INFO:teuthology.orchestra.run.smithi119.stdout:/usr/bin/ceph: stderr
2023-07-14T11:55:37.203+0000 7fc66c01e700 1 --2- 172.21.15.119:0/3020207626 >> [v2:172.21.15.119:3300/0,v1:172.21.15.119:6789/0] conn(0x7fc664105e60 0x7fc664108240 unknown :-1 s=CLOSED pgs=41 cs=0 l=1 rev1=1 crypto rx=0 tx=0 comp rx=0 tx=0).stop
2023-07-14T11:55:38.181 INFO:teuthology.orchestra.run.smithi119.stdout:/usr/bin/ceph: stderr
2023-07-14T11:55:37.203+0000 7fc66c01e700 1 -- 172.21.15.119:0/3020207626 >> 172.21.15.119:0/3020207626 conn(0x7fc6640ff860 msgr2=0x7fc664101cd0 unknown :-1 s=STATE_NONE l=0).mark_down
2023-07-14T11:55:38.181 INFO:teuthology.orchestra.run.smithi119.stdout:/usr/bin/ceph: stderr
2023-07-14T11:55:37.204+0000 7fc66c01e700 1 -- 172.21.15.119:0/3020207626 shutdown_connections
2023-07-14T11:55:38.181 INFO:teuthology.orchestra.run.smithi119.stdout:/usr/bin/ceph: stderr
2023-07-14T11:55:37.204+0000 7fc66c01e700 1 -- 172.21.15.119:0/3020207626 wait complete.
2023-07-14T11:55:38.181 INFO:teuthology.orchestra.run.smithi119.stdout:/usr/bin/ceph: stderr
2023-07-14T11:55:37.204+0000 7fc66c01e700 1 Processor -- start
2023-07-14T11:55:38.181 INFO:teuthology.orchestra.run.smithi119.stdout:/usr/bin/ceph: stderr
2023-07-14T11:55:37.204+0000 7fc66c01e700 1 -- start start
2023-07-14T11:55:38.181 INFO:teuthology.orchestra.run.smithi119.stdout:/usr/bin/ceph: stderr
2023-07-14T11:55:37.205+0000 7fc66c01e700 1 --2- >> [v2:172.21.15.119:3300/0,v1:172.21.15.119:6789/0] conn(0x7fc664105e60 0x7fc6641990d0 unknown :-1 s=NONE pgs=0 cs=0 l=1 rev1=0 crypto rx=0 tx=0 comp rx=0 tx=0).connect
2023-07-14T11:55:38.182 INFO:teuthology.orchestra.run.smithi119.stdout:/usr/bin/ceph: stderr
2023-07-14T11:55:37.205+0000 7fc66c01e700 1 -- --> [v2:172.21.15.119:3300/0,v1:172.21.15.119:6789/0] -- mon_getmap magic: 0 v1 -- 0x7fc664199610 con 0x7fc664105e60
2023-07-14T11:55:38.182 INFO:teuthology.orchestra.run.smithi119.stdout:/usr/bin/ceph: stderr
2023-07-14T11:55:37.205+0000 7fc669dba700 1 --2- >> [v2:172.21.15.119:3300/0,v1:172.21.15.119:6789/0] conn(0x7fc664105e60 0x7fc6641990d0 unknown :-1 s=BANNER_CONNECTING pgs=0 cs=0 l=1 rev1=0 crypto rx=0 tx=0 comp rx=0 tx=0)._handle_peer_banner_payload supported=3 required=0
2023-07-14T11:55:38.182 INFO:teuthology.orchestra.run.smithi119.stdout:/usr/bin/ceph: stderr
2023-07-14T11:55:37.205+0000 7fc669dba700 1 --2- >> [v2:172.21.15.119:3300/0,v1:172.21.15.119:6789/0] conn(0x7fc664105e60 0x7fc6641990d0 unknown :-1 s=HELLO_CONNECTING pgs=0 cs=0 l=1 rev1=1 crypto rx=0 tx=0 comp rx=0 tx=0).handle_hello peer v2:172.21.15.119:3300/0 says I am v2:172.21.15.119:38002/0 (socket says 172.21.15.119:38002)
2023-07-14T11:55:38.182 INFO:teuthology.orchestra.run.smithi119.stdout:/usr/bin/ceph: stderr
2023-07-14T11:55:37.205+0000 7fc669dba700 1 -- 172.21.15.119:0/2828676473 learned_addr learned my addr 172.21.15.119:0/2828676473 (peer_addr_for_me v2:172.21.15.119:0/0)
2023-07-14T11:55:38.182 INFO:teuthology.orchestra.run.smithi119.stdout:/usr/bin/ceph: stderr
2023-07-14T11:55:37.205+0000 7fc669dba700 1 -- 172.21.15.119:0/2828676473 --> [v2:172.21.15.119:3300/0,v1:172.21.15.119:6789/0] -- mon_subscribe({config=0+,monmap=0+}) v3 -- 0x7fc660009550 con 0x7fc664105e60
2023-07-14T11:55:38.182 INFO:teuthology.orchestra.run.smithi119.stdout:/usr/bin/ceph: stderr
2023-07-14T11:55:37.205+0000 7fc669dba700 1 --2- 172.21.15.119:0/2828676473 >> [v2:172.21.15.119:3300/0,v1:172.21.15.119:6789/0] conn(0x7fc664105e60 0x7fc6641990d0 secure :-1 s=READY pgs=42 cs=0 l=1 rev1=1 crypto rx=0x7fc660006af0 tx=0x7fc660011ad0 comp rx=0 tx=0).ready entity=mon.0 client_cookie=0 server_cookie=0 in_seq=0 out_seq=0
2023-07-14T11:55:38.182 INFO:teuthology.orchestra.run.smithi119.stdout:/usr/bin/ceph: stderr
2023-07-14T11:55:37.205+0000 7fc65affd700 1 -- 172.21.15.119:0/2828676473 <== mon.0 v2:172.21.15.119:3300/0 1 ==== mon_map magic: 0 v1 ==== 205+0+0 (secure 0 0 0) 0x7fc660003a40 con 0x7fc664105e60
2023-07-14T11:55:38.183 INFO:teuthology.orchestra.run.smithi119.stdout:/usr/bin/ceph: stderr
2023-07-14T11:55:37.205+0000 7fc66c01e700 1 -- 172.21.15.119:0/2828676473 --> [v2:172.21.15.119:3300/0,v1:172.21.15.119:6789/0] -- mon_subscribe({mgrmap=0+}) v3 -- 0x7fc664199810 con 0x7fc664105e60
2023-07-14T11:55:38.183 INFO:teuthology.orchestra.run.smithi119.stdout:/usr/bin/ceph: stderr
2023-07-14T11:55:37.205+0000 7fc65affd700 1 -- 172.21.15.119:0/2828676473 <== mon.0 v2:172.21.15.119:3300/0 2 ==== config(26 keys) v1 ==== 1074+0+0 (secure 0 0 0) 0x7fc660003ba0 con 0x7fc664105e60
2023-07-14T11:55:38.183 INFO:teuthology.orchestra.run.smithi119.stdout:/usr/bin/ceph: stderr
2023-07-14T11:55:37.205+0000 7fc65affd700 1 -- 172.21.15.119:0/2828676473 <== mon.0 v2:172.21.15.119:3300/0 3 ==== mon_map magic: 0 v1 ==== 205+0+0 (secure 0 0 0) 0x7fc66001a6e0 con 0x7fc664105e60
2023-07-14T11:55:38.183 INFO:teuthology.orchestra.run.smithi119.stdout:/usr/bin/ceph: stderr
2023-07-14T11:55:37.205+0000 7fc66c01e700 1 -- 172.21.15.119:0/2828676473 --> [v2:172.21.15.119:3300/0,v1:172.21.15.119:6789/0] -- mon_subscribe({osdmap=0}) v3 -- 0x7fc664199c30 con 0x7fc664105e60
2023-07-14T11:55:38.183 INFO:teuthology.orchestra.run.smithi119.stdout:/usr/bin/ceph: stderr
2023-07-14T11:55:37.206+0000 7fc65affd700 1 -- 172.21.15.119:0/2828676473 <== mon.0 v2:172.21.15.119:3300/0 4 ==== mgrmap(e 8) v1 ==== 45483+0+0 (secure 0 0 0) 0x7fc660024430 con 0x7fc664105e60
2023-07-14T11:55:38.183 INFO:teuthology.orchestra.run.smithi119.stdout:/usr/bin/ceph: stderr
2023-07-14T11:55:37.206+0000 7fc66c01e700 1 -- 172.21.15.119:0/2828676473 --> [v2:172.21.15.119:3300/0,v1:172.21.15.119:6789/0] -- mon_command({"prefix": "get_command_descriptions"} v 0) v1 -- 0x7fc664061b40 con 0x7fc664105e60
2023-07-14T11:55:38.183 INFO:teuthology.orchestra.run.smithi119.stdout:/usr/bin/ceph: stderr
2023-07-14T11:55:37.206+0000 7fc65affd700 1 --2- 172.21.15.119:0/2828676473 >> [v2:172.21.15.119:6800/891378237,v1:172.21.15.119:6801/891378237] conn(0x7fc650038710 0x7fc65003abc0 unknown :-1 s=NONE pgs=0 cs=0 l=1 rev1=0 crypto rx=0 tx=0 comp rx=0 tx=0).connect
2023-07-14T11:55:38.183 INFO:teuthology.orchestra.run.smithi119.stdout:/usr/bin/ceph: stderr
2023-07-14T11:55:37.206+0000 7fc65affd700 1 -- 172.21.15.119:0/2828676473 <== mon.0 v2:172.21.15.119:3300/0 5 ==== osd_map(2..2 src has 1..2) v4 ==== 940+0+0 (secure 0 0 0) 0x7fc66004c730 con 0x7fc664105e60
2023-07-14T11:55:38.184 INFO:teuthology.orchestra.run.smithi119.stdout:/usr/bin/ceph: stderr
2023-07-14T11:55:37.206+0000 7fc6695b9700 1 --2- 172.21.15.119:0/2828676473 >> [v2:172.21.15.119:6800/891378237,v1:172.21.15.119:6801/891378237] conn(0x7fc650038710 0x7fc65003abc0 unknown :-1 s=BANNER_CONNECTING pgs=0 cs=0 l=1 rev1=0 crypto rx=0 tx=0 comp rx=0 tx=0)._handle_peer_banner_payload supported=3 required=0
2023-07-14T11:55:38.184 INFO:teuthology.orchestra.run.smithi119.stdout:/usr/bin/ceph: stderr
2023-07-14T11:55:37.207+0000 7fc6695b9700 1 --2- 172.21.15.119:0/2828676473 >> [v2:172.21.15.119:6800/891378237,v1:172.21.15.119:6801/891378237] conn(0x7fc650038710 0x7fc65003abc0 secure :-1 s=READY pgs=9 cs=0 l=1 rev1=1 crypto rx=0x7fc654006fd0 tx=0x7fc654006e40 comp rx=0 tx=0).ready entity=mgr.14120 client_cookie=0 server_cookie=0 in_seq=0 out_seq=0
2023-07-14T11:55:38.184 INFO:teuthology.orchestra.run.smithi119.stdout:/usr/bin/ceph: stderr
2023-07-14T11:55:37.211+0000 7fc65affd700 1 -- 172.21.15.119:0/2828676473 <== mon.0 v2:172.21.15.119:3300/0 6 ==== mon_command_ack([{"prefix": "get_command_descriptions"}]=0 v0) v1 ==== 72+0+178038 (secure 0 0 0) 0x7fc6600246e0 con 0x7fc664105e60
2023-07-14T11:55:38.184 INFO:teuthology.orchestra.run.smithi119.stdout:/usr/bin/ceph: stderr
2023-07-14T11:55:37.398+0000 7fc66c01e700 1 -- 172.21.15.119:0/2828676473 --> [v2:172.21.15.119:6800/891378237,v1:172.21.15.119:6801/891378237] -- mgr_command(tid 0: {"prefix": "cephadm generate-key", "target": ["mon-mgr", ""]}) v1 -- 0x7fc664100d40 con 0x7fc650038710
2023-07-14T11:55:38.184 INFO:teuthology.orchestra.run.smithi119.stdout:/usr/bin/ceph: stderr
2023-07-14T11:55:37.832+0000 7fc65affd700 1 -- 172.21.15.119:0/2828676473 <== mgr.14120 v2:172.21.15.119:6800/891378237 1 ==== mgr_command_reply(tid 0: 0 ) v1 ==== 8+0+0 (secure 0 0 0) 0x7fc664100d40 con 0x7fc650038710
2023-07-14T11:55:38.184 INFO:teuthology.orchestra.run.smithi119.stdout:/usr/bin/ceph: stderr
2023-07-14T11:55:37.834+0000 7fc66c01e700 1 -- 172.21.15.119:0/2828676473 >> [v2:172.21.15.119:6800/891378237,v1:172.21.15.119:6801/891378237] conn(0x7fc650038710 msgr2=0x7fc65003abc0 secure :-1 s=STATE_CONNECTION_ESTABLISHED l=1).mark_down
2023-07-14T11:55:38.184 INFO:teuthology.orchestra.run.smithi119.stdout:/usr/bin/ceph: stderr
2023-07-14T11:55:37.834+0000 7fc66c01e700 1 --2- 172.21.15.119:0/2828676473 >> [v2:172.21.15.119:6800/891378237,v1:172.21.15.119:6801/891378237] conn(0x7fc650038710 0x7fc65003abc0 secure :-1 s=READY pgs=9 cs=0 l=1 rev1=1 crypto rx=0x7fc654006fd0 tx=0x7fc654006e40 comp rx=0 tx=0).stop
2023-07-14T11:55:38.185 INFO:teuthology.orchestra.run.smithi119.stdout:/usr/bin/ceph: stderr
2023-07-14T11:55:37.834+0000 7fc66c01e700 1 -- 172.21.15.119:0/2828676473 >> [v2:172.21.15.119:3300/0,v1:172.21.15.119:6789/0] conn(0x7fc664105e60 msgr2=0x7fc6641990d0 secure :-1 s=STATE_CONNECTION_ESTABLISHED l=1).mark_down
2023-07-14T11:55:38.185 INFO:teuthology.orchestra.run.smithi119.stdout:/usr/bin/ceph: stderr
2023-07-14T11:55:37.834+0000 7fc66c01e700 1 --2- 172.21.15.119:0/2828676473 >> [v2:172.21.15.119:3300/0,v1:172.21.15.119:6789/0] conn(0x7fc664105e60 0x7fc6641990d0 secure :-1 s=READY pgs=42 cs=0 l=1 rev1=1 crypto rx=0x7fc660006af0 tx=0x7fc660011ad0 comp rx=0 tx=0).stop
2023-07-14T11:55:38.185 INFO:teuthology.orchestra.run.smithi119.stdout:/usr/bin/ceph: stderr
2023-07-14T11:55:37.834+0000 7fc66c01e700 1 -- 172.21.15.119:0/2828676473 shutdown_connections
2023-07-14T11:55:38.185 INFO:teuthology.orchestra.run.smithi119.stdout:/usr/bin/ceph: stderr
2023-07-14T11:55:37.834+0000 7fc66c01e700 1 --2- 172.21.15.119:0/2828676473 >> [v2:172.21.15.119:6800/891378237,v1:172.21.15.119:6801/891378237] conn(0x7fc650038710 0x7fc65003abc0 unknown :-1 s=CLOSED pgs=9 cs=0 l=1 rev1=1 crypto rx=0 tx=0 comp rx=0 tx=0).stop
2023-07-14T11:55:38.185 INFO:teuthology.orchestra.run.smithi119.stdout:/usr/bin/ceph: stderr
2023-07-14T11:55:37.834+0000 7fc66c01e700 1 --2- 172.21.15.119:0/2828676473 >> [v2:172.21.15.119:3300/0,v1:172.21.15.119:6789/0] conn(0x7fc664105e60 0x7fc6641990d0 unknown :-1 s=CLOSED pgs=42 cs=0 l=1 rev1=1 crypto rx=0 tx=0 comp rx=0 tx=0).stop
2023-07-14T11:55:38.185 INFO:teuthology.orchestra.run.smithi119.stdout:/usr/bin/ceph: stderr
2023-07-14T11:55:37.834+0000 7fc66c01e700 1 -- 172.21.15.119:0/2828676473 >> 172.21.15.119:0/2828676473 conn(0x7fc6640ff860 msgr2=0x7fc664100630 unknown :-1 s=STATE_NONE l=0).mark_down
2023-07-14T11:55:38.185 INFO:teuthology.orchestra.run.smithi119.stdout:/usr/bin/ceph: stderr
2023-07-14T11:55:37.834+0000 7fc66c01e700 1 -- 172.21.15.119:0/2828676473 shutdown_connections
2023-07-14T11:55:38.186 INFO:teuthology.orchestra.run.smithi119.stdout:/usr/bin/ceph: stderr
2023-07-14T11:55:37.835+0000 7fc66c01e700 1 -- 172.21.15.119:0/2828676473 wait complete.
2023-07-14T11:55:39.090 INFO:journalctl@ceph.mon.a.smithi119.stdout:Jul 14 11:55:38 smithi119 ceph-mon[96560]: from='client.14136 -' entity='client.admin' cmd=[{"prefix": "cephadm generate-key", "target": ["mon-mgr", ""]}]: dispatch
2023-07-14T11:55:39.091 INFO:journalctl@ceph.mon.a.smithi119.stdout:Jul 14 11:55:38 smithi119 ceph-mon[96560]: Generating ssh key...
2023-07-14T11:55:39.091 INFO:journalctl@ceph.mon.a.smithi119.stdout:Jul 14 11:55:38 smithi119 ceph-mon[96560]: from='mgr.14120 172.21.15.119:0/787996889' entity='mgr.x'
2023-07-14T11:55:39.091 INFO:journalctl@ceph.mon.a.smithi119.stdout:Jul 14 11:55:38 smithi119 ceph-mon[96560]: from='mgr.14120 172.21.15.119:0/787996889' entity='mgr.x'
2023-07-14T11:55:39.121 INFO:teuthology.orchestra.run.smithi119.stdout:/usr/bin/ceph: stdout ssh-rsa AAAAB3NzaC1yc2EAAAADAQABAAABgQCvn/fZVkH52/WPt4fPo67BfcG4CZMqDlGzII9Yh1VkCFE4661ceZd37lmmJ7uEEhJYlF10chJAkOnRBfYwT9GxrUVBSFDnZWSPX10ke1o2FaHZq+cDJuoJd6tuYvYAJEKqvIFD4NKKM3LTo3XcQFdZPjzYRMq/T8QMFrQb3sxqp2kUHXU97SEoqnz02BKl9Wz4TSlrfN0+JRUaKSZ3G3FaQ4MstMHwLIX/IC9uBuoAV8KvjAErrZrxFOJywsTBc59144JQvVPLvV6OYE5B5U6Urgz8vjwJHE+RtF6O454g5O/fp04AoclfHX7h0EnoPNRYrggvIMEF3cqQOlFMkFOCcD/e0oYLRerZ/VRAGwFy9BzDEVEnRQTbXY9rYhNOdOs9f5AJ+AHHJRkqcFbK6CoFNkN7PDL2jA77XPNGSXcA12AH6AAVouF1dc/lg8NKXVrodP9G0zadMZz5l/Y+j82qCjZj6/NQLiULHKg4lHdfqq7f+XuQJv0695FanAufJs0= ceph-185c7026-223d-11ee-9b33-001a4aab830c
2023-07-14T11:55:39.121 INFO:teuthology.orchestra.run.smithi119.stdout:/usr/bin/ceph: stderr
2023-07-14T11:55:38.626+0000 7f184e261700 1 Processor -- start
2023-07-14T11:55:39.121 INFO:teuthology.orchestra.run.smithi119.stdout:/usr/bin/ceph: stderr
2023-07-14T11:55:38.626+0000 7f184e261700 1 -- start start
2023-07-14T11:55:39.121 INFO:teuthology.orchestra.run.smithi119.stdout:/usr/bin/ceph: stderr
2023-07-14T11:55:38.626+0000 7f184e261700 1 --2- >> [v2:172.21.15.119:3300/0,v1:172.21.15.119:6789/0] conn(0x7f1848105e70 0x7f1848108250 unknown :-1 s=NONE pgs=0 cs=0 l=0 rev1=0 crypto rx=0 tx=0 comp rx=0 tx=0).connect
2023-07-14T11:55:39.122 INFO:teuthology.orchestra.run.smithi119.stdout:/usr/bin/ceph: stderr
2023-07-14T11:55:38.626+0000 7f184e261700 1 -- --> [v2:172.21.15.119:3300/0,v1:172.21.15.119:6789/0] -- mon_getmap magic: 0 v1 -- 0x7f1848079eb0 con 0x7f1848105e70
2023-07-14T11:55:39.122 INFO:teuthology.orchestra.run.smithi119.stdout:/usr/bin/ceph: stderr
2023-07-14T11:55:38.626+0000 7f18477fe700 1 --2- >> [v2:172.21.15.119:3300/0,v1:172.21.15.119:6789/0] conn(0x7f1848105e70 0x7f1848108250 unknown :-1 s=BANNER_CONNECTING pgs=0 cs=0 l=0 rev1=0 crypto rx=0 tx=0 comp rx=0 tx=0)._handle_peer_banner_payload supported=3 required=0
2023-07-14T11:55:39.122 INFO:teuthology.orchestra.run.smithi119.stdout:/usr/bin/ceph: stderr
2023-07-14T11:55:38.626+0000 7f18477fe700 1 --2- >> [v2:172.21.15.119:3300/0,v1:172.21.15.119:6789/0] conn(0x7f1848105e70 0x7f1848108250 unknown :-1 s=HELLO_CONNECTING pgs=0 cs=0 l=0 rev1=1 crypto rx=0 tx=0 comp rx=0 tx=0).handle_hello peer v2:172.21.15.119:3300/0 says I am v2:172.21.15.119:38006/0 (socket says 172.21.15.119:38006)
2023-07-14T11:55:39.122 INFO:teuthology.orchestra.run.smithi119.stdout:/usr/bin/ceph: stderr
2023-07-14T11:55:38.626+0000 7f18477fe700 1 -- 172.21.15.119:0/914055318 learned_addr learned my addr 172.21.15.119:0/914055318 (peer_addr_for_me v2:172.21.15.119:0/0)
2023-07-14T11:55:39.122 INFO:teuthology.orchestra.run.smithi119.stdout:/usr/bin/ceph: stderr
2023-07-14T11:55:38.627+0000 7f18477fe700 1 -- 172.21.15.119:0/914055318 --> [v2:172.21.15.119:3300/0,v1:172.21.15.119:6789/0] -- mon_subscribe({config=0+,monmap=0+}) v3 -- 0x7f1848108790 con 0x7f1848105e70
2023-07-14T11:55:39.122 INFO:teuthology.orchestra.run.smithi119.stdout:/usr/bin/ceph: stderr
2023-07-14T11:55:38.627+0000 7f18477fe700 1 --2- 172.21.15.119:0/914055318 >> [v2:172.21.15.119:3300/0,v1:172.21.15.119:6789/0] conn(0x7f1848105e70 0x7f1848108250 secure :-1 s=READY pgs=43 cs=0 l=1 rev1=1 crypto rx=0x7f18380098a0 tx=0x7f1838009bb0 comp rx=0 tx=0).ready entity=mon.0 client_cookie=43b504a733b61952 server_cookie=0 in_seq=0 out_seq=0
2023-07-14T11:55:39.122 INFO:teuthology.orchestra.run.smithi119.stdout:/usr/bin/ceph: stderr
2023-07-14T11:55:38.627+0000 7f18467fc700 1 -- 172.21.15.119:0/914055318 <== mon.0 v2:172.21.15.119:3300/0 1 ==== mon_map magic: 0 v1 ==== 205+0+0 (secure 0 0 0) 0x7f1838004160 con 0x7f1848105e70
2023-07-14T11:55:39.122 INFO:teuthology.orchestra.run.smithi119.stdout:/usr/bin/ceph: stderr
2023-07-14T11:55:38.627+0000 7f18467fc700 1 -- 172.21.15.119:0/914055318 <== mon.0 v2:172.21.15.119:3300/0 2 ==== config(26 keys) v1 ==== 1074+0+0 (secure 0 0 0) 0x7f18380042c0 con 0x7f1848105e70
2023-07-14T11:55:39.123 INFO:teuthology.orchestra.run.smithi119.stdout:/usr/bin/ceph: stderr
2023-07-14T11:55:38.627+0000 7f18467fc700 1 -- 172.21.15.119:0/914055318 <== mon.0 v2:172.21.15.119:3300/0 3 ==== mon_map magic: 0 v1 ==== 205+0+0 (secure 0 0 0) 0x7f1838011a00 con 0x7f1848105e70
