2023-07-14T11:55:27.609+0000 7fa111346700 1 --2- 172.21.15.119:0/1131081922 >> [v2:172.21.15.119:3300/0,v1:172.21.15.119:6789/0] conn(0x7fa10c105ea0 0x7fa10c108280 unknown :-1 s=CLOSED pgs=26 cs=0 l=1 rev1=1 crypto rx=0 tx=0 comp rx=0 tx=0).stop
2023-07-14T11:55:28.194 INFO:teuthology.orchestra.run.smithi119.stdout:/usr/bin/ceph: stderr
2023-07-14T11:55:27.609+0000 7fa111346700 1 -- 172.21.15.119:0/1131081922 >> 172.21.15.119:0/1131081922 conn(0x7fa10c0ff860 msgr2=0x7fa10c101cd0 unknown :-1 s=STATE_NONE l=0).mark_down
2023-07-14T11:55:28.195 INFO:teuthology.orchestra.run.smithi119.stdout:/usr/bin/ceph: stderr
2023-07-14T11:55:27.609+0000 7fa111346700 1 -- 172.21.15.119:0/1131081922 shutdown_connections
2023-07-14T11:55:28.195 INFO:teuthology.orchestra.run.smithi119.stdout:/usr/bin/ceph: stderr
2023-07-14T11:55:27.609+0000 7fa111346700 1 -- 172.21.15.119:0/1131081922 wait complete.
2023-07-14T11:55:28.195 INFO:teuthology.orchestra.run.smithi119.stdout:/usr/bin/ceph: stderr
2023-07-14T11:55:27.609+0000 7fa111346700 1 Processor -- start
2023-07-14T11:55:28.195 INFO:teuthology.orchestra.run.smithi119.stdout:/usr/bin/ceph: stderr
2023-07-14T11:55:27.609+0000 7fa111346700 1 -- start start
2023-07-14T11:55:28.195 INFO:teuthology.orchestra.run.smithi119.stdout:/usr/bin/ceph: stderr
2023-07-14T11:55:27.609+0000 7fa111346700 1 --2- >> [v2:172.21.15.119:3300/0,v1:172.21.15.119:6789/0] conn(0x7fa10c105ea0 0x7fa10c1990c0 unknown :-1 s=NONE pgs=0 cs=0 l=1 rev1=0 crypto rx=0 tx=0 comp rx=0 tx=0).connect
2023-07-14T11:55:28.195 INFO:teuthology.orchestra.run.smithi119.stdout:/usr/bin/ceph: stderr
2023-07-14T11:55:27.610+0000 7fa111346700 1 -- --> [v2:172.21.15.119:3300/0,v1:172.21.15.119:6789/0] -- mon_getmap magic: 0 v1 -- 0x7fa10c199600 con 0x7fa10c105ea0
2023-07-14T11:55:28.196 INFO:teuthology.orchestra.run.smithi119.stdout:/usr/bin/ceph: stderr
2023-07-14T11:55:27.610+0000 7fa10affd700 1 --2- >> [v2:172.21.15.119:3300/0,v1:172.21.15.119:6789/0] conn(0x7fa10c105ea0 0x7fa10c1990c0 unknown :-1 s=BANNER_CONNECTING pgs=0 cs=0 l=1 rev1=0 crypto rx=0 tx=0 comp rx=0 tx=0)._handle_peer_banner_payload supported=3 required=0
2023-07-14T11:55:28.196 INFO:teuthology.orchestra.run.smithi119.stdout:/usr/bin/ceph: stderr
2023-07-14T11:55:27.610+0000 7fa10affd700 1 --2- >> [v2:172.21.15.119:3300/0,v1:172.21.15.119:6789/0] conn(0x7fa10c105ea0 0x7fa10c1990c0 unknown :-1 s=HELLO_CONNECTING pgs=0 cs=0 l=1 rev1=1 crypto rx=0 tx=0 comp rx=0 tx=0).handle_hello peer v2:172.21.15.119:3300/0 says I am v2:172.21.15.119:37924/0 (socket says 172.21.15.119:37924)
2023-07-14T11:55:28.196 INFO:teuthology.orchestra.run.smithi119.stdout:/usr/bin/ceph: stderr
2023-07-14T11:55:27.610+0000 7fa10affd700 1 -- 172.21.15.119:0/1171955326 learned_addr learned my addr 172.21.15.119:0/1171955326 (peer_addr_for_me v2:172.21.15.119:0/0)
2023-07-14T11:55:28.196 INFO:teuthology.orchestra.run.smithi119.stdout:/usr/bin/ceph: stderr
2023-07-14T11:55:27.610+0000 7fa10affd700 1 -- 172.21.15.119:0/1171955326 --> [v2:172.21.15.119:3300/0,v1:172.21.15.119:6789/0] -- mon_subscribe({config=0+,monmap=0+}) v3 -- 0x7fa0fc009550 con 0x7fa10c105ea0
2023-07-14T11:55:28.196 INFO:teuthology.orchestra.run.smithi119.stdout:/usr/bin/ceph: stderr
2023-07-14T11:55:27.610+0000 7fa10affd700 1 --2- 172.21.15.119:0/1171955326 >> [v2:172.21.15.119:3300/0,v1:172.21.15.119:6789/0] conn(0x7fa10c105ea0 0x7fa10c1990c0 secure :-1 s=READY pgs=27 cs=0 l=1 rev1=1 crypto rx=0x7fa0fc009fb0 tx=0x7fa0fc011ad0 comp rx=0 tx=0).ready entity=mon.0 client_cookie=0 server_cookie=0 in_seq=0 out_seq=0
2023-07-14T11:55:28.196 INFO:teuthology.orchestra.run.smithi119.stdout:/usr/bin/ceph: stderr
2023-07-14T11:55:27.610+0000 7fa0f3fff700 1 -- 172.21.15.119:0/1171955326 <== mon.0 v2:172.21.15.119:3300/0 1 ==== mon_map magic: 0 v1 ==== 205+0+0 (secure 0 0 0) 0x7fa0fc003930 con 0x7fa10c105ea0
2023-07-14T11:55:28.196 INFO:teuthology.orchestra.run.smithi119.stdout:/usr/bin/ceph: stderr
2023-07-14T11:55:27.610+0000 7fa0f3fff700 1 -- 172.21.15.119:0/1171955326 <== mon.0 v2:172.21.15.119:3300/0 2 ==== config(26 keys) v1 ==== 1074+0+0 (secure 0 0 0) 0x7fa0fc003a90 con 0x7fa10c105ea0
2023-07-14T11:55:28.197 INFO:teuthology.orchestra.run.smithi119.stdout:/usr/bin/ceph: stderr
2023-07-14T11:55:27.610+0000 7fa111346700 1 -- 172.21.15.119:0/1171955326 --> [v2:172.21.15.119:3300/0,v1:172.21.15.119:6789/0] -- mon_subscribe({mgrmap=0+}) v3 -- 0x7fa10c199800 con 0x7fa10c105ea0
2023-07-14T11:55:28.197 INFO:teuthology.orchestra.run.smithi119.stdout:/usr/bin/ceph: stderr
2023-07-14T11:55:27.610+0000 7fa0f3fff700 1 -- 172.21.15.119:0/1171955326 <== mon.0 v2:172.21.15.119:3300/0 3 ==== mon_map magic: 0 v1 ==== 205+0+0 (secure 0 0 0) 0x7fa0fc019610 con 0x7fa10c105ea0
2023-07-14T11:55:28.197 INFO:teuthology.orchestra.run.smithi119.stdout:/usr/bin/ceph: stderr
2023-07-14T11:55:27.610+0000 7fa111346700 1 -- 172.21.15.119:0/1171955326 --> [v2:172.21.15.119:3300/0,v1:172.21.15.119:6789/0] -- mon_subscribe({osdmap=0}) v3 -- 0x7fa10c199c20 con 0x7fa10c105ea0
2023-07-14T11:55:28.197 INFO:teuthology.orchestra.run.smithi119.stdout:/usr/bin/ceph: stderr
2023-07-14T11:55:27.611+0000 7fa0f3fff700 1 -- 172.21.15.119:0/1171955326 <== mon.0 v2:172.21.15.119:3300/0 4 ==== mgrmap(e 5) v1 ==== 45483+0+0 (secure 0 0 0) 0x7fa0fc0198d0 con 0x7fa10c105ea0
2023-07-14T11:55:28.197 INFO:teuthology.orchestra.run.smithi119.stdout:/usr/bin/ceph: stderr
2023-07-14T11:55:27.611+0000 7fa0f3fff700 1 --2- 172.21.15.119:0/1171955326 >> [v2:172.21.15.119:6800/2410033383,v1:172.21.15.119:6801/2410033383] conn(0x7fa0f40386c0 0x7fa0f403ab70 unknown :-1 s=NONE pgs=0 cs=0 l=1 rev1=0 crypto rx=0 tx=0 comp rx=0 tx=0).connect
2023-07-14T11:55:28.197 INFO:teuthology.orchestra.run.smithi119.stdout:/usr/bin/ceph: stderr
2023-07-14T11:55:27.611+0000 7fa0f3fff700 1 -- 172.21.15.119:0/1171955326 <== mon.0 v2:172.21.15.119:3300/0 5 ==== osd_map(1..1 src has 1..1) v4 ==== 725+0+0 (secure 0 0 0) 0x7fa0fc04c520 con 0x7fa10c105ea0
2023-07-14T11:55:28.197 INFO:teuthology.orchestra.run.smithi119.stdout:/usr/bin/ceph: stderr
2023-07-14T11:55:27.611+0000 7fa10a7fc700 1 -- 172.21.15.119:0/1171955326 >> [v2:172.21.15.119:6800/2410033383,v1:172.21.15.119:6801/2410033383] conn(0x7fa0f40386c0 msgr2=0x7fa0f403ab70 unknown :-1 s=STATE_CONNECTING_RE l=1).process reconnect failed to v2:172.21.15.119:6800/2410033383
2023-07-14T11:55:28.198 INFO:teuthology.orchestra.run.smithi119.stdout:/usr/bin/ceph: stderr
2023-07-14T11:55:27.611+0000 7fa10a7fc700 1 --2- 172.21.15.119:0/1171955326 >> [v2:172.21.15.119:6800/2410033383,v1:172.21.15.119:6801/2410033383] conn(0x7fa0f40386c0 0x7fa0f403ab70 unknown :-1 s=START_CONNECT pgs=0 cs=0 l=1 rev1=0 crypto rx=0 tx=0 comp rx=0 tx=0)._fault waiting 0.200000
2023-07-14T11:55:28.198 INFO:teuthology.orchestra.run.smithi119.stdout:/usr/bin/ceph: stderr
2023-07-14T11:55:27.611+0000 7fa111346700 1 -- 172.21.15.119:0/1171955326 --> [v2:172.21.15.119:3300/0,v1:172.21.15.119:6789/0] -- mon_command({"prefix": "get_command_descriptions"} v 0) v1 -- 0x7fa10c061b40 con 0x7fa10c105ea0
2023-07-14T11:55:28.198 INFO:teuthology.orchestra.run.smithi119.stdout:/usr/bin/ceph: stderr
2023-07-14T11:55:27.616+0000 7fa0f3fff700 1 -- 172.21.15.119:0/1171955326 <== mon.0 v2:172.21.15.119:3300/0 6 ==== mon_command_ack([{"prefix": "get_command_descriptions"}]=0 v0) v1 ==== 72+0+178038 (secure 0 0 0) 0x7fa0fc019bd0 con 0x7fa10c105ea0
2023-07-14T11:55:28.198 INFO:teuthology.orchestra.run.smithi119.stdout:/usr/bin/ceph: stderr
2023-07-14T11:55:27.812+0000 7fa10a7fc700 1 -- 172.21.15.119:0/1171955326 >> [v2:172.21.15.119:6800/2410033383,v1:172.21.15.119:6801/2410033383] conn(0x7fa0f40386c0 msgr2=0x7fa0f403ab70 unknown :-1 s=STATE_CONNECTING_RE l=1).process reconnect failed to v2:172.21.15.119:6800/2410033383
2023-07-14T11:55:28.198 INFO:teuthology.orchestra.run.smithi119.stdout:/usr/bin/ceph: stderr
2023-07-14T11:55:27.812+0000 7fa10a7fc700 1 --2- 172.21.15.119:0/1171955326 >> [v2:172.21.15.119:6800/2410033383,v1:172.21.15.119:6801/2410033383] conn(0x7fa0f40386c0 0x7fa0f403ab70 unknown :-1 s=START_CONNECT pgs=0 cs=0 l=1 rev1=0 crypto rx=0 tx=0 comp rx=0 tx=0)._fault waiting 0.400000
2023-07-14T11:55:28.199 INFO:teuthology.orchestra.run.smithi119.stdout:/usr/bin/ceph: stderr
2023-07-14T11:55:27.863+0000 7fa111346700 1 -- 172.21.15.119:0/1171955326 --> [v2:172.21.15.119:3300/0,v1:172.21.15.119:6789/0] -- mon_command({"prefix": "mgr stat"} v 0) v1 -- 0x7fa10c19c750 con 0x7fa10c105ea0
2023-07-14T11:55:28.199 INFO:teuthology.orchestra.run.smithi119.stdout:/usr/bin/ceph: stderr
2023-07-14T11:55:27.864+0000 7fa0f3fff700 1 -- 172.21.15.119:0/1171955326 <== mon.0 v2:172.21.15.119:3300/0 7 ==== mon_command_ack([{"prefix": "mgr stat"}]=0 v5) v1 ==== 56+0+88 (secure 0 0 0) 0x7fa0fc018b40 con 0x7fa10c105ea0
2023-07-14T11:55:28.199 INFO:teuthology.orchestra.run.smithi119.stdout:/usr/bin/ceph: stderr
2023-07-14T11:55:27.866+0000 7fa111346700 1 -- 172.21.15.119:0/1171955326 >> [v2:172.21.15.119:6800/2410033383,v1:172.21.15.119:6801/2410033383] conn(0x7fa0f40386c0 msgr2=0x7fa0f403ab70 unknown :-1 s=STATE_CONNECTING l=1).mark_down
2023-07-14T11:55:28.199 INFO:teuthology.orchestra.run.smithi119.stdout:/usr/bin/ceph: stderr
2023-07-14T11:55:27.866+0000 7fa111346700 1 --2- 172.21.15.119:0/1171955326 >> [v2:172.21.15.119:6800/2410033383,v1:172.21.15.119:6801/2410033383] conn(0x7fa0f40386c0 0x7fa0f403ab70 unknown :-1 s=START_CONNECT pgs=0 cs=0 l=1 rev1=0 crypto rx=0 tx=0 comp rx=0 tx=0).stop
2023-07-14T11:55:28.199 INFO:teuthology.orchestra.run.smithi119.stdout:/usr/bin/ceph: stderr
2023-07-14T11:55:27.866+0000 7fa111346700 1 -- 172.21.15.119:0/1171955326 >> [v2:172.21.15.119:3300/0,v1:172.21.15.119:6789/0] conn(0x7fa10c105ea0 msgr2=0x7fa10c1990c0 secure :-1 s=STATE_CONNECTION_ESTABLISHED l=1).mark_down
2023-07-14T11:55:28.199 INFO:teuthology.orchestra.run.smithi119.stdout:/usr/bin/ceph: stderr
2023-07-14T11:55:27.866+0000 7fa111346700 1 --2- 172.21.15.119:0/1171955326 >> [v2:172.21.15.119:3300/0,v1:172.21.15.119:6789/0] conn(0x7fa10c105ea0 0x7fa10c1990c0 secure :-1 s=READY pgs=27 cs=0 l=1 rev1=1 crypto rx=0x7fa0fc009fb0 tx=0x7fa0fc011ad0 comp rx=0 tx=0).stop
2023-07-14T11:55:28.199 INFO:teuthology.orchestra.run.smithi119.stdout:/usr/bin/ceph: stderr
2023-07-14T11:55:27.866+0000 7fa111346700 1 -- 172.21.15.119:0/1171955326 shutdown_connections
2023-07-14T11:55:28.199 INFO:teuthology.orchestra.run.smithi119.stdout:/usr/bin/ceph: stderr
2023-07-14T11:55:27.866+0000 7fa111346700 1 --2- 172.21.15.119:0/1171955326 >> [v2:172.21.15.119:6800/2410033383,v1:172.21.15.119:6801/2410033383] conn(0x7fa0f40386c0 0x7fa0f403ab70 unknown :-1 s=CLOSED pgs=0 cs=0 l=1 rev1=0 crypto rx=0 tx=0 comp rx=0 tx=0).stop
2023-07-14T11:55:28.200 INFO:teuthology.orchestra.run.smithi119.stdout:/usr/bin/ceph: stderr
2023-07-14T11:55:27.866+0000 7fa111346700 1 --2- 172.21.15.119:0/1171955326 >> [v2:172.21.15.119:3300/0,v1:172.21.15.119:6789/0] conn(0x7fa10c105ea0 0x7fa10c1990c0 unknown :-1 s=CLOSED pgs=27 cs=0 l=1 rev1=1 crypto rx=0 tx=0 comp rx=0 tx=0).stop
2023-07-14T11:55:28.200 INFO:teuthology.orchestra.run.smithi119.stdout:/usr/bin/ceph: stderr
2023-07-14T11:55:27.866+0000 7fa111346700 1 -- 172.21.15.119:0/1171955326 >> 172.21.15.119:0/1171955326 conn(0x7fa10c0ff860 msgr2=0x7fa10c100620 unknown :-1 s=STATE_NONE l=0).mark_down
2023-07-14T11:55:28.200 INFO:teuthology.orchestra.run.smithi119.stdout:/usr/bin/ceph: stderr
2023-07-14T11:55:27.866+0000 7fa111346700 1 -- 172.21.15.119:0/1171955326 shutdown_connections
2023-07-14T11:55:28.200 INFO:teuthology.orchestra.run.smithi119.stdout:/usr/bin/ceph: stderr
2023-07-14T11:55:27.866+0000 7fa111346700 1 -- 172.21.15.119:0/1171955326 wait complete.
2023-07-14T11:55:28.200 INFO:teuthology.orchestra.run.smithi119.stdout:Waiting for the mgr to restart...
2023-07-14T11:55:28.200 INFO:teuthology.orchestra.run.smithi119.stdout:Waiting for mgr epoch 5...
2023-07-14T11:55:28.340 INFO:journalctl@ceph.mgr.x.smithi119.stdout:Jul 14 11:55:28 smithi119 ceph-185c7026-223d-11ee-9b33-001a4aab830c-mgr-x[96802]:
2023-07-14T11:55:28.038+0000 7fd0b97ac200 -1 mgr[py] Module alerts has missing NOTIFY_TYPES member
2023-07-14T11:55:28.772 INFO:journalctl@ceph.mgr.x.smithi119.stdout:Jul 14 11:55:28 smithi119 ceph-185c7026-223d-11ee-9b33-001a4aab830c-mgr-x[96802]:
2023-07-14T11:55:28.473+0000 7fd0b97ac200 -1 mgr[py] Module progress has missing NOTIFY_TYPES member
2023-07-14T11:55:29.023 INFO:journalctl@ceph.mon.a.smithi119.stdout:Jul 14 11:55:28 smithi119 ceph-mon[96560]: from='client.? 172.21.15.119:0/1171955326' entity='client.admin' cmd=[{"prefix": "mgr stat"}]: dispatch
2023-07-14T11:55:29.340 INFO:journalctl@ceph.mgr.x.smithi119.stdout:Jul 14 11:55:29 smithi119 ceph-185c7026-223d-11ee-9b33-001a4aab830c-mgr-x[96802]:
2023-07-14T11:55:29.041+0000 7fd0b97ac200 -1 mgr[py] Module rook has missing NOTIFY_TYPES member
2023-07-14T11:55:29.341 INFO:journalctl@ceph.mgr.x.smithi119.stdout:Jul 14 11:55:29 smithi119 ceph-185c7026-223d-11ee-9b33-001a4aab830c-mgr-x[96802]:
2023-07-14T11:55:29.208+0000 7fd0b97ac200 -1 mgr[py] Module iostat has missing NOTIFY_TYPES member
2023-07-14T11:55:30.198 INFO:journalctl@ceph.mgr.x.smithi119.stdout:Jul 14 11:55:29 smithi119 ceph-185c7026-223d-11ee-9b33-001a4aab830c-mgr-x[96802]:
2023-07-14T11:55:29.958+0000 7fd0b97ac200 -1 mgr[py] Module test_orchestrator has missing NOTIFY_TYPES member
2023-07-14T11:55:30.198 INFO:journalctl@ceph.mgr.x.smithi119.stdout:Jul 14 11:55:30 smithi119 ceph-185c7026-223d-11ee-9b33-001a4aab830c-mgr-x[96802]:
2023-07-14T11:55:30.047+0000 7fd0b97ac200 -1 mgr[py] Module osd_perf_query has missing NOTIFY_TYPES member
2023-07-14T11:55:30.470 INFO:journalctl@ceph.mgr.x.smithi119.stdout:Jul 14 11:55:30 smithi119 ceph-185c7026-223d-11ee-9b33-001a4aab830c-mgr-x[96802]:
2023-07-14T11:55:30.215+0000 7fd0b97ac200 -1 mgr[py] Module orchestrator has missing NOTIFY_TYPES member
2023-07-14T11:55:30.837 INFO:journalctl@ceph.mgr.x.smithi119.stdout:Jul 14 11:55:30 smithi119 ceph-185c7026-223d-11ee-9b33-001a4aab830c-mgr-x[96802]:
2023-07-14T11:55:30.487+0000 7fd0b97ac200 -1 mgr[py] Module rgw has missing NOTIFY_TYPES member
2023-07-14T11:55:30.838 INFO:journalctl@ceph.mgr.x.smithi119.stdout:Jul 14 11:55:30 smithi119 ceph-185c7026-223d-11ee-9b33-001a4aab830c-mgr-x[96802]:
2023-07-14T11:55:30.709+0000 7fd0b97ac200 -1 mgr[py] Module influx has missing NOTIFY_TYPES member
2023-07-14T11:55:31.090 INFO:journalctl@ceph.mgr.x.smithi119.stdout:Jul 14 11:55:30 smithi119 ceph-185c7026-223d-11ee-9b33-001a4aab830c-mgr-x[96802]:
2023-07-14T11:55:30.855+0000 7fd0b97ac200 -1 mgr[py] Module telemetry has missing NOTIFY_TYPES member
2023-07-14T11:55:31.590 INFO:journalctl@ceph.mgr.x.smithi119.stdout:Jul 14 11:55:31 smithi119 ceph-185c7026-223d-11ee-9b33-001a4aab830c-mgr-x[96802]:
2023-07-14T11:55:31.112+0000 7fd0b97ac200 -1 mgr[py] Module telegraf has missing NOTIFY_TYPES member
2023-07-14T11:55:32.090 INFO:journalctl@ceph.mgr.x.smithi119.stdout:Jul 14 11:55:31 smithi119 ceph-185c7026-223d-11ee-9b33-001a4aab830c-mgr-x[96802]:
2023-07-14T11:55:31.801+0000 7fd0b97ac200 -1 mgr[py] Module balancer has missing NOTIFY_TYPES member
2023-07-14T11:55:32.091 INFO:journalctl@ceph.mgr.x.smithi119.stdout:Jul 14 11:55:31 smithi119 ceph-185c7026-223d-11ee-9b33-001a4aab830c-mgr-x[96802]:
2023-07-14T11:55:31.930+0000 7fd0b97ac200 -1 mgr[py] Module diskprediction_local has missing NOTIFY_TYPES member
2023-07-14T11:55:32.425 INFO:journalctl@ceph.mgr.x.smithi119.stdout:Jul 14 11:55:32 smithi119 ceph-185c7026-223d-11ee-9b33-001a4aab830c-mgr-x[96802]:
2023-07-14T11:55:32.119+0000 7fd0b97ac200 -1 mgr[py] Module nfs has missing NOTIFY_TYPES member
2023-07-14T11:55:32.425 INFO:journalctl@ceph.mgr.x.smithi119.stdout:Jul 14 11:55:32 smithi119 ceph-185c7026-223d-11ee-9b33-001a4aab830c-mgr-x[96802]:
2023-07-14T11:55:32.231+0000 7fd0b97ac200 -1 mgr[py] Module rbd_support has missing NOTIFY_TYPES member
2023-07-14T11:55:32.840 INFO:journalctl@ceph.mgr.x.smithi119.stdout:Jul 14 11:55:32 smithi119 ceph-185c7026-223d-11ee-9b33-001a4aab830c-mgr-x[96802]:
2023-07-14T11:55:32.442+0000 7fd0b97ac200 -1 mgr[py] Module volumes has missing NOTIFY_TYPES member
2023-07-14T11:55:33.590 INFO:journalctl@ceph.mgr.x.smithi119.stdout:Jul 14 11:55:33 smithi119 ceph-185c7026-223d-11ee-9b33-001a4aab830c-mgr-x[96802]:
2023-07-14T11:55:33.307+0000 7fd0b97ac200 -1 mgr[py] Module pg_autoscaler has missing NOTIFY_TYPES member
2023-07-14T11:55:33.591 INFO:journalctl@ceph.mon.a.smithi119.stdout:Jul 14 11:55:33 smithi119 ceph-mon[96560]: Active manager daemon x restarted
2023-07-14T11:55:33.591 INFO:journalctl@ceph.mon.a.smithi119.stdout:Jul 14 11:55:33 smithi119 ceph-mon[96560]: Activating manager daemon x
2023-07-14T11:55:33.591 INFO:journalctl@ceph.mon.a.smithi119.stdout:Jul 14 11:55:33 smithi119 ceph-mon[96560]: osdmap e2: 0 total, 0 up, 0 in
2023-07-14T11:55:33.591 INFO:journalctl@ceph.mon.a.smithi119.stdout:Jul 14 11:55:33 smithi119 ceph-mon[96560]: mgrmap e6: x(active, starting, since 0.00316809s)
2023-07-14T11:55:33.591 INFO:journalctl@ceph.mon.a.smithi119.stdout:Jul 14 11:55:33 smithi119 ceph-mon[96560]: from='mgr.14120 172.21.15.119:0/787996889' entity='mgr.x' cmd=[{"prefix": "mon metadata", "id": "a"}]: dispatch
2023-07-14T11:55:33.592 INFO:journalctl@ceph.mon.a.smithi119.stdout:Jul 14 11:55:33 smithi119 ceph-mon[96560]: from='mgr.14120 172.21.15.119:0/787996889' entity='mgr.x' cmd=[{"prefix": "mgr metadata", "who": "x", "id": "x"}]: dispatch
2023-07-14T11:55:33.592 INFO:journalctl@ceph.mon.a.smithi119.stdout:Jul 14 11:55:33 smithi119 ceph-mon[96560]: from='mgr.14120 172.21.15.119:0/787996889' entity='mgr.x' cmd=[{"prefix": "mds metadata"}]: dispatch
2023-07-14T11:55:33.592 INFO:journalctl@ceph.mon.a.smithi119.stdout:Jul 14 11:55:33 smithi119 ceph-mon[96560]: from='mgr.14120 172.21.15.119:0/787996889' entity='mgr.x' cmd=[{"prefix": "osd metadata"}]: dispatch
2023-07-14T11:55:33.592 INFO:journalctl@ceph.mon.a.smithi119.stdout:Jul 14 11:55:33 smithi119 ceph-mon[96560]: from='mgr.14120 172.21.15.119:0/787996889' entity='mgr.x' cmd=[{"prefix": "mon metadata"}]: dispatch
2023-07-14T11:55:33.592 INFO:journalctl@ceph.mon.a.smithi119.stdout:Jul 14 11:55:33 smithi119 ceph-mon[96560]: Manager daemon x is now available
2023-07-14T11:55:33.593 INFO:journalctl@ceph.mon.a.smithi119.stdout:Jul 14 11:55:33 smithi119 ceph-mon[96560]: from='mgr.14120 172.21.15.119:0/787996889' entity='mgr.x'
2023-07-14T11:55:33.593 INFO:journalctl@ceph.mon.a.smithi119.stdout:Jul 14 11:55:33 smithi119 ceph-mon[96560]: from='mgr.14120 172.21.15.119:0/787996889' entity='mgr.x'
2023-07-14T11:55:33.593 INFO:journalctl@ceph.mon.a.smithi119.stdout:Jul 14 11:55:33 smithi119 ceph-mon[96560]: from='mgr.14120 172.21.15.119:0/787996889' entity='mgr.x' cmd=[{"prefix": "config dump", "format": "json"}]: dispatch
2023-07-14T11:55:33.593 INFO:journalctl@ceph.mon.a.smithi119.stdout:Jul 14 11:55:33 smithi119 ceph-mon[96560]: from='mgr.14120 172.21.15.119:0/787996889' entity='mgr.x' cmd=[{"prefix": "config dump", "format": "json"}]: dispatch
2023-07-14T11:55:33.593 INFO:journalctl@ceph.mon.a.smithi119.stdout:Jul 14 11:55:33 smithi119 ceph-mon[96560]: from='mgr.14120 172.21.15.119:0/787996889' entity='mgr.x' cmd=[{"prefix": "config dump", "format": "json"}]: dispatch
2023-07-14T11:55:34.590 INFO:journalctl@ceph.mon.a.smithi119.stdout:Jul 14 11:55:34 smithi119 ceph-mon[96560]: Found migration_current of "None". Setting to last migration.
2023-07-14T11:55:34.590 INFO:journalctl@ceph.mon.a.smithi119.stdout:Jul 14 11:55:34 smithi119 ceph-mon[96560]: from='mgr.14120 172.21.15.119:0/787996889' entity='mgr.x' cmd=[{"prefix":"config rm","who":"mgr","name":"mgr/rbd_support/x/mirror_snapshot_schedule"}]: dispatch
2023-07-14T11:55:34.591 INFO:journalctl@ceph.mon.a.smithi119.stdout:Jul 14 11:55:34 smithi119 ceph-mon[96560]: from='mgr.14120 172.21.15.119:0/787996889' entity='mgr.x' cmd=[{"prefix":"config rm","who":"mgr","name":"mgr/rbd_support/x/trash_purge_schedule"}]: dispatch
2023-07-14T11:55:34.591 INFO:journalctl@ceph.mon.a.smithi119.stdout:Jul 14 11:55:34 smithi119 ceph-mon[96560]: from='mgr.14120 172.21.15.119:0/787996889' entity='mgr.x'
2023-07-14T11:55:34.591 INFO:journalctl@ceph.mon.a.smithi119.stdout:Jul 14 11:55:34 smithi119 ceph-mon[96560]: from='mgr.14120 172.21.15.119:0/787996889' entity='mgr.x'
2023-07-14T11:55:34.591 INFO:journalctl@ceph.mon.a.smithi119.stdout:Jul 14 11:55:34 smithi119 ceph-mon[96560]: mgrmap e7: x(active, since 1.00466s)
2023-07-14T11:55:34.647 INFO:teuthology.orchestra.run.smithi119.stdout:/usr/bin/ceph: stdout {
2023-07-14T11:55:34.648 INFO:teuthology.orchestra.run.smithi119.stdout:/usr/bin/ceph: stdout "mgrmap_epoch": 7,
2023-07-14T11:55:34.648 INFO:teuthology.orchestra.run.smithi119.stdout:/usr/bin/ceph: stdout "initialized": true
2023-07-14T11:55:34.648 INFO:teuthology.orchestra.run.smithi119.stdout:/usr/bin/ceph: stdout }
2023-07-14T11:55:34.648 INFO:teuthology.orchestra.run.smithi119.stdout:/usr/bin/ceph: stderr
2023-07-14T11:55:28.699+0000 7ffa8ab18700 1 Processor -- start
2023-07-14T11:55:34.648 INFO:teuthology.orchestra.run.smithi119.stdout:/usr/bin/ceph: stderr
2023-07-14T11:55:28.699+0000 7ffa8ab18700 1 -- start start
2023-07-14T11:55:34.648 INFO:teuthology.orchestra.run.smithi119.stdout:/usr/bin/ceph: stderr
2023-07-14T11:55:28.700+0000 7ffa8ab18700 1 --2- >> [v2:172.21.15.119:3300/0,v1:172.21.15.119:6789/0] conn(0x7ffa841042f0 0x7ffa84104700 unknown :-1 s=NONE pgs=0 cs=0 l=0 rev1=0 crypto rx=0 tx=0 comp rx=0 tx=0).connect
2023-07-14T11:55:34.649 INFO:teuthology.orchestra.run.smithi119.stdout:/usr/bin/ceph: stderr
2023-07-14T11:55:28.700+0000 7ffa8ab18700 1 -- --> [v2:172.21.15.119:3300/0,v1:172.21.15.119:6789/0] -- mon_getmap magic: 0 v1 -- 0x7ffa84104cd0 con 0x7ffa841042f0
2023-07-14T11:55:34.649 INFO:teuthology.orchestra.run.smithi119.stdout:/usr/bin/ceph: stderr
2023-07-14T11:55:28.700+0000 7ffa888b4700 1 --2- >> [v2:172.21.15.119:3300/0,v1:172.21.15.119:6789/0] conn(0x7ffa841042f0 0x7ffa84104700 unknown :-1 s=BANNER_CONNECTING pgs=0 cs=0 l=0 rev1=0 crypto rx=0 tx=0 comp rx=0 tx=0)._handle_peer_banner_payload supported=3 required=0
2023-07-14T11:55:34.649 INFO:teuthology.orchestra.run.smithi119.stdout:/usr/bin/ceph: stderr
2023-07-14T11:55:28.700+0000 7ffa888b4700 1 --2- >> [v2:172.21.15.119:3300/0,v1:172.21.15.119:6789/0] conn(0x7ffa841042f0 0x7ffa84104700 unknown :-1 s=HELLO_CONNECTING pgs=0 cs=0 l=0 rev1=1 crypto rx=0 tx=0 comp rx=0 tx=0).handle_hello peer v2:172.21.15.119:3300/0 says I am v2:172.21.15.119:37932/0 (socket says 172.21.15.119:37932)
2023-07-14T11:55:34.649 INFO:teuthology.orchestra.run.smithi119.stdout:/usr/bin/ceph: stderr
2023-07-14T11:55:28.700+0000 7ffa888b4700 1 -- 172.21.15.119:0/3146074277 learned_addr learned my addr 172.21.15.119:0/3146074277 (peer_addr_for_me v2:172.21.15.119:0/0)
2023-07-14T11:55:34.649 INFO:teuthology.orchestra.run.smithi119.stdout:/usr/bin/ceph: stderr
2023-07-14T11:55:28.700+0000 7ffa888b4700 1 -- 172.21.15.119:0/3146074277 --> [v2:172.21.15.119:3300/0,v1:172.21.15.119:6789/0] -- mon_subscribe({config=0+,monmap=0+}) v3 -- 0x7ffa841054f0 con 0x7ffa841042f0
2023-07-14T11:55:34.649 INFO:teuthology.orchestra.run.smithi119.stdout:/usr/bin/ceph: stderr
2023-07-14T11:55:28.700+0000 7ffa888b4700 1 --2- 172.21.15.119:0/3146074277 >> [v2:172.21.15.119:3300/0,v1:172.21.15.119:6789/0] conn(0x7ffa841042f0 0x7ffa84104700 secure :-1 s=READY pgs=28 cs=0 l=1 rev1=1 crypto rx=0x7ffa780098a0 tx=0x7ffa78009bb0 comp rx=0 tx=0).ready entity=mon.0 client_cookie=8fa7e90772ca9191 server_cookie=0 in_seq=0 out_seq=0
2023-07-14T11:55:34.649 INFO:teuthology.orchestra.run.smithi119.stdout:/usr/bin/ceph: stderr
2023-07-14T11:55:28.700+0000 7ffa837fe700 1 -- 172.21.15.119:0/3146074277 <== mon.0 v2:172.21.15.119:3300/0 1 ==== mon_map magic: 0 v1 ==== 205+0+0 (secure 0 0 0) 0x7ffa78004160 con 0x7ffa841042f0
2023-07-14T11:55:34.650 INFO:teuthology.orchestra.run.smithi119.stdout:/usr/bin/ceph: stderr
2023-07-14T11:55:28.700+0000 7ffa837fe700 1 -- 172.21.15.119:0/3146074277 <== mon.0 v2:172.21.15.119:3300/0 2 ==== config(26 keys) v1 ==== 1074+0+0 (secure 0 0 0) 0x7ffa780042c0 con 0x7ffa841042f0
2023-07-14T11:55:34.650 INFO:teuthology.orchestra.run.smithi119.stdout:/usr/bin/ceph: stderr
2023-07-14T11:55:28.700+0000 7ffa837fe700 1 -- 172.21.15.119:0/3146074277 <== mon.0 v2:172.21.15.119:3300/0 3 ==== mon_map magic: 0 v1 ==== 205+0+0 (secure 0 0 0) 0x7ffa78011a00 con 0x7ffa841042f0
2023-07-14T11:55:34.650 INFO:teuthology.orchestra.run.smithi119.stdout:/usr/bin/ceph: stderr
2023-07-14T11:55:28.701+0000 7ffa8ab18700 1 -- 172.21.15.119:0/3146074277 >> [v2:172.21.15.119:3300/0,v1:172.21.15.119:6789/0] conn(0x7ffa841042f0 msgr2=0x7ffa84104700 secure :-1 s=STATE_CONNECTION_ESTABLISHED l=1).mark_down
2023-07-14T11:55:34.650 INFO:teuthology.orchestra.run.smithi119.stdout:/usr/bin/ceph: stderr
2023-07-14T11:55:28.701+0000 7ffa8ab18700 1 --2- 172.21.15.119:0/3146074277 >> [v2:172.21.15.119:3300/0,v1:172.21.15.119:6789/0] conn(0x7ffa841042f0 0x7ffa84104700 secure :-1 s=READY pgs=28 cs=0 l=1 rev1=1 crypto rx=0x7ffa780098a0 tx=0x7ffa78009bb0 comp rx=0 tx=0).stop
2023-07-14T11:55:34.650 INFO:teuthology.orchestra.run.smithi119.stdout:/usr/bin/ceph: stderr
2023-07-14T11:55:28.701+0000 7ffa8ab18700 1 -- 172.21.15.119:0/3146074277 shutdown_connections
2023-07-14T11:55:34.650 INFO:teuthology.orchestra.run.smithi119.stdout:/usr/bin/ceph: stderr
2023-07-14T11:55:28.701+0000 7ffa8ab18700 1 --2- 172.21.15.119:0/3146074277 >> [v2:172.21.15.119:3300/0,v1:172.21.15.119:6789/0] conn(0x7ffa841042f0 0x7ffa84104700 unknown :-1 s=CLOSED pgs=28 cs=0 l=1 rev1=1 crypto rx=0 tx=0 comp rx=0 tx=0).stop
2023-07-14T11:55:34.650 INFO:teuthology.orchestra.run.smithi119.stdout:/usr/bin/ceph: stderr
2023-07-14T11:55:28.701+0000 7ffa8ab18700 1 -- 172.21.15.119:0/3146074277 >> 172.21.15.119:0/3146074277 conn(0x7ffa840ff860 msgr2=0x7ffa84101cd0 unknown :-1 s=STATE_NONE l=0).mark_down
2023-07-14T11:55:34.650 INFO:teuthology.orchestra.run.smithi119.stdout:/usr/bin/ceph: stderr
2023-07-14T11:55:28.701+0000 7ffa8ab18700 1 -- 172.21.15.119:0/3146074277 shutdown_connections
2023-07-14T11:55:34.651 INFO:teuthology.orchestra.run.smithi119.stdout:/usr/bin/ceph: stderr
2023-07-14T11:55:28.701+0000 7ffa8ab18700 1 -- 172.21.15.119:0/3146074277 wait complete.
2023-07-14T11:55:34.651 INFO:teuthology.orchestra.run.smithi119.stdout:/usr/bin/ceph: stderr
2023-07-14T11:55:28.702+0000 7ffa8ab18700 1 Processor -- start
2023-07-14T11:55:34.651 INFO:teuthology.orchestra.run.smithi119.stdout:/usr/bin/ceph: stderr
2023-07-14T11:55:28.702+0000 7ffa8ab18700 1 -- start start
2023-07-14T11:55:34.651 INFO:teuthology.orchestra.run.smithi119.stdout:/usr/bin/ceph: stderr
2023-07-14T11:55:28.702+0000 7ffa8ab18700 1 --2- >> [v2:172.21.15.119:3300/0,v1:172.21.15.119:6789/0] conn(0x7ffa841042f0 0x7ffa8418f4f0 unknown :-1 s=NONE pgs=0 cs=0 l=1 rev1=0 crypto rx=0 tx=0 comp rx=0 tx=0).connect
2023-07-14T11:55:34.651 INFO:teuthology.orchestra.run.smithi119.stdout:/usr/bin/ceph: stderr
2023-07-14T11:55:28.702+0000 7ffa8ab18700 1 -- --> [v2:172.21.15.119:3300/0,v1:172.21.15.119:6789/0] -- mon_getmap magic: 0 v1 -- 0x7ffa8418fa30 con 0x7ffa841042f0
2023-07-14T11:55:34.651 INFO:teuthology.orchestra.run.smithi119.stdout:/usr/bin/ceph: stderr
2023-07-14T11:55:28.702+0000 7ffa888b4700 1 --2- >> [v2:172.21.15.119:3300/0,v1:172.21.15.119:6789/0] conn(0x7ffa841042f0 0x7ffa8418f4f0 unknown :-1 s=BANNER_CONNECTING pgs=0 cs=0 l=1 rev1=0 crypto rx=0 tx=0 comp rx=0 tx=0)._handle_peer_banner_payload supported=3 required=0
2023-07-14T11:55:34.651 INFO:teuthology.orchestra.run.smithi119.stdout:/usr/bin/ceph: stderr
2023-07-14T11:55:28.702+0000 7ffa888b4700 1 --2- >> [v2:172.21.15.119:3300/0,v1:172.21.15.119:6789/0] conn(0x7ffa841042f0 0x7ffa8418f4f0 unknown :-1 s=HELLO_CONNECTING pgs=0 cs=0 l=1 rev1=1 crypto rx=0 tx=0 comp rx=0 tx=0).handle_hello peer v2:172.21.15.119:3300/0 says I am v2:172.21.15.119:37934/0 (socket says 172.21.15.119:37934)
2023-07-14T11:55:34.652 INFO:teuthology.orchestra.run.smithi119.stdout:/usr/bin/ceph: stderr
2023-07-14T11:55:28.702+0000 7ffa888b4700 1 -- 172.21.15.119:0/3125179804 learned_addr learned my addr 172.21.15.119:0/3125179804 (peer_addr_for_me v2:172.21.15.119:0/0)
2023-07-14T11:55:34.652 INFO:teuthology.orchestra.run.smithi119.stdout:/usr/bin/ceph: stderr
2023-07-14T11:55:28.702+0000 7ffa888b4700 1 -- 172.21.15.119:0/3125179804 --> [v2:172.21.15.119:3300/0,v1:172.21.15.119:6789/0] -- mon_subscribe({config=0+,monmap=0+}) v3 -- 0x7ffa78009550 con 0x7ffa841042f0
2023-07-14T11:55:34.652 INFO:teuthology.orchestra.run.smithi119.stdout:/usr/bin/ceph: stderr
2023-07-14T11:55:28.702+0000 7ffa888b4700 1 --2- 172.21.15.119:0/3125179804 >> [v2:172.21.15.119:3300/0,v1:172.21.15.119:6789/0] conn(0x7ffa841042f0 0x7ffa8418f4f0 secure :-1 s=READY pgs=29 cs=0 l=1 rev1=1 crypto rx=0x7ffa78009fb0 tx=0x7ffa78011ad0 comp rx=0 tx=0).ready entity=mon.0 client_cookie=0 server_cookie=0 in_seq=0 out_seq=0
2023-07-14T11:55:34.652 INFO:teuthology.orchestra.run.smithi119.stdout:/usr/bin/ceph: stderr
2023-07-14T11:55:28.702+0000 7ffa81ffb700 1 -- 172.21.15.119:0/3125179804 <== mon.0 v2:172.21.15.119:3300/0 1 ==== mon_map magic: 0 v1 ==== 205+0+0 (secure 0 0 0) 0x7ffa78003930 con 0x7ffa841042f0
2023-07-14T11:55:34.652 INFO:teuthology.orchestra.run.smithi119.stdout:/usr/bin/ceph: stderr
2023-07-14T11:55:28.703+0000 7ffa8ab18700 1 -- 172.21.15.119:0/3125179804 --> [v2:172.21.15.119:3300/0,v1:172.21.15.119:6789/0] -- mon_subscribe({mgrmap=0+}) v3 -- 0x7ffa8418db40 con 0x7ffa841042f0
2023-07-14T11:55:34.652 INFO:teuthology.orchestra.run.smithi119.stdout:/usr/bin/ceph: stderr
2023-07-14T11:55:28.703+0000 7ffa81ffb700 1 -- 172.21.15.119:0/3125179804 <== mon.0 v2:172.21.15.119:3300/0 2 ==== config(26 keys) v1 ==== 1074+0+0 (secure 0 0 0) 0x7ffa78003a90 con 0x7ffa841042f0
2023-07-14T11:55:34.652 INFO:teuthology.orchestra.run.smithi119.stdout:/usr/bin/ceph: stderr
2023-07-14T11:55:28.703+0000 7ffa81ffb700 1 -- 172.21.15.119:0/3125179804 <== mon.0 v2:172.21.15.119:3300/0 3 ==== mon_map magic: 0 v1 ==== 205+0+0 (secure 0 0 0) 0x7ffa780195e0 con 0x7ffa841042f0
2023-07-14T11:55:34.652 INFO:teuthology.orchestra.run.smithi119.stdout:/usr/bin/ceph: stderr
2023-07-14T11:55:28.703+0000 7ffa8ab18700 1 -- 172.21.15.119:0/3125179804 --> [v2:172.21.15.119:3300/0,v1:172.21.15.119:6789/0] -- mon_subscribe({osdmap=0}) v3 -- 0x7ffa8418df60 con 0x7ffa841042f0
2023-07-14T11:55:34.653 INFO:teuthology.orchestra.run.smithi119.stdout:/usr/bin/ceph: stderr
2023-07-14T11:55:28.703+0000 7ffa81ffb700 1 -- 172.21.15.119:0/3125179804 <== mon.0 v2:172.21.15.119:3300/0 4 ==== mgrmap(e 5) v1 ==== 45483+0+0 (secure 0 0 0) 0x7ffa780198a0 con 0x7ffa841042f0
2023-07-14T11:55:34.653 INFO:teuthology.orchestra.run.smithi119.stdout:/usr/bin/ceph: stderr
2023-07-14T11:55:28.704+0000 7ffa81ffb700 1 --2- 172.21.15.119:0/3125179804 >> [v2:172.21.15.119:6800/2410033383,v1:172.21.15.119:6801/2410033383] conn(0x7ffa740386c0 0x7ffa7403ab70 unknown :-1 s=NONE pgs=0 cs=0 l=1 rev1=0 crypto rx=0 tx=0 comp rx=0 tx=0).connect
2023-07-14T11:55:34.653 INFO:teuthology.orchestra.run.smithi119.stdout:/usr/bin/ceph: stderr
2023-07-14T11:55:28.704+0000 7ffa81ffb700 1 -- 172.21.15.119:0/3125179804 --> [v2:172.21.15.119:6800/2410033383,v1:172.21.15.119:6801/2410033383] -- command(tid 0: {"prefix": "get_command_descriptions"}) v1 -- 0x7ffa7403b280 con 0x7ffa740386c0
2023-07-14T11:55:34.653 INFO:teuthology.orchestra.run.smithi119.stdout:/usr/bin/ceph: stderr
2023-07-14T11:55:28.704+0000 7ffa81ffb700 1 -- 172.21.15.119:0/3125179804 <== mon.0 v2:172.21.15.119:3300/0 5 ==== osd_map(1..1 src has 1..1) v4 ==== 725+0+0 (secure 0 0 0) 0x7ffa7804c4f0 con 0x7ffa841042f0
2023-07-14T11:55:34.653 INFO:teuthology.orchestra.run.smithi119.stdout:/usr/bin/ceph: stderr
2023-07-14T11:55:28.704+0000 7ffa83fff700 1 -- 172.21.15.119:0/3125179804 >> [v2:172.21.15.119:6800/2410033383,v1:172.21.15.119:6801/2410033383] conn(0x7ffa740386c0 msgr2=0x7ffa7403ab70 unknown :-1 s=STATE_CONNECTING_RE l=1).process reconnect failed to v2:172.21.15.119:6800/2410033383
2023-07-14T11:55:34.653 INFO:teuthology.orchestra.run.smithi119.stdout:/usr/bin/ceph: stderr
2023-07-14T11:55:28.704+0000 7ffa83fff700 1 --2- 172.21.15.119:0/3125179804 >> [v2:172.21.15.119:6800/2410033383,v1:172.21.15.119:6801/2410033383] conn(0x7ffa740386c0 0x7ffa7403ab70 unknown :-1 s=START_CONNECT pgs=0 cs=0 l=1 rev1=0 crypto rx=0 tx=0 comp rx=0 tx=0)._fault waiting 0.200000
2023-07-14T11:55:34.653 INFO:teuthology.orchestra.run.smithi119.stdout:/usr/bin/ceph: stderr
2023-07-14T11:55:28.905+0000 7ffa83fff700 1 -- 172.21.15.119:0/3125179804 >> [v2:172.21.15.119:6800/2410033383,v1:172.21.15.119:6801/2410033383] conn(0x7ffa740386c0 msgr2=0x7ffa7403ab70 unknown :-1 s=STATE_CONNECTING_RE l=1).process reconnect failed to v2:172.21.15.119:6800/2410033383
2023-07-14T11:55:34.654 INFO:teuthology.orchestra.run.smithi119.stdout:/usr/bin/ceph: stderr
2023-07-14T11:55:28.905+0000 7ffa83fff700 1 --2- 172.21.15.119:0/3125179804 >> [v2:172.21.15.119:6800/2410033383,v1:172.21.15.119:6801/2410033383] conn(0x7ffa740386c0 0x7ffa7403ab70 unknown :-1 s=START_CONNECT pgs=0 cs=0 l=1 rev1=0 crypto rx=0 tx=0 comp rx=0 tx=0)._fault waiting 0.400000
2023-07-14T11:55:34.654 INFO:teuthology.orchestra.run.smithi119.stdout:/usr/bin/ceph: stderr
2023-07-14T11:55:29.306+0000 7ffa83fff700 1 -- 172.21.15.119:0/3125179804 >> [v2:172.21.15.119:6800/2410033383,v1:172.21.15.119:6801/2410033383] conn(0x7ffa740386c0 msgr2=0x7ffa7403ab70 unknown :-1 s=STATE_CONNECTING_RE l=1).process reconnect failed to v2:172.21.15.119:6800/2410033383
2023-07-14T11:55:34.654 INFO:teuthology.orchestra.run.smithi119.stdout:/usr/bin/ceph: stderr
2023-07-14T11:55:29.306+0000 7ffa83fff700 1 --2- 172.21.15.119:0/3125179804 >> [v2:172.21.15.119:6800/2410033383,v1:172.21.15.119:6801/2410033383] conn(0x7ffa740386c0 0x7ffa7403ab70 unknown :-1 s=START_CONNECT pgs=0 cs=0 l=1 rev1=0 crypto rx=0 tx=0 comp rx=0 tx=0)._fault waiting 0.800000
2023-07-14T11:55:34.654 INFO:teuthology.orchestra.run.smithi119.stdout:/usr/bin/ceph: stderr
2023-07-14T11:55:30.107+0000 7ffa83fff700 1 -- 172.21.15.119:0/3125179804 >> [v2:172.21.15.119:6800/2410033383,v1:172.21.15.119:6801/2410033383] conn(0x7ffa740386c0 msgr2=0x7ffa7403ab70 unknown :-1 s=STATE_CONNECTING_RE l=1).process reconnect failed to v2:172.21.15.119:6800/2410033383
2023-07-14T11:55:34.654 INFO:teuthology.orchestra.run.smithi119.stdout:/usr/bin/ceph: stderr
2023-07-14T11:55:30.107+0000 7ffa83fff700 1 --2- 172.21.15.119:0/3125179804 >> [v2:172.21.15.119:6800/2410033383,v1:172.21.15.119:6801/2410033383] conn(0x7ffa740386c0 0x7ffa7403ab70 unknown :-1 s=START_CONNECT pgs=0 cs=0 l=1 rev1=0 crypto rx=0 tx=0 comp rx=0 tx=0)._fault waiting 1.600000
2023-07-14T11:55:34.654 INFO:teuthology.orchestra.run.smithi119.stdout:/usr/bin/ceph: stderr
2023-07-14T11:55:31.708+0000 7ffa83fff700 1 -- 172.21.15.119:0/3125179804 >> [v2:172.21.15.119:6800/2410033383,v1:172.21.15.119:6801/2410033383] conn(0x7ffa740386c0 msgr2=0x7ffa7403ab70 unknown :-1 s=STATE_CONNECTING_RE l=1).process reconnect failed to v2:172.21.15.119:6800/2410033383
2023-07-14T11:55:34.654 INFO:teuthology.orchestra.run.smithi119.stdout:/usr/bin/ceph: stderr
2023-07-14T11:55:31.708+0000 7ffa83fff700 1 --2- 172.21.15.119:0/3125179804 >> [v2:172.21.15.119:6800/2410033383,v1:172.21.15.119:6801/2410033383] conn(0x7ffa740386c0 0x7ffa7403ab70 unknown :-1 s=START_CONNECT pgs=0 cs=0 l=1 rev1=0 crypto rx=0 tx=0 comp rx=0 tx=0)._fault waiting 3.200000
2023-07-14T11:55:34.654 INFO:teuthology.orchestra.run.smithi119.stdout:/usr/bin/ceph: stderr
2023-07-14T11:55:33.322+0000 7ffa81ffb700 1 -- 172.21.15.119:0/3125179804 <== mon.0 v2:172.21.15.119:3300/0 6 ==== mgrmap(e 6) v1 ==== 45250+0+0 (secure 0 0 0) 0x7ffa7802d9b0 con 0x7ffa841042f0
2023-07-14T11:55:34.655 INFO:teuthology.orchestra.run.smithi119.stdout:/usr/bin/ceph: stderr
2023-07-14T11:55:33.322+0000 7ffa81ffb700 1 -- 172.21.15.119:0/3125179804 >> [v2:172.21.15.119:6800/2410033383,v1:172.21.15.119:6801/2410033383] conn(0x7ffa740386c0 msgr2=0x7ffa7403ab70 unknown :-1 s=STATE_CONNECTING l=1).mark_down
2023-07-14T11:55:34.655 INFO:teuthology.orchestra.run.smithi119.stdout:/usr/bin/ceph: stderr
2023-07-14T11:55:33.322+0000 7ffa81ffb700 1 --2- 172.21.15.119:0/3125179804 >> [v2:172.21.15.119:6800/2410033383,v1:172.21.15.119:6801/2410033383] conn(0x7ffa740386c0 0x7ffa7403ab70 unknown :-1 s=START_CONNECT pgs=0 cs=0 l=1 rev1=0 crypto rx=0 tx=0 comp rx=0 tx=0).stop
2023-07-14T11:55:34.655 INFO:teuthology.orchestra.run.smithi119.stdout:/usr/bin/ceph: stderr
2023-07-14T11:55:34.323+0000 7ffa81ffb700 1 -- 172.21.15.119:0/3125179804 <== mon.0 v2:172.21.15.119:3300/0 7 ==== mgrmap(e 7) v1 ==== 45377+0+0 (secure 0 0 0) 0x7ffa78016850 con 0x7ffa841042f0
2023-07-14T11:55:34.655 INFO:teuthology.orchestra.run.smithi119.stdout:/usr/bin/ceph: stderr
2023-07-14T11:55:34.323+0000 7ffa81ffb700 1 --2- 172.21.15.119:0/3125179804 >> [v2:172.21.15.119:6800/891378237,v1:172.21.15.119:6801/891378237] conn(0x7ffa7403bfe0 0x7ffa7403e3c0 unknown :-1 s=NONE pgs=0 cs=0 l=1 rev1=0 crypto rx=0 tx=0 comp rx=0 tx=0).connect
2023-07-14T11:55:34.655 INFO:teuthology.orchestra.run.smithi119.stdout:/usr/bin/ceph: stderr
2023-07-14T11:55:34.323+0000 7ffa81ffb700 1 -- 172.21.15.119:0/3125179804 --> [v2:172.21.15.119:6800/891378237,v1:172.21.15.119:6801/891378237] -- command(tid 0: {"prefix": "get_command_descriptions"}) v1 -- 0x7ffa7403b280 con 0x7ffa7403bfe0
2023-07-14T11:55:34.655 INFO:teuthology.orchestra.run.smithi119.stdout:/usr/bin/ceph: stderr
2023-07-14T11:55:34.323+0000 7ffa83fff700 1 --2- 172.21.15.119:0/3125179804 >> [v2:172.21.15.119:6800/891378237,v1:172.21.15.119:6801/891378237] conn(0x7ffa7403bfe0 0x7ffa7403e3c0 unknown :-1 s=BANNER_CONNECTING pgs=0 cs=0 l=1 rev1=0 crypto rx=0 tx=0 comp rx=0 tx=0)._handle_peer_banner_payload supported=3 required=0
2023-07-14T11:55:34.655 INFO:teuthology.orchestra.run.smithi119.stdout:/usr/bin/ceph: stderr
2023-07-14T11:55:34.324+0000 7ffa83fff700 1 --2- 172.21.15.119:0/3125179804 >> [v2:172.21.15.119:6800/891378237,v1:172.21.15.119:6801/891378237] conn(0x7ffa7403bfe0 0x7ffa7403e3c0 secure :-1 s=READY pgs=3 cs=0 l=1 rev1=1 crypto rx=0x7ffa70003a10 tx=0x7ffa70009290 comp rx=0 tx=0).ready entity=mgr.14120 client_cookie=0 server_cookie=0 in_seq=0 out_seq=0
2023-07-14T11:55:34.655 INFO:teuthology.orchestra.run.smithi119.stdout:/usr/bin/ceph: stderr
2023-07-14T11:55:34.324+0000 7ffa81ffb700 1 -- 172.21.15.119:0/3125179804 <== mgr.14120 v2:172.21.15.119:6800/891378237 1 ==== command_reply(tid 0: 0 ) v1 ==== 8+0+6910 (secure 0 0 0) 0x7ffa7403b280 con 0x7ffa7403bfe0
2023-07-14T11:55:34.656 INFO:teuthology.orchestra.run.smithi119.stdout:/usr/bin/ceph: stderr
2023-07-14T11:55:34.330+0000 7ffa8ab18700 1 -- 172.21.15.119:0/3125179804 --> [v2:172.21.15.119:6800/891378237,v1:172.21.15.119:6801/891378237] -- command(tid 1: {"prefix": "mgr_status"}) v1 -- 0x7ffa8418f090 con 0x7ffa7403bfe0
2023-07-14T11:55:34.656 INFO:teuthology.orchestra.run.smithi119.stdout:/usr/bin/ceph: stderr
2023-07-14T11:55:34.331+0000 7ffa81ffb700 1 -- 172.21.15.119:0/3125179804 <== mgr.14120 v2:172.21.15.119:6800/891378237 2 ==== command_reply(tid 1: 0 ) v1 ==== 8+0+51 (secure 0 0 0) 0x7ffa8418f090 con 0x7ffa7403bfe0
2023-07-14T11:55:34.656 INFO:teuthology.orchestra.run.smithi119.stdout:/usr/bin/ceph: stderr
2023-07-14T11:55:34.331+0000 7ffa8ab18700 1 -- 172.21.15.119:0/3125179804 >> [v2:172.21.15.119:6800/891378237,v1:172.21.15.119:6801/891378237] conn(0x7ffa7403bfe0 msgr2=0x7ffa7403e3c0 secure :-1 s=STATE_CONNECTION_ESTABLISHED l=1).mark_down
2023-07-14T11:55:34.656 INFO:teuthology.orchestra.run.smithi119.stdout:/usr/bin/ceph: stderr
2023-07-14T11:55:34.331+0000 7ffa8ab18700 1 --2- 172.21.15.119:0/3125179804 >> [v2:172.21.15.119:6800/891378237,v1:172.21.15.119:6801/891378237] conn(0x7ffa7403bfe0 0x7ffa7403e3c0 secure :-1 s=READY pgs=3 cs=0 l=1 rev1=1 crypto rx=0x7ffa70003a10 tx=0x7ffa70009290 comp rx=0 tx=0).stop
2023-07-14T11:55:34.656 INFO:teuthology.orchestra.run.smithi119.stdout:/usr/bin/ceph: stderr
2023-07-14T11:55:34.331+0000 7ffa8ab18700 1 -- 172.21.15.119:0/3125179804 >> [v2:172.21.15.119:3300/0,v1:172.21.15.119:6789/0] conn(0x7ffa841042f0 msgr2=0x7ffa8418f4f0 secure :-1 s=STATE_CONNECTION_ESTABLISHED l=1).mark_down
2023-07-14T11:55:34.656 INFO:teuthology.orchestra.run.smithi119.stdout:/usr/bin/ceph: stderr
2023-07-14T11:55:34.331+0000 7ffa8ab18700 1 --2- 172.21.15.119:0/3125179804 >> [v2:172.21.15.119:3300/0,v1:172.21.15.119:6789/0] conn(0x7ffa841042f0 0x7ffa8418f4f0 secure :-1 s=READY pgs=29 cs=0 l=1 rev1=1 crypto rx=0x7ffa78009fb0 tx=0x7ffa78011ad0 comp rx=0 tx=0).stop
2023-07-14T11:55:34.656 INFO:teuthology.orchestra.run.smithi119.stdout:/usr/bin/ceph: stderr
2023-07-14T11:55:34.331+0000 7ffa8ab18700 1 -- 172.21.15.119:0/3125179804 shutdown_connections
2023-07-14T11:55:34.657 INFO:teuthology.orchestra.run.smithi119.stdout:/usr/bin/ceph: stderr
2023-07-14T11:55:34.331+0000 7ffa8ab18700 1 --2- 172.21.15.119:0/3125179804 >> [v2:172.21.15.119:6800/891378237,v1:172.21.15.119:6801/891378237] conn(0x7ffa7403bfe0 0x7ffa7403e3c0 unknown :-1 s=CLOSED pgs=3 cs=0 l=1 rev1=1 crypto rx=0 tx=0 comp rx=0 tx=0).stop
2023-07-14T11:55:34.657 INFO:teuthology.orchestra.run.smithi119.stdout:/usr/bin/ceph: stderr
2023-07-14T11:55:34.331+0000 7ffa8ab18700 1 --2- 172.21.15.119:0/3125179804 >> [v2:172.21.15.119:3300/0,v1:172.21.15.119:6789/0] conn(0x7ffa841042f0 0x7ffa8418f4f0 unknown :-1 s=CLOSED pgs=29 cs=0 l=1 rev1=1 crypto rx=0 tx=0 comp rx=0 tx=0).stop
2023-07-14T11:55:34.657 INFO:teuthology.orchestra.run.smithi119.stdout:/usr/bin/ceph: stderr
2023-07-14T11:55:34.331+0000 7ffa8ab18700 1 --2- 172.21.15.119:0/3125179804 >> [v2:172.21.15.119:6800/2410033383,v1:172.21.15.119:6801/2410033383] conn(0x7ffa740386c0 0x7ffa7403ab70 unknown :-1 s=CLOSED pgs=0 cs=0 l=1 rev1=0 crypto rx=0 tx=0 comp rx=0 tx=0).stop
2023-07-14T11:55:34.657 INFO:teuthology.orchestra.run.smithi119.stdout:/usr/bin/ceph: stderr
2023-07-14T11:55:34.331+0000 7ffa8ab18700 1 -- 172.21.15.119:0/3125179804 >> 172.21.15.119:0/3125179804 conn(0x7ffa840ff860 msgr2=0x7ffa84073890 unknown :-1 s=STATE_NONE l=0).mark_down
2023-07-14T11:55:34.657 INFO:teuthology.orchestra.run.smithi119.stdout:/usr/bin/ceph: stderr
2023-07-14T11:55:34.331+0000 7ffa8ab18700 1 -- 172.21.15.119:0/3125179804 shutdown_connections
2023-07-14T11:55:34.657 INFO:teuthology.orchestra.run.smithi119.stdout:/usr/bin/ceph: stderr
2023-07-14T11:55:34.331+0000 7ffa8ab18700 1 -- 172.21.15.119:0/3125179804 wait complete.
2023-07-14T11:55:34.657 INFO:teuthology.orchestra.run.smithi119.stdout:mgr epoch 5 is available
2023-07-14T11:55:34.657 INFO:teuthology.orchestra.run.smithi119.stdout:Setting orchestrator backend to cephadm...
2023-07-14T11:55:35.665 INFO:journalctl@ceph.mon.a.smithi119.stdout:Jul 14 11:55:35 smithi119 ceph-mon[96560]: from='client.14124 -' entity='client.admin' cmd=[{"prefix": "get_command_descriptions"}]: dispatch
2023-07-14T11:55:35.665 INFO:journalctl@ceph.mon.a.smithi119.stdout:Jul 14 11:55:35 smithi119 ceph-mon[96560]: from='client.14124 -' entity='client.admin' cmd=[{"prefix": "mgr_status"}]: dispatch
2023-07-14T11:55:35.666 INFO:journalctl@ceph.mon.a.smithi119.stdout:Jul 14 11:55:35 smithi119 ceph-mon[96560]: [14/Jul/2023:11:55:34] ENGINE Bus STARTING
2023-07-14T11:55:35.666 INFO:journalctl@ceph.mon.a.smithi119.stdout:Jul 14 11:55:35 smithi119 ceph-mon[96560]: from='mgr.14120 172.21.15.119:0/787996889' entity='mgr.x' cmd=[{"prefix": "config dump", "format": "json"}]: dispatch
2023-07-14T11:55:35.666 INFO:journalctl@ceph.mon.a.smithi119.stdout:Jul 14 11:55:35 smithi119 ceph-mon[96560]: from='mgr.14120 172.21.15.119:0/787996889' entity='mgr.x'
2023-07-14T11:55:35.666 INFO:journalctl@ceph.mon.a.smithi119.stdout:Jul 14 11:55:35 smithi119 ceph-mon[96560]: from='mgr.14120 172.21.15.119:0/787996889' entity='mgr.x' cmd=[{"prefix": "config dump", "format": "json"}]: dispatch
2023-07-14T11:55:35.692 INFO:teuthology.orchestra.run.smithi119.stdout:/usr/bin/ceph: stderr
2023-07-14T11:55:35.122+0000 7f16203e7700 1 Processor -- start
2023-07-14T11:55:35.692 INFO:teuthology.orchestra.run.smithi119.stdout:/usr/bin/ceph: stderr
2023-07-14T11:55:35.122+0000 7f16203e7700 1 -- start start
2023-07-14T11:55:35.692 INFO:teuthology.orchestra.run.smithi119.stdout:/usr/bin/ceph: stderr
2023-07-14T11:55:35.123+0000 7f16203e7700 1 --2- >> [v2:172.21.15.119:3300/0,v1:172.21.15.119:6789/0] conn(0x7f1618103ce0 0x7f16181040f0 unknown :-1 s=NONE pgs=0 cs=0 l=0 rev1=0 crypto rx=0 tx=0 comp rx=0 tx=0).connect
2023-07-14T11:55:35.692 INFO:teuthology.orchestra.run.smithi119.stdout:/usr/bin/ceph: stderr
2023-07-14T11:55:35.123+0000 7f16203e7700 1 -- --> [v2:172.21.15.119:3300/0,v1:172.21.15.119:6789/0] -- mon_getmap magic: 0 v1 -- 0x7f1618079e30 con 0x7f1618103ce0
2023-07-14T11:55:35.692 INFO:teuthology.orchestra.run.smithi119.stdout:/usr/bin/ceph: stderr
2023-07-14T11:55:35.123+0000 7f161e183700 1 --2- >> [v2:172.21.15.119:3300/0,v1:172.21.15.119:6789/0] conn(0x7f1618103ce0 0x7f16181040f0 unknown :-1 s=BANNER_CONNECTING pgs=0 cs=0 l=0 rev1=0 crypto rx=0 tx=0 comp rx=0 tx=0)._handle_peer_banner_payload supported=3 required=0
2023-07-14T11:55:35.693 INFO:teuthology.orchestra.run.smithi119.stdout:/usr/bin/ceph: stderr
2023-07-14T11:55:35.123+0000 7f161e183700 1 --2- >> [v2:172.21.15.119:3300/0,v1:172.21.15.119:6789/0] conn(0x7f1618103ce0 0x7f16181040f0 unknown :-1 s=HELLO_CONNECTING pgs=0 cs=0 l=0 rev1=1 crypto rx=0 tx=0 comp rx=0 tx=0).handle_hello peer v2:172.21.15.119:3300/0 says I am v2:172.21.15.119:37988/0 (socket says 172.21.15.119:37988)
2023-07-14T11:55:35.693 INFO:teuthology.orchestra.run.smithi119.stdout:/usr/bin/ceph: stderr
2023-07-14T11:55:35.123+0000 7f161e183700 1 -- 172.21.15.119:0/3912142027 learned_addr learned my addr 172.21.15.119:0/3912142027 (peer_addr_for_me v2:172.21.15.119:0/0)
2023-07-14T11:55:35.693 INFO:teuthology.orchestra.run.smithi119.stdout:/usr/bin/ceph: stderr
2023-07-14T11:55:35.123+0000 7f161e183700 1 -- 172.21.15.119:0/3912142027 --> [v2:172.21.15.119:3300/0,v1:172.21.15.119:6789/0] -- mon_subscribe({config=0+,monmap=0+}) v3 -- 0x7f1618104630 con 0x7f1618103ce0
2023-07-14T11:55:35.693 INFO:teuthology.orchestra.run.smithi119.stdout:/usr/bin/ceph: stderr
2023-07-14T11:55:35.123+0000 7f161e183700 1 --2- 172.21.15.119:0/3912142027 >> [v2:172.21.15.119:3300/0,v1:172.21.15.119:6789/0] conn(0x7f1618103ce0 0x7f16181040f0 secure :-1 s=READY pgs=37 cs=0 l=1 rev1=1 crypto rx=0x7f16080098a0 tx=0x7f1608009bb0 comp rx=0 tx=0).ready entity=mon.0 client_cookie=c64cbf7018290245 server_cookie=0 in_seq=0 out_seq=0
2023-07-14T11:55:35.693 INFO:teuthology.orchestra.run.smithi119.stdout:/usr/bin/ceph: stderr
2023-07-14T11:55:35.123+0000 7f161d181700 1 -- 172.21.15.119:0/3912142027 <== mon.0 v2:172.21.15.119:3300/0 1 ==== mon_map magic: 0 v1 ==== 205+0+0 (secure 0 0 0) 0x7f1608004160 con 0x7f1618103ce0
2023-07-14T11:55:35.693 INFO:teuthology.orchestra.run.smithi119.stdout:/usr/bin/ceph: stderr
2023-07-14T11:55:35.124+0000 7f161d181700 1 -- 172.21.15.119:0/3912142027 <== mon.0 v2:172.21.15.119:3300/0 2 ==== config(26 keys) v1 ==== 1074+0+0 (secure 0 0 0) 0x7f16080042c0 con 0x7f1618103ce0
2023-07-14T11:55:35.693 INFO:teuthology.orchestra.run.smithi119.stdout:/usr/bin/ceph: stderr
2023-07-14T11:55:35.124+0000 7f161d181700 1 -- 172.21.15.119:0/3912142027 <== mon.0 v2:172.21.15.119:3300/0 3 ==== mon_map magic: 0 v1 ==== 205+0+0 (secure 0 0 0) 0x7f1608011a00 con 0x7f1618103ce0
2023-07-14T11:55:35.694 INFO:teuthology.orchestra.run.smithi119.stdout:/usr/bin/ceph: stderr
2023-07-14T11:55:35.124+0000 7f16203e7700 1 -- 172.21.15.119:0/3912142027 >> [v2:172.21.15.119:3300/0,v1:172.21.15.119:6789/0] conn(0x7f1618103ce0 msgr2=0x7f16181040f0 secure :-1 s=STATE_CONNECTION_ESTABLISHED l=1).mark_down
2023-07-14T11:55:35.694 INFO:teuthology.orchestra.run.smithi119.stdout:/usr/bin/ceph: stderr
2023-07-14T11:55:35.124+0000 7f16203e7700 1 --2- 172.21.15.119:0/3912142027 >> [v2:172.21.15.119:3300/0,v1:172.21.15.119:6789/0] conn(0x7f1618103ce0 0x7f16181040f0 secure :-1 s=READY pgs=37 cs=0 l=1 rev1=1 crypto rx=0x7f16080098a0 tx=0x7f1608009bb0 comp rx=0 tx=0).stop
2023-07-14T11:55:35.694 INFO:teuthology.orchestra.run.smithi119.stdout:/usr/bin/ceph: stderr
2023-07-14T11:55:35.124+0000 7f16203e7700 1 -- 172.21.15.119:0/3912142027 shutdown_connections
2023-07-14T11:55:35.694 INFO:teuthology.orchestra.run.smithi119.stdout:/usr/bin/ceph: stderr
2023-07-14T11:55:35.124+0000 7f16203e7700 1 --2- 172.21.15.119:0/3912142027 >> [v2:172.21.15.119:3300/0,v1:172.21.15.119:6789/0] conn(0x7f1618103ce0 0x7f16181040f0 unknown :-1 s=CLOSED pgs=37 cs=0 l=1 rev1=1 crypto rx=0 tx=0 comp rx=0 tx=0).stop
2023-07-14T11:55:35.694 INFO:teuthology.orchestra.run.smithi119.stdout:/usr/bin/ceph: stderr
2023-07-14T11:55:35.124+0000 7f16203e7700 1 -- 172.21.15.119:0/3912142027 >> 172.21.15.119:0/3912142027 conn(0x7f16180ff870 msgr2=0x7f1618101ce0 unknown :-1 s=STATE_NONE l=0).mark_down
2023-07-14T11:55:35.694 INFO:teuthology.orchestra.run.smithi119.stdout:/usr/bin/ceph: stderr
2023-07-14T11:55:35.124+0000 7f16203e7700 1 -- 172.21.15.119:0/3912142027 shutdown_connections
2023-07-14T11:55:35.694 INFO:teuthology.orchestra.run.smithi119.stdout:/usr/bin/ceph: stderr
2023-07-14T11:55:35.124+0000 7f16203e7700 1 -- 172.21.15.119:0/3912142027 wait complete.
2023-07-14T11:55:35.695 INFO:teuthology.orchestra.run.smithi119.stdout:/usr/bin/ceph: stderr
2023-07-14T11:55:35.125+0000 7f16203e7700 1 Processor -- start
2023-07-14T11:55:35.695 INFO:teuthology.orchestra.run.smithi119.stdout:/usr/bin/ceph: stderr
2023-07-14T11:55:35.125+0000 7f16203e7700 1 -- start start
2023-07-14T11:55:35.695 INFO:teuthology.orchestra.run.smithi119.stdout:/usr/bin/ceph: stderr
2023-07-14T11:55:35.125+0000 7f16203e7700 1 --2- >> [v2:172.21.15.119:3300/0,v1:172.21.15.119:6789/0] conn(0x7f1618103ce0 0x7f161819b360 unknown :-1 s=NONE pgs=0 cs=0 l=1 rev1=0 crypto rx=0 tx=0 comp rx=0 tx=0).connect
2023-07-14T11:55:35.695 INFO:teuthology.orchestra.run.smithi119.stdout:/usr/bin/ceph: stderr
