2023-07-14T12:49:52.955+0000 7f0130d23700 1 -- 172.21.15.17:0/400226853 shutdown_connections
2023-07-14T12:49:53.708 INFO:teuthology.orchestra.run.smithi017.stdout:/usr/bin/ceph: stderr
2023-07-14T12:49:52.955+0000 7f0130d23700 1 --2- 172.21.15.17:0/400226853 >> [v2:172.21.15.17:3300/0,v1:172.21.15.17:6789/0] conn(0x7f012c07be30 0x7f012c07a330 unknown :-1 s=CLOSED pgs=47 cs=0 l=1 rev1=1 crypto rx=0 tx=0 comp rx=0 tx=0).stop
2023-07-14T12:49:53.709 INFO:teuthology.orchestra.run.smithi017.stdout:/usr/bin/ceph: stderr
2023-07-14T12:49:52.955+0000 7f0130d23700 1 -- 172.21.15.17:0/400226853 >> 172.21.15.17:0/400226853 conn(0x7f012c100890 msgr2=0x7f012c102ca0 unknown :-1 s=STATE_NONE l=0).mark_down
2023-07-14T12:49:53.709 INFO:teuthology.orchestra.run.smithi017.stdout:/usr/bin/ceph: stderr
2023-07-14T12:49:52.955+0000 7f0130d23700 1 -- 172.21.15.17:0/400226853 shutdown_connections
2023-07-14T12:49:53.709 INFO:teuthology.orchestra.run.smithi017.stdout:/usr/bin/ceph: stderr
2023-07-14T12:49:52.955+0000 7f0130d23700 1 -- 172.21.15.17:0/400226853 wait complete.
2023-07-14T12:49:53.709 INFO:teuthology.orchestra.run.smithi017.stdout:/usr/bin/ceph: stderr
2023-07-14T12:49:52.956+0000 7f0130d23700 1 Processor -- start
2023-07-14T12:49:53.709 INFO:teuthology.orchestra.run.smithi017.stdout:/usr/bin/ceph: stderr
2023-07-14T12:49:52.956+0000 7f0130d23700 1 -- start start
2023-07-14T12:49:53.709 INFO:teuthology.orchestra.run.smithi017.stdout:/usr/bin/ceph: stderr
2023-07-14T12:49:52.957+0000 7f0130d23700 1 --2- >> [v2:172.21.15.17:3300/0,v1:172.21.15.17:6789/0] conn(0x7f012c07be30 0x7f012c19b0d0 unknown :-1 s=NONE pgs=0 cs=0 l=1 rev1=0 crypto rx=0 tx=0 comp rx=0 tx=0).connect
2023-07-14T12:49:53.709 INFO:teuthology.orchestra.run.smithi017.stdout:/usr/bin/ceph: stderr
2023-07-14T12:49:52.957+0000 7f0130d23700 1 -- --> [v2:172.21.15.17:3300/0,v1:172.21.15.17:6789/0] -- mon_getmap magic: 0 v1 -- 0x7f012c19b610 con 0x7f012c07be30
2023-07-14T12:49:53.709 INFO:teuthology.orchestra.run.smithi017.stdout:/usr/bin/ceph: stderr
2023-07-14T12:49:52.957+0000 7f012a59c700 1 --2- >> [v2:172.21.15.17:3300/0,v1:172.21.15.17:6789/0] conn(0x7f012c07be30 0x7f012c19b0d0 unknown :-1 s=BANNER_CONNECTING pgs=0 cs=0 l=1 rev1=0 crypto rx=0 tx=0 comp rx=0 tx=0)._handle_peer_banner_payload supported=3 required=0
2023-07-14T12:49:53.710 INFO:teuthology.orchestra.run.smithi017.stdout:/usr/bin/ceph: stderr
2023-07-14T12:49:52.957+0000 7f012a59c700 1 --2- >> [v2:172.21.15.17:3300/0,v1:172.21.15.17:6789/0] conn(0x7f012c07be30 0x7f012c19b0d0 unknown :-1 s=HELLO_CONNECTING pgs=0 cs=0 l=1 rev1=1 crypto rx=0 tx=0 comp rx=0 tx=0).handle_hello peer v2:172.21.15.17:3300/0 says I am v2:172.21.15.17:42048/0 (socket says 172.21.15.17:42048)
2023-07-14T12:49:53.710 INFO:teuthology.orchestra.run.smithi017.stdout:/usr/bin/ceph: stderr
2023-07-14T12:49:52.957+0000 7f012a59c700 1 -- 172.21.15.17:0/3604631349 learned_addr learned my addr 172.21.15.17:0/3604631349 (peer_addr_for_me v2:172.21.15.17:0/0)
2023-07-14T12:49:53.710 INFO:teuthology.orchestra.run.smithi017.stdout:/usr/bin/ceph: stderr
2023-07-14T12:49:52.957+0000 7f012a59c700 1 -- 172.21.15.17:0/3604631349 --> [v2:172.21.15.17:3300/0,v1:172.21.15.17:6789/0] -- mon_subscribe({config=0+,monmap=0+}) v3 -- 0x7f011c009550 con 0x7f012c07be30
2023-07-14T12:49:53.710 INFO:teuthology.orchestra.run.smithi017.stdout:/usr/bin/ceph: stderr
2023-07-14T12:49:52.958+0000 7f012a59c700 1 --2- 172.21.15.17:0/3604631349 >> [v2:172.21.15.17:3300/0,v1:172.21.15.17:6789/0] conn(0x7f012c07be30 0x7f012c19b0d0 secure :-1 s=READY pgs=48 cs=0 l=1 rev1=1 crypto rx=0x7f011c000c00 tx=0x7f011c011e70 comp rx=0 tx=0).ready entity=mon.0 client_cookie=0 server_cookie=0 in_seq=0 out_seq=0
2023-07-14T12:49:53.710 INFO:teuthology.orchestra.run.smithi017.stdout:/usr/bin/ceph: stderr
2023-07-14T12:49:52.958+0000 7f011b7fe700 1 -- 172.21.15.17:0/3604631349 <== mon.0 v2:172.21.15.17:3300/0 1 ==== mon_map magic: 0 v1 ==== 205+0+0 (secure 0 0 0) 0x7f011c0036a0 con 0x7f012c07be30
2023-07-14T12:49:53.710 INFO:teuthology.orchestra.run.smithi017.stdout:/usr/bin/ceph: stderr
2023-07-14T12:49:52.958+0000 7f011b7fe700 1 -- 172.21.15.17:0/3604631349 <== mon.0 v2:172.21.15.17:3300/0 2 ==== config(25 keys) v1 ==== 1036+0+0 (secure 0 0 0) 0x7f011c003c70 con 0x7f012c07be30
2023-07-14T12:49:53.710 INFO:teuthology.orchestra.run.smithi017.stdout:/usr/bin/ceph: stderr
2023-07-14T12:49:52.958+0000 7f0130d23700 1 -- 172.21.15.17:0/3604631349 --> [v2:172.21.15.17:3300/0,v1:172.21.15.17:6789/0] -- mon_subscribe({mgrmap=0+}) v3 -- 0x7f012c19b810 con 0x7f012c07be30
2023-07-14T12:49:53.711 INFO:teuthology.orchestra.run.smithi017.stdout:/usr/bin/ceph: stderr
2023-07-14T12:49:52.958+0000 7f011b7fe700 1 -- 172.21.15.17:0/3604631349 <== mon.0 v2:172.21.15.17:3300/0 3 ==== mon_map magic: 0 v1 ==== 205+0+0 (secure 0 0 0) 0x7f011c0193f0 con 0x7f012c07be30
2023-07-14T12:49:53.711 INFO:teuthology.orchestra.run.smithi017.stdout:/usr/bin/ceph: stderr
2023-07-14T12:49:52.958+0000 7f0130d23700 1 -- 172.21.15.17:0/3604631349 --> [v2:172.21.15.17:3300/0,v1:172.21.15.17:6789/0] -- mon_subscribe({osdmap=0}) v3 -- 0x7f012c19bc30 con 0x7f012c07be30
2023-07-14T12:49:53.711 INFO:teuthology.orchestra.run.smithi017.stdout:/usr/bin/ceph: stderr
2023-07-14T12:49:52.959+0000 7f011b7fe700 1 -- 172.21.15.17:0/3604631349 <== mon.0 v2:172.21.15.17:3300/0 4 ==== mgrmap(e 8) v1 ==== 45483+0+0 (secure 0 0 0) 0x7f011c01b440 con 0x7f012c07be30
2023-07-14T12:49:53.711 INFO:teuthology.orchestra.run.smithi017.stdout:/usr/bin/ceph: stderr
2023-07-14T12:49:52.959+0000 7f0130d23700 1 -- 172.21.15.17:0/3604631349 --> [v2:172.21.15.17:3300/0,v1:172.21.15.17:6789/0] -- mon_command({"prefix": "get_command_descriptions"} v 0) v1 -- 0x7f012c061b40 con 0x7f012c07be30
2023-07-14T12:49:53.711 INFO:teuthology.orchestra.run.smithi017.stdout:/usr/bin/ceph: stderr
2023-07-14T12:49:52.959+0000 7f011b7fe700 1 --2- 172.21.15.17:0/3604631349 >> [v2:172.21.15.17:6800/1783581931,v1:172.21.15.17:6801/1783581931] conn(0x7f01140387b0 0x7f011403ac60 unknown :-1 s=NONE pgs=0 cs=0 l=1 rev1=0 crypto rx=0 tx=0 comp rx=0 tx=0).connect
2023-07-14T12:49:53.711 INFO:teuthology.orchestra.run.smithi017.stdout:/usr/bin/ceph: stderr
2023-07-14T12:49:52.960+0000 7f011b7fe700 1 -- 172.21.15.17:0/3604631349 <== mon.0 v2:172.21.15.17:3300/0 5 ==== osd_map(2..2 src has 1..2) v4 ==== 940+0+0 (secure 0 0 0) 0x7f011c04c5a0 con 0x7f012c07be30
2023-07-14T12:49:53.711 INFO:teuthology.orchestra.run.smithi017.stdout:/usr/bin/ceph: stderr
2023-07-14T12:49:52.960+0000 7f0129d9b700 1 --2- 172.21.15.17:0/3604631349 >> [v2:172.21.15.17:6800/1783581931,v1:172.21.15.17:6801/1783581931] conn(0x7f01140387b0 0x7f011403ac60 unknown :-1 s=BANNER_CONNECTING pgs=0 cs=0 l=1 rev1=0 crypto rx=0 tx=0 comp rx=0 tx=0)._handle_peer_banner_payload supported=3 required=0
2023-07-14T12:49:53.712 INFO:teuthology.orchestra.run.smithi017.stdout:/usr/bin/ceph: stderr
2023-07-14T12:49:52.960+0000 7f0129d9b700 1 --2- 172.21.15.17:0/3604631349 >> [v2:172.21.15.17:6800/1783581931,v1:172.21.15.17:6801/1783581931] conn(0x7f01140387b0 0x7f011403ac60 secure :-1 s=READY pgs=13 cs=0 l=1 rev1=1 crypto rx=0x7f0120006fd0 tx=0x7f0120006e40 comp rx=0 tx=0).ready entity=mgr.14118 client_cookie=0 server_cookie=0 in_seq=0 out_seq=0
2023-07-14T12:49:53.712 INFO:teuthology.orchestra.run.smithi017.stdout:/usr/bin/ceph: stderr
2023-07-14T12:49:52.965+0000 7f011b7fe700 1 -- 172.21.15.17:0/3604631349 <== mon.0 v2:172.21.15.17:3300/0 6 ==== mon_command_ack([{"prefix": "get_command_descriptions"}]=0 v0) v1 ==== 72+0+178038 (secure 0 0 0) 0x7f011c022930 con 0x7f012c07be30
2023-07-14T12:49:53.712 INFO:teuthology.orchestra.run.smithi017.stdout:/usr/bin/ceph: stderr
2023-07-14T12:49:53.172+0000 7f011b7fe700 1 -- 172.21.15.17:0/3604631349 <== mon.0 v2:172.21.15.17:3300/0 7 ==== config(25 keys) v1 ==== 1067+0+0 (secure 0 0 0) 0x7f011c04bef0 con 0x7f012c07be30
2023-07-14T12:49:53.712 INFO:teuthology.orchestra.run.smithi017.stdout:/usr/bin/ceph: stderr
2023-07-14T12:49:53.189+0000 7f0130d23700 1 -- 172.21.15.17:0/3604631349 --> [v2:172.21.15.17:6800/1783581931,v1:172.21.15.17:6801/1783581931] -- mgr_command(tid 0: {"prefix": "orch apply", "service_type": "mgr", "unmanaged": true, "target": ["mon-mgr", ""]}) v1 -- 0x7f012c101d70 con 0x7f01140387b0
2023-07-14T12:49:53.712 INFO:teuthology.orchestra.run.smithi017.stdout:/usr/bin/ceph: stderr
2023-07-14T12:49:53.193+0000 7f011b7fe700 1 -- 172.21.15.17:0/3604631349 <== mgr.14118 v2:172.21.15.17:6800/1783581931 1 ==== mgr_command_reply(tid 0: 0 ) v1 ==== 8+0+24 (secure 0 0 0) 0x7f012c101d70 con 0x7f01140387b0
2023-07-14T12:49:53.712 INFO:teuthology.orchestra.run.smithi017.stdout:/usr/bin/ceph: stderr
2023-07-14T12:49:53.195+0000 7f0130d23700 1 -- 172.21.15.17:0/3604631349 >> [v2:172.21.15.17:6800/1783581931,v1:172.21.15.17:6801/1783581931] conn(0x7f01140387b0 msgr2=0x7f011403ac60 secure :-1 s=STATE_CONNECTION_ESTABLISHED l=1).mark_down
2023-07-14T12:49:53.712 INFO:teuthology.orchestra.run.smithi017.stdout:/usr/bin/ceph: stderr
2023-07-14T12:49:53.195+0000 7f0130d23700 1 --2- 172.21.15.17:0/3604631349 >> [v2:172.21.15.17:6800/1783581931,v1:172.21.15.17:6801/1783581931] conn(0x7f01140387b0 0x7f011403ac60 secure :-1 s=READY pgs=13 cs=0 l=1 rev1=1 crypto rx=0x7f0120006fd0 tx=0x7f0120006e40 comp rx=0 tx=0).stop
2023-07-14T12:49:53.713 INFO:teuthology.orchestra.run.smithi017.stdout:/usr/bin/ceph: stderr
2023-07-14T12:49:53.195+0000 7f0130d23700 1 -- 172.21.15.17:0/3604631349 >> [v2:172.21.15.17:3300/0,v1:172.21.15.17:6789/0] conn(0x7f012c07be30 msgr2=0x7f012c19b0d0 secure :-1 s=STATE_CONNECTION_ESTABLISHED l=1).mark_down
2023-07-14T12:49:53.713 INFO:teuthology.orchestra.run.smithi017.stdout:/usr/bin/ceph: stderr
2023-07-14T12:49:53.195+0000 7f0130d23700 1 --2- 172.21.15.17:0/3604631349 >> [v2:172.21.15.17:3300/0,v1:172.21.15.17:6789/0] conn(0x7f012c07be30 0x7f012c19b0d0 secure :-1 s=READY pgs=48 cs=0 l=1 rev1=1 crypto rx=0x7f011c000c00 tx=0x7f011c011e70 comp rx=0 tx=0).stop
2023-07-14T12:49:53.713 INFO:teuthology.orchestra.run.smithi017.stdout:/usr/bin/ceph: stderr
2023-07-14T12:49:53.195+0000 7f0130d23700 1 -- 172.21.15.17:0/3604631349 shutdown_connections
2023-07-14T12:49:53.713 INFO:teuthology.orchestra.run.smithi017.stdout:/usr/bin/ceph: stderr
2023-07-14T12:49:53.196+0000 7f0130d23700 1 --2- 172.21.15.17:0/3604631349 >> [v2:172.21.15.17:6800/1783581931,v1:172.21.15.17:6801/1783581931] conn(0x7f01140387b0 0x7f011403ac60 unknown :-1 s=CLOSED pgs=13 cs=0 l=1 rev1=1 crypto rx=0 tx=0 comp rx=0 tx=0).stop
2023-07-14T12:49:53.713 INFO:teuthology.orchestra.run.smithi017.stdout:/usr/bin/ceph: stderr
2023-07-14T12:49:53.196+0000 7f0130d23700 1 --2- 172.21.15.17:0/3604631349 >> [v2:172.21.15.17:3300/0,v1:172.21.15.17:6789/0] conn(0x7f012c07be30 0x7f012c19b0d0 unknown :-1 s=CLOSED pgs=48 cs=0 l=1 rev1=1 crypto rx=0 tx=0 comp rx=0 tx=0).stop
2023-07-14T12:49:53.713 INFO:teuthology.orchestra.run.smithi017.stdout:/usr/bin/ceph: stderr
2023-07-14T12:49:53.196+0000 7f0130d23700 1 -- 172.21.15.17:0/3604631349 >> 172.21.15.17:0/3604631349 conn(0x7f012c100890 msgr2=0x7f012c101660 unknown :-1 s=STATE_NONE l=0).mark_down
2023-07-14T12:49:53.713 INFO:teuthology.orchestra.run.smithi017.stdout:/usr/bin/ceph: stderr
2023-07-14T12:49:53.196+0000 7f0130d23700 1 -- 172.21.15.17:0/3604631349 shutdown_connections
2023-07-14T12:49:53.714 INFO:teuthology.orchestra.run.smithi017.stdout:/usr/bin/ceph: stderr
2023-07-14T12:49:53.196+0000 7f0130d23700 1 -- 172.21.15.17:0/3604631349 wait complete.
2023-07-14T12:49:54.346 INFO:journalctl@ceph.mon.a.smithi017.stdout:Jul 14 12:49:54 smithi017 ceph-mon[95536]: from='mgr.14118 172.21.15.17:0/2979159498' entity='mgr.x'
2023-07-14T12:49:54.346 INFO:journalctl@ceph.mon.a.smithi017.stdout:Jul 14 12:49:54 smithi017 ceph-mon[95536]: from='client.14142 -' entity='client.admin' cmd=[{"prefix": "orch apply", "service_type": "mgr", "unmanaged": true, "target": ["mon-mgr", ""]}]: dispatch
2023-07-14T12:49:54.347 INFO:journalctl@ceph.mon.a.smithi017.stdout:Jul 14 12:49:54 smithi017 ceph-mon[95536]: Saving service mgr spec with placement count:2
2023-07-14T12:49:54.347 INFO:journalctl@ceph.mon.a.smithi017.stdout:Jul 14 12:49:54 smithi017 ceph-mon[95536]: from='mgr.14118 172.21.15.17:0/2979159498' entity='mgr.x'
2023-07-14T12:49:54.347 INFO:journalctl@ceph.mon.a.smithi017.stdout:Jul 14 12:49:54 smithi017 ceph-mon[95536]: from='mgr.14118 172.21.15.17:0/2979159498' entity='mgr.x'
2023-07-14T12:49:55.088 INFO:teuthology.orchestra.run.smithi017.stdout:/usr/bin/ceph: stderr
2023-07-14T12:49:54.270+0000 7f3bc79da700 1 Processor -- start
2023-07-14T12:49:55.089 INFO:teuthology.orchestra.run.smithi017.stdout:/usr/bin/ceph: stderr
2023-07-14T12:49:54.270+0000 7f3bc79da700 1 -- start start
2023-07-14T12:49:55.089 INFO:teuthology.orchestra.run.smithi017.stdout:/usr/bin/ceph: stderr
2023-07-14T12:49:54.271+0000 7f3bc79da700 1 --2- >> [v2:172.21.15.17:3300/0,v1:172.21.15.17:6789/0] conn(0x7f3bc007be30 0x7f3bc007a330 unknown :-1 s=NONE pgs=0 cs=0 l=0 rev1=0 crypto rx=0 tx=0 comp rx=0 tx=0).connect
2023-07-14T12:49:55.089 INFO:teuthology.orchestra.run.smithi017.stdout:/usr/bin/ceph: stderr
2023-07-14T12:49:54.271+0000 7f3bc79da700 1 -- --> [v2:172.21.15.17:3300/0,v1:172.21.15.17:6789/0] -- mon_getmap magic: 0 v1 -- 0x7f3bc007a870 con 0x7f3bc007be30
2023-07-14T12:49:55.089 INFO:teuthology.orchestra.run.smithi017.stdout:/usr/bin/ceph: stderr
2023-07-14T12:49:54.271+0000 7f3bc5776700 1 --2- >> [v2:172.21.15.17:3300/0,v1:172.21.15.17:6789/0] conn(0x7f3bc007be30 0x7f3bc007a330 unknown :-1 s=BANNER_CONNECTING pgs=0 cs=0 l=0 rev1=0 crypto rx=0 tx=0 comp rx=0 tx=0)._handle_peer_banner_payload supported=3 required=0
2023-07-14T12:49:55.089 INFO:teuthology.orchestra.run.smithi017.stdout:/usr/bin/ceph: stderr
2023-07-14T12:49:54.271+0000 7f3bc5776700 1 --2- >> [v2:172.21.15.17:3300/0,v1:172.21.15.17:6789/0] conn(0x7f3bc007be30 0x7f3bc007a330 unknown :-1 s=HELLO_CONNECTING pgs=0 cs=0 l=0 rev1=1 crypto rx=0 tx=0 comp rx=0 tx=0).handle_hello peer v2:172.21.15.17:3300/0 says I am v2:172.21.15.17:42058/0 (socket says 172.21.15.17:42058)
2023-07-14T12:49:55.090 INFO:teuthology.orchestra.run.smithi017.stdout:/usr/bin/ceph: stderr
2023-07-14T12:49:54.271+0000 7f3bc5776700 1 -- 172.21.15.17:0/200343959 learned_addr learned my addr 172.21.15.17:0/200343959 (peer_addr_for_me v2:172.21.15.17:0/0)
2023-07-14T12:49:55.090 INFO:teuthology.orchestra.run.smithi017.stdout:/usr/bin/ceph: stderr
2023-07-14T12:49:54.271+0000 7f3bc5776700 1 -- 172.21.15.17:0/200343959 --> [v2:172.21.15.17:3300/0,v1:172.21.15.17:6789/0] -- mon_subscribe({config=0+,monmap=0+}) v3 -- 0x7f3bc007a9b0 con 0x7f3bc007be30
2023-07-14T12:49:55.090 INFO:teuthology.orchestra.run.smithi017.stdout:/usr/bin/ceph: stderr
2023-07-14T12:49:54.272+0000 7f3bc5776700 1 --2- 172.21.15.17:0/200343959 >> [v2:172.21.15.17:3300/0,v1:172.21.15.17:6789/0] conn(0x7f3bc007be30 0x7f3bc007a330 secure :-1 s=READY pgs=49 cs=0 l=1 rev1=1 crypto rx=0x7f3bbc0098a0 tx=0x7f3bbc009bb0 comp rx=0 tx=0).ready entity=mon.0 client_cookie=acf3ad60b02b3dfd server_cookie=0 in_seq=0 out_seq=0
2023-07-14T12:49:55.090 INFO:teuthology.orchestra.run.smithi017.stdout:/usr/bin/ceph: stderr
2023-07-14T12:49:54.272+0000 7f3bb7fff700 1 -- 172.21.15.17:0/200343959 <== mon.0 v2:172.21.15.17:3300/0 1 ==== mon_map magic: 0 v1 ==== 205+0+0 (secure 0 0 0) 0x7f3bbc004160 con 0x7f3bc007be30
2023-07-14T12:49:55.090 INFO:teuthology.orchestra.run.smithi017.stdout:/usr/bin/ceph: stderr
2023-07-14T12:49:54.272+0000 7f3bb7fff700 1 -- 172.21.15.17:0/200343959 <== mon.0 v2:172.21.15.17:3300/0 2 ==== config(25 keys) v1 ==== 1067+0+0 (secure 0 0 0) 0x7f3bbc0042c0 con 0x7f3bc007be30
2023-07-14T12:49:55.090 INFO:teuthology.orchestra.run.smithi017.stdout:/usr/bin/ceph: stderr
2023-07-14T12:49:54.272+0000 7f3bb7fff700 1 -- 172.21.15.17:0/200343959 <== mon.0 v2:172.21.15.17:3300/0 3 ==== mon_map magic: 0 v1 ==== 205+0+0 (secure 0 0 0) 0x7f3bbc0118e0 con 0x7f3bc007be30
2023-07-14T12:49:55.090 INFO:teuthology.orchestra.run.smithi017.stdout:/usr/bin/ceph: stderr
2023-07-14T12:49:54.272+0000 7f3bc79da700 1 -- 172.21.15.17:0/200343959 >> [v2:172.21.15.17:3300/0,v1:172.21.15.17:6789/0] conn(0x7f3bc007be30 msgr2=0x7f3bc007a330 secure :-1 s=STATE_CONNECTION_ESTABLISHED l=1).mark_down
2023-07-14T12:49:55.091 INFO:teuthology.orchestra.run.smithi017.stdout:/usr/bin/ceph: stderr
2023-07-14T12:49:54.272+0000 7f3bc79da700 1 --2- 172.21.15.17:0/200343959 >> [v2:172.21.15.17:3300/0,v1:172.21.15.17:6789/0] conn(0x7f3bc007be30 0x7f3bc007a330 secure :-1 s=READY pgs=49 cs=0 l=1 rev1=1 crypto rx=0x7f3bbc0098a0 tx=0x7f3bbc009bb0 comp rx=0 tx=0).stop
2023-07-14T12:49:55.091 INFO:teuthology.orchestra.run.smithi017.stdout:/usr/bin/ceph: stderr
2023-07-14T12:49:54.273+0000 7f3bc79da700 1 -- 172.21.15.17:0/200343959 shutdown_connections
2023-07-14T12:49:55.091 INFO:teuthology.orchestra.run.smithi017.stdout:/usr/bin/ceph: stderr
2023-07-14T12:49:54.273+0000 7f3bc79da700 1 --2- 172.21.15.17:0/200343959 >> [v2:172.21.15.17:3300/0,v1:172.21.15.17:6789/0] conn(0x7f3bc007be30 0x7f3bc007a330 unknown :-1 s=CLOSED pgs=49 cs=0 l=1 rev1=1 crypto rx=0 tx=0 comp rx=0 tx=0).stop
2023-07-14T12:49:55.091 INFO:teuthology.orchestra.run.smithi017.stdout:/usr/bin/ceph: stderr
2023-07-14T12:49:54.273+0000 7f3bc79da700 1 -- 172.21.15.17:0/200343959 >> 172.21.15.17:0/200343959 conn(0x7f3bc0100900 msgr2=0x7f3bc0102d10 unknown :-1 s=STATE_NONE l=0).mark_down
2023-07-14T12:49:55.091 INFO:teuthology.orchestra.run.smithi017.stdout:/usr/bin/ceph: stderr
2023-07-14T12:49:54.273+0000 7f3bc79da700 1 -- 172.21.15.17:0/200343959 shutdown_connections
2023-07-14T12:49:55.091 INFO:teuthology.orchestra.run.smithi017.stdout:/usr/bin/ceph: stderr
2023-07-14T12:49:54.273+0000 7f3bc79da700 1 -- 172.21.15.17:0/200343959 wait complete.
2023-07-14T12:49:55.091 INFO:teuthology.orchestra.run.smithi017.stdout:/usr/bin/ceph: stderr
2023-07-14T12:49:54.274+0000 7f3bc79da700 1 Processor -- start
2023-07-14T12:49:55.092 INFO:teuthology.orchestra.run.smithi017.stdout:/usr/bin/ceph: stderr
2023-07-14T12:49:54.274+0000 7f3bc79da700 1 -- start start
2023-07-14T12:49:55.092 INFO:teuthology.orchestra.run.smithi017.stdout:/usr/bin/ceph: stderr
2023-07-14T12:49:54.274+0000 7f3bc79da700 1 --2- >> [v2:172.21.15.17:3300/0,v1:172.21.15.17:6789/0] conn(0x7f3bc007be30 0x7f3bc019b220 unknown :-1 s=NONE pgs=0 cs=0 l=1 rev1=0 crypto rx=0 tx=0 comp rx=0 tx=0).connect
2023-07-14T12:49:55.092 INFO:teuthology.orchestra.run.smithi017.stdout:/usr/bin/ceph: stderr
2023-07-14T12:49:54.274+0000 7f3bc79da700 1 -- --> [v2:172.21.15.17:3300/0,v1:172.21.15.17:6789/0] -- mon_getmap magic: 0 v1 -- 0x7f3bc019b760 con 0x7f3bc007be30
2023-07-14T12:49:55.092 INFO:teuthology.orchestra.run.smithi017.stdout:/usr/bin/ceph: stderr
2023-07-14T12:49:54.274+0000 7f3bc5776700 1 --2- >> [v2:172.21.15.17:3300/0,v1:172.21.15.17:6789/0] conn(0x7f3bc007be30 0x7f3bc019b220 unknown :-1 s=BANNER_CONNECTING pgs=0 cs=0 l=1 rev1=0 crypto rx=0 tx=0 comp rx=0 tx=0)._handle_peer_banner_payload supported=3 required=0
2023-07-14T12:49:55.092 INFO:teuthology.orchestra.run.smithi017.stdout:/usr/bin/ceph: stderr
2023-07-14T12:49:54.274+0000 7f3bc5776700 1 --2- >> [v2:172.21.15.17:3300/0,v1:172.21.15.17:6789/0] conn(0x7f3bc007be30 0x7f3bc019b220 unknown :-1 s=HELLO_CONNECTING pgs=0 cs=0 l=1 rev1=1 crypto rx=0 tx=0 comp rx=0 tx=0).handle_hello peer v2:172.21.15.17:3300/0 says I am v2:172.21.15.17:42060/0 (socket says 172.21.15.17:42060)
2023-07-14T12:49:55.092 INFO:teuthology.orchestra.run.smithi017.stdout:/usr/bin/ceph: stderr
2023-07-14T12:49:54.274+0000 7f3bc5776700 1 -- 172.21.15.17:0/764383263 learned_addr learned my addr 172.21.15.17:0/764383263 (peer_addr_for_me v2:172.21.15.17:0/0)
2023-07-14T12:49:55.092 INFO:teuthology.orchestra.run.smithi017.stdout:/usr/bin/ceph: stderr
2023-07-14T12:49:54.275+0000 7f3bc5776700 1 -- 172.21.15.17:0/764383263 --> [v2:172.21.15.17:3300/0,v1:172.21.15.17:6789/0] -- mon_subscribe({config=0+,monmap=0+}) v3 -- 0x7f3bbc009550 con 0x7f3bc007be30
2023-07-14T12:49:55.093 INFO:teuthology.orchestra.run.smithi017.stdout:/usr/bin/ceph: stderr
2023-07-14T12:49:54.275+0000 7f3bc5776700 1 --2- 172.21.15.17:0/764383263 >> [v2:172.21.15.17:3300/0,v1:172.21.15.17:6789/0] conn(0x7f3bc007be30 0x7f3bc019b220 secure :-1 s=READY pgs=50 cs=0 l=1 rev1=1 crypto rx=0x7f3bbc003e30 tx=0x7f3bbc011b50 comp rx=0 tx=0).ready entity=mon.0 client_cookie=0 server_cookie=0 in_seq=0 out_seq=0
2023-07-14T12:49:55.093 INFO:teuthology.orchestra.run.smithi017.stdout:/usr/bin/ceph: stderr
2023-07-14T12:49:54.275+0000 7f3bb67fc700 1 -- 172.21.15.17:0/764383263 <== mon.0 v2:172.21.15.17:3300/0 1 ==== mon_map magic: 0 v1 ==== 205+0+0 (secure 0 0 0) 0x7f3bbc0037d0 con 0x7f3bc007be30
2023-07-14T12:49:55.093 INFO:teuthology.orchestra.run.smithi017.stdout:/usr/bin/ceph: stderr
2023-07-14T12:49:54.275+0000 7f3bb67fc700 1 -- 172.21.15.17:0/764383263 <== mon.0 v2:172.21.15.17:3300/0 2 ==== config(25 keys) v1 ==== 1067+0+0 (secure 0 0 0) 0x7f3bbc01b440 con 0x7f3bc007be30
2023-07-14T12:49:55.093 INFO:teuthology.orchestra.run.smithi017.stdout:/usr/bin/ceph: stderr
2023-07-14T12:49:54.275+0000 7f3bc79da700 1 -- 172.21.15.17:0/764383263 --> [v2:172.21.15.17:3300/0,v1:172.21.15.17:6789/0] -- mon_subscribe({mgrmap=0+}) v3 -- 0x7f3bc019b960 con 0x7f3bc007be30
2023-07-14T12:49:55.093 INFO:teuthology.orchestra.run.smithi017.stdout:/usr/bin/ceph: stderr
2023-07-14T12:49:54.275+0000 7f3bb67fc700 1 -- 172.21.15.17:0/764383263 <== mon.0 v2:172.21.15.17:3300/0 3 ==== mon_map magic: 0 v1 ==== 205+0+0 (secure 0 0 0) 0x7f3bbc023400 con 0x7f3bc007be30
2023-07-14T12:49:55.093 INFO:teuthology.orchestra.run.smithi017.stdout:/usr/bin/ceph: stderr
2023-07-14T12:49:54.275+0000 7f3bc79da700 1 -- 172.21.15.17:0/764383263 --> [v2:172.21.15.17:3300/0,v1:172.21.15.17:6789/0] -- mon_subscribe({osdmap=0}) v3 -- 0x7f3bc019bd80 con 0x7f3bc007be30
2023-07-14T12:49:55.093 INFO:teuthology.orchestra.run.smithi017.stdout:/usr/bin/ceph: stderr
2023-07-14T12:49:54.276+0000 7f3bb67fc700 1 -- 172.21.15.17:0/764383263 <== mon.0 v2:172.21.15.17:3300/0 4 ==== mgrmap(e 8) v1 ==== 45483+0+0 (secure 0 0 0) 0x7f3bbc003930 con 0x7f3bc007be30
2023-07-14T12:49:55.093 INFO:teuthology.orchestra.run.smithi017.stdout:/usr/bin/ceph: stderr
2023-07-14T12:49:54.276+0000 7f3bc79da700 1 -- 172.21.15.17:0/764383263 --> [v2:172.21.15.17:3300/0,v1:172.21.15.17:6789/0] -- mon_command({"prefix": "get_command_descriptions"} v 0) v1 -- 0x7f3bc01951a0 con 0x7f3bc007be30
2023-07-14T12:49:55.094 INFO:teuthology.orchestra.run.smithi017.stdout:/usr/bin/ceph: stderr
2023-07-14T12:49:54.277+0000 7f3bb67fc700 1 --2- 172.21.15.17:0/764383263 >> [v2:172.21.15.17:6800/1783581931,v1:172.21.15.17:6801/1783581931] conn(0x7f3bac038740 0x7f3bac03abf0 unknown :-1 s=NONE pgs=0 cs=0 l=1 rev1=0 crypto rx=0 tx=0 comp rx=0 tx=0).connect
2023-07-14T12:49:55.094 INFO:teuthology.orchestra.run.smithi017.stdout:/usr/bin/ceph: stderr
2023-07-14T12:49:54.277+0000 7f3bb67fc700 1 -- 172.21.15.17:0/764383263 <== mon.0 v2:172.21.15.17:3300/0 5 ==== osd_map(2..2 src has 1..2) v4 ==== 940+0+0 (secure 0 0 0) 0x7f3bbc04c730 con 0x7f3bc007be30
2023-07-14T12:49:55.094 INFO:teuthology.orchestra.run.smithi017.stdout:/usr/bin/ceph: stderr
2023-07-14T12:49:54.277+0000 7f3bc4f75700 1 --2- 172.21.15.17:0/764383263 >> [v2:172.21.15.17:6800/1783581931,v1:172.21.15.17:6801/1783581931] conn(0x7f3bac038740 0x7f3bac03abf0 unknown :-1 s=BANNER_CONNECTING pgs=0 cs=0 l=1 rev1=0 crypto rx=0 tx=0 comp rx=0 tx=0)._handle_peer_banner_payload supported=3 required=0
2023-07-14T12:49:55.094 INFO:teuthology.orchestra.run.smithi017.stdout:/usr/bin/ceph: stderr
2023-07-14T12:49:54.278+0000 7f3bc4f75700 1 --2- 172.21.15.17:0/764383263 >> [v2:172.21.15.17:6800/1783581931,v1:172.21.15.17:6801/1783581931] conn(0x7f3bac038740 0x7f3bac03abf0 secure :-1 s=READY pgs=14 cs=0 l=1 rev1=1 crypto rx=0x7f3bb0006fd0 tx=0x7f3bb0006e40 comp rx=0 tx=0).ready entity=mgr.14118 client_cookie=0 server_cookie=0 in_seq=0 out_seq=0
2023-07-14T12:49:55.094 INFO:teuthology.orchestra.run.smithi017.stdout:/usr/bin/ceph: stderr
2023-07-14T12:49:54.282+0000 7f3bb67fc700 1 -- 172.21.15.17:0/764383263 <== mon.0 v2:172.21.15.17:3300/0 6 ==== mon_command_ack([{"prefix": "get_command_descriptions"}]=0 v0) v1 ==== 72+0+178038 (secure 0 0 0) 0x7f3bbc02b350 con 0x7f3bc007be30
2023-07-14T12:49:55.095 INFO:teuthology.orchestra.run.smithi017.stdout:/usr/bin/ceph: stderr
2023-07-14T12:49:54.497+0000 7f3bc79da700 1 -- 172.21.15.17:0/764383263 --> [v2:172.21.15.17:3300/0,v1:172.21.15.17:6789/0] -- mon_command([{prefix=config set, name=mgr/cephadm/container_init}] v 0) v1 -- 0x7f3bc002cce0 con 0x7f3bc007be30
2023-07-14T12:49:55.095 INFO:teuthology.orchestra.run.smithi017.stdout:/usr/bin/ceph: stderr
2023-07-14T12:49:54.501+0000 7f3bb67fc700 1 -- 172.21.15.17:0/764383263 <== mon.0 v2:172.21.15.17:3300/0 7 ==== mon_command_ack([{prefix=config set, name=mgr/cephadm/container_init}]=0 v7)=0 v7) v1 ==== 142+0+0 (secure 0 0 0) 0x7f3bbc01a3d0 con 0x7f3bc007be30
2023-07-14T12:49:55.095 INFO:teuthology.orchestra.run.smithi017.stdout:/usr/bin/ceph: stderr
2023-07-14T12:49:54.505+0000 7f3bc79da700 1 -- 172.21.15.17:0/764383263 >> [v2:172.21.15.17:6800/1783581931,v1:172.21.15.17:6801/1783581931] conn(0x7f3bac038740 msgr2=0x7f3bac03abf0 secure :-1 s=STATE_CONNECTION_ESTABLISHED l=1).mark_down
2023-07-14T12:49:55.096 INFO:teuthology.orchestra.run.smithi017.stdout:/usr/bin/ceph: stderr
2023-07-14T12:49:54.505+0000 7f3bc79da700 1 --2- 172.21.15.17:0/764383263 >> [v2:172.21.15.17:6800/1783581931,v1:172.21.15.17:6801/1783581931] conn(0x7f3bac038740 0x7f3bac03abf0 secure :-1 s=READY pgs=14 cs=0 l=1 rev1=1 crypto rx=0x7f3bb0006fd0 tx=0x7f3bb0006e40 comp rx=0 tx=0).stop
2023-07-14T12:49:55.096 INFO:teuthology.orchestra.run.smithi017.stdout:/usr/bin/ceph: stderr
2023-07-14T12:49:54.505+0000 7f3bc79da700 1 -- 172.21.15.17:0/764383263 >> [v2:172.21.15.17:3300/0,v1:172.21.15.17:6789/0] conn(0x7f3bc007be30 msgr2=0x7f3bc019b220 secure :-1 s=STATE_CONNECTION_ESTABLISHED l=1).mark_down
2023-07-14T12:49:55.096 INFO:teuthology.orchestra.run.smithi017.stdout:/usr/bin/ceph: stderr
2023-07-14T12:49:54.505+0000 7f3bc79da700 1 --2- 172.21.15.17:0/764383263 >> [v2:172.21.15.17:3300/0,v1:172.21.15.17:6789/0] conn(0x7f3bc007be30 0x7f3bc019b220 secure :-1 s=READY pgs=50 cs=0 l=1 rev1=1 crypto rx=0x7f3bbc003e30 tx=0x7f3bbc011b50 comp rx=0 tx=0).stop
2023-07-14T12:49:55.097 INFO:teuthology.orchestra.run.smithi017.stdout:/usr/bin/ceph: stderr
2023-07-14T12:49:54.505+0000 7f3bc79da700 1 -- 172.21.15.17:0/764383263 shutdown_connections
2023-07-14T12:49:55.097 INFO:teuthology.orchestra.run.smithi017.stdout:/usr/bin/ceph: stderr
2023-07-14T12:49:54.505+0000 7f3bc79da700 1 --2- 172.21.15.17:0/764383263 >> [v2:172.21.15.17:6800/1783581931,v1:172.21.15.17:6801/1783581931] conn(0x7f3bac038740 0x7f3bac03abf0 unknown :-1 s=CLOSED pgs=14 cs=0 l=1 rev1=1 crypto rx=0 tx=0 comp rx=0 tx=0).stop
2023-07-14T12:49:55.097 INFO:teuthology.orchestra.run.smithi017.stdout:/usr/bin/ceph: stderr
2023-07-14T12:49:54.505+0000 7f3bc79da700 1 --2- 172.21.15.17:0/764383263 >> [v2:172.21.15.17:3300/0,v1:172.21.15.17:6789/0] conn(0x7f3bc007be30 0x7f3bc019b220 unknown :-1 s=CLOSED pgs=50 cs=0 l=1 rev1=1 crypto rx=0 tx=0 comp rx=0 tx=0).stop
2023-07-14T12:49:55.097 INFO:teuthology.orchestra.run.smithi017.stdout:/usr/bin/ceph: stderr
2023-07-14T12:49:54.505+0000 7f3bc79da700 1 -- 172.21.15.17:0/764383263 >> 172.21.15.17:0/764383263 conn(0x7f3bc0100900 msgr2=0x7f3bc0102cb0 unknown :-1 s=STATE_NONE l=0).mark_down
2023-07-14T12:49:55.097 INFO:teuthology.orchestra.run.smithi017.stdout:/usr/bin/ceph: stderr
2023-07-14T12:49:54.505+0000 7f3bc79da700 1 -- 172.21.15.17:0/764383263 shutdown_connections
2023-07-14T12:49:55.097 INFO:teuthology.orchestra.run.smithi017.stdout:/usr/bin/ceph: stderr
2023-07-14T12:49:54.505+0000 7f3bc79da700 1 -- 172.21.15.17:0/764383263 wait complete.
2023-07-14T12:49:55.846 INFO:journalctl@ceph.mon.a.smithi017.stdout:Jul 14 12:49:55 smithi017 ceph-mon[95536]: from='client.? 172.21.15.17:0/764383263' entity='client.admin'
2023-07-14T12:49:56.579 INFO:teuthology.orchestra.run.smithi017.stdout:/usr/bin/ceph: stderr
2023-07-14T12:49:55.667+0000 7f15e2b5b700 1 Processor -- start
2023-07-14T12:49:56.580 INFO:teuthology.orchestra.run.smithi017.stdout:/usr/bin/ceph: stderr
2023-07-14T12:49:55.667+0000 7f15e2b5b700 1 -- start start
2023-07-14T12:49:56.580 INFO:teuthology.orchestra.run.smithi017.stdout:/usr/bin/ceph: stderr
2023-07-14T12:49:55.668+0000 7f15e2b5b700 1 --2- >> [v2:172.21.15.17:3300/0,v1:172.21.15.17:6789/0] conn(0x7f15dc105200 0x7f15dc105610 unknown :-1 s=NONE pgs=0 cs=0 l=0 rev1=0 crypto rx=0 tx=0 comp rx=0 tx=0).connect
2023-07-14T12:49:56.580 INFO:teuthology.orchestra.run.smithi017.stdout:/usr/bin/ceph: stderr
2023-07-14T12:49:55.668+0000 7f15e2b5b700 1 -- --> [v2:172.21.15.17:3300/0,v1:172.21.15.17:6789/0] -- mon_getmap magic: 0 v1 -- 0x7f15dc105b50 con 0x7f15dc105200
2023-07-14T12:49:56.580 INFO:teuthology.orchestra.run.smithi017.stdout:/usr/bin/ceph: stderr
2023-07-14T12:49:55.668+0000 7f15e08f7700 1 --2- >> [v2:172.21.15.17:3300/0,v1:172.21.15.17:6789/0] conn(0x7f15dc105200 0x7f15dc105610 unknown :-1 s=BANNER_CONNECTING pgs=0 cs=0 l=0 rev1=0 crypto rx=0 tx=0 comp rx=0 tx=0)._handle_peer_banner_payload supported=3 required=0
2023-07-14T12:49:56.580 INFO:teuthology.orchestra.run.smithi017.stdout:/usr/bin/ceph: stderr
2023-07-14T12:49:55.668+0000 7f15e08f7700 1 --2- >> [v2:172.21.15.17:3300/0,v1:172.21.15.17:6789/0] conn(0x7f15dc105200 0x7f15dc105610 unknown :-1 s=HELLO_CONNECTING pgs=0 cs=0 l=0 rev1=1 crypto rx=0 tx=0 comp rx=0 tx=0).handle_hello peer v2:172.21.15.17:3300/0 says I am v2:172.21.15.17:37734/0 (socket says 172.21.15.17:37734)
2023-07-14T12:49:56.581 INFO:teuthology.orchestra.run.smithi017.stdout:/usr/bin/ceph: stderr
2023-07-14T12:49:55.668+0000 7f15e08f7700 1 -- 172.21.15.17:0/4285430574 learned_addr learned my addr 172.21.15.17:0/4285430574 (peer_addr_for_me v2:172.21.15.17:0/0)
2023-07-14T12:49:56.581 INFO:teuthology.orchestra.run.smithi017.stdout:/usr/bin/ceph: stderr
2023-07-14T12:49:55.669+0000 7f15e08f7700 1 -- 172.21.15.17:0/4285430574 --> [v2:172.21.15.17:3300/0,v1:172.21.15.17:6789/0] -- mon_subscribe({config=0+,monmap=0+}) v3 -- 0x7f15dc105c90 con 0x7f15dc105200
2023-07-14T12:49:56.581 INFO:teuthology.orchestra.run.smithi017.stdout:/usr/bin/ceph: stderr
2023-07-14T12:49:55.669+0000 7f15e08f7700 1 --2- 172.21.15.17:0/4285430574 >> [v2:172.21.15.17:3300/0,v1:172.21.15.17:6789/0] conn(0x7f15dc105200 0x7f15dc105610 secure :-1 s=READY pgs=51 cs=0 l=1 rev1=1 crypto rx=0x7f15d00098a0 tx=0x7f15d0009bb0 comp rx=0 tx=0).ready entity=mon.0 client_cookie=e7dcd7ba083e49bc server_cookie=0 in_seq=0 out_seq=0
2023-07-14T12:49:56.581 INFO:teuthology.orchestra.run.smithi017.stdout:/usr/bin/ceph: stderr
2023-07-14T12:49:55.669+0000 7f15db7fe700 1 -- 172.21.15.17:0/4285430574 <== mon.0 v2:172.21.15.17:3300/0 1 ==== mon_map magic: 0 v1 ==== 205+0+0 (secure 0 0 0) 0x7f15d0004160 con 0x7f15dc105200
2023-07-14T12:49:56.581 INFO:teuthology.orchestra.run.smithi017.stdout:/usr/bin/ceph: stderr
2023-07-14T12:49:55.669+0000 7f15db7fe700 1 -- 172.21.15.17:0/4285430574 <== mon.0 v2:172.21.15.17:3300/0 2 ==== config(25 keys) v1 ==== 1067+0+0 (secure 0 0 0) 0x7f15d00042c0 con 0x7f15dc105200
2023-07-14T12:49:56.581 INFO:teuthology.orchestra.run.smithi017.stdout:/usr/bin/ceph: stderr
2023-07-14T12:49:55.669+0000 7f15db7fe700 1 -- 172.21.15.17:0/4285430574 <== mon.0 v2:172.21.15.17:3300/0 3 ==== mon_map magic: 0 v1 ==== 205+0+0 (secure 0 0 0) 0x7f15d00118e0 con 0x7f15dc105200
2023-07-14T12:49:56.581 INFO:teuthology.orchestra.run.smithi017.stdout:/usr/bin/ceph: stderr
2023-07-14T12:49:55.670+0000 7f15e2b5b700 1 -- 172.21.15.17:0/4285430574 >> [v2:172.21.15.17:3300/0,v1:172.21.15.17:6789/0] conn(0x7f15dc105200 msgr2=0x7f15dc105610 secure :-1 s=STATE_CONNECTION_ESTABLISHED l=1).mark_down
2023-07-14T12:49:56.581 INFO:teuthology.orchestra.run.smithi017.stdout:/usr/bin/ceph: stderr
2023-07-14T12:49:55.670+0000 7f15e2b5b700 1 --2- 172.21.15.17:0/4285430574 >> [v2:172.21.15.17:3300/0,v1:172.21.15.17:6789/0] conn(0x7f15dc105200 0x7f15dc105610 secure :-1 s=READY pgs=51 cs=0 l=1 rev1=1 crypto rx=0x7f15d00098a0 tx=0x7f15d0009bb0 comp rx=0 tx=0).stop
2023-07-14T12:49:56.582 INFO:teuthology.orchestra.run.smithi017.stdout:/usr/bin/ceph: stderr
2023-07-14T12:49:55.670+0000 7f15e2b5b700 1 -- 172.21.15.17:0/4285430574 shutdown_connections
2023-07-14T12:49:56.582 INFO:teuthology.orchestra.run.smithi017.stdout:/usr/bin/ceph: stderr
2023-07-14T12:49:55.670+0000 7f15e2b5b700 1 --2- 172.21.15.17:0/4285430574 >> [v2:172.21.15.17:3300/0,v1:172.21.15.17:6789/0] conn(0x7f15dc105200 0x7f15dc105610 unknown :-1 s=CLOSED pgs=51 cs=0 l=1 rev1=1 crypto rx=0 tx=0 comp rx=0 tx=0).stop
2023-07-14T12:49:56.582 INFO:teuthology.orchestra.run.smithi017.stdout:/usr/bin/ceph: stderr
2023-07-14T12:49:55.670+0000 7f15e2b5b700 1 -- 172.21.15.17:0/4285430574 >> 172.21.15.17:0/4285430574 conn(0x7f15dc100890 msgr2=0x7f15dc102ca0 unknown :-1 s=STATE_NONE l=0).mark_down
2023-07-14T12:49:56.582 INFO:teuthology.orchestra.run.smithi017.stdout:/usr/bin/ceph: stderr
2023-07-14T12:49:55.670+0000 7f15e2b5b700 1 -- 172.21.15.17:0/4285430574 shutdown_connections
2023-07-14T12:49:56.582 INFO:teuthology.orchestra.run.smithi017.stdout:/usr/bin/ceph: stderr
2023-07-14T12:49:55.670+0000 7f15e2b5b700 1 -- 172.21.15.17:0/4285430574 wait complete.
2023-07-14T12:49:56.582 INFO:teuthology.orchestra.run.smithi017.stdout:/usr/bin/ceph: stderr
2023-07-14T12:49:55.671+0000 7f15e2b5b700 1 Processor -- start
2023-07-14T12:49:56.582 INFO:teuthology.orchestra.run.smithi017.stdout:/usr/bin/ceph: stderr
2023-07-14T12:49:55.671+0000 7f15e2b5b700 1 -- start start
2023-07-14T12:49:56.583 INFO:teuthology.orchestra.run.smithi017.stdout:/usr/bin/ceph: stderr
2023-07-14T12:49:55.671+0000 7f15e2b5b700 1 --2- >> [v2:172.21.15.17:3300/0,v1:172.21.15.17:6789/0] conn(0x7f15dc105200 0x7f15dc19b140 unknown :-1 s=NONE pgs=0 cs=0 l=1 rev1=0 crypto rx=0 tx=0 comp rx=0 tx=0).connect
2023-07-14T12:49:56.583 INFO:teuthology.orchestra.run.smithi017.stdout:/usr/bin/ceph: stderr
2023-07-14T12:49:55.671+0000 7f15e2b5b700 1 -- --> [v2:172.21.15.17:3300/0,v1:172.21.15.17:6789/0] -- mon_getmap magic: 0 v1 -- 0x7f15dc19b680 con 0x7f15dc105200
2023-07-14T12:49:56.583 INFO:teuthology.orchestra.run.smithi017.stdout:/usr/bin/ceph: stderr
2023-07-14T12:49:55.672+0000 7f15e08f7700 1 --2- >> [v2:172.21.15.17:3300/0,v1:172.21.15.17:6789/0] conn(0x7f15dc105200 0x7f15dc19b140 unknown :-1 s=BANNER_CONNECTING pgs=0 cs=0 l=1 rev1=0 crypto rx=0 tx=0 comp rx=0 tx=0)._handle_peer_banner_payload supported=3 required=0
2023-07-14T12:49:56.583 INFO:teuthology.orchestra.run.smithi017.stdout:/usr/bin/ceph: stderr
2023-07-14T12:49:55.672+0000 7f15e08f7700 1 --2- >> [v2:172.21.15.17:3300/0,v1:172.21.15.17:6789/0] conn(0x7f15dc105200 0x7f15dc19b140 unknown :-1 s=HELLO_CONNECTING pgs=0 cs=0 l=1 rev1=1 crypto rx=0 tx=0 comp rx=0 tx=0).handle_hello peer v2:172.21.15.17:3300/0 says I am v2:172.21.15.17:37746/0 (socket says 172.21.15.17:37746)
2023-07-14T12:49:56.583 INFO:teuthology.orchestra.run.smithi017.stdout:/usr/bin/ceph: stderr
2023-07-14T12:49:55.672+0000 7f15e08f7700 1 -- 172.21.15.17:0/644368877 learned_addr learned my addr 172.21.15.17:0/644368877 (peer_addr_for_me v2:172.21.15.17:0/0)
2023-07-14T12:49:56.583 INFO:teuthology.orchestra.run.smithi017.stdout:/usr/bin/ceph: stderr
2023-07-14T12:49:55.672+0000 7f15e08f7700 1 -- 172.21.15.17:0/644368877 --> [v2:172.21.15.17:3300/0,v1:172.21.15.17:6789/0] -- mon_subscribe({config=0+,monmap=0+}) v3 -- 0x7f15d0009550 con 0x7f15dc105200
2023-07-14T12:49:56.583 INFO:teuthology.orchestra.run.smithi017.stdout:/usr/bin/ceph: stderr
2023-07-14T12:49:55.672+0000 7f15e08f7700 1 --2- 172.21.15.17:0/644368877 >> [v2:172.21.15.17:3300/0,v1:172.21.15.17:6789/0] conn(0x7f15dc105200 0x7f15dc19b140 secure :-1 s=READY pgs=52 cs=0 l=1 rev1=1 crypto rx=0x7f15d0006af0 tx=0x7f15d0011ed0 comp rx=0 tx=0).ready entity=mon.0 client_cookie=0 server_cookie=0 in_seq=0 out_seq=0
2023-07-14T12:49:56.584 INFO:teuthology.orchestra.run.smithi017.stdout:/usr/bin/ceph: stderr
2023-07-14T12:49:55.673+0000 7f15d9ffb700 1 -- 172.21.15.17:0/644368877 <== mon.0 v2:172.21.15.17:3300/0 1 ==== mon_map magic: 0 v1 ==== 205+0+0 (secure 0 0 0) 0x7f15d00037d0 con 0x7f15dc105200
2023-07-14T12:49:56.584 INFO:teuthology.orchestra.run.smithi017.stdout:/usr/bin/ceph: stderr
2023-07-14T12:49:55.673+0000 7f15d9ffb700 1 -- 172.21.15.17:0/644368877 <== mon.0 v2:172.21.15.17:3300/0 2 ==== config(25 keys) v1 ==== 1067+0+0 (secure 0 0 0) 0x7f15d001b440 con 0x7f15dc105200
2023-07-14T12:49:56.584 INFO:teuthology.orchestra.run.smithi017.stdout:/usr/bin/ceph: stderr
2023-07-14T12:49:55.673+0000 7f15d9ffb700 1 -- 172.21.15.17:0/644368877 <== mon.0 v2:172.21.15.17:3300/0 3 ==== mon_map magic: 0 v1 ==== 205+0+0 (secure 0 0 0) 0x7f15d0023400 con 0x7f15dc105200
2023-07-14T12:49:56.584 INFO:teuthology.orchestra.run.smithi017.stdout:/usr/bin/ceph: stderr
2023-07-14T12:49:55.673+0000 7f15e2b5b700 1 -- 172.21.15.17:0/644368877 --> [v2:172.21.15.17:3300/0,v1:172.21.15.17:6789/0] -- mon_subscribe({mgrmap=0+}) v3 -- 0x7f15dc19b880 con 0x7f15dc105200
2023-07-14T12:49:56.584 INFO:teuthology.orchestra.run.smithi017.stdout:/usr/bin/ceph: stderr
2023-07-14T12:49:55.673+0000 7f15e2b5b700 1 -- 172.21.15.17:0/644368877 --> [v2:172.21.15.17:3300/0,v1:172.21.15.17:6789/0] -- mon_subscribe({osdmap=0}) v3 -- 0x7f15dc19bca0 con 0x7f15dc105200
2023-07-14T12:49:56.584 INFO:teuthology.orchestra.run.smithi017.stdout:/usr/bin/ceph: stderr
2023-07-14T12:49:55.674+0000 7f15d9ffb700 1 -- 172.21.15.17:0/644368877 <== mon.0 v2:172.21.15.17:3300/0 4 ==== mgrmap(e 8) v1 ==== 45483+0+0 (secure 0 0 0) 0x7f15d001b5b0 con 0x7f15dc105200
2023-07-14T12:49:56.584 INFO:teuthology.orchestra.run.smithi017.stdout:/usr/bin/ceph: stderr
2023-07-14T12:49:55.674+0000 7f15e2b5b700 1 -- 172.21.15.17:0/644368877 --> [v2:172.21.15.17:3300/0,v1:172.21.15.17:6789/0] -- mon_command({"prefix": "get_command_descriptions"} v 0) v1 -- 0x7f15dc061b40 con 0x7f15dc105200
2023-07-14T12:49:56.585 INFO:teuthology.orchestra.run.smithi017.stdout:/usr/bin/ceph: stderr
2023-07-14T12:49:55.674+0000 7f15d9ffb700 1 --2- 172.21.15.17:0/644368877 >> [v2:172.21.15.17:6800/1783581931,v1:172.21.15.17:6801/1783581931] conn(0x7f15cc038710 0x7f15cc03abc0 unknown :-1 s=NONE pgs=0 cs=0 l=1 rev1=0 crypto rx=0 tx=0 comp rx=0 tx=0).connect
2023-07-14T12:49:56.585 INFO:teuthology.orchestra.run.smithi017.stdout:/usr/bin/ceph: stderr
2023-07-14T12:49:55.674+0000 7f15d9ffb700 1 -- 172.21.15.17:0/644368877 <== mon.0 v2:172.21.15.17:3300/0 5 ==== osd_map(2..2 src has 1..2) v4 ==== 940+0+0 (secure 0 0 0) 0x7f15d004c790 con 0x7f15dc105200
2023-07-14T12:49:56.585 INFO:teuthology.orchestra.run.smithi017.stdout:/usr/bin/ceph: stderr
2023-07-14T12:49:55.675+0000 7f15dbfff700 1 --2- 172.21.15.17:0/644368877 >> [v2:172.21.15.17:6800/1783581931,v1:172.21.15.17:6801/1783581931] conn(0x7f15cc038710 0x7f15cc03abc0 unknown :-1 s=BANNER_CONNECTING pgs=0 cs=0 l=1 rev1=0 crypto rx=0 tx=0 comp rx=0 tx=0)._handle_peer_banner_payload supported=3 required=0
2023-07-14T12:49:56.585 INFO:teuthology.orchestra.run.smithi017.stdout:/usr/bin/ceph: stderr
2023-07-14T12:49:55.675+0000 7f15dbfff700 1 --2- 172.21.15.17:0/644368877 >> [v2:172.21.15.17:6800/1783581931,v1:172.21.15.17:6801/1783581931] conn(0x7f15cc038710 0x7f15cc03abc0 secure :-1 s=READY pgs=15 cs=0 l=1 rev1=1 crypto rx=0x7f15c8006fd0 tx=0x7f15c8006e40 comp rx=0 tx=0).ready entity=mgr.14118 client_cookie=0 server_cookie=0 in_seq=0 out_seq=0
2023-07-14T12:49:56.585 INFO:teuthology.orchestra.run.smithi017.stdout:/usr/bin/ceph: stderr
2023-07-14T12:49:55.679+0000 7f15d9ffb700 1 -- 172.21.15.17:0/644368877 <== mon.0 v2:172.21.15.17:3300/0 6 ==== mon_command_ack([{"prefix": "get_command_descriptions"}]=0 v0) v1 ==== 72+0+178038 (secure 0 0 0) 0x7f15d001b8d0 con 0x7f15dc105200
2023-07-14T12:49:56.585 INFO:teuthology.orchestra.run.smithi017.stdout:/usr/bin/ceph: stderr
2023-07-14T12:49:55.895+0000 7f15e2b5b700 1 -- 172.21.15.17:0/644368877 --> [v2:172.21.15.17:3300/0,v1:172.21.15.17:6789/0] -- mon_command([{prefix=config set, name=mgr/dashboard/ssl_server_port}] v 0) v1 -- 0x7f15dc19eb00 con 0x7f15dc105200
2023-07-14T12:49:56.586 INFO:teuthology.orchestra.run.smithi017.stdout:/usr/bin/ceph: stderr
2023-07-14T12:49:55.899+0000 7f15d9ffb700 1 -- 172.21.15.17:0/644368877 <== mon.0 v2:172.21.15.17:3300/0 7 ==== mon_command_ack([{prefix=config set, name=mgr/dashboard/ssl_server_port}]=0 v8)=0 v8) v1 ==== 130+0+0 (secure 0 0 0) 0x7f15d000bbd0 con 0x7f15dc105200
2023-07-14T12:49:56.586 INFO:teuthology.orchestra.run.smithi017.stdout:/usr/bin/ceph: stderr
2023-07-14T12:49:55.901+0000 7f15e2b5b700 1 -- 172.21.15.17:0/644368877 >> [v2:172.21.15.17:6800/1783581931,v1:172.21.15.17:6801/1783581931] conn(0x7f15cc038710 msgr2=0x7f15cc03abc0 secure :-1 s=STATE_CONNECTION_ESTABLISHED l=1).mark_down
2023-07-14T12:49:56.586 INFO:teuthology.orchestra.run.smithi017.stdout:/usr/bin/ceph: stderr
2023-07-14T12:49:55.901+0000 7f15e2b5b700 1 --2- 172.21.15.17:0/644368877 >> [v2:172.21.15.17:6800/1783581931,v1:172.21.15.17:6801/1783581931] conn(0x7f15cc038710 0x7f15cc03abc0 secure :-1 s=READY pgs=15 cs=0 l=1 rev1=1 crypto rx=0x7f15c8006fd0 tx=0x7f15c8006e40 comp rx=0 tx=0).stop
2023-07-14T12:49:56.586 INFO:teuthology.orchestra.run.smithi017.stdout:/usr/bin/ceph: stderr
2023-07-14T12:49:55.901+0000 7f15e2b5b700 1 -- 172.21.15.17:0/644368877 >> [v2:172.21.15.17:3300/0,v1:172.21.15.17:6789/0] conn(0x7f15dc105200 msgr2=0x7f15dc19b140 secure :-1 s=STATE_CONNECTION_ESTABLISHED l=1).mark_down
2023-07-14T12:49:56.586 INFO:teuthology.orchestra.run.smithi017.stdout:/usr/bin/ceph: stderr
2023-07-14T12:49:55.901+0000 7f15e2b5b700 1 --2- 172.21.15.17:0/644368877 >> [v2:172.21.15.17:3300/0,v1:172.21.15.17:6789/0] conn(0x7f15dc105200 0x7f15dc19b140 secure :-1 s=READY pgs=52 cs=0 l=1 rev1=1 crypto rx=0x7f15d0006af0 tx=0x7f15d0011ed0 comp rx=0 tx=0).stop
2023-07-14T12:49:56.586 INFO:teuthology.orchestra.run.smithi017.stdout:/usr/bin/ceph: stderr
2023-07-14T12:49:55.901+0000 7f15e2b5b700 1 -- 172.21.15.17:0/644368877 shutdown_connections
2023-07-14T12:49:56.586 INFO:teuthology.orchestra.run.smithi017.stdout:/usr/bin/ceph: stderr
2023-07-14T12:49:55.901+0000 7f15e2b5b700 1 --2- 172.21.15.17:0/644368877 >> [v2:172.21.15.17:6800/1783581931,v1:172.21.15.17:6801/1783581931] conn(0x7f15cc038710 0x7f15cc03abc0 unknown :-1 s=CLOSED pgs=15 cs=0 l=1 rev1=1 crypto rx=0 tx=0 comp rx=0 tx=0).stop
2023-07-14T12:49:56.587 INFO:teuthology.orchestra.run.smithi017.stdout:/usr/bin/ceph: stderr
2023-07-14T12:49:55.901+0000 7f15e2b5b700 1 --2- 172.21.15.17:0/644368877 >> [v2:172.21.15.17:3300/0,v1:172.21.15.17:6789/0] conn(0x7f15dc105200 0x7f15dc19b140 unknown :-1 s=CLOSED pgs=52 cs=0 l=1 rev1=1 crypto rx=0 tx=0 comp rx=0 tx=0).stop
2023-07-14T12:49:56.587 INFO:teuthology.orchestra.run.smithi017.stdout:/usr/bin/ceph: stderr
2023-07-14T12:49:55.901+0000 7f15e2b5b700 1 -- 172.21.15.17:0/644368877 >> 172.21.15.17:0/644368877 conn(0x7f15dc100890 msgr2=0x7f15dc101670 unknown :-1 s=STATE_NONE l=0).mark_down
2023-07-14T12:49:56.587 INFO:teuthology.orchestra.run.smithi017.stdout:/usr/bin/ceph: stderr
2023-07-14T12:49:55.902+0000 7f15e2b5b700 1 -- 172.21.15.17:0/644368877 shutdown_connections
2023-07-14T12:49:56.587 INFO:teuthology.orchestra.run.smithi017.stdout:/usr/bin/ceph: stderr
2023-07-14T12:49:55.902+0000 7f15e2b5b700 1 -- 172.21.15.17:0/644368877 wait complete.
2023-07-14T12:49:56.587 INFO:teuthology.orchestra.run.smithi017.stdout:Enabling the dashboard module...
2023-07-14T12:49:57.346 INFO:journalctl@ceph.mon.a.smithi017.stdout:Jul 14 12:49:56 smithi017 ceph-mon[95536]: from='client.? 172.21.15.17:0/644368877' entity='client.admin'
2023-07-14T12:49:57.347 INFO:journalctl@ceph.mon.a.smithi017.stdout:Jul 14 12:49:56 smithi017 ceph-mon[95536]: from='mgr.14118 172.21.15.17:0/2979159498' entity='mgr.x'
2023-07-14T12:49:58.233 INFO:journalctl@ceph.mon.a.smithi017.stdout:Jul 14 12:49:57 smithi017 ceph-mon[95536]: from='client.? 172.21.15.17:0/1348443660' entity='client.admin' cmd=[{"prefix": "mgr module enable", "module": "dashboard"}]: dispatch
2023-07-14T12:49:58.233 INFO:journalctl@ceph.mgr.x.smithi017.stdout:Jul 14 12:49:58 smithi017 ceph-b31a3268-2244-11ee-9b33-001a4aab830c-mgr-x[95783]: ignoring --setuser ceph since I am not root
2023-07-14T12:49:58.234 INFO:journalctl@ceph.mgr.x.smithi017.stdout:Jul 14 12:49:58 smithi017 ceph-b31a3268-2244-11ee-9b33-001a4aab830c-mgr-x[95783]: ignoring --setgroup ceph since I am not root
2023-07-14T12:49:58.363 INFO:teuthology.orchestra.run.smithi017.stdout:/usr/bin/ceph: stderr
2023-07-14T12:49:57.150+0000 7f2b92d09700 1 Processor -- start
2023-07-14T12:49:58.367 INFO:teuthology.orchestra.run.smithi017.stdout:/usr/bin/ceph: stderr
2023-07-14T12:49:57.150+0000 7f2b92d09700 1 -- start start
2023-07-14T12:49:58.367 INFO:teuthology.orchestra.run.smithi017.stdout:/usr/bin/ceph: stderr
2023-07-14T12:49:57.150+0000 7f2b92d09700 1 --2- >> [v2:172.21.15.17:3300/0,v1:172.21.15.17:6789/0] conn(0x7f2b8c07bdd0 0x7f2b8c07a2d0 unknown :-1 s=NONE pgs=0 cs=0 l=0 rev1=0 crypto rx=0 tx=0 comp rx=0 tx=0).connect
2023-07-14T12:49:58.367 INFO:teuthology.orchestra.run.smithi017.stdout:/usr/bin/ceph: stderr
2023-07-14T12:49:57.150+0000 7f2b92d09700 1 -- --> [v2:172.21.15.17:3300/0,v1:172.21.15.17:6789/0] -- mon_getmap magic: 0 v1 -- 0x7f2b8c07a810 con 0x7f2b8c07bdd0
2023-07-14T12:49:58.367 INFO:teuthology.orchestra.run.smithi017.stdout:/usr/bin/ceph: stderr
2023-07-14T12:49:57.151+0000 7f2b90aa5700 1 --2- >> [v2:172.21.15.17:3300/0,v1:172.21.15.17:6789/0] conn(0x7f2b8c07bdd0 0x7f2b8c07a2d0 unknown :-1 s=BANNER_CONNECTING pgs=0 cs=0 l=0 rev1=0 crypto rx=0 tx=0 comp rx=0 tx=0)._handle_peer_banner_payload supported=3 required=0
2023-07-14T12:49:58.367 INFO:teuthology.orchestra.run.smithi017.stdout:/usr/bin/ceph: stderr
2023-07-14T12:49:57.151+0000 7f2b90aa5700 1 --2- >> [v2:172.21.15.17:3300/0,v1:172.21.15.17:6789/0] conn(0x7f2b8c07bdd0 0x7f2b8c07a2d0 unknown :-1 s=HELLO_CONNECTING pgs=0 cs=0 l=0 rev1=1 crypto rx=0 tx=0 comp rx=0 tx=0).handle_hello peer v2:172.21.15.17:3300/0 says I am v2:172.21.15.17:37752/0 (socket says 172.21.15.17:37752)
2023-07-14T12:49:58.367 INFO:teuthology.orchestra.run.smithi017.stdout:/usr/bin/ceph: stderr
2023-07-14T12:49:57.151+0000 7f2b90aa5700 1 -- 172.21.15.17:0/512830251 learned_addr learned my addr 172.21.15.17:0/512830251 (peer_addr_for_me v2:172.21.15.17:0/0)
2023-07-14T12:49:58.368 INFO:teuthology.orchestra.run.smithi017.stdout:/usr/bin/ceph: stderr
2023-07-14T12:49:57.151+0000 7f2b90aa5700 1 -- 172.21.15.17:0/512830251 --> [v2:172.21.15.17:3300/0,v1:172.21.15.17:6789/0] -- mon_subscribe({config=0+,monmap=0+}) v3 -- 0x7f2b8c07a950 con 0x7f2b8c07bdd0
2023-07-14T12:49:58.368 INFO:teuthology.orchestra.run.smithi017.stdout:/usr/bin/ceph: stderr
2023-07-14T12:49:57.151+0000 7f2b90aa5700 1 --2- 172.21.15.17:0/512830251 >> [v2:172.21.15.17:3300/0,v1:172.21.15.17:6789/0] conn(0x7f2b8c07bdd0 0x7f2b8c07a2d0 secure :-1 s=READY pgs=53 cs=0 l=1 rev1=1 crypto rx=0x7f2b800098a0 tx=0x7f2b80009bb0 comp rx=0 tx=0).ready entity=mon.0 client_cookie=c95cf9b548ab2c5b server_cookie=0 in_seq=0 out_seq=0
2023-07-14T12:49:58.368 INFO:teuthology.orchestra.run.smithi017.stdout:/usr/bin/ceph: stderr
2023-07-14T12:49:57.152+0000 7f2b8b7fe700 1 -- 172.21.15.17:0/512830251 <== mon.0 v2:172.21.15.17:3300/0 1 ==== mon_map magic: 0 v1 ==== 205+0+0 (secure 0 0 0) 0x7f2b80004160 con 0x7f2b8c07bdd0
2023-07-14T12:49:58.368 INFO:teuthology.orchestra.run.smithi017.stdout:/usr/bin/ceph: stderr
2023-07-14T12:49:57.152+0000 7f2b8b7fe700 1 -- 172.21.15.17:0/512830251 <== mon.0 v2:172.21.15.17:3300/0 2 ==== config(25 keys) v1 ==== 1067+0+0 (secure 0 0 0) 0x7f2b800042c0 con 0x7f2b8c07bdd0
2023-07-14T12:49:58.368 INFO:teuthology.orchestra.run.smithi017.stdout:/usr/bin/ceph: stderr
2023-07-14T12:49:57.152+0000 7f2b8b7fe700 1 -- 172.21.15.17:0/512830251 <== mon.0 v2:172.21.15.17:3300/0 3 ==== mon_map magic: 0 v1 ==== 205+0+0 (secure 0 0 0) 0x7f2b800118e0 con 0x7f2b8c07bdd0
2023-07-14T12:49:58.368 INFO:teuthology.orchestra.run.smithi017.stdout:/usr/bin/ceph: stderr
2023-07-14T12:49:57.152+0000 7f2b92d09700 1 -- 172.21.15.17:0/512830251 >> [v2:172.21.15.17:3300/0,v1:172.21.15.17:6789/0] conn(0x7f2b8c07bdd0 msgr2=0x7f2b8c07a2d0 secure :-1 s=STATE_CONNECTION_ESTABLISHED l=1).mark_down
2023-07-14T12:49:58.368 INFO:teuthology.orchestra.run.smithi017.stdout:/usr/bin/ceph: stderr
2023-07-14T12:49:57.152+0000 7f2b92d09700 1 --2- 172.21.15.17:0/512830251 >> [v2:172.21.15.17:3300/0,v1:172.21.15.17:6789/0] conn(0x7f2b8c07bdd0 0x7f2b8c07a2d0 secure :-1 s=READY pgs=53 cs=0 l=1 rev1=1 crypto rx=0x7f2b800098a0 tx=0x7f2b80009bb0 comp rx=0 tx=0).stop
2023-07-14T12:49:58.369 INFO:teuthology.orchestra.run.smithi017.stdout:/usr/bin/ceph: stderr
2023-07-14T12:49:57.152+0000 7f2b92d09700 1 -- 172.21.15.17:0/512830251 shutdown_connections
2023-07-14T12:49:58.369 INFO:teuthology.orchestra.run.smithi017.stdout:/usr/bin/ceph: stderr
2023-07-14T12:49:57.152+0000 7f2b92d09700 1 --2- 172.21.15.17:0/512830251 >> [v2:172.21.15.17:3300/0,v1:172.21.15.17:6789/0] conn(0x7f2b8c07bdd0 0x7f2b8c07a2d0 unknown :-1 s=CLOSED pgs=53 cs=0 l=1 rev1=1 crypto rx=0 tx=0 comp rx=0 tx=0).stop
2023-07-14T12:49:58.369 INFO:teuthology.orchestra.run.smithi017.stdout:/usr/bin/ceph: stderr
2023-07-14T12:49:57.152+0000 7f2b92d09700 1 -- 172.21.15.17:0/512830251 >> 172.21.15.17:0/512830251 conn(0x7f2b8c100890 msgr2=0x7f2b8c102ca0 unknown :-1 s=STATE_NONE l=0).mark_down
2023-07-14T12:49:58.369 INFO:teuthology.orchestra.run.smithi017.stdout:/usr/bin/ceph: stderr
2023-07-14T12:49:57.152+0000 7f2b92d09700 1 -- 172.21.15.17:0/512830251 shutdown_connections
2023-07-14T12:49:58.369 INFO:teuthology.orchestra.run.smithi017.stdout:/usr/bin/ceph: stderr
2023-07-14T12:49:57.152+0000 7f2b92d09700 1 -- 172.21.15.17:0/512830251 wait complete.
