2023-07-14T12:50:12.141+0000 7fac14946700 1 Processor -- start
2023-07-14T12:50:13.146 INFO:teuthology.orchestra.run.smithi017.stdout:/usr/bin/ceph: stderr
2023-07-14T12:50:12.142+0000 7fac14946700 1 -- start start
2023-07-14T12:50:13.146 INFO:teuthology.orchestra.run.smithi017.stdout:/usr/bin/ceph: stderr
2023-07-14T12:50:12.142+0000 7fac14946700 1 --2- >> [v2:172.21.15.17:3300/0,v1:172.21.15.17:6789/0] conn(0x7fac10105200 0x7fac1007bc60 unknown :-1 s=NONE pgs=0 cs=0 l=1 rev1=0 crypto rx=0 tx=0 comp rx=0 tx=0).connect
2023-07-14T12:50:13.147 INFO:teuthology.orchestra.run.smithi017.stdout:/usr/bin/ceph: stderr
2023-07-14T12:50:12.142+0000 7fac14946700 1 -- --> [v2:172.21.15.17:3300/0,v1:172.21.15.17:6789/0] -- mon_getmap magic: 0 v1 -- 0x7fac1007c1a0 con 0x7fac10105200
2023-07-14T12:50:13.147 INFO:teuthology.orchestra.run.smithi017.stdout:/usr/bin/ceph: stderr
2023-07-14T12:50:12.142+0000 7fac0e59c700 1 --2- >> [v2:172.21.15.17:3300/0,v1:172.21.15.17:6789/0] conn(0x7fac10105200 0x7fac1007bc60 unknown :-1 s=BANNER_CONNECTING pgs=0 cs=0 l=1 rev1=0 crypto rx=0 tx=0 comp rx=0 tx=0)._handle_peer_banner_payload supported=3 required=0
2023-07-14T12:50:13.147 INFO:teuthology.orchestra.run.smithi017.stdout:/usr/bin/ceph: stderr
2023-07-14T12:50:12.142+0000 7fac0e59c700 1 --2- >> [v2:172.21.15.17:3300/0,v1:172.21.15.17:6789/0] conn(0x7fac10105200 0x7fac1007bc60 unknown :-1 s=HELLO_CONNECTING pgs=0 cs=0 l=1 rev1=1 crypto rx=0 tx=0 comp rx=0 tx=0).handle_hello peer v2:172.21.15.17:3300/0 says I am v2:172.21.15.17:47716/0 (socket says 172.21.15.17:47716)
2023-07-14T12:50:13.147 INFO:teuthology.orchestra.run.smithi017.stdout:/usr/bin/ceph: stderr
2023-07-14T12:50:12.142+0000 7fac0e59c700 1 -- 172.21.15.17:0/3897489682 learned_addr learned my addr 172.21.15.17:0/3897489682 (peer_addr_for_me v2:172.21.15.17:0/0)
2023-07-14T12:50:13.147 INFO:teuthology.orchestra.run.smithi017.stdout:/usr/bin/ceph: stderr
2023-07-14T12:50:12.143+0000 7fac0e59c700 1 -- 172.21.15.17:0/3897489682 --> [v2:172.21.15.17:3300/0,v1:172.21.15.17:6789/0] -- mon_subscribe({config=0+,monmap=0+}) v3 -- 0x7fac00009550 con 0x7fac10105200
2023-07-14T12:50:13.147 INFO:teuthology.orchestra.run.smithi017.stdout:/usr/bin/ceph: stderr
2023-07-14T12:50:12.143+0000 7fac0e59c700 1 --2- 172.21.15.17:0/3897489682 >> [v2:172.21.15.17:3300/0,v1:172.21.15.17:6789/0] conn(0x7fac10105200 0x7fac1007bc60 secure :-1 s=READY pgs=73 cs=0 l=1 rev1=1 crypto rx=0x7fac00006af0 tx=0x7fac00011ed0 comp rx=0 tx=0).ready entity=mon.0 client_cookie=0 server_cookie=0 in_seq=0 out_seq=0
2023-07-14T12:50:13.147 INFO:teuthology.orchestra.run.smithi017.stdout:/usr/bin/ceph: stderr
2023-07-14T12:50:12.143+0000 7fabff7fe700 1 -- 172.21.15.17:0/3897489682 <== mon.0 v2:172.21.15.17:3300/0 1 ==== mon_map magic: 0 v1 ==== 205+0+0 (secure 0 0 0) 0x7fac000037d0 con 0x7fac10105200
2023-07-14T12:50:13.148 INFO:teuthology.orchestra.run.smithi017.stdout:/usr/bin/ceph: stderr
2023-07-14T12:50:12.143+0000 7fac14946700 1 -- 172.21.15.17:0/3897489682 --> [v2:172.21.15.17:3300/0,v1:172.21.15.17:6789/0] -- mon_subscribe({mgrmap=0+}) v3 -- 0x7fac1007a2b0 con 0x7fac10105200
2023-07-14T12:50:13.148 INFO:teuthology.orchestra.run.smithi017.stdout:/usr/bin/ceph: stderr
2023-07-14T12:50:12.143+0000 7fabff7fe700 1 -- 172.21.15.17:0/3897489682 <== mon.0 v2:172.21.15.17:3300/0 2 ==== config(25 keys) v1 ==== 1067+0+0 (secure 0 0 0) 0x7fac0001b440 con 0x7fac10105200
2023-07-14T12:50:13.148 INFO:teuthology.orchestra.run.smithi017.stdout:/usr/bin/ceph: stderr
2023-07-14T12:50:12.143+0000 7fabff7fe700 1 -- 172.21.15.17:0/3897489682 <== mon.0 v2:172.21.15.17:3300/0 3 ==== mon_map magic: 0 v1 ==== 205+0+0 (secure 0 0 0) 0x7fac00023400 con 0x7fac10105200
2023-07-14T12:50:13.148 INFO:teuthology.orchestra.run.smithi017.stdout:/usr/bin/ceph: stderr
2023-07-14T12:50:12.143+0000 7fac14946700 1 -- 172.21.15.17:0/3897489682 --> [v2:172.21.15.17:3300/0,v1:172.21.15.17:6789/0] -- mon_subscribe({osdmap=0}) v3 -- 0x7fac1007a6d0 con 0x7fac10105200
2023-07-14T12:50:13.148 INFO:teuthology.orchestra.run.smithi017.stdout:/usr/bin/ceph: stderr
2023-07-14T12:50:12.144+0000 7fabff7fe700 1 -- 172.21.15.17:0/3897489682 <== mon.0 v2:172.21.15.17:3300/0 4 ==== mgrmap(e 12) v1 ==== 45496+0+0 (secure 0 0 0) 0x7fac0001b5b0 con 0x7fac10105200
2023-07-14T12:50:13.148 INFO:teuthology.orchestra.run.smithi017.stdout:/usr/bin/ceph: stderr
2023-07-14T12:50:12.144+0000 7fac14946700 1 -- 172.21.15.17:0/3897489682 --> [v2:172.21.15.17:3300/0,v1:172.21.15.17:6789/0] -- mon_command({"prefix": "get_command_descriptions"} v 0) v1 -- 0x7fac10061b40 con 0x7fac10105200
2023-07-14T12:50:13.148 INFO:teuthology.orchestra.run.smithi017.stdout:/usr/bin/ceph: stderr
2023-07-14T12:50:12.145+0000 7fabff7fe700 1 --2- 172.21.15.17:0/3897489682 >> [v2:172.21.15.17:6800/2034486077,v1:172.21.15.17:6801/2034486077] conn(0x7fabf8038710 0x7fabf803abc0 unknown :-1 s=NONE pgs=0 cs=0 l=1 rev1=0 crypto rx=0 tx=0 comp rx=0 tx=0).connect
2023-07-14T12:50:13.148 INFO:teuthology.orchestra.run.smithi017.stdout:/usr/bin/ceph: stderr
2023-07-14T12:50:12.145+0000 7fabff7fe700 1 -- 172.21.15.17:0/3897489682 <== mon.0 v2:172.21.15.17:3300/0 5 ==== osd_map(3..3 src has 1..3) v4 ==== 1155+0+0 (secure 0 0 0) 0x7fac0004c880 con 0x7fac10105200
2023-07-14T12:50:13.149 INFO:teuthology.orchestra.run.smithi017.stdout:/usr/bin/ceph: stderr
2023-07-14T12:50:12.145+0000 7fac0dd9b700 1 --2- 172.21.15.17:0/3897489682 >> [v2:172.21.15.17:6800/2034486077,v1:172.21.15.17:6801/2034486077] conn(0x7fabf8038710 0x7fabf803abc0 unknown :-1 s=BANNER_CONNECTING pgs=0 cs=0 l=1 rev1=0 crypto rx=0 tx=0 comp rx=0 tx=0)._handle_peer_banner_payload supported=3 required=0
2023-07-14T12:50:13.149 INFO:teuthology.orchestra.run.smithi017.stdout:/usr/bin/ceph: stderr
2023-07-14T12:50:12.146+0000 7fac0dd9b700 1 --2- 172.21.15.17:0/3897489682 >> [v2:172.21.15.17:6800/2034486077,v1:172.21.15.17:6801/2034486077] conn(0x7fabf8038710 0x7fabf803abc0 secure :-1 s=READY pgs=9 cs=0 l=1 rev1=1 crypto rx=0x7fac04006fd0 tx=0x7fac04006e40 comp rx=0 tx=0).ready entity=mgr.14150 client_cookie=0 server_cookie=0 in_seq=0 out_seq=0
2023-07-14T12:50:13.149 INFO:teuthology.orchestra.run.smithi017.stdout:/usr/bin/ceph: stderr
2023-07-14T12:50:12.150+0000 7fabff7fe700 1 -- 172.21.15.17:0/3897489682 <== mon.0 v2:172.21.15.17:3300/0 6 ==== mon_command_ack([{"prefix": "get_command_descriptions"}]=0 v0) v1 ==== 72+0+178038 (secure 0 0 0) 0x7fac0001b8d0 con 0x7fac10105200
2023-07-14T12:50:13.149 INFO:teuthology.orchestra.run.smithi017.stdout:/usr/bin/ceph: stderr
2023-07-14T12:50:12.366+0000 7fac14946700 1 -- 172.21.15.17:0/3897489682 --> [v2:172.21.15.17:3300/0,v1:172.21.15.17:6789/0] -- mon_command({"prefix": "config get", "who": "mgr", "key": "mgr/dashboard/ssl_server_port"} v 0) v1 -- 0x7fac1007ae90 con 0x7fac10105200
2023-07-14T12:50:13.149 INFO:teuthology.orchestra.run.smithi017.stdout:/usr/bin/ceph: stderr
2023-07-14T12:50:12.367+0000 7fabff7fe700 1 -- 172.21.15.17:0/3897489682 <== mon.0 v2:172.21.15.17:3300/0 7 ==== mon_command_ack([{"prefix": "config get", "who": "mgr", "key": "mgr/dashboard/ssl_server_port"}]=0 v8) v1 ==== 112+0+5 (secure 0 0 0) 0x7fac0000b3e0 con 0x7fac10105200
2023-07-14T12:50:13.149 INFO:teuthology.orchestra.run.smithi017.stdout:/usr/bin/ceph: stderr
2023-07-14T12:50:12.369+0000 7fac14946700 1 -- 172.21.15.17:0/3897489682 >> [v2:172.21.15.17:6800/2034486077,v1:172.21.15.17:6801/2034486077] conn(0x7fabf8038710 msgr2=0x7fabf803abc0 secure :-1 s=STATE_CONNECTION_ESTABLISHED l=1).mark_down
2023-07-14T12:50:13.149 INFO:teuthology.orchestra.run.smithi017.stdout:/usr/bin/ceph: stderr
2023-07-14T12:50:12.369+0000 7fac14946700 1 --2- 172.21.15.17:0/3897489682 >> [v2:172.21.15.17:6800/2034486077,v1:172.21.15.17:6801/2034486077] conn(0x7fabf8038710 0x7fabf803abc0 secure :-1 s=READY pgs=9 cs=0 l=1 rev1=1 crypto rx=0x7fac04006fd0 tx=0x7fac04006e40 comp rx=0 tx=0).stop
2023-07-14T12:50:13.150 INFO:teuthology.orchestra.run.smithi017.stdout:/usr/bin/ceph: stderr
2023-07-14T12:50:12.369+0000 7fac14946700 1 -- 172.21.15.17:0/3897489682 >> [v2:172.21.15.17:3300/0,v1:172.21.15.17:6789/0] conn(0x7fac10105200 msgr2=0x7fac1007bc60 secure :-1 s=STATE_CONNECTION_ESTABLISHED l=1).mark_down
2023-07-14T12:50:13.150 INFO:teuthology.orchestra.run.smithi017.stdout:/usr/bin/ceph: stderr
2023-07-14T12:50:12.369+0000 7fac14946700 1 --2- 172.21.15.17:0/3897489682 >> [v2:172.21.15.17:3300/0,v1:172.21.15.17:6789/0] conn(0x7fac10105200 0x7fac1007bc60 secure :-1 s=READY pgs=73 cs=0 l=1 rev1=1 crypto rx=0x7fac00006af0 tx=0x7fac00011ed0 comp rx=0 tx=0).stop
2023-07-14T12:50:13.150 INFO:teuthology.orchestra.run.smithi017.stdout:/usr/bin/ceph: stderr
2023-07-14T12:50:12.369+0000 7fac14946700 1 -- 172.21.15.17:0/3897489682 shutdown_connections
2023-07-14T12:50:13.150 INFO:teuthology.orchestra.run.smithi017.stdout:/usr/bin/ceph: stderr
2023-07-14T12:50:12.369+0000 7fac14946700 1 --2- 172.21.15.17:0/3897489682 >> [v2:172.21.15.17:6800/2034486077,v1:172.21.15.17:6801/2034486077] conn(0x7fabf8038710 0x7fabf803abc0 unknown :-1 s=CLOSED pgs=9 cs=0 l=1 rev1=1 crypto rx=0 tx=0 comp rx=0 tx=0).stop
2023-07-14T12:50:13.150 INFO:teuthology.orchestra.run.smithi017.stdout:/usr/bin/ceph: stderr
2023-07-14T12:50:12.369+0000 7fac14946700 1 --2- 172.21.15.17:0/3897489682 >> [v2:172.21.15.17:3300/0,v1:172.21.15.17:6789/0] conn(0x7fac10105200 0x7fac1007bc60 unknown :-1 s=CLOSED pgs=73 cs=0 l=1 rev1=1 crypto rx=0 tx=0 comp rx=0 tx=0).stop
2023-07-14T12:50:13.150 INFO:teuthology.orchestra.run.smithi017.stdout:/usr/bin/ceph: stderr
2023-07-14T12:50:12.370+0000 7fac14946700 1 -- 172.21.15.17:0/3897489682 >> 172.21.15.17:0/3897489682 conn(0x7fac10100890 msgr2=0x7fac10101670 unknown :-1 s=STATE_NONE l=0).mark_down
2023-07-14T12:50:13.150 INFO:teuthology.orchestra.run.smithi017.stdout:/usr/bin/ceph: stderr
2023-07-14T12:50:12.370+0000 7fac14946700 1 -- 172.21.15.17:0/3897489682 shutdown_connections
2023-07-14T12:50:13.150 INFO:teuthology.orchestra.run.smithi017.stdout:/usr/bin/ceph: stderr
2023-07-14T12:50:12.370+0000 7fac14946700 1 -- 172.21.15.17:0/3897489682 wait complete.
2023-07-14T12:50:13.162 INFO:teuthology.orchestra.run.smithi017.stdout:Non-zero exit code 1 from systemctl is-enabled firewalld.service
2023-07-14T12:50:13.162 INFO:teuthology.orchestra.run.smithi017.stdout:systemctl: stdout disabled
2023-07-14T12:50:13.178 INFO:teuthology.orchestra.run.smithi017.stdout:Non-zero exit code 3 from systemctl is-active firewalld.service
2023-07-14T12:50:13.178 INFO:teuthology.orchestra.run.smithi017.stdout:systemctl: stdout inactive
2023-07-14T12:50:13.178 INFO:teuthology.orchestra.run.smithi017.stdout:firewalld.service is not enabled
2023-07-14T12:50:13.179 INFO:teuthology.orchestra.run.smithi017.stdout:Not possible to open ports <[8443]>. firewalld.service is not available
2023-07-14T12:50:13.181 INFO:teuthology.orchestra.run.smithi017.stdout:Ceph Dashboard is now available at:
2023-07-14T12:50:13.181 INFO:teuthology.orchestra.run.smithi017.stdout:
2023-07-14T12:50:13.181 INFO:teuthology.orchestra.run.smithi017.stdout: URL: https://smithi017.front.sepia.ceph.com:8443/
2023-07-14T12:50:13.181 INFO:teuthology.orchestra.run.smithi017.stdout: User: admin
2023-07-14T12:50:13.181 INFO:teuthology.orchestra.run.smithi017.stdout: Password: frhk3bon91
2023-07-14T12:50:13.182 INFO:teuthology.orchestra.run.smithi017.stdout:
2023-07-14T12:50:13.182 INFO:teuthology.orchestra.run.smithi017.stdout:Saving cluster configuration to /var/lib/ceph/b31a3268-2244-11ee-9b33-001a4aab830c/config directory
2023-07-14T12:50:13.182 INFO:teuthology.orchestra.run.smithi017.stdout:Enabling autotune for osd_memory_target
2023-07-14T12:50:13.346 INFO:journalctl@ceph.mon.a.smithi017.stdout:Jul 14 12:50:12 smithi017 ceph-mon[95536]: from='client.? 172.21.15.17:0/3897489682' entity='client.admin' cmd=[{"prefix": "config get", "who": "mgr", "key": "mgr/dashboard/ssl_server_port"}]: dispatch
2023-07-14T12:50:14.346 INFO:journalctl@ceph.mon.a.smithi017.stdout:Jul 14 12:50:13 smithi017 ceph-mon[95536]: mgrmap e13: x(active, since 6s)
2023-07-14T12:50:14.466 INFO:teuthology.orchestra.run.smithi017.stdout:/usr/bin/ceph: stderr
2023-07-14T12:50:13.734+0000 7f0911140700 1 Processor -- start
2023-07-14T12:50:14.467 INFO:teuthology.orchestra.run.smithi017.stdout:/usr/bin/ceph: stderr
2023-07-14T12:50:13.734+0000 7f0911140700 1 -- start start
2023-07-14T12:50:14.467 INFO:teuthology.orchestra.run.smithi017.stdout:/usr/bin/ceph: stderr
2023-07-14T12:50:13.734+0000 7f0911140700 1 --2- >> [v2:172.21.15.17:3300/0,v1:172.21.15.17:6789/0] conn(0x7f090c07be30 0x7f090c07a330 unknown :-1 s=NONE pgs=0 cs=0 l=0 rev1=0 crypto rx=0 tx=0 comp rx=0 tx=0).connect
2023-07-14T12:50:14.467 INFO:teuthology.orchestra.run.smithi017.stdout:/usr/bin/ceph: stderr
2023-07-14T12:50:13.734+0000 7f0911140700 1 -- --> [v2:172.21.15.17:3300/0,v1:172.21.15.17:6789/0] -- mon_getmap magic: 0 v1 -- 0x7f090c07a870 con 0x7f090c07be30
2023-07-14T12:50:14.467 INFO:teuthology.orchestra.run.smithi017.stdout:/usr/bin/ceph: stderr
2023-07-14T12:50:13.735+0000 7f090ad9d700 1 --2- >> [v2:172.21.15.17:3300/0,v1:172.21.15.17:6789/0] conn(0x7f090c07be30 0x7f090c07a330 unknown :-1 s=BANNER_CONNECTING pgs=0 cs=0 l=0 rev1=0 crypto rx=0 tx=0 comp rx=0 tx=0)._handle_peer_banner_payload supported=3 required=0
2023-07-14T12:50:14.467 INFO:teuthology.orchestra.run.smithi017.stdout:/usr/bin/ceph: stderr
2023-07-14T12:50:13.735+0000 7f090ad9d700 1 --2- >> [v2:172.21.15.17:3300/0,v1:172.21.15.17:6789/0] conn(0x7f090c07be30 0x7f090c07a330 unknown :-1 s=HELLO_CONNECTING pgs=0 cs=0 l=0 rev1=1 crypto rx=0 tx=0 comp rx=0 tx=0).handle_hello peer v2:172.21.15.17:3300/0 says I am v2:172.21.15.17:47722/0 (socket says 172.21.15.17:47722)
2023-07-14T12:50:14.467 INFO:teuthology.orchestra.run.smithi017.stdout:/usr/bin/ceph: stderr
2023-07-14T12:50:13.735+0000 7f090ad9d700 1 -- 172.21.15.17:0/84652662 learned_addr learned my addr 172.21.15.17:0/84652662 (peer_addr_for_me v2:172.21.15.17:0/0)
2023-07-14T12:50:14.467 INFO:teuthology.orchestra.run.smithi017.stdout:/usr/bin/ceph: stderr
2023-07-14T12:50:13.735+0000 7f090ad9d700 1 -- 172.21.15.17:0/84652662 --> [v2:172.21.15.17:3300/0,v1:172.21.15.17:6789/0] -- mon_subscribe({config=0+,monmap=0+}) v3 -- 0x7f090c07a9b0 con 0x7f090c07be30
2023-07-14T12:50:14.468 INFO:teuthology.orchestra.run.smithi017.stdout:/usr/bin/ceph: stderr
2023-07-14T12:50:13.735+0000 7f090ad9d700 1 --2- 172.21.15.17:0/84652662 >> [v2:172.21.15.17:3300/0,v1:172.21.15.17:6789/0] conn(0x7f090c07be30 0x7f090c07a330 secure :-1 s=READY pgs=74 cs=0 l=1 rev1=1 crypto rx=0x7f08fc0098a0 tx=0x7f08fc009bb0 comp rx=0 tx=0).ready entity=mon.0 client_cookie=1235135bec4000ec server_cookie=0 in_seq=0 out_seq=0
2023-07-14T12:50:14.468 INFO:teuthology.orchestra.run.smithi017.stdout:/usr/bin/ceph: stderr
2023-07-14T12:50:13.736+0000 7f0909d9b700 1 -- 172.21.15.17:0/84652662 <== mon.0 v2:172.21.15.17:3300/0 1 ==== mon_map magic: 0 v1 ==== 205+0+0 (secure 0 0 0) 0x7f08fc004160 con 0x7f090c07be30
2023-07-14T12:50:14.468 INFO:teuthology.orchestra.run.smithi017.stdout:/usr/bin/ceph: stderr
2023-07-14T12:50:13.736+0000 7f0909d9b700 1 -- 172.21.15.17:0/84652662 <== mon.0 v2:172.21.15.17:3300/0 2 ==== config(25 keys) v1 ==== 1067+0+0 (secure 0 0 0) 0x7f08fc0042c0 con 0x7f090c07be30
2023-07-14T12:50:14.468 INFO:teuthology.orchestra.run.smithi017.stdout:/usr/bin/ceph: stderr
2023-07-14T12:50:13.736+0000 7f0909d9b700 1 -- 172.21.15.17:0/84652662 <== mon.0 v2:172.21.15.17:3300/0 3 ==== mon_map magic: 0 v1 ==== 205+0+0 (secure 0 0 0) 0x7f08fc0118e0 con 0x7f090c07be30
2023-07-14T12:50:14.468 INFO:teuthology.orchestra.run.smithi017.stdout:/usr/bin/ceph: stderr
2023-07-14T12:50:13.736+0000 7f0911140700 1 -- 172.21.15.17:0/84652662 >> [v2:172.21.15.17:3300/0,v1:172.21.15.17:6789/0] conn(0x7f090c07be30 msgr2=0x7f090c07a330 secure :-1 s=STATE_CONNECTION_ESTABLISHED l=1).mark_down
2023-07-14T12:50:14.468 INFO:teuthology.orchestra.run.smithi017.stdout:/usr/bin/ceph: stderr
2023-07-14T12:50:13.736+0000 7f0911140700 1 --2- 172.21.15.17:0/84652662 >> [v2:172.21.15.17:3300/0,v1:172.21.15.17:6789/0] conn(0x7f090c07be30 0x7f090c07a330 secure :-1 s=READY pgs=74 cs=0 l=1 rev1=1 crypto rx=0x7f08fc0098a0 tx=0x7f08fc009bb0 comp rx=0 tx=0).stop
2023-07-14T12:50:14.468 INFO:teuthology.orchestra.run.smithi017.stdout:/usr/bin/ceph: stderr
2023-07-14T12:50:13.736+0000 7f0911140700 1 -- 172.21.15.17:0/84652662 shutdown_connections
2023-07-14T12:50:14.469 INFO:teuthology.orchestra.run.smithi017.stdout:/usr/bin/ceph: stderr
2023-07-14T12:50:13.736+0000 7f0911140700 1 --2- 172.21.15.17:0/84652662 >> [v2:172.21.15.17:3300/0,v1:172.21.15.17:6789/0] conn(0x7f090c07be30 0x7f090c07a330 unknown :-1 s=CLOSED pgs=74 cs=0 l=1 rev1=1 crypto rx=0 tx=0 comp rx=0 tx=0).stop
2023-07-14T12:50:14.469 INFO:teuthology.orchestra.run.smithi017.stdout:/usr/bin/ceph: stderr
2023-07-14T12:50:13.736+0000 7f0911140700 1 -- 172.21.15.17:0/84652662 >> 172.21.15.17:0/84652662 conn(0x7f090c100890 msgr2=0x7f090c102ca0 unknown :-1 s=STATE_NONE l=0).mark_down
2023-07-14T12:50:14.469 INFO:teuthology.orchestra.run.smithi017.stdout:/usr/bin/ceph: stderr
2023-07-14T12:50:13.736+0000 7f0911140700 1 -- 172.21.15.17:0/84652662 shutdown_connections
2023-07-14T12:50:14.469 INFO:teuthology.orchestra.run.smithi017.stdout:/usr/bin/ceph: stderr
2023-07-14T12:50:13.736+0000 7f0911140700 1 -- 172.21.15.17:0/84652662 wait complete.
2023-07-14T12:50:14.469 INFO:teuthology.orchestra.run.smithi017.stdout:/usr/bin/ceph: stderr
2023-07-14T12:50:13.737+0000 7f0911140700 1 Processor -- start
2023-07-14T12:50:14.469 INFO:teuthology.orchestra.run.smithi017.stdout:/usr/bin/ceph: stderr
2023-07-14T12:50:13.738+0000 7f0911140700 1 -- start start
2023-07-14T12:50:14.469 INFO:teuthology.orchestra.run.smithi017.stdout:/usr/bin/ceph: stderr
2023-07-14T12:50:13.738+0000 7f0911140700 1 --2- >> [v2:172.21.15.17:3300/0,v1:172.21.15.17:6789/0] conn(0x7f090c07be30 0x7f090c19b140 unknown :-1 s=NONE pgs=0 cs=0 l=1 rev1=0 crypto rx=0 tx=0 comp rx=0 tx=0).connect
2023-07-14T12:50:14.470 INFO:teuthology.orchestra.run.smithi017.stdout:/usr/bin/ceph: stderr
2023-07-14T12:50:13.738+0000 7f0911140700 1 -- --> [v2:172.21.15.17:3300/0,v1:172.21.15.17:6789/0] -- mon_getmap magic: 0 v1 -- 0x7f090c19b680 con 0x7f090c07be30
2023-07-14T12:50:14.470 INFO:teuthology.orchestra.run.smithi017.stdout:/usr/bin/ceph: stderr
2023-07-14T12:50:13.738+0000 7f090ad9d700 1 --2- >> [v2:172.21.15.17:3300/0,v1:172.21.15.17:6789/0] conn(0x7f090c07be30 0x7f090c19b140 unknown :-1 s=BANNER_CONNECTING pgs=0 cs=0 l=1 rev1=0 crypto rx=0 tx=0 comp rx=0 tx=0)._handle_peer_banner_payload supported=3 required=0
2023-07-14T12:50:14.470 INFO:teuthology.orchestra.run.smithi017.stdout:/usr/bin/ceph: stderr
2023-07-14T12:50:13.738+0000 7f090ad9d700 1 --2- >> [v2:172.21.15.17:3300/0,v1:172.21.15.17:6789/0] conn(0x7f090c07be30 0x7f090c19b140 unknown :-1 s=HELLO_CONNECTING pgs=0 cs=0 l=1 rev1=1 crypto rx=0 tx=0 comp rx=0 tx=0).handle_hello peer v2:172.21.15.17:3300/0 says I am v2:172.21.15.17:47734/0 (socket says 172.21.15.17:47734)
2023-07-14T12:50:14.470 INFO:teuthology.orchestra.run.smithi017.stdout:/usr/bin/ceph: stderr
2023-07-14T12:50:13.738+0000 7f090ad9d700 1 -- 172.21.15.17:0/2554586264 learned_addr learned my addr 172.21.15.17:0/2554586264 (peer_addr_for_me v2:172.21.15.17:0/0)
2023-07-14T12:50:14.470 INFO:teuthology.orchestra.run.smithi017.stdout:/usr/bin/ceph: stderr
2023-07-14T12:50:13.738+0000 7f090ad9d700 1 -- 172.21.15.17:0/2554586264 --> [v2:172.21.15.17:3300/0,v1:172.21.15.17:6789/0] -- mon_subscribe({config=0+,monmap=0+}) v3 -- 0x7f08fc009550 con 0x7f090c07be30
2023-07-14T12:50:14.470 INFO:teuthology.orchestra.run.smithi017.stdout:/usr/bin/ceph: stderr
2023-07-14T12:50:13.739+0000 7f090ad9d700 1 --2- 172.21.15.17:0/2554586264 >> [v2:172.21.15.17:3300/0,v1:172.21.15.17:6789/0] conn(0x7f090c07be30 0x7f090c19b140 secure :-1 s=READY pgs=75 cs=0 l=1 rev1=1 crypto rx=0x7f08fc006af0 tx=0x7f08fc011ed0 comp rx=0 tx=0).ready entity=mon.0 client_cookie=0 server_cookie=0 in_seq=0 out_seq=0
2023-07-14T12:50:14.470 INFO:teuthology.orchestra.run.smithi017.stdout:/usr/bin/ceph: stderr
2023-07-14T12:50:13.739+0000 7f08f3fff700 1 -- 172.21.15.17:0/2554586264 <== mon.0 v2:172.21.15.17:3300/0 1 ==== mon_map magic: 0 v1 ==== 205+0+0 (secure 0 0 0) 0x7f08fc0037d0 con 0x7f090c07be30
2023-07-14T12:50:14.470 INFO:teuthology.orchestra.run.smithi017.stdout:/usr/bin/ceph: stderr
2023-07-14T12:50:13.739+0000 7f08f3fff700 1 -- 172.21.15.17:0/2554586264 <== mon.0 v2:172.21.15.17:3300/0 2 ==== config(25 keys) v1 ==== 1067+0+0 (secure 0 0 0) 0x7f08fc01b440 con 0x7f090c07be30
2023-07-14T12:50:14.471 INFO:teuthology.orchestra.run.smithi017.stdout:/usr/bin/ceph: stderr
2023-07-14T12:50:13.739+0000 7f0911140700 1 -- 172.21.15.17:0/2554586264 --> [v2:172.21.15.17:3300/0,v1:172.21.15.17:6789/0] -- mon_subscribe({mgrmap=0+}) v3 -- 0x7f090c19b880 con 0x7f090c07be30
2023-07-14T12:50:14.471 INFO:teuthology.orchestra.run.smithi017.stdout:/usr/bin/ceph: stderr
2023-07-14T12:50:13.739+0000 7f08f3fff700 1 -- 172.21.15.17:0/2554586264 <== mon.0 v2:172.21.15.17:3300/0 3 ==== mon_map magic: 0 v1 ==== 205+0+0 (secure 0 0 0) 0x7f08fc023400 con 0x7f090c07be30
2023-07-14T12:50:14.471 INFO:teuthology.orchestra.run.smithi017.stdout:/usr/bin/ceph: stderr
2023-07-14T12:50:13.739+0000 7f0911140700 1 -- 172.21.15.17:0/2554586264 --> [v2:172.21.15.17:3300/0,v1:172.21.15.17:6789/0] -- mon_subscribe({osdmap=0}) v3 -- 0x7f090c19bca0 con 0x7f090c07be30
2023-07-14T12:50:14.471 INFO:teuthology.orchestra.run.smithi017.stdout:/usr/bin/ceph: stderr
2023-07-14T12:50:13.740+0000 7f08f3fff700 1 -- 172.21.15.17:0/2554586264 <== mon.0 v2:172.21.15.17:3300/0 4 ==== mgrmap(e 13) v1 ==== 45539+0+0 (secure 0 0 0) 0x7f08fc01b5b0 con 0x7f090c07be30
2023-07-14T12:50:14.471 INFO:teuthology.orchestra.run.smithi017.stdout:/usr/bin/ceph: stderr
2023-07-14T12:50:13.740+0000 7f0911140700 1 -- 172.21.15.17:0/2554586264 --> [v2:172.21.15.17:3300/0,v1:172.21.15.17:6789/0] -- mon_command({"prefix": "get_command_descriptions"} v 0) v1 -- 0x7f090c10b510 con 0x7f090c07be30
2023-07-14T12:50:14.471 INFO:teuthology.orchestra.run.smithi017.stdout:/usr/bin/ceph: stderr
2023-07-14T12:50:13.741+0000 7f08f3fff700 1 --2- 172.21.15.17:0/2554586264 >> [v2:172.21.15.17:6800/2034486077,v1:172.21.15.17:6801/2034486077] conn(0x7f08f4038800 0x7f08f403acb0 unknown :-1 s=NONE pgs=0 cs=0 l=1 rev1=0 crypto rx=0 tx=0 comp rx=0 tx=0).connect
2023-07-14T12:50:14.472 INFO:teuthology.orchestra.run.smithi017.stdout:/usr/bin/ceph: stderr
2023-07-14T12:50:13.741+0000 7f08f3fff700 1 -- 172.21.15.17:0/2554586264 <== mon.0 v2:172.21.15.17:3300/0 5 ==== osd_map(3..3 src has 1..3) v4 ==== 1155+0+0 (secure 0 0 0) 0x7f08fc04c8c0 con 0x7f090c07be30
2023-07-14T12:50:14.472 INFO:teuthology.orchestra.run.smithi017.stdout:/usr/bin/ceph: stderr
2023-07-14T12:50:13.741+0000 7f090a59c700 1 --2- 172.21.15.17:0/2554586264 >> [v2:172.21.15.17:6800/2034486077,v1:172.21.15.17:6801/2034486077] conn(0x7f08f4038800 0x7f08f403acb0 unknown :-1 s=BANNER_CONNECTING pgs=0 cs=0 l=1 rev1=0 crypto rx=0 tx=0 comp rx=0 tx=0)._handle_peer_banner_payload supported=3 required=0
2023-07-14T12:50:14.472 INFO:teuthology.orchestra.run.smithi017.stdout:/usr/bin/ceph: stderr
2023-07-14T12:50:13.742+0000 7f090a59c700 1 --2- 172.21.15.17:0/2554586264 >> [v2:172.21.15.17:6800/2034486077,v1:172.21.15.17:6801/2034486077] conn(0x7f08f4038800 0x7f08f403acb0 secure :-1 s=READY pgs=10 cs=0 l=1 rev1=1 crypto rx=0x7f0900006fd0 tx=0x7f0900006e40 comp rx=0 tx=0).ready entity=mgr.14150 client_cookie=0 server_cookie=0 in_seq=0 out_seq=0
2023-07-14T12:50:14.472 INFO:teuthology.orchestra.run.smithi017.stdout:/usr/bin/ceph: stderr
2023-07-14T12:50:13.746+0000 7f08f3fff700 1 -- 172.21.15.17:0/2554586264 <== mon.0 v2:172.21.15.17:3300/0 6 ==== mon_command_ack([{"prefix": "get_command_descriptions"}]=0 v0) v1 ==== 72+0+178038 (secure 0 0 0) 0x7f08fc01b8d0 con 0x7f090c07be30
2023-07-14T12:50:14.472 INFO:teuthology.orchestra.run.smithi017.stdout:/usr/bin/ceph: stderr
2023-07-14T12:50:13.952+0000 7f0911140700 1 -- 172.21.15.17:0/2554586264 --> [v2:172.21.15.17:3300/0,v1:172.21.15.17:6789/0] -- mon_command([{prefix=config set, name=osd_memory_target_autotune}] v 0) v1 -- 0x7f090c19eb00 con 0x7f090c07be30
2023-07-14T12:50:14.472 INFO:teuthology.orchestra.run.smithi017.stdout:/usr/bin/ceph: stderr
2023-07-14T12:50:13.953+0000 7f08f3fff700 1 -- 172.21.15.17:0/2554586264 <== mon.0 v2:172.21.15.17:3300/0 7 ==== mon_command_ack([{prefix=config set, name=osd_memory_target_autotune}]=0 v8)=0 v8) v1 ==== 127+0+0 (secure 0 0 0) 0x7f08fc00b3e0 con 0x7f090c07be30
2023-07-14T12:50:14.472 INFO:teuthology.orchestra.run.smithi017.stdout:/usr/bin/ceph: stderr
2023-07-14T12:50:13.955+0000 7f0911140700 1 -- 172.21.15.17:0/2554586264 >> [v2:172.21.15.17:6800/2034486077,v1:172.21.15.17:6801/2034486077] conn(0x7f08f4038800 msgr2=0x7f08f403acb0 secure :-1 s=STATE_CONNECTION_ESTABLISHED l=1).mark_down
2023-07-14T12:50:14.473 INFO:teuthology.orchestra.run.smithi017.stdout:/usr/bin/ceph: stderr
2023-07-14T12:50:13.955+0000 7f0911140700 1 --2- 172.21.15.17:0/2554586264 >> [v2:172.21.15.17:6800/2034486077,v1:172.21.15.17:6801/2034486077] conn(0x7f08f4038800 0x7f08f403acb0 secure :-1 s=READY pgs=10 cs=0 l=1 rev1=1 crypto rx=0x7f0900006fd0 tx=0x7f0900006e40 comp rx=0 tx=0).stop
2023-07-14T12:50:14.473 INFO:teuthology.orchestra.run.smithi017.stdout:/usr/bin/ceph: stderr
2023-07-14T12:50:13.955+0000 7f0911140700 1 -- 172.21.15.17:0/2554586264 >> [v2:172.21.15.17:3300/0,v1:172.21.15.17:6789/0] conn(0x7f090c07be30 msgr2=0x7f090c19b140 secure :-1 s=STATE_CONNECTION_ESTABLISHED l=1).mark_down
2023-07-14T12:50:14.473 INFO:teuthology.orchestra.run.smithi017.stdout:/usr/bin/ceph: stderr
2023-07-14T12:50:13.955+0000 7f0911140700 1 --2- 172.21.15.17:0/2554586264 >> [v2:172.21.15.17:3300/0,v1:172.21.15.17:6789/0] conn(0x7f090c07be30 0x7f090c19b140 secure :-1 s=READY pgs=75 cs=0 l=1 rev1=1 crypto rx=0x7f08fc006af0 tx=0x7f08fc011ed0 comp rx=0 tx=0).stop
2023-07-14T12:50:14.473 INFO:teuthology.orchestra.run.smithi017.stdout:/usr/bin/ceph: stderr
2023-07-14T12:50:13.955+0000 7f0911140700 1 -- 172.21.15.17:0/2554586264 shutdown_connections
2023-07-14T12:50:14.473 INFO:teuthology.orchestra.run.smithi017.stdout:/usr/bin/ceph: stderr
2023-07-14T12:50:13.955+0000 7f0911140700 1 --2- 172.21.15.17:0/2554586264 >> [v2:172.21.15.17:6800/2034486077,v1:172.21.15.17:6801/2034486077] conn(0x7f08f4038800 0x7f08f403acb0 unknown :-1 s=CLOSED pgs=10 cs=0 l=1 rev1=1 crypto rx=0 tx=0 comp rx=0 tx=0).stop
2023-07-14T12:50:14.473 INFO:teuthology.orchestra.run.smithi017.stdout:/usr/bin/ceph: stderr
2023-07-14T12:50:13.955+0000 7f0911140700 1 --2- 172.21.15.17:0/2554586264 >> [v2:172.21.15.17:3300/0,v1:172.21.15.17:6789/0] conn(0x7f090c07be30 0x7f090c19b140 unknown :-1 s=CLOSED pgs=75 cs=0 l=1 rev1=1 crypto rx=0 tx=0 comp rx=0 tx=0).stop
2023-07-14T12:50:14.473 INFO:teuthology.orchestra.run.smithi017.stdout:/usr/bin/ceph: stderr
2023-07-14T12:50:13.955+0000 7f0911140700 1 -- 172.21.15.17:0/2554586264 >> 172.21.15.17:0/2554586264 conn(0x7f090c100890 msgr2=0x7f090c101f60 unknown :-1 s=STATE_NONE l=0).mark_down
2023-07-14T12:50:14.473 INFO:teuthology.orchestra.run.smithi017.stdout:/usr/bin/ceph: stderr
2023-07-14T12:50:13.956+0000 7f0911140700 1 -- 172.21.15.17:0/2554586264 shutdown_connections
2023-07-14T12:50:14.474 INFO:teuthology.orchestra.run.smithi017.stdout:/usr/bin/ceph: stderr
2023-07-14T12:50:13.956+0000 7f0911140700 1 -- 172.21.15.17:0/2554586264 wait complete.
2023-07-14T12:50:15.750 INFO:teuthology.orchestra.run.smithi017.stdout:/usr/bin/ceph: stderr
2023-07-14T12:50:14.966+0000 7f8b44717700 1 Processor -- start
2023-07-14T12:50:15.750 INFO:teuthology.orchestra.run.smithi017.stdout:/usr/bin/ceph: stderr
2023-07-14T12:50:14.966+0000 7f8b44717700 1 -- start start
2023-07-14T12:50:15.750 INFO:teuthology.orchestra.run.smithi017.stdout:/usr/bin/ceph: stderr
2023-07-14T12:50:14.967+0000 7f8b44717700 1 --2- >> [v2:172.21.15.17:3300/0,v1:172.21.15.17:6789/0] conn(0x7f8b3c07bdf0 0x7f8b3c07a2f0 unknown :-1 s=NONE pgs=0 cs=0 l=0 rev1=0 crypto rx=0 tx=0 comp rx=0 tx=0).connect
2023-07-14T12:50:15.750 INFO:teuthology.orchestra.run.smithi017.stdout:/usr/bin/ceph: stderr
2023-07-14T12:50:14.967+0000 7f8b44717700 1 -- --> [v2:172.21.15.17:3300/0,v1:172.21.15.17:6789/0] -- mon_getmap magic: 0 v1 -- 0x7f8b3c07a830 con 0x7f8b3c07bdf0
2023-07-14T12:50:15.751 INFO:teuthology.orchestra.run.smithi017.stdout:/usr/bin/ceph: stderr
2023-07-14T12:50:14.967+0000 7f8b424b3700 1 --2- >> [v2:172.21.15.17:3300/0,v1:172.21.15.17:6789/0] conn(0x7f8b3c07bdf0 0x7f8b3c07a2f0 unknown :-1 s=BANNER_CONNECTING pgs=0 cs=0 l=0 rev1=0 crypto rx=0 tx=0 comp rx=0 tx=0)._handle_peer_banner_payload supported=3 required=0
2023-07-14T12:50:15.751 INFO:teuthology.orchestra.run.smithi017.stdout:/usr/bin/ceph: stderr
2023-07-14T12:50:14.967+0000 7f8b424b3700 1 --2- >> [v2:172.21.15.17:3300/0,v1:172.21.15.17:6789/0] conn(0x7f8b3c07bdf0 0x7f8b3c07a2f0 unknown :-1 s=HELLO_CONNECTING pgs=0 cs=0 l=0 rev1=1 crypto rx=0 tx=0 comp rx=0 tx=0).handle_hello peer v2:172.21.15.17:3300/0 says I am v2:172.21.15.17:32908/0 (socket says 172.21.15.17:32908)
2023-07-14T12:50:15.751 INFO:teuthology.orchestra.run.smithi017.stdout:/usr/bin/ceph: stderr
2023-07-14T12:50:14.967+0000 7f8b424b3700 1 -- 172.21.15.17:0/278869985 learned_addr learned my addr 172.21.15.17:0/278869985 (peer_addr_for_me v2:172.21.15.17:0/0)
2023-07-14T12:50:15.751 INFO:teuthology.orchestra.run.smithi017.stdout:/usr/bin/ceph: stderr
2023-07-14T12:50:14.967+0000 7f8b424b3700 1 -- 172.21.15.17:0/278869985 --> [v2:172.21.15.17:3300/0,v1:172.21.15.17:6789/0] -- mon_subscribe({config=0+,monmap=0+}) v3 -- 0x7f8b3c07a970 con 0x7f8b3c07bdf0
2023-07-14T12:50:15.751 INFO:teuthology.orchestra.run.smithi017.stdout:/usr/bin/ceph: stderr
2023-07-14T12:50:14.968+0000 7f8b424b3700 1 --2- 172.21.15.17:0/278869985 >> [v2:172.21.15.17:3300/0,v1:172.21.15.17:6789/0] conn(0x7f8b3c07bdf0 0x7f8b3c07a2f0 secure :-1 s=READY pgs=76 cs=0 l=1 rev1=1 crypto rx=0x7f8b380098a0 tx=0x7f8b38009bb0 comp rx=0 tx=0).ready entity=mon.0 client_cookie=e4b7d58c2f6e1b36 server_cookie=0 in_seq=0 out_seq=0
2023-07-14T12:50:15.751 INFO:teuthology.orchestra.run.smithi017.stdout:/usr/bin/ceph: stderr
2023-07-14T12:50:14.968+0000 7f8b414b1700 1 -- 172.21.15.17:0/278869985 <== mon.0 v2:172.21.15.17:3300/0 1 ==== mon_map magic: 0 v1 ==== 205+0+0 (secure 0 0 0) 0x7f8b38004160 con 0x7f8b3c07bdf0
2023-07-14T12:50:15.751 INFO:teuthology.orchestra.run.smithi017.stdout:/usr/bin/ceph: stderr
2023-07-14T12:50:14.968+0000 7f8b414b1700 1 -- 172.21.15.17:0/278869985 <== mon.0 v2:172.21.15.17:3300/0 2 ==== config(25 keys) v1 ==== 1067+0+0 (secure 0 0 0) 0x7f8b380042c0 con 0x7f8b3c07bdf0
2023-07-14T12:50:15.752 INFO:teuthology.orchestra.run.smithi017.stdout:/usr/bin/ceph: stderr
2023-07-14T12:50:14.968+0000 7f8b414b1700 1 -- 172.21.15.17:0/278869985 <== mon.0 v2:172.21.15.17:3300/0 3 ==== mon_map magic: 0 v1 ==== 205+0+0 (secure 0 0 0) 0x7f8b380118e0 con 0x7f8b3c07bdf0
2023-07-14T12:50:15.752 INFO:teuthology.orchestra.run.smithi017.stdout:/usr/bin/ceph: stderr
2023-07-14T12:50:14.968+0000 7f8b44717700 1 -- 172.21.15.17:0/278869985 >> [v2:172.21.15.17:3300/0,v1:172.21.15.17:6789/0] conn(0x7f8b3c07bdf0 msgr2=0x7f8b3c07a2f0 secure :-1 s=STATE_CONNECTION_ESTABLISHED l=1).mark_down
2023-07-14T12:50:15.752 INFO:teuthology.orchestra.run.smithi017.stdout:/usr/bin/ceph: stderr
2023-07-14T12:50:14.968+0000 7f8b44717700 1 --2- 172.21.15.17:0/278869985 >> [v2:172.21.15.17:3300/0,v1:172.21.15.17:6789/0] conn(0x7f8b3c07bdf0 0x7f8b3c07a2f0 secure :-1 s=READY pgs=76 cs=0 l=1 rev1=1 crypto rx=0x7f8b380098a0 tx=0x7f8b38009bb0 comp rx=0 tx=0).stop
2023-07-14T12:50:15.752 INFO:teuthology.orchestra.run.smithi017.stdout:/usr/bin/ceph: stderr
2023-07-14T12:50:14.969+0000 7f8b44717700 1 -- 172.21.15.17:0/278869985 shutdown_connections
2023-07-14T12:50:15.752 INFO:teuthology.orchestra.run.smithi017.stdout:/usr/bin/ceph: stderr
2023-07-14T12:50:14.969+0000 7f8b44717700 1 --2- 172.21.15.17:0/278869985 >> [v2:172.21.15.17:3300/0,v1:172.21.15.17:6789/0] conn(0x7f8b3c07bdf0 0x7f8b3c07a2f0 unknown :-1 s=CLOSED pgs=76 cs=0 l=1 rev1=1 crypto rx=0 tx=0 comp rx=0 tx=0).stop
2023-07-14T12:50:15.752 INFO:teuthology.orchestra.run.smithi017.stdout:/usr/bin/ceph: stderr
2023-07-14T12:50:14.969+0000 7f8b44717700 1 -- 172.21.15.17:0/278869985 >> 172.21.15.17:0/278869985 conn(0x7f8b3c100890 msgr2=0x7f8b3c102ca0 unknown :-1 s=STATE_NONE l=0).mark_down
2023-07-14T12:50:15.752 INFO:teuthology.orchestra.run.smithi017.stdout:/usr/bin/ceph: stderr
2023-07-14T12:50:14.969+0000 7f8b44717700 1 -- 172.21.15.17:0/278869985 shutdown_connections
2023-07-14T12:50:15.753 INFO:teuthology.orchestra.run.smithi017.stdout:/usr/bin/ceph: stderr
2023-07-14T12:50:14.969+0000 7f8b44717700 1 -- 172.21.15.17:0/278869985 wait complete.
2023-07-14T12:50:15.753 INFO:teuthology.orchestra.run.smithi017.stdout:/usr/bin/ceph: stderr
2023-07-14T12:50:14.970+0000 7f8b44717700 1 Processor -- start
2023-07-14T12:50:15.753 INFO:teuthology.orchestra.run.smithi017.stdout:/usr/bin/ceph: stderr
2023-07-14T12:50:14.970+0000 7f8b44717700 1 -- start start
2023-07-14T12:50:15.753 INFO:teuthology.orchestra.run.smithi017.stdout:/usr/bin/ceph: stderr
2023-07-14T12:50:14.970+0000 7f8b44717700 1 --2- >> [v2:172.21.15.17:3300/0,v1:172.21.15.17:6789/0] conn(0x7f8b3c07bdf0 0x7f8b3c19b140 unknown :-1 s=NONE pgs=0 cs=0 l=1 rev1=0 crypto rx=0 tx=0 comp rx=0 tx=0).connect
2023-07-14T12:50:15.753 INFO:teuthology.orchestra.run.smithi017.stdout:/usr/bin/ceph: stderr
2023-07-14T12:50:14.970+0000 7f8b44717700 1 -- --> [v2:172.21.15.17:3300/0,v1:172.21.15.17:6789/0] -- mon_getmap magic: 0 v1 -- 0x7f8b3c19b680 con 0x7f8b3c07bdf0
2023-07-14T12:50:15.753 INFO:teuthology.orchestra.run.smithi017.stdout:/usr/bin/ceph: stderr
2023-07-14T12:50:14.970+0000 7f8b424b3700 1 --2- >> [v2:172.21.15.17:3300/0,v1:172.21.15.17:6789/0] conn(0x7f8b3c07bdf0 0x7f8b3c19b140 unknown :-1 s=BANNER_CONNECTING pgs=0 cs=0 l=1 rev1=0 crypto rx=0 tx=0 comp rx=0 tx=0)._handle_peer_banner_payload supported=3 required=0
2023-07-14T12:50:15.753 INFO:teuthology.orchestra.run.smithi017.stdout:/usr/bin/ceph: stderr
2023-07-14T12:50:14.970+0000 7f8b424b3700 1 --2- >> [v2:172.21.15.17:3300/0,v1:172.21.15.17:6789/0] conn(0x7f8b3c07bdf0 0x7f8b3c19b140 unknown :-1 s=HELLO_CONNECTING pgs=0 cs=0 l=1 rev1=1 crypto rx=0 tx=0 comp rx=0 tx=0).handle_hello peer v2:172.21.15.17:3300/0 says I am v2:172.21.15.17:32924/0 (socket says 172.21.15.17:32924)
2023-07-14T12:50:15.754 INFO:teuthology.orchestra.run.smithi017.stdout:/usr/bin/ceph: stderr
2023-07-14T12:50:14.971+0000 7f8b424b3700 1 -- 172.21.15.17:0/2337369468 learned_addr learned my addr 172.21.15.17:0/2337369468 (peer_addr_for_me v2:172.21.15.17:0/0)
2023-07-14T12:50:15.754 INFO:teuthology.orchestra.run.smithi017.stdout:/usr/bin/ceph: stderr
2023-07-14T12:50:14.971+0000 7f8b424b3700 1 -- 172.21.15.17:0/2337369468 --> [v2:172.21.15.17:3300/0,v1:172.21.15.17:6789/0] -- mon_subscribe({config=0+,monmap=0+}) v3 -- 0x7f8b38009550 con 0x7f8b3c07bdf0
2023-07-14T12:50:15.754 INFO:teuthology.orchestra.run.smithi017.stdout:/usr/bin/ceph: stderr
2023-07-14T12:50:14.971+0000 7f8b424b3700 1 --2- 172.21.15.17:0/2337369468 >> [v2:172.21.15.17:3300/0,v1:172.21.15.17:6789/0] conn(0x7f8b3c07bdf0 0x7f8b3c19b140 secure :-1 s=READY pgs=77 cs=0 l=1 rev1=1 crypto rx=0x7f8b38003e30 tx=0x7f8b380119a0 comp rx=0 tx=0).ready entity=mon.0 client_cookie=0 server_cookie=0 in_seq=0 out_seq=0
2023-07-14T12:50:15.754 INFO:teuthology.orchestra.run.smithi017.stdout:/usr/bin/ceph: stderr
2023-07-14T12:50:14.971+0000 7f8b337fe700 1 -- 172.21.15.17:0/2337369468 <== mon.0 v2:172.21.15.17:3300/0 1 ==== mon_map magic: 0 v1 ==== 205+0+0 (secure 0 0 0) 0x7f8b380036a0 con 0x7f8b3c07bdf0
2023-07-14T12:50:15.754 INFO:teuthology.orchestra.run.smithi017.stdout:/usr/bin/ceph: stderr
2023-07-14T12:50:14.971+0000 7f8b337fe700 1 -- 172.21.15.17:0/2337369468 <== mon.0 v2:172.21.15.17:3300/0 2 ==== config(25 keys) v1 ==== 1067+0+0 (secure 0 0 0) 0x7f8b3801b440 con 0x7f8b3c07bdf0
2023-07-14T12:50:15.754 INFO:teuthology.orchestra.run.smithi017.stdout:/usr/bin/ceph: stderr
2023-07-14T12:50:14.971+0000 7f8b337fe700 1 -- 172.21.15.17:0/2337369468 <== mon.0 v2:172.21.15.17:3300/0 3 ==== mon_map magic: 0 v1 ==== 205+0+0 (secure 0 0 0) 0x7f8b38023400 con 0x7f8b3c07bdf0
2023-07-14T12:50:15.754 INFO:teuthology.orchestra.run.smithi017.stdout:/usr/bin/ceph: stderr
2023-07-14T12:50:14.971+0000 7f8b44717700 1 -- 172.21.15.17:0/2337369468 --> [v2:172.21.15.17:3300/0,v1:172.21.15.17:6789/0] -- mon_subscribe({mgrmap=0+}) v3 -- 0x7f8b3c19b880 con 0x7f8b3c07bdf0
2023-07-14T12:50:15.755 INFO:teuthology.orchestra.run.smithi017.stdout:/usr/bin/ceph: stderr
2023-07-14T12:50:14.971+0000 7f8b44717700 1 -- 172.21.15.17:0/2337369468 --> [v2:172.21.15.17:3300/0,v1:172.21.15.17:6789/0] -- mon_subscribe({osdmap=0}) v3 -- 0x7f8b3c19bca0 con 0x7f8b3c07bdf0
2023-07-14T12:50:15.755 INFO:teuthology.orchestra.run.smithi017.stdout:/usr/bin/ceph: stderr
2023-07-14T12:50:14.972+0000 7f8b337fe700 1 -- 172.21.15.17:0/2337369468 <== mon.0 v2:172.21.15.17:3300/0 4 ==== mgrmap(e 13) v1 ==== 45539+0+0 (secure 0 0 0) 0x7f8b3801b5b0 con 0x7f8b3c07bdf0
2023-07-14T12:50:15.755 INFO:teuthology.orchestra.run.smithi017.stdout:/usr/bin/ceph: stderr
2023-07-14T12:50:14.972+0000 7f8b44717700 1 -- 172.21.15.17:0/2337369468 --> [v2:172.21.15.17:3300/0,v1:172.21.15.17:6789/0] -- mon_command({"prefix": "get_command_descriptions"} v 0) v1 -- 0x7f8b3c10b550 con 0x7f8b3c07bdf0
2023-07-14T12:50:15.755 INFO:teuthology.orchestra.run.smithi017.stdout:/usr/bin/ceph: stderr
2023-07-14T12:50:14.973+0000 7f8b337fe700 1 --2- 172.21.15.17:0/2337369468 >> [v2:172.21.15.17:6800/2034486077,v1:172.21.15.17:6801/2034486077] conn(0x7f8b28038850 0x7f8b2803ad00 unknown :-1 s=NONE pgs=0 cs=0 l=1 rev1=0 crypto rx=0 tx=0 comp rx=0 tx=0).connect
2023-07-14T12:50:15.755 INFO:teuthology.orchestra.run.smithi017.stdout:/usr/bin/ceph: stderr
2023-07-14T12:50:14.973+0000 7f8b337fe700 1 -- 172.21.15.17:0/2337369468 <== mon.0 v2:172.21.15.17:3300/0 5 ==== osd_map(3..3 src has 1..3) v4 ==== 1155+0+0 (secure 0 0 0) 0x7f8b3804c900 con 0x7f8b3c07bdf0
2023-07-14T12:50:15.755 INFO:teuthology.orchestra.run.smithi017.stdout:/usr/bin/ceph: stderr
2023-07-14T12:50:14.973+0000 7f8b41cb2700 1 --2- 172.21.15.17:0/2337369468 >> [v2:172.21.15.17:6800/2034486077,v1:172.21.15.17:6801/2034486077] conn(0x7f8b28038850 0x7f8b2803ad00 unknown :-1 s=BANNER_CONNECTING pgs=0 cs=0 l=1 rev1=0 crypto rx=0 tx=0 comp rx=0 tx=0)._handle_peer_banner_payload supported=3 required=0
2023-07-14T12:50:15.755 INFO:teuthology.orchestra.run.smithi017.stdout:/usr/bin/ceph: stderr
2023-07-14T12:50:14.974+0000 7f8b41cb2700 1 --2- 172.21.15.17:0/2337369468 >> [v2:172.21.15.17:6800/2034486077,v1:172.21.15.17:6801/2034486077] conn(0x7f8b28038850 0x7f8b2803ad00 secure :-1 s=READY pgs=11 cs=0 l=1 rev1=1 crypto rx=0x7f8b2c006fd0 tx=0x7f8b2c006e40 comp rx=0 tx=0).ready entity=mgr.14150 client_cookie=0 server_cookie=0 in_seq=0 out_seq=0
2023-07-14T12:50:15.756 INFO:teuthology.orchestra.run.smithi017.stdout:/usr/bin/ceph: stderr
2023-07-14T12:50:14.978+0000 7f8b337fe700 1 -- 172.21.15.17:0/2337369468 <== mon.0 v2:172.21.15.17:3300/0 6 ==== mon_command_ack([{"prefix": "get_command_descriptions"}]=0 v0) v1 ==== 72+0+178038 (secure 0 0 0) 0x7f8b3800be40 con 0x7f8b3c07bdf0
2023-07-14T12:50:15.756 INFO:teuthology.orchestra.run.smithi017.stdout:/usr/bin/ceph: stderr
2023-07-14T12:50:15.295+0000 7f8b44717700 1 -- 172.21.15.17:0/2337369468 --> [v2:172.21.15.17:3300/0,v1:172.21.15.17:6789/0] -- mon_command([{prefix=config-key set, key=mgr/dashboard/cluster/status}] v 0) v1 -- 0x7f8b3c19eb00 con 0x7f8b3c07bdf0
2023-07-14T12:50:15.756 INFO:teuthology.orchestra.run.smithi017.stdout:/usr/bin/ceph: stderr
2023-07-14T12:50:15.298+0000 7f8b337fe700 1 -- 172.21.15.17:0/2337369468 <== mon.0 v2:172.21.15.17:3300/0 7 ==== mon_command_ack([{prefix=config-key set, key=mgr/dashboard/cluster/status}]=0 set mgr/dashboard/cluster/status v27)=0 set mgr/dashboard/cluster/status v27) v1 ==== 153+0+0 (secure 0 0 0) 0x7f8b3800b3e0 con 0x7f8b3c07bdf0
2023-07-14T12:50:15.756 INFO:teuthology.orchestra.run.smithi017.stdout:/usr/bin/ceph: stderr
2023-07-14T12:50:15.300+0000 7f8b44717700 1 -- 172.21.15.17:0/2337369468 >> [v2:172.21.15.17:6800/2034486077,v1:172.21.15.17:6801/2034486077] conn(0x7f8b28038850 msgr2=0x7f8b2803ad00 secure :-1 s=STATE_CONNECTION_ESTABLISHED l=1).mark_down
2023-07-14T12:50:15.756 INFO:teuthology.orchestra.run.smithi017.stdout:/usr/bin/ceph: stderr
2023-07-14T12:50:15.300+0000 7f8b44717700 1 --2- 172.21.15.17:0/2337369468 >> [v2:172.21.15.17:6800/2034486077,v1:172.21.15.17:6801/2034486077] conn(0x7f8b28038850 0x7f8b2803ad00 secure :-1 s=READY pgs=11 cs=0 l=1 rev1=1 crypto rx=0x7f8b2c006fd0 tx=0x7f8b2c006e40 comp rx=0 tx=0).stop
2023-07-14T12:50:15.756 INFO:teuthology.orchestra.run.smithi017.stdout:/usr/bin/ceph: stderr
2023-07-14T12:50:15.300+0000 7f8b44717700 1 -- 172.21.15.17:0/2337369468 >> [v2:172.21.15.17:3300/0,v1:172.21.15.17:6789/0] conn(0x7f8b3c07bdf0 msgr2=0x7f8b3c19b140 secure :-1 s=STATE_CONNECTION_ESTABLISHED l=1).mark_down
2023-07-14T12:50:15.756 INFO:teuthology.orchestra.run.smithi017.stdout:/usr/bin/ceph: stderr
2023-07-14T12:50:15.300+0000 7f8b44717700 1 --2- 172.21.15.17:0/2337369468 >> [v2:172.21.15.17:3300/0,v1:172.21.15.17:6789/0] conn(0x7f8b3c07bdf0 0x7f8b3c19b140 secure :-1 s=READY pgs=77 cs=0 l=1 rev1=1 crypto rx=0x7f8b38003e30 tx=0x7f8b380119a0 comp rx=0 tx=0).stop
2023-07-14T12:50:15.757 INFO:teuthology.orchestra.run.smithi017.stdout:/usr/bin/ceph: stderr
2023-07-14T12:50:15.300+0000 7f8b44717700 1 -- 172.21.15.17:0/2337369468 shutdown_connections
2023-07-14T12:50:15.757 INFO:teuthology.orchestra.run.smithi017.stdout:/usr/bin/ceph: stderr
2023-07-14T12:50:15.300+0000 7f8b44717700 1 --2- 172.21.15.17:0/2337369468 >> [v2:172.21.15.17:6800/2034486077,v1:172.21.15.17:6801/2034486077] conn(0x7f8b28038850 0x7f8b2803ad00 unknown :-1 s=CLOSED pgs=11 cs=0 l=1 rev1=1 crypto rx=0 tx=0 comp rx=0 tx=0).stop
2023-07-14T12:50:15.757 INFO:teuthology.orchestra.run.smithi017.stdout:/usr/bin/ceph: stderr
2023-07-14T12:50:15.300+0000 7f8b44717700 1 --2- 172.21.15.17:0/2337369468 >> [v2:172.21.15.17:3300/0,v1:172.21.15.17:6789/0] conn(0x7f8b3c07bdf0 0x7f8b3c19b140 unknown :-1 s=CLOSED pgs=77 cs=0 l=1 rev1=1 crypto rx=0 tx=0 comp rx=0 tx=0).stop
2023-07-14T12:50:15.757 INFO:teuthology.orchestra.run.smithi017.stdout:/usr/bin/ceph: stderr
2023-07-14T12:50:15.300+0000 7f8b44717700 1 -- 172.21.15.17:0/2337369468 >> 172.21.15.17:0/2337369468 conn(0x7f8b3c100890 msgr2=0x7f8b3c101f10 unknown :-1 s=STATE_NONE l=0).mark_down
2023-07-14T12:50:15.757 INFO:teuthology.orchestra.run.smithi017.stdout:/usr/bin/ceph: stderr
2023-07-14T12:50:15.300+0000 7f8b44717700 1 -- 172.21.15.17:0/2337369468 shutdown_connections
2023-07-14T12:50:15.757 INFO:teuthology.orchestra.run.smithi017.stdout:/usr/bin/ceph: stderr
2023-07-14T12:50:15.300+0000 7f8b44717700 1 -- 172.21.15.17:0/2337369468 wait complete.
2023-07-14T12:50:15.757 INFO:teuthology.orchestra.run.smithi017.stdout:/usr/bin/ceph: stderr set mgr/dashboard/cluster/status
2023-07-14T12:50:15.758 INFO:teuthology.orchestra.run.smithi017.stdout:You can access the Ceph CLI as following in case of multi-cluster or non-default config:
2023-07-14T12:50:15.758 INFO:teuthology.orchestra.run.smithi017.stdout:
2023-07-14T12:50:15.758 INFO:teuthology.orchestra.run.smithi017.stdout: sudo /home/ubuntu/cephtest/cephadm shell --fsid b31a3268-2244-11ee-9b33-001a4aab830c -c /etc/ceph/ceph.conf -k /etc/ceph/ceph.client.admin.keyring
2023-07-14T12:50:15.758 INFO:teuthology.orchestra.run.smithi017.stdout:
2023-07-14T12:50:15.758 INFO:teuthology.orchestra.run.smithi017.stdout:Or, if you are only running a single cluster on this host:
2023-07-14T12:50:15.758 INFO:teuthology.orchestra.run.smithi017.stdout:
2023-07-14T12:50:15.758 INFO:teuthology.orchestra.run.smithi017.stdout: sudo /home/ubuntu/cephtest/cephadm shell
2023-07-14T12:50:15.759 INFO:teuthology.orchestra.run.smithi017.stdout:
2023-07-14T12:50:15.759 INFO:teuthology.orchestra.run.smithi017.stdout:Please consider enabling telemetry to help improve Ceph:
2023-07-14T12:50:15.759 INFO:teuthology.orchestra.run.smithi017.stdout:
2023-07-14T12:50:15.759 INFO:teuthology.orchestra.run.smithi017.stdout: ceph telemetry on
2023-07-14T12:50:15.759 INFO:teuthology.orchestra.run.smithi017.stdout:
2023-07-14T12:50:15.759 INFO:teuthology.orchestra.run.smithi017.stdout:For more information see:
2023-07-14T12:50:15.759 INFO:teuthology.orchestra.run.smithi017.stdout:
2023-07-14T12:50:15.759 INFO:teuthology.orchestra.run.smithi017.stdout: https://docs.ceph.com/en/latest/mgr/telemetry/
2023-07-14T12:50:15.760 INFO:teuthology.orchestra.run.smithi017.stdout:
2023-07-14T12:50:15.760 INFO:teuthology.orchestra.run.smithi017.stdout:Bootstrap complete.
2023-07-14T12:50:15.809 INFO:tasks.cephadm:Fetching config...
2023-07-14T12:50:15.809 DEBUG:teuthology.orchestra.run.smithi017:> set -ex
2023-07-14T12:50:15.809 DEBUG:teuthology.orchestra.run.smithi017:> dd if=/etc/ceph/ceph.conf of=/dev/stdout
2023-07-14T12:50:15.854 INFO:tasks.cephadm:Fetching client.admin keyring...
2023-07-14T12:50:15.854 DEBUG:teuthology.orchestra.run.smithi017:> set -ex
2023-07-14T12:50:15.854 DEBUG:teuthology.orchestra.run.smithi017:> dd if=/etc/ceph/ceph.client.admin.keyring of=/dev/stdout
2023-07-14T12:50:15.940 INFO:tasks.cephadm:Fetching mon keyring...
2023-07-14T12:50:15.940 DEBUG:teuthology.orchestra.run.smithi017:> set -ex
2023-07-14T12:50:15.941 DEBUG:teuthology.orchestra.run.smithi017:> sudo dd if=/var/lib/ceph/b31a3268-2244-11ee-9b33-001a4aab830c/mon.a/keyring of=/dev/stdout
2023-07-14T12:50:16.052 INFO:tasks.cephadm:Fetching pub ssh key...
2023-07-14T12:50:16.053 DEBUG:teuthology.orchestra.run.smithi017:> set -ex
2023-07-14T12:50:16.053 DEBUG:teuthology.orchestra.run.smithi017:> dd if=/home/ubuntu/cephtest/ceph.pub of=/dev/stdout
2023-07-14T12:50:16.135 INFO:tasks.cephadm:Installing pub ssh key for root users...
2023-07-14T12:50:16.136 DEBUG:teuthology.orchestra.run.smithi017:> sudo install -d -m 0700 /root/.ssh && echo 'ssh-rsa AAAAB3NzaC1yc2EAAAADAQABAAABgQC4Zcos0kfvjSo98+P74+iYoJOzUgeE1PQ+RzcRC3mSJ0jBdB3BYAmCpos2a8xvzMrGX/G7VKCkf6zb62OO8cU+rAslf1ggPV8rzvkStNYXY0o2+cCjcjBgLpg4SgxuLWM8a9OfufeEQj7+pM/y9ulooGDj4vjsPGXUhv8ME+jhg06Phtvl81SkmfkC8qM8MzI0wH6a1U+A4oJMdynfg7ZK3vP7NeC+JtLW9felu6Qt+49iNRxCMOQvpsnCgcLb+lMRqIJU0YFaZa4hI/KM+xdBWs0hHODKlbT2+hmt0+/Vk72PUiup8hKh/L+IcfWQzT0NcHvrFlW+BxjSfYnnf2/xktFDmiLlateIJkZvkNcY3LApxomfRG201yJ9yXqoH5dCLoUIBSodVeXHsXc51U2yTGUtLMfjIvZkcHBnX1APbQUaC0ODiLUT9KXhhJr8ApdWu8QkFT7HpCBL6BfldA/TsPv/cA1z5myyr122qM0cpa/o0IvOUBVwdGFhmcvUNk8= ceph-b31a3268-2244-11ee-9b33-001a4aab830c' | sudo tee -a /root/.ssh/authorized_keys && sudo chmod 0600 /root/.ssh/authorized_keys
2023-07-14T12:50:16.279 INFO:teuthology.orchestra.run.smithi017.stdout:ssh-rsa AAAAB3NzaC1yc2EAAAADAQABAAABgQC4Zcos0kfvjSo98+P74+iYoJOzUgeE1PQ+RzcRC3mSJ0jBdB3BYAmCpos2a8xvzMrGX/G7VKCkf6zb62OO8cU+rAslf1ggPV8rzvkStNYXY0o2+cCjcjBgLpg4SgxuLWM8a9OfufeEQj7+pM/y9ulooGDj4vjsPGXUhv8ME+jhg06Phtvl81SkmfkC8qM8MzI0wH6a1U+A4oJMdynfg7ZK3vP7NeC+JtLW9felu6Qt+49iNRxCMOQvpsnCgcLb+lMRqIJU0YFaZa4hI/KM+xdBWs0hHODKlbT2+hmt0+/Vk72PUiup8hKh/L+IcfWQzT0NcHvrFlW+BxjSfYnnf2/xktFDmiLlateIJkZvkNcY3LApxomfRG201yJ9yXqoH5dCLoUIBSodVeXHsXc51U2yTGUtLMfjIvZkcHBnX1APbQUaC0ODiLUT9KXhhJr8ApdWu8QkFT7HpCBL6BfldA/TsPv/cA1z5myyr122qM0cpa/o0IvOUBVwdGFhmcvUNk8= ceph-b31a3268-2244-11ee-9b33-001a4aab830c
2023-07-14T12:50:16.311 DEBUG:teuthology.orchestra.run.smithi131:> sudo install -d -m 0700 /root/.ssh && echo 'ssh-rsa AAAAB3NzaC1yc2EAAAADAQABAAABgQC4Zcos0kfvjSo98+P74+iYoJOzUgeE1PQ+RzcRC3mSJ0jBdB3BYAmCpos2a8xvzMrGX/G7VKCkf6zb62OO8cU+rAslf1ggPV8rzvkStNYXY0o2+cCjcjBgLpg4SgxuLWM8a9OfufeEQj7+pM/y9ulooGDj4vjsPGXUhv8ME+jhg06Phtvl81SkmfkC8qM8MzI0wH6a1U+A4oJMdynfg7ZK3vP7NeC+JtLW9felu6Qt+49iNRxCMOQvpsnCgcLb+lMRqIJU0YFaZa4hI/KM+xdBWs0hHODKlbT2+hmt0+/Vk72PUiup8hKh/L+IcfWQzT0NcHvrFlW+BxjSfYnnf2/xktFDmiLlateIJkZvkNcY3LApxomfRG201yJ9yXqoH5dCLoUIBSodVeXHsXc51U2yTGUtLMfjIvZkcHBnX1APbQUaC0ODiLUT9KXhhJr8ApdWu8QkFT7HpCBL6BfldA/TsPv/cA1z5myyr122qM0cpa/o0IvOUBVwdGFhmcvUNk8= ceph-b31a3268-2244-11ee-9b33-001a4aab830c' | sudo tee -a /root/.ssh/authorized_keys && sudo chmod 0600 /root/.ssh/authorized_keys
2023-07-14T12:50:16.415 INFO:teuthology.orchestra.run.smithi131.stdout:ssh-rsa AAAAB3NzaC1yc2EAAAADAQABAAABgQC4Zcos0kfvjSo98+P74+iYoJOzUgeE1PQ+RzcRC3mSJ0jBdB3BYAmCpos2a8xvzMrGX/G7VKCkf6zb62OO8cU+rAslf1ggPV8rzvkStNYXY0o2+cCjcjBgLpg4SgxuLWM8a9OfufeEQj7+pM/y9ulooGDj4vjsPGXUhv8ME+jhg06Phtvl81SkmfkC8qM8MzI0wH6a1U+A4oJMdynfg7ZK3vP7NeC+JtLW9felu6Qt+49iNRxCMOQvpsnCgcLb+lMRqIJU0YFaZa4hI/KM+xdBWs0hHODKlbT2+hmt0+/Vk72PUiup8hKh/L+IcfWQzT0NcHvrFlW+BxjSfYnnf2/xktFDmiLlateIJkZvkNcY3LApxomfRG201yJ9yXqoH5dCLoUIBSodVeXHsXc51U2yTGUtLMfjIvZkcHBnX1APbQUaC0ODiLUT9KXhhJr8ApdWu8QkFT7HpCBL6BfldA/TsPv/cA1z5myyr122qM0cpa/o0IvOUBVwdGFhmcvUNk8= ceph-b31a3268-2244-11ee-9b33-001a4aab830c
2023-07-14T12:50:16.445 DEBUG:teuthology.orchestra.run.smithi135:> sudo install -d -m 0700 /root/.ssh && echo 'ssh-rsa AAAAB3NzaC1yc2EAAAADAQABAAABgQC4Zcos0kfvjSo98+P74+iYoJOzUgeE1PQ+RzcRC3mSJ0jBdB3BYAmCpos2a8xvzMrGX/G7VKCkf6zb62OO8cU+rAslf1ggPV8rzvkStNYXY0o2+cCjcjBgLpg4SgxuLWM8a9OfufeEQj7+pM/y9ulooGDj4vjsPGXUhv8ME+jhg06Phtvl81SkmfkC8qM8MzI0wH6a1U+A4oJMdynfg7ZK3vP7NeC+JtLW9felu6Qt+49iNRxCMOQvpsnCgcLb+lMRqIJU0YFaZa4hI/KM+xdBWs0hHODKlbT2+hmt0+/Vk72PUiup8hKh/L+IcfWQzT0NcHvrFlW+BxjSfYnnf2/xktFDmiLlateIJkZvkNcY3LApxomfRG201yJ9yXqoH5dCLoUIBSodVeXHsXc51U2yTGUtLMfjIvZkcHBnX1APbQUaC0ODiLUT9KXhhJr8ApdWu8QkFT7HpCBL6BfldA/TsPv/cA1z5myyr122qM0cpa/o0IvOUBVwdGFhmcvUNk8= ceph-b31a3268-2244-11ee-9b33-001a4aab830c' | sudo tee -a /root/.ssh/authorized_keys && sudo chmod 0600 /root/.ssh/authorized_keys
