2023-07-14T12:38:21.528 INFO:teuthology.orchestra.run.smithi040.stdout:/usr/bin/ceph: stderr
2023-07-14T12:38:21.102+0000 7f95c46ee700 1 -- 172.21.15.40:0/621848733 >> [v2:172.21.15.40:3300/0,v1:172.21.15.40:6789/0] conn(0x7f95bc1043f0 msgr2=0x7f95bc198140 secure :-1 s=STATE_CONNECTION_ESTABLISHED l=1).mark_down
2023-07-14T12:38:21.528 INFO:teuthology.orchestra.run.smithi040.stdout:/usr/bin/ceph: stderr
2023-07-14T12:38:21.102+0000 7f95c46ee700 1 --2- 172.21.15.40:0/621848733 >> [v2:172.21.15.40:3300/0,v1:172.21.15.40:6789/0] conn(0x7f95bc1043f0 0x7f95bc198140 secure :-1 s=READY pgs=38 cs=0 l=1 rev1=1 crypto rx=0x7f95b8006af0 tx=0x7f95b8011ad0 comp rx=0 tx=0).stop
2023-07-14T12:38:21.528 INFO:teuthology.orchestra.run.smithi040.stdout:/usr/bin/ceph: stderr
2023-07-14T12:38:21.102+0000 7f95c46ee700 1 -- 172.21.15.40:0/621848733 shutdown_connections
2023-07-14T12:38:21.528 INFO:teuthology.orchestra.run.smithi040.stdout:/usr/bin/ceph: stderr
2023-07-14T12:38:21.102+0000 7f95c46ee700 1 --2- 172.21.15.40:0/621848733 >> [v2:172.21.15.40:6800/2447803421,v1:172.21.15.40:6801/2447803421] conn(0x7f95a8038710 0x7f95a803abc0 unknown :-1 s=CLOSED pgs=8 cs=0 l=1 rev1=1 crypto rx=0 tx=0 comp rx=0 tx=0).stop
2023-07-14T12:38:21.528 INFO:teuthology.orchestra.run.smithi040.stdout:/usr/bin/ceph: stderr
2023-07-14T12:38:21.102+0000 7f95c46ee700 1 --2- 172.21.15.40:0/621848733 >> [v2:172.21.15.40:3300/0,v1:172.21.15.40:6789/0] conn(0x7f95bc1043f0 0x7f95bc198140 unknown :-1 s=CLOSED pgs=38 cs=0 l=1 rev1=1 crypto rx=0 tx=0 comp rx=0 tx=0).stop
2023-07-14T12:38:21.528 INFO:teuthology.orchestra.run.smithi040.stdout:/usr/bin/ceph: stderr
2023-07-14T12:38:21.102+0000 7f95c46ee700 1 -- 172.21.15.40:0/621848733 >> 172.21.15.40:0/621848733 conn(0x7f95bc0ffa40 msgr2=0x7f95bc1010b0 unknown :-1 s=STATE_NONE l=0).mark_down
2023-07-14T12:38:21.528 INFO:teuthology.orchestra.run.smithi040.stdout:/usr/bin/ceph: stderr
2023-07-14T12:38:21.102+0000 7f95c46ee700 1 -- 172.21.15.40:0/621848733 shutdown_connections
2023-07-14T12:38:21.529 INFO:teuthology.orchestra.run.smithi040.stdout:/usr/bin/ceph: stderr
2023-07-14T12:38:21.102+0000 7f95c46ee700 1 -- 172.21.15.40:0/621848733 wait complete.
2023-07-14T12:38:21.529 INFO:teuthology.orchestra.run.smithi040.stdout:Generating ssh key...
2023-07-14T12:38:21.749 INFO:journalctl@ceph.mon.a.smithi040.stdout:Jul 14 12:38:21 smithi040 ceph-mon[96535]: from='client.14130 -' entity='client.admin' cmd=[{"prefix": "orch set backend", "module_name": "cephadm", "target": ["mon-mgr", ""]}]: dispatch
2023-07-14T12:38:21.749 INFO:journalctl@ceph.mon.a.smithi040.stdout:Jul 14 12:38:21 smithi040 ceph-mon[96535]: mgrmap e8: x(active, since 3s)
2023-07-14T12:38:22.976 INFO:journalctl@ceph.mon.a.smithi040.stdout:Jul 14 12:38:22 smithi040 ceph-mon[96535]: from='client.14132 -' entity='client.admin' cmd=[{"prefix": "cephadm set-user", "user": "root", "target": ["mon-mgr", ""]}]: dispatch
2023-07-14T12:38:23.341 INFO:journalctl@ceph.mgr.x.smithi040.stdout:Jul 14 12:38:22 smithi040 ceph-1fe65914-2243-11ee-9b33-001a4aab830c-mgr-x[96784]: Generating public/private rsa key pair.
2023-07-14T12:38:23.341 INFO:journalctl@ceph.mgr.x.smithi040.stdout:Jul 14 12:38:22 smithi040 ceph-1fe65914-2243-11ee-9b33-001a4aab830c-mgr-x[96784]: Your identification has been saved in /tmp/tmp_xa5d8xi/key.
2023-07-14T12:38:23.341 INFO:journalctl@ceph.mgr.x.smithi040.stdout:Jul 14 12:38:22 smithi040 ceph-1fe65914-2243-11ee-9b33-001a4aab830c-mgr-x[96784]: Your public key has been saved in /tmp/tmp_xa5d8xi/key.pub.
2023-07-14T12:38:23.341 INFO:journalctl@ceph.mgr.x.smithi040.stdout:Jul 14 12:38:22 smithi040 ceph-1fe65914-2243-11ee-9b33-001a4aab830c-mgr-x[96784]: The key fingerprint is:
2023-07-14T12:38:23.341 INFO:journalctl@ceph.mgr.x.smithi040.stdout:Jul 14 12:38:22 smithi040 ceph-1fe65914-2243-11ee-9b33-001a4aab830c-mgr-x[96784]: SHA256:d5haV93tO6brCzJkaF/lQJakV5SCG1xXUjLdui2rqHI ceph-1fe65914-2243-11ee-9b33-001a4aab830c
2023-07-14T12:38:23.342 INFO:journalctl@ceph.mgr.x.smithi040.stdout:Jul 14 12:38:22 smithi040 ceph-1fe65914-2243-11ee-9b33-001a4aab830c-mgr-x[96784]: The key's randomart image is:
2023-07-14T12:38:23.342 INFO:journalctl@ceph.mgr.x.smithi040.stdout:Jul 14 12:38:22 smithi040 ceph-1fe65914-2243-11ee-9b33-001a4aab830c-mgr-x[96784]: +---[RSA 3072]----+
2023-07-14T12:38:23.342 INFO:journalctl@ceph.mgr.x.smithi040.stdout:Jul 14 12:38:22 smithi040 ceph-1fe65914-2243-11ee-9b33-001a4aab830c-mgr-x[96784]: | . +=oB=o.|
2023-07-14T12:38:23.342 INFO:journalctl@ceph.mgr.x.smithi040.stdout:Jul 14 12:38:22 smithi040 ceph-1fe65914-2243-11ee-9b33-001a4aab830c-mgr-x[96784]: | ++oo.+o+|
2023-07-14T12:38:23.342 INFO:journalctl@ceph.mgr.x.smithi040.stdout:Jul 14 12:38:22 smithi040 ceph-1fe65914-2243-11ee-9b33-001a4aab830c-mgr-x[96784]: | .oo....+|
2023-07-14T12:38:23.342 INFO:journalctl@ceph.mgr.x.smithi040.stdout:Jul 14 12:38:22 smithi040 ceph-1fe65914-2243-11ee-9b33-001a4aab830c-mgr-x[96784]: | ...o+... |
2023-07-14T12:38:23.342 INFO:journalctl@ceph.mgr.x.smithi040.stdout:Jul 14 12:38:22 smithi040 ceph-1fe65914-2243-11ee-9b33-001a4aab830c-mgr-x[96784]: | oSo=.o. o.|
2023-07-14T12:38:23.342 INFO:journalctl@ceph.mgr.x.smithi040.stdout:Jul 14 12:38:22 smithi040 ceph-1fe65914-2243-11ee-9b33-001a4aab830c-mgr-x[96784]: | . ++.o o o|
2023-07-14T12:38:23.343 INFO:journalctl@ceph.mgr.x.smithi040.stdout:Jul 14 12:38:22 smithi040 ceph-1fe65914-2243-11ee-9b33-001a4aab830c-mgr-x[96784]: | .+ . * |
2023-07-14T12:38:23.343 INFO:journalctl@ceph.mgr.x.smithi040.stdout:Jul 14 12:38:22 smithi040 ceph-1fe65914-2243-11ee-9b33-001a4aab830c-mgr-x[96784]: | . E o.. + .|
2023-07-14T12:38:23.343 INFO:journalctl@ceph.mgr.x.smithi040.stdout:Jul 14 12:38:22 smithi040 ceph-1fe65914-2243-11ee-9b33-001a4aab830c-mgr-x[96784]: | o... o*o |
2023-07-14T12:38:23.343 INFO:journalctl@ceph.mgr.x.smithi040.stdout:Jul 14 12:38:22 smithi040 ceph-1fe65914-2243-11ee-9b33-001a4aab830c-mgr-x[96784]: +----[SHA256]-----+
2023-07-14T12:38:23.366 INFO:teuthology.orchestra.run.smithi040.stdout:/usr/bin/ceph: stderr
2023-07-14T12:38:21.958+0000 7f960034d700 1 Processor -- start
2023-07-14T12:38:23.366 INFO:teuthology.orchestra.run.smithi040.stdout:/usr/bin/ceph: stderr
2023-07-14T12:38:21.958+0000 7f960034d700 1 -- start start
2023-07-14T12:38:23.366 INFO:teuthology.orchestra.run.smithi040.stdout:/usr/bin/ceph: stderr
2023-07-14T12:38:21.959+0000 7f960034d700 1 --2- >> [v2:172.21.15.40:3300/0,v1:172.21.15.40:6789/0] conn(0x7f95f8106050 0x7f95f8108430 unknown :-1 s=NONE pgs=0 cs=0 l=0 rev1=0 crypto rx=0 tx=0 comp rx=0 tx=0).connect
2023-07-14T12:38:23.367 INFO:teuthology.orchestra.run.smithi040.stdout:/usr/bin/ceph: stderr
2023-07-14T12:38:21.959+0000 7f960034d700 1 -- --> [v2:172.21.15.40:3300/0,v1:172.21.15.40:6789/0] -- mon_getmap magic: 0 v1 -- 0x7f95f8073be0 con 0x7f95f8106050
2023-07-14T12:38:23.367 INFO:teuthology.orchestra.run.smithi040.stdout:/usr/bin/ceph: stderr
2023-07-14T12:38:21.959+0000 7f95fe0e9700 1 --2- >> [v2:172.21.15.40:3300/0,v1:172.21.15.40:6789/0] conn(0x7f95f8106050 0x7f95f8108430 unknown :-1 s=BANNER_CONNECTING pgs=0 cs=0 l=0 rev1=0 crypto rx=0 tx=0 comp rx=0 tx=0)._handle_peer_banner_payload supported=3 required=0
2023-07-14T12:38:23.367 INFO:teuthology.orchestra.run.smithi040.stdout:/usr/bin/ceph: stderr
2023-07-14T12:38:21.959+0000 7f95fe0e9700 1 --2- >> [v2:172.21.15.40:3300/0,v1:172.21.15.40:6789/0] conn(0x7f95f8106050 0x7f95f8108430 unknown :-1 s=HELLO_CONNECTING pgs=0 cs=0 l=0 rev1=1 crypto rx=0 tx=0 comp rx=0 tx=0).handle_hello peer v2:172.21.15.40:3300/0 says I am v2:172.21.15.40:58832/0 (socket says 172.21.15.40:58832)
2023-07-14T12:38:23.367 INFO:teuthology.orchestra.run.smithi040.stdout:/usr/bin/ceph: stderr
2023-07-14T12:38:21.959+0000 7f95fe0e9700 1 -- 172.21.15.40:0/711705911 learned_addr learned my addr 172.21.15.40:0/711705911 (peer_addr_for_me v2:172.21.15.40:0/0)
2023-07-14T12:38:23.368 INFO:teuthology.orchestra.run.smithi040.stdout:/usr/bin/ceph: stderr
2023-07-14T12:38:21.959+0000 7f95fe0e9700 1 -- 172.21.15.40:0/711705911 --> [v2:172.21.15.40:3300/0,v1:172.21.15.40:6789/0] -- mon_subscribe({config=0+,monmap=0+}) v3 -- 0x7f95f8073d20 con 0x7f95f8106050
2023-07-14T12:38:23.368 INFO:teuthology.orchestra.run.smithi040.stdout:/usr/bin/ceph: stderr
2023-07-14T12:38:21.959+0000 7f95fe0e9700 1 --2- 172.21.15.40:0/711705911 >> [v2:172.21.15.40:3300/0,v1:172.21.15.40:6789/0] conn(0x7f95f8106050 0x7f95f8108430 secure :-1 s=READY pgs=39 cs=0 l=1 rev1=1 crypto rx=0x7f95f40098a0 tx=0x7f95f4009bb0 comp rx=0 tx=0).ready entity=mon.0 client_cookie=d13da7fb08cb66ac server_cookie=0 in_seq=0 out_seq=0
2023-07-14T12:38:23.368 INFO:teuthology.orchestra.run.smithi040.stdout:/usr/bin/ceph: stderr
2023-07-14T12:38:21.960+0000 7f95fd0e7700 1 -- 172.21.15.40:0/711705911 <== mon.0 v2:172.21.15.40:3300/0 1 ==== mon_map magic: 0 v1 ==== 205+0+0 (secure 0 0 0) 0x7f95f4004160 con 0x7f95f8106050
2023-07-14T12:38:23.368 INFO:teuthology.orchestra.run.smithi040.stdout:/usr/bin/ceph: stderr
2023-07-14T12:38:21.960+0000 7f95fd0e7700 1 -- 172.21.15.40:0/711705911 <== mon.0 v2:172.21.15.40:3300/0 2 ==== config(26 keys) v1 ==== 1074+0+0 (secure 0 0 0) 0x7f95f40042c0 con 0x7f95f8106050
2023-07-14T12:38:23.368 INFO:teuthology.orchestra.run.smithi040.stdout:/usr/bin/ceph: stderr
2023-07-14T12:38:21.960+0000 7f95fd0e7700 1 -- 172.21.15.40:0/711705911 <== mon.0 v2:172.21.15.40:3300/0 3 ==== mon_map magic: 0 v1 ==== 205+0+0 (secure 0 0 0) 0x7f95f4011a00 con 0x7f95f8106050
2023-07-14T12:38:23.369 INFO:teuthology.orchestra.run.smithi040.stdout:/usr/bin/ceph: stderr
2023-07-14T12:38:21.960+0000 7f960034d700 1 -- 172.21.15.40:0/711705911 >> [v2:172.21.15.40:3300/0,v1:172.21.15.40:6789/0] conn(0x7f95f8106050 msgr2=0x7f95f8108430 secure :-1 s=STATE_CONNECTION_ESTABLISHED l=1).mark_down
2023-07-14T12:38:23.369 INFO:teuthology.orchestra.run.smithi040.stdout:/usr/bin/ceph: stderr
2023-07-14T12:38:21.960+0000 7f960034d700 1 --2- 172.21.15.40:0/711705911 >> [v2:172.21.15.40:3300/0,v1:172.21.15.40:6789/0] conn(0x7f95f8106050 0x7f95f8108430 secure :-1 s=READY pgs=39 cs=0 l=1 rev1=1 crypto rx=0x7f95f40098a0 tx=0x7f95f4009bb0 comp rx=0 tx=0).stop
2023-07-14T12:38:23.369 INFO:teuthology.orchestra.run.smithi040.stdout:/usr/bin/ceph: stderr
2023-07-14T12:38:21.960+0000 7f960034d700 1 -- 172.21.15.40:0/711705911 shutdown_connections
2023-07-14T12:38:23.369 INFO:teuthology.orchestra.run.smithi040.stdout:/usr/bin/ceph: stderr
2023-07-14T12:38:21.960+0000 7f960034d700 1 --2- 172.21.15.40:0/711705911 >> [v2:172.21.15.40:3300/0,v1:172.21.15.40:6789/0] conn(0x7f95f8106050 0x7f95f8108430 unknown :-1 s=CLOSED pgs=39 cs=0 l=1 rev1=1 crypto rx=0 tx=0 comp rx=0 tx=0).stop
2023-07-14T12:38:23.369 INFO:teuthology.orchestra.run.smithi040.stdout:/usr/bin/ceph: stderr
2023-07-14T12:38:21.960+0000 7f960034d700 1 -- 172.21.15.40:0/711705911 >> 172.21.15.40:0/711705911 conn(0x7f95f80ffa50 msgr2=0x7f95f8101e80 unknown :-1 s=STATE_NONE l=0).mark_down
2023-07-14T12:38:23.369 INFO:teuthology.orchestra.run.smithi040.stdout:/usr/bin/ceph: stderr
2023-07-14T12:38:21.960+0000 7f960034d700 1 -- 172.21.15.40:0/711705911 shutdown_connections
2023-07-14T12:38:23.369 INFO:teuthology.orchestra.run.smithi040.stdout:/usr/bin/ceph: stderr
2023-07-14T12:38:21.960+0000 7f960034d700 1 -- 172.21.15.40:0/711705911 wait complete.
2023-07-14T12:38:23.370 INFO:teuthology.orchestra.run.smithi040.stdout:/usr/bin/ceph: stderr
2023-07-14T12:38:21.961+0000 7f960034d700 1 Processor -- start
2023-07-14T12:38:23.370 INFO:teuthology.orchestra.run.smithi040.stdout:/usr/bin/ceph: stderr
2023-07-14T12:38:21.961+0000 7f960034d700 1 -- start start
2023-07-14T12:38:23.370 INFO:teuthology.orchestra.run.smithi040.stdout:/usr/bin/ceph: stderr
2023-07-14T12:38:21.961+0000 7f960034d700 1 --2- >> [v2:172.21.15.40:3300/0,v1:172.21.15.40:6789/0] conn(0x7f95f8106050 0x7f95f8199250 unknown :-1 s=NONE pgs=0 cs=0 l=1 rev1=0 crypto rx=0 tx=0 comp rx=0 tx=0).connect
2023-07-14T12:38:23.370 INFO:teuthology.orchestra.run.smithi040.stdout:/usr/bin/ceph: stderr
2023-07-14T12:38:21.961+0000 7f960034d700 1 -- --> [v2:172.21.15.40:3300/0,v1:172.21.15.40:6789/0] -- mon_getmap magic: 0 v1 -- 0x7f95f8199790 con 0x7f95f8106050
2023-07-14T12:38:23.370 INFO:teuthology.orchestra.run.smithi040.stdout:/usr/bin/ceph: stderr
2023-07-14T12:38:21.961+0000 7f95fe0e9700 1 --2- >> [v2:172.21.15.40:3300/0,v1:172.21.15.40:6789/0] conn(0x7f95f8106050 0x7f95f8199250 unknown :-1 s=BANNER_CONNECTING pgs=0 cs=0 l=1 rev1=0 crypto rx=0 tx=0 comp rx=0 tx=0)._handle_peer_banner_payload supported=3 required=0
2023-07-14T12:38:23.370 INFO:teuthology.orchestra.run.smithi040.stdout:/usr/bin/ceph: stderr
2023-07-14T12:38:21.961+0000 7f95fe0e9700 1 --2- >> [v2:172.21.15.40:3300/0,v1:172.21.15.40:6789/0] conn(0x7f95f8106050 0x7f95f8199250 unknown :-1 s=HELLO_CONNECTING pgs=0 cs=0 l=1 rev1=1 crypto rx=0 tx=0 comp rx=0 tx=0).handle_hello peer v2:172.21.15.40:3300/0 says I am v2:172.21.15.40:58834/0 (socket says 172.21.15.40:58834)
2023-07-14T12:38:23.370 INFO:teuthology.orchestra.run.smithi040.stdout:/usr/bin/ceph: stderr
2023-07-14T12:38:21.961+0000 7f95fe0e9700 1 -- 172.21.15.40:0/3030610609 learned_addr learned my addr 172.21.15.40:0/3030610609 (peer_addr_for_me v2:172.21.15.40:0/0)
2023-07-14T12:38:23.370 INFO:teuthology.orchestra.run.smithi040.stdout:/usr/bin/ceph: stderr
2023-07-14T12:38:21.962+0000 7f95fe0e9700 1 -- 172.21.15.40:0/3030610609 --> [v2:172.21.15.40:3300/0,v1:172.21.15.40:6789/0] -- mon_subscribe({config=0+,monmap=0+}) v3 -- 0x7f95f4009550 con 0x7f95f8106050
2023-07-14T12:38:23.371 INFO:teuthology.orchestra.run.smithi040.stdout:/usr/bin/ceph: stderr
2023-07-14T12:38:21.962+0000 7f95fe0e9700 1 --2- 172.21.15.40:0/3030610609 >> [v2:172.21.15.40:3300/0,v1:172.21.15.40:6789/0] conn(0x7f95f8106050 0x7f95f8199250 secure :-1 s=READY pgs=40 cs=0 l=1 rev1=1 crypto rx=0x7f95f4009130 tx=0x7f95f4011ad0 comp rx=0 tx=0).ready entity=mon.0 client_cookie=0 server_cookie=0 in_seq=0 out_seq=0
2023-07-14T12:38:23.371 INFO:teuthology.orchestra.run.smithi040.stdout:/usr/bin/ceph: stderr
2023-07-14T12:38:21.962+0000 7f95eb7fe700 1 -- 172.21.15.40:0/3030610609 <== mon.0 v2:172.21.15.40:3300/0 1 ==== mon_map magic: 0 v1 ==== 205+0+0 (secure 0 0 0) 0x7f95f4003ab0 con 0x7f95f8106050
2023-07-14T12:38:23.371 INFO:teuthology.orchestra.run.smithi040.stdout:/usr/bin/ceph: stderr
2023-07-14T12:38:21.962+0000 7f95eb7fe700 1 -- 172.21.15.40:0/3030610609 <== mon.0 v2:172.21.15.40:3300/0 2 ==== config(26 keys) v1 ==== 1074+0+0 (secure 0 0 0) 0x7f95f4003c10 con 0x7f95f8106050
2023-07-14T12:38:23.371 INFO:teuthology.orchestra.run.smithi040.stdout:/usr/bin/ceph: stderr
2023-07-14T12:38:21.962+0000 7f95eb7fe700 1 -- 172.21.15.40:0/3030610609 <== mon.0 v2:172.21.15.40:3300/0 3 ==== mon_map magic: 0 v1 ==== 205+0+0 (secure 0 0 0) 0x7f95f40247d0 con 0x7f95f8106050
2023-07-14T12:38:23.371 INFO:teuthology.orchestra.run.smithi040.stdout:/usr/bin/ceph: stderr
2023-07-14T12:38:21.962+0000 7f960034d700 1 -- 172.21.15.40:0/3030610609 --> [v2:172.21.15.40:3300/0,v1:172.21.15.40:6789/0] -- mon_subscribe({mgrmap=0+}) v3 -- 0x7f95f81999f0 con 0x7f95f8106050
2023-07-14T12:38:23.371 INFO:teuthology.orchestra.run.smithi040.stdout:/usr/bin/ceph: stderr
2023-07-14T12:38:21.962+0000 7f960034d700 1 -- 172.21.15.40:0/3030610609 --> [v2:172.21.15.40:3300/0,v1:172.21.15.40:6789/0] -- mon_subscribe({osdmap=0}) v3 -- 0x7f95f8199e70 con 0x7f95f8106050
2023-07-14T12:38:23.371 INFO:teuthology.orchestra.run.smithi040.stdout:/usr/bin/ceph: stderr
2023-07-14T12:38:21.963+0000 7f95eb7fe700 1 -- 172.21.15.40:0/3030610609 <== mon.0 v2:172.21.15.40:3300/0 4 ==== mgrmap(e 8) v1 ==== 45483+0+0 (secure 0 0 0) 0x7f95f401abb0 con 0x7f95f8106050
2023-07-14T12:38:23.371 INFO:teuthology.orchestra.run.smithi040.stdout:/usr/bin/ceph: stderr
2023-07-14T12:38:21.963+0000 7f95eb7fe700 1 --2- 172.21.15.40:0/3030610609 >> [v2:172.21.15.40:6800/2447803421,v1:172.21.15.40:6801/2447803421] conn(0x7f95e40387b0 0x7f95e403ac60 unknown :-1 s=NONE pgs=0 cs=0 l=1 rev1=0 crypto rx=0 tx=0 comp rx=0 tx=0).connect
2023-07-14T12:38:23.372 INFO:teuthology.orchestra.run.smithi040.stdout:/usr/bin/ceph: stderr
2023-07-14T12:38:21.963+0000 7f95eb7fe700 1 -- 172.21.15.40:0/3030610609 <== mon.0 v2:172.21.15.40:3300/0 5 ==== osd_map(2..2 src has 1..2) v4 ==== 940+0+0 (secure 0 0 0) 0x7f95f404c800 con 0x7f95f8106050
2023-07-14T12:38:23.372 INFO:teuthology.orchestra.run.smithi040.stdout:/usr/bin/ceph: stderr
2023-07-14T12:38:21.963+0000 7f960034d700 1 -- 172.21.15.40:0/3030610609 --> [v2:172.21.15.40:3300/0,v1:172.21.15.40:6789/0] -- mon_command({"prefix": "get_command_descriptions"} v 0) v1 -- 0x7f95f8061b40 con 0x7f95f8106050
2023-07-14T12:38:23.372 INFO:teuthology.orchestra.run.smithi040.stdout:/usr/bin/ceph: stderr
2023-07-14T12:38:21.963+0000 7f95fd8e8700 1 --2- 172.21.15.40:0/3030610609 >> [v2:172.21.15.40:6800/2447803421,v1:172.21.15.40:6801/2447803421] conn(0x7f95e40387b0 0x7f95e403ac60 unknown :-1 s=BANNER_CONNECTING pgs=0 cs=0 l=1 rev1=0 crypto rx=0 tx=0 comp rx=0 tx=0)._handle_peer_banner_payload supported=3 required=0
2023-07-14T12:38:23.372 INFO:teuthology.orchestra.run.smithi040.stdout:/usr/bin/ceph: stderr
2023-07-14T12:38:21.964+0000 7f95fd8e8700 1 --2- 172.21.15.40:0/3030610609 >> [v2:172.21.15.40:6800/2447803421,v1:172.21.15.40:6801/2447803421] conn(0x7f95e40387b0 0x7f95e403ac60 secure :-1 s=READY pgs=9 cs=0 l=1 rev1=1 crypto rx=0x7f95ec006fd0 tx=0x7f95ec006e40 comp rx=0 tx=0).ready entity=mgr.14118 client_cookie=0 server_cookie=0 in_seq=0 out_seq=0
2023-07-14T12:38:23.372 INFO:teuthology.orchestra.run.smithi040.stdout:/usr/bin/ceph: stderr
2023-07-14T12:38:21.968+0000 7f95eb7fe700 1 -- 172.21.15.40:0/3030610609 <== mon.0 v2:172.21.15.40:3300/0 6 ==== mon_command_ack([{"prefix": "get_command_descriptions"}]=0 v0) v1 ==== 72+0+178038 (secure 0 0 0) 0x7f95f402d3f0 con 0x7f95f8106050
2023-07-14T12:38:23.372 INFO:teuthology.orchestra.run.smithi040.stdout:/usr/bin/ceph: stderr
2023-07-14T12:38:22.325+0000 7f960034d700 1 -- 172.21.15.40:0/3030610609 --> [v2:172.21.15.40:6800/2447803421,v1:172.21.15.40:6801/2447803421] -- mgr_command(tid 0: {"prefix": "cephadm generate-key", "target": ["mon-mgr", ""]}) v1 -- 0x7f95f8101d80 con 0x7f95e40387b0
2023-07-14T12:38:23.372 INFO:teuthology.orchestra.run.smithi040.stdout:/usr/bin/ceph: stderr
2023-07-14T12:38:22.976+0000 7f95eb7fe700 1 -- 172.21.15.40:0/3030610609 <== mgr.14118 v2:172.21.15.40:6800/2447803421 1 ==== mgr_command_reply(tid 0: 0 ) v1 ==== 8+0+0 (secure 0 0 0) 0x7f95f8101d80 con 0x7f95e40387b0
2023-07-14T12:38:23.373 INFO:teuthology.orchestra.run.smithi040.stdout:/usr/bin/ceph: stderr
2023-07-14T12:38:22.979+0000 7f960034d700 1 -- 172.21.15.40:0/3030610609 >> [v2:172.21.15.40:6800/2447803421,v1:172.21.15.40:6801/2447803421] conn(0x7f95e40387b0 msgr2=0x7f95e403ac60 secure :-1 s=STATE_CONNECTION_ESTABLISHED l=1).mark_down
2023-07-14T12:38:23.373 INFO:teuthology.orchestra.run.smithi040.stdout:/usr/bin/ceph: stderr
2023-07-14T12:38:22.979+0000 7f960034d700 1 --2- 172.21.15.40:0/3030610609 >> [v2:172.21.15.40:6800/2447803421,v1:172.21.15.40:6801/2447803421] conn(0x7f95e40387b0 0x7f95e403ac60 secure :-1 s=READY pgs=9 cs=0 l=1 rev1=1 crypto rx=0x7f95ec006fd0 tx=0x7f95ec006e40 comp rx=0 tx=0).stop
2023-07-14T12:38:23.373 INFO:teuthology.orchestra.run.smithi040.stdout:/usr/bin/ceph: stderr
2023-07-14T12:38:22.979+0000 7f960034d700 1 -- 172.21.15.40:0/3030610609 >> [v2:172.21.15.40:3300/0,v1:172.21.15.40:6789/0] conn(0x7f95f8106050 msgr2=0x7f95f8199250 secure :-1 s=STATE_CONNECTION_ESTABLISHED l=1).mark_down
2023-07-14T12:38:23.373 INFO:teuthology.orchestra.run.smithi040.stdout:/usr/bin/ceph: stderr
2023-07-14T12:38:22.979+0000 7f960034d700 1 --2- 172.21.15.40:0/3030610609 >> [v2:172.21.15.40:3300/0,v1:172.21.15.40:6789/0] conn(0x7f95f8106050 0x7f95f8199250 secure :-1 s=READY pgs=40 cs=0 l=1 rev1=1 crypto rx=0x7f95f4009130 tx=0x7f95f4011ad0 comp rx=0 tx=0).stop
2023-07-14T12:38:23.373 INFO:teuthology.orchestra.run.smithi040.stdout:/usr/bin/ceph: stderr
2023-07-14T12:38:22.979+0000 7f960034d700 1 -- 172.21.15.40:0/3030610609 shutdown_connections
2023-07-14T12:38:23.373 INFO:teuthology.orchestra.run.smithi040.stdout:/usr/bin/ceph: stderr
2023-07-14T12:38:22.979+0000 7f960034d700 1 --2- 172.21.15.40:0/3030610609 >> [v2:172.21.15.40:6800/2447803421,v1:172.21.15.40:6801/2447803421] conn(0x7f95e40387b0 0x7f95e403ac60 unknown :-1 s=CLOSED pgs=9 cs=0 l=1 rev1=1 crypto rx=0 tx=0 comp rx=0 tx=0).stop
2023-07-14T12:38:23.373 INFO:teuthology.orchestra.run.smithi040.stdout:/usr/bin/ceph: stderr
2023-07-14T12:38:22.979+0000 7f960034d700 1 --2- 172.21.15.40:0/3030610609 >> [v2:172.21.15.40:3300/0,v1:172.21.15.40:6789/0] conn(0x7f95f8106050 0x7f95f8199250 unknown :-1 s=CLOSED pgs=40 cs=0 l=1 rev1=1 crypto rx=0 tx=0 comp rx=0 tx=0).stop
2023-07-14T12:38:23.374 INFO:teuthology.orchestra.run.smithi040.stdout:/usr/bin/ceph: stderr
2023-07-14T12:38:22.979+0000 7f960034d700 1 -- 172.21.15.40:0/3030610609 >> 172.21.15.40:0/3030610609 conn(0x7f95f80ffa50 msgr2=0x7f95f8101120 unknown :-1 s=STATE_NONE l=0).mark_down
2023-07-14T12:38:23.374 INFO:teuthology.orchestra.run.smithi040.stdout:/usr/bin/ceph: stderr
2023-07-14T12:38:22.979+0000 7f960034d700 1 -- 172.21.15.40:0/3030610609 shutdown_connections
2023-07-14T12:38:23.374 INFO:teuthology.orchestra.run.smithi040.stdout:/usr/bin/ceph: stderr
2023-07-14T12:38:22.979+0000 7f960034d700 1 -- 172.21.15.40:0/3030610609 wait complete.
2023-07-14T12:38:24.091 INFO:journalctl@ceph.mon.a.smithi040.stdout:Jul 14 12:38:23 smithi040 ceph-mon[96535]: from='client.14134 -' entity='client.admin' cmd=[{"prefix": "cephadm generate-key", "target": ["mon-mgr", ""]}]: dispatch
2023-07-14T12:38:24.091 INFO:journalctl@ceph.mon.a.smithi040.stdout:Jul 14 12:38:23 smithi040 ceph-mon[96535]: Generating ssh key...
2023-07-14T12:38:24.091 INFO:journalctl@ceph.mon.a.smithi040.stdout:Jul 14 12:38:23 smithi040 ceph-mon[96535]: from='mgr.14118 172.21.15.40:0/2229905428' entity='mgr.x'
2023-07-14T12:38:24.092 INFO:journalctl@ceph.mon.a.smithi040.stdout:Jul 14 12:38:23 smithi040 ceph-mon[96535]: from='mgr.14118 172.21.15.40:0/2229905428' entity='mgr.x'
2023-07-14T12:38:24.615 INFO:teuthology.orchestra.run.smithi040.stdout:/usr/bin/ceph: stdout ssh-rsa AAAAB3NzaC1yc2EAAAADAQABAAABgQDPWNEFLS+0gkOMVO2wRqnDzkCFHErvLJ4ztmTKSdhH3blFZuNd+QXoj4AvquFO9qPgPHKtd5h5ieiRLRZZwMR0jGM+zypURuVSStN8ibJx/ZnL9a/NKWSM9Rpgy/6nExWPmQiziBfFykZ3QK1s69ZVNF6jdVBY0worfazhwXT0WnCHuF8wFTaUS7KYoDCmHJGZke8w8zN6rZk9LtxcgVAJM7nQN9ozAr/QMnbcfgiLI5jOeJsJNqBTJRLVHc41jqvUcYiHLq+BTACQgHKdIcToiTyMfXIa84CbszRDFX5p7sXjDCr3DqHRDEqU1L+lWBnc/TtOA/RC5Zd3SM1IAoosD6BPih/pnbByGGr6fHAnJYqMLG4oLC+OQoIPyt01+kT1/uA/F9HlPI11piEGtnCiYTxU8TDsfMGlV08mPuMFF5GatlpjPwoiK5PHl7DPIXm9oTe8EZ6vCKMIO9qgPcNw/qT8jSnE6Q6Q23YEsJaI+GZJWtohU6yXSmH7W3LFdDM= ceph-1fe65914-2243-11ee-9b33-001a4aab830c
2023-07-14T12:38:24.615 INFO:teuthology.orchestra.run.smithi040.stdout:/usr/bin/ceph: stderr
2023-07-14T12:38:23.828+0000 7f3e8535f700 1 Processor -- start
2023-07-14T12:38:24.615 INFO:teuthology.orchestra.run.smithi040.stdout:/usr/bin/ceph: stderr
2023-07-14T12:38:23.828+0000 7f3e8535f700 1 -- start start
2023-07-14T12:38:24.616 INFO:teuthology.orchestra.run.smithi040.stdout:/usr/bin/ceph: stderr
2023-07-14T12:38:23.828+0000 7f3e8535f700 1 --2- >> [v2:172.21.15.40:3300/0,v1:172.21.15.40:6789/0] conn(0x7f3e80073ba0 0x7f3e8010a490 unknown :-1 s=NONE pgs=0 cs=0 l=0 rev1=0 crypto rx=0 tx=0 comp rx=0 tx=0).connect
2023-07-14T12:38:24.616 INFO:teuthology.orchestra.run.smithi040.stdout:/usr/bin/ceph: stderr
2023-07-14T12:38:23.828+0000 7f3e8535f700 1 -- --> [v2:172.21.15.40:3300/0,v1:172.21.15.40:6789/0] -- mon_getmap magic: 0 v1 -- 0x7f3e80105e80 con 0x7f3e80073ba0
2023-07-14T12:38:24.616 INFO:teuthology.orchestra.run.smithi040.stdout:/usr/bin/ceph: stderr
2023-07-14T12:38:23.828+0000 7f3e7effd700 1 --2- >> [v2:172.21.15.40:3300/0,v1:172.21.15.40:6789/0] conn(0x7f3e80073ba0 0x7f3e8010a490 unknown :-1 s=BANNER_CONNECTING pgs=0 cs=0 l=0 rev1=0 crypto rx=0 tx=0 comp rx=0 tx=0)._handle_peer_banner_payload supported=3 required=0
2023-07-14T12:38:24.616 INFO:teuthology.orchestra.run.smithi040.stdout:/usr/bin/ceph: stderr
2023-07-14T12:38:23.828+0000 7f3e7effd700 1 --2- >> [v2:172.21.15.40:3300/0,v1:172.21.15.40:6789/0] conn(0x7f3e80073ba0 0x7f3e8010a490 unknown :-1 s=HELLO_CONNECTING pgs=0 cs=0 l=0 rev1=1 crypto rx=0 tx=0 comp rx=0 tx=0).handle_hello peer v2:172.21.15.40:3300/0 says I am v2:172.21.15.40:58838/0 (socket says 172.21.15.40:58838)
2023-07-14T12:38:24.616 INFO:teuthology.orchestra.run.smithi040.stdout:/usr/bin/ceph: stderr
2023-07-14T12:38:23.828+0000 7f3e7effd700 1 -- 172.21.15.40:0/2511037497 learned_addr learned my addr 172.21.15.40:0/2511037497 (peer_addr_for_me v2:172.21.15.40:0/0)
2023-07-14T12:38:24.616 INFO:teuthology.orchestra.run.smithi040.stdout:/usr/bin/ceph: stderr
2023-07-14T12:38:23.829+0000 7f3e7effd700 1 -- 172.21.15.40:0/2511037497 --> [v2:172.21.15.40:3300/0,v1:172.21.15.40:6789/0] -- mon_subscribe({config=0+,monmap=0+}) v3 -- 0x7f3e8010a9d0 con 0x7f3e80073ba0
2023-07-14T12:38:24.616 INFO:teuthology.orchestra.run.smithi040.stdout:/usr/bin/ceph: stderr
2023-07-14T12:38:23.829+0000 7f3e7effd700 1 --2- 172.21.15.40:0/2511037497 >> [v2:172.21.15.40:3300/0,v1:172.21.15.40:6789/0] conn(0x7f3e80073ba0 0x7f3e8010a490 secure :-1 s=READY pgs=41 cs=0 l=1 rev1=1 crypto rx=0x7f3e700098a0 tx=0x7f3e70009bb0 comp rx=0 tx=0).ready entity=mon.0 client_cookie=e3c5cb4e8e39abf7 server_cookie=0 in_seq=0 out_seq=0
2023-07-14T12:38:24.617 INFO:teuthology.orchestra.run.smithi040.stdout:/usr/bin/ceph: stderr
2023-07-14T12:38:23.829+0000 7f3e7dffb700 1 -- 172.21.15.40:0/2511037497 <== mon.0 v2:172.21.15.40:3300/0 1 ==== mon_map magic: 0 v1 ==== 205+0+0 (secure 0 0 0) 0x7f3e70004160 con 0x7f3e80073ba0
2023-07-14T12:38:24.617 INFO:teuthology.orchestra.run.smithi040.stdout:/usr/bin/ceph: stderr
2023-07-14T12:38:23.829+0000 7f3e7dffb700 1 -- 172.21.15.40:0/2511037497 <== mon.0 v2:172.21.15.40:3300/0 2 ==== config(26 keys) v1 ==== 1074+0+0 (secure 0 0 0) 0x7f3e700042c0 con 0x7f3e80073ba0
2023-07-14T12:38:24.617 INFO:teuthology.orchestra.run.smithi040.stdout:/usr/bin/ceph: stderr
2023-07-14T12:38:23.829+0000 7f3e7dffb700 1 -- 172.21.15.40:0/2511037497 <== mon.0 v2:172.21.15.40:3300/0 3 ==== mon_map magic: 0 v1 ==== 205+0+0 (secure 0 0 0) 0x7f3e70011a00 con 0x7f3e80073ba0
2023-07-14T12:38:24.617 INFO:teuthology.orchestra.run.smithi040.stdout:/usr/bin/ceph: stderr
2023-07-14T12:38:23.830+0000 7f3e8535f700 1 -- 172.21.15.40:0/2511037497 >> [v2:172.21.15.40:3300/0,v1:172.21.15.40:6789/0] conn(0x7f3e80073ba0 msgr2=0x7f3e8010a490 secure :-1 s=STATE_CONNECTION_ESTABLISHED l=1).mark_down
2023-07-14T12:38:24.617 INFO:teuthology.orchestra.run.smithi040.stdout:/usr/bin/ceph: stderr
2023-07-14T12:38:23.830+0000 7f3e8535f700 1 --2- 172.21.15.40:0/2511037497 >> [v2:172.21.15.40:3300/0,v1:172.21.15.40:6789/0] conn(0x7f3e80073ba0 0x7f3e8010a490 secure :-1 s=READY pgs=41 cs=0 l=1 rev1=1 crypto rx=0x7f3e700098a0 tx=0x7f3e70009bb0 comp rx=0 tx=0).stop
2023-07-14T12:38:24.617 INFO:teuthology.orchestra.run.smithi040.stdout:/usr/bin/ceph: stderr
2023-07-14T12:38:23.830+0000 7f3e8535f700 1 -- 172.21.15.40:0/2511037497 shutdown_connections
2023-07-14T12:38:24.617 INFO:teuthology.orchestra.run.smithi040.stdout:/usr/bin/ceph: stderr
2023-07-14T12:38:23.830+0000 7f3e8535f700 1 --2- 172.21.15.40:0/2511037497 >> [v2:172.21.15.40:3300/0,v1:172.21.15.40:6789/0] conn(0x7f3e80073ba0 0x7f3e8010a490 unknown :-1 s=CLOSED pgs=41 cs=0 l=1 rev1=1 crypto rx=0 tx=0 comp rx=0 tx=0).stop
2023-07-14T12:38:24.618 INFO:teuthology.orchestra.run.smithi040.stdout:/usr/bin/ceph: stderr
2023-07-14T12:38:23.830+0000 7f3e8535f700 1 -- 172.21.15.40:0/2511037497 >> 172.21.15.40:0/2511037497 conn(0x7f3e800ffa40 msgr2=0x7f3e80101e70 unknown :-1 s=STATE_NONE l=0).mark_down
2023-07-14T12:38:24.618 INFO:teuthology.orchestra.run.smithi040.stdout:/usr/bin/ceph: stderr
2023-07-14T12:38:23.830+0000 7f3e8535f700 1 -- 172.21.15.40:0/2511037497 shutdown_connections
2023-07-14T12:38:24.618 INFO:teuthology.orchestra.run.smithi040.stdout:/usr/bin/ceph: stderr
2023-07-14T12:38:23.830+0000 7f3e8535f700 1 -- 172.21.15.40:0/2511037497 wait complete.
2023-07-14T12:38:24.618 INFO:teuthology.orchestra.run.smithi040.stdout:/usr/bin/ceph: stderr
2023-07-14T12:38:23.830+0000 7f3e8535f700 1 Processor -- start
2023-07-14T12:38:24.618 INFO:teuthology.orchestra.run.smithi040.stdout:/usr/bin/ceph: stderr
2023-07-14T12:38:23.831+0000 7f3e8535f700 1 -- start start
2023-07-14T12:38:24.618 INFO:teuthology.orchestra.run.smithi040.stdout:/usr/bin/ceph: stderr
2023-07-14T12:38:23.831+0000 7f3e8535f700 1 --2- >> [v2:172.21.15.40:3300/0,v1:172.21.15.40:6789/0] conn(0x7f3e8019b470 0x7f3e8019b880 unknown :-1 s=NONE pgs=0 cs=0 l=1 rev1=0 crypto rx=0 tx=0 comp rx=0 tx=0).connect
2023-07-14T12:38:24.618 INFO:teuthology.orchestra.run.smithi040.stdout:/usr/bin/ceph: stderr
2023-07-14T12:38:23.831+0000 7f3e8535f700 1 -- --> [v2:172.21.15.40:3300/0,v1:172.21.15.40:6789/0] -- mon_getmap magic: 0 v1 -- 0x7f3e8019bdc0 con 0x7f3e8019b470
2023-07-14T12:38:24.618 INFO:teuthology.orchestra.run.smithi040.stdout:/usr/bin/ceph: stderr
2023-07-14T12:38:23.831+0000 7f3e7effd700 1 --2- >> [v2:172.21.15.40:3300/0,v1:172.21.15.40:6789/0] conn(0x7f3e8019b470 0x7f3e8019b880 unknown :-1 s=BANNER_CONNECTING pgs=0 cs=0 l=1 rev1=0 crypto rx=0 tx=0 comp rx=0 tx=0)._handle_peer_banner_payload supported=3 required=0
2023-07-14T12:38:24.619 INFO:teuthology.orchestra.run.smithi040.stdout:/usr/bin/ceph: stderr
2023-07-14T12:38:23.831+0000 7f3e7effd700 1 --2- >> [v2:172.21.15.40:3300/0,v1:172.21.15.40:6789/0] conn(0x7f3e8019b470 0x7f3e8019b880 unknown :-1 s=HELLO_CONNECTING pgs=0 cs=0 l=1 rev1=1 crypto rx=0 tx=0 comp rx=0 tx=0).handle_hello peer v2:172.21.15.40:3300/0 says I am v2:172.21.15.40:58840/0 (socket says 172.21.15.40:58840)
2023-07-14T12:38:24.619 INFO:teuthology.orchestra.run.smithi040.stdout:/usr/bin/ceph: stderr
2023-07-14T12:38:23.831+0000 7f3e7effd700 1 -- 172.21.15.40:0/2184498845 learned_addr learned my addr 172.21.15.40:0/2184498845 (peer_addr_for_me v2:172.21.15.40:0/0)
2023-07-14T12:38:24.619 INFO:teuthology.orchestra.run.smithi040.stdout:/usr/bin/ceph: stderr
2023-07-14T12:38:23.831+0000 7f3e7effd700 1 -- 172.21.15.40:0/2184498845 --> [v2:172.21.15.40:3300/0,v1:172.21.15.40:6789/0] -- mon_subscribe({config=0+,monmap=0+}) v3 -- 0x7f3e70009550 con 0x7f3e8019b470
2023-07-14T12:38:24.619 INFO:teuthology.orchestra.run.smithi040.stdout:/usr/bin/ceph: stderr
2023-07-14T12:38:23.831+0000 7f3e7effd700 1 --2- 172.21.15.40:0/2184498845 >> [v2:172.21.15.40:3300/0,v1:172.21.15.40:6789/0] conn(0x7f3e8019b470 0x7f3e8019b880 secure :-1 s=READY pgs=42 cs=0 l=1 rev1=1 crypto rx=0x7f3e70009130 tx=0x7f3e70011ad0 comp rx=0 tx=0).ready entity=mon.0 client_cookie=0 server_cookie=0 in_seq=0 out_seq=0
2023-07-14T12:38:24.619 INFO:teuthology.orchestra.run.smithi040.stdout:/usr/bin/ceph: stderr
2023-07-14T12:38:23.831+0000 7f3e77fff700 1 -- 172.21.15.40:0/2184498845 <== mon.0 v2:172.21.15.40:3300/0 1 ==== mon_map magic: 0 v1 ==== 205+0+0 (secure 0 0 0) 0x7f3e70003ab0 con 0x7f3e8019b470
2023-07-14T12:38:24.619 INFO:teuthology.orchestra.run.smithi040.stdout:/usr/bin/ceph: stderr
2023-07-14T12:38:23.831+0000 7f3e77fff700 1 -- 172.21.15.40:0/2184498845 <== mon.0 v2:172.21.15.40:3300/0 2 ==== config(26 keys) v1 ==== 1074+0+0 (secure 0 0 0) 0x7f3e70003c10 con 0x7f3e8019b470
2023-07-14T12:38:24.619 INFO:teuthology.orchestra.run.smithi040.stdout:/usr/bin/ceph: stderr
2023-07-14T12:38:23.831+0000 7f3e8535f700 1 -- 172.21.15.40:0/2184498845 --> [v2:172.21.15.40:3300/0,v1:172.21.15.40:6789/0] -- mon_subscribe({mgrmap=0+}) v3 -- 0x7f3e8019bfc0 con 0x7f3e8019b470
2023-07-14T12:38:24.619 INFO:teuthology.orchestra.run.smithi040.stdout:/usr/bin/ceph: stderr
2023-07-14T12:38:23.831+0000 7f3e77fff700 1 -- 172.21.15.40:0/2184498845 <== mon.0 v2:172.21.15.40:3300/0 3 ==== mon_map magic: 0 v1 ==== 205+0+0 (secure 0 0 0) 0x7f3e700247d0 con 0x7f3e8019b470
2023-07-14T12:38:24.620 INFO:teuthology.orchestra.run.smithi040.stdout:/usr/bin/ceph: stderr
2023-07-14T12:38:23.832+0000 7f3e8535f700 1 -- 172.21.15.40:0/2184498845 --> [v2:172.21.15.40:3300/0,v1:172.21.15.40:6789/0] -- mon_subscribe({osdmap=0}) v3 -- 0x7f3e8019ec20 con 0x7f3e8019b470
2023-07-14T12:38:24.620 INFO:teuthology.orchestra.run.smithi040.stdout:/usr/bin/ceph: stderr
2023-07-14T12:38:23.832+0000 7f3e77fff700 1 -- 172.21.15.40:0/2184498845 <== mon.0 v2:172.21.15.40:3300/0 4 ==== mgrmap(e 8) v1 ==== 45483+0+0 (secure 0 0 0) 0x7f3e7002d3f0 con 0x7f3e8019b470
2023-07-14T12:38:24.620 INFO:teuthology.orchestra.run.smithi040.stdout:/usr/bin/ceph: stderr
2023-07-14T12:38:23.832+0000 7f3e77fff700 1 --2- 172.21.15.40:0/2184498845 >> [v2:172.21.15.40:6800/2447803421,v1:172.21.15.40:6801/2447803421] conn(0x7f3e6c038760 0x7f3e6c03ac10 unknown :-1 s=NONE pgs=0 cs=0 l=1 rev1=0 crypto rx=0 tx=0 comp rx=0 tx=0).connect
2023-07-14T12:38:24.620 INFO:teuthology.orchestra.run.smithi040.stdout:/usr/bin/ceph: stderr
2023-07-14T12:38:23.833+0000 7f3e77fff700 1 -- 172.21.15.40:0/2184498845 <== mon.0 v2:172.21.15.40:3300/0 5 ==== osd_map(2..2 src has 1..2) v4 ==== 940+0+0 (secure 0 0 0) 0x7f3e7004c7e0 con 0x7f3e8019b470
2023-07-14T12:38:24.620 INFO:teuthology.orchestra.run.smithi040.stdout:/usr/bin/ceph: stderr
2023-07-14T12:38:23.833+0000 7f3e7e7fc700 1 --2- 172.21.15.40:0/2184498845 >> [v2:172.21.15.40:6800/2447803421,v1:172.21.15.40:6801/2447803421] conn(0x7f3e6c038760 0x7f3e6c03ac10 unknown :-1 s=BANNER_CONNECTING pgs=0 cs=0 l=1 rev1=0 crypto rx=0 tx=0 comp rx=0 tx=0)._handle_peer_banner_payload supported=3 required=0
2023-07-14T12:38:24.620 INFO:teuthology.orchestra.run.smithi040.stdout:/usr/bin/ceph: stderr
2023-07-14T12:38:23.833+0000 7f3e8535f700 1 -- 172.21.15.40:0/2184498845 --> [v2:172.21.15.40:3300/0,v1:172.21.15.40:6789/0] -- mon_command({"prefix": "get_command_descriptions"} v 0) v1 -- 0x7f3e80061b40 con 0x7f3e8019b470
2023-07-14T12:38:24.621 INFO:teuthology.orchestra.run.smithi040.stdout:/usr/bin/ceph: stderr
2023-07-14T12:38:23.833+0000 7f3e7e7fc700 1 --2- 172.21.15.40:0/2184498845 >> [v2:172.21.15.40:6800/2447803421,v1:172.21.15.40:6801/2447803421] conn(0x7f3e6c038760 0x7f3e6c03ac10 secure :-1 s=READY pgs=10 cs=0 l=1 rev1=1 crypto rx=0x7f3e68006fd0 tx=0x7f3e68006e40 comp rx=0 tx=0).ready entity=mgr.14118 client_cookie=0 server_cookie=0 in_seq=0 out_seq=0
2023-07-14T12:38:24.621 INFO:teuthology.orchestra.run.smithi040.stdout:/usr/bin/ceph: stderr
2023-07-14T12:38:23.838+0000 7f3e77fff700 1 -- 172.21.15.40:0/2184498845 <== mon.0 v2:172.21.15.40:3300/0 6 ==== mon_command_ack([{"prefix": "get_command_descriptions"}]=0 v0) v1 ==== 72+0+178038 (secure 0 0 0) 0x7f3e7002d6f0 con 0x7f3e8019b470
2023-07-14T12:38:24.621 INFO:teuthology.orchestra.run.smithi040.stdout:/usr/bin/ceph: stderr
2023-07-14T12:38:24.195+0000 7f3e8535f700 1 -- 172.21.15.40:0/2184498845 --> [v2:172.21.15.40:6800/2447803421,v1:172.21.15.40:6801/2447803421] -- mgr_command(tid 0: {"prefix": "cephadm get-pub-key", "target": ["mon-mgr", ""]}) v1 -- 0x7f3e80073e10 con 0x7f3e6c038760
2023-07-14T12:38:24.621 INFO:teuthology.orchestra.run.smithi040.stdout:/usr/bin/ceph: stderr
2023-07-14T12:38:24.195+0000 7f3e77fff700 1 -- 172.21.15.40:0/2184498845 <== mgr.14118 v2:172.21.15.40:6800/2447803421 1 ==== mgr_command_reply(tid 0: 0 ) v1 ==== 8+0+595 (secure 0 0 0) 0x7f3e80073e10 con 0x7f3e6c038760
2023-07-14T12:38:24.621 INFO:teuthology.orchestra.run.smithi040.stdout:/usr/bin/ceph: stderr
2023-07-14T12:38:24.198+0000 7f3e8535f700 1 -- 172.21.15.40:0/2184498845 >> [v2:172.21.15.40:6800/2447803421,v1:172.21.15.40:6801/2447803421] conn(0x7f3e6c038760 msgr2=0x7f3e6c03ac10 secure :-1 s=STATE_CONNECTION_ESTABLISHED l=1).mark_down
2023-07-14T12:38:24.621 INFO:teuthology.orchestra.run.smithi040.stdout:/usr/bin/ceph: stderr
2023-07-14T12:38:24.198+0000 7f3e8535f700 1 --2- 172.21.15.40:0/2184498845 >> [v2:172.21.15.40:6800/2447803421,v1:172.21.15.40:6801/2447803421] conn(0x7f3e6c038760 0x7f3e6c03ac10 secure :-1 s=READY pgs=10 cs=0 l=1 rev1=1 crypto rx=0x7f3e68006fd0 tx=0x7f3e68006e40 comp rx=0 tx=0).stop
2023-07-14T12:38:24.621 INFO:teuthology.orchestra.run.smithi040.stdout:/usr/bin/ceph: stderr
2023-07-14T12:38:24.198+0000 7f3e8535f700 1 -- 172.21.15.40:0/2184498845 >> [v2:172.21.15.40:3300/0,v1:172.21.15.40:6789/0] conn(0x7f3e8019b470 msgr2=0x7f3e8019b880 secure :-1 s=STATE_CONNECTION_ESTABLISHED l=1).mark_down
2023-07-14T12:38:24.621 INFO:teuthology.orchestra.run.smithi040.stdout:/usr/bin/ceph: stderr
2023-07-14T12:38:24.198+0000 7f3e8535f700 1 --2- 172.21.15.40:0/2184498845 >> [v2:172.21.15.40:3300/0,v1:172.21.15.40:6789/0] conn(0x7f3e8019b470 0x7f3e8019b880 secure :-1 s=READY pgs=42 cs=0 l=1 rev1=1 crypto rx=0x7f3e70009130 tx=0x7f3e70011ad0 comp rx=0 tx=0).stop
2023-07-14T12:38:24.622 INFO:teuthology.orchestra.run.smithi040.stdout:/usr/bin/ceph: stderr
2023-07-14T12:38:24.198+0000 7f3e8535f700 1 -- 172.21.15.40:0/2184498845 shutdown_connections
2023-07-14T12:38:24.622 INFO:teuthology.orchestra.run.smithi040.stdout:/usr/bin/ceph: stderr
2023-07-14T12:38:24.198+0000 7f3e8535f700 1 --2- 172.21.15.40:0/2184498845 >> [v2:172.21.15.40:6800/2447803421,v1:172.21.15.40:6801/2447803421] conn(0x7f3e6c038760 0x7f3e6c03ac10 unknown :-1 s=CLOSED pgs=10 cs=0 l=1 rev1=1 crypto rx=0 tx=0 comp rx=0 tx=0).stop
2023-07-14T12:38:24.622 INFO:teuthology.orchestra.run.smithi040.stdout:/usr/bin/ceph: stderr
2023-07-14T12:38:24.198+0000 7f3e8535f700 1 --2- 172.21.15.40:0/2184498845 >> [v2:172.21.15.40:3300/0,v1:172.21.15.40:6789/0] conn(0x7f3e8019b470 0x7f3e8019b880 unknown :-1 s=CLOSED pgs=42 cs=0 l=1 rev1=1 crypto rx=0 tx=0 comp rx=0 tx=0).stop
2023-07-14T12:38:24.622 INFO:teuthology.orchestra.run.smithi040.stdout:/usr/bin/ceph: stderr
2023-07-14T12:38:24.198+0000 7f3e8535f700 1 -- 172.21.15.40:0/2184498845 >> 172.21.15.40:0/2184498845 conn(0x7f3e800ffa40 msgr2=0x7f3e80101110 unknown :-1 s=STATE_NONE l=0).mark_down
2023-07-14T12:38:24.622 INFO:teuthology.orchestra.run.smithi040.stdout:/usr/bin/ceph: stderr
2023-07-14T12:38:24.198+0000 7f3e8535f700 1 -- 172.21.15.40:0/2184498845 shutdown_connections
2023-07-14T12:38:24.622 INFO:teuthology.orchestra.run.smithi040.stdout:/usr/bin/ceph: stderr
2023-07-14T12:38:24.198+0000 7f3e8535f700 1 -- 172.21.15.40:0/2184498845 wait complete.
2023-07-14T12:38:24.622 INFO:teuthology.orchestra.run.smithi040.stdout:Wrote public SSH key to /home/ubuntu/cephtest/ceph.pub
2023-07-14T12:38:24.622 INFO:teuthology.orchestra.run.smithi040.stdout:Adding key to root@localhost authorized_keys...
2023-07-14T12:38:24.623 INFO:teuthology.orchestra.run.smithi040.stdout:Adding host smithi040...
2023-07-14T12:38:24.840 INFO:journalctl@ceph.mon.a.smithi040.stdout:Jul 14 12:38:24 smithi040 ceph-mon[96535]: from='client.14136 -' entity='client.admin' cmd=[{"prefix": "cephadm get-pub-key", "target": ["mon-mgr", ""]}]: dispatch
2023-07-14T12:38:25.987 INFO:journalctl@ceph.mon.a.smithi040.stdout:Jul 14 12:38:25 smithi040 ceph-mon[96535]: from='client.14138 -' entity='client.admin' cmd=[{"prefix": "orch host add", "hostname": "smithi040", "addr": "172.21.15.40", "target": ["mon-mgr", ""]}]: dispatch
2023-07-14T12:38:27.090 INFO:journalctl@ceph.mon.a.smithi040.stdout:Jul 14 12:38:26 smithi040 ceph-mon[96535]: Deploying cephadm binary to smithi040
2023-07-14T12:38:28.566 INFO:teuthology.orchestra.run.smithi040.stdout:/usr/bin/ceph: stdout Added host 'smithi040' with addr '172.21.15.40'
2023-07-14T12:38:28.567 INFO:teuthology.orchestra.run.smithi040.stdout:/usr/bin/ceph: stderr
2023-07-14T12:38:25.065+0000 7f6aae76f700 1 Processor -- start
2023-07-14T12:38:28.567 INFO:teuthology.orchestra.run.smithi040.stdout:/usr/bin/ceph: stderr
2023-07-14T12:38:25.065+0000 7f6aae76f700 1 -- start start
2023-07-14T12:38:28.567 INFO:teuthology.orchestra.run.smithi040.stdout:/usr/bin/ceph: stderr
2023-07-14T12:38:25.065+0000 7f6aae76f700 1 --2- >> [v2:172.21.15.40:3300/0,v1:172.21.15.40:6789/0] conn(0x7f6aa8106040 0x7f6aa8108420 unknown :-1 s=NONE pgs=0 cs=0 l=0 rev1=0 crypto rx=0 tx=0 comp rx=0 tx=0).connect
2023-07-14T12:38:28.567 INFO:teuthology.orchestra.run.smithi040.stdout:/usr/bin/ceph: stderr
2023-07-14T12:38:25.065+0000 7f6aae76f700 1 -- --> [v2:172.21.15.40:3300/0,v1:172.21.15.40:6789/0] -- mon_getmap magic: 0 v1 -- 0x7f6aa8073be0 con 0x7f6aa8106040
2023-07-14T12:38:28.567 INFO:teuthology.orchestra.run.smithi040.stdout:/usr/bin/ceph: stderr
2023-07-14T12:38:25.065+0000 7f6aa7fff700 1 --2- >> [v2:172.21.15.40:3300/0,v1:172.21.15.40:6789/0] conn(0x7f6aa8106040 0x7f6aa8108420 unknown :-1 s=BANNER_CONNECTING pgs=0 cs=0 l=0 rev1=0 crypto rx=0 tx=0 comp rx=0 tx=0)._handle_peer_banner_payload supported=3 required=0
2023-07-14T12:38:28.568 INFO:teuthology.orchestra.run.smithi040.stdout:/usr/bin/ceph: stderr
2023-07-14T12:38:25.065+0000 7f6aa7fff700 1 --2- >> [v2:172.21.15.40:3300/0,v1:172.21.15.40:6789/0] conn(0x7f6aa8106040 0x7f6aa8108420 unknown :-1 s=HELLO_CONNECTING pgs=0 cs=0 l=0 rev1=1 crypto rx=0 tx=0 comp rx=0 tx=0).handle_hello peer v2:172.21.15.40:3300/0 says I am v2:172.21.15.40:58844/0 (socket says 172.21.15.40:58844)
2023-07-14T12:38:28.568 INFO:teuthology.orchestra.run.smithi040.stdout:/usr/bin/ceph: stderr
2023-07-14T12:38:25.065+0000 7f6aa7fff700 1 -- 172.21.15.40:0/2944548041 learned_addr learned my addr 172.21.15.40:0/2944548041 (peer_addr_for_me v2:172.21.15.40:0/0)
2023-07-14T12:38:28.568 INFO:teuthology.orchestra.run.smithi040.stdout:/usr/bin/ceph: stderr
2023-07-14T12:38:25.065+0000 7f6aa7fff700 1 -- 172.21.15.40:0/2944548041 --> [v2:172.21.15.40:3300/0,v1:172.21.15.40:6789/0] -- mon_subscribe({config=0+,monmap=0+}) v3 -- 0x7f6aa8073d20 con 0x7f6aa8106040
2023-07-14T12:38:28.568 INFO:teuthology.orchestra.run.smithi040.stdout:/usr/bin/ceph: stderr
2023-07-14T12:38:25.065+0000 7f6aa7fff700 1 --2- 172.21.15.40:0/2944548041 >> [v2:172.21.15.40:3300/0,v1:172.21.15.40:6789/0] conn(0x7f6aa8106040 0x7f6aa8108420 secure :-1 s=READY pgs=43 cs=0 l=1 rev1=1 crypto rx=0x7f6a980098a0 tx=0x7f6a98009bb0 comp rx=0 tx=0).ready entity=mon.0 client_cookie=a7099463afb687ca server_cookie=0 in_seq=0 out_seq=0
2023-07-14T12:38:28.569 INFO:teuthology.orchestra.run.smithi040.stdout:/usr/bin/ceph: stderr
2023-07-14T12:38:25.066+0000 7f6aa77fe700 1 -- 172.21.15.40:0/2944548041 <== mon.0 v2:172.21.15.40:3300/0 1 ==== mon_map magic: 0 v1 ==== 205+0+0 (secure 0 0 0) 0x7f6a98004160 con 0x7f6aa8106040
2023-07-14T12:38:28.569 INFO:teuthology.orchestra.run.smithi040.stdout:/usr/bin/ceph: stderr
2023-07-14T12:38:25.066+0000 7f6aa77fe700 1 -- 172.21.15.40:0/2944548041 <== mon.0 v2:172.21.15.40:3300/0 2 ==== config(26 keys) v1 ==== 1074+0+0 (secure 0 0 0) 0x7f6a980042c0 con 0x7f6aa8106040
2023-07-14T12:38:28.569 INFO:teuthology.orchestra.run.smithi040.stdout:/usr/bin/ceph: stderr
2023-07-14T12:38:25.066+0000 7f6aa77fe700 1 -- 172.21.15.40:0/2944548041 <== mon.0 v2:172.21.15.40:3300/0 3 ==== mon_map magic: 0 v1 ==== 205+0+0 (secure 0 0 0) 0x7f6a98011a00 con 0x7f6aa8106040
2023-07-14T12:38:28.569 INFO:teuthology.orchestra.run.smithi040.stdout:/usr/bin/ceph: stderr
2023-07-14T12:38:25.066+0000 7f6aae76f700 1 -- 172.21.15.40:0/2944548041 >> [v2:172.21.15.40:3300/0,v1:172.21.15.40:6789/0] conn(0x7f6aa8106040 msgr2=0x7f6aa8108420 secure :-1 s=STATE_CONNECTION_ESTABLISHED l=1).mark_down
2023-07-14T12:38:28.570 INFO:teuthology.orchestra.run.smithi040.stdout:/usr/bin/ceph: stderr
2023-07-14T12:38:25.066+0000 7f6aae76f700 1 --2- 172.21.15.40:0/2944548041 >> [v2:172.21.15.40:3300/0,v1:172.21.15.40:6789/0] conn(0x7f6aa8106040 0x7f6aa8108420 secure :-1 s=READY pgs=43 cs=0 l=1 rev1=1 crypto rx=0x7f6a980098a0 tx=0x7f6a98009bb0 comp rx=0 tx=0).stop
2023-07-14T12:38:28.570 INFO:teuthology.orchestra.run.smithi040.stdout:/usr/bin/ceph: stderr
2023-07-14T12:38:25.066+0000 7f6aae76f700 1 -- 172.21.15.40:0/2944548041 shutdown_connections
2023-07-14T12:38:28.570 INFO:teuthology.orchestra.run.smithi040.stdout:/usr/bin/ceph: stderr
2023-07-14T12:38:25.066+0000 7f6aae76f700 1 --2- 172.21.15.40:0/2944548041 >> [v2:172.21.15.40:3300/0,v1:172.21.15.40:6789/0] conn(0x7f6aa8106040 0x7f6aa8108420 unknown :-1 s=CLOSED pgs=43 cs=0 l=1 rev1=1 crypto rx=0 tx=0 comp rx=0 tx=0).stop
2023-07-14T12:38:28.570 INFO:teuthology.orchestra.run.smithi040.stdout:/usr/bin/ceph: stderr
2023-07-14T12:38:25.066+0000 7f6aae76f700 1 -- 172.21.15.40:0/2944548041 >> 172.21.15.40:0/2944548041 conn(0x7f6aa80ffa40 msgr2=0x7f6aa8101e70 unknown :-1 s=STATE_NONE l=0).mark_down
2023-07-14T12:38:28.570 INFO:teuthology.orchestra.run.smithi040.stdout:/usr/bin/ceph: stderr
2023-07-14T12:38:25.066+0000 7f6aae76f700 1 -- 172.21.15.40:0/2944548041 shutdown_connections
2023-07-14T12:38:28.571 INFO:teuthology.orchestra.run.smithi040.stdout:/usr/bin/ceph: stderr
2023-07-14T12:38:25.066+0000 7f6aae76f700 1 -- 172.21.15.40:0/2944548041 wait complete.
2023-07-14T12:38:28.571 INFO:teuthology.orchestra.run.smithi040.stdout:/usr/bin/ceph: stderr
2023-07-14T12:38:25.067+0000 7f6aae76f700 1 Processor -- start
2023-07-14T12:38:28.571 INFO:teuthology.orchestra.run.smithi040.stdout:/usr/bin/ceph: stderr
2023-07-14T12:38:25.067+0000 7f6aae76f700 1 -- start start
2023-07-14T12:38:28.571 INFO:teuthology.orchestra.run.smithi040.stdout:/usr/bin/ceph: stderr
2023-07-14T12:38:25.067+0000 7f6aae76f700 1 --2- >> [v2:172.21.15.40:3300/0,v1:172.21.15.40:6789/0] conn(0x7f6aa8106040 0x7f6aa8199270 unknown :-1 s=NONE pgs=0 cs=0 l=1 rev1=0 crypto rx=0 tx=0 comp rx=0 tx=0).connect
2023-07-14T12:38:28.572 INFO:teuthology.orchestra.run.smithi040.stdout:/usr/bin/ceph: stderr
2023-07-14T12:38:25.067+0000 7f6aae76f700 1 -- --> [v2:172.21.15.40:3300/0,v1:172.21.15.40:6789/0] -- mon_getmap magic: 0 v1 -- 0x7f6aa81997b0 con 0x7f6aa8106040
2023-07-14T12:38:28.572 INFO:teuthology.orchestra.run.smithi040.stdout:/usr/bin/ceph: stderr
2023-07-14T12:38:25.067+0000 7f6aa7fff700 1 --2- >> [v2:172.21.15.40:3300/0,v1:172.21.15.40:6789/0] conn(0x7f6aa8106040 0x7f6aa8199270 unknown :-1 s=BANNER_CONNECTING pgs=0 cs=0 l=1 rev1=0 crypto rx=0 tx=0 comp rx=0 tx=0)._handle_peer_banner_payload supported=3 required=0
2023-07-14T12:38:28.572 INFO:teuthology.orchestra.run.smithi040.stdout:/usr/bin/ceph: stderr
2023-07-14T12:38:25.067+0000 7f6aa7fff700 1 --2- >> [v2:172.21.15.40:3300/0,v1:172.21.15.40:6789/0] conn(0x7f6aa8106040 0x7f6aa8199270 unknown :-1 s=HELLO_CONNECTING pgs=0 cs=0 l=1 rev1=1 crypto rx=0 tx=0 comp rx=0 tx=0).handle_hello peer v2:172.21.15.40:3300/0 says I am v2:172.21.15.40:58846/0 (socket says 172.21.15.40:58846)
2023-07-14T12:38:28.572 INFO:teuthology.orchestra.run.smithi040.stdout:/usr/bin/ceph: stderr
2023-07-14T12:38:25.067+0000 7f6aa7fff700 1 -- 172.21.15.40:0/4089837680 learned_addr learned my addr 172.21.15.40:0/4089837680 (peer_addr_for_me v2:172.21.15.40:0/0)
2023-07-14T12:38:28.573 INFO:teuthology.orchestra.run.smithi040.stdout:/usr/bin/ceph: stderr
2023-07-14T12:38:25.068+0000 7f6aa7fff700 1 -- 172.21.15.40:0/4089837680 --> [v2:172.21.15.40:3300/0,v1:172.21.15.40:6789/0] -- mon_subscribe({config=0+,monmap=0+}) v3 -- 0x7f6a98009550 con 0x7f6aa8106040
2023-07-14T12:38:28.573 INFO:teuthology.orchestra.run.smithi040.stdout:/usr/bin/ceph: stderr
2023-07-14T12:38:25.068+0000 7f6aa7fff700 1 --2- 172.21.15.40:0/4089837680 >> [v2:172.21.15.40:3300/0,v1:172.21.15.40:6789/0] conn(0x7f6aa8106040 0x7f6aa8199270 secure :-1 s=READY pgs=44 cs=0 l=1 rev1=1 crypto rx=0x7f6a98009130 tx=0x7f6a98011ad0 comp rx=0 tx=0).ready entity=mon.0 client_cookie=0 server_cookie=0 in_seq=0 out_seq=0
2023-07-14T12:38:28.573 INFO:teuthology.orchestra.run.smithi040.stdout:/usr/bin/ceph: stderr
2023-07-14T12:38:25.068+0000 7f6aa5ffb700 1 -- 172.21.15.40:0/4089837680 <== mon.0 v2:172.21.15.40:3300/0 1 ==== mon_map magic: 0 v1 ==== 205+0+0 (secure 0 0 0) 0x7f6a98003ab0 con 0x7f6aa8106040
2023-07-14T12:38:28.573 INFO:teuthology.orchestra.run.smithi040.stdout:/usr/bin/ceph: stderr
2023-07-14T12:38:25.068+0000 7f6aa5ffb700 1 -- 172.21.15.40:0/4089837680 <== mon.0 v2:172.21.15.40:3300/0 2 ==== config(26 keys) v1 ==== 1074+0+0 (secure 0 0 0) 0x7f6a98003c10 con 0x7f6aa8106040
2023-07-14T12:38:28.573 INFO:teuthology.orchestra.run.smithi040.stdout:/usr/bin/ceph: stderr
2023-07-14T12:38:25.068+0000 7f6aa5ffb700 1 -- 172.21.15.40:0/4089837680 <== mon.0 v2:172.21.15.40:3300/0 3 ==== mon_map magic: 0 v1 ==== 205+0+0 (secure 0 0 0) 0x7f6a980247d0 con 0x7f6aa8106040
2023-07-14T12:38:28.574 INFO:teuthology.orchestra.run.smithi040.stdout:/usr/bin/ceph: stderr
2023-07-14T12:38:25.068+0000 7f6aae76f700 1 -- 172.21.15.40:0/4089837680 --> [v2:172.21.15.40:3300/0,v1:172.21.15.40:6789/0] -- mon_subscribe({mgrmap=0+}) v3 -- 0x7f6aa8199a10 con 0x7f6aa8106040
2023-07-14T12:38:28.574 INFO:teuthology.orchestra.run.smithi040.stdout:/usr/bin/ceph: stderr
2023-07-14T12:38:25.068+0000 7f6aae76f700 1 -- 172.21.15.40:0/4089837680 --> [v2:172.21.15.40:3300/0,v1:172.21.15.40:6789/0] -- mon_subscribe({osdmap=0}) v3 -- 0x7f6aa8199e90 con 0x7f6aa8106040
2023-07-14T12:38:28.574 INFO:teuthology.orchestra.run.smithi040.stdout:/usr/bin/ceph: stderr
2023-07-14T12:38:25.069+0000 7f6aa5ffb700 1 -- 172.21.15.40:0/4089837680 <== mon.0 v2:172.21.15.40:3300/0 4 ==== mgrmap(e 8) v1 ==== 45483+0+0 (secure 0 0 0) 0x7f6a9801abb0 con 0x7f6aa8106040
2023-07-14T12:38:28.574 INFO:teuthology.orchestra.run.smithi040.stdout:/usr/bin/ceph: stderr
2023-07-14T12:38:25.069+0000 7f6aae76f700 1 -- 172.21.15.40:0/4089837680 --> [v2:172.21.15.40:3300/0,v1:172.21.15.40:6789/0] -- mon_command({"prefix": "get_command_descriptions"} v 0) v1 -- 0x7f6aa8109560 con 0x7f6aa8106040
2023-07-14T12:38:28.574 INFO:teuthology.orchestra.run.smithi040.stdout:/usr/bin/ceph: stderr
2023-07-14T12:38:25.069+0000 7f6aa5ffb700 1 --2- 172.21.15.40:0/4089837680 >> [v2:172.21.15.40:6800/2447803421,v1:172.21.15.40:6801/2447803421] conn(0x7f6a88038760 0x7f6a8803ac10 unknown :-1 s=NONE pgs=0 cs=0 l=1 rev1=0 crypto rx=0 tx=0 comp rx=0 tx=0).connect
2023-07-14T12:38:28.574 INFO:teuthology.orchestra.run.smithi040.stdout:/usr/bin/ceph: stderr
