2023-07-14T12:38:03.774 INFO:teuthology.orchestra.run.smithi040.stdout:/usr/bin/ceph: stderr
2023-07-14T12:38:01.952+0000 7fe114b2e700 1 --2- >> [v2:172.21.15.40:3300/0,v1:172.21.15.40:6789/0] conn(0x7fe110104400 0x7fe110104810 unknown :-1 s=BANNER_CONNECTING pgs=0 cs=0 l=0 rev1=0 crypto rx=0 tx=0 comp rx=0 tx=0)._handle_peer_banner_payload supported=3 required=0
2023-07-14T12:38:03.774 INFO:teuthology.orchestra.run.smithi040.stdout:/usr/bin/ceph: stderr
2023-07-14T12:38:01.952+0000 7fe114b2e700 1 --2- >> [v2:172.21.15.40:3300/0,v1:172.21.15.40:6789/0] conn(0x7fe110104400 0x7fe110104810 unknown :-1 s=HELLO_CONNECTING pgs=0 cs=0 l=0 rev1=1 crypto rx=0 tx=0 comp rx=0 tx=0).handle_hello peer v2:172.21.15.40:3300/0 says I am v2:172.21.15.40:58698/0 (socket says 172.21.15.40:58698)
2023-07-14T12:38:03.774 INFO:teuthology.orchestra.run.smithi040.stdout:/usr/bin/ceph: stderr
2023-07-14T12:38:01.952+0000 7fe114b2e700 1 -- 172.21.15.40:0/792505379 learned_addr learned my addr 172.21.15.40:0/792505379 (peer_addr_for_me v2:172.21.15.40:0/0)
2023-07-14T12:38:03.774 INFO:teuthology.orchestra.run.smithi040.stdout:/usr/bin/ceph: stderr
2023-07-14T12:38:01.952+0000 7fe114b2e700 1 -- 172.21.15.40:0/792505379 --> [v2:172.21.15.40:3300/0,v1:172.21.15.40:6789/0] -- mon_subscribe({config=0+,monmap=0+}) v3 -- 0x7fe110104e90 con 0x7fe110104400
2023-07-14T12:38:03.775 INFO:teuthology.orchestra.run.smithi040.stdout:/usr/bin/ceph: stderr
2023-07-14T12:38:01.952+0000 7fe114b2e700 1 --2- 172.21.15.40:0/792505379 >> [v2:172.21.15.40:3300/0,v1:172.21.15.40:6789/0] conn(0x7fe110104400 0x7fe110104810 secure :-1 s=READY pgs=7 cs=0 l=1 rev1=1 crypto rx=0x7fe1040098a0 tx=0x7fe104009bb0 comp rx=0 tx=0).ready entity=mon.0 client_cookie=580cd899868e89c9 server_cookie=0 in_seq=0 out_seq=0
2023-07-14T12:38:03.775 INFO:teuthology.orchestra.run.smithi040.stdout:/usr/bin/ceph: stderr
2023-07-14T12:38:01.952+0000 7fe10f7fe700 1 -- 172.21.15.40:0/792505379 <== mon.0 v2:172.21.15.40:3300/0 1 ==== mon_map magic: 0 v1 ==== 205+0+0 (secure 0 0 0) 0x7fe104004160 con 0x7fe110104400
2023-07-14T12:38:03.775 INFO:teuthology.orchestra.run.smithi040.stdout:/usr/bin/ceph: stderr
2023-07-14T12:38:01.952+0000 7fe10f7fe700 1 -- 172.21.15.40:0/792505379 <== mon.0 v2:172.21.15.40:3300/0 2 ==== config(26 keys) v1 ==== 1074+0+0 (secure 0 0 0) 0x7fe1040042c0 con 0x7fe110104400
2023-07-14T12:38:03.775 INFO:teuthology.orchestra.run.smithi040.stdout:/usr/bin/ceph: stderr
2023-07-14T12:38:01.952+0000 7fe10f7fe700 1 -- 172.21.15.40:0/792505379 <== mon.0 v2:172.21.15.40:3300/0 3 ==== mon_map magic: 0 v1 ==== 205+0+0 (secure 0 0 0) 0x7fe104011a00 con 0x7fe110104400
2023-07-14T12:38:03.775 INFO:teuthology.orchestra.run.smithi040.stdout:/usr/bin/ceph: stderr
2023-07-14T12:38:01.953+0000 7fe116d92700 1 -- 172.21.15.40:0/792505379 >> [v2:172.21.15.40:3300/0,v1:172.21.15.40:6789/0] conn(0x7fe110104400 msgr2=0x7fe110104810 secure :-1 s=STATE_CONNECTION_ESTABLISHED l=1).mark_down
2023-07-14T12:38:03.775 INFO:teuthology.orchestra.run.smithi040.stdout:/usr/bin/ceph: stderr
2023-07-14T12:38:01.953+0000 7fe116d92700 1 --2- 172.21.15.40:0/792505379 >> [v2:172.21.15.40:3300/0,v1:172.21.15.40:6789/0] conn(0x7fe110104400 0x7fe110104810 secure :-1 s=READY pgs=7 cs=0 l=1 rev1=1 crypto rx=0x7fe1040098a0 tx=0x7fe104009bb0 comp rx=0 tx=0).stop
2023-07-14T12:38:03.775 INFO:teuthology.orchestra.run.smithi040.stdout:/usr/bin/ceph: stderr
2023-07-14T12:38:01.953+0000 7fe116d92700 1 -- 172.21.15.40:0/792505379 shutdown_connections
2023-07-14T12:38:03.776 INFO:teuthology.orchestra.run.smithi040.stdout:/usr/bin/ceph: stderr
2023-07-14T12:38:01.953+0000 7fe116d92700 1 --2- 172.21.15.40:0/792505379 >> [v2:172.21.15.40:3300/0,v1:172.21.15.40:6789/0] conn(0x7fe110104400 0x7fe110104810 unknown :-1 s=CLOSED pgs=7 cs=0 l=1 rev1=1 crypto rx=0 tx=0 comp rx=0 tx=0).stop
2023-07-14T12:38:03.776 INFO:teuthology.orchestra.run.smithi040.stdout:/usr/bin/ceph: stderr
2023-07-14T12:38:01.953+0000 7fe116d92700 1 -- 172.21.15.40:0/792505379 >> 172.21.15.40:0/792505379 conn(0x7fe1100ffa50 msgr2=0x7fe110101e80 unknown :-1 s=STATE_NONE l=0).mark_down
2023-07-14T12:38:03.776 INFO:teuthology.orchestra.run.smithi040.stdout:/usr/bin/ceph: stderr
2023-07-14T12:38:01.953+0000 7fe116d92700 1 -- 172.21.15.40:0/792505379 shutdown_connections
2023-07-14T12:38:03.776 INFO:teuthology.orchestra.run.smithi040.stdout:/usr/bin/ceph: stderr
2023-07-14T12:38:01.953+0000 7fe116d92700 1 -- 172.21.15.40:0/792505379 wait complete.
2023-07-14T12:38:03.776 INFO:teuthology.orchestra.run.smithi040.stdout:/usr/bin/ceph: stderr
2023-07-14T12:38:01.954+0000 7fe116d92700 1 Processor -- start
2023-07-14T12:38:03.776 INFO:teuthology.orchestra.run.smithi040.stdout:/usr/bin/ceph: stderr
2023-07-14T12:38:01.954+0000 7fe116d92700 1 -- start start
2023-07-14T12:38:03.776 INFO:teuthology.orchestra.run.smithi040.stdout:/usr/bin/ceph: stderr
2023-07-14T12:38:01.954+0000 7fe116d92700 1 --2- >> [v2:172.21.15.40:3300/0,v1:172.21.15.40:6789/0] conn(0x7fe110104400 0x7fe1100739d0 unknown :-1 s=NONE pgs=0 cs=0 l=1 rev1=0 crypto rx=0 tx=0 comp rx=0 tx=0).connect
2023-07-14T12:38:03.776 INFO:teuthology.orchestra.run.smithi040.stdout:/usr/bin/ceph: stderr
2023-07-14T12:38:01.954+0000 7fe116d92700 1 -- --> [v2:172.21.15.40:3300/0,v1:172.21.15.40:6789/0] -- mon_getmap magic: 0 v1 -- 0x7fe11019bfe0 con 0x7fe110104400
2023-07-14T12:38:03.777 INFO:teuthology.orchestra.run.smithi040.stdout:/usr/bin/ceph: stderr
2023-07-14T12:38:01.954+0000 7fe114b2e700 1 --2- >> [v2:172.21.15.40:3300/0,v1:172.21.15.40:6789/0] conn(0x7fe110104400 0x7fe1100739d0 unknown :-1 s=BANNER_CONNECTING pgs=0 cs=0 l=1 rev1=0 crypto rx=0 tx=0 comp rx=0 tx=0)._handle_peer_banner_payload supported=3 required=0
2023-07-14T12:38:03.777 INFO:teuthology.orchestra.run.smithi040.stdout:/usr/bin/ceph: stderr
2023-07-14T12:38:01.954+0000 7fe114b2e700 1 --2- >> [v2:172.21.15.40:3300/0,v1:172.21.15.40:6789/0] conn(0x7fe110104400 0x7fe1100739d0 unknown :-1 s=HELLO_CONNECTING pgs=0 cs=0 l=1 rev1=1 crypto rx=0 tx=0 comp rx=0 tx=0).handle_hello peer v2:172.21.15.40:3300/0 says I am v2:172.21.15.40:58700/0 (socket says 172.21.15.40:58700)
2023-07-14T12:38:03.777 INFO:teuthology.orchestra.run.smithi040.stdout:/usr/bin/ceph: stderr
2023-07-14T12:38:01.954+0000 7fe114b2e700 1 -- 172.21.15.40:0/1026797964 learned_addr learned my addr 172.21.15.40:0/1026797964 (peer_addr_for_me v2:172.21.15.40:0/0)
2023-07-14T12:38:03.777 INFO:teuthology.orchestra.run.smithi040.stdout:/usr/bin/ceph: stderr
2023-07-14T12:38:01.955+0000 7fe114b2e700 1 -- 172.21.15.40:0/1026797964 --> [v2:172.21.15.40:3300/0,v1:172.21.15.40:6789/0] -- mon_subscribe({config=0+,monmap=0+}) v3 -- 0x7fe104009550 con 0x7fe110104400
2023-07-14T12:38:03.777 INFO:teuthology.orchestra.run.smithi040.stdout:/usr/bin/ceph: stderr
2023-07-14T12:38:01.955+0000 7fe114b2e700 1 --2- 172.21.15.40:0/1026797964 >> [v2:172.21.15.40:3300/0,v1:172.21.15.40:6789/0] conn(0x7fe110104400 0x7fe1100739d0 secure :-1 s=READY pgs=8 cs=0 l=1 rev1=1 crypto rx=0x7fe104009fb0 tx=0x7fe104011ad0 comp rx=0 tx=0).ready entity=mon.0 client_cookie=0 server_cookie=0 in_seq=0 out_seq=0
2023-07-14T12:38:03.777 INFO:teuthology.orchestra.run.smithi040.stdout:/usr/bin/ceph: stderr
2023-07-14T12:38:01.955+0000 7fe10dffb700 1 -- 172.21.15.40:0/1026797964 <== mon.0 v2:172.21.15.40:3300/0 1 ==== mon_map magic: 0 v1 ==== 205+0+0 (secure 0 0 0) 0x7fe104003a40 con 0x7fe110104400
2023-07-14T12:38:03.777 INFO:teuthology.orchestra.run.smithi040.stdout:/usr/bin/ceph: stderr
2023-07-14T12:38:01.955+0000 7fe10dffb700 1 -- 172.21.15.40:0/1026797964 <== mon.0 v2:172.21.15.40:3300/0 2 ==== config(26 keys) v1 ==== 1074+0+0 (secure 0 0 0) 0x7fe104003ba0 con 0x7fe110104400
2023-07-14T12:38:03.778 INFO:teuthology.orchestra.run.smithi040.stdout:/usr/bin/ceph: stderr
2023-07-14T12:38:01.955+0000 7fe116d92700 1 -- 172.21.15.40:0/1026797964 --> [v2:172.21.15.40:3300/0,v1:172.21.15.40:6789/0] -- mon_subscribe({mgrmap=0+}) v3 -- 0x7fe11019c120 con 0x7fe110104400
2023-07-14T12:38:03.778 INFO:teuthology.orchestra.run.smithi040.stdout:/usr/bin/ceph: stderr
2023-07-14T12:38:01.955+0000 7fe10dffb700 1 -- 172.21.15.40:0/1026797964 <== mon.0 v2:172.21.15.40:3300/0 3 ==== mon_map magic: 0 v1 ==== 205+0+0 (secure 0 0 0) 0x7fe10401a750 con 0x7fe110104400
2023-07-14T12:38:03.778 INFO:teuthology.orchestra.run.smithi040.stdout:/usr/bin/ceph: stderr
2023-07-14T12:38:01.955+0000 7fe116d92700 1 -- 172.21.15.40:0/1026797964 --> [v2:172.21.15.40:3300/0,v1:172.21.15.40:6789/0] -- mon_subscribe({osdmap=0}) v3 -- 0x7fe11019c540 con 0x7fe110104400
2023-07-14T12:38:03.778 INFO:teuthology.orchestra.run.smithi040.stdout:/usr/bin/ceph: stderr
2023-07-14T12:38:01.955+0000 7fe10dffb700 1 -- 172.21.15.40:0/1026797964 <== mon.0 v2:172.21.15.40:3300/0 4 ==== mgrmap(e 1) v1 ==== 660+0+0 (secure 0 0 0) 0x7fe10401ac80 con 0x7fe110104400
2023-07-14T12:38:03.778 INFO:teuthology.orchestra.run.smithi040.stdout:/usr/bin/ceph: stderr
2023-07-14T12:38:01.955+0000 7fe10dffb700 1 -- 172.21.15.40:0/1026797964 <== mon.0 v2:172.21.15.40:3300/0 5 ==== osd_map(1..1 src has 1..1) v4 ==== 725+0+0 (secure 0 0 0) 0x7fe1040193c0 con 0x7fe110104400
2023-07-14T12:38:03.778 INFO:teuthology.orchestra.run.smithi040.stdout:/usr/bin/ceph: stderr
2023-07-14T12:38:01.956+0000 7fe116d92700 1 -- 172.21.15.40:0/1026797964 --> [v2:172.21.15.40:3300/0,v1:172.21.15.40:6789/0] -- mon_command({"prefix": "get_command_descriptions"} v 0) v1 -- 0x7fe110061b40 con 0x7fe110104400
2023-07-14T12:38:03.778 INFO:teuthology.orchestra.run.smithi040.stdout:/usr/bin/ceph: stderr
2023-07-14T12:38:01.959+0000 7fe10dffb700 1 -- 172.21.15.40:0/1026797964 <== mon.0 v2:172.21.15.40:3300/0 6 ==== mon_command_ack([{"prefix": "get_command_descriptions"}]=0 v0) v1 ==== 72+0+72459 (secure 0 0 0) 0x7fe10402de30 con 0x7fe110104400
2023-07-14T12:38:03.779 INFO:teuthology.orchestra.run.smithi040.stdout:/usr/bin/ceph: stderr
2023-07-14T12:38:02.093+0000 7fe116d92700 1 -- 172.21.15.40:0/1026797964 --> [v2:172.21.15.40:3300/0,v1:172.21.15.40:6789/0] -- mon_command({"prefix": "status", "format": "json-pretty"} v 0) v1 -- 0x7fe11019cdf0 con 0x7fe110104400
2023-07-14T12:38:03.779 INFO:teuthology.orchestra.run.smithi040.stdout:/usr/bin/ceph: stderr
2023-07-14T12:38:02.094+0000 7fe10dffb700 1 -- 172.21.15.40:0/1026797964 <== mon.0 v2:172.21.15.40:3300/0 7 ==== mon_command_ack([{"prefix": "status", "format": "json-pretty"}]=0 v0) v1 ==== 79+0+1238 (secure 0 0 0) 0x7fe104024b60 con 0x7fe110104400
2023-07-14T12:38:03.779 INFO:teuthology.orchestra.run.smithi040.stdout:/usr/bin/ceph: stderr
2023-07-14T12:38:02.095+0000 7fe116d92700 1 -- 172.21.15.40:0/1026797964 >> [v2:172.21.15.40:3300/0,v1:172.21.15.40:6789/0] conn(0x7fe110104400 msgr2=0x7fe1100739d0 secure :-1 s=STATE_CONNECTION_ESTABLISHED l=1).mark_down
2023-07-14T12:38:03.779 INFO:teuthology.orchestra.run.smithi040.stdout:/usr/bin/ceph: stderr
2023-07-14T12:38:02.095+0000 7fe116d92700 1 --2- 172.21.15.40:0/1026797964 >> [v2:172.21.15.40:3300/0,v1:172.21.15.40:6789/0] conn(0x7fe110104400 0x7fe1100739d0 secure :-1 s=READY pgs=8 cs=0 l=1 rev1=1 crypto rx=0x7fe104009fb0 tx=0x7fe104011ad0 comp rx=0 tx=0).stop
2023-07-14T12:38:03.779 INFO:teuthology.orchestra.run.smithi040.stdout:/usr/bin/ceph: stderr
2023-07-14T12:38:02.095+0000 7fe116d92700 1 -- 172.21.15.40:0/1026797964 shutdown_connections
2023-07-14T12:38:03.779 INFO:teuthology.orchestra.run.smithi040.stdout:/usr/bin/ceph: stderr
2023-07-14T12:38:02.095+0000 7fe116d92700 1 --2- 172.21.15.40:0/1026797964 >> [v2:172.21.15.40:3300/0,v1:172.21.15.40:6789/0] conn(0x7fe110104400 0x7fe1100739d0 unknown :-1 s=CLOSED pgs=8 cs=0 l=1 rev1=1 crypto rx=0 tx=0 comp rx=0 tx=0).stop
2023-07-14T12:38:03.779 INFO:teuthology.orchestra.run.smithi040.stdout:/usr/bin/ceph: stderr
2023-07-14T12:38:02.095+0000 7fe116d92700 1 -- 172.21.15.40:0/1026797964 >> 172.21.15.40:0/1026797964 conn(0x7fe1100ffa50 msgr2=0x7fe110101100 unknown :-1 s=STATE_NONE l=0).mark_down
2023-07-14T12:38:03.779 INFO:teuthology.orchestra.run.smithi040.stdout:/usr/bin/ceph: stderr
2023-07-14T12:38:02.095+0000 7fe116d92700 1 -- 172.21.15.40:0/1026797964 shutdown_connections
2023-07-14T12:38:03.780 INFO:teuthology.orchestra.run.smithi040.stdout:/usr/bin/ceph: stderr
2023-07-14T12:38:02.095+0000 7fe116d92700 1 -- 172.21.15.40:0/1026797964 wait complete.
2023-07-14T12:38:03.780 INFO:teuthology.orchestra.run.smithi040.stdout:mgr not available, waiting (2/15)...
2023-07-14T12:38:05.091 INFO:journalctl@ceph.mon.a.smithi040.stdout:Jul 14 12:38:04 smithi040 ceph-mon[96535]: mgrmap e3: x(active, since 1.00923s)
2023-07-14T12:38:06.958 INFO:journalctl@ceph.mon.a.smithi040.stdout:Jul 14 12:38:06 smithi040 ceph-mon[96535]: mgrmap e4: x(active, since 3s)
2023-07-14T12:38:07.114 INFO:teuthology.orchestra.run.smithi040.stdout:/usr/bin/ceph: stdout
2023-07-14T12:38:07.115 INFO:teuthology.orchestra.run.smithi040.stdout:/usr/bin/ceph: stdout {
2023-07-14T12:38:07.115 INFO:teuthology.orchestra.run.smithi040.stdout:/usr/bin/ceph: stdout "fsid": "1fe65914-2243-11ee-9b33-001a4aab830c",
2023-07-14T12:38:07.115 INFO:teuthology.orchestra.run.smithi040.stdout:/usr/bin/ceph: stdout "health": {
2023-07-14T12:38:07.115 INFO:teuthology.orchestra.run.smithi040.stdout:/usr/bin/ceph: stdout "status": "HEALTH_OK",
2023-07-14T12:38:07.115 INFO:teuthology.orchestra.run.smithi040.stdout:/usr/bin/ceph: stdout "checks": {},
2023-07-14T12:38:07.115 INFO:teuthology.orchestra.run.smithi040.stdout:/usr/bin/ceph: stdout "mutes": []
2023-07-14T12:38:07.116 INFO:teuthology.orchestra.run.smithi040.stdout:/usr/bin/ceph: stdout },
2023-07-14T12:38:07.116 INFO:teuthology.orchestra.run.smithi040.stdout:/usr/bin/ceph: stdout "election_epoch": 5,
2023-07-14T12:38:07.116 INFO:teuthology.orchestra.run.smithi040.stdout:/usr/bin/ceph: stdout "quorum": [
2023-07-14T12:38:07.116 INFO:teuthology.orchestra.run.smithi040.stdout:/usr/bin/ceph: stdout 0
2023-07-14T12:38:07.116 INFO:teuthology.orchestra.run.smithi040.stdout:/usr/bin/ceph: stdout ],
2023-07-14T12:38:07.116 INFO:teuthology.orchestra.run.smithi040.stdout:/usr/bin/ceph: stdout "quorum_names": [
2023-07-14T12:38:07.117 INFO:teuthology.orchestra.run.smithi040.stdout:/usr/bin/ceph: stdout "a"
2023-07-14T12:38:07.117 INFO:teuthology.orchestra.run.smithi040.stdout:/usr/bin/ceph: stdout ],
2023-07-14T12:38:07.117 INFO:teuthology.orchestra.run.smithi040.stdout:/usr/bin/ceph: stdout "quorum_age": 14,
2023-07-14T12:38:07.117 INFO:teuthology.orchestra.run.smithi040.stdout:/usr/bin/ceph: stdout "monmap": {
2023-07-14T12:38:07.117 INFO:teuthology.orchestra.run.smithi040.stdout:/usr/bin/ceph: stdout "epoch": 1,
2023-07-14T12:38:07.117 INFO:teuthology.orchestra.run.smithi040.stdout:/usr/bin/ceph: stdout "min_mon_release_name": "reef",
2023-07-14T12:38:07.117 INFO:teuthology.orchestra.run.smithi040.stdout:/usr/bin/ceph: stdout "num_mons": 1
2023-07-14T12:38:07.118 INFO:teuthology.orchestra.run.smithi040.stdout:/usr/bin/ceph: stdout },
2023-07-14T12:38:07.118 INFO:teuthology.orchestra.run.smithi040.stdout:/usr/bin/ceph: stdout "osdmap": {
2023-07-14T12:38:07.118 INFO:teuthology.orchestra.run.smithi040.stdout:/usr/bin/ceph: stdout "epoch": 1,
2023-07-14T12:38:07.118 INFO:teuthology.orchestra.run.smithi040.stdout:/usr/bin/ceph: stdout "num_osds": 0,
2023-07-14T12:38:07.118 INFO:teuthology.orchestra.run.smithi040.stdout:/usr/bin/ceph: stdout "num_up_osds": 0,
2023-07-14T12:38:07.129 INFO:teuthology.orchestra.run.smithi040.stdout:/usr/bin/ceph: stdout "osd_up_since": 0,
2023-07-14T12:38:07.130 INFO:teuthology.orchestra.run.smithi040.stdout:/usr/bin/ceph: stdout "num_in_osds": 0,
2023-07-14T12:38:07.130 INFO:teuthology.orchestra.run.smithi040.stdout:/usr/bin/ceph: stdout "osd_in_since": 0,
2023-07-14T12:38:07.130 INFO:teuthology.orchestra.run.smithi040.stdout:/usr/bin/ceph: stdout "num_remapped_pgs": 0
2023-07-14T12:38:07.131 INFO:teuthology.orchestra.run.smithi040.stdout:/usr/bin/ceph: stdout },
2023-07-14T12:38:07.131 INFO:teuthology.orchestra.run.smithi040.stdout:/usr/bin/ceph: stdout "pgmap": {
2023-07-14T12:38:07.131 INFO:teuthology.orchestra.run.smithi040.stdout:/usr/bin/ceph: stdout "pgs_by_state": [],
2023-07-14T12:38:07.131 INFO:teuthology.orchestra.run.smithi040.stdout:/usr/bin/ceph: stdout "num_pgs": 0,
2023-07-14T12:38:07.131 INFO:teuthology.orchestra.run.smithi040.stdout:/usr/bin/ceph: stdout "num_pools": 0,
2023-07-14T12:38:07.131 INFO:teuthology.orchestra.run.smithi040.stdout:/usr/bin/ceph: stdout "num_objects": 0,
2023-07-14T12:38:07.132 INFO:teuthology.orchestra.run.smithi040.stdout:/usr/bin/ceph: stdout "data_bytes": 0,
2023-07-14T12:38:07.132 INFO:teuthology.orchestra.run.smithi040.stdout:/usr/bin/ceph: stdout "bytes_used": 0,
2023-07-14T12:38:07.133 INFO:teuthology.orchestra.run.smithi040.stdout:/usr/bin/ceph: stdout "bytes_avail": 0,
2023-07-14T12:38:07.133 INFO:teuthology.orchestra.run.smithi040.stdout:/usr/bin/ceph: stdout "bytes_total": 0
2023-07-14T12:38:07.133 INFO:teuthology.orchestra.run.smithi040.stdout:/usr/bin/ceph: stdout },
2023-07-14T12:38:07.133 INFO:teuthology.orchestra.run.smithi040.stdout:/usr/bin/ceph: stdout "fsmap": {
2023-07-14T12:38:07.133 INFO:teuthology.orchestra.run.smithi040.stdout:/usr/bin/ceph: stdout "epoch": 1,
2023-07-14T12:38:07.133 INFO:teuthology.orchestra.run.smithi040.stdout:/usr/bin/ceph: stdout "by_rank": [],
2023-07-14T12:38:07.133 INFO:teuthology.orchestra.run.smithi040.stdout:/usr/bin/ceph: stdout "up:standby": 0
2023-07-14T12:38:07.134 INFO:teuthology.orchestra.run.smithi040.stdout:/usr/bin/ceph: stdout },
2023-07-14T12:38:07.134 INFO:teuthology.orchestra.run.smithi040.stdout:/usr/bin/ceph: stdout "mgrmap": {
2023-07-14T12:38:07.134 INFO:teuthology.orchestra.run.smithi040.stdout:/usr/bin/ceph: stdout "available": true,
2023-07-14T12:38:07.134 INFO:teuthology.orchestra.run.smithi040.stdout:/usr/bin/ceph: stdout "num_standbys": 0,
2023-07-14T12:38:07.134 INFO:teuthology.orchestra.run.smithi040.stdout:/usr/bin/ceph: stdout "modules": [
2023-07-14T12:38:07.134 INFO:teuthology.orchestra.run.smithi040.stdout:/usr/bin/ceph: stdout "iostat",
2023-07-14T12:38:07.134 INFO:teuthology.orchestra.run.smithi040.stdout:/usr/bin/ceph: stdout "nfs",
2023-07-14T12:38:07.135 INFO:teuthology.orchestra.run.smithi040.stdout:/usr/bin/ceph: stdout "restful"
2023-07-14T12:38:07.135 INFO:teuthology.orchestra.run.smithi040.stdout:/usr/bin/ceph: stdout ],
2023-07-14T12:38:07.135 INFO:teuthology.orchestra.run.smithi040.stdout:/usr/bin/ceph: stdout "services": {}
2023-07-14T12:38:07.135 INFO:teuthology.orchestra.run.smithi040.stdout:/usr/bin/ceph: stdout },
2023-07-14T12:38:07.135 INFO:teuthology.orchestra.run.smithi040.stdout:/usr/bin/ceph: stdout "servicemap": {
2023-07-14T12:38:07.135 INFO:teuthology.orchestra.run.smithi040.stdout:/usr/bin/ceph: stdout "epoch": 1,
2023-07-14T12:38:07.135 INFO:teuthology.orchestra.run.smithi040.stdout:/usr/bin/ceph: stdout "modified": "2023-07-14T12:37:48.247971+0000",
2023-07-14T12:38:07.136 INFO:teuthology.orchestra.run.smithi040.stdout:/usr/bin/ceph: stdout "services": {}
2023-07-14T12:38:07.136 INFO:teuthology.orchestra.run.smithi040.stdout:/usr/bin/ceph: stdout },
2023-07-14T12:38:07.136 INFO:teuthology.orchestra.run.smithi040.stdout:/usr/bin/ceph: stdout "progress_events": {}
2023-07-14T12:38:07.137 INFO:teuthology.orchestra.run.smithi040.stdout:/usr/bin/ceph: stdout }
2023-07-14T12:38:07.137 INFO:teuthology.orchestra.run.smithi040.stdout:/usr/bin/ceph: stderr
2023-07-14T12:38:06.251+0000 7f250226d700 1 Processor -- start
2023-07-14T12:38:07.137 INFO:teuthology.orchestra.run.smithi040.stdout:/usr/bin/ceph: stderr
2023-07-14T12:38:06.251+0000 7f250226d700 1 -- start start
2023-07-14T12:38:07.137 INFO:teuthology.orchestra.run.smithi040.stdout:/usr/bin/ceph: stderr
2023-07-14T12:38:06.252+0000 7f250226d700 1 --2- >> [v2:172.21.15.40:3300/0,v1:172.21.15.40:6789/0] conn(0x7f24fc07aca0 0x7f24fc0791a0 unknown :-1 s=NONE pgs=0 cs=0 l=0 rev1=0 crypto rx=0 tx=0 comp rx=0 tx=0).connect
2023-07-14T12:38:07.137 INFO:teuthology.orchestra.run.smithi040.stdout:/usr/bin/ceph: stderr
2023-07-14T12:38:06.252+0000 7f250226d700 1 -- --> [v2:172.21.15.40:3300/0,v1:172.21.15.40:6789/0] -- mon_getmap magic: 0 v1 -- 0x7f24fc0796e0 con 0x7f24fc07aca0
2023-07-14T12:38:07.137 INFO:teuthology.orchestra.run.smithi040.stdout:/usr/bin/ceph: stderr
2023-07-14T12:38:06.252+0000 7f24fbfff700 1 --2- >> [v2:172.21.15.40:3300/0,v1:172.21.15.40:6789/0] conn(0x7f24fc07aca0 0x7f24fc0791a0 unknown :-1 s=BANNER_CONNECTING pgs=0 cs=0 l=0 rev1=0 crypto rx=0 tx=0 comp rx=0 tx=0)._handle_peer_banner_payload supported=3 required=0
2023-07-14T12:38:07.138 INFO:teuthology.orchestra.run.smithi040.stdout:/usr/bin/ceph: stderr
2023-07-14T12:38:06.252+0000 7f24fbfff700 1 --2- >> [v2:172.21.15.40:3300/0,v1:172.21.15.40:6789/0] conn(0x7f24fc07aca0 0x7f24fc0791a0 unknown :-1 s=HELLO_CONNECTING pgs=0 cs=0 l=0 rev1=1 crypto rx=0 tx=0 comp rx=0 tx=0).handle_hello peer v2:172.21.15.40:3300/0 says I am v2:172.21.15.40:58728/0 (socket says 172.21.15.40:58728)
2023-07-14T12:38:07.138 INFO:teuthology.orchestra.run.smithi040.stdout:/usr/bin/ceph: stderr
2023-07-14T12:38:06.252+0000 7f24fbfff700 1 -- 172.21.15.40:0/2659118255 learned_addr learned my addr 172.21.15.40:0/2659118255 (peer_addr_for_me v2:172.21.15.40:0/0)
2023-07-14T12:38:07.138 INFO:teuthology.orchestra.run.smithi040.stdout:/usr/bin/ceph: stderr
2023-07-14T12:38:06.252+0000 7f24fbfff700 1 -- 172.21.15.40:0/2659118255 --> [v2:172.21.15.40:3300/0,v1:172.21.15.40:6789/0] -- mon_subscribe({config=0+,monmap=0+}) v3 -- 0x7f24fc079820 con 0x7f24fc07aca0
2023-07-14T12:38:07.138 INFO:teuthology.orchestra.run.smithi040.stdout:/usr/bin/ceph: stderr
2023-07-14T12:38:06.252+0000 7f24fbfff700 1 --2- 172.21.15.40:0/2659118255 >> [v2:172.21.15.40:3300/0,v1:172.21.15.40:6789/0] conn(0x7f24fc07aca0 0x7f24fc0791a0 secure :-1 s=READY pgs=16 cs=0 l=1 rev1=1 crypto rx=0x7f24ec0098a0 tx=0x7f24ec009bb0 comp rx=0 tx=0).ready entity=mon.0 client_cookie=10bdb7926bc75aac server_cookie=0 in_seq=0 out_seq=0
2023-07-14T12:38:07.138 INFO:teuthology.orchestra.run.smithi040.stdout:/usr/bin/ceph: stderr
2023-07-14T12:38:06.252+0000 7f24faffd700 1 -- 172.21.15.40:0/2659118255 <== mon.0 v2:172.21.15.40:3300/0 1 ==== mon_map magic: 0 v1 ==== 205+0+0 (secure 0 0 0) 0x7f24ec004160 con 0x7f24fc07aca0
2023-07-14T12:38:07.138 INFO:teuthology.orchestra.run.smithi040.stdout:/usr/bin/ceph: stderr
2023-07-14T12:38:06.253+0000 7f24faffd700 1 -- 172.21.15.40:0/2659118255 <== mon.0 v2:172.21.15.40:3300/0 2 ==== config(26 keys) v1 ==== 1074+0+0 (secure 0 0 0) 0x7f24ec0042c0 con 0x7f24fc07aca0
2023-07-14T12:38:07.138 INFO:teuthology.orchestra.run.smithi040.stdout:/usr/bin/ceph: stderr
2023-07-14T12:38:06.253+0000 7f24faffd700 1 -- 172.21.15.40:0/2659118255 <== mon.0 v2:172.21.15.40:3300/0 3 ==== mon_map magic: 0 v1 ==== 205+0+0 (secure 0 0 0) 0x7f24ec011a00 con 0x7f24fc07aca0
2023-07-14T12:38:07.139 INFO:teuthology.orchestra.run.smithi040.stdout:/usr/bin/ceph: stderr
2023-07-14T12:38:06.253+0000 7f250226d700 1 -- 172.21.15.40:0/2659118255 >> [v2:172.21.15.40:3300/0,v1:172.21.15.40:6789/0] conn(0x7f24fc07aca0 msgr2=0x7f24fc0791a0 secure :-1 s=STATE_CONNECTION_ESTABLISHED l=1).mark_down
2023-07-14T12:38:07.139 INFO:teuthology.orchestra.run.smithi040.stdout:/usr/bin/ceph: stderr
2023-07-14T12:38:06.253+0000 7f250226d700 1 --2- 172.21.15.40:0/2659118255 >> [v2:172.21.15.40:3300/0,v1:172.21.15.40:6789/0] conn(0x7f24fc07aca0 0x7f24fc0791a0 secure :-1 s=READY pgs=16 cs=0 l=1 rev1=1 crypto rx=0x7f24ec0098a0 tx=0x7f24ec009bb0 comp rx=0 tx=0).stop
2023-07-14T12:38:07.139 INFO:teuthology.orchestra.run.smithi040.stdout:/usr/bin/ceph: stderr
2023-07-14T12:38:06.253+0000 7f250226d700 1 -- 172.21.15.40:0/2659118255 shutdown_connections
2023-07-14T12:38:07.139 INFO:teuthology.orchestra.run.smithi040.stdout:/usr/bin/ceph: stderr
2023-07-14T12:38:06.253+0000 7f250226d700 1 --2- 172.21.15.40:0/2659118255 >> [v2:172.21.15.40:3300/0,v1:172.21.15.40:6789/0] conn(0x7f24fc07aca0 0x7f24fc0791a0 unknown :-1 s=CLOSED pgs=16 cs=0 l=1 rev1=1 crypto rx=0 tx=0 comp rx=0 tx=0).stop
2023-07-14T12:38:07.139 INFO:teuthology.orchestra.run.smithi040.stdout:/usr/bin/ceph: stderr
2023-07-14T12:38:06.253+0000 7f250226d700 1 -- 172.21.15.40:0/2659118255 >> 172.21.15.40:0/2659118255 conn(0x7f24fc100b70 msgr2=0x7f24fc102f80 unknown :-1 s=STATE_NONE l=0).mark_down
2023-07-14T12:38:07.139 INFO:teuthology.orchestra.run.smithi040.stdout:/usr/bin/ceph: stderr
2023-07-14T12:38:06.253+0000 7f250226d700 1 -- 172.21.15.40:0/2659118255 shutdown_connections
2023-07-14T12:38:07.139 INFO:teuthology.orchestra.run.smithi040.stdout:/usr/bin/ceph: stderr
2023-07-14T12:38:06.253+0000 7f250226d700 1 -- 172.21.15.40:0/2659118255 wait complete.
2023-07-14T12:38:07.140 INFO:teuthology.orchestra.run.smithi040.stdout:/usr/bin/ceph: stderr
2023-07-14T12:38:06.254+0000 7f250226d700 1 Processor -- start
2023-07-14T12:38:07.140 INFO:teuthology.orchestra.run.smithi040.stdout:/usr/bin/ceph: stderr
2023-07-14T12:38:06.254+0000 7f250226d700 1 -- start start
2023-07-14T12:38:07.140 INFO:teuthology.orchestra.run.smithi040.stdout:/usr/bin/ceph: stderr
2023-07-14T12:38:06.254+0000 7f250226d700 1 --2- >> [v2:172.21.15.40:3300/0,v1:172.21.15.40:6789/0] conn(0x7f24fc07aca0 0x7f24fc19b520 unknown :-1 s=NONE pgs=0 cs=0 l=1 rev1=0 crypto rx=0 tx=0 comp rx=0 tx=0).connect
2023-07-14T12:38:07.140 INFO:teuthology.orchestra.run.smithi040.stdout:/usr/bin/ceph: stderr
2023-07-14T12:38:06.254+0000 7f250226d700 1 -- --> [v2:172.21.15.40:3300/0,v1:172.21.15.40:6789/0] -- mon_getmap magic: 0 v1 -- 0x7f24fc19ba60 con 0x7f24fc07aca0
2023-07-14T12:38:07.140 INFO:teuthology.orchestra.run.smithi040.stdout:/usr/bin/ceph: stderr
2023-07-14T12:38:06.254+0000 7f24fbfff700 1 --2- >> [v2:172.21.15.40:3300/0,v1:172.21.15.40:6789/0] conn(0x7f24fc07aca0 0x7f24fc19b520 unknown :-1 s=BANNER_CONNECTING pgs=0 cs=0 l=1 rev1=0 crypto rx=0 tx=0 comp rx=0 tx=0)._handle_peer_banner_payload supported=3 required=0
2023-07-14T12:38:07.140 INFO:teuthology.orchestra.run.smithi040.stdout:/usr/bin/ceph: stderr
2023-07-14T12:38:06.254+0000 7f24fbfff700 1 --2- >> [v2:172.21.15.40:3300/0,v1:172.21.15.40:6789/0] conn(0x7f24fc07aca0 0x7f24fc19b520 unknown :-1 s=HELLO_CONNECTING pgs=0 cs=0 l=1 rev1=1 crypto rx=0 tx=0 comp rx=0 tx=0).handle_hello peer v2:172.21.15.40:3300/0 says I am v2:172.21.15.40:58730/0 (socket says 172.21.15.40:58730)
2023-07-14T12:38:07.140 INFO:teuthology.orchestra.run.smithi040.stdout:/usr/bin/ceph: stderr
2023-07-14T12:38:06.254+0000 7f24fbfff700 1 -- 172.21.15.40:0/2770978892 learned_addr learned my addr 172.21.15.40:0/2770978892 (peer_addr_for_me v2:172.21.15.40:0/0)
2023-07-14T12:38:07.141 INFO:teuthology.orchestra.run.smithi040.stdout:/usr/bin/ceph: stderr
2023-07-14T12:38:06.255+0000 7f24fbfff700 1 -- 172.21.15.40:0/2770978892 --> [v2:172.21.15.40:3300/0,v1:172.21.15.40:6789/0] -- mon_subscribe({config=0+,monmap=0+}) v3 -- 0x7f24ec009550 con 0x7f24fc07aca0
2023-07-14T12:38:07.141 INFO:teuthology.orchestra.run.smithi040.stdout:/usr/bin/ceph: stderr
2023-07-14T12:38:06.255+0000 7f24fbfff700 1 --2- 172.21.15.40:0/2770978892 >> [v2:172.21.15.40:3300/0,v1:172.21.15.40:6789/0] conn(0x7f24fc07aca0 0x7f24fc19b520 secure :-1 s=READY pgs=17 cs=0 l=1 rev1=1 crypto rx=0x7f24ec009fb0 tx=0x7f24ec011ad0 comp rx=0 tx=0).ready entity=mon.0 client_cookie=0 server_cookie=0 in_seq=0 out_seq=0
2023-07-14T12:38:07.141 INFO:teuthology.orchestra.run.smithi040.stdout:/usr/bin/ceph: stderr
2023-07-14T12:38:06.255+0000 7f24f97fa700 1 -- 172.21.15.40:0/2770978892 <== mon.0 v2:172.21.15.40:3300/0 1 ==== mon_map magic: 0 v1 ==== 205+0+0 (secure 0 0 0) 0x7f24ec0039c0 con 0x7f24fc07aca0
2023-07-14T12:38:07.141 INFO:teuthology.orchestra.run.smithi040.stdout:/usr/bin/ceph: stderr
2023-07-14T12:38:06.255+0000 7f24f97fa700 1 -- 172.21.15.40:0/2770978892 <== mon.0 v2:172.21.15.40:3300/0 2 ==== config(26 keys) v1 ==== 1074+0+0 (secure 0 0 0) 0x7f24ec003b20 con 0x7f24fc07aca0
2023-07-14T12:38:07.141 INFO:teuthology.orchestra.run.smithi040.stdout:/usr/bin/ceph: stderr
2023-07-14T12:38:06.255+0000 7f250226d700 1 -- 172.21.15.40:0/2770978892 --> [v2:172.21.15.40:3300/0,v1:172.21.15.40:6789/0] -- mon_subscribe({mgrmap=0+}) v3 -- 0x7f24fc19bc60 con 0x7f24fc07aca0
2023-07-14T12:38:07.141 INFO:teuthology.orchestra.run.smithi040.stdout:/usr/bin/ceph: stderr
2023-07-14T12:38:06.255+0000 7f24f97fa700 1 -- 172.21.15.40:0/2770978892 <== mon.0 v2:172.21.15.40:3300/0 3 ==== mon_map magic: 0 v1 ==== 205+0+0 (secure 0 0 0) 0x7f24ec01a5e0 con 0x7f24fc07aca0
2023-07-14T12:38:07.142 INFO:teuthology.orchestra.run.smithi040.stdout:/usr/bin/ceph: stderr
2023-07-14T12:38:06.255+0000 7f250226d700 1 -- 172.21.15.40:0/2770978892 --> [v2:172.21.15.40:3300/0,v1:172.21.15.40:6789/0] -- mon_subscribe({osdmap=0}) v3 -- 0x7f24fc19c080 con 0x7f24fc07aca0
2023-07-14T12:38:07.142 INFO:teuthology.orchestra.run.smithi040.stdout:/usr/bin/ceph: stderr
2023-07-14T12:38:06.256+0000 7f24f97fa700 1 -- 172.21.15.40:0/2770978892 <== mon.0 v2:172.21.15.40:3300/0 4 ==== mgrmap(e 4) v1 ==== 45472+0+0 (secure 0 0 0) 0x7f24ec024430 con 0x7f24fc07aca0
2023-07-14T12:38:07.142 INFO:teuthology.orchestra.run.smithi040.stdout:/usr/bin/ceph: stderr
2023-07-14T12:38:06.256+0000 7f24f97fa700 1 --2- 172.21.15.40:0/2770978892 >> [v2:172.21.15.40:6800/3904568033,v1:172.21.15.40:6801/3904568033] conn(0x7f24e8038670 0x7f24e803ab20 unknown :-1 s=NONE pgs=0 cs=0 l=1 rev1=0 crypto rx=0 tx=0 comp rx=0 tx=0).connect
2023-07-14T12:38:07.142 INFO:teuthology.orchestra.run.smithi040.stdout:/usr/bin/ceph: stderr
2023-07-14T12:38:06.256+0000 7f24f97fa700 1 -- 172.21.15.40:0/2770978892 <== mon.0 v2:172.21.15.40:3300/0 5 ==== osd_map(1..1 src has 1..1) v4 ==== 725+0+0 (secure 0 0 0) 0x7f24ec04c500 con 0x7f24fc07aca0
2023-07-14T12:38:07.142 INFO:teuthology.orchestra.run.smithi040.stdout:/usr/bin/ceph: stderr
2023-07-14T12:38:06.256+0000 7f250226d700 1 -- 172.21.15.40:0/2770978892 --> [v2:172.21.15.40:3300/0,v1:172.21.15.40:6789/0] -- mon_command({"prefix": "get_command_descriptions"} v 0) v1 -- 0x7f24fc061b40 con 0x7f24fc07aca0
2023-07-14T12:38:07.142 INFO:teuthology.orchestra.run.smithi040.stdout:/usr/bin/ceph: stderr
2023-07-14T12:38:06.256+0000 7f24fb7fe700 1 --2- 172.21.15.40:0/2770978892 >> [v2:172.21.15.40:6800/3904568033,v1:172.21.15.40:6801/3904568033] conn(0x7f24e8038670 0x7f24e803ab20 unknown :-1 s=BANNER_CONNECTING pgs=0 cs=0 l=1 rev1=0 crypto rx=0 tx=0 comp rx=0 tx=0)._handle_peer_banner_payload supported=3 required=0
2023-07-14T12:38:07.142 INFO:teuthology.orchestra.run.smithi040.stdout:/usr/bin/ceph: stderr
2023-07-14T12:38:06.257+0000 7f24fb7fe700 1 --2- 172.21.15.40:0/2770978892 >> [v2:172.21.15.40:6800/3904568033,v1:172.21.15.40:6801/3904568033] conn(0x7f24e8038670 0x7f24e803ab20 secure :-1 s=READY pgs=6 cs=0 l=1 rev1=1 crypto rx=0x7f24e4006fd0 tx=0x7f24e4006e40 comp rx=0 tx=0).ready entity=mgr.14100 client_cookie=0 server_cookie=0 in_seq=0 out_seq=0
2023-07-14T12:38:07.143 INFO:teuthology.orchestra.run.smithi040.stdout:/usr/bin/ceph: stderr
2023-07-14T12:38:06.262+0000 7f24f97fa700 1 -- 172.21.15.40:0/2770978892 <== mon.0 v2:172.21.15.40:3300/0 6 ==== mon_command_ack([{"prefix": "get_command_descriptions"}]=0 v0) v1 ==== 72+0+178038 (secure 0 0 0) 0x7f24ec003c90 con 0x7f24fc07aca0
2023-07-14T12:38:07.143 INFO:teuthology.orchestra.run.smithi040.stdout:/usr/bin/ceph: stderr
2023-07-14T12:38:06.780+0000 7f250226d700 1 -- 172.21.15.40:0/2770978892 --> [v2:172.21.15.40:3300/0,v1:172.21.15.40:6789/0] -- mon_command({"prefix": "status", "format": "json-pretty"} v 0) v1 -- 0x7f24fc19eac0 con 0x7f24fc07aca0
2023-07-14T12:38:07.143 INFO:teuthology.orchestra.run.smithi040.stdout:/usr/bin/ceph: stderr
2023-07-14T12:38:06.780+0000 7f24f97fa700 1 -- 172.21.15.40:0/2770978892 <== mon.0 v2:172.21.15.40:3300/0 7 ==== mon_command_ack([{"prefix": "status", "format": "json-pretty"}]=0 v0) v1 ==== 79+0+1238 (secure 0 0 0) 0x7f24ec018350 con 0x7f24fc07aca0
2023-07-14T12:38:07.143 INFO:teuthology.orchestra.run.smithi040.stdout:/usr/bin/ceph: stderr
2023-07-14T12:38:06.783+0000 7f250226d700 1 -- 172.21.15.40:0/2770978892 >> [v2:172.21.15.40:6800/3904568033,v1:172.21.15.40:6801/3904568033] conn(0x7f24e8038670 msgr2=0x7f24e803ab20 secure :-1 s=STATE_CONNECTION_ESTABLISHED l=1).mark_down
2023-07-14T12:38:07.143 INFO:teuthology.orchestra.run.smithi040.stdout:/usr/bin/ceph: stderr
2023-07-14T12:38:06.783+0000 7f250226d700 1 --2- 172.21.15.40:0/2770978892 >> [v2:172.21.15.40:6800/3904568033,v1:172.21.15.40:6801/3904568033] conn(0x7f24e8038670 0x7f24e803ab20 secure :-1 s=READY pgs=6 cs=0 l=1 rev1=1 crypto rx=0x7f24e4006fd0 tx=0x7f24e4006e40 comp rx=0 tx=0).stop
2023-07-14T12:38:07.143 INFO:teuthology.orchestra.run.smithi040.stdout:/usr/bin/ceph: stderr
2023-07-14T12:38:06.783+0000 7f250226d700 1 -- 172.21.15.40:0/2770978892 >> [v2:172.21.15.40:3300/0,v1:172.21.15.40:6789/0] conn(0x7f24fc07aca0 msgr2=0x7f24fc19b520 secure :-1 s=STATE_CONNECTION_ESTABLISHED l=1).mark_down
2023-07-14T12:38:07.143 INFO:teuthology.orchestra.run.smithi040.stdout:/usr/bin/ceph: stderr
2023-07-14T12:38:06.783+0000 7f250226d700 1 --2- 172.21.15.40:0/2770978892 >> [v2:172.21.15.40:3300/0,v1:172.21.15.40:6789/0] conn(0x7f24fc07aca0 0x7f24fc19b520 secure :-1 s=READY pgs=17 cs=0 l=1 rev1=1 crypto rx=0x7f24ec009fb0 tx=0x7f24ec011ad0 comp rx=0 tx=0).stop
2023-07-14T12:38:07.144 INFO:teuthology.orchestra.run.smithi040.stdout:/usr/bin/ceph: stderr
2023-07-14T12:38:06.783+0000 7f250226d700 1 -- 172.21.15.40:0/2770978892 shutdown_connections
2023-07-14T12:38:07.144 INFO:teuthology.orchestra.run.smithi040.stdout:/usr/bin/ceph: stderr
2023-07-14T12:38:06.783+0000 7f250226d700 1 --2- 172.21.15.40:0/2770978892 >> [v2:172.21.15.40:6800/3904568033,v1:172.21.15.40:6801/3904568033] conn(0x7f24e8038670 0x7f24e803ab20 unknown :-1 s=CLOSED pgs=6 cs=0 l=1 rev1=1 crypto rx=0 tx=0 comp rx=0 tx=0).stop
2023-07-14T12:38:07.144 INFO:teuthology.orchestra.run.smithi040.stdout:/usr/bin/ceph: stderr
2023-07-14T12:38:06.783+0000 7f250226d700 1 --2- 172.21.15.40:0/2770978892 >> [v2:172.21.15.40:3300/0,v1:172.21.15.40:6789/0] conn(0x7f24fc07aca0 0x7f24fc19b520 unknown :-1 s=CLOSED pgs=17 cs=0 l=1 rev1=1 crypto rx=0 tx=0 comp rx=0 tx=0).stop
2023-07-14T12:38:07.144 INFO:teuthology.orchestra.run.smithi040.stdout:/usr/bin/ceph: stderr
2023-07-14T12:38:06.783+0000 7f250226d700 1 -- 172.21.15.40:0/2770978892 >> 172.21.15.40:0/2770978892 conn(0x7f24fc100b70 msgr2=0x7f24fc102260 unknown :-1 s=STATE_NONE l=0).mark_down
2023-07-14T12:38:07.144 INFO:teuthology.orchestra.run.smithi040.stdout:/usr/bin/ceph: stderr
2023-07-14T12:38:06.783+0000 7f250226d700 1 -- 172.21.15.40:0/2770978892 shutdown_connections
2023-07-14T12:38:07.144 INFO:teuthology.orchestra.run.smithi040.stdout:/usr/bin/ceph: stderr
2023-07-14T12:38:06.783+0000 7f250226d700 1 -- 172.21.15.40:0/2770978892 wait complete.
2023-07-14T12:38:07.144 INFO:teuthology.orchestra.run.smithi040.stdout:mgr is available
2023-07-14T12:38:07.946 INFO:journalctl@ceph.mon.a.smithi040.stdout:Jul 14 12:38:07 smithi040 ceph-mon[96535]: from='client.? 172.21.15.40:0/2770978892' entity='client.admin' cmd=[{"prefix": "status", "format": "json-pretty"}]: dispatch
2023-07-14T12:38:08.268 INFO:teuthology.orchestra.run.smithi040.stdout:/usr/bin/ceph: stdout
2023-07-14T12:38:08.269 INFO:teuthology.orchestra.run.smithi040.stdout:/usr/bin/ceph: stdout [global]
2023-07-14T12:38:08.270 INFO:teuthology.orchestra.run.smithi040.stdout:/usr/bin/ceph: stdout fsid = 1fe65914-2243-11ee-9b33-001a4aab830c
2023-07-14T12:38:08.270 INFO:teuthology.orchestra.run.smithi040.stdout:/usr/bin/ceph: stdout mon_osd_allow_pg_remap = true
2023-07-14T12:38:08.270 INFO:teuthology.orchestra.run.smithi040.stdout:/usr/bin/ceph: stdout mon_osd_allow_primary_affinity = true
2023-07-14T12:38:08.270 INFO:teuthology.orchestra.run.smithi040.stdout:/usr/bin/ceph: stdout mon_warn_on_no_sortbitwise = false
2023-07-14T12:38:08.270 INFO:teuthology.orchestra.run.smithi040.stdout:/usr/bin/ceph: stdout osd_crush_chooseleaf_type = 0
2023-07-14T12:38:08.270 INFO:teuthology.orchestra.run.smithi040.stdout:/usr/bin/ceph: stdout
2023-07-14T12:38:08.271 INFO:teuthology.orchestra.run.smithi040.stdout:/usr/bin/ceph: stdout [mgr]
2023-07-14T12:38:08.271 INFO:teuthology.orchestra.run.smithi040.stdout:/usr/bin/ceph: stdout mgr/telemetry/nag = false
2023-07-14T12:38:08.271 INFO:teuthology.orchestra.run.smithi040.stdout:/usr/bin/ceph: stdout
2023-07-14T12:38:08.271 INFO:teuthology.orchestra.run.smithi040.stdout:/usr/bin/ceph: stdout [osd]
2023-07-14T12:38:08.272 INFO:teuthology.orchestra.run.smithi040.stdout:/usr/bin/ceph: stdout mon_osd_backfillfull_ratio = 0.85
2023-07-14T12:38:08.272 INFO:teuthology.orchestra.run.smithi040.stdout:/usr/bin/ceph: stdout mon_osd_full_ratio = 0.9
2023-07-14T12:38:08.272 INFO:teuthology.orchestra.run.smithi040.stdout:/usr/bin/ceph: stdout mon_osd_nearfull_ratio = 0.8
2023-07-14T12:38:08.272 INFO:teuthology.orchestra.run.smithi040.stdout:/usr/bin/ceph: stdout osd_map_max_advance = 10
2023-07-14T12:38:08.272 INFO:teuthology.orchestra.run.smithi040.stdout:/usr/bin/ceph: stdout osd_sloppy_crc = true
2023-07-14T12:38:08.272 INFO:teuthology.orchestra.run.smithi040.stdout:/usr/bin/ceph: stderr
2023-07-14T12:38:07.552+0000 7fc0b5fca700 1 Processor -- start
2023-07-14T12:38:08.273 INFO:teuthology.orchestra.run.smithi040.stdout:/usr/bin/ceph: stderr
2023-07-14T12:38:07.552+0000 7fc0b5fca700 1 -- start start
2023-07-14T12:38:08.273 INFO:teuthology.orchestra.run.smithi040.stdout:/usr/bin/ceph: stderr
2023-07-14T12:38:07.552+0000 7fc0b5fca700 1 --2- >> [v2:172.21.15.40:3300/0,v1:172.21.15.40:6789/0] conn(0x7fc0b0103df0 0x7fc0b0104200 unknown :-1 s=NONE pgs=0 cs=0 l=0 rev1=0 crypto rx=0 tx=0 comp rx=0 tx=0).connect
2023-07-14T12:38:08.273 INFO:teuthology.orchestra.run.smithi040.stdout:/usr/bin/ceph: stderr
2023-07-14T12:38:07.552+0000 7fc0b5fca700 1 -- --> [v2:172.21.15.40:3300/0,v1:172.21.15.40:6789/0] -- mon_getmap magic: 0 v1 -- 0x7fc0b0073c20 con 0x7fc0b0103df0
2023-07-14T12:38:08.273 INFO:teuthology.orchestra.run.smithi040.stdout:/usr/bin/ceph: stderr
2023-07-14T12:38:07.552+0000 7fc0af7fe700 1 --2- >> [v2:172.21.15.40:3300/0,v1:172.21.15.40:6789/0] conn(0x7fc0b0103df0 0x7fc0b0104200 unknown :-1 s=BANNER_CONNECTING pgs=0 cs=0 l=0 rev1=0 crypto rx=0 tx=0 comp rx=0 tx=0)._handle_peer_banner_payload supported=3 required=0
2023-07-14T12:38:08.273 INFO:teuthology.orchestra.run.smithi040.stdout:/usr/bin/ceph: stderr
2023-07-14T12:38:07.552+0000 7fc0af7fe700 1 --2- >> [v2:172.21.15.40:3300/0,v1:172.21.15.40:6789/0] conn(0x7fc0b0103df0 0x7fc0b0104200 unknown :-1 s=HELLO_CONNECTING pgs=0 cs=0 l=0 rev1=1 crypto rx=0 tx=0 comp rx=0 tx=0).handle_hello peer v2:172.21.15.40:3300/0 says I am v2:172.21.15.40:58734/0 (socket says 172.21.15.40:58734)
2023-07-14T12:38:08.273 INFO:teuthology.orchestra.run.smithi040.stdout:/usr/bin/ceph: stderr
2023-07-14T12:38:07.552+0000 7fc0af7fe700 1 -- 172.21.15.40:0/911888812 learned_addr learned my addr 172.21.15.40:0/911888812 (peer_addr_for_me v2:172.21.15.40:0/0)
2023-07-14T12:38:08.274 INFO:teuthology.orchestra.run.smithi040.stdout:/usr/bin/ceph: stderr
2023-07-14T12:38:07.552+0000 7fc0af7fe700 1 -- 172.21.15.40:0/911888812 --> [v2:172.21.15.40:3300/0,v1:172.21.15.40:6789/0] -- mon_subscribe({config=0+,monmap=0+}) v3 -- 0x7fc0b0073d60 con 0x7fc0b0103df0
2023-07-14T12:38:08.274 INFO:teuthology.orchestra.run.smithi040.stdout:/usr/bin/ceph: stderr
2023-07-14T12:38:07.553+0000 7fc0af7fe700 1 --2- 172.21.15.40:0/911888812 >> [v2:172.21.15.40:3300/0,v1:172.21.15.40:6789/0] conn(0x7fc0b0103df0 0x7fc0b0104200 secure :-1 s=READY pgs=18 cs=0 l=1 rev1=1 crypto rx=0x7fc0a00098a0 tx=0x7fc0a0009bb0 comp rx=0 tx=0).ready entity=mon.0 client_cookie=9916c79368b893b6 server_cookie=0 in_seq=0 out_seq=0
2023-07-14T12:38:08.274 INFO:teuthology.orchestra.run.smithi040.stdout:/usr/bin/ceph: stderr
2023-07-14T12:38:07.553+0000 7fc0ae7fc700 1 -- 172.21.15.40:0/911888812 <== mon.0 v2:172.21.15.40:3300/0 1 ==== mon_map magic: 0 v1 ==== 205+0+0 (secure 0 0 0) 0x7fc0a0004160 con 0x7fc0b0103df0
2023-07-14T12:38:08.274 INFO:teuthology.orchestra.run.smithi040.stdout:/usr/bin/ceph: stderr
2023-07-14T12:38:07.553+0000 7fc0ae7fc700 1 -- 172.21.15.40:0/911888812 <== mon.0 v2:172.21.15.40:3300/0 2 ==== config(26 keys) v1 ==== 1074+0+0 (secure 0 0 0) 0x7fc0a00042c0 con 0x7fc0b0103df0
2023-07-14T12:38:08.274 INFO:teuthology.orchestra.run.smithi040.stdout:/usr/bin/ceph: stderr
2023-07-14T12:38:07.553+0000 7fc0ae7fc700 1 -- 172.21.15.40:0/911888812 <== mon.0 v2:172.21.15.40:3300/0 3 ==== mon_map magic: 0 v1 ==== 205+0+0 (secure 0 0 0) 0x7fc0a0011a00 con 0x7fc0b0103df0
2023-07-14T12:38:08.274 INFO:teuthology.orchestra.run.smithi040.stdout:/usr/bin/ceph: stderr
2023-07-14T12:38:07.553+0000 7fc0b5fca700 1 -- 172.21.15.40:0/911888812 >> [v2:172.21.15.40:3300/0,v1:172.21.15.40:6789/0] conn(0x7fc0b0103df0 msgr2=0x7fc0b0104200 secure :-1 s=STATE_CONNECTION_ESTABLISHED l=1).mark_down
2023-07-14T12:38:08.274 INFO:teuthology.orchestra.run.smithi040.stdout:/usr/bin/ceph: stderr
2023-07-14T12:38:07.553+0000 7fc0b5fca700 1 --2- 172.21.15.40:0/911888812 >> [v2:172.21.15.40:3300/0,v1:172.21.15.40:6789/0] conn(0x7fc0b0103df0 0x7fc0b0104200 secure :-1 s=READY pgs=18 cs=0 l=1 rev1=1 crypto rx=0x7fc0a00098a0 tx=0x7fc0a0009bb0 comp rx=0 tx=0).stop
2023-07-14T12:38:08.275 INFO:teuthology.orchestra.run.smithi040.stdout:/usr/bin/ceph: stderr
2023-07-14T12:38:07.553+0000 7fc0b5fca700 1 -- 172.21.15.40:0/911888812 shutdown_connections
2023-07-14T12:38:08.275 INFO:teuthology.orchestra.run.smithi040.stdout:/usr/bin/ceph: stderr
2023-07-14T12:38:07.553+0000 7fc0b5fca700 1 --2- 172.21.15.40:0/911888812 >> [v2:172.21.15.40:3300/0,v1:172.21.15.40:6789/0] conn(0x7fc0b0103df0 0x7fc0b0104200 unknown :-1 s=CLOSED pgs=18 cs=0 l=1 rev1=1 crypto rx=0 tx=0 comp rx=0 tx=0).stop
2023-07-14T12:38:08.275 INFO:teuthology.orchestra.run.smithi040.stdout:/usr/bin/ceph: stderr
2023-07-14T12:38:07.553+0000 7fc0b5fca700 1 -- 172.21.15.40:0/911888812 >> 172.21.15.40:0/911888812 conn(0x7fc0b00ffa40 msgr2=0x7fc0b0101e70 unknown :-1 s=STATE_NONE l=0).mark_down
2023-07-14T12:38:08.275 INFO:teuthology.orchestra.run.smithi040.stdout:/usr/bin/ceph: stderr
2023-07-14T12:38:07.553+0000 7fc0b5fca700 1 -- 172.21.15.40:0/911888812 shutdown_connections
2023-07-14T12:38:08.275 INFO:teuthology.orchestra.run.smithi040.stdout:/usr/bin/ceph: stderr
2023-07-14T12:38:07.553+0000 7fc0b5fca700 1 -- 172.21.15.40:0/911888812 wait complete.
2023-07-14T12:38:08.275 INFO:teuthology.orchestra.run.smithi040.stdout:/usr/bin/ceph: stderr
2023-07-14T12:38:07.554+0000 7fc0b5fca700 1 Processor -- start
2023-07-14T12:38:08.275 INFO:teuthology.orchestra.run.smithi040.stdout:/usr/bin/ceph: stderr
2023-07-14T12:38:07.554+0000 7fc0b5fca700 1 -- start start
2023-07-14T12:38:08.275 INFO:teuthology.orchestra.run.smithi040.stdout:/usr/bin/ceph: stderr
2023-07-14T12:38:07.554+0000 7fc0b5fca700 1 --2- >> [v2:172.21.15.40:3300/0,v1:172.21.15.40:6789/0] conn(0x7fc0b0103df0 0x7fc0b019b4a0 unknown :-1 s=NONE pgs=0 cs=0 l=1 rev1=0 crypto rx=0 tx=0 comp rx=0 tx=0).connect
2023-07-14T12:38:08.276 INFO:teuthology.orchestra.run.smithi040.stdout:/usr/bin/ceph: stderr
2023-07-14T12:38:07.554+0000 7fc0b5fca700 1 -- --> [v2:172.21.15.40:3300/0,v1:172.21.15.40:6789/0] -- mon_getmap magic: 0 v1 -- 0x7fc0b019b9e0 con 0x7fc0b0103df0
2023-07-14T12:38:08.276 INFO:teuthology.orchestra.run.smithi040.stdout:/usr/bin/ceph: stderr
2023-07-14T12:38:07.555+0000 7fc0af7fe700 1 --2- >> [v2:172.21.15.40:3300/0,v1:172.21.15.40:6789/0] conn(0x7fc0b0103df0 0x7fc0b019b4a0 unknown :-1 s=BANNER_CONNECTING pgs=0 cs=0 l=1 rev1=0 crypto rx=0 tx=0 comp rx=0 tx=0)._handle_peer_banner_payload supported=3 required=0
2023-07-14T12:38:08.276 INFO:teuthology.orchestra.run.smithi040.stdout:/usr/bin/ceph: stderr
2023-07-14T12:38:07.555+0000 7fc0af7fe700 1 --2- >> [v2:172.21.15.40:3300/0,v1:172.21.15.40:6789/0] conn(0x7fc0b0103df0 0x7fc0b019b4a0 unknown :-1 s=HELLO_CONNECTING pgs=0 cs=0 l=1 rev1=1 crypto rx=0 tx=0 comp rx=0 tx=0).handle_hello peer v2:172.21.15.40:3300/0 says I am v2:172.21.15.40:58736/0 (socket says 172.21.15.40:58736)
2023-07-14T12:38:08.276 INFO:teuthology.orchestra.run.smithi040.stdout:/usr/bin/ceph: stderr
2023-07-14T12:38:07.555+0000 7fc0af7fe700 1 -- 172.21.15.40:0/2187924141 learned_addr learned my addr 172.21.15.40:0/2187924141 (peer_addr_for_me v2:172.21.15.40:0/0)
2023-07-14T12:38:08.276 INFO:teuthology.orchestra.run.smithi040.stdout:/usr/bin/ceph: stderr
2023-07-14T12:38:07.555+0000 7fc0af7fe700 1 -- 172.21.15.40:0/2187924141 --> [v2:172.21.15.40:3300/0,v1:172.21.15.40:6789/0] -- mon_subscribe({config=0+,monmap=0+}) v3 -- 0x7fc0a0009550 con 0x7fc0b0103df0
2023-07-14T12:38:08.276 INFO:teuthology.orchestra.run.smithi040.stdout:/usr/bin/ceph: stderr
2023-07-14T12:38:07.555+0000 7fc0af7fe700 1 --2- 172.21.15.40:0/2187924141 >> [v2:172.21.15.40:3300/0,v1:172.21.15.40:6789/0] conn(0x7fc0b0103df0 0x7fc0b019b4a0 secure :-1 s=READY pgs=19 cs=0 l=1 rev1=1 crypto rx=0x7fc0a0009130 tx=0x7fc0a0011ad0 comp rx=0 tx=0).ready entity=mon.0 client_cookie=0 server_cookie=0 in_seq=0 out_seq=0
2023-07-14T12:38:08.276 INFO:teuthology.orchestra.run.smithi040.stdout:/usr/bin/ceph: stderr
2023-07-14T12:38:07.555+0000 7fc0acff9700 1 -- 172.21.15.40:0/2187924141 <== mon.0 v2:172.21.15.40:3300/0 1 ==== mon_map magic: 0 v1 ==== 205+0+0 (secure 0 0 0) 0x7fc0a0003ab0 con 0x7fc0b0103df0
2023-07-14T12:38:08.277 INFO:teuthology.orchestra.run.smithi040.stdout:/usr/bin/ceph: stderr
2023-07-14T12:38:07.555+0000 7fc0acff9700 1 -- 172.21.15.40:0/2187924141 <== mon.0 v2:172.21.15.40:3300/0 2 ==== config(26 keys) v1 ==== 1074+0+0 (secure 0 0 0) 0x7fc0a0003c10 con 0x7fc0b0103df0
2023-07-14T12:38:08.277 INFO:teuthology.orchestra.run.smithi040.stdout:/usr/bin/ceph: stderr
2023-07-14T12:38:07.555+0000 7fc0acff9700 1 -- 172.21.15.40:0/2187924141 <== mon.0 v2:172.21.15.40:3300/0 3 ==== mon_map magic: 0 v1 ==== 205+0+0 (secure 0 0 0) 0x7fc0a00247d0 con 0x7fc0b0103df0
2023-07-14T12:38:08.277 INFO:teuthology.orchestra.run.smithi040.stdout:/usr/bin/ceph: stderr
2023-07-14T12:38:07.555+0000 7fc0b5fca700 1 -- 172.21.15.40:0/2187924141 --> [v2:172.21.15.40:3300/0,v1:172.21.15.40:6789/0] -- mon_subscribe({mgrmap=0+}) v3 -- 0x7fc0b019bbe0 con 0x7fc0b0103df0
2023-07-14T12:38:08.277 INFO:teuthology.orchestra.run.smithi040.stdout:/usr/bin/ceph: stderr
2023-07-14T12:38:07.555+0000 7fc0b5fca700 1 -- 172.21.15.40:0/2187924141 --> [v2:172.21.15.40:3300/0,v1:172.21.15.40:6789/0] -- mon_subscribe({osdmap=0}) v3 -- 0x7fc0b019c000 con 0x7fc0b0103df0
2023-07-14T12:38:08.277 INFO:teuthology.orchestra.run.smithi040.stdout:/usr/bin/ceph: stderr
2023-07-14T12:38:07.556+0000 7fc0acff9700 1 -- 172.21.15.40:0/2187924141 <== mon.0 v2:172.21.15.40:3300/0 4 ==== mgrmap(e 4) v1 ==== 45472+0+0 (secure 0 0 0) 0x7fc0a001abb0 con 0x7fc0b0103df0
2023-07-14T12:38:08.277 INFO:teuthology.orchestra.run.smithi040.stdout:/usr/bin/ceph: stderr
2023-07-14T12:38:07.556+0000 7fc0acff9700 1 --2- 172.21.15.40:0/2187924141 >> [v2:172.21.15.40:6800/3904568033,v1:172.21.15.40:6801/3904568033] conn(0x7fc098038710 0x7fc09803abc0 unknown :-1 s=NONE pgs=0 cs=0 l=1 rev1=0 crypto rx=0 tx=0 comp rx=0 tx=0).connect
2023-07-14T12:38:08.278 INFO:teuthology.orchestra.run.smithi040.stdout:/usr/bin/ceph: stderr
2023-07-14T12:38:07.556+0000 7fc0b5fca700 1 -- 172.21.15.40:0/2187924141 --> [v2:172.21.15.40:3300/0,v1:172.21.15.40:6789/0] -- mon_command({"prefix": "get_command_descriptions"} v 0) v1 -- 0x7fc0b0194cb0 con 0x7fc0b0103df0
2023-07-14T12:38:08.278 INFO:teuthology.orchestra.run.smithi040.stdout:/usr/bin/ceph: stderr
2023-07-14T12:38:07.556+0000 7fc0acff9700 1 -- 172.21.15.40:0/2187924141 <== mon.0 v2:172.21.15.40:3300/0 5 ==== osd_map(1..1 src has 1..1) v4 ==== 725+0+0 (secure 0 0 0) 0x7fc0a004c3e0 con 0x7fc0b0103df0
2023-07-14T12:38:08.278 INFO:teuthology.orchestra.run.smithi040.stdout:/usr/bin/ceph: stderr
2023-07-14T12:38:07.557+0000 7fc0aeffd700 1 --2- 172.21.15.40:0/2187924141 >> [v2:172.21.15.40:6800/3904568033,v1:172.21.15.40:6801/3904568033] conn(0x7fc098038710 0x7fc09803abc0 unknown :-1 s=BANNER_CONNECTING pgs=0 cs=0 l=1 rev1=0 crypto rx=0 tx=0 comp rx=0 tx=0)._handle_peer_banner_payload supported=3 required=0
2023-07-14T12:38:08.278 INFO:teuthology.orchestra.run.smithi040.stdout:/usr/bin/ceph: stderr
2023-07-14T12:38:07.557+0000 7fc0aeffd700 1 --2- 172.21.15.40:0/2187924141 >> [v2:172.21.15.40:6800/3904568033,v1:172.21.15.40:6801/3904568033] conn(0x7fc098038710 0x7fc09803abc0 secure :-1 s=READY pgs=7 cs=0 l=1 rev1=1 crypto rx=0x7fc0a4006fd0 tx=0x7fc0a4006e40 comp rx=0 tx=0).ready entity=mgr.14100 client_cookie=0 server_cookie=0 in_seq=0 out_seq=0
2023-07-14T12:38:08.278 INFO:teuthology.orchestra.run.smithi040.stdout:/usr/bin/ceph: stderr
2023-07-14T12:38:07.561+0000 7fc0acff9700 1 -- 172.21.15.40:0/2187924141 <== mon.0 v2:172.21.15.40:3300/0 6 ==== mon_command_ack([{"prefix": "get_command_descriptions"}]=0 v0) v1 ==== 72+0+178038 (secure 0 0 0) 0x7fc0a002d3f0 con 0x7fc0b0103df0
2023-07-14T12:38:08.278 INFO:teuthology.orchestra.run.smithi040.stdout:/usr/bin/ceph: stderr
2023-07-14T12:38:07.916+0000 7fc0b5fca700 1 -- 172.21.15.40:0/2187924141 --> [v2:172.21.15.40:3300/0,v1:172.21.15.40:6789/0] -- mon_command({"prefix": "config assimilate-conf"} v 0) v1 -- 0x7fc0b0061b40 con 0x7fc0b0103df0
2023-07-14T12:38:08.279 INFO:teuthology.orchestra.run.smithi040.stdout:/usr/bin/ceph: stderr
2023-07-14T12:38:07.917+0000 7fc0acff9700 1 -- 172.21.15.40:0/2187924141 <== mon.0 v2:172.21.15.40:3300/0 7 ==== mon_command_ack([{"prefix": "config assimilate-conf"}]=0 v3) v1 ==== 70+0+373 (secure 0 0 0) 0x7fc0a0018350 con 0x7fc0b0103df0
2023-07-14T12:38:08.279 INFO:teuthology.orchestra.run.smithi040.stdout:/usr/bin/ceph: stderr
2023-07-14T12:38:07.919+0000 7fc0b5fca700 1 -- 172.21.15.40:0/2187924141 >> [v2:172.21.15.40:6800/3904568033,v1:172.21.15.40:6801/3904568033] conn(0x7fc098038710 msgr2=0x7fc09803abc0 secure :-1 s=STATE_CONNECTION_ESTABLISHED l=1).mark_down
2023-07-14T12:38:08.279 INFO:teuthology.orchestra.run.smithi040.stdout:/usr/bin/ceph: stderr
