2023-07-14T12:38:37.799+0000 7f23d0ff9700 1 --2- 172.21.15.40:0/3814018297 >> [v2:172.21.15.40:6800/2447803421,v1:172.21.15.40:6801/2447803421] conn(0x7f23bc038760 0x7f23bc03ac10 unknown :-1 s=NONE pgs=0 cs=0 l=1 rev1=0 crypto rx=0 tx=0 comp rx=0 tx=0).connect
2023-07-14T12:38:38.666 INFO:teuthology.orchestra.run.smithi040.stdout:/usr/bin/ceph: stderr
2023-07-14T12:38:37.799+0000 7f23d0ff9700 1 -- 172.21.15.40:0/3814018297 <== mon.0 v2:172.21.15.40:3300/0 5 ==== osd_map(2..2 src has 1..2) v4 ==== 940+0+0 (secure 0 0 0) 0x7f23c404c9d0 con 0x7f23d4105500
2023-07-14T12:38:38.666 INFO:teuthology.orchestra.run.smithi040.stdout:/usr/bin/ceph: stderr
2023-07-14T12:38:37.799+0000 7f23d2ffd700 1 -- 172.21.15.40:0/3814018297 >> [v2:172.21.15.40:6800/2447803421,v1:172.21.15.40:6801/2447803421] conn(0x7f23bc038760 msgr2=0x7f23bc03ac10 unknown :-1 s=STATE_CONNECTING_RE l=1).process reconnect failed to v2:172.21.15.40:6800/2447803421
2023-07-14T12:38:38.666 INFO:teuthology.orchestra.run.smithi040.stdout:/usr/bin/ceph: stderr
2023-07-14T12:38:37.799+0000 7f23d2ffd700 1 --2- 172.21.15.40:0/3814018297 >> [v2:172.21.15.40:6800/2447803421,v1:172.21.15.40:6801/2447803421] conn(0x7f23bc038760 0x7f23bc03ac10 unknown :-1 s=START_CONNECT pgs=0 cs=0 l=1 rev1=0 crypto rx=0 tx=0 comp rx=0 tx=0)._fault waiting 0.200000
2023-07-14T12:38:38.666 INFO:teuthology.orchestra.run.smithi040.stdout:/usr/bin/ceph: stderr
2023-07-14T12:38:37.804+0000 7f23d0ff9700 1 -- 172.21.15.40:0/3814018297 <== mon.0 v2:172.21.15.40:3300/0 6 ==== mon_command_ack([{"prefix": "get_command_descriptions"}]=0 v0) v1 ==== 72+0+178038 (secure 0 0 0) 0x7f23c401a430 con 0x7f23d4105500
2023-07-14T12:38:38.666 INFO:teuthology.orchestra.run.smithi040.stdout:/usr/bin/ceph: stderr
2023-07-14T12:38:38.000+0000 7f23d2ffd700 1 -- 172.21.15.40:0/3814018297 >> [v2:172.21.15.40:6800/2447803421,v1:172.21.15.40:6801/2447803421] conn(0x7f23bc038760 msgr2=0x7f23bc03ac10 unknown :-1 s=STATE_CONNECTING_RE l=1).process reconnect failed to v2:172.21.15.40:6800/2447803421
2023-07-14T12:38:38.666 INFO:teuthology.orchestra.run.smithi040.stdout:/usr/bin/ceph: stderr
2023-07-14T12:38:38.000+0000 7f23d2ffd700 1 --2- 172.21.15.40:0/3814018297 >> [v2:172.21.15.40:6800/2447803421,v1:172.21.15.40:6801/2447803421] conn(0x7f23bc038760 0x7f23bc03ac10 unknown :-1 s=START_CONNECT pgs=0 cs=0 l=1 rev1=0 crypto rx=0 tx=0 comp rx=0 tx=0)._fault waiting 0.400000
2023-07-14T12:38:38.666 INFO:teuthology.orchestra.run.smithi040.stdout:/usr/bin/ceph: stderr
2023-07-14T12:38:38.271+0000 7f23d9b61700 1 -- 172.21.15.40:0/3814018297 --> [v2:172.21.15.40:3300/0,v1:172.21.15.40:6789/0] -- mon_command({"prefix": "mgr stat"} v 0) v1 -- 0x7f23d419cde0 con 0x7f23d4105500
2023-07-14T12:38:38.667 INFO:teuthology.orchestra.run.smithi040.stdout:/usr/bin/ceph: stderr
2023-07-14T12:38:38.272+0000 7f23d0ff9700 1 -- 172.21.15.40:0/3814018297 <== mon.0 v2:172.21.15.40:3300/0 7 ==== mon_command_ack([{"prefix": "mgr stat"}]=0 v9) v1 ==== 56+0+88 (secure 0 0 0) 0x7f23c402db00 con 0x7f23d4105500
2023-07-14T12:38:38.667 INFO:teuthology.orchestra.run.smithi040.stdout:/usr/bin/ceph: stderr
2023-07-14T12:38:38.274+0000 7f23d9b61700 1 -- 172.21.15.40:0/3814018297 >> [v2:172.21.15.40:6800/2447803421,v1:172.21.15.40:6801/2447803421] conn(0x7f23bc038760 msgr2=0x7f23bc03ac10 unknown :-1 s=STATE_CONNECTING l=1).mark_down
2023-07-14T12:38:38.667 INFO:teuthology.orchestra.run.smithi040.stdout:/usr/bin/ceph: stderr
2023-07-14T12:38:38.274+0000 7f23d9b61700 1 --2- 172.21.15.40:0/3814018297 >> [v2:172.21.15.40:6800/2447803421,v1:172.21.15.40:6801/2447803421] conn(0x7f23bc038760 0x7f23bc03ac10 unknown :-1 s=START_CONNECT pgs=0 cs=0 l=1 rev1=0 crypto rx=0 tx=0 comp rx=0 tx=0).stop
2023-07-14T12:38:38.667 INFO:teuthology.orchestra.run.smithi040.stdout:/usr/bin/ceph: stderr
2023-07-14T12:38:38.274+0000 7f23d9b61700 1 -- 172.21.15.40:0/3814018297 >> [v2:172.21.15.40:3300/0,v1:172.21.15.40:6789/0] conn(0x7f23d4105500 msgr2=0x7f23d41992b0 secure :-1 s=STATE_CONNECTION_ESTABLISHED l=1).mark_down
2023-07-14T12:38:38.667 INFO:teuthology.orchestra.run.smithi040.stdout:/usr/bin/ceph: stderr
2023-07-14T12:38:38.274+0000 7f23d9b61700 1 --2- 172.21.15.40:0/3814018297 >> [v2:172.21.15.40:3300/0,v1:172.21.15.40:6789/0] conn(0x7f23d4105500 0x7f23d41992b0 secure :-1 s=READY pgs=58 cs=0 l=1 rev1=1 crypto rx=0x7f23c4003f00 tx=0x7f23c4011a30 comp rx=0 tx=0).stop
2023-07-14T12:38:38.667 INFO:teuthology.orchestra.run.smithi040.stdout:/usr/bin/ceph: stderr
2023-07-14T12:38:38.274+0000 7f23d9b61700 1 -- 172.21.15.40:0/3814018297 shutdown_connections
2023-07-14T12:38:38.667 INFO:teuthology.orchestra.run.smithi040.stdout:/usr/bin/ceph: stderr
2023-07-14T12:38:38.274+0000 7f23d9b61700 1 --2- 172.21.15.40:0/3814018297 >> [v2:172.21.15.40:6800/2447803421,v1:172.21.15.40:6801/2447803421] conn(0x7f23bc038760 0x7f23bc03ac10 unknown :-1 s=CLOSED pgs=0 cs=0 l=1 rev1=0 crypto rx=0 tx=0 comp rx=0 tx=0).stop
2023-07-14T12:38:38.668 INFO:teuthology.orchestra.run.smithi040.stdout:/usr/bin/ceph: stderr
2023-07-14T12:38:38.274+0000 7f23d9b61700 1 --2- 172.21.15.40:0/3814018297 >> [v2:172.21.15.40:3300/0,v1:172.21.15.40:6789/0] conn(0x7f23d4105500 0x7f23d41992b0 unknown :-1 s=CLOSED pgs=58 cs=0 l=1 rev1=1 crypto rx=0 tx=0 comp rx=0 tx=0).stop
2023-07-14T12:38:38.668 INFO:teuthology.orchestra.run.smithi040.stdout:/usr/bin/ceph: stderr
2023-07-14T12:38:38.274+0000 7f23d9b61700 1 -- 172.21.15.40:0/3814018297 >> 172.21.15.40:0/3814018297 conn(0x7f23d4100b70 msgr2=0x7f23d4102200 unknown :-1 s=STATE_NONE l=0).mark_down
2023-07-14T12:38:38.668 INFO:teuthology.orchestra.run.smithi040.stdout:/usr/bin/ceph: stderr
2023-07-14T12:38:38.275+0000 7f23d9b61700 1 -- 172.21.15.40:0/3814018297 shutdown_connections
2023-07-14T12:38:38.668 INFO:teuthology.orchestra.run.smithi040.stdout:/usr/bin/ceph: stderr
2023-07-14T12:38:38.275+0000 7f23d9b61700 1 -- 172.21.15.40:0/3814018297 wait complete.
2023-07-14T12:38:38.668 INFO:teuthology.orchestra.run.smithi040.stdout:Waiting for the mgr to restart...
2023-07-14T12:38:38.668 INFO:teuthology.orchestra.run.smithi040.stdout:Waiting for mgr epoch 9...
2023-07-14T12:38:38.841 INFO:journalctl@ceph.mgr.x.smithi040.stdout:Jul 14 12:38:38 smithi040 ceph-1fe65914-2243-11ee-9b33-001a4aab830c-mgr-x[96784]:
2023-07-14T12:38:38.408+0000 7fe845338200 -1 mgr[py] Module alerts has missing NOTIFY_TYPES member
2023-07-14T12:38:39.342 INFO:journalctl@ceph.mon.a.smithi040.stdout:Jul 14 12:38:38 smithi040 ceph-mon[96535]: from='client.? 172.21.15.40:0/3814018297' entity='client.admin' cmd=[{"prefix": "mgr stat"}]: dispatch
2023-07-14T12:38:39.345 INFO:journalctl@ceph.mgr.x.smithi040.stdout:Jul 14 12:38:38 smithi040 ceph-1fe65914-2243-11ee-9b33-001a4aab830c-mgr-x[96784]:
2023-07-14T12:38:38.932+0000 7fe845338200 -1 mgr[py] Module progress has missing NOTIFY_TYPES member
2023-07-14T12:38:40.091 INFO:journalctl@ceph.mgr.x.smithi040.stdout:Jul 14 12:38:39 smithi040 ceph-1fe65914-2243-11ee-9b33-001a4aab830c-mgr-x[96784]:
2023-07-14T12:38:39.621+0000 7fe845338200 -1 mgr[py] Module rook has missing NOTIFY_TYPES member
2023-07-14T12:38:40.091 INFO:journalctl@ceph.mgr.x.smithi040.stdout:Jul 14 12:38:39 smithi040 ceph-1fe65914-2243-11ee-9b33-001a4aab830c-mgr-x[96784]:
2023-07-14T12:38:39.814+0000 7fe845338200 -1 mgr[py] Module iostat has missing NOTIFY_TYPES member
2023-07-14T12:38:41.091 INFO:journalctl@ceph.mgr.x.smithi040.stdout:Jul 14 12:38:40 smithi040 ceph-1fe65914-2243-11ee-9b33-001a4aab830c-mgr-x[96784]:
2023-07-14T12:38:40.775+0000 7fe845338200 -1 mgr[py] Module test_orchestrator has missing NOTIFY_TYPES member
2023-07-14T12:38:41.091 INFO:journalctl@ceph.mgr.x.smithi040.stdout:Jul 14 12:38:40 smithi040 ceph-1fe65914-2243-11ee-9b33-001a4aab830c-mgr-x[96784]:
2023-07-14T12:38:40.886+0000 7fe845338200 -1 mgr[py] Module osd_perf_query has missing NOTIFY_TYPES member
2023-07-14T12:38:41.461 INFO:journalctl@ceph.mgr.x.smithi040.stdout:Jul 14 12:38:41 smithi040 ceph-1fe65914-2243-11ee-9b33-001a4aab830c-mgr-x[96784]:
2023-07-14T12:38:41.104+0000 7fe845338200 -1 mgr[py] Module orchestrator has missing NOTIFY_TYPES member
2023-07-14T12:38:41.713 INFO:journalctl@ceph.mgr.x.smithi040.stdout:Jul 14 12:38:41 smithi040 ceph-1fe65914-2243-11ee-9b33-001a4aab830c-mgr-x[96784]:
2023-07-14T12:38:41.454+0000 7fe845338200 -1 mgr[py] Module rgw has missing NOTIFY_TYPES member
2023-07-14T12:38:42.091 INFO:journalctl@ceph.mgr.x.smithi040.stdout:Jul 14 12:38:41 smithi040 ceph-1fe65914-2243-11ee-9b33-001a4aab830c-mgr-x[96784]:
2023-07-14T12:38:41.707+0000 7fe845338200 -1 mgr[py] Module influx has missing NOTIFY_TYPES member
2023-07-14T12:38:42.091 INFO:journalctl@ceph.mgr.x.smithi040.stdout:Jul 14 12:38:41 smithi040 ceph-1fe65914-2243-11ee-9b33-001a4aab830c-mgr-x[96784]:
2023-07-14T12:38:41.889+0000 7fe845338200 -1 mgr[py] Module telemetry has missing NOTIFY_TYPES member
2023-07-14T12:38:42.591 INFO:journalctl@ceph.mgr.x.smithi040.stdout:Jul 14 12:38:42 smithi040 ceph-1fe65914-2243-11ee-9b33-001a4aab830c-mgr-x[96784]:
2023-07-14T12:38:42.218+0000 7fe845338200 -1 mgr[py] Module telegraf has missing NOTIFY_TYPES member
2023-07-14T12:38:43.341 INFO:journalctl@ceph.mgr.x.smithi040.stdout:Jul 14 12:38:43 smithi040 ceph-1fe65914-2243-11ee-9b33-001a4aab830c-mgr-x[96784]:
2023-07-14T12:38:43.041+0000 7fe845338200 -1 mgr[py] Module balancer has missing NOTIFY_TYPES member
2023-07-14T12:38:43.341 INFO:journalctl@ceph.mgr.x.smithi040.stdout:Jul 14 12:38:43 smithi040 ceph-1fe65914-2243-11ee-9b33-001a4aab830c-mgr-x[96784]:
2023-07-14T12:38:43.201+0000 7fe845338200 -1 mgr[py] Module diskprediction_local has missing NOTIFY_TYPES member
2023-07-14T12:38:43.841 INFO:journalctl@ceph.mgr.x.smithi040.stdout:Jul 14 12:38:43 smithi040 ceph-1fe65914-2243-11ee-9b33-001a4aab830c-mgr-x[96784]:
2023-07-14T12:38:43.445+0000 7fe845338200 -1 mgr[py] Module nfs has missing NOTIFY_TYPES member
2023-07-14T12:38:43.841 INFO:journalctl@ceph.mgr.x.smithi040.stdout:Jul 14 12:38:43 smithi040 ceph-1fe65914-2243-11ee-9b33-001a4aab830c-mgr-x[96784]:
2023-07-14T12:38:43.585+0000 7fe845338200 -1 mgr[py] Module rbd_support has missing NOTIFY_TYPES member
2023-07-14T12:38:44.341 INFO:journalctl@ceph.mgr.x.smithi040.stdout:Jul 14 12:38:43 smithi040 ceph-1fe65914-2243-11ee-9b33-001a4aab830c-mgr-x[96784]:
2023-07-14T12:38:43.855+0000 7fe845338200 -1 mgr[py] Module volumes has missing NOTIFY_TYPES member
2023-07-14T12:38:45.341 INFO:journalctl@ceph.mgr.x.smithi040.stdout:Jul 14 12:38:44 smithi040 ceph-1fe65914-2243-11ee-9b33-001a4aab830c-mgr-x[96784]:
2023-07-14T12:38:44.891+0000 7fe845338200 -1 mgr[py] Module pg_autoscaler has missing NOTIFY_TYPES member
2023-07-14T12:38:45.341 INFO:journalctl@ceph.mon.a.smithi040.stdout:Jul 14 12:38:44 smithi040 ceph-mon[96535]: Active manager daemon x restarted
2023-07-14T12:38:45.341 INFO:journalctl@ceph.mon.a.smithi040.stdout:Jul 14 12:38:44 smithi040 ceph-mon[96535]: Activating manager daemon x
2023-07-14T12:38:45.342 INFO:journalctl@ceph.mon.a.smithi040.stdout:Jul 14 12:38:44 smithi040 ceph-mon[96535]: osdmap e3: 0 total, 0 up, 0 in
2023-07-14T12:38:45.342 INFO:journalctl@ceph.mon.a.smithi040.stdout:Jul 14 12:38:44 smithi040 ceph-mon[96535]: mgrmap e10: x(active, starting, since 0.00378219s)
2023-07-14T12:38:45.342 INFO:journalctl@ceph.mon.a.smithi040.stdout:Jul 14 12:38:44 smithi040 ceph-mon[96535]: from='mgr.14150 172.21.15.40:0/4001259600' entity='mgr.x' cmd=[{"prefix": "mon metadata", "id": "a"}]: dispatch
2023-07-14T12:38:45.342 INFO:journalctl@ceph.mon.a.smithi040.stdout:Jul 14 12:38:44 smithi040 ceph-mon[96535]: from='mgr.14150 172.21.15.40:0/4001259600' entity='mgr.x' cmd=[{"prefix": "mgr metadata", "who": "x", "id": "x"}]: dispatch
2023-07-14T12:38:45.342 INFO:journalctl@ceph.mon.a.smithi040.stdout:Jul 14 12:38:44 smithi040 ceph-mon[96535]: from='mgr.14150 172.21.15.40:0/4001259600' entity='mgr.x' cmd=[{"prefix": "mds metadata"}]: dispatch
2023-07-14T12:38:45.342 INFO:journalctl@ceph.mon.a.smithi040.stdout:Jul 14 12:38:44 smithi040 ceph-mon[96535]: from='mgr.14150 172.21.15.40:0/4001259600' entity='mgr.x' cmd=[{"prefix": "osd metadata"}]: dispatch
2023-07-14T12:38:45.342 INFO:journalctl@ceph.mon.a.smithi040.stdout:Jul 14 12:38:44 smithi040 ceph-mon[96535]: from='mgr.14150 172.21.15.40:0/4001259600' entity='mgr.x' cmd=[{"prefix": "mon metadata"}]: dispatch
2023-07-14T12:38:45.343 INFO:journalctl@ceph.mon.a.smithi040.stdout:Jul 14 12:38:44 smithi040 ceph-mon[96535]: Manager daemon x is now available
2023-07-14T12:38:45.343 INFO:journalctl@ceph.mon.a.smithi040.stdout:Jul 14 12:38:44 smithi040 ceph-mon[96535]: from='mgr.14150 172.21.15.40:0/4001259600' entity='mgr.x' cmd=[{"prefix": "config dump", "format": "json"}]: dispatch
2023-07-14T12:38:45.343 INFO:journalctl@ceph.mon.a.smithi040.stdout:Jul 14 12:38:44 smithi040 ceph-mon[96535]: from='mgr.14150 172.21.15.40:0/4001259600' entity='mgr.x' cmd=[{"prefix": "config dump", "format": "json"}]: dispatch
2023-07-14T12:38:46.315 INFO:teuthology.orchestra.run.smithi040.stdout:/usr/bin/ceph: stdout {
2023-07-14T12:38:46.316 INFO:teuthology.orchestra.run.smithi040.stdout:/usr/bin/ceph: stdout "mgrmap_epoch": 11,
2023-07-14T12:38:46.316 INFO:teuthology.orchestra.run.smithi040.stdout:/usr/bin/ceph: stdout "initialized": true
2023-07-14T12:38:46.316 INFO:teuthology.orchestra.run.smithi040.stdout:/usr/bin/ceph: stdout }
2023-07-14T12:38:46.318 INFO:teuthology.orchestra.run.smithi040.stdout:/usr/bin/ceph: stderr
2023-07-14T12:38:39.186+0000 7f048e42f700 1 Processor -- start
2023-07-14T12:38:46.319 INFO:teuthology.orchestra.run.smithi040.stdout:/usr/bin/ceph: stderr
2023-07-14T12:38:39.187+0000 7f048e42f700 1 -- start start
2023-07-14T12:38:46.319 INFO:teuthology.orchestra.run.smithi040.stdout:/usr/bin/ceph: stderr
2023-07-14T12:38:39.187+0000 7f048e42f700 1 --2- >> [v2:172.21.15.40:3300/0,v1:172.21.15.40:6789/0] conn(0x7f0488104400 0x7f0488104810 unknown :-1 s=NONE pgs=0 cs=0 l=0 rev1=0 crypto rx=0 tx=0 comp rx=0 tx=0).connect
2023-07-14T12:38:46.319 INFO:teuthology.orchestra.run.smithi040.stdout:/usr/bin/ceph: stderr
2023-07-14T12:38:39.187+0000 7f048e42f700 1 -- --> [v2:172.21.15.40:3300/0,v1:172.21.15.40:6789/0] -- mon_getmap magic: 0 v1 -- 0x7f0488104d50 con 0x7f0488104400
2023-07-14T12:38:46.319 INFO:teuthology.orchestra.run.smithi040.stdout:/usr/bin/ceph: stderr
2023-07-14T12:38:39.187+0000 7f0487fff700 1 --2- >> [v2:172.21.15.40:3300/0,v1:172.21.15.40:6789/0] conn(0x7f0488104400 0x7f0488104810 unknown :-1 s=BANNER_CONNECTING pgs=0 cs=0 l=0 rev1=0 crypto rx=0 tx=0 comp rx=0 tx=0)._handle_peer_banner_payload supported=3 required=0
2023-07-14T12:38:46.319 INFO:teuthology.orchestra.run.smithi040.stdout:/usr/bin/ceph: stderr
2023-07-14T12:38:39.187+0000 7f0487fff700 1 --2- >> [v2:172.21.15.40:3300/0,v1:172.21.15.40:6789/0] conn(0x7f0488104400 0x7f0488104810 unknown :-1 s=HELLO_CONNECTING pgs=0 cs=0 l=0 rev1=1 crypto rx=0 tx=0 comp rx=0 tx=0).handle_hello peer v2:172.21.15.40:3300/0 says I am v2:172.21.15.40:58930/0 (socket says 172.21.15.40:58930)
2023-07-14T12:38:46.319 INFO:teuthology.orchestra.run.smithi040.stdout:/usr/bin/ceph: stderr
2023-07-14T12:38:39.187+0000 7f0487fff700 1 -- 172.21.15.40:0/3478079274 learned_addr learned my addr 172.21.15.40:0/3478079274 (peer_addr_for_me v2:172.21.15.40:0/0)
2023-07-14T12:38:46.320 INFO:teuthology.orchestra.run.smithi040.stdout:/usr/bin/ceph: stderr
2023-07-14T12:38:39.187+0000 7f0487fff700 1 -- 172.21.15.40:0/3478079274 --> [v2:172.21.15.40:3300/0,v1:172.21.15.40:6789/0] -- mon_subscribe({config=0+,monmap=0+}) v3 -- 0x7f0488104e90 con 0x7f0488104400
2023-07-14T12:38:46.320 INFO:teuthology.orchestra.run.smithi040.stdout:/usr/bin/ceph: stderr
2023-07-14T12:38:39.188+0000 7f0487fff700 1 --2- 172.21.15.40:0/3478079274 >> [v2:172.21.15.40:3300/0,v1:172.21.15.40:6789/0] conn(0x7f0488104400 0x7f0488104810 secure :-1 s=READY pgs=59 cs=0 l=1 rev1=1 crypto rx=0x7f04780098a0 tx=0x7f0478009bb0 comp rx=0 tx=0).ready entity=mon.0 client_cookie=99d9b01f5e0f70f6 server_cookie=0 in_seq=0 out_seq=0
2023-07-14T12:38:46.320 INFO:teuthology.orchestra.run.smithi040.stdout:/usr/bin/ceph: stderr
2023-07-14T12:38:39.188+0000 7f0486ffd700 1 -- 172.21.15.40:0/3478079274 <== mon.0 v2:172.21.15.40:3300/0 1 ==== mon_map magic: 0 v1 ==== 205+0+0 (secure 0 0 0) 0x7f0478004160 con 0x7f0488104400
2023-07-14T12:38:46.320 INFO:teuthology.orchestra.run.smithi040.stdout:/usr/bin/ceph: stderr
2023-07-14T12:38:39.188+0000 7f0486ffd700 1 -- 172.21.15.40:0/3478079274 <== mon.0 v2:172.21.15.40:3300/0 2 ==== config(26 keys) v1 ==== 1105+0+0 (secure 0 0 0) 0x7f04780042c0 con 0x7f0488104400
2023-07-14T12:38:46.320 INFO:teuthology.orchestra.run.smithi040.stdout:/usr/bin/ceph: stderr
2023-07-14T12:38:39.188+0000 7f0486ffd700 1 -- 172.21.15.40:0/3478079274 <== mon.0 v2:172.21.15.40:3300/0 3 ==== mon_map magic: 0 v1 ==== 205+0+0 (secure 0 0 0) 0x7f04780119b0 con 0x7f0488104400
2023-07-14T12:38:46.320 INFO:teuthology.orchestra.run.smithi040.stdout:/usr/bin/ceph: stderr
2023-07-14T12:38:39.188+0000 7f048e42f700 1 -- 172.21.15.40:0/3478079274 >> [v2:172.21.15.40:3300/0,v1:172.21.15.40:6789/0] conn(0x7f0488104400 msgr2=0x7f0488104810 secure :-1 s=STATE_CONNECTION_ESTABLISHED l=1).mark_down
2023-07-14T12:38:46.320 INFO:teuthology.orchestra.run.smithi040.stdout:/usr/bin/ceph: stderr
2023-07-14T12:38:39.188+0000 7f048e42f700 1 --2- 172.21.15.40:0/3478079274 >> [v2:172.21.15.40:3300/0,v1:172.21.15.40:6789/0] conn(0x7f0488104400 0x7f0488104810 secure :-1 s=READY pgs=59 cs=0 l=1 rev1=1 crypto rx=0x7f04780098a0 tx=0x7f0478009bb0 comp rx=0 tx=0).stop
2023-07-14T12:38:46.321 INFO:teuthology.orchestra.run.smithi040.stdout:/usr/bin/ceph: stderr
2023-07-14T12:38:39.188+0000 7f048e42f700 1 -- 172.21.15.40:0/3478079274 shutdown_connections
2023-07-14T12:38:46.321 INFO:teuthology.orchestra.run.smithi040.stdout:/usr/bin/ceph: stderr
2023-07-14T12:38:39.188+0000 7f048e42f700 1 --2- 172.21.15.40:0/3478079274 >> [v2:172.21.15.40:3300/0,v1:172.21.15.40:6789/0] conn(0x7f0488104400 0x7f0488104810 unknown :-1 s=CLOSED pgs=59 cs=0 l=1 rev1=1 crypto rx=0 tx=0 comp rx=0 tx=0).stop
2023-07-14T12:38:46.321 INFO:teuthology.orchestra.run.smithi040.stdout:/usr/bin/ceph: stderr
2023-07-14T12:38:39.189+0000 7f048e42f700 1 -- 172.21.15.40:0/3478079274 >> 172.21.15.40:0/3478079274 conn(0x7f04880ffa50 msgr2=0x7f0488101e80 unknown :-1 s=STATE_NONE l=0).mark_down
2023-07-14T12:38:46.321 INFO:teuthology.orchestra.run.smithi040.stdout:/usr/bin/ceph: stderr
2023-07-14T12:38:39.189+0000 7f048e42f700 1 -- 172.21.15.40:0/3478079274 shutdown_connections
2023-07-14T12:38:46.321 INFO:teuthology.orchestra.run.smithi040.stdout:/usr/bin/ceph: stderr
2023-07-14T12:38:39.189+0000 7f048e42f700 1 -- 172.21.15.40:0/3478079274 wait complete.
2023-07-14T12:38:46.321 INFO:teuthology.orchestra.run.smithi040.stdout:/usr/bin/ceph: stderr
2023-07-14T12:38:39.189+0000 7f048e42f700 1 Processor -- start
2023-07-14T12:38:46.321 INFO:teuthology.orchestra.run.smithi040.stdout:/usr/bin/ceph: stderr
2023-07-14T12:38:39.189+0000 7f048e42f700 1 -- start start
2023-07-14T12:38:46.321 INFO:teuthology.orchestra.run.smithi040.stdout:/usr/bin/ceph: stderr
2023-07-14T12:38:39.190+0000 7f048e42f700 1 --2- >> [v2:172.21.15.40:3300/0,v1:172.21.15.40:6789/0] conn(0x7f0488104400 0x7f048819b4a0 unknown :-1 s=NONE pgs=0 cs=0 l=1 rev1=0 crypto rx=0 tx=0 comp rx=0 tx=0).connect
2023-07-14T12:38:46.322 INFO:teuthology.orchestra.run.smithi040.stdout:/usr/bin/ceph: stderr
2023-07-14T12:38:39.190+0000 7f048e42f700 1 -- --> [v2:172.21.15.40:3300/0,v1:172.21.15.40:6789/0] -- mon_getmap magic: 0 v1 -- 0x7f048819b9e0 con 0x7f0488104400
2023-07-14T12:38:46.322 INFO:teuthology.orchestra.run.smithi040.stdout:/usr/bin/ceph: stderr
2023-07-14T12:38:39.190+0000 7f0487fff700 1 --2- >> [v2:172.21.15.40:3300/0,v1:172.21.15.40:6789/0] conn(0x7f0488104400 0x7f048819b4a0 unknown :-1 s=BANNER_CONNECTING pgs=0 cs=0 l=1 rev1=0 crypto rx=0 tx=0 comp rx=0 tx=0)._handle_peer_banner_payload supported=3 required=0
2023-07-14T12:38:46.322 INFO:teuthology.orchestra.run.smithi040.stdout:/usr/bin/ceph: stderr
2023-07-14T12:38:39.190+0000 7f0487fff700 1 --2- >> [v2:172.21.15.40:3300/0,v1:172.21.15.40:6789/0] conn(0x7f0488104400 0x7f048819b4a0 unknown :-1 s=HELLO_CONNECTING pgs=0 cs=0 l=1 rev1=1 crypto rx=0 tx=0 comp rx=0 tx=0).handle_hello peer v2:172.21.15.40:3300/0 says I am v2:172.21.15.40:58932/0 (socket says 172.21.15.40:58932)
2023-07-14T12:38:46.322 INFO:teuthology.orchestra.run.smithi040.stdout:/usr/bin/ceph: stderr
2023-07-14T12:38:39.190+0000 7f0487fff700 1 -- 172.21.15.40:0/3833746575 learned_addr learned my addr 172.21.15.40:0/3833746575 (peer_addr_for_me v2:172.21.15.40:0/0)
2023-07-14T12:38:46.322 INFO:teuthology.orchestra.run.smithi040.stdout:/usr/bin/ceph: stderr
2023-07-14T12:38:39.190+0000 7f0487fff700 1 -- 172.21.15.40:0/3833746575 --> [v2:172.21.15.40:3300/0,v1:172.21.15.40:6789/0] -- mon_subscribe({config=0+,monmap=0+}) v3 -- 0x7f0478009550 con 0x7f0488104400
2023-07-14T12:38:46.322 INFO:teuthology.orchestra.run.smithi040.stdout:/usr/bin/ceph: stderr
2023-07-14T12:38:39.190+0000 7f0487fff700 1 --2- 172.21.15.40:0/3833746575 >> [v2:172.21.15.40:3300/0,v1:172.21.15.40:6789/0] conn(0x7f0488104400 0x7f048819b4a0 secure :-1 s=READY pgs=60 cs=0 l=1 rev1=1 crypto rx=0x7f0478003f00 tx=0x7f0478011a30 comp rx=0 tx=0).ready entity=mon.0 client_cookie=0 server_cookie=0 in_seq=0 out_seq=0
2023-07-14T12:38:46.322 INFO:teuthology.orchestra.run.smithi040.stdout:/usr/bin/ceph: stderr
2023-07-14T12:38:39.190+0000 7f04857fa700 1 -- 172.21.15.40:0/3833746575 <== mon.0 v2:172.21.15.40:3300/0 1 ==== mon_map magic: 0 v1 ==== 205+0+0 (secure 0 0 0) 0x7f0478003b20 con 0x7f0488104400
2023-07-14T12:38:46.323 INFO:teuthology.orchestra.run.smithi040.stdout:/usr/bin/ceph: stderr
2023-07-14T12:38:39.190+0000 7f04857fa700 1 -- 172.21.15.40:0/3833746575 <== mon.0 v2:172.21.15.40:3300/0 2 ==== config(26 keys) v1 ==== 1105+0+0 (secure 0 0 0) 0x7f0478003c80 con 0x7f0488104400
2023-07-14T12:38:46.323 INFO:teuthology.orchestra.run.smithi040.stdout:/usr/bin/ceph: stderr
2023-07-14T12:38:39.190+0000 7f04857fa700 1 -- 172.21.15.40:0/3833746575 <== mon.0 v2:172.21.15.40:3300/0 3 ==== mon_map magic: 0 v1 ==== 205+0+0 (secure 0 0 0) 0x7f0478019770 con 0x7f0488104400
2023-07-14T12:38:46.323 INFO:teuthology.orchestra.run.smithi040.stdout:/usr/bin/ceph: stderr
2023-07-14T12:38:39.190+0000 7f048e42f700 1 -- 172.21.15.40:0/3833746575 --> [v2:172.21.15.40:3300/0,v1:172.21.15.40:6789/0] -- mon_subscribe({mgrmap=0+}) v3 -- 0x7f048819bbe0 con 0x7f0488104400
2023-07-14T12:38:46.323 INFO:teuthology.orchestra.run.smithi040.stdout:/usr/bin/ceph: stderr
2023-07-14T12:38:39.191+0000 7f048e42f700 1 -- 172.21.15.40:0/3833746575 --> [v2:172.21.15.40:3300/0,v1:172.21.15.40:6789/0] -- mon_subscribe({osdmap=0}) v3 -- 0x7f048819c000 con 0x7f0488104400
2023-07-14T12:38:46.324 INFO:teuthology.orchestra.run.smithi040.stdout:/usr/bin/ceph: stderr
2023-07-14T12:38:39.192+0000 7f04857fa700 1 -- 172.21.15.40:0/3833746575 <== mon.0 v2:172.21.15.40:3300/0 4 ==== mgrmap(e 9) v1 ==== 45496+0+0 (secure 0 0 0) 0x7f047801ab60 con 0x7f0488104400
2023-07-14T12:38:46.326 INFO:teuthology.orchestra.run.smithi040.stdout:/usr/bin/ceph: stderr
2023-07-14T12:38:39.192+0000 7f04857fa700 1 --2- 172.21.15.40:0/3833746575 >> [v2:172.21.15.40:6800/2447803421,v1:172.21.15.40:6801/2447803421] conn(0x7f04700387b0 0x7f047003ac60 unknown :-1 s=NONE pgs=0 cs=0 l=1 rev1=0 crypto rx=0 tx=0 comp rx=0 tx=0).connect
2023-07-14T12:38:46.326 INFO:teuthology.orchestra.run.smithi040.stdout:/usr/bin/ceph: stderr
2023-07-14T12:38:39.192+0000 7f04857fa700 1 -- 172.21.15.40:0/3833746575 --> [v2:172.21.15.40:6800/2447803421,v1:172.21.15.40:6801/2447803421] -- command(tid 0: {"prefix": "get_command_descriptions"}) v1 -- 0x7f047003b370 con 0x7f04700387b0
2023-07-14T12:38:46.327 INFO:teuthology.orchestra.run.smithi040.stdout:/usr/bin/ceph: stderr
2023-07-14T12:38:39.192+0000 7f04857fa700 1 -- 172.21.15.40:0/3833746575 <== mon.0 v2:172.21.15.40:3300/0 5 ==== osd_map(2..2 src has 1..2) v4 ==== 940+0+0 (secure 0 0 0) 0x7f047804ca90 con 0x7f0488104400
2023-07-14T12:38:46.327 INFO:teuthology.orchestra.run.smithi040.stdout:/usr/bin/ceph: stderr
2023-07-14T12:38:39.192+0000 7f04877fe700 1 -- 172.21.15.40:0/3833746575 >> [v2:172.21.15.40:6800/2447803421,v1:172.21.15.40:6801/2447803421] conn(0x7f04700387b0 msgr2=0x7f047003ac60 unknown :-1 s=STATE_CONNECTING_RE l=1).process reconnect failed to v2:172.21.15.40:6800/2447803421
2023-07-14T12:38:46.327 INFO:teuthology.orchestra.run.smithi040.stdout:/usr/bin/ceph: stderr
2023-07-14T12:38:39.192+0000 7f04877fe700 1 --2- 172.21.15.40:0/3833746575 >> [v2:172.21.15.40:6800/2447803421,v1:172.21.15.40:6801/2447803421] conn(0x7f04700387b0 0x7f047003ac60 unknown :-1 s=START_CONNECT pgs=0 cs=0 l=1 rev1=0 crypto rx=0 tx=0 comp rx=0 tx=0)._fault waiting 0.200000
2023-07-14T12:38:46.327 INFO:teuthology.orchestra.run.smithi040.stdout:/usr/bin/ceph: stderr
2023-07-14T12:38:39.393+0000 7f04877fe700 1 -- 172.21.15.40:0/3833746575 >> [v2:172.21.15.40:6800/2447803421,v1:172.21.15.40:6801/2447803421] conn(0x7f04700387b0 msgr2=0x7f047003ac60 unknown :-1 s=STATE_CONNECTING_RE l=1).process reconnect failed to v2:172.21.15.40:6800/2447803421
2023-07-14T12:38:46.327 INFO:teuthology.orchestra.run.smithi040.stdout:/usr/bin/ceph: stderr
2023-07-14T12:38:39.393+0000 7f04877fe700 1 --2- 172.21.15.40:0/3833746575 >> [v2:172.21.15.40:6800/2447803421,v1:172.21.15.40:6801/2447803421] conn(0x7f04700387b0 0x7f047003ac60 unknown :-1 s=START_CONNECT pgs=0 cs=0 l=1 rev1=0 crypto rx=0 tx=0 comp rx=0 tx=0)._fault waiting 0.400000
2023-07-14T12:38:46.327 INFO:teuthology.orchestra.run.smithi040.stdout:/usr/bin/ceph: stderr
2023-07-14T12:38:39.794+0000 7f04877fe700 1 -- 172.21.15.40:0/3833746575 >> [v2:172.21.15.40:6800/2447803421,v1:172.21.15.40:6801/2447803421] conn(0x7f04700387b0 msgr2=0x7f047003ac60 unknown :-1 s=STATE_CONNECTING_RE l=1).process reconnect failed to v2:172.21.15.40:6800/2447803421
2023-07-14T12:38:46.327 INFO:teuthology.orchestra.run.smithi040.stdout:/usr/bin/ceph: stderr
2023-07-14T12:38:39.794+0000 7f04877fe700 1 --2- 172.21.15.40:0/3833746575 >> [v2:172.21.15.40:6800/2447803421,v1:172.21.15.40:6801/2447803421] conn(0x7f04700387b0 0x7f047003ac60 unknown :-1 s=START_CONNECT pgs=0 cs=0 l=1 rev1=0 crypto rx=0 tx=0 comp rx=0 tx=0)._fault waiting 0.800000
2023-07-14T12:38:46.328 INFO:teuthology.orchestra.run.smithi040.stdout:/usr/bin/ceph: stderr
2023-07-14T12:38:40.595+0000 7f04877fe700 1 -- 172.21.15.40:0/3833746575 >> [v2:172.21.15.40:6800/2447803421,v1:172.21.15.40:6801/2447803421] conn(0x7f04700387b0 msgr2=0x7f047003ac60 unknown :-1 s=STATE_CONNECTING_RE l=1).process reconnect failed to v2:172.21.15.40:6800/2447803421
2023-07-14T12:38:46.328 INFO:teuthology.orchestra.run.smithi040.stdout:/usr/bin/ceph: stderr
2023-07-14T12:38:40.595+0000 7f04877fe700 1 --2- 172.21.15.40:0/3833746575 >> [v2:172.21.15.40:6800/2447803421,v1:172.21.15.40:6801/2447803421] conn(0x7f04700387b0 0x7f047003ac60 unknown :-1 s=START_CONNECT pgs=0 cs=0 l=1 rev1=0 crypto rx=0 tx=0 comp rx=0 tx=0)._fault waiting 1.600000
2023-07-14T12:38:46.328 INFO:teuthology.orchestra.run.smithi040.stdout:/usr/bin/ceph: stderr
2023-07-14T12:38:42.196+0000 7f04877fe700 1 -- 172.21.15.40:0/3833746575 >> [v2:172.21.15.40:6800/2447803421,v1:172.21.15.40:6801/2447803421] conn(0x7f04700387b0 msgr2=0x7f047003ac60 unknown :-1 s=STATE_CONNECTING_RE l=1).process reconnect failed to v2:172.21.15.40:6800/2447803421
2023-07-14T12:38:46.328 INFO:teuthology.orchestra.run.smithi040.stdout:/usr/bin/ceph: stderr
2023-07-14T12:38:42.196+0000 7f04877fe700 1 --2- 172.21.15.40:0/3833746575 >> [v2:172.21.15.40:6800/2447803421,v1:172.21.15.40:6801/2447803421] conn(0x7f04700387b0 0x7f047003ac60 unknown :-1 s=START_CONNECT pgs=0 cs=0 l=1 rev1=0 crypto rx=0 tx=0 comp rx=0 tx=0)._fault waiting 3.200000
2023-07-14T12:38:46.328 INFO:teuthology.orchestra.run.smithi040.stdout:/usr/bin/ceph: stderr
2023-07-14T12:38:44.907+0000 7f04857fa700 1 -- 172.21.15.40:0/3833746575 <== mon.0 v2:172.21.15.40:3300/0 6 ==== mgrmap(e 10) v1 ==== 45263+0+0 (secure 0 0 0) 0x7f04780199e0 con 0x7f0488104400
2023-07-14T12:38:46.328 INFO:teuthology.orchestra.run.smithi040.stdout:/usr/bin/ceph: stderr
2023-07-14T12:38:44.907+0000 7f04857fa700 1 -- 172.21.15.40:0/3833746575 >> [v2:172.21.15.40:6800/2447803421,v1:172.21.15.40:6801/2447803421] conn(0x7f04700387b0 msgr2=0x7f047003ac60 unknown :-1 s=STATE_CONNECTING l=1).mark_down
2023-07-14T12:38:46.328 INFO:teuthology.orchestra.run.smithi040.stdout:/usr/bin/ceph: stderr
2023-07-14T12:38:44.907+0000 7f04857fa700 1 --2- 172.21.15.40:0/3833746575 >> [v2:172.21.15.40:6800/2447803421,v1:172.21.15.40:6801/2447803421] conn(0x7f04700387b0 0x7f047003ac60 unknown :-1 s=START_CONNECT pgs=0 cs=0 l=1 rev1=0 crypto rx=0 tx=0 comp rx=0 tx=0).stop
2023-07-14T12:38:46.329 INFO:teuthology.orchestra.run.smithi040.stdout:/usr/bin/ceph: stderr
2023-07-14T12:38:45.908+0000 7f04857fa700 1 -- 172.21.15.40:0/3833746575 <== mon.0 v2:172.21.15.40:3300/0 7 ==== mgrmap(e 11) v1 ==== 45390+0+0 (secure 0 0 0) 0x7f047804e6f0 con 0x7f0488104400
2023-07-14T12:38:46.329 INFO:teuthology.orchestra.run.smithi040.stdout:/usr/bin/ceph: stderr
2023-07-14T12:38:45.909+0000 7f04857fa700 1 --2- 172.21.15.40:0/3833746575 >> [v2:172.21.15.40:6800/3106672556,v1:172.21.15.40:6801/3106672556] conn(0x7f047003bff0 0x7f047003e3d0 unknown :-1 s=NONE pgs=0 cs=0 l=1 rev1=0 crypto rx=0 tx=0 comp rx=0 tx=0).connect
2023-07-14T12:38:46.329 INFO:teuthology.orchestra.run.smithi040.stdout:/usr/bin/ceph: stderr
2023-07-14T12:38:45.909+0000 7f04857fa700 1 -- 172.21.15.40:0/3833746575 --> [v2:172.21.15.40:6800/3106672556,v1:172.21.15.40:6801/3106672556] -- command(tid 0: {"prefix": "get_command_descriptions"}) v1 -- 0x7f047003b370 con 0x7f047003bff0
2023-07-14T12:38:46.329 INFO:teuthology.orchestra.run.smithi040.stdout:/usr/bin/ceph: stderr
2023-07-14T12:38:45.909+0000 7f04877fe700 1 --2- 172.21.15.40:0/3833746575 >> [v2:172.21.15.40:6800/3106672556,v1:172.21.15.40:6801/3106672556] conn(0x7f047003bff0 0x7f047003e3d0 unknown :-1 s=BANNER_CONNECTING pgs=0 cs=0 l=1 rev1=0 crypto rx=0 tx=0 comp rx=0 tx=0)._handle_peer_banner_payload supported=3 required=0
2023-07-14T12:38:46.329 INFO:teuthology.orchestra.run.smithi040.stdout:/usr/bin/ceph: stderr
2023-07-14T12:38:45.910+0000 7f04877fe700 1 --2- 172.21.15.40:0/3833746575 >> [v2:172.21.15.40:6800/3106672556,v1:172.21.15.40:6801/3106672556] conn(0x7f047003bff0 0x7f047003e3d0 secure :-1 s=READY pgs=1 cs=0 l=1 rev1=1 crypto rx=0x7f047c003a10 tx=0x7f047c009270 comp rx=0 tx=0).ready entity=mgr.14150 client_cookie=0 server_cookie=0 in_seq=0 out_seq=0
2023-07-14T12:38:46.329 INFO:teuthology.orchestra.run.smithi040.stdout:/usr/bin/ceph: stderr
2023-07-14T12:38:45.911+0000 7f04857fa700 1 -- 172.21.15.40:0/3833746575 <== mgr.14150 v2:172.21.15.40:6800/3106672556 1 ==== command_reply(tid 0: 0 ) v1 ==== 8+0+6910 (secure 0 0 0) 0x7f047003b370 con 0x7f047003bff0
2023-07-14T12:38:46.329 INFO:teuthology.orchestra.run.smithi040.stdout:/usr/bin/ceph: stderr
2023-07-14T12:38:45.925+0000 7f048e42f700 1 -- 172.21.15.40:0/3833746575 --> [v2:172.21.15.40:6800/3106672556,v1:172.21.15.40:6801/3106672556] -- command(tid 1: {"prefix": "mgr_status"}) v1 -- 0x7f048819c7e0 con 0x7f047003bff0
2023-07-14T12:38:46.329 INFO:teuthology.orchestra.run.smithi040.stdout:/usr/bin/ceph: stderr
2023-07-14T12:38:45.925+0000 7f04857fa700 1 -- 172.21.15.40:0/3833746575 <== mgr.14150 v2:172.21.15.40:6800/3106672556 2 ==== command_reply(tid 1: 0 ) v1 ==== 8+0+52 (secure 0 0 0) 0x7f048819c7e0 con 0x7f047003bff0
2023-07-14T12:38:46.330 INFO:teuthology.orchestra.run.smithi040.stdout:/usr/bin/ceph: stderr
2023-07-14T12:38:45.925+0000 7f048e42f700 1 -- 172.21.15.40:0/3833746575 >> [v2:172.21.15.40:6800/3106672556,v1:172.21.15.40:6801/3106672556] conn(0x7f047003bff0 msgr2=0x7f047003e3d0 secure :-1 s=STATE_CONNECTION_ESTABLISHED l=1).mark_down
2023-07-14T12:38:46.330 INFO:teuthology.orchestra.run.smithi040.stdout:/usr/bin/ceph: stderr
2023-07-14T12:38:45.925+0000 7f048e42f700 1 --2- 172.21.15.40:0/3833746575 >> [v2:172.21.15.40:6800/3106672556,v1:172.21.15.40:6801/3106672556] conn(0x7f047003bff0 0x7f047003e3d0 secure :-1 s=READY pgs=1 cs=0 l=1 rev1=1 crypto rx=0x7f047c003a10 tx=0x7f047c009270 comp rx=0 tx=0).stop
2023-07-14T12:38:46.330 INFO:teuthology.orchestra.run.smithi040.stdout:/usr/bin/ceph: stderr
2023-07-14T12:38:45.925+0000 7f048e42f700 1 -- 172.21.15.40:0/3833746575 >> [v2:172.21.15.40:3300/0,v1:172.21.15.40:6789/0] conn(0x7f0488104400 msgr2=0x7f048819b4a0 secure :-1 s=STATE_CONNECTION_ESTABLISHED l=1).mark_down
2023-07-14T12:38:46.330 INFO:teuthology.orchestra.run.smithi040.stdout:/usr/bin/ceph: stderr
2023-07-14T12:38:45.925+0000 7f048e42f700 1 --2- 172.21.15.40:0/3833746575 >> [v2:172.21.15.40:3300/0,v1:172.21.15.40:6789/0] conn(0x7f0488104400 0x7f048819b4a0 secure :-1 s=READY pgs=60 cs=0 l=1 rev1=1 crypto rx=0x7f0478003f00 tx=0x7f0478011a30 comp rx=0 tx=0).stop
2023-07-14T12:38:46.330 INFO:teuthology.orchestra.run.smithi040.stdout:/usr/bin/ceph: stderr
2023-07-14T12:38:45.925+0000 7f048e42f700 1 -- 172.21.15.40:0/3833746575 shutdown_connections
2023-07-14T12:38:46.330 INFO:teuthology.orchestra.run.smithi040.stdout:/usr/bin/ceph: stderr
2023-07-14T12:38:45.925+0000 7f048e42f700 1 --2- 172.21.15.40:0/3833746575 >> [v2:172.21.15.40:3300/0,v1:172.21.15.40:6789/0] conn(0x7f0488104400 0x7f048819b4a0 unknown :-1 s=CLOSED pgs=60 cs=0 l=1 rev1=1 crypto rx=0 tx=0 comp rx=0 tx=0).stop
2023-07-14T12:38:46.330 INFO:teuthology.orchestra.run.smithi040.stdout:/usr/bin/ceph: stderr
2023-07-14T12:38:45.925+0000 7f048e42f700 1 --2- 172.21.15.40:0/3833746575 >> [v2:172.21.15.40:6800/3106672556,v1:172.21.15.40:6801/3106672556] conn(0x7f047003bff0 0x7f047003e3d0 unknown :-1 s=CLOSED pgs=1 cs=0 l=1 rev1=1 crypto rx=0 tx=0 comp rx=0 tx=0).stop
2023-07-14T12:38:46.331 INFO:teuthology.orchestra.run.smithi040.stdout:/usr/bin/ceph: stderr
2023-07-14T12:38:45.925+0000 7f048e42f700 1 --2- 172.21.15.40:0/3833746575 >> [v2:172.21.15.40:6800/2447803421,v1:172.21.15.40:6801/2447803421] conn(0x7f04700387b0 0x7f047003ac60 unknown :-1 s=CLOSED pgs=0 cs=0 l=1 rev1=0 crypto rx=0 tx=0 comp rx=0 tx=0).stop
2023-07-14T12:38:46.331 INFO:teuthology.orchestra.run.smithi040.stdout:/usr/bin/ceph: stderr
2023-07-14T12:38:45.925+0000 7f048e42f700 1 -- 172.21.15.40:0/3833746575 >> 172.21.15.40:0/3833746575 conn(0x7f04880ffa50 msgr2=0x7f0488072f90 unknown :-1 s=STATE_NONE l=0).mark_down
2023-07-14T12:38:46.331 INFO:teuthology.orchestra.run.smithi040.stdout:/usr/bin/ceph: stderr
2023-07-14T12:38:45.925+0000 7f048e42f700 1 -- 172.21.15.40:0/3833746575 shutdown_connections
2023-07-14T12:38:46.331 INFO:teuthology.orchestra.run.smithi040.stdout:/usr/bin/ceph: stderr
2023-07-14T12:38:45.926+0000 7f048e42f700 1 -- 172.21.15.40:0/3833746575 wait complete.
2023-07-14T12:38:46.331 INFO:teuthology.orchestra.run.smithi040.stdout:mgr epoch 9 is available
2023-07-14T12:38:46.331 INFO:teuthology.orchestra.run.smithi040.stdout:Generating a dashboard self-signed certificate...
2023-07-14T12:38:46.341 INFO:journalctl@ceph.mon.a.smithi040.stdout:Jul 14 12:38:45 smithi040 ceph-mon[96535]: from='mgr.14150 172.21.15.40:0/4001259600' entity='mgr.x' cmd=[{"prefix":"config rm","who":"mgr","name":"mgr/rbd_support/x/mirror_snapshot_schedule"}]: dispatch
2023-07-14T12:38:46.341 INFO:journalctl@ceph.mon.a.smithi040.stdout:Jul 14 12:38:45 smithi040 ceph-mon[96535]: from='mgr.14150 172.21.15.40:0/4001259600' entity='mgr.x' cmd=[{"prefix":"config rm","who":"mgr","name":"mgr/rbd_support/x/trash_purge_schedule"}]: dispatch
2023-07-14T12:38:46.341 INFO:journalctl@ceph.mon.a.smithi040.stdout:Jul 14 12:38:45 smithi040 ceph-mon[96535]: from='client.14154 -' entity='client.admin' cmd=[{"prefix": "get_command_descriptions"}]: dispatch
2023-07-14T12:38:46.341 INFO:journalctl@ceph.mon.a.smithi040.stdout:Jul 14 12:38:45 smithi040 ceph-mon[96535]: mgrmap e11: x(active, since 1.00581s)
2023-07-14T12:38:46.341 INFO:journalctl@ceph.mon.a.smithi040.stdout:Jul 14 12:38:45 smithi040 ceph-mon[96535]: from='client.14154 -' entity='client.admin' cmd=[{"prefix": "mgr_status"}]: dispatch
2023-07-14T12:38:47.669 INFO:teuthology.orchestra.run.smithi040.stdout:/usr/bin/ceph: stdout Self-signed certificate created
2023-07-14T12:38:47.669 INFO:teuthology.orchestra.run.smithi040.stdout:/usr/bin/ceph: stderr
2023-07-14T12:38:46.825+0000 7f867e333700 1 Processor -- start
2023-07-14T12:38:47.669 INFO:teuthology.orchestra.run.smithi040.stdout:/usr/bin/ceph: stderr
2023-07-14T12:38:46.825+0000 7f867e333700 1 -- start start
2023-07-14T12:38:47.669 INFO:teuthology.orchestra.run.smithi040.stdout:/usr/bin/ceph: stderr
2023-07-14T12:38:46.825+0000 7f867e333700 1 --2- >> [v2:172.21.15.40:3300/0,v1:172.21.15.40:6789/0] conn(0x7f8678104400 0x7f8678104810 unknown :-1 s=NONE pgs=0 cs=0 l=0 rev1=0 crypto rx=0 tx=0 comp rx=0 tx=0).connect
2023-07-14T12:38:47.670 INFO:teuthology.orchestra.run.smithi040.stdout:/usr/bin/ceph: stderr
2023-07-14T12:38:46.825+0000 7f867e333700 1 -- --> [v2:172.21.15.40:3300/0,v1:172.21.15.40:6789/0] -- mon_getmap magic: 0 v1 -- 0x7f8678104d50 con 0x7f8678104400
2023-07-14T12:38:47.670 INFO:teuthology.orchestra.run.smithi040.stdout:/usr/bin/ceph: stderr
2023-07-14T12:38:46.825+0000 7f8677fff700 1 --2- >> [v2:172.21.15.40:3300/0,v1:172.21.15.40:6789/0] conn(0x7f8678104400 0x7f8678104810 unknown :-1 s=BANNER_CONNECTING pgs=0 cs=0 l=0 rev1=0 crypto rx=0 tx=0 comp rx=0 tx=0)._handle_peer_banner_payload supported=3 required=0
2023-07-14T12:38:47.670 INFO:teuthology.orchestra.run.smithi040.stdout:/usr/bin/ceph: stderr
2023-07-14T12:38:46.825+0000 7f8677fff700 1 --2- >> [v2:172.21.15.40:3300/0,v1:172.21.15.40:6789/0] conn(0x7f8678104400 0x7f8678104810 unknown :-1 s=HELLO_CONNECTING pgs=0 cs=0 l=0 rev1=1 crypto rx=0 tx=0 comp rx=0 tx=0).handle_hello peer v2:172.21.15.40:3300/0 says I am v2:172.21.15.40:58986/0 (socket says 172.21.15.40:58986)
2023-07-14T12:38:47.670 INFO:teuthology.orchestra.run.smithi040.stdout:/usr/bin/ceph: stderr
2023-07-14T12:38:46.825+0000 7f8677fff700 1 -- 172.21.15.40:0/122477764 learned_addr learned my addr 172.21.15.40:0/122477764 (peer_addr_for_me v2:172.21.15.40:0/0)
2023-07-14T12:38:47.670 INFO:teuthology.orchestra.run.smithi040.stdout:/usr/bin/ceph: stderr
2023-07-14T12:38:46.826+0000 7f8677fff700 1 -- 172.21.15.40:0/122477764 --> [v2:172.21.15.40:3300/0,v1:172.21.15.40:6789/0] -- mon_subscribe({config=0+,monmap=0+}) v3 -- 0x7f8678104e90 con 0x7f8678104400
2023-07-14T12:38:47.670 INFO:teuthology.orchestra.run.smithi040.stdout:/usr/bin/ceph: stderr
2023-07-14T12:38:46.826+0000 7f8677fff700 1 --2- 172.21.15.40:0/122477764 >> [v2:172.21.15.40:3300/0,v1:172.21.15.40:6789/0] conn(0x7f8678104400 0x7f8678104810 secure :-1 s=READY pgs=68 cs=0 l=1 rev1=1 crypto rx=0x7f86680098a0 tx=0x7f8668009bb0 comp rx=0 tx=0).ready entity=mon.0 client_cookie=1ea6ed8cc7d032da server_cookie=0 in_seq=0 out_seq=0
2023-07-14T12:38:47.670 INFO:teuthology.orchestra.run.smithi040.stdout:/usr/bin/ceph: stderr
2023-07-14T12:38:46.826+0000 7f8676ffd700 1 -- 172.21.15.40:0/122477764 <== mon.0 v2:172.21.15.40:3300/0 1 ==== mon_map magic: 0 v1 ==== 205+0+0 (secure 0 0 0) 0x7f8668004160 con 0x7f8678104400
2023-07-14T12:38:47.671 INFO:teuthology.orchestra.run.smithi040.stdout:/usr/bin/ceph: stderr
2023-07-14T12:38:46.826+0000 7f8676ffd700 1 -- 172.21.15.40:0/122477764 <== mon.0 v2:172.21.15.40:3300/0 2 ==== config(26 keys) v1 ==== 1105+0+0 (secure 0 0 0) 0x7f86680042c0 con 0x7f8678104400
2023-07-14T12:38:47.671 INFO:teuthology.orchestra.run.smithi040.stdout:/usr/bin/ceph: stderr
2023-07-14T12:38:46.826+0000 7f8676ffd700 1 -- 172.21.15.40:0/122477764 <== mon.0 v2:172.21.15.40:3300/0 3 ==== mon_map magic: 0 v1 ==== 205+0+0 (secure 0 0 0) 0x7f86680119b0 con 0x7f8678104400
2023-07-14T12:38:47.671 INFO:teuthology.orchestra.run.smithi040.stdout:/usr/bin/ceph: stderr
2023-07-14T12:38:46.827+0000 7f867e333700 1 -- 172.21.15.40:0/122477764 >> [v2:172.21.15.40:3300/0,v1:172.21.15.40:6789/0] conn(0x7f8678104400 msgr2=0x7f8678104810 secure :-1 s=STATE_CONNECTION_ESTABLISHED l=1).mark_down
2023-07-14T12:38:47.671 INFO:teuthology.orchestra.run.smithi040.stdout:/usr/bin/ceph: stderr
2023-07-14T12:38:46.827+0000 7f867e333700 1 --2- 172.21.15.40:0/122477764 >> [v2:172.21.15.40:3300/0,v1:172.21.15.40:6789/0] conn(0x7f8678104400 0x7f8678104810 secure :-1 s=READY pgs=68 cs=0 l=1 rev1=1 crypto rx=0x7f86680098a0 tx=0x7f8668009bb0 comp rx=0 tx=0).stop
2023-07-14T12:38:47.671 INFO:teuthology.orchestra.run.smithi040.stdout:/usr/bin/ceph: stderr
2023-07-14T12:38:46.827+0000 7f867e333700 1 -- 172.21.15.40:0/122477764 shutdown_connections
2023-07-14T12:38:47.671 INFO:teuthology.orchestra.run.smithi040.stdout:/usr/bin/ceph: stderr
2023-07-14T12:38:46.827+0000 7f867e333700 1 --2- 172.21.15.40:0/122477764 >> [v2:172.21.15.40:3300/0,v1:172.21.15.40:6789/0] conn(0x7f8678104400 0x7f8678104810 unknown :-1 s=CLOSED pgs=68 cs=0 l=1 rev1=1 crypto rx=0 tx=0 comp rx=0 tx=0).stop
2023-07-14T12:38:47.671 INFO:teuthology.orchestra.run.smithi040.stdout:/usr/bin/ceph: stderr
2023-07-14T12:38:46.827+0000 7f867e333700 1 -- 172.21.15.40:0/122477764 >> 172.21.15.40:0/122477764 conn(0x7f86780ffa50 msgr2=0x7f8678101e80 unknown :-1 s=STATE_NONE l=0).mark_down
2023-07-14T12:38:47.672 INFO:teuthology.orchestra.run.smithi040.stdout:/usr/bin/ceph: stderr
2023-07-14T12:38:46.827+0000 7f867e333700 1 -- 172.21.15.40:0/122477764 shutdown_connections
2023-07-14T12:38:47.672 INFO:teuthology.orchestra.run.smithi040.stdout:/usr/bin/ceph: stderr
2023-07-14T12:38:46.827+0000 7f867e333700 1 -- 172.21.15.40:0/122477764 wait complete.
2023-07-14T12:38:47.672 INFO:teuthology.orchestra.run.smithi040.stdout:/usr/bin/ceph: stderr
2023-07-14T12:38:46.828+0000 7f867e333700 1 Processor -- start
2023-07-14T12:38:47.672 INFO:teuthology.orchestra.run.smithi040.stdout:/usr/bin/ceph: stderr
2023-07-14T12:38:46.828+0000 7f867e333700 1 -- start start
2023-07-14T12:38:47.672 INFO:teuthology.orchestra.run.smithi040.stdout:/usr/bin/ceph: stderr
2023-07-14T12:38:46.828+0000 7f867e333700 1 --2- >> [v2:172.21.15.40:3300/0,v1:172.21.15.40:6789/0] conn(0x7f8678104400 0x7f8678073a30 unknown :-1 s=NONE pgs=0 cs=0 l=1 rev1=0 crypto rx=0 tx=0 comp rx=0 tx=0).connect
2023-07-14T12:38:47.672 INFO:teuthology.orchestra.run.smithi040.stdout:/usr/bin/ceph: stderr
2023-07-14T12:38:46.828+0000 7f867e333700 1 -- --> [v2:172.21.15.40:3300/0,v1:172.21.15.40:6789/0] -- mon_getmap magic: 0 v1 -- 0x7f867819bfa0 con 0x7f8678104400
2023-07-14T12:38:47.673 INFO:teuthology.orchestra.run.smithi040.stdout:/usr/bin/ceph: stderr
2023-07-14T12:38:46.828+0000 7f8677fff700 1 --2- >> [v2:172.21.15.40:3300/0,v1:172.21.15.40:6789/0] conn(0x7f8678104400 0x7f8678073a30 unknown :-1 s=BANNER_CONNECTING pgs=0 cs=0 l=1 rev1=0 crypto rx=0 tx=0 comp rx=0 tx=0)._handle_peer_banner_payload supported=3 required=0
2023-07-14T12:38:47.673 INFO:teuthology.orchestra.run.smithi040.stdout:/usr/bin/ceph: stderr
2023-07-14T12:38:46.828+0000 7f8677fff700 1 --2- >> [v2:172.21.15.40:3300/0,v1:172.21.15.40:6789/0] conn(0x7f8678104400 0x7f8678073a30 unknown :-1 s=HELLO_CONNECTING pgs=0 cs=0 l=1 rev1=1 crypto rx=0 tx=0 comp rx=0 tx=0).handle_hello peer v2:172.21.15.40:3300/0 says I am v2:172.21.15.40:58988/0 (socket says 172.21.15.40:58988)
2023-07-14T12:38:47.673 INFO:teuthology.orchestra.run.smithi040.stdout:/usr/bin/ceph: stderr
2023-07-14T12:38:46.828+0000 7f8677fff700 1 -- 172.21.15.40:0/1707926626 learned_addr learned my addr 172.21.15.40:0/1707926626 (peer_addr_for_me v2:172.21.15.40:0/0)
2023-07-14T12:38:47.673 INFO:teuthology.orchestra.run.smithi040.stdout:/usr/bin/ceph: stderr
2023-07-14T12:38:46.829+0000 7f8677fff700 1 -- 172.21.15.40:0/1707926626 --> [v2:172.21.15.40:3300/0,v1:172.21.15.40:6789/0] -- mon_subscribe({config=0+,monmap=0+}) v3 -- 0x7f8668009550 con 0x7f8678104400
2023-07-14T12:38:47.673 INFO:teuthology.orchestra.run.smithi040.stdout:/usr/bin/ceph: stderr
2023-07-14T12:38:46.829+0000 7f8677fff700 1 --2- 172.21.15.40:0/1707926626 >> [v2:172.21.15.40:3300/0,v1:172.21.15.40:6789/0] conn(0x7f8678104400 0x7f8678073a30 secure :-1 s=READY pgs=69 cs=0 l=1 rev1=1 crypto rx=0x7f8668003f00 tx=0x7f8668011a30 comp rx=0 tx=0).ready entity=mon.0 client_cookie=0 server_cookie=0 in_seq=0 out_seq=0
2023-07-14T12:38:47.674 INFO:teuthology.orchestra.run.smithi040.stdout:/usr/bin/ceph: stderr
2023-07-14T12:38:46.829+0000 7f86757fa700 1 -- 172.21.15.40:0/1707926626 <== mon.0 v2:172.21.15.40:3300/0 1 ==== mon_map magic: 0 v1 ==== 205+0+0 (secure 0 0 0) 0x7f8668003b20 con 0x7f8678104400
2023-07-14T12:38:47.674 INFO:teuthology.orchestra.run.smithi040.stdout:/usr/bin/ceph: stderr
2023-07-14T12:38:46.829+0000 7f86757fa700 1 -- 172.21.15.40:0/1707926626 <== mon.0 v2:172.21.15.40:3300/0 2 ==== config(26 keys) v1 ==== 1105+0+0 (secure 0 0 0) 0x7f8668003c80 con 0x7f8678104400
2023-07-14T12:38:47.674 INFO:teuthology.orchestra.run.smithi040.stdout:/usr/bin/ceph: stderr
2023-07-14T12:38:46.829+0000 7f867e333700 1 -- 172.21.15.40:0/1707926626 --> [v2:172.21.15.40:3300/0,v1:172.21.15.40:6789/0] -- mon_subscribe({mgrmap=0+}) v3 -- 0x7f867819c0e0 con 0x7f8678104400
2023-07-14T12:38:47.675 INFO:teuthology.orchestra.run.smithi040.stdout:/usr/bin/ceph: stderr
2023-07-14T12:38:46.829+0000 7f86757fa700 1 -- 172.21.15.40:0/1707926626 <== mon.0 v2:172.21.15.40:3300/0 3 ==== mon_map magic: 0 v1 ==== 205+0+0 (secure 0 0 0) 0x7f8668019770 con 0x7f8678104400
2023-07-14T12:38:47.675 INFO:teuthology.orchestra.run.smithi040.stdout:/usr/bin/ceph: stderr
2023-07-14T12:38:46.829+0000 7f867e333700 1 -- 172.21.15.40:0/1707926626 --> [v2:172.21.15.40:3300/0,v1:172.21.15.40:6789/0] -- mon_subscribe({osdmap=0}) v3 -- 0x7f867819c500 con 0x7f8678104400
2023-07-14T12:38:47.675 INFO:teuthology.orchestra.run.smithi040.stdout:/usr/bin/ceph: stderr
2023-07-14T12:38:46.830+0000 7f86757fa700 1 -- 172.21.15.40:0/1707926626 <== mon.0 v2:172.21.15.40:3300/0 4 ==== mgrmap(e 11) v1 ==== 45390+0+0 (secure 0 0 0) 0x7f86680199e0 con 0x7f8678104400
2023-07-14T12:38:47.675 INFO:teuthology.orchestra.run.smithi040.stdout:/usr/bin/ceph: stderr
2023-07-14T12:38:46.830+0000 7f86757fa700 1 --2- 172.21.15.40:0/1707926626 >> [v2:172.21.15.40:6800/3106672556,v1:172.21.15.40:6801/3106672556] conn(0x7f8660038680 0x7f866003ab30 unknown :-1 s=NONE pgs=0 cs=0 l=1 rev1=0 crypto rx=0 tx=0 comp rx=0 tx=0).connect
2023-07-14T12:38:47.676 INFO:teuthology.orchestra.run.smithi040.stdout:/usr/bin/ceph: stderr
2023-07-14T12:38:46.830+0000 7f867e333700 1 -- 172.21.15.40:0/1707926626 --> [v2:172.21.15.40:3300/0,v1:172.21.15.40:6789/0] -- mon_command({"prefix": "get_command_descriptions"} v 0) v1 -- 0x7f8678061b40 con 0x7f8678104400
2023-07-14T12:38:47.676 INFO:teuthology.orchestra.run.smithi040.stdout:/usr/bin/ceph: stderr
2023-07-14T12:38:46.831+0000 7f86757fa700 1 -- 172.21.15.40:0/1707926626 <== mon.0 v2:172.21.15.40:3300/0 5 ==== osd_map(3..3 src has 1..3) v4 ==== 1155+0+0 (secure 0 0 0) 0x7f866804c8a0 con 0x7f8678104400
2023-07-14T12:38:47.676 INFO:teuthology.orchestra.run.smithi040.stdout:/usr/bin/ceph: stderr
2023-07-14T12:38:46.831+0000 7f86777fe700 1 --2- 172.21.15.40:0/1707926626 >> [v2:172.21.15.40:6800/3106672556,v1:172.21.15.40:6801/3106672556] conn(0x7f8660038680 0x7f866003ab30 unknown :-1 s=BANNER_CONNECTING pgs=0 cs=0 l=1 rev1=0 crypto rx=0 tx=0 comp rx=0 tx=0)._handle_peer_banner_payload supported=3 required=0
2023-07-14T12:38:47.676 INFO:teuthology.orchestra.run.smithi040.stdout:/usr/bin/ceph: stderr
2023-07-14T12:38:46.831+0000 7f86777fe700 1 --2- 172.21.15.40:0/1707926626 >> [v2:172.21.15.40:6800/3106672556,v1:172.21.15.40:6801/3106672556] conn(0x7f8660038680 0x7f866003ab30 secure :-1 s=READY pgs=7 cs=0 l=1 rev1=1 crypto rx=0x7f866c006fd0 tx=0x7f866c006e40 comp rx=0 tx=0).ready entity=mgr.14150 client_cookie=0 server_cookie=0 in_seq=0 out_seq=0
2023-07-14T12:38:47.676 INFO:teuthology.orchestra.run.smithi040.stdout:/usr/bin/ceph: stderr
2023-07-14T12:38:46.836+0000 7f86757fa700 1 -- 172.21.15.40:0/1707926626 <== mon.0 v2:172.21.15.40:3300/0 6 ==== mon_command_ack([{"prefix": "get_command_descriptions"}]=0 v0) v1 ==== 72+0+178038 (secure 0 0 0) 0x7f86680189a0 con 0x7f8678104400
2023-07-14T12:38:47.676 INFO:teuthology.orchestra.run.smithi040.stdout:/usr/bin/ceph: stderr
2023-07-14T12:38:47.216+0000 7f867e333700 1 -- 172.21.15.40:0/1707926626 --> [v2:172.21.15.40:6800/3106672556,v1:172.21.15.40:6801/3106672556] -- mgr_command(tid 0: {"prefix": "dashboard create-self-signed-cert", "target": ["mon-mgr", ""]}) v1 -- 0x7f8678101d60 con 0x7f8660038680
2023-07-14T12:38:47.677 INFO:teuthology.orchestra.run.smithi040.stdout:/usr/bin/ceph: stderr
2023-07-14T12:38:47.280+0000 7f86757fa700 1 -- 172.21.15.40:0/1707926626 <== mgr.14150 v2:172.21.15.40:6800/3106672556 1 ==== mgr_command_reply(tid 0: 0 ) v1 ==== 8+0+32 (secure 0 0 0) 0x7f8678101d60 con 0x7f8660038680
2023-07-14T12:38:47.677 INFO:teuthology.orchestra.run.smithi040.stdout:/usr/bin/ceph: stderr
2023-07-14T12:38:47.283+0000 7f867e333700 1 -- 172.21.15.40:0/1707926626 >> [v2:172.21.15.40:6800/3106672556,v1:172.21.15.40:6801/3106672556] conn(0x7f8660038680 msgr2=0x7f866003ab30 secure :-1 s=STATE_CONNECTION_ESTABLISHED l=1).mark_down
2023-07-14T12:38:47.677 INFO:teuthology.orchestra.run.smithi040.stdout:/usr/bin/ceph: stderr
2023-07-14T12:38:47.283+0000 7f867e333700 1 --2- 172.21.15.40:0/1707926626 >> [v2:172.21.15.40:6800/3106672556,v1:172.21.15.40:6801/3106672556] conn(0x7f8660038680 0x7f866003ab30 secure :-1 s=READY pgs=7 cs=0 l=1 rev1=1 crypto rx=0x7f866c006fd0 tx=0x7f866c006e40 comp rx=0 tx=0).stop
2023-07-14T12:38:47.677 INFO:teuthology.orchestra.run.smithi040.stdout:/usr/bin/ceph: stderr
2023-07-14T12:38:47.283+0000 7f867e333700 1 -- 172.21.15.40:0/1707926626 >> [v2:172.21.15.40:3300/0,v1:172.21.15.40:6789/0] conn(0x7f8678104400 msgr2=0x7f8678073a30 secure :-1 s=STATE_CONNECTION_ESTABLISHED l=1).mark_down
2023-07-14T12:38:47.677 INFO:teuthology.orchestra.run.smithi040.stdout:/usr/bin/ceph: stderr
